01-01 04:41:11.246 0 0 E kona-asoc-snd soc: qcom,msm-audio-apr:qcom,q6core-audio:sound: ASoC: Failed to add route WSA_SPK2 OUT -> direct -> SpkrRight IN
01-01 04:41:11.246 0 0 E kona-asoc-snd soc: qcom,msm-audio-apr:qcom,q6core-audio:sound: ASoC: no sink widget found for VA MIC BIAS3
01-01 04:41:11.246 0 0 E kona-asoc-snd soc: qcom,msm-audio-apr:qcom,q6core-audio:sound: ASoC: Failed to add route Digital Mic0 -> direct -> VA MIC BIAS3
01-01 04:41:11.246 0 0 E kona-asoc-snd soc: qcom,msm-audio-apr:qcom,q6core-audio:sound: ASoC: no sink widget found for VA MIC BIAS3
01-01 04:41:11.246 0 0 E kona-asoc-snd soc: qcom,msm-audio-apr:qcom,q6core-audio:sound: ASoC: Failed to add route Digital Mic1 -> direct -> VA MIC BIAS3
01-01 04:41:11.246 0 0 E kona-asoc-snd soc: qcom,msm-audio-apr:qcom,q6core-audio:sound: ASoC: no sink widget found for VA MIC BIAS4
01-01 04:41:11.247 0 0 E kona-asoc-snd soc: qcom,msm-audio-apr:qcom,q6core-audio:sound: ASoC: Failed to add route Digital Mic4 -> direct -> VA MIC BIAS4
01-01 04:41:11.247 0 0 E kona-asoc-snd soc: qcom,msm-audio-apr:qcom,q6core-audio:sound: ASoC: no sink widget found for VA MIC BIAS4
01-01 04:41:11.247 0 0 E kona-asoc-snd soc: qcom,msm-audio-apr:qcom,q6core-audio:sound: ASoC: Failed to add route Digital Mic5 -> direct -> VA MIC BIAS4
01-01 04:41:11.247 0 0 E kona-asoc-snd soc: qcom,msm-audio-apr:qcom,q6core-audio:sound: ASoC: no source widget found for VA MIC BIAS3
01-01 04:41:11.247 0 0 E kona-asoc-snd soc: qcom,msm-audio-apr:qcom,q6core-audio:sound: ASoC: Failed to add route VA MIC BIAS3 -> direct -> VA DMIC0
01-01 04:41:11.247 0 0 E kona-asoc-snd soc: qcom,msm-audio-apr:qcom,q6core-audio:sound: ASoC: no source widget found for VA MIC BIAS3
01-01 04:41:11.247 0 0 E kona-asoc-snd soc: qcom,msm-audio-apr:qcom,q6core-audio:sound: ASoC: Failed to add route VA MIC BIAS3 -> direct -> VA DMIC1
01-01 04:41:11.247 0 0 E kona-asoc-snd soc: qcom,msm-audio-apr:qcom,q6core-audio:sound: ASoC: no source widget found for VA MIC BIAS4
01-01 04:41:11.247 0 0 E kona-asoc-snd soc: qcom,msm-audio-apr:qcom,q6core-audio:sound: ASoC: Failed to add route VA MIC BIAS4 -> direct -> VA DMIC4
01-01 04:41:11.247 0 0 E kona-asoc-snd soc: qcom,msm-audio-apr:qcom,q6core-audio:sound: ASoC: no source widget found for VA MIC BIAS4
01-01 04:41:11.247 0 0 E kona-asoc-snd soc: qcom,msm-audio-apr:qcom,q6core-audio:sound: ASoC: Failed to add route VA MIC BIAS4 -> direct -> VA DMIC5
01-01 04:41:11.248 0 0 E kona-asoc-snd soc: qcom,msm-audio-apr:qcom,q6core-audio:sound: ASoC: no source widget found for ADC1_OUTPUT
01-01 04:41:11.248 0 0 E kona-asoc-snd soc: qcom,msm-audio-apr:qcom,q6core-audio:sound: ASoC: Failed to add route ADC1_OUTPUT -> direct -> VA SWR_ADC0
01-01 04:41:11.248 0 0 E kona-asoc-snd soc: qcom,msm-audio-apr:qcom,q6core-audio:sound: ASoC: no source widget found for ADC2_OUTPUT
01-01 04:41:11.248 0 0 E kona-asoc-snd soc: qcom,msm-audio-apr:qcom,q6core-audio:sound: ASoC: Failed to add route ADC2_OUTPUT -> direct -> VA SWR_ADC1
01-01 04:41:11.248 0 0 E kona-asoc-snd soc: qcom,msm-audio-apr:qcom,q6core-audio:sound: ASoC: no source widget found for ADC3_OUTPUT
01-01 04:41:11.248 0 0 E kona-asoc-snd soc: qcom,msm-audio-apr:qcom,q6core-audio:sound: ASoC: Failed to add route ADC3_OUTPUT -> direct -> VA SWR_ADC2
01-01 04:41:11.248 0 0 E kona-asoc-snd soc: qcom,msm-audio-apr:qcom,q6core-audio:sound: ASoC: no source widget found for ADC4_OUTPUT
01-01 04:41:11.248 0 0 E kona-asoc-snd soc: qcom,msm-audio-apr:qcom,q6core-audio:sound: ASoC: Failed to add route ADC4_OUTPUT -> direct -> VA SWR_ADC3
01-01 04:41:11.248 0 0 E kona-asoc-snd soc: qcom,msm-audio-apr:qcom,q6core-audio:sound: ASoC: no source widget found for DMIC1_OUTPUT
01-01 04:41:11.248 0 0 E kona-asoc-snd soc: qcom,msm-audio-apr:qcom,q6core-audio:sound: ASoC: Failed to add route DMIC1_OUTPUT -> direct -> VA SWR_MIC0
01-01 04:41:11.248 0 0 E kona-asoc-snd soc: qcom,msm-audio-apr:qcom,q6core-audio:sound: ASoC: no source widget found for DMIC2_OUTPUT
01-01 04:41:11.248 0 0 E kona-asoc-snd soc: qcom,msm-audio-apr:qcom,q6core-audio:sound: ASoC: Failed to add route DMIC2_OUTPUT -> direct -> VA SWR_MIC1
01-01 04:41:11.248 0 0 E kona-asoc-snd soc: qcom,msm-audio-apr:qcom,q6core-audio:sound: ASoC: no source widget found for DMIC3_OUTPUT
01-01 04:41:11.248 0 0 E kona-asoc-snd soc: qcom,msm-audio-apr:qcom,q6core-audio:sound: ASoC: Failed to add route DMIC3_OUTPUT -> direct -> VA SWR_MIC2
01-01 04:41:11.248 0 0 E kona-asoc-snd soc: qcom,msm-audio-apr:qcom,q6core-audio:sound: ASoC: no source widget found for DMIC4_OUTPUT
01-01 04:41:11.248 0 0 E kona-asoc-snd soc: qcom,msm-audio-apr:qcom,q6core-audio:sound: ASoC: Failed to add route DMIC4_OUTPUT -> direct -> VA SWR_MIC3
01-01 04:41:11.248 0 0 E kona-asoc-snd soc: qcom,msm-audio-apr:qcom,q6core-audio:sound: ASoC: no source widget found for DMIC5_OUTPUT
01-01 04:41:11.248 0 0 E kona-asoc-snd soc: qcom,msm-audio-apr:qcom,q6core-audio:sound: ASoC: Failed to add route DMIC5_OUTPUT -> direct -> VA SWR_MIC4
01-01 04:41:11.248 0 0 E kona-asoc-snd soc: qcom,msm-audio-apr:qcom,q6core-audio:sound: ASoC: no source widget found for DMIC6_OUTPUT
01-01 04:41:11.248 0 0 E kona-asoc-snd soc: qcom,msm-audio-apr:qcom,q6core-audio:sound: ASoC: Failed to add route DMIC6_OUTPUT -> direct -> VA SWR_MIC5
01-01 04:41:11.248 0 0 E kona-asoc-snd soc: qcom,msm-audio-apr:qcom,q6core-audio:sound: ASoC: no source widget found for DMIC7_OUTPUT
01-01 04:41:11.248 0 0 E kona-asoc-snd soc: qcom,msm-audio-apr:qcom,q6core-audio:sound: ASoC: Failed to add route DMIC7_OUTPUT -> direct -> VA SWR_MIC6
01-01 04:41:11.249 0 0 E kona-asoc-snd soc: qcom,msm-audio-apr:qcom,q6core-audio:sound: ASoC: no source widget found for DMIC8_OUTPUT
01-01 04:41:11.249 0 0 E kona-asoc-snd soc: qcom,msm-audio-apr:qcom,q6core-audio:sound: ASoC: Failed to add route DMIC8_OUTPUT -> direct -> VA SWR_MIC7
01-01 04:41:11.249 0 0 W kona-asoc-snd soc: qcom,msm-audio-apr:qcom,q6core-audio:sound: ASoC: no DMI vendor name!
01-01 04:41:11.266 0 0 I qcom,camera ac4f000.qcom,cci: qcom,cam-sensor5: Linked as a consumer to regulator.57
01-01 04:41:11.285 0 0 W QSEECOM : qseecom_load_app: App (featenabler) does'nt exist, loading apps for first time
01-01 04:41:11.292 0 0 I qcom,camera ac4f000.qcom,cci: qcom,cam-sensor5: Linked as a consumer to regulator.53
01-01 04:41:11.306 0 0 I android_work: sent uevent USB_STATE=CONNECTED
01-01 04:41:11.335 0 0 W QSEECOM : qseecom_load_app: App with id 5 (featenabler) now loaded
01-01 04:41:11.340 0 0 I qcom,camera ac4f000.qcom,cci: qcom,cam-sensor5: Linked as a consumer to regulator.77
01-01 04:41:10.758 1147 1147 W PackageManager: Failed to parse /vendor/app/CneApp: Missing base APK in /vendor/app/CneApp/lib/arm64
01-01 04:41:11.357 0 0 I configfs-gadget gadget: high-speed config #1: b
01-01 04:41:11.383 0 0 I CAM_ERR : CAM-CCI: cam_cci_irq: 264 Base:ffffff801a02d000, M1_Q1 NACK ERROR: 0x40000000
01-01 04:41:11.388 0 0 E msm-dwc3 a600000.ssusb: Could not get usb psy
01-01 04:41:11.400 0 0 I CAM_ERR : CAM-CCI: cam_cci_read: 1306 ERROR with Slave 0x20:
01-01 04:41:11.409 0 0 I android_work: sent uevent USB_STATE=CONFIGURED
01-01 04:41:10.845 1304 1304 W HidlServiceManagement: Waited one second for android.hardware.health@2.0::IHealth/default
01-01 04:41:11.445 0 0 E init : Control message: Could not find 'android.hardware.health@2.0::IHealth/default' for ctl.interface_start from pid: 520 (/system/bin/hwservicemanager)
01-01 04:41:11.449 0 0 I CAM_ERR : CAM-CCI: cam_cci_read_bytes: 1561 failed to read rc:-22
01-01 04:41:11.453 0 0 E ipa_mpm_vote_unvote_pcie_clk: 1530 MHI not initialized yet
01-01 04:41:11.453 0 0 E ipa_mpm_start_stop_remote_mhip_chan: 1644 MHI not initialized yet, probe in progress
01-01 04:41:11.456 0 0 E ipa_mpm_start_stop_mhip_chan: 1736 MHIP probe 1 not initialized
01-01 04:41:11.456 0 0 E ipa3_cfg_ep_ctrl: 4812 pipe setting delay is not supported
01-01 04:41:11.470 0 0 E ipa_usb_notify_cb: Set net_ready_trigger
01-01 04:41:11.475 0 0 D cnss : Sending respond memory message, state: 0x9
01-01 04:41:11.482 0 0 E ipa_mpm_vote_unvote_pcie_clk: 1530 MHI not initialized yet
01-01 04:41:11.482 0 0 E ipa_mpm_start_stop_remote_mhip_chan: 1644 MHI not initialized yet, probe in progress
01-01 04:41:10.890 1147 1519 W PackageParsing: Unknown element under : meta-data at /product/priv-app/Dialer/Dialer.apk Binary XML file line #115
01-01 04:41:11.482 0 0 E ipa_usb_notify_cb: Set net_ready_trigger
01-01 04:41:11.485 0 0 I CAM_ERR : CAM-SENSOR: cam_cci_i2c_read: 35 rc = -22
01-01 04:41:10.903 1147 1519 I PackageParsing: Parse times for '/product/priv-app/Dialer': parse=109ms, update_cache=4 ms
01-01 04:41:11.498 0 0 D cnss : Memory for FW, va: 0xffffff8025d22000, pa: 0x00000000a1000000, size: 0x5e0000, type: 1
01-01 04:41:11.504 0 0 E init : Control message: Could not find 'android.frameworks.sensorservice@1.0::ISensorManager/default' for ctl.interface_start from pid: 520 (/system/bin/hwservicemanager)
01-01 04:41:11.505 0 0 E init : Control message: Could not find 'android.frameworks.sensorservice@1.0::ISensorManager/default' for ctl.interface_start from pid: 520 (/system/bin/hwservicemanager)
01-01 04:41:10.915 1147 1517 W PackageParsing: No actions in intent-filter at /product/priv-app/Contacts/Contacts.apk Binary XML file line #558
01-01 04:41:10.920 1147 1517 I PackageParsing: Parse times for '/product/priv-app/Contacts': parse=127ms, update_cache=3 ms
01-01 04:41:11.509 0 0 I CAM_WARN: CAM-SENSOR: cam_sensor_match_id: 769 read id: 0x0 expected id 0x30d5:
01-01 04:41:11.520 0 0 D cnss : Memory for FW, va: 0xffffff8022301000, pa: 0x00000000a1600000, size: 0xd8000, type: 4
01-01 04:41:11.544 0 0 I kona-asoc-snd soc: qcom,msm-audio-apr:qcom,q6core-audio:sound: msm_asoc_machine_probe: Sound card kona-mtp-snd-card registered
01-01 04:41:11.544 0 0 E kona-asoc-snd soc: qcom,msm-audio-apr:qcom,q6core-audio:sound: msm_asoc_machine_probe: No DT match for tdm max slots
01-01 04:41:11.544 0 0 E kona-asoc-snd soc: qcom,msm-audio-apr:qcom,q6core-audio:sound: msm_asoc_machine_probe: Using default tdm max slot: 8
01-01 04:41:11.561 0 0 E : [drm:dp_display_init_aux_switch][msm-dp-err][30 ]failed to register notifier (-22)
01-01 04:41:11.561 0 0 D cnss : PM relax, state: 0x9, count: 0
01-01 04:41:11.569 0 0 E swr-wcd wsa_swr_ctrl: swrm_runtime_suspend: clk stop mode not supported or SSR entry
01-01 04:41:11.574 0 0 D cnss : Received QMI WLFW FW memory ready indication
01-01 04:41:11.576 0 0 I qcom,camera ac4f000.qcom,cci: qcom,cam-sensor5: Dropping the link to regulator.77
01-01 04:41:11.578 0 0 I init : processing action (persist.vendor.hvdcp_opti.start=1) from (/vendor/etc/init/vendor.qti.hardware.charger_monitor@1.0-service.rc:39)
01-01 04:41:11.579 0 0 I init : starting service 'vendor.hvdcp_opti'...
01-01 04:41:11.582 0 0 I qcom,camera ac4f000.qcom,cci: qcom,cam-sensor5: Dropping the link to regulator.53
01-01 04:41:11.584 0 0 I qcom,camera ac4f000.qcom,cci: qcom,cam-sensor5: Dropping the link to regulator.57
01-01 04:41:11.585 0 0 I qcom,camera ac4f000.qcom,cci: qcom,cam-sensor5: Dropping the link to regulator.56
01-01 04:41:11.612 0 0 I init : Service 'vendor.qti-chg-policy-sh' (pid 1215) exited with status 0 oneshot service took 2.990000 seconds in background
01-01 04:41:11.621 0 0 D cnss : Posting event: FW_MEM_READY(3), state: 0x9 flags: 0x0
01-01 04:41:11.635 0 0 I init : Sending signal 9 to service 'vendor.qti-chg-policy-sh' (pid 1215) process group...
01-01 04:41:11.638 0 0 I qcom,camera ac50000.qcom,cci: qcom,cam-sensor6: Linked as a consumer to regulator.56
01-01 04:41:11.642 0 0 I qcom,camera ac50000.qcom,cci: qcom,cam-sensor6: Linked as a consumer to regulator.54
01-01 04:41:11.646 0 0 D cnss : PM stay awake, state: 0x9, count: 1
01-01 04:41:11.646 0 0 I qcom,camera ac50000.qcom,cci: qcom,cam-sensor6: Linked as a consumer to regulator.57
01-01 04:41:11.652 0 0 I qcom,camera ac50000.qcom,cci: qcom,cam-sensor6: Linked as a consumer to regulator.77
01-01 04:41:11.653 0 0 E MAIN_MGR: hvdcp_opti Version: 3:0:0
01-01 04:41:11.658 0 0 I libprocessgroup: Successfully killed process cgroup uid 0 pid 1215 in 0ms
01-01 04:41:11.663 0 0 E MAIN_MGR: set keepcaps failed!
01-01 04:41:11.663 0 0 E CHG_POLICY_PATH: Failed to get IIO path for MAIN_PSY
01-01 04:41:11.067 1147 1517 W PackageParsing: No actions in intent-filter at /product/app/SnapdragonMusic/SnapdragonMusic.apk Binary XML file line #80
01-01 04:41:11.068 1147 1517 W PackageParsing: No actions in intent-filter at /product/app/SnapdragonMusic/SnapdragonMusic.apk Binary XML file line #216
01-01 04:41:11.670 0 0 I CAM_ERR : CAM-CCI: cam_cci_irq: 238 Base:ffffff801a035000, M0_Q1 NACK ERROR: 0x10000000
01-01 04:41:11.670 0 0 D cnss : PM relax, state: 0x9, count: 0
01-01 04:41:11.670 0 0 D cnss : PM stay awake, state: 0x9, count: 1
01-01 04:41:11.670 0 0 D cnss : Processing driver event: FW_MEM_READY(3), state: 0x9
01-01 04:41:11.670 0 0 D cnss : Sending target capability message, state: 0xb
01-01 04:41:11.676 0 0 D cnss : Voltage for CPR: 948mV
01-01 04:41:11.676 0 0 D cnss : Got voltage 800mV from i: 0, j: 0
01-01 04:41:11.676 0 0 D cnss : Got voltage 1012mV from i: 4, j: 1
01-01 04:41:11.676 0 0 D cnss : Update TCS CMD data address 0x000000000b2e5844 with voltage 950mV
01-01 04:41:11.676 0 0 D cnss : Device frequency is 24000000 HZ
01-01 04:41:11.676 0 0 D cnss : Target capability: chip_id: 0x0, chip_family: 0xb, board_id: 0xff, soc_id: 0xffffffff, fw_version: 0x101a0521, fw_build_timestamp: 2021-12-20 07:54, fw_build_id: QC_IMAGE_VERSION_STRING=WLAN.HST.1.0.1.r1-01313-QCAHSTSWPL_SILICONZ-1, otp_version: 0x0
01-01 04:41:11.676 0 0 D cnss : Sending BDF download message, state: 0xb, type: 4
01-01 04:41:11.676 0 0 D cnss : FW name added with prefix: qca6390/regdb.bin
01-01 04:41:11.676 0 0 W cnss2 b0000000.qcom,cnss-qca6390: Falling back to syfs fallback for: qca6390/regdb.bin
01-01 04:41:11.688 0 0 I ueventd : firmware: loading 'qca6390/regdb.bin' for '/devices/platform/soc/b0000000.qcom,cnss-qca6390/firmware/qca6390!regdb.bin'
01-01 04:41:11.689 0 0 E init : Control message: Could not find 'android.hardware.health@2.1::IHealth/default' for ctl.interface_start from pid: 520 (/system/bin/hwservicemanager)
01-01 04:41:11.690 0 0 I init : Sending signal 9 to service 'vendor.hvdcp_opti' (pid 1586) process group...
01-01 04:41:11.693 0 0 I CAM_ERR : CAM-CCI: cam_cci_read: 1306 ERROR with Slave 0x34:
01-01 04:41:11.693 0 0 I CAM_ERR : CAM-CCI: cam_cci_read_bytes: 1561 failed to read rc:-22
01-01 04:41:11.693 0 0 I CAM_ERR : CAM-SENSOR: cam_cci_i2c_read: 35 rc = -22
01-01 04:41:11.693 0 0 I CAM_WARN: CAM-SENSOR: cam_sensor_match_id: 769 read id: 0x0 expected id 0x481:
01-01 04:41:11.112 1147 1516 I PackageParsing: Parse times for '/product/app/LatinIME': parse=90ms, update_cache=18 ms
01-01 04:41:11.696 0 0 I qcom,camera ac50000.qcom,cci: qcom,cam-sensor6: Dropping the link to regulator.77
01-01 04:41:11.710 0 0 E ueventd : firmware: could not find firmware for qca6390/regdb.bin
01-01 04:41:11.718 0 0 W QSEECOM : qseecom_load_app: App (fingerpr) does'nt exist, loading apps for first time
01-01 04:41:11.722 0 0 I qcom,camera ac50000.qcom,cci: qcom,cam-sensor6: Dropping the link to regulator.57
01-01 04:41:11.732 0 0 E ueventd : firmware: attempted /etc/firmware/qca6390/regdb.bin, open failed: No such file or directory
01-01 04:41:11.744 0 0 I qcom,camera ac50000.qcom,cci: qcom,cam-sensor6: Dropping the link to regulator.54
01-01 04:41:11.756 0 0 E ueventd : firmware: attempted /odm/firmware/qca6390/regdb.bin, open failed: No such file or directory
01-01 04:41:11.768 0 0 I qcom,camera ac50000.qcom,cci: qcom,cam-sensor6: Dropping the link to regulator.56
01-01 04:41:11.780 0 0 E ueventd : firmware: attempted /vendor/firmware/qca6390/regdb.bin, open failed: No such file or directory
01-01 04:41:11.780 0 0 E ueventd : firmware: attempted /firmware/image/qca6390/regdb.bin, open failed: No such file or directory
01-01 04:41:11.780 0 0 E ueventd : firmware: attempted /vendor/firmware_mnt/image/qca6390/regdb.bin, open failed: No such file or directory
01-01 04:41:11.780 0 0 I ueventd : loading /devices/platform/soc/b0000000.qcom,cnss-qca6390/firmware/qca6390!regdb.bin took 94ms
01-01 04:41:11.809 0 0 W subsys-pil-tz soc: qcom,kgsl-hyp: Falling back to syfs fallback for: a650_zap.mdt
01-01 04:41:11.814 0 0 E cnss : Failed to load BDF: qca6390/regdb.bin
01-01 04:41:11.820 0 0 W QSEECOM : qseecom_load_app: App with id 6 (fingerpr) now loaded
01-01 04:41:11.821 0 0 E swr-wcd rx_swr_ctrl: swrm_get_logical_dev_num: device 0xd01170224 is not ready
01-01 04:41:11.821 0 0 E swr_get_logical_dev_num: Error -22 to get logical addr for device d01170224
01-01 04:41:11.821 0 0 E swr-wcd rx_swr_ctrl: swrm_get_logical_dev_num: device 0xd01170224 is not ready
01-01 04:41:11.821 0 0 E swr_get_logical_dev_num: Error -22 to get logical addr for device d01170224
01-01 04:41:11.823 0 0 E swr-wcd rx_swr_ctrl: swrm_get_logical_dev_num: device 0xd01170224 is not ready
01-01 04:41:11.823 0 0 E swr_get_logical_dev_num: Error -22 to get logical addr for device d01170224
01-01 04:41:11.823 0 0 E swr-wcd rx_swr_ctrl: swrm_get_logical_dev_num: device 0xd01170224 is not ready
01-01 04:41:11.823 0 0 E swr_get_logical_dev_num: Error -22 to get logical addr for device d01170224
01-01 04:41:11.824 0 0 E swr-wcd rx_swr_ctrl: swrm_get_logical_dev_num: device 0xd01170224 is not ready
01-01 04:41:11.824 0 0 E swr_get_logical_dev_num: Error -22 to get logical addr for device d01170224
01-01 04:41:11.824 0 0 E wcd938x_codec wcd938x-codec: wcd938x_bind: Slave bind failed, ret = -517
01-01 04:41:11.837 0 0 I ueventd : firmware: loading 'a650_zap.mdt' for '/devices/platform/soc/soc:qcom,kgsl-hyp/firmware/a650_zap.mdt'
01-01 04:41:11.843 0 0 D cnss : Sending BDF download message, state: 0xb, type: 1
01-01 04:41:11.863 0 0 I ueventd : loading /devices/platform/soc/soc:qcom,kgsl-hyp/firmware/a650_zap.mdt took 26ms
01-01 04:41:11.863 0 0 D cnss : FW name added with prefix: qca6390/bdwlan.elf
01-01 04:41:11.874 0 0 I subsys-pil-tz soc: qcom,kgsl-hyp: a650_zap: loading from 0x00000000fcf00000 to 0x00000000fcf01000
01-01 04:41:11.881 0 0 W cnss2 b0000000.qcom,cnss-qca6390: Falling back to syfs fallback for: qca6390/bdwlan.elf
01-01 04:41:11.887 0 0 I qcom_rpmh DRV: apps_rsc TCS Busy, retrying RPMH message send: addr=0x30080
01-01 04:41:11.890 0 0 W subsys-pil-tz soc: qcom,kgsl-hyp: Falling back to syfs fallback for: a650_zap.b02
01-01 04:41:11.324 1147 1518 W PackageParsing: Unknown element under : meta-data at /system_ext/priv-app/QtiDialer/QtiDialer.apk Binary XML file line #119
01-01 04:41:11.927 0 0 I subsys-pil-tz soc: qcom,kgsl-hyp: a650_zap: Brought out of reset
01-01 04:41:11.955 0 0 D cnss : Downloading BDF: qca6390/bdwlan.elf, size: 57908
01-01 04:41:11.968 0 0 W QSEECOM : __qseecom_reentrancy_process_incomplete_cmd: send lsr 11 rsp, but app 5 block on lsr 10
01-01 04:41:11.401 1147 1518 W PackageParsing: Ignoring duplicate uses-permissions/uses-permissions-sdk-m: android.permission.ACCESS_NETWORK_STATE in package: com.android.mms at: Binary XML file line #60
01-01 04:41:12.010 0 0 I binder : 1124:1143 ioctl 40046210 7286414144 returned -22
01-01 04:41:12.013 0 0 W QSEECOM : __qseecom_process_reentrancy_blocked_on_listener: Lsntr 10 in_use 1, block session(1) app(5)
01-01 04:41:11.437 1147 1516 W PackageParsing: Ignoring duplicate uses-permissions/uses-permissions-sdk-m: android.permission.CONFIGURE_WIFI_DISPLAY in package: com.android.systemui at: Binary XML file line #160
01-01 04:41:12.031 0 0 D cnss : FW name added with prefix: qca6390/m3.bin
01-01 04:41:11.453 1147 1516 I PackageParsing: Parse times for '/system_ext/priv-app/SystemUI': parse=283ms, update_cache=2 ms
01-01 04:41:11.458 1124 1143 D BootAnimation: BootAnimationShownTiming start time: 51417ms
01-01 04:41:12.095 0 0 W QSEECOM : __qseecom_process_reentrancy_blocked_on_listener: Lsntr 10 is available, unblock session(1) app(5)
01-01 04:41:12.098 0 0 W cnss_pci 0000: 01:00.0: Falling back to syfs fallback for: qca6390/m3.bin
01-01 04:41:12.146 0 0 W QSEECOM : __qseecom_unload_app: App (6) is unloaded
01-01 04:41:12.155 0 0 D qbt : qbt_release: entry minor_no=0 fd_available=0
01-01 04:41:12.155 0 0 D qbt : qbt_release: Releasing wakelock
01-01 04:41:12.155 0 0 D qbt : qbt_release: exit : fd_available=1
01-01 04:41:12.155 0 0 D qbt : qbt_release: entry minor_no=1 fd_available=1
01-01 04:41:12.155 0 0 D qbt : qbt_release: exit : fd_available=1
01-01 04:41:12.159 0 0 D cnss : Sending M3 information message, state: 0xb
01-01 04:41:12.159 0 0 D cnss : M3 memory, va: 0xffffff8022f10000, pa: 0x00000000a1800000, size: 0x411bc
01-01 04:41:12.165 0 0 D cnss : PM relax, state: 0xb, count: 0
01-01 04:41:12.165 0 0 D cnss : Received QMI WLFW FW initialization done indication
01-01 04:41:12.165 0 0 D cnss : Posting event: FW_READY(4), state: 0xb flags: 0x0
01-01 04:41:12.165 0 0 D cnss : PM stay awake, state: 0xb, count: 1
01-01 04:41:12.165 0 0 D cnss : PM relax, state: 0xb, count: 0
01-01 04:41:12.165 0 0 D cnss : PM stay awake, state: 0xb, count: 1
01-01 04:41:12.165 0 0 D cnss : Processing driver event: FW_READY(4), state: 0xb
01-01 04:41:12.165 0 0 D cnss : PCIE Gen speed not setup
01-01 04:41:12.165 0 0 D cnss : Sending antenna switch sync request, state: 0xf
01-01 04:41:12.168 0 0 E cnss : Antenna switch request failed, result: 1, err: 94
01-01 04:41:12.174 0 0 D cnss : Sending mode message, mode: CALIBRATION(7), state: 0xf
01-01 04:41:12.341 0 0 D cnss : Received QMI WLFW pin connect result indication
01-01 04:41:12.341 0 0 D cnss : Pin connect Result: pwr_pin: 0x1 phy_io_pin: 0x0 rf_io_pin: 0x0
01-01 04:41:12.343 0 0 D cnss : Removing vote for Regulator vdd-wlan-rfa2
01-01 04:41:12.343 0 0 D cnss : Removing vote for Regulator vdd-wlan-rfa1
01-01 04:41:12.343 0 0 D cnss : Removing vote for Regulator vdd-wlan-dig
01-01 04:41:12.343 0 0 D cnss : Removing vote for Regulator vdd-wlan-aon
01-01 04:41:12.343 0 0 D cnss : Removing vote for Regulator vdd-wlan-io
01-01 04:41:12.343 0 0 D cnss : PM relax, state: 0xf, count: 0
01-01 04:41:11.758 1147 1519 I PackageParsing: Parse times for '/system_ext/priv-app/Settings': parse=490ms, update_cache=4 ms
01-01 04:41:11.847 1304 1304 W HidlServiceManagement: Waited one second for android.hardware.health@2.0::IHealth/default
01-01 04:41:12.693 0 0 E diag : In diag_ioctl_set_buffering_mode, invalid peripheral = -22
01-01 04:41:12.121 1147 1147 I PackageManager: Finished scanning system apps. Time: 2105 ms, packageCount: 206 , timePerPackage: 10 , cached: 0
01-01 04:41:12.149 1147 1147 D CompatibilityChangeReporter: Compat change id reported: 133396946; UID -1; state: ENABLED
01-01 04:41:12.181 1147 1517 W PackageParsing: Unknown element under : meta-data at /data/app/~~I5lGQTSmHtnHrK0CdxsyXA==/com.tencent.mtt-pU5U2IqCkVJvx1JVNLClXg==/base.apk Binary XML file line #140
01-01 04:41:12.192 1147 1147 W PackageManager: Skipping provider name com.antutu.ABenchMark.fileprovider (in package com.antutu.ABenchMark): name already used by com.antutu.ABenchMark
01-01 04:41:12.212 1147 1147 D CompatibilityChangeReporter: Compat change id reported: 133396946; UID -1; state: DISABLED
01-01 04:41:12.216 1147 1147 W PackageManager: Skipping provider name com.tencent.mtt.fileProvider (in package com.tencent.mtt): name already used by com.tencent.mtt
01-01 04:41:12.219 1147 1147 I PackageManager: Finished scanning non-system apps. Time: 98 ms, packageCount: 3 , timePerPackage: 32 , cached: 0
01-01 04:41:12.222 1147 1147 E PackageManager: updateAllSharedLibrariesLPw failed: Package com.qti.snapdragon.qdcm_ff requires unavailable shared library vendor.display.color.V1_0.IDisplayColor; failing!
01-01 04:41:12.224 1147 1147 E PackageManager: updateAllSharedLibrariesLPw failed: Package com.qti.pasrservice requires unavailable shared library vendor.qti.power.pasrmanager.V1_0.IPasrManager; failing!
01-01 04:41:12.224 1147 1147 E PackageManager: updateAllSharedLibrariesLPw failed: Package com.qualcomm.wfd.service requires unavailable shared library .WfdService; failing!
01-01 04:41:12.231 1147 1147 I PackageManager: Time to scan packages: 2.215 seconds
01-01 04:41:12.231 1147 1147 I PackageManager: Permission ownership changed. Updating all permissions.
01-01 04:41:12.262 1147 1147 V PackageManager: reconcileAppsData for null u0 0x1 migrateAppData=true
01-01 04:41:12.917 0 0 W healthd : No battery devices found
01-01 04:41:12.340 0 0 W healthd : battery none chg=
01-01 04:41:12.338 1304 1304 W storaged: health: invalid battery status
01-01 04:41:12.356 0 0 I binder : 1304:1304 ioctl 40046210 7fcae5c8b4 returned -22
01-01 04:41:12.502 0 0 I qcom_rpmh DRV: apps_rsc TCS Busy, retrying RPMH message send: addr=0x30080
01-01 04:41:12.506 0 0 E : [MAX975X:max96755x_drm_notifier_callback] *ERROR* receives EARLY_BLANK:UNBLANK
01-01 04:41:12.515 0 0 I [drm:dsi_display_set_mode] [msm-dsi-info]: mdp_transfer_time_us=0 us
01-01 04:41:12.515 0 0 I [drm:dsi_display_set_mode] [msm-dsi-info]: hactive= 2380,vactive= 1020,fps=60
01-01 04:41:12.516 0 0 I [drm:dsi_ctrl_isr_configure] [msm-dsi-info]: dsi-ctrl-0: IRQ 457 registered
01-01 04:41:12.593 0 0 E : [MAX975X:max96755x_drm_notifier_callback] *ERROR* receives BLANK:UNBLANK
01-01 04:41:12.615 1147 1147 V PackageManager: reconcileAppsData finished 43 packages
01-01 04:41:12.616 1147 1147 I PackageManagerTiming: write settings
01-01 04:41:12.619 1147 1638 I SystemServerTimingAsync: InitThreadPoolExec:prepareAppData
01-01 04:41:12.619 1147 1638 D SystemServerInitThreadPool: Started executing prepareAppData
01-01 04:41:12.665 0 0 E : msm_qti_pp_get_rms_value_control, back not active to query rms be_idx:3
01-01 04:41:12.697 0 0 I core_get_license_status: cmdrsp_license_result.result = 0x15 for module 0x131ff
01-01 04:41:12.698 0 0 E msm_ext_disp_update_audio_ops: Display not found (EXT_DISPLAY_TYPE_DP) ctld (0) stream (0)
01-01 04:41:12.708 0 0 E msm_ext_disp_update_audio_ops: Display not found (EXT_DISPLAY_TYPE_HDMI) ctld (0) stream (0)
01-01 04:41:12.717 1147 1147 D PackageManagerTiming: write settings took to complete: 101ms
01-01 04:41:12.717 1147 1147 W PackageManager: Domain verification agent not found
01-01 04:41:12.722 1147 1147 D PackageManager: Ephemeral resolver NOT found; no matching intent filters
01-01 04:41:12.722 1147 1147 D PackageManager: Instant App installer not found with android.intent.action.INSTALL_INSTANT_APP_PACKAGE
01-01 04:41:12.722 1147 1147 D PackageManager: Clear ephemeral installer activity
01-01 04:41:12.718 0 0 E msm_ext_disp_update_audio_ops: Display not found (EXT_DISPLAY_TYPE_DP) ctld (0) stream (0)
01-01 04:41:12.728 0 0 E msm_ext_disp_update_audio_ops: Display not found (EXT_DISPLAY_TYPE_DP) ctld (0) stream (0)
01-01 04:41:12.738 0 0 E msm_ext_disp_update_audio_ops: Display not found (EXT_DISPLAY_TYPE_DP) ctld (0) stream (0)
01-01 04:41:12.730 1147 1147 I PackageManagerTiming: GC
01-01 04:41:12.730 1147 1147 D PackageManagerTiming: GC took to complete: 0ms
01-01 04:41:12.730 1147 1147 I PackageManager: Fix for b/169414761 is applied
01-01 04:41:12.730 1147 1147 D PackageManagerTiming: create package manager took to complete: 3419ms
01-01 04:41:12.730 1147 1147 V UserManagerService: Checking that all system packages are whitelisted.
01-01 04:41:12.731 1147 1147 W UserManagerService: checkWhitelistedSystemPackages(mode=ENFORCE|IMPLICIT_WHITELIST|IMPLICIT_WHITELIST_SYSTEM) has 54 warnings:
01-01 04:41:12.731 1147 1147 W UserManagerService: com.android.theme.color.amethyst is allowlisted but not present.
01-01 04:41:12.731 1147 1147 W UserManagerService: com.android.theme.icon.pebble is allowlisted but not present.
01-01 04:41:12.731 1147 1147 W UserManagerService: com.android.theme.color.sand is allowlisted but not present.
01-01 04:41:12.731 1147 1147 W UserManagerService: com.android.theme.icon.vessel is allowlisted but not present.
01-01 04:41:12.731 1147 1147 W UserManagerService: com.android.theme.color.cinnamon is allowlisted but not present.
01-01 04:41:12.731 1147 1147 W UserManagerService: com.android.theme.icon_pack.victor.settings is allowlisted but not present.
01-01 04:41:12.731 1147 1147 W UserManagerService: com.android.theme.icon_pack.rounded.systemui is allowlisted but not present.
01-01 04:41:12.731 1147 1147 W UserManagerService: com.android.theme.icon.taperedrect is allowlisted but not present.
01-01 04:41:12.731 1147 1147 W UserManagerService: com.android.theme.icon_pack.rounded.android is allowlisted but not present.
01-01 04:41:12.731 1147 1147 W UserManagerService: com.qualcomm.qti.euiccresource is allowlisted but not present.
01-01 04:41:12.731 1147 1147 W UserManagerService: com.android.theme.icon_pack.victor.systemui is allowlisted but not present.
01-01 04:41:12.731 1147 1147 W UserManagerService: com.android.theme.icon_pack.circular.themepicker is allowlisted but not present.
01-01 04:41:12.731 1147 1147 W UserManagerService: com.android.theme.color.tangerine is allowlisted but not present.
01-01 04:41:12.731 1147 1147 W UserManagerService: com.android.theme.color.aquamarine is allowlisted but not present.
01-01 04:41:12.731 1147 1147 W UserManagerService: com.android.theme.color.black is allowlisted but not present.
01-01 04:41:12.732 1147 1147 W UserManagerService: com.android.theme.color.green is allowlisted but not present.
01-01 04:41:12.732 1147 1147 W UserManagerService: com.android.theme.color.ocean is allowlisted but not present.
01-01 04:41:12.732 1147 1147 W UserManagerService: com.android.theme.color.space is allowlisted but not present.
01-01 04:41:12.732 1147 1147 W UserManagerService: com.android.theme.icon_pack.rounded.launcher is allowlisted but not present.
01-01 04:41:12.732 1147 1147 W UserManagerService: com.android.theme.icon_pack.kai.settings is allowlisted but not present.
01-01 04:41:12.732 1147 1147 W UserManagerService: com.android.internal.systemui.navbar.twobutton is allowlisted but not present.
01-01 04:41:12.732 1147 1147 W UserManagerService: com.android.theme.icon_pack.sam.settings is allowlisted but not present.
01-01 04:41:12.732 1147 1147 W UserManagerService: com.android.theme.icon_pack.kai.themepicker is allowlisted but not present.
01-01 04:41:12.732 1147 1147 W UserManagerService: com.android.theme.icon_pack.victor.launcher is allowlisted but not present.
01-01 04:41:12.732 1147 1147 W UserManagerService: com.android.theme.icon_pack.filled.settings is allowlisted but not present.
01-01 04:41:12.732 1147 1147 W UserManagerService: com.android.theme.icon_pack.kai.systemui is allowlisted but not present.
01-01 04:41:12.732 1147 1147 W UserManagerService: com.android.theme.icon_pack.circular.settings is allowlisted but not present.
01-01 04:41:12.732 1147 1147 W UserManagerService: com.android.theme.icon_pack.sam.systemui is allowlisted but not present.
01-01 04:41:12.732 1147 1147 W UserManagerService: com.android.theme.icon.teardrop is allowlisted but not present.
01-01 04:41:12.732 1147 1147 W UserManagerService: com.android.theme.icon_pack.rounded.themepicker is allowlisted but not present.
01-01 04:41:12.732 1147 1147 W UserManagerService: com.android.theme.icon_pack.filled.systemui is allowlisted but not present.
01-01 04:41:12.732 1147 1147 W UserManagerService: com.qualcomm.qti.imsiprivacy.tests is allowlisted but not present.
01-01 04:41:12.732 1147 1147 W UserManagerService: com.android.theme.icon_pack.sam.android is allowlisted but not present.
01-01 04:41:12.732 1147 1147 W UserManagerService: com.android.theme.icon_pack.filled.android is allowlisted but not present.
01-01 04:41:12.732 1147 1147 W UserManagerService: com.android.theme.icon_pack.circular.systemui is allowlisted but not present.
01-01 04:41:12.732 1147 1147 W UserManagerService: com.android.theme.icon_pack.kai.android is allowlisted but not present.
01-01 04:41:12.732 1147 1147 W UserManagerService: com.android.theme.icon_pack.kai.launcher is allowlisted but not present.
01-01 04:41:12.732 1147 1147 W UserManagerService: com.qualcomm.qti.sam.service is allowlisted but not present.
01-01 04:41:12.732 1147 1147 W UserManagerService: com.android.theme.icon_pack.sam.launcher is allowlisted but not present.
01-01 04:41:12.732 1147 1147 W UserManagerService: com.android.theme.icon.squircle is allowlisted but not present.
01-01 04:41:12.732 1147 1147 W UserManagerService: com.android.theme.icon_pack.victor.android is allowlisted but not present.
01-01 04:41:12.732 1147 1147 W UserManagerService: com.android.theme.color.palette is allowlisted but not present.
01-01 04:41:12.732 1147 1147 W UserManagerService: com.android.theme.icon_pack.filled.launcher is allowlisted but not present.
01-01 04:41:12.732 1147 1147 W UserManagerService: com.android.theme.color.carbon is allowlisted but not present.
01-01 04:41:12.732 1147 1147 W UserManagerService: com.android.theme.icon_pack.circular.launcher is allowlisted but not present.
01-01 04:41:12.732 1147 1147 W UserManagerService: com.android.theme.icon_pack.filled.themepicker is allowlisted but not present.
01-01 04:41:12.732 1147 1147 W UserManagerService: com.android.theme.icon_pack.victor.themepicker is allowlisted but not present.
01-01 04:41:12.732 1147 1147 W UserManagerService: com.android.theme.color.orchid is allowlisted but not present.
01-01 04:41:12.732 1147 1147 W UserManagerService: com.android.theme.color.purple is allowlisted but not present.
01-01 04:41:12.732 1147 1147 W UserManagerService: com.android.theme.icon_pack.sam.themepicker is allowlisted but not present.
01-01 04:41:12.732 1147 1147 W UserManagerService: com.android.theme.icon.roundedrect is allowlisted but not present.
01-01 04:41:12.732 1147 1147 W UserManagerService: com.android.theme.icon_pack.rounded.settings is allowlisted but not present.
01-01 04:41:12.732 1147 1147 W UserManagerService: org.codeaurora.qti.nrNetworkSettingApp is allowlisted but not present.
01-01 04:41:12.732 1147 1147 W UserManagerService: com.android.theme.icon_pack.circular.android is allowlisted but not present.
01-01 04:41:12.734 1147 1147 I Watchdog: Resuming HandlerChecker: main thread for reason: packagemanagermain. Pause count: 0
01-01 04:41:12.734 1147 1147 I SystemServerDexLoadReporter: Configuring system server dex reporter
01-01 04:41:12.754 1147 1147 D SystemServerTiming: StartPackageManagerService took to complete: 3460ms
01-01 04:41:12.754 1147 1147 I SystemServerTiming: StartOtaDexOptService
01-01 04:41:12.754 1147 1147 I Watchdog: Pausing HandlerChecker: main thread for reason: moveab. Pause count: 1
01-01 04:41:12.755 1147 1147 D OTADexopt: No upgrade, skipping A/B artifacts check.
01-01 04:41:12.755 1147 1147 I Watchdog: Resuming HandlerChecker: main thread for reason: moveab. Pause count: 0
01-01 04:41:12.755 1147 1147 D SystemServerTiming: StartOtaDexOptService took to complete: 1ms
01-01 04:41:12.748 0 0 E msm-ext-disp-audio-codec-rx soc: qcom,msm-ext-disp:qcom,msm-ext-disp-audio-codec-rx: msm_ext_disp_audio_type_get: get_audio_edid_blk() or get_intf_id is NULL
01-01 04:41:12.755 1147 1147 I SystemServerTiming: StartUserManagerService
01-01 04:41:12.748 0 0 E : msm_qti_pp_get_rms_value_control, back not active to query rms be_idx:3
01-01 04:41:12.755 1147 1147 I SystemServiceManager: Starting com.android.server.pm.UserManagerService$LifeCycle
01-01 04:41:12.756 1147 1147 D SystemServerTiming: StartUserManagerService took to complete: 1ms
01-01 04:41:12.756 1147 1147 I SystemServerTiming: InitAttributerCache
01-01 04:41:12.756 1147 1147 D SystemServerTiming: InitAttributerCache took to complete: 0ms
01-01 04:41:12.756 1147 1147 I SystemServerTiming: SetSystemProcess
01-01 04:41:12.762 1304 1642 I storaged: storaged: Start
01-01 04:41:12.764 0 0 E msm_ext_disp_update_audio_ops: Display not found (EXT_DISPLAY_TYPE_DP) ctld (0) stream (0)
01-01 04:41:12.766 1147 1179 V HistoricalRegistry: Interaction before persistence initialized
01-01 04:41:12.771 1147 1285 I ActivityManager: Connection with lmkd established
01-01 04:41:12.776 1147 1147 D SystemServerTiming: SetSystemProcess took to complete: 20ms
01-01 04:41:12.776 1147 1147 I SystemServerTiming: InitWatchdog
01-01 04:41:12.777 1147 1147 D SystemServerTiming: InitWatchdog took to complete: 0ms
01-01 04:41:12.779 1147 1147 I SystemServerTiming: StartOverlayManagerService
01-01 04:41:12.781 0 0 E msm-ext-disp-audio-codec-rx soc: qcom,msm-ext-disp:qcom,msm-ext-disp-audio-codec-rx: msm_ext_disp_audio_type_get: get_audio_edid_blk() or get_intf_id is NULL
01-01 04:41:12.791 0 0 I core_get_license_status: cmdrsp_license_result.result = 0x15 for module 0x131ff
01-01 04:41:12.797 0 0 E msm_ext_disp_update_audio_ops: Display not found (EXT_DISPLAY_TYPE_DP) ctld (0) stream (0)
01-01 04:41:12.807 0 0 E msm-ext-disp-audio-codec-rx soc: qcom,msm-ext-disp:qcom,msm-ext-disp-audio-codec-rx: msm_ext_disp_audio_type_get: get_audio_edid_blk() or get_intf_id is NULL
01-01 04:41:12.825 0 0 E msm_ext_disp_update_audio_ops: Display not found (EXT_DISPLAY_TYPE_DP) ctld (0) stream (0)
01-01 04:41:12.826 0 0 E msm-ext-disp-audio-codec-rx soc: qcom,msm-ext-disp:qcom,msm-ext-disp-audio-codec-rx: msm_ext_disp_audio_device_get: invalid dai id: 4
01-01 04:41:12.835 0 0 E msm_ext_disp_update_audio_ops: Display not found (EXT_DISPLAY_TYPE_HDMI) ctld (0) stream (0)
01-01 04:41:12.857 0 0 E msm_ext_disp_update_audio_ops: Display not found (EXT_DISPLAY_TYPE_DP) ctld (0) stream (0)
01-01 04:41:12.867 0 0 E msm_ext_disp_update_audio_ops: Display not found (EXT_DISPLAY_TYPE_DP) ctld (0) stream (0)
01-01 04:41:12.877 0 0 E msm_ext_disp_update_audio_ops: Display not found (EXT_DISPLAY_TYPE_DP) ctld (0) stream (0)
01-01 04:41:12.887 0 0 E msm-ext-disp-audio-codec-rx soc: qcom,msm-ext-disp:qcom,msm-ext-disp-audio-codec-rx: msm_ext_disp_audio_type_get: get_audio_edid_blk() or get_intf_id is NULL
01-01 04:41:12.903 0 0 E msm_ext_disp_update_audio_ops: Display not found (EXT_DISPLAY_TYPE_DP) ctld (0) stream (0)
01-01 04:41:12.906 1147 1223 W ActivityTaskManager: Skip updateConfiguration because mWindowManager isn't set
01-01 04:41:12.906 1147 1147 D SystemServerTiming: StartOverlayManagerService took to complete: 127ms
01-01 04:41:12.906 1147 1147 I SystemServerTiming: StartSensorPrivacyService
01-01 04:41:12.910 1147 1147 D SystemServerTiming: StartSensorPrivacyService took to complete: 4ms
01-01 04:41:12.910 1147 1147 I SystemServerTiming: StartSensorService
01-01 04:41:12.910 1147 1147 I SystemServiceManager: Starting com.android.server.sensors.SensorService
01-01 04:41:12.910 1147 1147 D SystemServerTiming: StartSensorService took to complete: 1ms
01-01 04:41:12.911 1147 1147 D SystemServerTiming: startBootstrapServices took to complete: 4775ms
01-01 04:41:12.911 1147 1147 I SystemServerTiming: startCoreServices
01-01 04:41:12.911 1147 1147 I SystemServerTiming: StartSystemConfigService
01-01 04:41:12.911 1147 1147 I SystemServiceManager: Starting com.android.server.SystemConfigService
01-01 04:41:12.911 1147 1650 I SystemServerTimingAsync: InitThreadPoolExec:StartNativeSensorService
01-01 04:41:12.913 0 0 E msm-ext-disp-audio-codec-rx soc: qcom,msm-ext-disp:qcom,msm-ext-disp-audio-codec-rx: msm_ext_disp_audio_type_get: get_audio_edid_blk() or get_intf_id is NULL
01-01 04:41:12.911 1147 1650 D SystemServerInitThreadPool: Started executing StartNativeSensorService
01-01 04:41:12.918 0 0 E : msm_pcm_volume_ctl_get substream not found
01-01 04:41:12.924 0 0 W healthd : battery none chg=
01-01 04:41:12.911 1147 1650 I SystemServerTimingAsync: StartNativeSensorService
01-01 04:41:12.911 1147 1147 D SystemServerTiming: StartSystemConfigService took to complete: 0ms
01-01 04:41:12.911 1147 1147 I SystemServerTiming: StartBatteryService
01-01 04:41:12.911 1147 1147 I SystemServiceManager: Starting com.android.server.BatteryService
01-01 04:41:12.930 0 0 E msm_ext_disp_update_audio_ops: Display not found (EXT_DISPLAY_TYPE_DP) ctld (0) stream (0)
01-01 04:41:12.926 1147 1147 I HealthServiceWrapper: health: HealthServiceWrapper listening to instance default
01-01 04:41:12.926 1147 1147 I BatteryService: health: Waited 0ms and received the update.
01-01 04:41:12.928 1147 1147 D SystemServerTiming: StartBatteryService took to complete: 17ms
01-01 04:41:12.928 1147 1147 I SystemServerTiming: StartUsageService
01-01 04:41:12.928 1147 1147 I SystemServiceManager: Starting com.android.server.usage.UsageStatsService
01-01 04:41:12.931 1147 1650 D SystemServerTimingAsync: StartNativeSensorService took to complete: 20ms
01-01 04:41:12.931 1147 1650 D SystemServerInitThreadPool: Finished executing StartNativeSensorService
01-01 04:41:12.931 1147 1650 D SystemServerTimingAsync: InitThreadPoolExec:StartNativeSensorService took to complete: 20ms
01-01 04:41:12.939 1147 1147 D SystemServerTiming: StartUsageService took to complete: 11ms
01-01 04:41:12.939 1147 1147 I SystemServerTiming: StartWebViewUpdateService
01-01 04:41:12.939 1147 1147 I SystemServiceManager: Starting com.android.server.webkit.WebViewUpdateService
01-01 04:41:12.941 1147 1147 D SystemServerTiming: StartWebViewUpdateService took to complete: 2ms
01-01 04:41:12.941 1147 1147 I SystemServerTiming: StartCachedDeviceStateService
01-01 04:41:12.941 1147 1147 I SystemServiceManager: Starting com.android.server.CachedDeviceStateService
01-01 04:41:12.941 1147 1147 D SystemServerTiming: StartCachedDeviceStateService took to complete: 1ms
01-01 04:41:12.942 1147 1147 I SystemServerTiming: StartBinderCallsStatsService
01-01 04:41:12.942 1147 1147 I SystemServiceManager: Starting com.android.server.BinderCallsStatsService$LifeCycle
01-01 04:41:12.943 1147 1147 D SystemServerTiming: StartBinderCallsStatsService took to complete: 1ms
01-01 04:41:12.943 1147 1147 I SystemServerTiming: StartLooperStatsService
01-01 04:41:12.943 1147 1147 I SystemServiceManager: Starting com.android.server.LooperStatsService$Lifecycle
01-01 04:41:12.943 1147 1147 D SystemServerTiming: StartLooperStatsService took to complete: 1ms
01-01 04:41:12.943 1147 1147 I SystemServerTiming: StartRollbackManagerService
01-01 04:41:12.944 1147 1147 I SystemServiceManager: Starting com.android.server.rollback.RollbackManagerService
01-01 04:41:12.944 0 0 E msm-ext-disp-audio-codec-rx soc: qcom,msm-ext-disp:qcom,msm-ext-disp-audio-codec-rx: msm_ext_disp_audio_type_get: get_audio_edid_blk() or get_intf_id is NULL
01-01 04:41:12.953 1147 1147 I PackageWatchdog: Syncing state, reason: added new observer
01-01 04:41:12.953 1147 1147 I PackageWatchdog: Not pruning observers, elapsed time: 0ms
01-01 04:41:12.953 1147 1147 I PackageWatchdog: Cancelling state sync, nothing to sync
01-01 04:41:12.953 1147 1265 I PackageWatchdog: Saving observer state to file
01-01 04:41:12.957 1147 1147 D SystemServerTiming: StartRollbackManagerService took to complete: 13ms
01-01 04:41:12.957 1147 1147 I SystemServerTiming: StartNativeTombstoneManagerService
01-01 04:41:12.957 1147 1147 I SystemServiceManager: Starting com.android.server.os.NativeTombstoneManagerService
01-01 04:41:12.961 0 0 E msm-ext-disp-audio-codec-rx soc: qcom,msm-ext-disp:qcom,msm-ext-disp-audio-codec-rx: msm_ext_disp_audio_device_get: invalid dai id: 4
01-01 04:41:12.970 1147 1147 D SystemServerTiming: StartNativeTombstoneManagerService took to complete: 13ms
01-01 04:41:12.970 1147 1147 I SystemServerTiming: StartBugreportManagerService
01-01 04:41:12.970 1147 1147 I SystemServiceManager: Starting com.android.server.os.BugreportManagerService
01-01 04:41:12.972 1147 1147 D SystemServerTiming: StartBugreportManagerService took to complete: 2ms
01-01 04:41:12.972 1147 1147 I SystemServerTiming: GpuService
01-01 04:41:12.972 1147 1147 I SystemServiceManager: Starting com.android.server.gpu.GpuService
01-01 04:41:12.972 1147 1147 D SystemServerTiming: GpuService took to complete: 0ms
01-01 04:41:12.972 1147 1147 D SystemServerTiming: startCoreServices took to complete: 61ms
01-01 04:41:12.972 1147 1147 I SystemServerTiming: startOtherServices
01-01 04:41:12.973 1147 1147 I SystemServerTiming: StartKeyAttestationApplicationIdProviderService
01-01 04:41:12.973 1147 1660 I SystemServerTimingAsync: InitThreadPoolExec:SecondaryZygotePreload
01-01 04:41:12.974 1147 1660 D SystemServerInitThreadPool: Started executing SecondaryZygotePreload
01-01 04:41:12.974 1147 1660 I SystemServer: SecondaryZygotePreload
01-01 04:41:12.974 1147 1660 I SystemServerTimingAsync: SecondaryZygotePreload
01-01 04:41:12.974 1147 1147 D SystemServerTiming: StartKeyAttestationApplicationIdProviderService took to complete: 1ms
01-01 04:41:12.974 1147 1147 I SystemServerTiming: StartKeyChainSystemService
01-01 04:41:12.974 1147 1147 I SystemServiceManager: Starting com.android.server.security.KeyChainSystemService
01-01 04:41:12.974 1147 1147 D SystemServerTiming: StartKeyChainSystemService took to complete: 1ms
01-01 04:41:12.975 1147 1147 I SystemServerTiming: StartSchedulingPolicyService
01-01 04:41:12.976 1147 1661 I SystemServerTimingAsync: InitThreadPoolExec:SchedulingPolicyService.
01-01 04:41:12.976 1147 1147 D SystemServerTiming: StartSchedulingPolicyService took to complete: 1ms
01-01 04:41:12.976 1147 1147 I SystemServerTiming: StartTelecomLoaderService
01-01 04:41:12.976 1147 1147 I SystemServiceManager: Starting com.android.server.telecom.TelecomLoaderService
01-01 04:41:12.977 1147 1147 D SystemServerTiming: StartTelecomLoaderService took to complete: 1ms
01-01 04:41:12.977 1147 1147 I SystemServerTiming: StartTelephonyRegistry
01-01 04:41:12.978 1147 1661 D SystemServerInitThreadPool: Started executing SchedulingPolicyService.
01-01 04:41:12.980 1147 1147 D SystemServerTiming: StartTelephonyRegistry took to complete: 3ms
01-01 04:41:12.980 1147 1147 I SystemServerTiming: StartEntropyMixer
01-01 04:41:12.981 1147 1147 I EntropyMixer: Writing entropy...
01-01 04:41:12.986 1147 1147 D SystemServerTiming: StartEntropyMixer took to complete: 6ms
01-01 04:41:12.986 1147 1147 I SystemServerTiming: StartAccountManagerService
01-01 04:41:12.986 1147 1147 I SystemServiceManager: Starting com.android.server.accounts.AccountManagerService$Lifecycle
01-01 04:41:13.011 1147 1147 D SystemServerTiming: StartAccountManagerService took to complete: 25ms
01-01 04:41:13.011 1147 1147 I SystemServerTiming: StartContentService
01-01 04:41:13.011 1147 1147 I SystemServiceManager: Starting com.android.server.content.ContentService$Lifecycle
01-01 04:41:13.013 1147 1147 D SystemServerTiming: StartContentService took to complete: 2ms
01-01 04:41:13.013 1147 1147 I SystemServerTiming: InstallSystemProviders
01-01 04:41:13.042 683 683 D ZygoteInitTiming_lazy: BeginPreload took to complete: 54ms
01-01 04:41:13.051 0 0 E : msm_pcm_volume_ctl_get substream not found
01-01 04:41:13.117 1147 1281 D ActivityManager: Freezer enabled
01-01 04:41:13.117 1147 1281 D ActivityManager: freezer override set to false
01-01 04:41:13.124 1147 1661 D SystemServerInitThreadPool: Finished executing SchedulingPolicyService.
01-01 04:41:13.124 1147 1661 D SystemServerTimingAsync: InitThreadPoolExec:SchedulingPolicyService. took to complete: 148ms
01-01 04:41:13.125 1147 1147 D SystemServerTiming: InstallSystemProviders took to complete: 112ms
01-01 04:41:13.125 1147 1147 I SystemServerTiming: StartDropBoxManager
01-01 04:41:13.125 1147 1147 I SystemServiceManager: Starting com.android.server.DropBoxManagerService
01-01 04:41:13.127 1147 1147 D SystemServerTiming: StartDropBoxManager took to complete: 2ms
01-01 04:41:13.127 1147 1147 I SystemServerTiming: StartRoleManagerService
01-01 04:41:13.127 1147 1147 I SystemServiceManager: Starting com.android.role.RoleService
01-01 04:41:13.133 1147 1147 D SystemServerTiming: StartRoleManagerService took to complete: 6ms
01-01 04:41:13.133 1147 1147 I SystemServerTiming: StartVibratorManagerService
01-01 04:41:13.133 1147 1147 I SystemServiceManager: Starting com.android.server.vibrator.VibratorManagerService$Lifecycle
01-01 04:41:13.152 1147 1147 D SystemServerTiming: StartVibratorManagerService took to complete: 19ms
01-01 04:41:13.152 1147 1147 I SystemServerTiming: StartDynamicSystemService
01-01 04:41:13.153 1147 1147 D SystemServerTiming: StartDynamicSystemService took to complete: 1ms
01-01 04:41:13.154 1147 1147 I SystemServerTiming: StartConsumerIrService
01-01 04:41:13.157 1147 1147 D SystemServerTiming: StartConsumerIrService took to complete: 3ms
01-01 04:41:13.157 1147 1147 I SystemServerTiming: StartAlarmManagerService
01-01 04:41:13.157 1147 1147 I SystemServiceManager: Starting com.android.server.alarm.AlarmManagerService
01-01 04:41:13.182 1147 1147 I AlarmManager: Current time only 16873182, advancing to build time 1660668731000
08-16 16:52:11.006 1147 1147 D SystemServerTiming: StartAlarmManagerService took to complete: 32ms
08-16 16:52:11.006 1147 1147 I SystemServerTiming: StartInputManagerService
08-16 16:52:11.007 1147 1147 I InputManager: Initializing input manager, mUseDevInputEventForAudioJack=true
08-16 16:52:11.022 1147 1147 D SystemServerTiming: StartInputManagerService took to complete: 16ms
08-16 16:52:11.022 1147 1147 I SystemServerTiming: DeviceStateManagerService
08-16 16:52:11.022 1147 1147 I SystemServiceManager: Starting com.android.server.devicestate.DeviceStateManagerService
08-16 16:52:11.031 1147 1147 D SystemServerTiming: DeviceStateManagerService took to complete: 9ms
08-16 16:52:11.031 1147 1147 I SystemServerTiming: StartCameraServiceProxy
08-16 16:52:11.032 1147 1147 I SystemServiceManager: Starting com.android.server.camera.CameraServiceProxy
08-16 16:52:11.039 1147 1147 D SystemServerTiming: StartCameraServiceProxy took to complete: 7ms
08-16 16:52:11.039 1147 1147 I SystemServerTiming: StartWindowManagerService
08-16 16:52:11.039 1147 1147 I SystemServiceManager: Starting phase 200
08-16 16:52:11.039 1147 1147 I SystemServerTiming: OnBootPhase_200
08-16 16:52:11.039 1147 1147 I SystemServerTiming: OnBootPhase_200_com.android.server.security.FileIntegrityService
08-16 16:52:11.040 1147 1147 D SystemServerTiming: OnBootPhase_200_com.android.server.security.FileIntegrityService took to complete: 0ms
