08-16 16:52:12.721 1147 1147 I SystemServerTiming: OnBootPhase_520_com.android.server.UiModeManagerService
08-16 16:52:12.721 1147 1147 D SystemServerTiming: OnBootPhase_520_com.android.server.UiModeManagerService took to complete: 0ms
08-16 16:52:12.721 1147 1147 I SystemServerTiming: OnBootPhase_520_com.android.server.locksettings.LockSettingsService$Lifecycle
08-16 16:52:12.721 1147 1147 D SystemServerTiming: OnBootPhase_520_com.android.server.locksettings.LockSettingsService$Lifecycle took to complete: 0ms
08-16 16:52:12.721 1147 1147 I SystemServerTiming: OnBootPhase_520_com.android.server.PersistentDataBlockService
08-16 16:52:12.721 1147 1147 D SystemServerTiming: OnBootPhase_520_com.android.server.PersistentDataBlockService took to complete: 0ms
08-16 16:52:12.721 1147 1147 I SystemServerTiming: OnBootPhase_520_com.android.server.testharness.TestHarnessModeService
08-16 16:52:12.721 1147 1147 D SystemServerTiming: OnBootPhase_520_com.android.server.testharness.TestHarnessModeService took to complete: 0ms
08-16 16:52:12.721 1147 1147 I SystemServerTiming: OnBootPhase_520_com.android.server.oemlock.OemLockService
08-16 16:52:12.721 1147 1147 D SystemServerTiming: OnBootPhase_520_com.android.server.oemlock.OemLockService took to complete: 0ms
08-16 16:52:12.721 1147 1147 I SystemServerTiming: OnBootPhase_520_com.android.server.DeviceIdleController
08-16 16:52:12.721 1147 1147 D SystemServerTiming: OnBootPhase_520_com.android.server.DeviceIdleController took to complete: 0ms
08-16 16:52:12.721 1147 1147 I SystemServerTiming: OnBootPhase_520_com.android.server.devicepolicy.DevicePolicyManagerService$Lifecycle
08-16 16:52:12.721 1147 1147 D SystemServerTiming: OnBootPhase_520_com.android.server.devicepolicy.DevicePolicyManagerService$Lifecycle took to complete: 0ms
08-16 16:52:12.721 1147 1147 I SystemServerTiming: OnBootPhase_520_com.android.server.texttospeech.TextToSpeechManagerService
08-16 16:52:12.722 1147 1147 D SystemServerTiming: OnBootPhase_520_com.android.server.texttospeech.TextToSpeechManagerService took to complete: 0ms
08-16 16:52:12.722 1147 1147 I SystemServerTiming: OnBootPhase_520_com.android.server.speech.SpeechRecognitionManagerService
08-16 16:52:12.722 1147 1147 D SystemServerTiming: OnBootPhase_520_com.android.server.speech.SpeechRecognitionManagerService took to complete: 0ms
08-16 16:52:12.722 1147 1147 I SystemServerTiming: OnBootPhase_520_com.android.server.searchui.SearchUiManagerService
08-16 16:52:12.722 1147 1147 D SystemServerTiming: OnBootPhase_520_com.android.server.searchui.SearchUiManagerService took to complete: 0ms
08-16 16:52:12.722 1147 1147 I SystemServerTiming: OnBootPhase_520_com.android.server.smartspace.SmartspaceManagerService
08-16 16:52:12.722 1147 1147 D SystemServerTiming: OnBootPhase_520_com.android.server.smartspace.SmartspaceManagerService took to complete: 0ms
08-16 16:52:12.722 1147 1147 I SystemServerTiming: OnBootPhase_520_com.android.server.graphics.fonts.FontManagerService$Lifecycle
08-16 16:52:12.722 1147 1147 D SystemServerTiming: OnBootPhase_520_com.android.server.graphics.fonts.FontManagerService$Lifecycle took to complete: 0ms
08-16 16:52:12.722 1147 1147 I SystemServerTiming: OnBootPhase_520_com.android.server.textservices.TextServicesManagerService$Lifecycle
08-16 16:52:12.722 1147 1147 D SystemServerTiming: OnBootPhase_520_com.android.server.textservices.TextServicesManagerService$Lifecycle took to complete: 0ms
08-16 16:52:12.722 1147 1147 I SystemServerTiming: OnBootPhase_520_com.android.server.textclassifier.TextClassificationManagerService$Lifecycle
08-16 16:52:12.722 1147 1147 D SystemServerTiming: OnBootPhase_520_com.android.server.textclassifier.TextClassificationManagerService$Lifecycle took to complete: 0ms
08-16 16:52:12.722 1147 1147 I SystemServerTiming: OnBootPhase_520_com.android.server.NetworkScoreService$Lifecycle
08-16 16:52:12.722 1147 1147 D SystemServerTiming: OnBootPhase_520_com.android.server.NetworkScoreService$Lifecycle took to complete: 0ms
08-16 16:52:12.722 1147 1147 I SystemServerTiming: OnBootPhase_520_com.android.server.wifi.WifiService
08-16 16:52:12.722 1147 1147 D SystemServerTiming: OnBootPhase_520_com.android.server.wifi.WifiService took to complete: 0ms
08-16 16:52:12.723 1147 1147 I SystemServerTiming: OnBootPhase_520_com.android.server.wifi.scanner.WifiScanningService
08-16 16:52:12.723 1147 1147 D SystemServerTiming: OnBootPhase_520_com.android.server.wifi.scanner.WifiScanningService took to complete: 0ms
08-16 16:52:12.723 1147 1147 I SystemServerTiming: OnBootPhase_520_com.android.server.wifi.rtt.RttService
08-16 16:52:12.723 1147 1147 D SystemServerTiming: OnBootPhase_520_com.android.server.wifi.rtt.RttService took to complete: 1ms
08-16 16:52:12.723 1147 1147 I SystemServerTiming: OnBootPhase_520_com.android.server.wifi.aware.WifiAwareService
08-16 16:52:12.723 1147 1147 D SystemServerTiming: OnBootPhase_520_com.android.server.wifi.aware.WifiAwareService took to complete: 0ms
08-16 16:52:12.723 1147 1147 I SystemServerTiming: OnBootPhase_520_com.android.server.wifi.p2p.WifiP2pService
08-16 16:52:12.723 1147 1147 D SystemServerTiming: OnBootPhase_520_com.android.server.wifi.p2p.WifiP2pService took to complete: 0ms
08-16 16:52:12.723 1147 1147 I SystemServerTiming: OnBootPhase_520_com.android.server.ethernet.EthernetService
08-16 16:52:12.723 1147 1147 D SystemServerTiming: OnBootPhase_520_com.android.server.ethernet.EthernetService took to complete: 0ms
08-16 16:52:12.723 1147 1147 I SystemServerTiming: OnBootPhase_520_com.android.server.ConnectivityServiceInitializer
08-16 16:52:12.723 1147 1147 D SystemServerTiming: OnBootPhase_520_com.android.server.ConnectivityServiceInitializer took to complete: 0ms
08-16 16:52:12.723 1147 1147 I SystemServerTiming: OnBootPhase_520_com.android.server.notification.NotificationManagerService
08-16 16:52:12.723 1147 1147 D SystemServerTiming: OnBootPhase_520_com.android.server.notification.NotificationManagerService took to complete: 0ms
08-16 16:52:12.723 1147 1147 I SystemServerTiming: OnBootPhase_520_com.android.server.storage.DeviceStorageMonitorService
08-16 16:52:12.723 1147 1147 D SystemServerTiming: OnBootPhase_520_com.android.server.storage.DeviceStorageMonitorService took to complete: 0ms
08-16 16:52:12.724 1147 1147 I SystemServerTiming: OnBootPhase_520_com.android.server.location.LocationManagerService$Lifecycle
08-16 16:52:12.724 1147 1147 D SystemServerTiming: OnBootPhase_520_com.android.server.location.LocationManagerService$Lifecycle took to complete: 0ms
08-16 16:52:12.724 1147 1147 I SystemServerTiming: OnBootPhase_520_com.android.server.timedetector.TimeDetectorService$Lifecycle
08-16 16:52:12.724 1147 1147 D SystemServerTiming: OnBootPhase_520_com.android.server.timedetector.TimeDetectorService$Lifecycle took to complete: 0ms
08-16 16:52:12.724 1147 1147 I SystemServerTiming: OnBootPhase_520_com.android.server.timezonedetector.TimeZoneDetectorService$Lifecycle
08-16 16:52:12.724 1147 1147 D SystemServerTiming: OnBootPhase_520_com.android.server.timezonedetector.TimeZoneDetectorService$Lifecycle took to complete: 0ms
08-16 16:52:12.724 1147 1147 I SystemServerTiming: OnBootPhase_520_com.android.server.timezonedetector.location.LocationTimeZoneManagerService$Lifecycle
08-16 16:52:12.724 1147 1147 D SystemServerTiming: OnBootPhase_520_com.android.server.timezonedetector.location.LocationTimeZoneManagerService$Lifecycle took to complete: 0ms
08-16 16:52:12.724 1147 1147 I SystemServerTiming: OnBootPhase_520_com.android.server.search.SearchManagerService$Lifecycle
08-16 16:52:12.724 1147 1147 D SystemServerTiming: OnBootPhase_520_com.android.server.search.SearchManagerService$Lifecycle took to complete: 0ms
08-16 16:52:12.724 1147 1147 I SystemServerTiming: OnBootPhase_520_com.android.server.wallpaper.WallpaperManagerService$Lifecycle
08-16 16:52:12.724 1147 1147 D SystemServerTiming: OnBootPhase_520_com.android.server.wallpaper.WallpaperManagerService$Lifecycle took to complete: 0ms
08-16 16:52:12.724 1147 1147 I SystemServerTiming: OnBootPhase_520_com.android.server.audio.AudioService$Lifecycle
08-16 16:52:12.724 1147 1147 D SystemServerTiming: OnBootPhase_520_com.android.server.audio.AudioService$Lifecycle took to complete: 0ms
08-16 16:52:12.724 1147 1147 I SystemServerTiming: OnBootPhase_520_com.android.server.soundtrigger_middleware.SoundTriggerMiddlewareService$Lifecycle
08-16 16:52:12.724 1147 1147 D SystemServerTiming: OnBootPhase_520_com.android.server.soundtrigger_middleware.SoundTriggerMiddlewareService$Lifecycle took to complete: 0ms
08-16 16:52:12.725 1147 1147 I SystemServerTiming: OnBootPhase_520_com.android.server.DockObserver
08-16 16:52:12.725 1147 1147 D SystemServerTiming: OnBootPhase_520_com.android.server.DockObserver took to complete: 0ms
08-16 16:52:12.725 1147 1147 I SystemServerTiming: OnBootPhase_520_com.android.server.midi.MidiService$Lifecycle
08-16 16:52:12.725 1147 1147 D SystemServerTiming: OnBootPhase_520_com.android.server.midi.MidiService$Lifecycle took to complete: 0ms
08-16 16:52:12.725 1147 1147 I SystemServerTiming: OnBootPhase_520_com.android.server.adb.AdbService$Lifecycle
08-16 16:52:12.725 1147 1147 D SystemServerTiming: OnBootPhase_520_com.android.server.adb.AdbService$Lifecycle took to complete: 0ms
08-16 16:52:12.725 1147 1147 I SystemServerTiming: OnBootPhase_520_com.android.server.usb.UsbService$Lifecycle
08-16 16:52:12.725 1147 1147 D SystemServerTiming: OnBootPhase_520_com.android.server.usb.UsbService$Lifecycle took to complete: 0ms
08-16 16:52:12.725 1147 1147 I SystemServerTiming: OnBootPhase_520_com.android.server.twilight.TwilightService
08-16 16:52:12.725 1147 1147 D SystemServerTiming: OnBootPhase_520_com.android.server.twilight.TwilightService took to complete: 0ms
08-16 16:52:12.725 1147 1147 I SystemServerTiming: OnBootPhase_520_com.android.server.display.color.ColorDisplayService
08-16 16:52:12.725 1147 1147 D SystemServerTiming: OnBootPhase_520_com.android.server.display.color.ColorDisplayService took to complete: 0ms
08-16 16:52:12.725 1147 1147 I SystemServerTiming: OnBootPhase_520_com.android.server.job.JobSchedulerService
08-16 16:52:12.725 1147 1147 D SystemServerTiming: OnBootPhase_520_com.android.server.job.JobSchedulerService took to complete: 0ms
08-16 16:52:12.725 1147 1147 I SystemServerTiming: OnBootPhase_520_com.android.server.soundtrigger.SoundTriggerService
08-16 16:52:12.725 1147 1147 D SoundTriggerService: onBootPhase: 520 : false
08-16 16:52:12.725 1147 1147 D SystemServerTiming: OnBootPhase_520_com.android.server.soundtrigger.SoundTriggerService took to complete: 0ms
08-16 16:52:12.726 1147 1147 I SystemServerTiming: OnBootPhase_520_com.android.server.trust.TrustManagerService
08-16 16:52:12.726 1147 1147 D SystemServerTiming: OnBootPhase_520_com.android.server.trust.TrustManagerService took to complete: 0ms
08-16 16:52:12.726 1147 1147 I SystemServerTiming: OnBootPhase_520_com.android.server.backup.BackupManagerService$Lifecycle
08-16 16:52:12.726 1147 1147 D SystemServerTiming: OnBootPhase_520_com.android.server.backup.BackupManagerService$Lifecycle took to complete: 0ms
08-16 16:52:12.726 1147 1147 I SystemServerTiming: OnBootPhase_520_com.android.server.appwidget.AppWidgetService
08-16 16:52:12.726 1147 1147 D SystemServerTiming: OnBootPhase_520_com.android.server.appwidget.AppWidgetService took to complete: 0ms
08-16 16:52:12.726 1147 1147 I SystemServerTiming: OnBootPhase_520_com.android.server.voiceinteraction.VoiceInteractionManagerService
08-16 16:52:12.726 1147 1147 D SystemServerTiming: OnBootPhase_520_com.android.server.voiceinteraction.VoiceInteractionManagerService took to complete: 0ms
08-16 16:52:12.726 1147 1147 I SystemServerTiming: OnBootPhase_520_com.android.server.apphibernation.AppHibernationService
08-16 16:52:12.726 1147 1147 D SystemServerTiming: OnBootPhase_520_com.android.server.apphibernation.AppHibernationService took to complete: 0ms
08-16 16:52:12.726 1147 1147 I SystemServerTiming: OnBootPhase_520_com.android.server.GestureLauncherService
08-16 16:52:12.726 1147 1147 D SystemServerTiming: OnBootPhase_520_com.android.server.GestureLauncherService took to complete: 0ms
08-16 16:52:12.726 1147 1147 I SystemServerTiming: OnBootPhase_520_com.android.server.SensorNotificationService
08-16 16:52:12.726 1147 1147 D SystemServerTiming: OnBootPhase_520_com.android.server.SensorNotificationService took to complete: 0ms
08-16 16:52:12.726 1147 1147 I SystemServerTiming: OnBootPhase_520_com.android.server.emergency.EmergencyAffordanceService
08-16 16:52:12.726 1147 1147 D SystemServerTiming: OnBootPhase_520_com.android.server.emergency.EmergencyAffordanceService took to complete: 0ms
08-16 16:52:12.726 1147 1147 I SystemServerTiming: OnBootPhase_520_com.android.server.blob.BlobStoreManagerService
08-16 16:52:12.726 1147 1147 D SystemServerTiming: OnBootPhase_520_com.android.server.blob.BlobStoreManagerService took to complete: 0ms
08-16 16:52:12.726 1147 1147 I SystemServerTiming: OnBootPhase_520_com.android.server.dreams.DreamManagerService
08-16 16:52:12.726 1147 1147 D SystemServerTiming: OnBootPhase_520_com.android.server.dreams.DreamManagerService took to complete: 0ms
08-16 16:52:12.727 1147 1147 I SystemServerTiming: OnBootPhase_520_com.android.server.print.PrintManagerService
08-16 16:52:12.727 1147 1147 D SystemServerTiming: OnBootPhase_520_com.android.server.print.PrintManagerService took to complete: 0ms
08-16 16:52:12.727 1147 1147 I SystemServerTiming: OnBootPhase_520_com.android.server.companion.CompanionDeviceManagerService
08-16 16:52:12.727 1147 1147 D SystemServerTiming: OnBootPhase_520_com.android.server.companion.CompanionDeviceManagerService took to complete: 0ms
08-16 16:52:12.727 1147 1147 I SystemServerTiming: OnBootPhase_520_com.android.server.restrictions.RestrictionsManagerService
08-16 16:52:12.727 1147 1147 D SystemServerTiming: OnBootPhase_520_com.android.server.restrictions.RestrictionsManagerService took to complete: 0ms
08-16 16:52:12.727 1147 1147 I SystemServerTiming: OnBootPhase_520_com.android.server.media.MediaSessionService
08-16 16:52:12.727 1147 1147 D SystemServerTiming: OnBootPhase_520_com.android.server.media.MediaSessionService took to complete: 0ms
08-16 16:52:12.727 1147 1147 I SystemServerTiming: OnBootPhase_520_com.android.server.media.MediaResourceMonitorService
08-16 16:52:12.727 1147 1147 D SystemServerTiming: OnBootPhase_520_com.android.server.media.MediaResourceMonitorService took to complete: 0ms
08-16 16:52:12.727 1147 1147 I SystemServerTiming: OnBootPhase_520_com.android.server.biometrics.sensors.fingerprint.FingerprintService
08-16 16:52:12.727 1147 1147 D SystemServerTiming: OnBootPhase_520_com.android.server.biometrics.sensors.fingerprint.FingerprintService took to complete: 0ms
08-16 16:52:12.727 1147 1147 I SystemServerTiming: OnBootPhase_520_com.android.server.biometrics.BiometricService
08-16 16:52:12.727 1147 1147 D SystemServerTiming: OnBootPhase_520_com.android.server.biometrics.BiometricService took to complete: 0ms
08-16 16:52:12.727 1147 1147 I SystemServerTiming: OnBootPhase_520_com.android.server.biometrics.AuthService
08-16 16:52:12.727 1147 1147 D SystemServerTiming: OnBootPhase_520_com.android.server.biometrics.AuthService took to complete: 0ms
08-16 16:52:12.727 1147 1147 I SystemServerTiming: OnBootPhase_520_com.android.server.pm.ShortcutService$Lifecycle
08-16 16:52:12.728 1147 1147 D SystemServerTiming: OnBootPhase_520_com.android.server.pm.ShortcutService$Lifecycle took to complete: 0ms
08-16 16:52:12.728 1147 1147 I SystemServerTiming: OnBootPhase_520_com.android.server.pm.LauncherAppsService
08-16 16:52:12.728 1147 1147 D SystemServerTiming: OnBootPhase_520_com.android.server.pm.LauncherAppsService took to complete: 0ms
08-16 16:52:12.728 1147 1147 I SystemServerTiming: OnBootPhase_520_com.android.server.pm.CrossProfileAppsService
08-16 16:52:12.728 1147 1147 D SystemServerTiming: OnBootPhase_520_com.android.server.pm.CrossProfileAppsService took to complete: 0ms
08-16 16:52:12.728 1147 1147 I SystemServerTiming: OnBootPhase_520_com.android.server.people.PeopleService
08-16 16:52:12.728 1147 1147 D SystemServerTiming: OnBootPhase_520_com.android.server.people.PeopleService took to complete: 0ms
08-16 16:52:12.728 1147 1147 I SystemServerTiming: OnBootPhase_520_com.android.server.media.metrics.MediaMetricsManagerService
08-16 16:52:12.728 1147 1147 D SystemServerTiming: OnBootPhase_520_com.android.server.media.metrics.MediaMetricsManagerService took to complete: 0ms
08-16 16:52:12.729 1239 1239 I iorapd : iorapd (the prefetchening) readied up
08-16 16:52:12.730 1147 1147 I SystemServerTiming: OnBootPhase_520_com.android.server.media.projection.MediaProjectionManagerService
08-16 16:52:12.730 1147 1147 D SystemServerTiming: OnBootPhase_520_com.android.server.media.projection.MediaProjectionManagerService took to complete: 0ms
08-16 16:52:12.730 1147 1147 I SystemServerTiming: OnBootPhase_520_com.android.server.slice.SliceManagerService$Lifecycle
08-16 16:52:12.730 1147 1147 D SystemServerTiming: OnBootPhase_520_com.android.server.slice.SliceManagerService$Lifecycle took to complete: 0ms
08-16 16:52:12.730 1147 1147 I SystemServerTiming: OnBootPhase_520_com.android.server.stats.StatsCompanion$Lifecycle
08-16 16:52:12.730 1147 1147 D SystemServerTiming: OnBootPhase_520_com.android.server.stats.StatsCompanion$Lifecycle took to complete: 0ms
08-16 16:52:12.730 1147 1147 I SystemServerTiming: OnBootPhase_520_com.android.server.scheduling.RebootReadinessManagerService$Lifecycle
08-16 16:52:12.730 1147 1147 D SystemServerTiming: OnBootPhase_520_com.android.server.scheduling.RebootReadinessManagerService$Lifecycle took to complete: 0ms
08-16 16:52:12.730 1147 1147 I SystemServerTiming: OnBootPhase_520_com.android.server.stats.pull.StatsPullAtomService
08-16 16:52:12.730 1147 1147 D SystemServerTiming: OnBootPhase_520_com.android.server.stats.pull.StatsPullAtomService took to complete: 0ms
08-16 16:52:12.730 1147 1147 I SystemServerTiming: OnBootPhase_520_com.android.server.incident.IncidentCompanionService
08-16 16:52:12.730 1147 1147 D SystemServerTiming: OnBootPhase_520_com.android.server.incident.IncidentCompanionService took to complete: 0ms
08-16 16:52:12.730 1147 1147 I SystemServerTiming: OnBootPhase_520_com.android.server.MmsServiceBroker
08-16 16:52:12.730 1147 1147 D SystemServerTiming: OnBootPhase_520_com.android.server.MmsServiceBroker took to complete: 0ms
08-16 16:52:12.730 1147 1147 I SystemServerTiming: OnBootPhase_520_com.android.server.autofill.AutofillManagerService
08-16 16:52:12.731 1147 1147 D SystemServerTiming: OnBootPhase_520_com.android.server.autofill.AutofillManagerService took to complete: 0ms
08-16 16:52:12.731 1147 1147 I SystemServerTiming: OnBootPhase_520_com.android.server.clipboard.ClipboardService
08-16 16:52:12.731 1147 1147 D SystemServerTiming: OnBootPhase_520_com.android.server.clipboard.ClipboardService took to complete: 0ms
08-16 16:52:12.731 1147 1147 I SystemServerTiming: OnBootPhase_520_com.android.server.appbinding.AppBindingService$Lifecycle
08-16 16:52:12.731 1147 1147 D SystemServerTiming: OnBootPhase_520_com.android.server.appbinding.AppBindingService$Lifecycle took to complete: 0ms
08-16 16:52:12.731 1147 1147 I SystemServerTiming: OnBootPhase_520_com.android.server.tracing.TracingServiceProxy
08-16 16:52:12.731 1147 1147 D SystemServerTiming: OnBootPhase_520_com.android.server.tracing.TracingServiceProxy took to complete: 0ms
08-16 16:52:12.731 1147 1147 I SystemServerTiming: OnBootPhase_520_com.android.server.policy.PermissionPolicyService
08-16 16:52:12.731 1147 1147 D SystemServerTiming: OnBootPhase_520_com.android.server.policy.PermissionPolicyService took to complete: 0ms
08-16 16:52:12.731 1147 1147 I SystemServerTiming: OnBootPhase_520_com.android.server.pm.StagingManager$Lifecycle
08-16 16:52:12.731 1147 1147 D SystemServerTiming: OnBootPhase_520_com.android.server.pm.StagingManager$Lifecycle took to complete: 0ms
08-16 16:52:12.731 1147 1147 I SystemServerTiming: OnBootPhase_520_com.android.server.app.GameManagerService$Lifecycle
08-16 16:52:12.731 1147 1147 D SystemServerTiming: OnBootPhase_520_com.android.server.app.GameManagerService$Lifecycle took to complete: 0ms
08-16 16:52:12.731 1147 1147 D SystemServerTiming: OnBootPhase_520 took to complete: 16ms
08-16 16:52:12.731 1147 1147 D SystemServerTiming: StartBootPhaseDeviceSpecificServicesReady took to complete: 16ms
08-16 16:52:12.731 1147 1147 I SystemServerTiming: AppSearchManagerService
08-16 16:52:12.764 1147 1147 I SystemServiceManager: Starting com.android.server.appsearch.AppSearchManagerService
08-16 16:52:12.765 1147 1224 W Looper : Slow dispatch took 124ms android.ui h=android.view.Choreographer$FrameHandler c=android.view.Choreographer$FrameDisplayEventReceiver@e268681 m=0
08-16 16:52:12.766 1147 1147 D SystemServerTiming: AppSearchManagerService took to complete: 35ms
08-16 16:52:12.766 1147 1147 I SystemServerTiming: StartMediaCommunicationService
08-16 16:52:12.766 1147 1147 I SystemServiceManager: Starting com.android.server.media.MediaCommunicationService
08-16 16:52:12.767 1147 1147 D SystemServerTiming: StartMediaCommunicationService took to complete: 1ms
08-16 16:52:12.767 1147 1147 I SystemServerTiming: PhaseActivityManagerReady
08-16 16:52:12.767 1147 1147 I SystemServerTiming: controllersReady
08-16 16:52:12.771 1147 1674 I SystemServerTimingAsync: InitThreadPoolExec:Update app-ops uidState in case package com.android.cellbroadcastreceiver.module changed
08-16 16:52:12.771 1147 1674 D SystemServerInitThreadPool: Started executing Update app-ops uidState in case package com.android.cellbroadcastreceiver.module changed
08-16 16:52:12.771 1147 1695 I SystemServerTimingAsync: InitThreadPoolExec:Update app-ops uidState in case package com.qualcomm.qtil.aptxui changed
08-16 16:52:12.771 1147 1693 I SystemServerTimingAsync: InitThreadPoolExec:Update app-ops uidState in case package com.android.providers.media.module changed
08-16 16:52:12.771 1147 1693 D SystemServerInitThreadPool: Started executing Update app-ops uidState in case package com.android.providers.media.module changed
08-16 16:52:12.771 1147 1695 D SystemServerInitThreadPool: Started executing Update app-ops uidState in case package com.qualcomm.qtil.aptxui changed
08-16 16:52:12.771 1147 1660 I SystemServerTimingAsync: InitThreadPoolExec:Update app-ops uidState in case package com.qualcomm.qti.workloadclassifier changed
08-16 16:52:12.771 1147 1660 D SystemServerInitThreadPool: Started executing Update app-ops uidState in case package com.qualcomm.qti.workloadclassifier changed
08-16 16:52:12.771 1147 1230 I SystemServerTimingAsync: InitThreadPoolExec:Update app-ops uidState in case package com.qualcomm.location changed
08-16 16:52:12.772 1147 1230 D SystemServerInitThreadPool: Started executing Update app-ops uidState in case package com.qualcomm.location changed
08-16 16:52:12.772 1147 1650 I SystemServerTimingAsync: InitThreadPoolExec:Update app-ops uidState in case package com.android.systemui changed
08-16 16:52:12.772 1147 1650 D SystemServerInitThreadPool: Started executing Update app-ops uidState in case package com.android.systemui changed
08-16 16:52:12.772 1147 1638 I SystemServerTimingAsync: InitThreadPoolExec:Update app-ops uidState in case package com.qualcomm.qtil.aptxals changed
08-16 16:52:12.772 1147 1650 D SystemServerInitThreadPool: Finished executing Update app-ops uidState in case package com.android.systemui changed
08-16 16:52:12.772 1147 1674 D SystemServerInitThreadPool: Finished executing Update app-ops uidState in case package com.android.cellbroadcastreceiver.module changed
08-16 16:52:12.772 1147 1674 D SystemServerTimingAsync: InitThreadPoolExec:Update app-ops uidState in case package com.android.cellbroadcastreceiver.module changed took to complete: 1ms
08-16 16:52:12.772 1147 1674 I SystemServerTimingAsync: InitThreadPoolExec:Update app-ops uidState in case package com.android.mms changed
08-16 16:52:12.772 1147 1674 D SystemServerInitThreadPool: Started executing Update app-ops uidState in case package com.android.mms changed
08-16 16:52:12.772 1147 1661 I SystemServerTimingAsync: InitThreadPoolExec:Update app-ops uidState in case package com.tencent.mtt changed
08-16 16:52:12.772 1147 1674 D SystemServerInitThreadPool: Finished executing Update app-ops uidState in case package com.android.mms changed
08-16 16:52:12.772 1147 1674 D SystemServerTimingAsync: InitThreadPoolExec:Update app-ops uidState in case package com.android.mms changed took to complete: 0ms
08-16 16:52:12.772 1147 1674 I SystemServerTimingAsync: InitThreadPoolExec:Update app-ops uidState in case package org.codeaurora.dialer changed
08-16 16:52:12.772 1147 1674 D SystemServerInitThreadPool: Started executing Update app-ops uidState in case package org.codeaurora.dialer changed
08-16 16:52:12.772 1147 1661 D SystemServerInitThreadPool: Started executing Update app-ops uidState in case package com.tencent.mtt changed
08-16 16:52:12.774 1147 1650 D SystemServerTimingAsync: InitThreadPoolExec:Update app-ops uidState in case package com.android.systemui changed took to complete: 0ms
08-16 16:52:12.774 1147 1674 D SystemServerInitThreadPool: Finished executing Update app-ops uidState in case package org.codeaurora.dialer changed
08-16 16:52:12.774 1147 1674 D SystemServerTimingAsync: InitThreadPoolExec:Update app-ops uidState in case package org.codeaurora.dialer changed took to complete: 2ms
08-16 16:52:12.774 1147 1660 D SystemServerInitThreadPool: Finished executing Update app-ops uidState in case package com.qualcomm.qti.workloadclassifier changed
08-16 16:52:12.774 1147 1674 I SystemServerTimingAsync: InitThreadPoolExec:Update app-ops uidState in case package com.android.deskclock changed
08-16 16:52:12.774 1147 1230 D SystemServerInitThreadPool: Finished executing Update app-ops uidState in case package com.qualcomm.location changed
08-16 16:52:12.775 1147 1230 D SystemServerTimingAsync: InitThreadPoolExec:Update app-ops uidState in case package com.qualcomm.location changed took to complete: 4ms
08-16 16:52:12.775 1147 1650 I SystemServerTimingAsync: InitThreadPoolExec:Update app-ops uidState in case package com.qti.ltebc changed
08-16 16:52:12.775 1147 1650 D SystemServerInitThreadPool: Started executing Update app-ops uidState in case package com.qti.ltebc changed
08-16 16:52:12.776 1147 1650 D SystemServerInitThreadPool: Finished executing Update app-ops uidState in case package com.qti.ltebc changed
08-16 16:52:12.776 1147 1650 D SystemServerTimingAsync: InitThreadPoolExec:Update app-ops uidState in case package com.qti.ltebc changed took to complete: 0ms
08-16 16:52:12.776 1147 1147 D SystemServerTiming: controllersReady took to complete: 5ms
08-16 16:52:12.776 1147 1695 D SystemServerInitThreadPool: Finished executing Update app-ops uidState in case package com.qualcomm.qtil.aptxui changed
08-16 16:52:12.776 1147 1638 D SystemServerInitThreadPool: Started executing Update app-ops uidState in case package com.qualcomm.qtil.aptxals changed
08-16 16:52:12.776 1147 1695 D SystemServerTimingAsync: InitThreadPoolExec:Update app-ops uidState in case package com.qualcomm.qtil.aptxui changed took to complete: 5ms
08-16 16:52:12.776 1147 1695 I SystemServerTimingAsync: InitThreadPoolExec:Update app-ops uidState in case package com.android.providers.calendar changed
08-16 16:52:12.777 1147 1695 D SystemServerInitThreadPool: Started executing Update app-ops uidState in case package com.android.providers.calendar changed
08-16 16:52:12.777 1147 1693 D SystemServerInitThreadPool: Finished executing Update app-ops uidState in case package com.android.providers.media.module changed
08-16 16:52:12.777 1147 1695 D SystemServerInitThreadPool: Finished executing Update app-ops uidState in case package com.android.providers.calendar changed
08-16 16:52:12.777 1147 1660 D SystemServerTimingAsync: InitThreadPoolExec:Update app-ops uidState in case package com.qualcomm.qti.workloadclassifier changed took to complete: 3ms
08-16 16:52:12.777 1147 1695 D SystemServerTimingAsync: InitThreadPoolExec:Update app-ops uidState in case package com.android.providers.calendar changed took to complete: 1ms
08-16 16:52:12.777 1147 1674 D SystemServerInitThreadPool: Started executing Update app-ops uidState in case package com.android.deskclock changed
08-16 16:52:12.777 1147 1674 D SystemServerInitThreadPool: Finished executing Update app-ops uidState in case package com.android.deskclock changed
08-16 16:52:12.777 1147 1674 D SystemServerTimingAsync: InitThreadPoolExec:Update app-ops uidState in case package com.android.deskclock changed took to complete: 3ms
08-16 16:52:12.777 1147 1674 I SystemServerTimingAsync: InitThreadPoolExec:Update app-ops uidState in case package com.android.shell changed
08-16 16:52:12.777 1147 1674 D SystemServerInitThreadPool: Started executing Update app-ops uidState in case package com.android.shell changed
08-16 16:52:12.777 1147 1674 D SystemServerInitThreadPool: Finished executing Update app-ops uidState in case package com.android.shell changed
08-16 16:52:12.777 1147 1674 D SystemServerTimingAsync: InitThreadPoolExec:Update app-ops uidState in case package com.android.shell changed took to complete: 0ms
08-16 16:52:12.777 1147 1674 I SystemServerTimingAsync: InitThreadPoolExec:Update app-ops uidState in case package com.android.cellbroadcastservice changed
08-16 16:52:12.777 1147 1674 D SystemServerInitThreadPool: Started executing Update app-ops uidState in case package com.android.cellbroadcastservice changed
08-16 16:52:12.777 1147 1674 D SystemServerInitThreadPool: Finished executing Update app-ops uidState in case package com.android.cellbroadcastservice changed
08-16 16:52:12.777 1147 1674 D SystemServerTimingAsync: InitThreadPoolExec:Update app-ops uidState in case package com.android.cellbroadcastservice changed took to complete: 0ms
08-16 16:52:12.777 1147 1674 I SystemServerTimingAsync: InitThreadPoolExec:Update app-ops uidState in case package com.android.nfc changed
08-16 16:52:12.777 1147 1674 D SystemServerInitThreadPool: Started executing Update app-ops uidState in case package com.android.nfc changed
08-16 16:52:12.777 1147 1674 D SystemServerInitThreadPool: Finished executing Update app-ops uidState in case package com.android.nfc changed
08-16 16:52:12.778 1147 1230 I SystemServerTimingAsync: InitThreadPoolExec:Update app-ops uidState in case package com.qualcomm.qti.biometrics.fingerprint.service changed
08-16 16:52:12.778 1147 1638 D SystemServerInitThreadPool: Finished executing Update app-ops uidState in case package com.qualcomm.qtil.aptxals changed
08-16 16:52:12.778 1147 1230 D SystemServerInitThreadPool: Started executing Update app-ops uidState in case package com.qualcomm.qti.biometrics.fingerprint.service changed
08-16 16:52:12.778 1147 1695 I SystemServerTimingAsync: InitThreadPoolExec:Update app-ops uidState in case package com.android.providers.contacts changed
08-16 16:52:12.778 1147 1230 D SystemServerInitThreadPool: Finished executing Update app-ops uidState in case package com.qualcomm.qti.biometrics.fingerprint.service changed
08-16 16:52:12.778 1147 1674 D SystemServerTimingAsync: InitThreadPoolExec:Update app-ops uidState in case package com.android.nfc changed took to complete: 0ms
08-16 16:52:12.778 1147 1661 D SystemServerInitThreadPool: Finished executing Update app-ops uidState in case package com.tencent.mtt changed
08-16 16:52:12.778 1147 1693 D SystemServerTimingAsync: InitThreadPoolExec:Update app-ops uidState in case package com.android.providers.media.module changed took to complete: 6ms
08-16 16:52:12.778 1147 1693 I SystemServerTimingAsync: InitThreadPoolExec:Update app-ops uidState in case package com.android.ons changed
08-16 16:52:12.778 1147 1147 I SystemServerTiming: killProcesses
08-16 16:52:12.778 1147 1695 D SystemServerInitThreadPool: Started executing Update app-ops uidState in case package com.android.providers.contacts changed
08-16 16:52:12.778 1147 1147 D SystemServerTiming: killProcesses took to complete: 0ms
08-16 16:52:12.778 1147 1695 D SystemServerInitThreadPool: Finished executing Update app-ops uidState in case package com.android.providers.contacts changed
08-16 16:52:12.778 1147 1230 D SystemServerTimingAsync: InitThreadPoolExec:Update app-ops uidState in case package com.qualcomm.qti.biometrics.fingerprint.service changed took to complete: 1ms
08-16 16:52:12.778 1147 1674 I SystemServerTimingAsync: InitThreadPoolExec:Update app-ops uidState in case package com.android.bluetooth changed
08-16 16:52:12.778 1147 1230 I SystemServerTimingAsync: InitThreadPoolExec:Update app-ops uidState in case package com.android.phone changed
08-16 16:52:12.779 1147 1230 D SystemServerInitThreadPool: Started executing Update app-ops uidState in case package com.android.phone changed
08-16 16:52:12.779 1147 1693 D SystemServerInitThreadPool: Started executing Update app-ops uidState in case package com.android.ons changed
08-16 16:52:12.779 1147 1230 D SystemServerInitThreadPool: Finished executing Update app-ops uidState in case package com.android.phone changed
08-16 16:52:12.779 1147 1650 I SystemServerTimingAsync: InitThreadPoolExec:Update app-ops uidState in case package com.android.cellbroadcastreceiver changed
08-16 16:52:12.779 1147 1650 D SystemServerInitThreadPool: Started executing Update app-ops uidState in case package com.android.cellbroadcastreceiver changed
08-16 16:52:12.779 1147 1650 D SystemServerInitThreadPool: Finished executing Update app-ops uidState in case package com.android.cellbroadcastreceiver changed
08-16 16:52:12.779 1147 1650 D SystemServerTimingAsync: InitThreadPoolExec:Update app-ops uidState in case package com.android.cellbroadcastreceiver changed took to complete: 0ms
08-16 16:52:12.779 1147 1660 I SystemServerTimingAsync: InitThreadPoolExec:Update app-ops uidState in case package com.android.providers.userdictionary changed
08-16 16:52:12.779 1147 1660 D SystemServerInitThreadPool: Started executing Update app-ops uidState in case package com.android.providers.userdictionary changed
08-16 16:52:12.779 1147 1693 D SystemServerInitThreadPool: Finished executing Update app-ops uidState in case package com.android.ons changed
08-16 16:52:12.779 1147 1693 D SystemServerTimingAsync: InitThreadPoolExec:Update app-ops uidState in case package com.android.ons changed took to complete: 1ms
08-16 16:52:12.779 1147 1674 D SystemServerInitThreadPool: Started executing Update app-ops uidState in case package com.android.bluetooth changed
08-16 16:52:12.780 1147 1695 D SystemServerTimingAsync: InitThreadPoolExec:Update app-ops uidState in case package com.android.providers.contacts changed took to complete: 0ms
08-16 16:52:12.780 1147 1695 I SystemServerTimingAsync: InitThreadPoolExec:Update app-ops uidState in case package com.android.settings changed
08-16 16:52:12.780 1147 1695 D SystemServerInitThreadPool: Started executing Update app-ops uidState in case package com.android.settings changed
08-16 16:52:12.780 1147 1650 I SystemServerTimingAsync: InitThreadPoolExec:Update app-ops uidState in case package android changed
08-16 16:52:12.780 1147 1695 D SystemServerInitThreadPool: Finished executing Update app-ops uidState in case package com.android.settings changed
08-16 16:52:12.780 1147 1695 D SystemServerTimingAsync: InitThreadPoolExec:Update app-ops uidState in case package com.android.settings changed took to complete: 1ms
08-16 16:52:12.780 1147 1230 D SystemServerTimingAsync: InitThreadPoolExec:Update app-ops uidState in case package com.android.phone changed took to complete: 1ms
08-16 16:52:12.780 1147 1693 I SystemServerTimingAsync: InitThreadPoolExec:Update app-ops uidState in case package com.android.server.telecom changed
08-16 16:52:12.780 1147 1693 D SystemServerInitThreadPool: Started executing Update app-ops uidState in case package com.android.server.telecom changed
08-16 16:52:12.780 1147 1147 I ActivityManager: System now ready
08-16 16:52:12.780 1147 1661 D SystemServerTimingAsync: InitThreadPoolExec:Update app-ops uidState in case package com.tencent.mtt changed took to complete: 6ms
08-16 16:52:12.780 1147 1147 I SystemServerTiming: updateTopComponentForFactoryTest
08-16 16:52:12.780 1147 1650 D SystemServerInitThreadPool: Started executing Update app-ops uidState in case package android changed
08-16 16:52:12.780 1147 1638 D SystemServerTimingAsync: InitThreadPoolExec:Update app-ops uidState in case package com.qualcomm.qtil.aptxals changed took to complete: 6ms
08-16 16:52:12.780 1147 1660 D SystemServerInitThreadPool: Finished executing Update app-ops uidState in case package com.android.providers.userdictionary changed
08-16 16:52:12.781 1147 1660 D SystemServerTimingAsync: InitThreadPoolExec:Update app-ops uidState in case package com.android.providers.userdictionary changed took to complete: 1ms
08-16 16:52:12.781 1147 1693 D SystemServerInitThreadPool: Finished executing Update app-ops uidState in case package com.android.server.telecom changed
08-16 16:52:12.781 1147 1147 D SystemServerTiming: updateTopComponentForFactoryTest took to complete: 0ms
08-16 16:52:12.781 1147 1147 I SystemServerTiming: registerActivityLaunchObserver
08-16 16:52:12.781 1147 1674 D SystemServerInitThreadPool: Finished executing Update app-ops uidState in case package com.android.bluetooth changed
08-16 16:52:12.781 1147 1693 D SystemServerTimingAsync: InitThreadPoolExec:Update app-ops uidState in case package com.android.server.telecom changed took to complete: 1ms
08-16 16:52:12.781 1147 1147 D SystemServerTiming: registerActivityLaunchObserver took to complete: 0ms
08-16 16:52:12.781 1147 1147 I SystemServerTiming: watchDeviceProvisioning
08-16 16:52:12.781 1147 1674 D SystemServerTimingAsync: InitThreadPoolExec:Update app-ops uidState in case package com.android.bluetooth changed took to complete: 3ms
08-16 16:52:12.781 1147 1650 D SystemServerInitThreadPool: Finished executing Update app-ops uidState in case package android changed
08-16 16:52:12.781 1147 1650 D SystemServerTimingAsync: InitThreadPoolExec:Update app-ops uidState in case package android changed took to complete: 1ms
08-16 16:52:12.807 1147 1147 D SystemServerTiming: watchDeviceProvisioning took to complete: 26ms
08-16 16:52:12.807 1147 1147 I SystemServerTiming: retrieveSettings
08-16 16:52:12.810 1819 1819 F linker : CANNOT LINK EXECUTABLE "/vendor/bin/hw/qvrservice": library "vendor.qti.hardware.qxr-V1-ndk_platform.so" not found: needed by /vendor/lib64/libqvrservice.so in namespace (default)
08-16 16:52:12.810 1147 1147 I ActivityTaskManager: Config changes=10000100 {1.0 ?mcc?mnc [en_US] ldltr sw680dp w1586dp h608dp 240dpi lrg long land finger -keyb/v/h -nav/h winConfig={ mBounds=Rect(0, 0 - 2380, 1020) mAppBounds=Rect(0, 0 - 2380, 948) mMaxBounds=Rect(0, 0 - 2380, 1020) mWindowingMode=fullscreen mDisplayWindowingMode=fullscreen mActivityType=undefined mAlwaysOnTop=undefined mRotation=ROTATION_0} s.8 fontWeightAdjustment=0}
08-16 16:52:12.811 1147 1147 I WindowManager: Override config changes=10000100 {1.0 ?mcc?mnc [en_US] ldltr sw680dp w1586dp h608dp 240dpi lrg long land finger -keyb/v/h -nav/h winConfig={ mBounds=Rect(0, 0 - 2380, 1020) mAppBounds=Rect(0, 0 - 2380, 948) mMaxBounds=Rect(0, 0 - 2380, 1020) mWindowingMode=fullscreen mDisplayWindowingMode=fullscreen mActivityType=undefined mAlwaysOnTop=undefined mRotation=ROTATION_0} s.8 fontWeightAdjustment=0} for displayId=0
08-16 16:52:12.813 1147 1147 D SystemServerTiming: retrieveSettings took to complete: 6ms
08-16 16:52:12.813 1147 1147 I SystemServerTiming: Ugm.onSystemReady
08-16 16:52:12.814 1147 1147 D SystemServerTiming: Ugm.onSystemReady took to complete: 0ms
08-16 16:52:12.814 1147 1147 I SystemServerTiming: updateForceBackgroundCheck
08-16 16:52:12.814 1147 1147 D SystemServerTiming: updateForceBackgroundCheck took to complete: 0ms
08-16 16:52:12.814 1147 1147 I SystemServer: Making services ready
08-16 16:52:12.814 1147 1147 I SystemServerTiming: StartActivityManagerReadyPhase
08-16 16:52:12.814 1147 1147 I SystemServiceManager: Starting phase 550
08-16 16:52:12.814 1147 1147 I SystemServerTiming: OnBootPhase_550
08-16 16:52:12.814 1147 1147 I SystemServerTiming: OnBootPhase_550_com.android.server.security.FileIntegrityService
08-16 16:52:12.814 1147 1147 D SystemServerTiming: OnBootPhase_550_com.android.server.security.FileIntegrityService took to complete: 0ms
08-16 16:52:12.814 1147 1147 I SystemServerTiming: OnBootPhase_550_com.android.server.pm.Installer
08-16 16:52:12.814 1147 1147 D SystemServerTiming: OnBootPhase_550_com.android.server.pm.Installer took to complete: 0ms
08-16 16:52:12.814 1147 1147 I SystemServerTiming: OnBootPhase_550_com.android.server.os.DeviceIdentifiersPolicyService
08-16 16:52:12.814 1147 1147 D SystemServerTiming: OnBootPhase_550_com.android.server.os.DeviceIdentifiersPolicyService took to complete: 0ms
08-16 16:52:12.814 1147 1147 I SystemServerTiming: OnBootPhase_550_com.android.server.uri.UriGrantsManagerService$Lifecycle
08-16 16:52:12.814 1147 1147 D SystemServerTiming: OnBootPhase_550_com.android.server.uri.UriGrantsManagerService$Lifecycle took to complete: 0ms
08-16 16:52:12.814 1147 1147 I SystemServerTiming: OnBootPhase_550_com.android.server.powerstats.PowerStatsService
08-16 16:52:12.814 1147 1147 D SystemServerTiming: OnBootPhase_550_com.android.server.powerstats.PowerStatsService took to complete: 0ms
08-16 16:52:12.814 1147 1147 I SystemServerTiming: OnBootPhase_550_com.android.server.wm.ActivityTaskManagerService$Lifecycle
08-16 16:52:12.814 1147 1147 D SystemServerTiming: OnBootPhase_550_com.android.server.wm.ActivityTaskManagerService$Lifecycle took to complete: 0ms
08-16 16:52:12.814 1147 1147 I SystemServerTiming: OnBootPhase_550_com.android.server.am.ActivityManagerService$Lifecycle
08-16 16:52:12.815 1147 1147 D SystemServerTiming: OnBootPhase_550_com.android.server.am.ActivityManagerService$Lifecycle took to complete: 1ms
08-16 16:52:12.815 1147 1147 I SystemServerTiming: OnBootPhase_550_com.android.server.pm.DataLoaderManagerService
08-16 16:52:12.815 1147 1147 D SystemServerTiming: OnBootPhase_550_com.android.server.pm.DataLoaderManagerService took to complete: 0ms
08-16 16:52:12.815 1147 1147 I SystemServerTiming: OnBootPhase_550_com.android.server.power.PowerManagerService
08-16 16:52:12.815 1147 1147 D SystemServerTiming: OnBootPhase_550_com.android.server.power.PowerManagerService took to complete: 0ms
08-16 16:52:12.815 1147 1147 I SystemServerTiming: OnBootPhase_550_com.android.server.power.ThermalManagerService
08-16 16:52:12.817 1147 1147 I ThermalHalWrapper: Thermal HAL 2.0 service connected.
08-16 16:52:12.818 1147 1147 E ThermalHalWrapper: Couldn't get temperatures because of HAL error: ThermalHAL not initialized properly.
08-16 16:52:12.818 1147 1147 W ThermalManagerService: Thermal HAL reported invalid data, abort connection
08-16 16:52:12.818 1147 1147 E ThermalHalWrapper: Couldn't get temperature thresholds because of HAL error: ThermalHAL not initialized properly.
08-16 16:52:12.818 1147 1147 D SystemServerTiming: OnBootPhase_550_com.android.server.power.ThermalManagerService took to complete: 3ms
08-16 16:52:12.818 1147 1147 I SystemServerTiming: OnBootPhase_550_com.android.server.power.hint.HintManagerService
08-16 16:52:12.818 1147 1147 D SystemServerTiming: OnBootPhase_550_com.android.server.power.hint.HintManagerService took to complete: 0ms
08-16 16:52:12.818 1147 1147 I SystemServerTiming: OnBootPhase_550_com.android.server.recoverysystem.RecoverySystemService$Lifecycle
08-16 16:52:12.818 1147 1147 D SystemServerTiming: OnBootPhase_550_com.android.server.recoverysystem.RecoverySystemService$Lifecycle took to complete: 0ms
08-16 16:52:12.818 1147 1147 I SystemServerTiming: OnBootPhase_550_com.android.server.lights.LightsService
08-16 16:52:12.818 1147 1147 D SystemServerTiming: OnBootPhase_550_com.android.server.lights.LightsService took to complete: 0ms
08-16 16:52:12.818 1147 1147 I SystemServerTiming: OnBootPhase_550_com.android.server.display.DisplayManagerService
08-16 16:52:12.818 1147 1147 D SystemServerTiming: OnBootPhase_550_com.android.server.display.DisplayManagerService took to complete: 0ms
08-16 16:52:12.819 1147 1147 I SystemServerTiming: OnBootPhase_550_com.android.server.pm.verify.domain.DomainVerificationService
08-16 16:52:12.819 1147 1147 D SystemServerTiming: OnBootPhase_550_com.android.server.pm.verify.domain.DomainVerificationService took to complete: 0ms
08-16 16:52:12.819 1147 1147 I SystemServerTiming: OnBootPhase_550_com.android.server.pm.PackageInstallerService$Lifecycle
08-16 16:52:12.819 1147 1147 D SystemServerTiming: OnBootPhase_550_com.android.server.pm.PackageInstallerService$Lifecycle took to complete: 0ms
08-16 16:52:12.819 1147 1147 I SystemServerTiming: OnBootPhase_550_com.android.server.pm.UserManagerService$LifeCycle
08-16 16:52:12.819 1147 1147 D SystemServerTiming: OnBootPhase_550_com.android.server.pm.UserManagerService$LifeCycle took to complete: 0ms
08-16 16:52:12.819 1147 1147 I SystemServerTiming: OnBootPhase_550_com.android.server.om.OverlayManagerService
08-16 16:52:12.819 1147 1147 D SystemServerTiming: OnBootPhase_550_com.android.server.om.OverlayManagerService took to complete: 0ms
08-16 16:52:12.819 1147 1147 I SystemServerTiming: OnBootPhase_550_com.android.server.SensorPrivacyService
08-16 16:52:12.819 1147 1147 D SystemServerTiming: OnBootPhase_550_com.android.server.SensorPrivacyService took to complete: 0ms
08-16 16:52:12.819 1147 1147 I SystemServerTiming: OnBootPhase_550_com.android.server.sensors.SensorService
08-16 16:52:12.819 1147 1147 D SystemServerTiming: OnBootPhase_550_com.android.server.sensors.SensorService took to complete: 0ms
08-16 16:52:12.819 1147 1147 I SystemServerTiming: OnBootPhase_550_com.android.server.SystemConfigService
08-16 16:52:12.819 1147 1147 D SystemServerTiming: OnBootPhase_550_com.android.server.SystemConfigService took to complete: 0ms
08-16 16:52:12.819 1147 1147 I SystemServerTiming: OnBootPhase_550_com.android.server.BatteryService
08-16 16:52:12.819 1147 1147 D SystemServerTiming: OnBootPhase_550_com.android.server.BatteryService took to complete: 0ms
08-16 16:52:12.819 1147 1147 I SystemServerTiming: OnBootPhase_550_com.android.server.usage.UsageStatsService
08-16 16:52:12.819 1147 1147 D SystemServerTiming: OnBootPhase_550_com.android.server.usage.UsageStatsService took to complete: 0ms
08-16 16:52:12.820 1147 1147 I SystemServerTiming: OnBootPhase_550_com.android.server.webkit.WebViewUpdateService
08-16 16:52:12.820 1147 1147 D SystemServerTiming: OnBootPhase_550_com.android.server.webkit.WebViewUpdateService took to complete: 0ms
08-16 16:52:12.820 1147 1147 I SystemServerTiming: OnBootPhase_550_com.android.server.CachedDeviceStateService
08-16 16:52:12.820 1147 1147 D SystemServerTiming: OnBootPhase_550_com.android.server.CachedDeviceStateService took to complete: 0ms
08-16 16:52:12.820 1147 1147 I SystemServerTiming: OnBootPhase_550_com.android.server.BinderCallsStatsService$LifeCycle
08-16 16:52:12.820 1147 1147 D SystemServerTiming: OnBootPhase_550_com.android.server.BinderCallsStatsService$LifeCycle took to complete: 0ms
08-16 16:52:12.820 1147 1147 I SystemServerTiming: OnBootPhase_550_com.android.server.LooperStatsService$Lifecycle
08-16 16:52:12.820 1147 1147 D SystemServerTiming: OnBootPhase_550_com.android.server.LooperStatsService$Lifecycle took to complete: 0ms
08-16 16:52:12.820 1147 1147 I SystemServerTiming: OnBootPhase_550_com.android.server.rollback.RollbackManagerService
08-16 16:52:12.820 1147 1147 D SystemServerTiming: OnBootPhase_550_com.android.server.rollback.RollbackManagerService took to complete: 0ms
08-16 16:52:12.820 1147 1147 I SystemServerTiming: OnBootPhase_550_com.android.server.os.NativeTombstoneManagerService
08-16 16:52:12.820 1147 1147 D SystemServerTiming: OnBootPhase_550_com.android.server.os.NativeTombstoneManagerService took to complete: 0ms
08-16 16:52:12.820 1147 1147 I SystemServerTiming: OnBootPhase_550_com.android.server.os.BugreportManagerService
08-16 16:52:12.820 1147 1147 D SystemServerTiming: OnBootPhase_550_com.android.server.os.BugreportManagerService took to complete: 0ms
08-16 16:52:12.820 1147 1147 I SystemServerTiming: OnBootPhase_550_com.android.server.gpu.GpuService
08-16 16:52:12.820 1147 1147 D SystemServerTiming: OnBootPhase_550_com.android.server.gpu.GpuService took to complete: 0ms
08-16 16:52:12.820 1147 1147 I SystemServerTiming: OnBootPhase_550_com.android.server.security.KeyChainSystemService
08-16 16:52:12.820 1147 1147 D SystemServerTiming: OnBootPhase_550_com.android.server.security.KeyChainSystemService took to complete: 0ms
08-16 16:52:12.820 1147 1147 I SystemServerTiming: OnBootPhase_550_com.android.server.telecom.TelecomLoaderService
08-16 16:52:12.828 1147 1147 W ActivityManager: Too early to start/bind service in system_server: Phase=550 ComponentInfo{com.android.server.telecom/com.android.server.telecom.components.TelecomService}
08-16 16:52:12.831 1147 1147 W ActivityManager: Too early to start/bind service in system_server: Phase=550 ComponentInfo{com.android.server.telecom/com.android.server.telecom.components.TelecomService}
08-16 16:52:12.831 1147 1147 D SystemServerTiming: OnBootPhase_550_com.android.server.telecom.TelecomLoaderService took to complete: 11ms
08-16 16:52:12.831 1147 1147 I SystemServerTiming: OnBootPhase_550_com.android.server.accounts.AccountManagerService$Lifecycle
08-16 16:52:12.831 1147 1147 D SystemServerTiming: OnBootPhase_550_com.android.server.accounts.AccountManagerService$Lifecycle took to complete: 0ms
08-16 16:52:12.832 1147 1147 I SystemServerTiming: OnBootPhase_550_com.android.server.content.ContentService$Lifecycle
08-16 16:52:12.834 1147 1147 I SyncManager: No initial accounts
