08-16 16:54:00.620 3235 3449 V WUP_REQUEST: requestID:2 | eventName:wup_request_connect_server_end | serverName:trpc.mtt.ipinfo.Ipinfo//trpc.mtt.ipinfo.Ipinfo/GetIPListByRouter |funcName:null | retryTimes:-1 | originalUrl:null | realUrl:null | otherMsg:null | timeStamp:162761
08-16 16:54:00.620 3235 3449 V WUP_REQUEST: requestID:2 | eventName:wup_request_send_stream_start | serverName:trpc.mtt.ipinfo.Ipinfo//trpc.mtt.ipinfo.Ipinfo/GetIPListByRouter |funcName:null | retryTimes:-1 | originalUrl:null | realUrl:null | otherMsg:null | timeStamp:162761
08-16 16:54:00.621 3235 3449 V WUP_REQUEST: requestID:2 | eventName:wup_request_send_stream_end | serverName:trpc.mtt.ipinfo.Ipinfo//trpc.mtt.ipinfo.Ipinfo/GetIPListByRouter |funcName:null | retryTimes:-1 | originalUrl:null | realUrl:null | otherMsg:null | timeStamp:162762
08-16 16:54:00.626 681 4744 D resolv : GetAddrInfoHandler::run: {102 262246 102 983142 10157 0}
08-16 16:54:00.626 681 4744 D resolv : resolv_getaddrinfo: explore_fqdn(): ai_family=0 ai_socktype=1 ai_protocol=6
08-16 16:54:00.631 681 4745 D resolv : doQuery: (1, 1)
08-16 16:54:00.631 681 4745 D resolv : res_nmkquery: (QUERY, IN, A)
08-16 16:54:00.631 681 4745 D resolv : res_nsend
08-16 16:54:00.631 681 4745 I resolv : resolv_cache_lookup: lookup
08-16 16:54:00.631 681 4745 I resolv : resolv_cache_lookup: NOT IN CACHE
08-16 16:54:00.631 681 4745 I resolv : resolv_populate_res_for_net: netid=102
08-16 16:54:00.632 681 4745 I resolv : res_stats_usable_server: NS stats: S 0 + E 0 + T 7 + I 0 = 7, rtt = -1, min_samples = 8
08-16 16:54:00.632 681 4745 D resolv : res_nsend: Querying server (# 1) address = 192.168.1.1:53
08-16 16:54:00.633 681 4745 D resolv : send_dg: new DG socket
08-16 16:54:00.634 681 4745 I resolv : get_timeout: using timeout of 5000 msec
08-16 16:54:00.634 681 4745 I resolv : retrying_poll: 64 retrying_poll
08-16 16:54:01.112 1147 1994 D CompatibilityInfo: mCompatibilityFlags - 4
08-16 16:54:01.112 1147 1994 D CompatibilityInfo: applicationDensity - 240
08-16 16:54:01.113 1147 1994 D CompatibilityInfo: applicationScale - 1.0
08-16 16:54:01.115 2204 2204 I QImsService: QtiImsExtService : QtiImsExtService created!
08-16 16:54:01.115 2204 2204 E QImsService: QtiImsExtService : QtiImsExtService, ImsService is not yet started retry.
08-16 16:54:01.116 2204 2204 E QImsService: QtiImsExtService : QtiImsExtService, ImsService is not yet started retry.
08-16 16:54:01.116 2204 2204 W QImsService: QtiImsExtService : onBind returned null
08-16 16:54:01.117 2335 2335 D QtiImsExtConnector: Attempt to bind QtiImsExt service returned with: true
08-16 16:54:01.117 2335 2335 D QtiImsExtConnector: onNullBinding componentName ComponentInfo{org.codeaurora.ims/org.codeaurora.ims.QtiImsExtService}
08-16 16:54:01.437 1147 1703 D WifiClientModeImpl[wlan0]: NETWORK_STATUS_UNWANTED_DISABLE_AUTOJOIN
08-16 16:54:01.451 1147 1717 D NetworkNotificationManager: showNotification tag=ConnectivityNotification:102 event=NO_INTERNET transport=Wi-Fi name=TP-LINK_9319 highPriority=true
01-01 04:43:03.730 0 0 D : mv2112_read_status
01-01 04:43:03.730 0 0 D mv2112_update_link: 3.0x901(1G): 0x4
01-01 04:43:03.730 0 0 D mv2112_update_link: 3.0x8109(100M): 0x8
01-01 04:43:03.730 0 0 D mv2112_update_link: link 0x4
01-01 04:43:03.730 0 0 D mv2112_read_status: autoneg is disabled
01-01 04:43:03.810 0 0 I perf : interrupt took too long (4030 > 4011), lowering kernel.perf_event_max_sample_rate to 49500
08-16 16:54:01.626 1147 1690 D CompatibilityInfo: mCompatibilityFlags - 4
08-16 16:54:01.627 1147 1690 D CompatibilityInfo: applicationDensity - 240
08-16 16:54:01.627 1147 1690 D CompatibilityInfo: applicationScale - 1.0
08-16 16:54:01.630 2204 2204 I QImsService: QtiImsExtService : QtiImsExtService created!
08-16 16:54:01.630 2204 2204 E QImsService: QtiImsExtService : QtiImsExtService, ImsService is not yet started retry.
08-16 16:54:01.631 2335 2335 D QtiImsExtConnector: Attempt to bind QtiImsExt service returned with: true
08-16 16:54:01.631 2204 2204 E QImsService: QtiImsExtService : QtiImsExtService, ImsService is not yet started retry.
08-16 16:54:01.631 2204 2204 W QImsService: QtiImsExtService : onBind returned null
08-16 16:54:01.633 2335 2335 D QtiImsExtConnector: onNullBinding componentName ComponentInfo{org.codeaurora.ims/org.codeaurora.ims.QtiImsExtService}
08-16 16:54:01.673 1147 1147 W NotificationHistory: Attempted to add notif for locked/gone/disabled user 0
08-16 16:54:01.688 1833 2625 D Avrcp_ext: AudioManager Player: AudioPlaybackConfiguration piid:375 deviceId:0 type:android.media.SoundPool u/pid:1000/1147 state:idle attr:AudioAttributes: usage=USAGE_ASSISTANCE_SONIFICATION content=CONTENT_TYPE_SONIFICATION flags=0x800 tags= bundle=null sessionId:0
08-16 16:54:01.688 1833 2625 D Avrcp_ext: AudioManager Player: AudioPlaybackConfiguration piid:383 deviceId:0 type:android.media.SoundPool u/pid:10124/1836 state:idle attr:AudioAttributes: usage=USAGE_ASSISTANCE_SONIFICATION content=CONTENT_TYPE_SONIFICATION flags=0x800 tags= bundle=null sessionId:0
08-16 16:54:01.689 1833 2625 D Avrcp_ext: AudioManager Player: AudioPlaybackConfiguration piid:399 deviceId:0 type:android.media.MediaPlayer u/pid:10124/1836 state:idle attr:AudioAttributes: usage=USAGE_NOTIFICATION content=CONTENT_TYPE_SONIFICATION flags=0x800 tags= bundle=null sessionId:0
08-16 16:54:01.689 1833 2625 D Avrcp_ext: AudioManager isPlaying: false, mAudioPlaybackIsActive = false
08-16 16:54:01.689 1833 2625 D Avrcp_ext: AudioManager Reset Active Player
08-16 16:54:01.699 1836 1836 D InterruptionStateProvider: No bubble up: not allowed to bubble: -1|android|741|ConnectivityNotification:102|1000
08-16 16:54:01.702 1836 1836 W NotifBindPipeline: Row is not set so pipeline will not run. notif = -1|android|741|ConnectivityNotification:102|1000
08-16 16:54:01.702 1836 2119 D PeopleSpaceWidgetMgr: Sbn doesn't contain valid PeopleTileKey: null/-1/android
08-16 16:54:01.706 2892 2923 W MediaProvider: Failed to fetch original file descriptor
08-16 16:54:01.706 2892 2923 W MediaProvider: java.io.IOException: stat failed: EACCES (Permission denied)
08-16 16:54:01.706 2892 2923 W MediaProvider: at com.android.providers.media.MediaProvider.getFileFromFileDescriptor(MediaProvider.java:5794)
08-16 16:54:01.706 2892 2923 W MediaProvider: at com.android.providers.media.MediaProvider.getOriginalMediaFormatFileDescriptor(MediaProvider.java:5711)
08-16 16:54:01.706 2892 2923 W MediaProvider: at com.android.providers.media.MediaProvider.openTypedAssetFileCommon(MediaProvider.java:7134)
08-16 16:54:01.706 2892 2923 W MediaProvider: at com.android.providers.media.MediaProvider.openTypedAssetFile(MediaProvider.java:7115)
08-16 16:54:01.706 2892 2923 W MediaProvider: at android.content.ContentProvider$Transport.openTypedAssetFile(ContentProvider.java:548)
08-16 16:54:01.706 2892 2923 W MediaProvider: at android.content.ContentProviderNative.onTransact(ContentProviderNative.java:327)
08-16 16:54:01.706 2892 2923 W MediaProvider: at android.os.Binder.execTransactInternal(Binder.java:1184)
08-16 16:54:01.706 2892 2923 W MediaProvider: at android.os.Binder.execTransact(Binder.java:1143)
08-16 16:54:01.706 2892 2923 W MediaProvider: Caused by: android.system.ErrnoException: stat failed: EACCES (Permission denied)
08-16 16:54:01.706 2892 2923 W MediaProvider: at libcore.io.Linux.stat(Native Method)
08-16 16:54:01.706 2892 2923 W MediaProvider: at libcore.io.ForwardingOs.stat(ForwardingOs.java:853)
08-16 16:54:01.706 2892 2923 W MediaProvider: at libcore.io.BlockGuardOs.stat(BlockGuardOs.java:420)
08-16 16:54:01.706 2892 2923 W MediaProvider: at libcore.io.ForwardingOs.stat(ForwardingOs.java:853)
08-16 16:54:01.706 2892 2923 W MediaProvider: at android.app.ActivityThread$AndroidOs.stat(ActivityThread.java:7780)
08-16 16:54:01.706 2892 2923 W MediaProvider: at android.system.Os.stat(Os.java:919)
08-16 16:54:01.706 2892 2923 W MediaProvider: at com.android.providers.media.MediaProvider.getFileFromFileDescriptor(MediaProvider.java:5788)
08-16 16:54:01.706 2892 2923 W MediaProvider: ... 7 more
08-16 16:54:01.709 1836 1836 D InterruptionStateProvider: No bubble up: not allowed to bubble: -1|android|741|ConnectivityNotification:102|1000
08-16 16:54:01.709 1836 1836 D InterruptionStateProvider: No bubble up: not allowed to bubble: -1|android|26|null|1000
08-16 16:54:01.709 1836 1836 D InterruptionStateProvider: No bubble up: not allowed to bubble: -1|android|55|null|1000
08-16 16:54:01.709 1836 1836 D InterruptionStateProvider: No bubble up: not allowed to bubble: -1|android|32|null|1000
08-16 16:54:01.709 1297 1354 D NuPlayerDriver: NuPlayerDriver(0xe9600dd0) created, clientPid(1836)
08-16 16:54:01.739 1297 1354 I ExtendedNuUtils: printFileName fd(8) -> /data/system_de/0/ringtones/notification_sound_cache
08-16 16:54:01.754 1297 4750 D GenericSource: FileSource remote
08-16 16:54:01.762 1282 2788 I MMParserExtractor: Created(0xb40000734419ebd0)
08-16 16:54:01.763 1282 2788 E MM_OSAL : FileSource::FileSource
08-16 16:54:01.763 1282 2788 E MM_OSAL : FileSource::FileSource m_bEveryThingOK 1
08-16 16:54:01.770 1282 2807 D MediaBufferGroup: creating MemoryDealer
08-16 16:54:01.774 1836 1836 D StatusBar: disable disable2
08-16 16:54:01.777 1836 1836 W TouchableRegionManager: onHeadsUpPinnedModeChanged
08-16 16:54:01.785 1147 1990 I MediaFocusControl: requestAudioFocus() from uid/pid 10124/1836 AA=USAGE_NOTIFICATION/CONTENT_TYPE_SONIFICATION clientId=android.media.AudioManager@513056c callingPack=com.android.systemui req=3 flags=0x0 sdk=31
08-16 16:54:01.788 1147 1990 I AudioService.FadeOutManager: unfadeOutUid() uid:10124
08-16 16:54:01.961 1836 1836 D InterruptionStateProvider: No alerting: suppressed due to group alert behavior
08-16 16:54:01.962 1836 1836 D InterruptionStateProvider: No alerting: suppressed due to group alert behavior
08-16 16:54:01.962 1836 2119 D PeopleSpaceWidgetMgr: Sbn doesn't contain valid PeopleTileKey: null/-1/android
08-16 16:54:02.141 1147 1690 D CompatibilityInfo: mCompatibilityFlags - 4
08-16 16:54:02.141 1147 1690 D CompatibilityInfo: applicationDensity - 240
08-16 16:54:02.141 1147 1690 D CompatibilityInfo: applicationScale - 1.0
08-16 16:54:02.144 2335 2335 D QtiImsExtConnector: Attempt to bind QtiImsExt service returned with: true
08-16 16:54:02.144 2204 2204 I QImsService: QtiImsExtService : QtiImsExtService created!
08-16 16:54:02.144 2204 2204 E QImsService: QtiImsExtService : QtiImsExtService, ImsService is not yet started retry.
08-16 16:54:02.145 2204 2204 E QImsService: QtiImsExtService : QtiImsExtService, ImsService is not yet started retry.
08-16 16:54:02.145 2204 2204 W QImsService: QtiImsExtService : onBind returned null
08-16 16:54:02.147 2335 2335 D QtiImsExtConnector: onNullBinding componentName ComponentInfo{org.codeaurora.ims/org.codeaurora.ims.QtiImsExtService}
08-16 16:54:02.198 591 4644 I keystore2: keystore2::watchdog: Watchdog thread idle -> terminating. Have a great day.
08-16 16:54:02.294 1836 1836 D MediaRouter: onRestoreRoute() : route=RouteInfo{ name=Tablet, description=null, status=null, category=RouteCategory{ name=System types=ROUTE_TYPE_LIVE_AUDIO ROUTE_TYPE_LIVE_VIDEO groupable=false }, supportedTypes=ROUTE_TYPE_LIVE_AUDIO ROUTE_TYPE_LIVE_VIDEO , presentationDisplay=null }
08-16 16:54:02.294 1836 1836 V MediaRouter: Selecting route: RouteInfo{ name=Tablet, description=null, status=null, category=RouteCategory{ name=System types=ROUTE_TYPE_LIVE_AUDIO ROUTE_TYPE_LIVE_VIDEO groupable=false }, supportedTypes=ROUTE_TYPE_LIVE_AUDIO ROUTE_TYPE_LIVE_VIDEO , presentationDisplay=null }
08-16 16:54:02.294 1297 4749 I GenericSource: start
08-16 16:54:02.297 1297 4749 W Utils : track of type 'audio/vorbis' does not publish channel mask, channel count 1
08-16 16:54:02.298 1833 2625 D Avrcp_ext: AudioManager Player: AudioPlaybackConfiguration piid:375 deviceId:0 type:android.media.SoundPool u/pid:1000/1147 state:idle attr:AudioAttributes: usage=USAGE_ASSISTANCE_SONIFICATION content=CONTENT_TYPE_SONIFICATION flags=0x800 tags= bundle=null sessionId:0
08-16 16:54:02.298 1833 2625 D Avrcp_ext: AudioManager Player: AudioPlaybackConfiguration piid:383 deviceId:0 type:android.media.SoundPool u/pid:10124/1836 state:idle attr:AudioAttributes: usage=USAGE_ASSISTANCE_SONIFICATION content=CONTENT_TYPE_SONIFICATION flags=0x800 tags= bundle=null sessionId:0
08-16 16:54:02.298 1833 2625 D Avrcp_ext: AudioManager Player: AudioPlaybackConfiguration piid:399 deviceId:0 type:android.media.MediaPlayer u/pid:10124/1836 state:started attr:AudioAttributes: usage=USAGE_NOTIFICATION content=CONTENT_TYPE_SONIFICATION flags=0x800 tags= bundle=null sessionId:0
08-16 16:54:02.301 1833 2625 D Avrcp_ext: AudioManager Player in started state: com.android.systemui
08-16 16:54:02.302 1833 2625 D Avrcp_ext: AudioManager Active Player: com.android.systemui
08-16 16:54:02.302 1833 2625 D Avrcp_ext: AudioManager isPlaying: true, mAudioPlaybackIsActive = false
08-16 16:54:02.304 1833 2625 V Avrcp_ext: updateCurrentMediaState: mMediaController: null
08-16 16:54:02.304 1297 4749 W Utils : track of type 'audio/vorbis' does not publish channel mask, channel count 1
08-16 16:54:02.304 1833 2625 W Avrcp_ext: isMusicActive: false getBluetoothPlayState: 2 A2dp State: 11 mAudioPlaybackIsActive: true
08-16 16:54:02.305 1833 2625 W Avrcp_ext: updateCurrentMediaState: isPlaying = false
08-16 16:54:02.305 1833 2625 V Avrcp_ext: Media update: id -1âž¡-1? [MediaAttributes: none] : [MediaAttributes: none]
08-16 16:54:02.305 1833 2625 D Avrcp_ext: isPackageNameValid: browsedPackage = isValid = false
08-16 16:54:02.305 1833 2625 V Avrcp_ext: updatePlaybackState, state: PlaybackState {state=2, position=-1, buffered position=0, speed=0.0, updated=164446, actions=0, custom actions=[], active item id=-1, error=null} device: null
08-16 16:54:02.305 1833 2625 V Avrcp_ext: Device: no name:
08-16 16:54:02.305 1833 2625 V Avrcp_ext: Device: no name:
08-16 16:54:02.305 1833 2625 V Avrcp_ext: Device: no name:
08-16 16:54:02.305 1833 2625 V Avrcp_ext: Device: no name:
08-16 16:54:02.305 1833 2625 V Avrcp_ext: Device: no name:
08-16 16:54:02.306 1833 2625 V Avrcp_ext: updatePlayerStateAndPosition, old=PlaybackState {state=2, position=-1, buffered position=0, speed=0.0, updated=121818, actions=0, custom actions=[], active item id=-1, error=null}, state=PlaybackState {state=2, position=-1, buffered position=0, speed=0.0, updated=164446, actions=0, custom actions=[], active item id=-1, error=null}
08-16 16:54:02.306 1833 2625 V Avrcp_ext: old state = PlaybackState {state=2, position=-1, buffered position=0, speed=0.0, updated=121818, actions=0, custom actions=[], active item id=-1, error=null}, new state= PlaybackState {state=2, position=-1, buffered position=0, speed=0.0, updated=164446, actions=0, custom actions=[], active item id=-1, error=null}
08-16 16:54:02.306 1833 2625 D HeadsetService: getHeadsetService(): returning com.android.bluetooth.hfp.HeadsetService@517f5a0
08-16 16:54:02.306 1833 2625 D HeadsetService: isAudioOn: The number of audio connected devices 0
08-16 16:54:02.306 1833 2625 D HeadsetService: isScoOrCallActive(): Call Active:falseCall is Ringing:falseSCO is Active:false
08-16 16:54:02.306 1833 2625 D HeadsetService: isAudioOn: The number of audio connected devices 0
08-16 16:54:02.306 1833 2625 I Avrcp_ext: updatePlayStatusForDevice: device: null
08-16 16:54:02.306 1833 2625 V Avrcp_ext: updatePlaybackState (1): old=PlaybackState {state=2, position=-1, buffered position=0, speed=0.0, updated=121818, actions=0, custom actions=[], active item id=-1, error=null}(2), new=PlaybackState {state=2, position=-1, buffered position=0, speed=0.0, updated=164446, actions=0, custom actions=[], active item id=-1, error=null}(2)
08-16 16:54:02.306 1833 2625 I Avrcp_ext: Exit updatePlayStatusForDevice
08-16 16:54:02.306 1833 2625 D HeadsetService: isAudioOn: The number of audio connected devices 0
08-16 16:54:02.306 1833 2625 D HeadsetService: isScoOrCallActive(): Call Active:falseCall is Ringing:falseSCO is Active:false
08-16 16:54:02.307 1833 2625 D HeadsetService: isAudioOn: The number of audio connected devices 0
08-16 16:54:02.307 1833 2625 I Avrcp_ext: updatePlayStatusForDevice: device: null
08-16 16:54:02.308 1833 2625 V Avrcp_ext: updatePlaybackState (1): old=PlaybackState {state=2, position=-1, buffered position=0, speed=0.0, updated=121818, actions=0, custom actions=[], active item id=-1, error=null}(2), new=PlaybackState {state=2, position=-1, buffered position=0, speed=0.0, updated=164446, actions=0, custom actions=[], active item id=-1, error=null}(2)
08-16 16:54:02.308 1833 2625 I Avrcp_ext: Exit updatePlayStatusForDevice
08-16 16:54:02.308 1833 2625 D HeadsetService: isAudioOn: The number of audio connected devices 0
08-16 16:54:02.308 1833 2625 D HeadsetService: isScoOrCallActive(): Call Active:falseCall is Ringing:falseSCO is Active:false
08-16 16:54:02.309 1833 2625 D HeadsetService: isAudioOn: The number of audio connected devices 0
08-16 16:54:02.309 1833 2625 I Avrcp_ext: updatePlayStatusForDevice: device: null
08-16 16:54:02.309 1833 2625 V Avrcp_ext: updatePlaybackState (1): old=PlaybackState {state=2, position=-1, buffered position=0, speed=0.0, updated=121818, actions=0, custom actions=[], active item id=-1, error=null}(2), new=PlaybackState {state=2, position=-1, buffered position=0, speed=0.0, updated=164446, actions=0, custom actions=[], active item id=-1, error=null}(2)
08-16 16:54:02.309 1833 2625 I Avrcp_ext: Exit updatePlayStatusForDevice
08-16 16:54:02.309 1833 2625 D HeadsetService: isAudioOn: The number of audio connected devices 0
08-16 16:54:02.309 1833 2625 D HeadsetService: isScoOrCallActive(): Call Active:falseCall is Ringing:falseSCO is Active:false
08-16 16:54:02.309 1833 2625 D HeadsetService: isAudioOn: The number of audio connected devices 0
08-16 16:54:02.309 1833 2625 I Avrcp_ext: updatePlayStatusForDevice: device: null
08-16 16:54:02.309 1833 2625 V Avrcp_ext: updatePlaybackState (1): old=PlaybackState {state=2, position=-1, buffered position=0, speed=0.0, updated=121818, actions=0, custom actions=[], active item id=-1, error=null}(2), new=PlaybackState {state=2, position=-1, buffered position=0, speed=0.0, updated=164446, actions=0, custom actions=[], active item id=-1, error=null}(2)
08-16 16:54:02.309 1833 2625 I Avrcp_ext: Exit updatePlayStatusForDevice
08-16 16:54:02.309 1833 2625 D HeadsetService: isAudioOn: The number of audio connected devices 0
08-16 16:54:02.309 1833 2625 D HeadsetService: isScoOrCallActive(): Call Active:falseCall is Ringing:falseSCO is Active:false
08-16 16:54:02.310 1833 2625 D HeadsetService: isAudioOn: The number of audio connected devices 0
08-16 16:54:02.310 1833 2625 I Avrcp_ext: updatePlayStatusForDevice: device: null
08-16 16:54:02.310 1833 2625 V Avrcp_ext: updatePlaybackState (1): old=PlaybackState {state=2, position=-1, buffered position=0, speed=0.0, updated=121818, actions=0, custom actions=[], active item id=-1, error=null}(2), new=PlaybackState {state=2, position=-1, buffered position=0, speed=0.0, updated=164446, actions=0, custom actions=[], active item id=-1, error=null}(2)
08-16 16:54:02.310 1833 2625 I Avrcp_ext: Exit updatePlayStatusForDevice
08-16 16:54:02.310 1833 2625 D Avrcp_ext: Enter sendPlayPosNotificationRsp
08-16 16:54:02.310 1833 2625 D Avrcp_ext: sendPlayPosNotificationRsp: Not registered or requesting.
08-16 16:54:02.310 1833 2625 D Avrcp_ext: Enter sendPlayPosNotificationRsp
08-16 16:54:02.310 1833 2625 D Avrcp_ext: sendPlayPosNotificationRsp: Not registered or requesting.
08-16 16:54:02.310 1833 2625 D Avrcp_ext: Enter sendPlayPosNotificationRsp
08-16 16:54:02.310 1833 2625 D Avrcp_ext: sendPlayPosNotificationRsp: Not registered or requesting.
08-16 16:54:02.310 1833 2625 D Avrcp_ext: Enter sendPlayPosNotificationRsp
08-16 16:54:02.310 1833 2625 D Avrcp_ext: sendPlayPosNotificationRsp: Not registered or requesting.
08-16 16:54:02.310 1833 2625 D Avrcp_ext: Enter sendPlayPosNotificationRsp
08-16 16:54:02.310 1833 2625 D Avrcp_ext: sendPlayPosNotificationRsp: Not registered or requesting.
08-16 16:54:02.310 1833 2625 V Avrcp_ext: Exit updatePlayerStateAndPosition
08-16 16:54:02.313 825 843 D audio_hw_primary: adev_get_parameters:is_hw_dec_session_available
08-16 16:54:02.313 825 843 D audio_hw_spkr_prot: fbsp_get_parameters: Speaker protection disabled
08-16 16:54:02.313 825 843 D soundtrigger: audio_extn_sound_trigger_get_parameters input string
08-16 16:54:02.313 825 843 D soundtrigger: extract_sm_handle input string param string
08-16 16:54:02.313 825 843 D audio_hw_extn: audio_extn_fm_get_parameters: Enter
08-16 16:54:02.313 825 843 D audio_hw_extn: audio_extn_get_parameters: returns
08-16 16:54:02.313 825 843 D audio_hw_primary: adev_get_parameters: exit: returns -
08-16 16:54:02.314 1019 1769 I hash_map_utils: system/bt/osi/src/hash_map_utils.cc:81 hash_map_utils_dump_string_keys_string_values: key: 'is_hw_dec_session_available' value: 'audio/vorbis'
08-16 16:54:02.319 1297 4755 D CCodec : allocate(c2.android.vorbis.decoder)
08-16 16:54:02.326 1297 4755 I CCodec : setting up 'default' as default (vendor) store
08-16 16:54:02.327 1394 2805 V C2Store : in init
08-16 16:54:02.328 1394 2805 V C2Store : loading dll
08-16 16:54:02.334 1297 4755 I CCodec : Created component [c2.android.vorbis.decoder]
08-16 16:54:02.335 1297 4755 D CCodecConfig: read media type: audio/vorbis
08-16 16:54:02.346 1297 4755 D ReflectedParamUpdater: extent() != 1 for single value type: algo.buffers.max-count.values
08-16 16:54:02.347 1297 4755 D ReflectedParamUpdater: extent() != 1 for single value type: output.subscribed-indices.values
08-16 16:54:02.348 1297 4755 D ReflectedParamUpdater: extent() != 1 for single value type: input.buffers.allocator-ids.values
08-16 16:54:02.349 1297 4755 D ReflectedParamUpdater: extent() != 1 for single value type: output.buffers.allocator-ids.values
08-16 16:54:02.350 1297 4755 D ReflectedParamUpdater: extent() != 1 for single value type: algo.buffers.allocator-ids.values
08-16 16:54:02.350 1297 4755 D ReflectedParamUpdater: extent() != 1 for single value type: output.buffers.pool-ids.values
08-16 16:54:02.351 1297 4755 D ReflectedParamUpdater: extent() != 1 for single value type: algo.buffers.pool-ids.values
08-16 16:54:02.355 1297 4755 I CCodecConfig: query failed after returning 7 values (BAD_INDEX)
08-16 16:54:02.355 1297 4755 D CCodecConfig: c2 config diff is Dict {
08-16 16:54:02.355 1297 4755 D CCodecConfig: c2::u32 coded.bitrate.value = 64000
08-16 16:54:02.355 1297 4755 D CCodecConfig: c2::u32 input.buffers.max-size.value = 32768
08-16 16:54:02.355 1297 4755 D CCodecConfig: c2::u32 input.delay.value = 0
08-16 16:54:02.355 1297 4755 D CCodecConfig: string input.media-type.value = "audio/vorbis"
08-16 16:54:02.355 1297 4755 D CCodecConfig: string output.media-type.value = "audio/raw"
08-16 16:54:02.355 1297 4755 D CCodecConfig: c2::u32 raw.channel-count.value = 1
08-16 16:54:02.355 1297 4755 D CCodecConfig: c2::u32 raw.sample-rate.value = 48000
08-16 16:54:02.355 1297 4755 D CCodecConfig: }
08-16 16:54:02.365 1297 4755 D CCodec : [c2.android.vorbis.decoder] buffers are bound to CCodec for this session
08-16 16:54:02.365 1297 4755 D CCodecConfig: no c2 equivalents for durationUs
08-16 16:54:02.365 1297 4755 D CCodecConfig: no c2 equivalents for csd-1
08-16 16:54:02.365 1297 4755 D CCodecConfig: no c2 equivalents for language
08-16 16:54:02.365 1297 4755 D CCodecConfig: no c2 equivalents for file-format
08-16 16:54:02.365 1297 4755 D CCodecConfig: no c2 equivalents for flags
08-16 16:54:02.366 1297 4755 D CCodecConfig: config failed => CORRUPTED
08-16 16:54:02.366 1297 4755 D CCodecConfig: c2 config diff is c2::u32 coded.bitrate.value = 70000
08-16 16:54:02.367 1297 4755 W Codec2Client: query -- param skipped: index = 1107298332.
08-16 16:54:02.367 1297 4755 D CCodec : setup formats input: AMessage(what = 0x00000000) = {
08-16 16:54:02.367 1297 4755 D CCodec : int32_t bitrate = 70000
08-16 16:54:02.367 1297 4755 D CCodec : int32_t channel-count = 1
08-16 16:54:02.367 1297 4755 D CCodec : int32_t max-input-size = 65307
08-16 16:54:02.367 1297 4755 D CCodec : string mime = "audio/vorbis"
08-16 16:54:02.367 1297 4755 D CCodec : int32_t sample-rate = 48000
08-16 16:54:02.367 1297 4755 D CCodec : }
08-16 16:54:02.367 1297 4755 D CCodec : setup formats output: AMessage(what = 0x00000000) = {
08-16 16:54:02.367 1297 4755 D CCodec : int32_t channel-count = 1
08-16 16:54:02.367 1297 4755 D CCodec : string mime = "audio/raw"
08-16 16:54:02.367 1297 4755 D CCodec : int32_t sample-rate = 48000
08-16 16:54:02.367 1297 4755 D CCodec : int32_t android._config-pcm-encoding = 2
08-16 16:54:02.367 1297 4755 D CCodec : }
08-16 16:54:02.367 1297 4755 I CCodecConfig: query failed after returning 7 values (BAD_INDEX)
08-16 16:54:02.368 1297 4755 I MediaCodec: MediaCodec will operate in async mode
08-16 16:54:02.368 1297 4754 D MediaCodec: keep callback message for reclaim
08-16 16:54:02.370 1297 4755 W Codec2Client: query -- param skipped: index = 1342179345.
08-16 16:54:02.370 1297 4755 W Codec2Client: query -- param skipped: index = 2415921170.
08-16 16:54:02.373 1297 4755 D CCodecBufferChannel: [c2.android.vorbis.decoder#638] Created input block pool with allocatorID 16 => poolID 18 - OK (0)
08-16 16:54:02.374 1394 2769 D BufferPoolAccessor2.0: bufferpool2 0xb4000079a110ece8 : 0(0 size) total buffers - 0(0 size) used buffers - 93/97 (recycle/alloc) - 4/96 (fetch/transfer)
08-16 16:54:02.375 1394 2769 D BufferPoolAccessor2.0: Destruction - bufferpool2 0xb4000079a110ece8 cached: 0/0M, 0/0% in use; allocs: 97, 96% recycled; transfers: 96, 96% unfetched
08-16 16:54:02.379 1147 1679 D BufferPoolAccessor2.0: bufferpool2 0xb400007cadc39e08 : 0(0 size) total buffers - 0(0 size) used buffers - 2/7 (recycle/alloc) - 8/18 (fetch/transfer)
08-16 16:54:02.379 1147 1679 D BufferPoolAccessor2.0: Destruction - bufferpool2 0xb400007cadc39e08 cached: 0/0M, 0/0% in use; allocs: 7, 29% recycled; transfers: 18, 56% unfetched
08-16 16:54:02.380 1147 1678 D BufferPoolAccessor2.0: bufferpool2 0xb400007cadc3c7a8 : 0(0 size) total buffers - 0(0 size) used buffers - 2/7 (recycle/alloc) - 5/24 (fetch/transfer)
08-16 16:54:02.380 1147 1678 D BufferPoolAccessor2.0: Destruction - bufferpool2 0xb400007cadc3c7a8 cached: 0/0M, 0/0% in use; allocs: 7, 29% recycled; transfers: 24, 79% unfetched
08-16 16:54:02.381 1147 1678 D BufferPoolAccessor2.0: bufferpool2 0xb400007cadc4efa8 : 0(0 size) total buffers - 0(0 size) used buffers - 1/7 (recycle/alloc) - 11/26 (fetch/transfer)
08-16 16:54:02.381 1147 1678 D BufferPoolAccessor2.0: Destruction - bufferpool2 0xb400007cadc4efa8 cached: 0/0M, 0/0% in use; allocs: 7, 14% recycled; transfers: 26, 58% unfetched
08-16 16:54:02.382 1147 1679 D BufferPoolAccessor2.0: bufferpool2 0xb400007cadc37218 : 0(0 size) total buffers - 0(0 size) used buffers - 1/7 (recycle/alloc) - 6/34 (fetch/transfer)
08-16 16:54:02.382 1147 1679 D BufferPoolAccessor2.0: Destruction - bufferpool2 0xb400007cadc37218 cached: 0/0M, 0/0% in use; allocs: 7, 14% recycled; transfers: 34, 82% unfetched
08-16 16:54:02.382 1836 2708 D BufferPoolAccessor2.0: bufferpool2 0xb400007cadc2f538 : 0(0 size) total buffers - 0(0 size) used buffers - 3/7 (recycle/alloc) - 7/36 (fetch/transfer)
08-16 16:54:02.383 1836 2708 D BufferPoolAccessor2.0: Destruction - bufferpool2 0xb400007cadc2f538 cached: 0/0M, 0/0% in use; allocs: 7, 43% recycled; transfers: 36, 81% unfetched
08-16 16:54:02.383 1836 2708 D BufferPoolAccessor2.0: bufferpool2 0xb400007cadc2d978 : 0(0 size) total buffers - 0(0 size) used buffers - 3/7 (recycle/alloc) - 4/38 (fetch/transfer)
08-16 16:54:02.383 1836 2708 D BufferPoolAccessor2.0: Destruction - bufferpool2 0xb400007cadc2d978 cached: 0/0M, 0/0% in use; allocs: 7, 43% recycled; transfers: 38, 89% unfetched
08-16 16:54:02.384 1297 4755 I CCodecBufferChannel: [c2.android.vorbis.decoder#638] Created output block pool with allocatorID 16 => poolID 27 - OK
08-16 16:54:02.384 1836 2708 D BufferPoolAccessor2.0: bufferpool2 0xb400007cadc31ed8 : 0(0 size) total buffers - 0(0 size) used buffers - 2/7 (recycle/alloc) - 5/18 (fetch/transfer)
08-16 16:54:02.384 1836 2708 D BufferPoolAccessor2.0: Destruction - bufferpool2 0xb400007cadc31ed8 cached: 0/0M, 0/0% in use; allocs: 7, 29% recycled; transfers: 18, 72% unfetched
08-16 16:54:02.384 1297 4755 D CCodecBufferChannel: [c2.android.vorbis.decoder#638] Configured output block pool ids 27 => OK
08-16 16:54:02.384 1297 1876 D BufferPoolAccessor2.0: bufferpool2 0xe8fc2788 : 0(0 size) total buffers - 0(0 size) used buffers - 94/102 (recycle/alloc) - 8/198 (fetch/transfer)
08-16 16:54:02.385 1297 4755 D CCodecBufferChannel: [c2.android.vorbis.decoder#638] start: updating output delay 0
08-16 16:54:02.385 1297 1876 D BufferPoolAccessor2.0: Destruction - bufferpool2 0xe8fc2788 cached: 0/0M, 0/0% in use; allocs: 102, 92% recycled; transfers: 198, 96% unfetched
08-16 16:54:02.387 1297 4755 I CCodecBufferChannel: pipelineRoom(3) is <= numClientBuffers(3). Not signalling any more buffers to client
08-16 16:54:02.387 1147 1678 D BufferPoolAccessor2.0: bufferpool2 0xb400007cadc53e48 : 0(0 size) total buffers - 0(0 size) used buffers - 2/7 (recycle/alloc) - 8/24 (fetch/transfer)
08-16 16:54:02.387 1147 1678 D BufferPoolAccessor2.0: Destruction - bufferpool2 0xb400007cadc53e48 cached: 0/0M, 0/0% in use; allocs: 7, 29% recycled; transfers: 24, 67% unfetched
08-16 16:54:02.389 1394 4756 D SimpleC2Component: Using output block pool with poolID 27 => got 27 - 0
08-16 16:54:02.392 1297 4755 I CCodecBufferChannel: pipelineRoom(2) is <= numClientBuffers(2). Not signalling any more buffers to client
08-16 16:54:02.393 1297 4755 I CCodecBufferChannel: pipelineRoom(1) is <= numClientBuffers(1). Not signalling any more buffers to client
08-16 16:54:02.395 1147 1678 D BufferPoolAccessor2.0: bufferpool2 0xb400007cadc0bea8 : 0(0 size) total buffers - 0(0 size) used buffers - 1/7 (recycle/alloc) - 9/34 (fetch/transfer)
08-16 16:54:02.395 1147 1678 D BufferPoolAccessor2.0: Destruction - bufferpool2 0xb400007cadc0bea8 cached: 0/0M, 0/0% in use; allocs: 7, 14% recycled; transfers: 34, 74% unfetched
08-16 16:54:02.414 1297 4754 I ExtendedNuUtils: Both src and dst missing for bit-width
08-16 16:54:02.415 1297 4754 I ExtendedNuUtils: Overriding durationUs: with 64 bit src value 1728000
08-16 16:54:02.415 1297 4754 I ExtendedNuUtils: Both src and dst missing for channel-mask
08-16 16:54:02.428 825 843 D audio_hw_primary: adev_get_parameters:vr_audio_mode_on
08-16 16:54:02.428 825 843 I audio_hw_primary: getting vr mode to 0
08-16 16:54:02.428 825 843 D audio_hw_primary: adev_get_parameters: exit: returns - vr_audio_mode_on=false
08-16 16:54:02.428 1019 1769 I hash_map_utils: system/bt/osi/src/hash_map_utils.cc:81 hash_map_utils_dump_string_keys_string_values: key: 'vr_audio_mode_on' value: ''
08-16 16:54:02.432 1019 1769 D AudioFlinger: Client defaulted notificationFrames to 12000 for frameCount 24000
08-16 16:54:02.438 1019 1769 D AF::TrackHandle: OpPlayAudio: track:57 usage:5 not muted
08-16 16:54:02.469 1836 1874 W FrameTracker: Missed SF frame:2
08-16 16:54:02.469 1836 1874 W FrameTracker: Missed SF frame:32
08-16 16:54:02.469 1836 1874 W FrameTracker: Missed App frame:74
08-16 16:54:02.469 1836 1874 W FrameTracker: Missed SF frame:74
08-16 16:54:02.469 1836 1874 W FrameTracker: Missed SF frame:66
08-16 16:54:02.469 1836 1874 W FrameTracker: Missed App frame:72
08-16 16:54:02.470 1836 1874 W FrameTracker: Missed App frame:8
08-16 16:54:02.471 1836 3404 V PerfettoTrigger: Triggering /system/bin/trigger_perfetto com.android.telemetry.interaction-jank-monitor-12
08-16 16:54:02.478 825 843 I EffectsFactory: EffectCreate() create_effect
08-16 16:54:02.491 825 825 E volume_listener: check_and_set_gain_dep_cal: Failed to set gain dep cal level
08-16 16:54:02.492 825 2894 D audio_hw_primary: start_output_stream: enter: stream(0xefec0010)usecase(1: low-latency-playback) devices(0x2) is_haptic_usecase(0)
08-16 16:54:02.492 975 975 E ANDR-PERF-TARGET: Error: Invalid logical cluster id 0
08-16 16:54:02.493 975 975 E ANDR-PERF-REQUEST: invalid request
08-16 16:54:02.493 975 975 E ANDR-PERF-MPCTL: invalid request, no optimizations performed
08-16 16:54:02.493 825 2894 E audio_hw_extn: audio_extn_perf_lock_acquire: Failed to acquire perf lock, err: -1
08-16 16:54:02.493 825 2894 D audio_hw_primary: select_devices for use case (low-latency-playback)
08-16 16:54:02.493 825 2894 I msm8974_platform: platform_check_and_set_codec_backend_cfg:becf: afe: bitwidth 16, samplerate 48000 channels 2, backend_idx 0 usecase = 1 device (speaker)
08-16 16:54:02.493 825 2894 D msm8974_platform: platform_split_snd_device: snd_device(2) num devices(1) new_snd_devices(0)
08-16 16:54:02.493 825 2894 I msm8974_platform: platform_check_and_set_codec_backend_cfg: new_snd_devices[0] is 2
08-16 16:54:02.493 825 2894 I msm8974_platform: platform_check_codec_backend_cfg:becf: afe: bitwidth 16, samplerate 48000 channels 2, backend_idx 0 usecase = 1 device (speaker)
08-16 16:54:02.495 825 2894 D audio_hw_extn: audio_extn_enable_hifi_filter: mixer_value set 0
08-16 16:54:02.496 825 2894 D msm8974_platform: platform_check_codec_backend_cfg:becf: updated afe: bitwidth 16, samplerate 48000 channels 2,backend_idx 0 usecase = 1 device (speaker)
08-16 16:54:02.496 825 2894 D msm8974_platform: platform_check_codec_backend_cfg:becf: afe: playback on codec device not supporting native playback set default Sample Rate(48k)
08-16 16:54:02.496 825 2894 I msm8974_platform: platform_check_codec_backend_cfg:becf: afe: Codec selected backend: 0 updated bit width: 16 and sample rate: 48000
08-16 16:54:02.496 825 2894 D audio_hw_primary: check_usecases_codec_backend:becf: force routing 0
08-16 16:54:02.496 825 2894 E msm8974_platform: platform_check_backends_match: Invalid snd_device =
08-16 16:54:02.496 825 2894 D audio_hw_primary: check_usecases_codec_backend:becf: (78) check_usecases curr device: speaker, usecase device: backends match 0
08-16 16:54:02.496 825 2894 D audio_hw_primary: check_usecases_codec_backend:becf: check_usecases num.of Usecases to switch 0
08-16 16:54:02.496 825 2894 D hardware_info: hw_info_append_hw_type : device_name = speaker
08-16 16:54:02.496 825 2894 D msm8974_platform: platform_split_snd_device: snd_device(2) num devices(0) new_snd_devices(0)
08-16 16:54:02.496 825 2894 D audio_hw_primary: enable_snd_device: snd_device(2: speaker)
08-16 16:54:02.496 825 2894 D msm8974_platform: platform_get_island_cfg_on_device:island cfg status on snd_device = (speaker 0)
08-16 16:54:02.496 825 2894 I soundtrigger: audio_extn_sound_trigger_update_device_status: device 0x2 of type 0 for Event 1, with Raise=0
08-16 16:54:02.496 825 2894 D audio_route: Apply path: speaker
08-16 16:54:02.499 1833 2625 D Avrcp_ext: AudioManager Player: AudioPlaybackConfiguration piid:375 deviceId:0 type:android.media.SoundPool u/pid:1000/1147 state:idle attr:AudioAttributes: usage=USAGE_ASSISTANCE_SONIFICATION content=CONTENT_TYPE_SONIFICATION flags=0x800 tags= bundle=null sessionId:0
08-16 16:54:02.500 1833 2625 D Avrcp_ext: AudioManager Player: AudioPlaybackConfiguration piid:383 deviceId:0 type:android.media.SoundPool u/pid:10124/1836 state:idle attr:AudioAttributes: usage=USAGE_ASSISTANCE_SONIFICATION content=CONTENT_TYPE_SONIFICATION flags=0x800 tags= bundle=null sessionId:0
08-16 16:54:02.500 1833 2625 D Avrcp_ext: AudioManager Player: AudioPlaybackConfiguration piid:399 deviceId:3 type:android.media.MediaPlayer u/pid:10124/1836 state:started attr:AudioAttributes: usage=USAGE_NOTIFICATION content=CONTENT_TYPE_SONIFICATION flags=0x800 tags= bundle=null sessionId:0
08-16 16:54:02.504 1833 2625 D Avrcp_ext: AudioManager Player in started state: com.android.systemui
08-16 16:54:02.504 1833 2625 D Avrcp_ext: AudioManager Active Player: com.android.systemui
08-16 16:54:02.504 1833 2625 D Avrcp_ext: AudioManager isPlaying: true, mAudioPlaybackIsActive = true
08-16 16:54:02.507 825 2894 I audio_hw_utils: audio_extn_utils_update_stream_output_app_type_cfg Allowing 24 and above bits playback on speaker ONLY at default sampling rate
08-16 16:54:02.507 825 2894 E soundtrigger: audio_extn_sound_trigger_update_stream_status: invalid input device 0x0, for event 3
08-16 16:54:02.507 825 2894 D soundtrigger: audio_extn_sound_trigger_update_stream_status: uc_info->id 1 of type 0 for Event 3, with Raise=0
08-16 16:54:02.507 825 2894 D audio_hw_utils: audio_extn_utils_send_app_type_cfg: usecase->out_snd_device speaker
08-16 16:54:02.507 825 2894 D msm8974_platform: platform_split_snd_device: snd_device(2) num devices(0) new_snd_devices(0)
08-16 16:54:02.508 825 2894 D audio_hw_utils: audio_extn_btsco_get_sample_rate:Not a BT SCO device, need not update sampling rate
08-16 16:54:02.508 825 2894 I audio_hw_utils: send_app_type_cfg_for_device PLAYBACK app_type 69937, acdb_dev_id 15, sample_rate 48000, snd_device_be_idx 179
08-16 16:54:02.509 825 2894 D msm8974_platform: platform_split_snd_device: snd_device(2) num devices(1) new_snd_devices(0)
08-16 16:54:02.509 825 2894 D audio_hw_utils: audio_extn_btsco_get_sample_rate:Not a BT SCO device, need not update sampling rate
08-16 16:54:02.509 825 2894 D ACDB-LOADER: ACDB -> send_audio_cal, acdb_id = 15, path = 0, app id = 0x11131, sample rate = 48000, afe_sample_rate = 48000
08-16 16:54:02.509 825 2894 D ACDB-LOADER: ACDB -> send_asm_topology
08-16 16:54:02.509 825 2894 D ACDB-LOADER: ACDB -> ACDB_CMD_GET_AUDPROC_STREAM_TOPOLOGY_ID
08-16 16:54:02.509 825 2894 D ACDB-LOADER: ACDB -> send_adm_topology
08-16 16:54:02.510 825 2894 D ACDB-LOADER: ACDB -> ACDB_CMD_GET_AUDPROC_COMMON_TOPOLOGY_ID
01-01 04:43:04.706 0 0 E set_cps_config: get_wsa_dev_num is NULL
08-16 16:54:02.510 825 2894 D ACDB-LOADER: ACDB -> send_audtable
08-16 16:54:02.510 825 2894 D ACDB-LOADER: ACDB -> ACDB_CMD_GET_AUDPROC_INSTANCE_COMMON_TABLE_SIZE
08-16 16:54:02.510 825 2894 D ACDB-LOADER: ACDB -> ACDB_CMD_GET_AUDPROC_INSTANCE_COMMON_TABLE
08-16 16:54:02.510 825 2894 D ACDB-LOADER: ACDB -> AUDIO_SET_AUDPROC_CAL cal_type[11] acdb_id[15] app_type[69937]
08-16 16:54:02.510 825 2894 D ACDB-LOADER: ACDB -> send_audvoltable
08-16 16:54:02.510 825 2894 D ACDB-LOADER: ACDB -> ACDB_CMD_GET_AUDPROC_INSTANCE_GAIN_DEP_STEP_TABLE_SIZE
08-16 16:54:02.510 825 2894 D ACDB-LOADER: ACDB -> ACDB_CMD_GET_AUDPROC_INSTANCE_GAIN_DEP_STEP_TABLE, vol index 0
08-16 16:54:02.510 825 2894 D ACDB-LOADER: ACDB -> AUDIO_SET_VOL_CAL cal type = 12
08-16 16:54:02.510 825 2894 D ACDB-LOADER: ACDB -> ACDB_CMD_GET_AUDPROC_INSTANCE_STREAM_TABLE_SIZE
08-16 16:54:02.510 825 2894 D ACDB-LOADER: ACDB -> send_audstrmtable
08-16 16:54:02.511 825 2894 D ACDB-LOADER: ACDB -> ACDB_CMD_GET_AUDPROC_INSTANCE_STREAM_TABLE
08-16 16:54:02.511 825 2894 D ACDB-LOADER: ACDB -> audstrm_cal->cal_type.cal_data.cal_size = 20
08-16 16:54:02.511 825 2894 D ACDB-LOADER: ACDB -> send_afe_topology
08-16 16:54:02.511 825 2894 D ACDB-LOADER: ACDB -> ACDB_CMD_GET_AFE_TOPOLOGY_ID
08-16 16:54:02.511 825 2894 D ACDB-LOADER: ACDB -> GET_AFE_TOPOLOGY_ID for adcd_id 15, Topology Id 112fc
08-16 16:54:02.511 825 2894 D ACDB-LOADER: ACDB -> send_afe_cal
08-16 16:54:02.511 825 2894 D ACDB-LOADER: ACDB -> ACDB_CMD_GET_AFE_INSTANCE_COMMON_TABLE_SIZE
08-16 16:54:02.511 825 2894 D android.hardware.audio.service: Failed to fetch the lookup information of the device 0000000F
08-16 16:54:02.511 825 2894 D ACDB-LOADER: Error: ACDB_CMD_GET_AFE_INSTANCE_COMMON_TABLE_SIZE Returned = -19
08-16 16:54:02.511 825 2894 D ACDB-LOADER: ACDB -> ACDB_CMD_GET_AFE_INSTANCE_COMMON_TABLE
08-16 16:54:02.511 825 2894 D android.hardware.audio.service: Failed to fetch the lookup information of the device 0000000F
08-16 16:54:02.511 825 2894 D ACDB-LOADER: Error: ACDB AFE returned = -19
08-16 16:54:02.511 825 2894 D ACDB-LOADER: ACDB -> AUDIO_SET_AFE_CAL cal_type[16] acdb_id[15]
08-16 16:54:02.512 825 2894 D ACDB-LOADER: ACDB -> send_hw_delay : acdb_id = 15 path = 0
08-16 16:54:02.512 825 2894 D ACDB-LOADER: ACDB -> ACDB_AVSYNC_INFO: ACDB_CMD_GET_DEVICE_PROPERTY
08-16 16:54:02.512 825 2894 D msm8974_platform: platform_split_snd_device: snd_device(2) num devices(0) new_snd_devices(0)
08-16 16:54:02.512 825 2894 I msm8974_platform: platform_get_custom_mtmx_params: no matching param with id 0 ip_ch 2 op_ch 2 uc_id 1 snd_dev 2
08-16 16:54:02.512 825 2894 D audio_hw_primary: enable_audio_route: apply mixer and update path: low-latency-playback
08-16 16:54:02.512 825 2894 D audio_route: Apply path: low-latency-playback
08-16 16:54:02.513 825 2894 D audio_hw_primary: select_devices: done
01-01 04:43:04.723 0 0 I __afe_port_start: port id: 0xb000
01-01 04:43:04.723 0 0 I afe_find_cal_topo_id_by_port: port id: 0xb000, dev_acdb_id: 15
01-01 04:43:04.723 0 0 I afe_find_cal_topo_id_by_port: top_id:112fc acdb_id:15 afe_port_id:0xb000
01-01 04:43:04.723 0 0 I afe_get_cal_topology_id: port_id = 0xb000 acdb_id = 15 topology_id = 0x112fc cal_type_index=8 ret=0
01-01 04:43:04.723 0 0 I afe_send_port_topology_id: AFE set topology id 0x112fc enable for port 0xb000 ret 0
01-01 04:43:04.723 0 0 I send_afe_cal_type: cal_index is 0
01-01 04:43:04.723 0 0 I send_afe_cal_type: dev_acdb_id[162] is 15
01-01 04:43:04.723 0 0 I afe_find_cal: cal_index 0 port_id 0xb000 port_index 162
01-01 04:43:04.723 0 0 I afe_find_cal: acdb_id 15 dev_acdb_id 15 sample_rate 48000 afe_sample_rates 48000
01-01 04:43:04.723 0 0 I afe_find_cal: cal block is a match, size is 0
01-01 04:43:04.723 0 0 I send_afe_cal_type: Sending cal_index cal 0
01-01 04:43:04.723 0 0 E send_afe_cal_type: No cal sent for cal_index 0, port_id = 0xb000! ret -22
01-01 04:43:04.732 0 0 I afe_send_hw_delay: port_id 0xb000 rate 48000 delay_usec 474 status 0
01-01 04:43:04.755 0 0 D : mv2112_read_status
01-01 04:43:04.755 0 0 D mv2112_update_link: 3.0x901(1G): 0x4
01-01 04:43:04.756 0 0 D mv2112_update_link: 3.0x8109(100M): 0x8
01-01 04:43:04.756 0 0 D mv2112_update_link: link 0x4
01-01 04:43:04.756 0 0 D mv2112_read_status: autoneg is disabled
08-16 16:54:02.565 825 2894 D msm8974_platform: platform_set_channel_map mixer_ctl_name:Playback Channel Map9
08-16 16:54:02.565 825 2894 D msm8974_platform: platform_set_channel_map: set mapping(1 2 0 0 0 0 0 0) for channel:2
08-16 16:54:02.567 825 2894 E audio_hw_extn: audio_extn_perf_lock_release: Perf lock release error
08-16 16:54:02.567 825 2894 D audio_hw_primary: start_output_stream: exit
08-16 16:54:02.567 825 2894 D audio_hw_primary: out_write: retry previous failed cal level set
08-16 16:54:02.567 825 2894 D msm8974_platform: platform_split_snd_device: snd_device(2) num devices(1) new_snd_devices(0)
08-16 16:54:02.567 825 2894 D ACDB-LOADER: ACDB -> send_audvoltable
08-16 16:54:02.567 825 2894 D ACDB-LOADER: ACDB -> ACDB_CMD_GET_AUDPROC_INSTANCE_GAIN_DEP_STEP_TABLE_SIZE
08-16 16:54:02.567 825 2894 D ACDB-LOADER: ACDB -> ACDB_CMD_GET_AUDPROC_INSTANCE_GAIN_DEP_STEP_TABLE, vol index 5
08-16 16:54:02.568 825 2894 D ACDB-LOADER: ACDB -> AUDIO_SET_VOL_CAL cal type = 40
08-16 16:54:02.581 825 842 D audio_hw_primary: out_set_parameters: enter: usecase(1: low-latency-playback) kvpairs: suspend_playback=true
08-16 16:54:02.582 825 842 D audio_hw_extn: audio_extn_fm_set_parameters: Enter
08-16 16:54:02.582 1297 4753 D AudioTrack: getTimestamp_l(33): device stall time corrected using current time 164723450197
08-16 16:54:02.591 825 842 D audio_hw_primary: out_set_parameters: enter: usecase(1: low-latency-playback) kvpairs: suspend_playback=false
08-16 16:54:02.591 825 842 D audio_hw_extn: audio_extn_fm_set_parameters: Enter
08-16 16:54:02.592 825 825 D msm8974_platform: platform_split_snd_device: snd_device(2) num devices(1) new_snd_devices(0)
08-16 16:54:02.592 825 825 D ACDB-LOADER: ACDB -> send_audvoltable
08-16 16:54:02.592 825 825 D ACDB-LOADER: ACDB -> ACDB_CMD_GET_AUDPROC_INSTANCE_GAIN_DEP_STEP_TABLE_SIZE
08-16 16:54:02.592 825 825 D ACDB-LOADER: ACDB -> ACDB_CMD_GET_AUDPROC_INSTANCE_GAIN_DEP_STEP_TABLE, vol index 2
08-16 16:54:02.592 825 825 D ACDB-LOADER: ACDB -> AUDIO_SET_VOL_CAL cal type = 40
08-16 16:54:02.658 1147 1994 D CompatibilityInfo: mCompatibilityFlags - 4
08-16 16:54:02.660 1147 1994 D CompatibilityInfo: applicationDensity - 240
08-16 16:54:02.660 1147 1994 D CompatibilityInfo: applicationScale - 1.0
08-16 16:54:02.663 2335 2335 D QtiImsExtConnector: Attempt to bind QtiImsExt service returned with: true
08-16 16:54:02.664 2204 2204 I QImsService: QtiImsExtService : QtiImsExtService created!
08-16 16:54:02.664 2204 2204 E QImsService: QtiImsExtService : QtiImsExtService, ImsService is not yet started retry.
08-16 16:54:02.665 2204 2204 E QImsService: QtiImsExtService : QtiImsExtService, ImsService is not yet started retry.
08-16 16:54:02.665 2204 2204 W QImsService: QtiImsExtService : onBind returned null
08-16 16:54:02.666 2335 2335 D QtiImsExtConnector: onNullBinding componentName ComponentInfo{org.codeaurora.ims/org.codeaurora.ims.QtiImsExtService}
08-16 16:54:03.174 1147 1690 D CompatibilityInfo: mCompatibilityFlags - 4
08-16 16:54:03.174 1147 1690 D CompatibilityInfo: applicationDensity - 240
08-16 16:54:03.174 1147 1690 D CompatibilityInfo: applicationScale - 1.0
08-16 16:54:03.177 2204 2204 I QImsService: QtiImsExtService : QtiImsExtService created!
08-16 16:54:03.178 2204 2204 E QImsService: QtiImsExtService : QtiImsExtService, ImsService is not yet started retry.
08-16 16:54:03.178 2204 2204 E QImsService: QtiImsExtService : QtiImsExtService, ImsService is not yet started retry.
08-16 16:54:03.178 2204 2204 W QImsService: QtiImsExtService : onBind returned null
08-16 16:54:03.181 2335 2335 D QtiImsExtConnector: Attempt to bind QtiImsExt service returned with: true
08-16 16:54:03.181 2335 2335 D QtiImsExtConnector: onNullBinding componentName ComponentInfo{org.codeaurora.ims/org.codeaurora.ims.QtiImsExtService}
08-16 16:54:03.506 681 4707 I resolv : retrying_poll: 69 retrying_poll timeout
08-16 16:54:03.506 681 4709 I resolv : retrying_poll: 72 retrying_poll timeout
08-16 16:54:03.506 681 4707 D resolv : send_dg: 1
08-16 16:54:03.506 681 4708 I resolv : retrying_poll: 74 retrying_poll timeout
08-16 16:54:03.507 681 4707 I resolv : res_nsend: used send_dg 0 terrno: 110
08-16 16:54:03.506 681 4709 D resolv : send_dg: 1
08-16 16:54:03.507 681 4708 D resolv : send_dg: 1
08-16 16:54:03.507 681 4708 I resolv : res_nsend: used send_dg 0 terrno: 110
08-16 16:54:03.507 681 4709 I resolv : res_nsend: used send_dg 0 terrno: 110
08-16 16:54:03.513 2067 2067 W DnsResolver: resNetworkResult:android.system.ErrnoException: resNetworkResult failed: ETIMEDOUT (Connection timed out)
08-16 16:54:03.514 2067 4703 D NetworkMonitor/102: PROBE_DNS connectivitycheck.gstatic.com 10066ms FAIL in type ADDRCONFIG android.net.DnsResolver$DnsException: android.system.ErrnoException: resNetworkResult failed: ETIMEDOUT (Connection timed out)
08-16 16:54:03.515 681 4729 I resolv : resolv_populate_res_for_net: netid=102
08-16 16:54:03.515 681 4729 I resolv : res_stats_usable_server: NS stats: S 0 + E 0 + T 7 + I 0 = 7, rtt = -1, min_samples = 8
08-16 16:54:03.515 681 4729 D resolv : res_nsend: Querying server (# 1) address = 192.168.1.1:53
08-16 16:54:03.515 2067 2067 W DnsResolver: resNetworkResult:android.system.ErrnoException: resNetworkResult failed: ETIMEDOUT (Connection timed out)
08-16 16:54:03.517 2067 4702 D NetworkMonitor/102: PROBE_DNS www.google.com 10063ms FAIL in type ADDRCONFIG android.net.DnsResolver$DnsException: android.system.ErrnoException: resNetworkResult failed: ETIMEDOUT (Connection timed out)
08-16 16:54:03.517 681 4709 D resolv : doQuery: rcode=0, ancount=0
08-16 16:54:03.518 681 4706 I resolv : resolv_populate_res_for_net: netid=102
08-16 16:54:03.518 681 4729 D resolv : send_dg: new DG socket
08-16 16:54:03.523 681 4711 I resolv : retrying_poll: 78 retrying_poll timeout
08-16 16:54:03.523 681 4711 D resolv : send_dg: 1
08-16 16:54:03.523 681 4711 I resolv : res_nsend: used send_dg 0 terrno: 110
08-16 16:54:03.519 681 4729 I resolv : get_timeout: using timeout of 5000 msec
08-16 16:54:03.524 681 4729 I resolv : retrying_poll: 56 retrying_poll
08-16 16:54:03.525 681 4711 D resolv : doQuery: rcode=0, ancount=0
08-16 16:54:03.525 681 4710 I resolv : resolv_populate_res_for_net: netid=102
08-16 16:54:03.532 681 4760 D resolv : GetAddrInfoHandler::run: {102 983142 102 983142 1073 1}
08-16 16:54:03.532 681 4759 D resolv : GetAddrInfoHandler::run: {102 983142 102 983142 1073 1}
08-16 16:54:03.532 681 4760 D resolv : resolv_getaddrinfo: explore_fqdn(): ai_family=0 ai_socktype=1 ai_protocol=6
08-16 16:54:03.532 681 4759 D resolv : resolv_getaddrinfo: explore_fqdn(): ai_family=0 ai_socktype=1 ai_protocol=6
08-16 16:54:03.535 681 4761 D resolv : doQuery: (1, 1)
08-16 16:54:03.536 681 4761 D resolv : res_nmkquery: (QUERY, IN, A)
08-16 16:54:03.536 681 4761 D resolv : res_nsend
08-16 16:54:03.536 681 4761 I resolv : resolv_cache_lookup: lookup
08-16 16:54:03.536 681 4761 I resolv : resolv_cache_lookup: NOT IN CACHE
08-16 16:54:03.536 681 4761 I resolv : resolv_populate_res_for_net: netid=102
08-16 16:54:03.536 681 4761 I resolv : res_stats_usable_server: NS stats: S 0 + E 0 + T 7 + I 0 = 7, rtt = -1, min_samples = 8
08-16 16:54:03.536 681 4761 D resolv : res_nsend: Querying server (# 1) address = 192.168.1.1:53
08-16 16:54:03.538 681 4762 D resolv : doQuery: (1, 1)
08-16 16:54:03.538 681 4761 D resolv : send_dg: new DG socket
08-16 16:54:03.538 681 4762 D resolv : res_nmkquery: (QUERY, IN, A)
08-16 16:54:03.538 681 4762 D resolv : res_nsend
08-16 16:54:03.538 681 4762 I resolv : resolv_cache_lookup: lookup
08-16 16:54:03.539 681 4762 I resolv : resolv_cache_lookup: NOT IN CACHE
08-16 16:54:03.539 681 4762 I resolv : resolv_populate_res_for_net: netid=102
08-16 16:54:03.539 681 4713 I resolv : retrying_poll: 80 retrying_poll timeout
08-16 16:54:03.539 681 4762 I resolv : res_stats_usable_server: NS stats: S 0 + E 0 + T 7 + I 0 = 7, rtt = -1, min_samples = 8
08-16 16:54:03.539 681 4713 D resolv : send_dg: 1
