08-16 16:52:12.837 1147 1147 D SystemServerTiming: OnBootPhase_550_com.android.server.content.ContentService$Lifecycle took to complete: 6ms
08-16 16:52:12.838 1147 1147 I SystemServerTiming: OnBootPhase_550_com.android.server.DropBoxManagerService
08-16 16:52:12.838 1147 1147 D SystemServerTiming: OnBootPhase_550_com.android.server.DropBoxManagerService took to complete: 0ms
08-16 16:52:12.838 1147 1147 I SystemServerTiming: OnBootPhase_550_com.android.role.RoleService
08-16 16:52:12.838 1147 1147 D SystemServerTiming: OnBootPhase_550_com.android.role.RoleService took to complete: 0ms
08-16 16:52:12.838 1147 1147 I SystemServerTiming: OnBootPhase_550_com.android.server.vibrator.VibratorManagerService$Lifecycle
08-16 16:52:12.838 1147 1147 D SystemServerTiming: OnBootPhase_550_com.android.server.vibrator.VibratorManagerService$Lifecycle took to complete: 0ms
08-16 16:52:12.838 1147 1147 I SystemServerTiming: OnBootPhase_550_com.android.server.alarm.AlarmManagerService
08-16 16:52:12.838 1147 1147 D SystemServerTiming: OnBootPhase_550_com.android.server.alarm.AlarmManagerService took to complete: 0ms
08-16 16:52:12.838 1147 1147 I SystemServerTiming: OnBootPhase_550_com.android.server.devicestate.DeviceStateManagerService
08-16 16:52:12.838 1147 1147 D SystemServerTiming: OnBootPhase_550_com.android.server.devicestate.DeviceStateManagerService took to complete: 0ms
08-16 16:52:12.838 1147 1147 I SystemServerTiming: OnBootPhase_550_com.android.server.camera.CameraServiceProxy
08-16 16:52:12.838 1147 1147 D SystemServerTiming: OnBootPhase_550_com.android.server.camera.CameraServiceProxy took to complete: 0ms
08-16 16:52:12.838 1147 1147 I SystemServerTiming: OnBootPhase_550_com.android.server.BluetoothService
08-16 16:52:12.838 1147 1147 D BluetoothManagerService: Bluetooth boot completed
08-16 16:52:12.838 1147 1147 D BluetoothManagerService: Auto-enabling Bluetooth.
08-16 16:52:12.841 1830 1830 F linker : CANNOT LINK EXECUTABLE "/vendor/bin/hw/sxrservice": library "vendor.qti.hardware.qxr-V1-ndk_platform.so" not found: needed by main executable
08-16 16:52:12.842 1147 1225 D BluetoothManagerService: MESSAGE_ENABLE(0): mBluetooth = null
08-16 16:52:12.842 1147 1225 D BluetoothManagerService: MESSAGE_ENABLE: handleEnable
08-16 16:52:12.843 1147 1225 D BluetoothManagerService: binding Bluetooth service
08-16 16:52:12.845 1147 1225 D CompatibilityChangeReporter: Compat change id reported: 135634846; UID 1002; state: DISABLED
08-16 16:52:12.845 1147 1225 D CompatibilityChangeReporter: Compat change id reported: 177438394; UID 1002; state: DISABLED
08-16 16:52:12.845 1147 1225 D CompatibilityChangeReporter: Compat change id reported: 135772972; UID 1002; state: DISABLED
08-16 16:52:12.846 1147 1225 D CompatibilityChangeReporter: Compat change id reported: 135754954; UID 1002; state: ENABLED
08-16 16:52:12.846 1147 1225 D BluetoothManagerService: Binding BT service. Current user: 0
08-16 16:52:12.847 1147 1147 D SystemServerTiming: OnBootPhase_550_com.android.server.BluetoothService took to complete: 9ms
08-16 16:52:12.847 1147 1147 I SystemServerTiming: OnBootPhase_550_com.android.server.connectivity.IpConnectivityMetrics
08-16 16:52:12.847 1147 1147 D SystemServerTiming: OnBootPhase_550_com.android.server.connectivity.IpConnectivityMetrics took to complete: 0ms
08-16 16:52:12.847 1147 1147 I SystemServerTiming: OnBootPhase_550_com.android.server.net.watchlist.NetworkWatchlistService$Lifecycle
08-16 16:52:12.848 1147 1147 D SystemServerTiming: OnBootPhase_550_com.android.server.net.watchlist.NetworkWatchlistService$Lifecycle took to complete: 1ms
08-16 16:52:12.848 1147 1147 I SystemServerTiming: OnBootPhase_550_com.android.server.PinnerService
08-16 16:52:12.848 1147 1147 D SystemServerTiming: OnBootPhase_550_com.android.server.PinnerService took to complete: 0ms
08-16 16:52:12.848 1147 1147 I SystemServerTiming: OnBootPhase_550_com.google.android.startop.iorap.IorapForwardingService
08-16 16:52:12.848 1147 1147 D SystemServerTiming: OnBootPhase_550_com.google.android.startop.iorap.IorapForwardingService took to complete: 0ms
08-16 16:52:12.848 1147 1147 I SystemServerTiming: OnBootPhase_550_com.android.server.ActivityTriggerService
08-16 16:52:12.849 1147 1147 D SystemServerTiming: OnBootPhase_550_com.android.server.ActivityTriggerService took to complete: 0ms
08-16 16:52:12.849 1147 1147 I SystemServerTiming: OnBootPhase_550_com.android.server.integrity.AppIntegrityManagerService
08-16 16:52:12.849 1147 1147 D SystemServerTiming: OnBootPhase_550_com.android.server.integrity.AppIntegrityManagerService took to complete: 0ms
08-16 16:52:12.849 1147 1147 I SystemServerTiming: OnBootPhase_550_com.android.server.inputmethod.InputMethodManagerService$Lifecycle
08-16 16:52:12.873 1147 1147 D SystemServerTiming: OnBootPhase_550_com.android.server.inputmethod.InputMethodManagerService$Lifecycle took to complete: 24ms
08-16 16:52:12.873 1147 1147 I SystemServerTiming: OnBootPhase_550_com.android.server.accessibility.AccessibilityManagerService$Lifecycle
08-16 16:52:12.874 1147 1147 D SystemServerTiming: OnBootPhase_550_com.android.server.accessibility.AccessibilityManagerService$Lifecycle took to complete: 0ms
08-16 16:52:12.874 1147 1147 I SystemServerTiming: OnBootPhase_550_com.android.server.StorageManagerService$Lifecycle
08-16 16:52:12.874 1147 1147 D SystemServerTiming: OnBootPhase_550_com.android.server.StorageManagerService$Lifecycle took to complete: 0ms
08-16 16:52:12.874 1147 1147 I SystemServerTiming: OnBootPhase_550_com.android.server.usage.StorageStatsService$Lifecycle
08-16 16:52:12.874 1147 1147 D SystemServerTiming: OnBootPhase_550_com.android.server.usage.StorageStatsService$Lifecycle took to complete: 0ms
08-16 16:52:12.874 1147 1147 I SystemServerTiming: OnBootPhase_550_com.android.server.UiModeManagerService
08-16 16:52:12.874 1147 1147 D SystemServerTiming: OnBootPhase_550_com.android.server.UiModeManagerService took to complete: 0ms
08-16 16:52:12.874 1147 1147 I SystemServerTiming: OnBootPhase_550_com.android.server.locksettings.LockSettingsService$Lifecycle
08-16 16:52:12.875 1147 1147 I RebootEscrowManager: No reboot escrow data found for users, skipping loading escrow data
08-16 16:52:12.877 1147 1147 D SystemServerTiming: OnBootPhase_550_com.android.server.locksettings.LockSettingsService$Lifecycle took to complete: 3ms
08-16 16:52:12.877 1147 1147 I SystemServerTiming: OnBootPhase_550_com.android.server.PersistentDataBlockService
08-16 16:52:12.877 1147 1147 D SystemServerTiming: OnBootPhase_550_com.android.server.PersistentDataBlockService took to complete: 0ms
08-16 16:52:12.877 1147 1147 I SystemServerTiming: OnBootPhase_550_com.android.server.testharness.TestHarnessModeService
08-16 16:52:12.877 1147 1147 D SystemServerTiming: OnBootPhase_550_com.android.server.testharness.TestHarnessModeService took to complete: 0ms
08-16 16:52:12.877 1147 1147 I SystemServerTiming: OnBootPhase_550_com.android.server.oemlock.OemLockService
08-16 16:52:12.877 1147 1147 D SystemServerTiming: OnBootPhase_550_com.android.server.oemlock.OemLockService took to complete: 0ms
08-16 16:52:12.877 1147 1147 I SystemServerTiming: OnBootPhase_550_com.android.server.DeviceIdleController
08-16 16:52:12.877 1147 1147 D SystemServerTiming: OnBootPhase_550_com.android.server.DeviceIdleController took to complete: 0ms
08-16 16:52:12.877 1147 1147 I SystemServerTiming: OnBootPhase_550_com.android.server.devicepolicy.DevicePolicyManagerService$Lifecycle
08-16 16:52:12.878 1147 1147 D SystemServerTiming: OnBootPhase_550_com.android.server.devicepolicy.DevicePolicyManagerService$Lifecycle took to complete: 0ms
08-16 16:52:12.878 1147 1147 I SystemServerTiming: OnBootPhase_550_com.android.server.texttospeech.TextToSpeechManagerService
08-16 16:52:12.878 1147 1147 D SystemServerTiming: OnBootPhase_550_com.android.server.texttospeech.TextToSpeechManagerService took to complete: 0ms
08-16 16:52:12.878 1147 1147 I SystemServerTiming: OnBootPhase_550_com.android.server.speech.SpeechRecognitionManagerService
08-16 16:52:12.878 1147 1147 D SystemServerTiming: OnBootPhase_550_com.android.server.speech.SpeechRecognitionManagerService took to complete: 0ms
08-16 16:52:12.878 1147 1147 I SystemServerTiming: OnBootPhase_550_com.android.server.searchui.SearchUiManagerService
08-16 16:52:12.878 1147 1147 D SystemServerTiming: OnBootPhase_550_com.android.server.searchui.SearchUiManagerService took to complete: 0ms
08-16 16:52:12.878 1147 1147 I SystemServerTiming: OnBootPhase_550_com.android.server.smartspace.SmartspaceManagerService
08-16 16:52:12.878 1147 1147 D SystemServerTiming: OnBootPhase_550_com.android.server.smartspace.SmartspaceManagerService took to complete: 0ms
08-16 16:52:12.878 1147 1147 I SystemServerTiming: OnBootPhase_550_com.android.server.graphics.fonts.FontManagerService$Lifecycle
08-16 16:52:12.878 1147 1147 D SystemServerTiming: OnBootPhase_550_com.android.server.graphics.fonts.FontManagerService$Lifecycle took to complete: 0ms
08-16 16:52:12.878 1147 1147 I SystemServerTiming: OnBootPhase_550_com.android.server.textservices.TextServicesManagerService$Lifecycle
08-16 16:52:12.878 1147 1147 D SystemServerTiming: OnBootPhase_550_com.android.server.textservices.TextServicesManagerService$Lifecycle took to complete: 0ms
08-16 16:52:12.878 1147 1147 I SystemServerTiming: OnBootPhase_550_com.android.server.textclassifier.TextClassificationManagerService$Lifecycle
08-16 16:52:12.878 1147 1147 D SystemServerTiming: OnBootPhase_550_com.android.server.textclassifier.TextClassificationManagerService$Lifecycle took to complete: 0ms
08-16 16:52:12.878 1147 1147 I SystemServerTiming: OnBootPhase_550_com.android.server.NetworkScoreService$Lifecycle
08-16 16:52:12.878 1147 1147 D SystemServerTiming: OnBootPhase_550_com.android.server.NetworkScoreService$Lifecycle took to complete: 0ms
08-16 16:52:12.879 1147 1147 I SystemServerTiming: OnBootPhase_550_com.android.server.wifi.WifiService
08-16 16:52:12.879 1147 1147 D SystemServerTiming: OnBootPhase_550_com.android.server.wifi.WifiService took to complete: 0ms
08-16 16:52:12.879 1147 1147 I SystemServerTiming: OnBootPhase_550_com.android.server.wifi.scanner.WifiScanningService
08-16 16:52:12.879 1147 1147 D SystemServerTiming: OnBootPhase_550_com.android.server.wifi.scanner.WifiScanningService took to complete: 0ms
08-16 16:52:12.879 1147 1147 I SystemServerTiming: OnBootPhase_550_com.android.server.wifi.rtt.RttService
08-16 16:52:12.879 1147 1147 D SystemServerTiming: OnBootPhase_550_com.android.server.wifi.rtt.RttService took to complete: 0ms
08-16 16:52:12.879 1147 1147 I SystemServerTiming: OnBootPhase_550_com.android.server.wifi.aware.WifiAwareService
08-16 16:52:12.879 1147 1147 D SystemServerTiming: OnBootPhase_550_com.android.server.wifi.aware.WifiAwareService took to complete: 0ms
08-16 16:52:12.879 1147 1147 I SystemServerTiming: OnBootPhase_550_com.android.server.wifi.p2p.WifiP2pService
08-16 16:52:12.879 1147 1147 D SystemServerTiming: OnBootPhase_550_com.android.server.wifi.p2p.WifiP2pService took to complete: 0ms
08-16 16:52:12.879 1147 1147 I SystemServerTiming: OnBootPhase_550_com.android.server.ethernet.EthernetService
08-16 16:52:12.879 1147 1147 D SystemServerTiming: OnBootPhase_550_com.android.server.ethernet.EthernetService took to complete: 0ms
08-16 16:52:12.879 1147 1147 I SystemServerTiming: OnBootPhase_550_com.android.server.ConnectivityServiceInitializer
08-16 16:52:12.879 1147 1147 D SystemServerTiming: OnBootPhase_550_com.android.server.ConnectivityServiceInitializer took to complete: 0ms
08-16 16:52:12.879 1147 1147 I SystemServerTiming: OnBootPhase_550_com.android.server.notification.NotificationManagerService
08-16 16:52:12.880 1147 1147 D SystemServerTiming: OnBootPhase_550_com.android.server.notification.NotificationManagerService took to complete: 0ms
08-16 16:52:12.880 1147 1147 I SystemServerTiming: OnBootPhase_550_com.android.server.storage.DeviceStorageMonitorService
08-16 16:52:12.880 1147 1147 D SystemServerTiming: OnBootPhase_550_com.android.server.storage.DeviceStorageMonitorService took to complete: 0ms
08-16 16:52:12.880 1147 1147 I SystemServerTiming: OnBootPhase_550_com.android.server.location.LocationManagerService$Lifecycle
08-16 16:52:12.880 1147 1147 D SystemServerTiming: OnBootPhase_550_com.android.server.location.LocationManagerService$Lifecycle took to complete: 0ms
08-16 16:52:12.880 1147 1147 I SystemServerTiming: OnBootPhase_550_com.android.server.timedetector.TimeDetectorService$Lifecycle
08-16 16:52:12.880 1147 1147 D SystemServerTiming: OnBootPhase_550_com.android.server.timedetector.TimeDetectorService$Lifecycle took to complete: 0ms
08-16 16:52:12.880 1147 1147 I SystemServerTiming: OnBootPhase_550_com.android.server.timezonedetector.TimeZoneDetectorService$Lifecycle
08-16 16:52:12.880 1147 1147 D SystemServerTiming: OnBootPhase_550_com.android.server.timezonedetector.TimeZoneDetectorService$Lifecycle took to complete: 0ms
08-16 16:52:12.880 1147 1147 I SystemServerTiming: OnBootPhase_550_com.android.server.timezonedetector.location.LocationTimeZoneManagerService$Lifecycle
08-16 16:52:12.880 1147 1147 D SystemServerTiming: OnBootPhase_550_com.android.server.timezonedetector.location.LocationTimeZoneManagerService$Lifecycle took to complete: 0ms
08-16 16:52:12.880 1147 1147 I SystemServerTiming: OnBootPhase_550_com.android.server.search.SearchManagerService$Lifecycle
08-16 16:52:12.880 1147 1147 D SystemServerTiming: OnBootPhase_550_com.android.server.search.SearchManagerService$Lifecycle took to complete: 0ms
08-16 16:52:12.880 1147 1147 I SystemServerTiming: OnBootPhase_550_com.android.server.wallpaper.WallpaperManagerService$Lifecycle
08-16 16:52:12.883 1147 1147 I WallpaperManagerService: No static wallpaper imagery; defaults will be shown
08-16 16:52:12.883 1147 1147 V WallpaperManagerService: bindWallpaperComponentLocked: componentName=ComponentInfo{com.android.systemui/com.android.systemui.ImageWallpaper}
08-16 16:52:12.885 1147 1147 D CompatibilityChangeReporter: Compat change id reported: 135634846; UID 10124; state: DISABLED
08-16 16:52:12.885 1147 1147 D CompatibilityChangeReporter: Compat change id reported: 177438394; UID 10124; state: DISABLED
08-16 16:52:12.885 1147 1147 D CompatibilityChangeReporter: Compat change id reported: 135772972; UID 10124; state: DISABLED
08-16 16:52:12.885 1147 1147 D CompatibilityChangeReporter: Compat change id reported: 135754954; UID 10124; state: ENABLED
08-16 16:52:12.887 1147 1284 I ActivityManager: Start proc 1833:com.android.bluetooth/1002 for service {com.android.bluetooth/com.android.bluetooth.btservice.AdapterService}
08-16 16:52:12.887 1147 1284 D CompatibilityChangeReporter: Compat change id reported: 143937733; UID 10124; state: ENABLED
08-16 16:52:12.889 1147 1147 W WallpaperManagerService: Invalid wallpaper data
08-16 16:52:12.889 1147 1147 E WallpaperManagerService: Unable to apply new wallpaper
08-16 16:52:12.890 1147 1147 D SystemServerTiming: OnBootPhase_550_com.android.server.wallpaper.WallpaperManagerService$Lifecycle took to complete: 10ms
08-16 16:52:12.890 1147 1147 I SystemServerTiming: OnBootPhase_550_com.android.server.audio.AudioService$Lifecycle
08-16 16:52:12.890 1147 1147 D SystemServerTiming: OnBootPhase_550_com.android.server.audio.AudioService$Lifecycle took to complete: 0ms
08-16 16:52:12.890 1147 1147 I SystemServerTiming: OnBootPhase_550_com.android.server.soundtrigger_middleware.SoundTriggerMiddlewareService$Lifecycle
08-16 16:52:12.890 1147 1147 D SystemServerTiming: OnBootPhase_550_com.android.server.soundtrigger_middleware.SoundTriggerMiddlewareService$Lifecycle took to complete: 0ms
08-16 16:52:12.890 1147 1147 I SystemServerTiming: OnBootPhase_550_com.android.server.DockObserver
08-16 16:52:12.890 1147 1147 D SystemServerTiming: OnBootPhase_550_com.android.server.DockObserver took to complete: 0ms
08-16 16:52:12.890 1147 1147 I SystemServerTiming: OnBootPhase_550_com.android.server.midi.MidiService$Lifecycle
08-16 16:52:12.890 1147 1147 D SystemServerTiming: OnBootPhase_550_com.android.server.midi.MidiService$Lifecycle took to complete: 0ms
08-16 16:52:12.890 1147 1147 I SystemServerTiming: OnBootPhase_550_com.android.server.adb.AdbService$Lifecycle
08-16 16:52:12.890 1147 1147 D SystemServerTiming: OnBootPhase_550_com.android.server.adb.AdbService$Lifecycle took to complete: 0ms
08-16 16:52:12.890 1147 1147 I SystemServerTiming: OnBootPhase_550_com.android.server.usb.UsbService$Lifecycle
08-16 16:52:12.891 1147 1147 D SystemServerTiming: OnBootPhase_550_com.android.server.usb.UsbService$Lifecycle took to complete: 0ms
08-16 16:52:12.891 1147 1147 I SystemServerTiming: OnBootPhase_550_com.android.server.twilight.TwilightService
08-16 16:52:12.891 1147 1147 D SystemServerTiming: OnBootPhase_550_com.android.server.twilight.TwilightService took to complete: 0ms
08-16 16:52:12.891 1147 1147 I SystemServerTiming: OnBootPhase_550_com.android.server.display.color.ColorDisplayService
08-16 16:52:12.891 1147 1147 D SystemServerTiming: OnBootPhase_550_com.android.server.display.color.ColorDisplayService took to complete: 0ms
08-16 16:52:12.891 1147 1147 I SystemServerTiming: OnBootPhase_550_com.android.server.job.JobSchedulerService
08-16 16:52:12.891 1147 1147 D SystemServerTiming: OnBootPhase_550_com.android.server.job.JobSchedulerService took to complete: 0ms
08-16 16:52:12.891 1147 1147 I SystemServerTiming: OnBootPhase_550_com.android.server.soundtrigger.SoundTriggerService
08-16 16:52:12.891 1147 1147 D SoundTriggerService: onBootPhase: 550 : false
08-16 16:52:12.891 1147 1147 D SystemServerTiming: OnBootPhase_550_com.android.server.soundtrigger.SoundTriggerService took to complete: 0ms
08-16 16:52:12.892 1147 1147 I SystemServerTiming: OnBootPhase_550_com.android.server.trust.TrustManagerService
08-16 16:52:12.892 1147 1147 D SystemServerTiming: OnBootPhase_550_com.android.server.trust.TrustManagerService took to complete: 0ms
08-16 16:52:12.892 1147 1147 I SystemServerTiming: OnBootPhase_550_com.android.server.backup.BackupManagerService$Lifecycle
08-16 16:52:12.892 1147 1147 D SystemServerTiming: OnBootPhase_550_com.android.server.backup.BackupManagerService$Lifecycle took to complete: 0ms
08-16 16:52:12.892 1147 1147 I SystemServerTiming: OnBootPhase_550_com.android.server.appwidget.AppWidgetService
08-16 16:52:12.892 1147 1147 D SystemServerTiming: OnBootPhase_550_com.android.server.appwidget.AppWidgetService took to complete: 0ms
08-16 16:52:12.892 1147 1147 I SystemServerTiming: OnBootPhase_550_com.android.server.voiceinteraction.VoiceInteractionManagerService
08-16 16:52:12.892 1147 1147 D SystemServerTiming: OnBootPhase_550_com.android.server.voiceinteraction.VoiceInteractionManagerService took to complete: 0ms
08-16 16:52:12.892 1147 1147 I SystemServerTiming: OnBootPhase_550_com.android.server.apphibernation.AppHibernationService
08-16 16:52:12.892 1147 1147 D SystemServerTiming: OnBootPhase_550_com.android.server.apphibernation.AppHibernationService took to complete: 0ms
08-16 16:52:12.892 1147 1147 I SystemServerTiming: OnBootPhase_550_com.android.server.GestureLauncherService
08-16 16:52:12.892 1147 1147 D SystemServerTiming: OnBootPhase_550_com.android.server.GestureLauncherService took to complete: 0ms
08-16 16:52:12.892 1147 1147 I SystemServerTiming: OnBootPhase_550_com.android.server.SensorNotificationService
08-16 16:52:12.892 1147 1147 D SystemServerTiming: OnBootPhase_550_com.android.server.SensorNotificationService took to complete: 0ms
08-16 16:52:12.892 1147 1147 I SystemServerTiming: OnBootPhase_550_com.android.server.emergency.EmergencyAffordanceService
08-16 16:52:12.892 1147 1147 D SystemServerTiming: OnBootPhase_550_com.android.server.emergency.EmergencyAffordanceService took to complete: 0ms
08-16 16:52:12.892 1147 1147 I SystemServerTiming: OnBootPhase_550_com.android.server.blob.BlobStoreManagerService
08-16 16:52:12.893 1147 1147 D SystemServerTiming: OnBootPhase_550_com.android.server.blob.BlobStoreManagerService took to complete: 1ms
08-16 16:52:12.893 1147 1147 I SystemServerTiming: OnBootPhase_550_com.android.server.dreams.DreamManagerService
08-16 16:52:12.893 1147 1147 D SystemServerTiming: OnBootPhase_550_com.android.server.dreams.DreamManagerService took to complete: 0ms
08-16 16:52:12.893 1147 1147 I SystemServerTiming: OnBootPhase_550_com.android.server.print.PrintManagerService
08-16 16:52:12.893 1147 1147 D SystemServerTiming: OnBootPhase_550_com.android.server.print.PrintManagerService took to complete: 0ms
08-16 16:52:12.893 1147 1147 I SystemServerTiming: OnBootPhase_550_com.android.server.companion.CompanionDeviceManagerService
08-16 16:52:12.893 1147 1147 D SystemServerTiming: OnBootPhase_550_com.android.server.companion.CompanionDeviceManagerService took to complete: 0ms
08-16 16:52:12.893 1147 1147 I SystemServerTiming: OnBootPhase_550_com.android.server.restrictions.RestrictionsManagerService
08-16 16:52:12.893 1147 1147 D SystemServerTiming: OnBootPhase_550_com.android.server.restrictions.RestrictionsManagerService took to complete: 0ms
08-16 16:52:12.893 1147 1147 I SystemServerTiming: OnBootPhase_550_com.android.server.media.MediaSessionService
08-16 16:52:12.893 1147 1147 D SystemServerTiming: OnBootPhase_550_com.android.server.media.MediaSessionService took to complete: 0ms
08-16 16:52:12.893 1147 1147 I SystemServerTiming: OnBootPhase_550_com.android.server.media.MediaResourceMonitorService
08-16 16:52:12.893 1147 1147 D SystemServerTiming: OnBootPhase_550_com.android.server.media.MediaResourceMonitorService took to complete: 0ms
08-16 16:52:12.893 1147 1147 I SystemServerTiming: OnBootPhase_550_com.android.server.biometrics.sensors.fingerprint.FingerprintService
08-16 16:52:12.893 1147 1147 D SystemServerTiming: OnBootPhase_550_com.android.server.biometrics.sensors.fingerprint.FingerprintService took to complete: 0ms
08-16 16:52:12.893 1147 1147 I SystemServerTiming: OnBootPhase_550_com.android.server.biometrics.BiometricService
08-16 16:52:12.893 1147 1147 D SystemServerTiming: OnBootPhase_550_com.android.server.biometrics.BiometricService took to complete: 0ms
08-16 16:52:12.893 1147 1147 I SystemServerTiming: OnBootPhase_550_com.android.server.biometrics.AuthService
08-16 16:52:12.893 1147 1147 D SystemServerTiming: OnBootPhase_550_com.android.server.biometrics.AuthService took to complete: 0ms
08-16 16:52:12.893 1147 1147 I SystemServerTiming: OnBootPhase_550_com.android.server.pm.ShortcutService$Lifecycle
08-16 16:52:12.893 1147 1147 D SystemServerTiming: OnBootPhase_550_com.android.server.pm.ShortcutService$Lifecycle took to complete: 0ms
08-16 16:52:12.894 1147 1147 I SystemServerTiming: OnBootPhase_550_com.android.server.pm.LauncherAppsService
08-16 16:52:12.894 1147 1147 D SystemServerTiming: OnBootPhase_550_com.android.server.pm.LauncherAppsService took to complete: 0ms
08-16 16:52:12.894 1147 1147 I SystemServerTiming: OnBootPhase_550_com.android.server.pm.CrossProfileAppsService
08-16 16:52:12.894 1147 1147 D SystemServerTiming: OnBootPhase_550_com.android.server.pm.CrossProfileAppsService took to complete: 0ms
08-16 16:52:12.894 1147 1147 I SystemServerTiming: OnBootPhase_550_com.android.server.people.PeopleService
08-16 16:52:12.894 1147 1147 D SystemServerTiming: OnBootPhase_550_com.android.server.people.PeopleService took to complete: 0ms
08-16 16:52:12.894 1147 1147 I SystemServerTiming: OnBootPhase_550_com.android.server.media.metrics.MediaMetricsManagerService
08-16 16:52:12.894 1147 1147 D SystemServerTiming: OnBootPhase_550_com.android.server.media.metrics.MediaMetricsManagerService took to complete: 0ms
08-16 16:52:12.894 1147 1147 I SystemServerTiming: OnBootPhase_550_com.android.server.media.projection.MediaProjectionManagerService
08-16 16:52:12.894 1147 1147 D SystemServerTiming: OnBootPhase_550_com.android.server.media.projection.MediaProjectionManagerService took to complete: 0ms
08-16 16:52:12.894 1147 1147 I SystemServerTiming: OnBootPhase_550_com.android.server.slice.SliceManagerService$Lifecycle
08-16 16:52:12.894 1147 1147 D SystemServerTiming: OnBootPhase_550_com.android.server.slice.SliceManagerService$Lifecycle took to complete: 0ms
08-16 16:52:12.894 1147 1147 I SystemServerTiming: OnBootPhase_550_com.android.server.stats.StatsCompanion$Lifecycle
08-16 16:52:12.894 1147 1147 D SystemServerTiming: OnBootPhase_550_com.android.server.stats.StatsCompanion$Lifecycle took to complete: 0ms
08-16 16:52:12.894 1147 1147 I SystemServerTiming: OnBootPhase_550_com.android.server.scheduling.RebootReadinessManagerService$Lifecycle
08-16 16:52:12.894 1147 1147 D SystemServerTiming: OnBootPhase_550_com.android.server.scheduling.RebootReadinessManagerService$Lifecycle took to complete: 0ms
08-16 16:52:12.894 1147 1147 I SystemServerTiming: OnBootPhase_550_com.android.server.stats.pull.StatsPullAtomService
08-16 16:52:12.894 1147 1147 D SystemServerTiming: OnBootPhase_550_com.android.server.stats.pull.StatsPullAtomService took to complete: 0ms
08-16 16:52:12.894 1147 1147 I SystemServerTiming: OnBootPhase_550_com.android.server.incident.IncidentCompanionService
08-16 16:52:12.894 1147 1147 D SystemServerTiming: OnBootPhase_550_com.android.server.incident.IncidentCompanionService took to complete: 0ms
08-16 16:52:12.894 1147 1147 I SystemServerTiming: OnBootPhase_550_com.android.server.MmsServiceBroker
08-16 16:52:12.894 1147 1147 D SystemServerTiming: OnBootPhase_550_com.android.server.MmsServiceBroker took to complete: 0ms
08-16 16:52:12.894 1147 1147 I SystemServerTiming: OnBootPhase_550_com.android.server.autofill.AutofillManagerService
08-16 16:52:12.894 1147 1147 D SystemServerTiming: OnBootPhase_550_com.android.server.autofill.AutofillManagerService took to complete: 0ms
08-16 16:52:12.894 1147 1147 I SystemServerTiming: OnBootPhase_550_com.android.server.clipboard.ClipboardService
08-16 16:52:12.895 1147 1147 D SystemServerTiming: OnBootPhase_550_com.android.server.clipboard.ClipboardService took to complete: 0ms
08-16 16:52:12.895 1147 1147 I SystemServerTiming: OnBootPhase_550_com.android.server.appbinding.AppBindingService$Lifecycle
08-16 16:52:12.895 1147 1695 I SystemServerTimingAsync: InitThreadPoolExec:UsbService$Lifecycle#onBootPhase
08-16 16:52:12.895 1147 1695 D SystemServerInitThreadPool: Started executing UsbService$Lifecycle#onBootPhase
08-16 16:52:12.895 1147 1147 I AppBindingService: Updating constants with: null
08-16 16:52:12.895 1147 1147 D SystemServerTiming: OnBootPhase_550_com.android.server.appbinding.AppBindingService$Lifecycle took to complete: 1ms
08-16 16:52:12.895 1147 1770 W BluetoothManagerService: bindBluetoothProfileService:Trying to bind to profile: 1, while Bluetooth is disabled
08-16 16:52:12.896 1147 1147 I SystemServerTiming: OnBootPhase_550_com.android.server.tracing.TracingServiceProxy
08-16 16:52:12.897 1147 1147 D SystemServerTiming: OnBootPhase_550_com.android.server.tracing.TracingServiceProxy took to complete: 0ms
08-16 16:52:12.897 1147 1147 I SystemServerTiming: OnBootPhase_550_com.android.server.policy.PermissionPolicyService
08-16 16:52:12.897 1147 1679 I UsbPortManager: ClientCallback V1_2:
08-16 16:52:12.898 1147 1223 I UsbPortManager: USB port added: port=UsbPort{id=, supportedModes=nonesupportedContaminantProtectionModes=0supportsEnableContaminantPresenceProtection=falsesupportsEnableContaminantPresenceDetection=false, status=UsbPortStatus{connected=false, currentMode=none, currentPowerRole=no-power, currentDataRole=no-data, supportedRoleCombinations=[no-power:no-data], contaminantDetectionStatus=0, contaminantProtectionStatus=0}, canChangeMode=false, canChangePowerRole=false, canChangeDataRole=false, connectedAtMillis=0, lastConnectDurationMillis=0
08-16 16:52:12.898 1147 1695 D SystemServerInitThreadPool: Finished executing UsbService$Lifecycle#onBootPhase
08-16 16:52:12.898 1147 1695 D SystemServerTimingAsync: InitThreadPoolExec:UsbService$Lifecycle#onBootPhase took to complete: 3ms
01-01 04:41:14.994 0 0 I cnss-daemon: wlfw_qmi_ind_cb: Receive Ind : 0x2a
01-01 04:41:15.130 0 0 I binder : 1833:1833 ioctl 40046210 7fc7d797e4 returned -22
08-16 16:52:12.942 1147 1284 W ActivityManager: Slow operation: 58ms so far, now at startProcess: done updating battery stats
08-16 16:52:12.942 1147 1284 W ActivityManager: Slow operation: 58ms so far, now at startProcess: building log message
08-16 16:52:12.942 1147 1284 I ActivityManager: Start proc 1836:com.android.systemui/u0a124 for service {com.android.systemui/com.android.systemui.ImageWallpaper}
08-16 16:52:12.943 1147 1284 W ActivityManager: Slow operation: 58ms so far, now at startProcess: starting to update pids map
08-16 16:52:12.945 1147 1284 W ActivityManager: Slow operation: 60ms so far, now at startProcess: done updating pids map
08-16 16:52:12.948 1147 1147 I PackageManager: Permission ownership changed. Updating all permissions.
08-16 16:52:12.983 1147 1808 D CompatibilityChangeReporter: Compat change id reported: 168419799; UID 1002; state: DISABLED
08-16 16:52:12.987 1147 1147 W SystemServiceManager: Service com.android.server.policy.PermissionPolicyService took 90 ms in onBootPhase
08-16 16:52:12.987 1147 1147 D SystemServerTiming: OnBootPhase_550_com.android.server.policy.PermissionPolicyService took to complete: 90ms
08-16 16:52:12.987 1147 1147 I SystemServerTiming: OnBootPhase_550_com.android.server.pm.StagingManager$Lifecycle
08-16 16:52:12.987 1147 1147 D SystemServerTiming: OnBootPhase_550_com.android.server.pm.StagingManager$Lifecycle took to complete: 0ms
08-16 16:52:12.987 1147 1147 I SystemServerTiming: OnBootPhase_550_com.android.server.app.GameManagerService$Lifecycle
08-16 16:52:12.987 1147 1147 D SystemServerTiming: OnBootPhase_550_com.android.server.app.GameManagerService$Lifecycle took to complete: 0ms
08-16 16:52:12.987 1147 1147 I SystemServerTiming: OnBootPhase_550_com.android.server.appsearch.AppSearchManagerService
08-16 16:52:12.987 1147 1147 D SystemServerTiming: OnBootPhase_550_com.android.server.appsearch.AppSearchManagerService took to complete: 0ms
08-16 16:52:12.987 1147 1147 I SystemServerTiming: OnBootPhase_550_com.android.server.media.MediaCommunicationService
08-16 16:52:12.987 1147 1147 D SystemServerTiming: OnBootPhase_550_com.android.server.media.MediaCommunicationService took to complete: 0ms
08-16 16:52:12.987 1147 1147 D SystemServerTiming: OnBootPhase_550 took to complete: 173ms
08-16 16:52:12.987 1147 1147 D SystemServerTiming: StartActivityManagerReadyPhase took to complete: 173ms
08-16 16:52:12.987 1147 1147 I SystemServerTiming: StartObservingNativeCrashes
08-16 16:52:12.995 1147 1147 D SystemServerTiming: StartObservingNativeCrashes took to complete: 8ms
08-16 16:52:12.995 1147 1147 I SystemServerTiming: RegisterAppOpsPolicy
08-16 16:52:12.999 1147 1147 D SystemServerTiming: RegisterAppOpsPolicy took to complete: 4ms
08-16 16:52:12.999 1147 1147 I SystemServerTiming: MakeNetworkManagementServiceReady
08-16 16:52:12.999 1147 1230 I SystemServerTimingAsync: InitThreadPoolExec:WebViewFactoryPreparation
08-16 16:52:12.999 1147 1230 D SystemServerInitThreadPool: Started executing WebViewFactoryPreparation
08-16 16:52:12.999 1147 1230 I SystemServer: WebViewFactoryPreparation
08-16 16:52:12.999 1147 1230 I SystemServerTimingAsync: WebViewFactoryPreparation
08-16 16:52:13.001 1147 1230 D CompatibilityChangeReporter: Compat change id reported: 135634846; UID 1000; state: DISABLED
08-16 16:52:13.001 1147 1230 D CompatibilityChangeReporter: Compat change id reported: 177438394; UID 1000; state: DISABLED
08-16 16:52:13.001 1147 1230 D CompatibilityChangeReporter: Compat change id reported: 135772972; UID 1000; state: DISABLED
08-16 16:52:13.001 1147 1230 D CompatibilityChangeReporter: Compat change id reported: 178038272; UID 1000; state: DISABLED
08-16 16:52:13.002 1147 1230 D SystemServerTimingAsync: WebViewFactoryPreparation took to complete: 3ms
08-16 16:52:13.002 1147 1230 D SystemServerInitThreadPool: Finished executing WebViewFactoryPreparation
08-16 16:52:13.002 1147 1230 D SystemServerTimingAsync: InitThreadPoolExec:WebViewFactoryPreparation took to complete: 3ms
08-16 16:52:13.002 1147 1147 D SystemServerTiming: MakeNetworkManagementServiceReady took to complete: 3ms
08-16 16:52:13.002 1147 1147 I SystemServerTiming: MakeIpSecServiceReady
08-16 16:52:13.005 1147 1147 D IpSecService: IpSecService is ready
08-16 16:52:13.006 1147 1147 D SystemServerTiming: MakeIpSecServiceReady took to complete: 3ms
08-16 16:52:13.006 1147 1147 I SystemServerTiming: MakeNetworkStatsServiceReady
08-16 16:52:13.010 1147 1699 W NetworkPolicy: setRestrictBackgroundUL: already false
01-01 04:41:15.212 0 0 I binder : 1836:1836 ioctl 40046210 7fc7d797e4 returned -22
08-16 16:52:13.033 1147 1808 D CompatibilityChangeReporter: Compat change id reported: 168419799; UID 10124; state: DISABLED
08-16 16:52:13.040 1147 1147 D SystemServerTiming: MakeNetworkStatsServiceReady took to complete: 34ms
08-16 16:52:13.040 1147 1147 I SystemServerTiming: MakeConnectivityServiceReady
08-16 16:52:13.068 1147 1147 D SystemServerTiming: MakeConnectivityServiceReady took to complete: 28ms
08-16 16:52:13.068 1147 1147 I SystemServerTiming: MakeVpnManagerServiceReady
08-16 16:52:13.076 1147 1147 D SystemServerTiming: MakeVpnManagerServiceReady took to complete: 8ms
08-16 16:52:13.076 1147 1147 I SystemServerTiming: MakeVcnManagementServiceReady
08-16 16:52:13.080 1147 1147 D SystemServerTiming: MakeVcnManagementServiceReady took to complete: 4ms
08-16 16:52:13.080 1147 1147 I SystemServerTiming: MakeNetworkPolicyServiceReady
08-16 16:52:13.080 1147 1147 D SystemServerTiming: MakeNetworkPolicyServiceReady took to complete: 0ms
08-16 16:52:13.080 1147 1147 I SystemServerTiming: PhaseThirdPartyAppsCanStart
08-16 16:52:13.080 1147 1147 I SystemServiceManager: Starting phase 600
08-16 16:52:13.080 1147 1147 I SystemServerTiming: OnBootPhase_600
08-16 16:52:13.081 1147 1147 I SystemServerTiming: OnBootPhase_600_com.android.server.security.FileIntegrityService
08-16 16:52:13.081 1147 1147 D SystemServerTiming: OnBootPhase_600_com.android.server.security.FileIntegrityService took to complete: 0ms
08-16 16:52:13.081 1147 1147 I SystemServerTiming: OnBootPhase_600_com.android.server.pm.Installer
08-16 16:52:13.081 1147 1147 D SystemServerTiming: OnBootPhase_600_com.android.server.pm.Installer took to complete: 0ms
08-16 16:52:13.081 1147 1147 I SystemServerTiming: OnBootPhase_600_com.android.server.os.DeviceIdentifiersPolicyService
08-16 16:52:13.081 1147 1147 D SystemServerTiming: OnBootPhase_600_com.android.server.os.DeviceIdentifiersPolicyService took to complete: 0ms
08-16 16:52:13.081 1147 1147 I SystemServerTiming: OnBootPhase_600_com.android.server.uri.UriGrantsManagerService$Lifecycle
08-16 16:52:13.081 1147 1147 D SystemServerTiming: OnBootPhase_600_com.android.server.uri.UriGrantsManagerService$Lifecycle took to complete: 0ms
08-16 16:52:13.081 1147 1147 I SystemServerTiming: OnBootPhase_600_com.android.server.powerstats.PowerStatsService
08-16 16:52:13.081 1147 1147 D SystemServerTiming: OnBootPhase_600_com.android.server.powerstats.PowerStatsService took to complete: 0ms
08-16 16:52:13.081 1147 1147 I SystemServerTiming: OnBootPhase_600_com.android.server.wm.ActivityTaskManagerService$Lifecycle
08-16 16:52:13.082 1147 1147 D SystemServerTiming: OnBootPhase_600_com.android.server.wm.ActivityTaskManagerService$Lifecycle took to complete: 0ms
08-16 16:52:13.082 1147 1147 I SystemServerTiming: OnBootPhase_600_com.android.server.am.ActivityManagerService$Lifecycle
08-16 16:52:13.082 1147 1147 I ExplicitHealthCheckController: Explicit health checks enabled.
08-16 16:52:13.083 1147 1147 I PackageWatchdog: Syncing state, reason: health check state enabled
08-16 16:52:13.083 1147 1147 I PackageWatchdog: Not pruning observers, elapsed time: 0ms
08-16 16:52:13.084 1147 1147 I PackageWatchdog: Cancelling state sync, nothing to sync
08-16 16:52:13.084 1147 1147 D SystemServerTiming: OnBootPhase_600_com.android.server.am.ActivityManagerService$Lifecycle took to complete: 2ms
08-16 16:52:13.084 1147 1147 I SystemServerTiming: OnBootPhase_600_com.android.server.pm.DataLoaderManagerService
08-16 16:52:13.084 1147 1147 D SystemServerTiming: OnBootPhase_600_com.android.server.pm.DataLoaderManagerService took to complete: 0ms
08-16 16:52:13.084 1147 1147 I SystemServerTiming: OnBootPhase_600_com.android.server.power.PowerManagerService
08-16 16:52:13.085 1147 1147 D SystemServerTiming: OnBootPhase_600_com.android.server.power.PowerManagerService took to complete: 0ms
08-16 16:52:13.085 1147 1147 I SystemServerTiming: OnBootPhase_600_com.android.server.power.ThermalManagerService
08-16 16:52:13.085 1147 1147 D SystemServerTiming: OnBootPhase_600_com.android.server.power.ThermalManagerService took to complete: 0ms
08-16 16:52:13.085 1147 1147 I SystemServerTiming: OnBootPhase_600_com.android.server.power.hint.HintManagerService
08-16 16:52:13.085 1147 1147 D SystemServerTiming: OnBootPhase_600_com.android.server.power.hint.HintManagerService took to complete: 0ms
08-16 16:52:13.085 1147 1147 I SystemServerTiming: OnBootPhase_600_com.android.server.recoverysystem.RecoverySystemService$Lifecycle
08-16 16:52:13.085 1147 1147 D SystemServerTiming: OnBootPhase_600_com.android.server.recoverysystem.RecoverySystemService$Lifecycle took to complete: 0ms
08-16 16:52:13.085 1147 1147 I SystemServerTiming: OnBootPhase_600_com.android.server.lights.LightsService
08-16 16:52:13.085 1147 1147 D SystemServerTiming: OnBootPhase_600_com.android.server.lights.LightsService took to complete: 0ms
08-16 16:52:13.085 1147 1147 I SystemServerTiming: OnBootPhase_600_com.android.server.display.DisplayManagerService
08-16 16:52:13.085 1147 1147 D SystemServerTiming: OnBootPhase_600_com.android.server.display.DisplayManagerService took to complete: 0ms
08-16 16:52:13.085 1147 1147 I SystemServerTiming: OnBootPhase_600_com.android.server.pm.verify.domain.DomainVerificationService
08-16 16:52:13.085 1147 1147 D SystemServerTiming: OnBootPhase_600_com.android.server.pm.verify.domain.DomainVerificationService took to complete: 0ms
08-16 16:52:13.085 1147 1147 I SystemServerTiming: OnBootPhase_600_com.android.server.pm.PackageInstallerService$Lifecycle
08-16 16:52:13.085 1147 1147 D SystemServerTiming: OnBootPhase_600_com.android.server.pm.PackageInstallerService$Lifecycle took to complete: 0ms
08-16 16:52:13.085 1147 1147 I SystemServerTiming: OnBootPhase_600_com.android.server.pm.UserManagerService$LifeCycle
08-16 16:52:13.085 1147 1147 D SystemServerTiming: OnBootPhase_600_com.android.server.pm.UserManagerService$LifeCycle took to complete: 0ms
08-16 16:52:13.085 1147 1147 I SystemServerTiming: OnBootPhase_600_com.android.server.om.OverlayManagerService
08-16 16:52:13.085 1147 1147 D SystemServerTiming: OnBootPhase_600_com.android.server.om.OverlayManagerService took to complete: 0ms
08-16 16:52:13.085 1147 1147 I SystemServerTiming: OnBootPhase_600_com.android.server.SensorPrivacyService
08-16 16:52:13.085 1147 1147 D SystemServerTiming: OnBootPhase_600_com.android.server.SensorPrivacyService took to complete: 0ms
08-16 16:52:13.085 1147 1147 I SystemServerTiming: OnBootPhase_600_com.android.server.sensors.SensorService
08-16 16:52:13.086 1147 1147 D SystemServerTiming: OnBootPhase_600_com.android.server.sensors.SensorService took to complete: 0ms
08-16 16:52:13.086 1147 1147 I SystemServerTiming: OnBootPhase_600_com.android.server.SystemConfigService
08-16 16:52:13.086 1147 1147 D SystemServerTiming: OnBootPhase_600_com.android.server.SystemConfigService took to complete: 0ms
08-16 16:52:13.086 1147 1147 I SystemServerTiming: OnBootPhase_600_com.android.server.BatteryService
08-16 16:52:13.086 1147 1147 D SystemServerTiming: OnBootPhase_600_com.android.server.BatteryService took to complete: 0ms
08-16 16:52:13.086 1147 1265 I PackageWatchdog: Saving observer state to file
08-16 16:52:13.086 1147 1147 I SystemServerTiming: OnBootPhase_600_com.android.server.usage.UsageStatsService
08-16 16:52:13.086 1147 1147 D SystemServerTiming: OnBootPhase_600_com.android.server.usage.UsageStatsService took to complete: 0ms
08-16 16:52:13.086 1147 1147 I SystemServerTiming: OnBootPhase_600_com.android.server.webkit.WebViewUpdateService
08-16 16:52:13.086 1147 1147 D SystemServerTiming: OnBootPhase_600_com.android.server.webkit.WebViewUpdateService took to complete: 0ms
08-16 16:52:13.086 1147 1147 I SystemServerTiming: OnBootPhase_600_com.android.server.CachedDeviceStateService
08-16 16:52:13.086 1147 1147 D SystemServerTiming: OnBootPhase_600_com.android.server.CachedDeviceStateService took to complete: 0ms
08-16 16:52:13.086 1147 1147 I SystemServerTiming: OnBootPhase_600_com.android.server.BinderCallsStatsService$LifeCycle
08-16 16:52:13.086 1147 1147 D SystemServerTiming: OnBootPhase_600_com.android.server.BinderCallsStatsService$LifeCycle took to complete: 0ms
08-16 16:52:13.086 1147 1147 I SystemServerTiming: OnBootPhase_600_com.android.server.LooperStatsService$Lifecycle
08-16 16:52:13.086 1147 1147 D SystemServerTiming: OnBootPhase_600_com.android.server.LooperStatsService$Lifecycle took to complete: 0ms
08-16 16:52:13.087 1147 1147 I SystemServerTiming: OnBootPhase_600_com.android.server.rollback.RollbackManagerService
08-16 16:52:13.087 1147 1147 D SystemServerTiming: OnBootPhase_600_com.android.server.rollback.RollbackManagerService took to complete: 0ms
08-16 16:52:13.087 1147 1147 I SystemServerTiming: OnBootPhase_600_com.android.server.os.NativeTombstoneManagerService
08-16 16:52:13.087 1147 1147 D SystemServerTiming: OnBootPhase_600_com.android.server.os.NativeTombstoneManagerService took to complete: 0ms
08-16 16:52:13.087 1147 1147 I SystemServerTiming: OnBootPhase_600_com.android.server.os.BugreportManagerService
08-16 16:52:13.087 1147 1147 D SystemServerTiming: OnBootPhase_600_com.android.server.os.BugreportManagerService took to complete: 0ms
08-16 16:52:13.087 1147 1147 I SystemServerTiming: OnBootPhase_600_com.android.server.gpu.GpuService
08-16 16:52:13.087 1147 1147 D SystemServerTiming: OnBootPhase_600_com.android.server.gpu.GpuService took to complete: 0ms
08-16 16:52:13.087 1147 1147 I SystemServerTiming: OnBootPhase_600_com.android.server.security.KeyChainSystemService
08-16 16:52:13.087 1147 1147 D SystemServerTiming: OnBootPhase_600_com.android.server.security.KeyChainSystemService took to complete: 0ms
08-16 16:52:13.087 1147 1147 I SystemServerTiming: OnBootPhase_600_com.android.server.telecom.TelecomLoaderService
08-16 16:52:13.087 1147 1147 D SystemServerTiming: OnBootPhase_600_com.android.server.telecom.TelecomLoaderService took to complete: 0ms
08-16 16:52:13.087 1147 1147 I SystemServerTiming: OnBootPhase_600_com.android.server.accounts.AccountManagerService$Lifecycle
08-16 16:52:13.087 1147 1147 D SystemServerTiming: OnBootPhase_600_com.android.server.accounts.AccountManagerService$Lifecycle took to complete: 0ms
08-16 16:52:13.087 1147 1147 I SystemServerTiming: OnBootPhase_600_com.android.server.content.ContentService$Lifecycle
08-16 16:52:13.087 1147 1147 D SystemServerTiming: OnBootPhase_600_com.android.server.content.ContentService$Lifecycle took to complete: 0ms
08-16 16:52:13.087 1147 1147 I SystemServerTiming: OnBootPhase_600_com.android.server.DropBoxManagerService
08-16 16:52:13.087 1147 1147 D SystemServerTiming: OnBootPhase_600_com.android.server.DropBoxManagerService took to complete: 0ms
08-16 16:52:13.087 1147 1147 I SystemServerTiming: OnBootPhase_600_com.android.role.RoleService
08-16 16:52:13.087 1147 1147 D SystemServerTiming: OnBootPhase_600_com.android.role.RoleService took to complete: 0ms
08-16 16:52:13.087 1147 1147 I SystemServerTiming: OnBootPhase_600_com.android.server.vibrator.VibratorManagerService$Lifecycle
08-16 16:52:13.088 1147 1147 D SystemServerTiming: OnBootPhase_600_com.android.server.vibrator.VibratorManagerService$Lifecycle took to complete: 0ms
08-16 16:52:13.088 1147 1147 I SystemServerTiming: OnBootPhase_600_com.android.server.alarm.AlarmManagerService
08-16 16:52:13.088 1147 1147 D SystemServerTiming: OnBootPhase_600_com.android.server.alarm.AlarmManagerService took to complete: 0ms
08-16 16:52:13.088 1147 1147 I SystemServerTiming: OnBootPhase_600_com.android.server.devicestate.DeviceStateManagerService
08-16 16:52:13.088 1147 1147 D SystemServerTiming: OnBootPhase_600_com.android.server.devicestate.DeviceStateManagerService took to complete: 0ms
08-16 16:52:13.088 1147 1147 I SystemServerTiming: OnBootPhase_600_com.android.server.camera.CameraServiceProxy
08-16 16:52:13.088 1147 1147 D SystemServerTiming: OnBootPhase_600_com.android.server.camera.CameraServiceProxy took to complete: 0ms
08-16 16:52:13.088 1147 1147 I SystemServerTiming: OnBootPhase_600_com.android.server.BluetoothService
08-16 16:52:13.088 1147 1147 D SystemServerTiming: OnBootPhase_600_com.android.server.BluetoothService took to complete: 0ms
08-16 16:52:13.088 1147 1147 I SystemServerTiming: OnBootPhase_600_com.android.server.connectivity.IpConnectivityMetrics
08-16 16:52:13.088 1147 1147 D SystemServerTiming: OnBootPhase_600_com.android.server.connectivity.IpConnectivityMetrics took to complete: 0ms
08-16 16:52:13.088 1147 1147 I SystemServerTiming: OnBootPhase_600_com.android.server.net.watchlist.NetworkWatchlistService$Lifecycle
08-16 16:52:13.088 1147 1147 D SystemServerTiming: OnBootPhase_600_com.android.server.net.watchlist.NetworkWatchlistService$Lifecycle took to complete: 0ms
08-16 16:52:13.088 1147 1147 I SystemServerTiming: OnBootPhase_600_com.android.server.PinnerService
08-16 16:52:13.088 1147 1147 D SystemServerTiming: OnBootPhase_600_com.android.server.PinnerService took to complete: 0ms
08-16 16:52:13.088 1147 1147 I SystemServerTiming: OnBootPhase_600_com.google.android.startop.iorap.IorapForwardingService
08-16 16:52:13.088 1147 1147 D SystemServerTiming: OnBootPhase_600_com.google.android.startop.iorap.IorapForwardingService took to complete: 0ms
08-16 16:52:13.088 1147 1147 I SystemServerTiming: OnBootPhase_600_com.android.server.ActivityTriggerService
08-16 16:52:13.088 1147 1147 D SystemServerTiming: OnBootPhase_600_com.android.server.ActivityTriggerService took to complete: 0ms
08-16 16:52:13.088 1147 1147 I SystemServerTiming: OnBootPhase_600_com.android.server.integrity.AppIntegrityManagerService
08-16 16:52:13.088 1147 1147 D SystemServerTiming: OnBootPhase_600_com.android.server.integrity.AppIntegrityManagerService took to complete: 0ms
08-16 16:52:13.088 1147 1147 I SystemServerTiming: OnBootPhase_600_com.android.server.inputmethod.InputMethodManagerService$Lifecycle
08-16 16:52:13.088 1147 1147 D SystemServerTiming: OnBootPhase_600_com.android.server.inputmethod.InputMethodManagerService$Lifecycle took to complete: 0ms
08-16 16:52:13.089 1147 1147 I SystemServerTiming: OnBootPhase_600_com.android.server.accessibility.AccessibilityManagerService$Lifecycle
08-16 16:52:13.089 1147 1147 D SystemServerTiming: OnBootPhase_600_com.android.server.accessibility.AccessibilityManagerService$Lifecycle took to complete: 0ms
08-16 16:52:13.089 1147 1147 I SystemServerTiming: OnBootPhase_600_com.android.server.StorageManagerService$Lifecycle
08-16 16:52:13.089 1147 1147 D SystemServerTiming: OnBootPhase_600_com.android.server.StorageManagerService$Lifecycle took to complete: 0ms
08-16 16:52:13.089 1147 1147 I SystemServerTiming: OnBootPhase_600_com.android.server.usage.StorageStatsService$Lifecycle
08-16 16:52:13.089 1147 1147 D SystemServerTiming: OnBootPhase_600_com.android.server.usage.StorageStatsService$Lifecycle took to complete: 0ms
08-16 16:52:13.089 1147 1147 I SystemServerTiming: OnBootPhase_600_com.android.server.UiModeManagerService
08-16 16:52:13.089 1147 1147 D SystemServerTiming: OnBootPhase_600_com.android.server.UiModeManagerService took to complete: 0ms
08-16 16:52:13.089 1147 1147 I SystemServerTiming: OnBootPhase_600_com.android.server.locksettings.LockSettingsService$Lifecycle
08-16 16:52:13.089 1147 1147 D SystemServerTiming: OnBootPhase_600_com.android.server.locksettings.LockSettingsService$Lifecycle took to complete: 0ms
08-16 16:52:13.089 1147 1147 I SystemServerTiming: OnBootPhase_600_com.android.server.PersistentDataBlockService
08-16 16:52:13.089 1147 1147 D SystemServerTiming: OnBootPhase_600_com.android.server.PersistentDataBlockService took to complete: 0ms
08-16 16:52:13.089 1147 1147 I SystemServerTiming: OnBootPhase_600_com.android.server.testharness.TestHarnessModeService
08-16 16:52:13.089 1147 1147 D SystemServerTiming: OnBootPhase_600_com.android.server.testharness.TestHarnessModeService took to complete: 0ms
08-16 16:52:13.089 1147 1147 I SystemServerTiming: OnBootPhase_600_com.android.server.oemlock.OemLockService
08-16 16:52:13.089 1147 1147 D SystemServerTiming: OnBootPhase_600_com.android.server.oemlock.OemLockService took to complete: 0ms
08-16 16:52:13.089 1147 1147 I SystemServerTiming: OnBootPhase_600_com.android.server.DeviceIdleController
08-16 16:52:13.089 1147 1147 D SystemServerTiming: OnBootPhase_600_com.android.server.DeviceIdleController took to complete: 0ms
08-16 16:52:13.089 1147 1147 I SystemServerTiming: OnBootPhase_600_com.android.server.devicepolicy.DevicePolicyManagerService$Lifecycle
08-16 16:52:13.089 1147 1147 D SystemServerTiming: OnBootPhase_600_com.android.server.devicepolicy.DevicePolicyManagerService$Lifecycle took to complete: 0ms
08-16 16:52:13.089 1147 1147 I SystemServerTiming: OnBootPhase_600_com.android.server.texttospeech.TextToSpeechManagerService
08-16 16:52:13.090 1147 1147 D SystemServerTiming: OnBootPhase_600_com.android.server.texttospeech.TextToSpeechManagerService took to complete: 1ms
08-16 16:52:13.090 1147 1147 I SystemServerTiming: OnBootPhase_600_com.android.server.speech.SpeechRecognitionManagerService
08-16 16:52:13.090 1147 1147 D SystemServerTiming: OnBootPhase_600_com.android.server.speech.SpeechRecognitionManagerService took to complete: 0ms
08-16 16:52:13.090 1147 1147 I SystemServerTiming: OnBootPhase_600_com.android.server.searchui.SearchUiManagerService
