01-01 04:41:18.925 0 0 I [kworke][0x51c493bb][16:52:16.734137] wlan: [333:I:IPA] wlan_ipa_wdi_init: 540: ipa_over_gsi: 1, is_smmu_enabled: 1
01-01 04:41:18.931 0 0 I [kworke][0x51c65b53][16:52:16.740212] wlan: [333:I:REGULATORY] reg_set_band: 483: set band bitmap: 3
01-01 04:41:18.931 0 0 I [kworke][0x51c679a7][16:52:16.740616] wlan: [333:I:HIF] Initializing Runtime PM wakelock &ctx->dfs
01-01 04:41:18.931 0 0 I [kworke][0x51c67a79][16:52:16.740627] wlan: [333:I:HIF] Initializing Runtime PM wakelock &ctx->connect
01-01 04:41:18.931 0 0 I [kworke][0x51c67b2d][16:52:16.740636] wlan: [333:I:HIF] Initializing Runtime PM wakelock &ctx->user
01-01 04:41:18.931 0 0 I [kworke][0x51c67c09][16:52:16.740648] wlan: [333:I:HIF] Initializing Runtime PM wakelock &scan_priv->runtime_pm_lock
01-01 04:41:18.931 0 0 I [kworke][0x51c67da0][16:52:16.740669] wlan: [333:I:GREEN_AP] target_if_green_ap_register_egap_event_handler: 131: Set the Enhance Green AP event handler
01-01 04:41:18.931 0 0 E [kworke][0x51c67e72][16:52:16.740680] wlan: [333:E:QDF] dp_peer_map_attach_wifi3: 10048: dp_peer_map_attach_wifi3 max_peers 55, max_ast_index: 144
01-01 04:41:18.947 0 0 I [kworke][0x51cb3c4e][16:52:16.756865] wlan: [333:I:DP]
01-01 04:41:18.947 0 0 I : <=== cfg max peer id 55 ====>
01-01 04:41:18.947 0 0 I [kworke][0x51cb3e54][16:52:16.756892] wlan: [333:I:DP]
01-01 04:41:18.947 0 0 I : <=== cfg max ast idx 144 ====>
01-01 04:41:18.947 0 0 I [kworke][0x51cb3f9f][16:52:16.756909] wlan: [333:I:DP] ast hash_elems: 512, max_ast_idx: 144
01-01 04:41:18.949 0 0 I [kworke][0x51cbcf98][16:52:16.758830] wlan: [82:I:WMA] wma_wait_for_ready_event: 6926: FW ready event received
01-01 04:41:18.959 0 0 E [kworke][0x51cea6ba][16:52:16.768524] wlan: [82:E:WMI] send_action_oui_cmd_tlv: 220: Invalid action id
01-01 04:41:18.970 0 0 E [kworke][0x51d1f736][16:52:16.779837] wlan: [82:E:action_oui] ucfg_action_oui_send: 160: Failed to send: 7
01-01 04:41:18.982 0 0 E [kworke][0x51d54276][16:52:16.791080] wlan: [82:E:WMI] send_action_oui_cmd_tlv: 220: Invalid action id
01-01 04:41:18.993 0 0 E [kworke][0x51d884d2][16:52:16.802205] wlan: [82:E:action_oui] ucfg_action_oui_send: 160: Failed to send: 9
01-01 04:41:19.004 0 0 E [kworke][0x51dbcde2][16:52:16.813419] wlan: [82:E:HDD] hdd_action_oui_send: 13281: Failed to send one or all action_ouis
01-01 04:41:19.037 0 0 D cnss : dma-coherent is enabled
01-01 04:41:19.037 0 0 D cnss : IOMMU map: iova b0000000, len 4096
01-01 04:41:19.037 0 0 D cnss : IOMMU map: iova_addr b0000040
01-01 04:41:19.037 0 0 D cnss : dma-coherent is enabled
01-01 04:41:19.037 0 0 D cnss : IOMMU map: iova b0001000, len 4096
01-01 04:41:19.037 0 0 D cnss : IOMMU map: iova_addr b0001018
08-16 16:52:16.870 1147 2598 D Fingerprint21: Daemon was null, reconnecting, current operation: null
01-01 04:41:19.050 0 0 E [kworke][0x51e93d77][16:52:16.859282] wlan: [82:E:TXRX] dp_rxdma_ring_config: 5022: DBS enabled max_mac_rings 2
01-01 04:41:19.062 0 0 E [kworke][0x51ecc1c3][16:52:16.871285] wlan: [82:E:TXRX] dp_rxdma_ring_config: 5033: pdev_id 0 max_mac_rings 2
08-16 16:52:16.885 1147 2598 D Fingerprint21: Fingerprint HAL ready, HAL ID: 5326416
08-16 16:52:16.886 1147 1147 D BiometricScheduler/Fingerprint21: [Added] {[0] FingerprintUpdateActiveUserClient, proto=1, owner=android, cookie=0, requestId=-1, userId=0}, new queue size: 1
08-16 16:52:16.886 1147 1147 D BiometricScheduler/Fingerprint21: [Polled] {[0] FingerprintUpdateActiveUserClient, proto=1, owner=android, cookie=0, requestId=-1, userId=0}, State: 0
08-16 16:52:16.887 1147 1147 D BiometricScheduler/Fingerprint21: [Starting] {[0] FingerprintUpdateActiveUserClient, proto=1, owner=android, cookie=0, requestId=-1, userId=0}, State: 0
08-16 16:52:16.887 1147 1147 D BiometricScheduler/Fingerprint21: [Started] {[0] FingerprintUpdateActiveUserClient, proto=1, owner=android, cookie=0, requestId=-1, userId=0}
01-01 04:41:19.075 0 0 E [kworke][0x51f08d58][16:52:16.884240] wlan: [82:E:TXRX] dp_rxdma_ring_config: 5050: mac_id 0
01-01 04:41:19.080 0 0 D qbt : qbt_open: entry minor_no=0 fd_available=1
01-01 04:41:19.085 0 0 E [kworke][0x51f39bfb][16:52:16.894674] wlan: [82:E:TXRX] dp_rxdma_ring_config: 5050: mac_id 1
01-01 04:41:19.092 0 0 D qbt : qbt_open: exit : 0 fd_available=0
01-01 04:41:19.099 0 0 D qbt : qbt_open: entry minor_no=1 fd_available=0
01-01 04:41:19.102 0 0 I [kworke][0x51f896db][16:52:16.911672] wlan: [82:I:POLICY_MGR] policy_mgr_update_5g_scc_prefer: 398: overwrite pm_second_connection_pcl_dbs_2x2_table, index 2 mode 3 system prefer 0 new pcl 6
01-01 04:41:19.102 0 0 I [kworke][0x51f897f9][16:52:16.911687] wlan: [82:I:POLICY_MGR] policy_mgr_update_5g_scc_prefer: 404: overwrite pm_second_connection_pcl_dbs_2x2_table, index 3 mode 3 system prefer 0 new pcl 6
01-01 04:41:19.104 0 0 D qbt : qbt_open: exit : 0 fd_available=0
01-01 04:41:19.104 0 0 D qbt : qbt_ioctl: cmd received 107
01-01 04:41:19.104 0 0 D qbt : qbt_ioctl: Acquiring wakelock
01-01 04:41:19.108 0 0 E [kworke][0x51fa4d7e][16:52:16.917521] wlan: [82:E:REGULATORY] reg_freq_width_to_chan_op_class: 512: no op class for frequency 5745
01-01 04:41:19.125 0 0 I [kworke][0x51ff2ed3][16:52:16.934178] wlan: [82:I:HIF] hif_pm_runtime_start: Enabling RUNTIME PM, Delay: 500 ms
08-16 16:52:16.937 1147 1721 D VcnManagementService: new snapshot: TelephonySubscriptionSnapshot{ mActiveDataSubId=-1, mSubIdToInfoMap={}, mPrivilegedPackages={} }
01-01 04:41:19.169 0 0 E cnss_utils: WLAN MAC address is not set, type 0
01-01 04:41:19.172 0 0 W QSEECOM : qseecom_load_app: App (fingerpr) does'nt exist, loading apps for first time
01-01 04:41:19.175 0 0 W cnss_pci 0000: 01:00.0: Falling back to syfs fallback for: wlan/qca_cld/qca6390/wlan_mac.bin
01-01 04:41:19.199 0 0 I binder : undelivered transaction 23825, process died.
08-16 16:52:17.020 1833 2647 W ActivityThread: Failed to find provider info for com.android.contacts (user not unlocked)
01-01 04:41:19.206 0 0 I [kworke][0x52170aa8][16:52:17.015618] wlan: [82:I:HDD] hdd_initialize_mac_address: 12589: using default MAC address
08-16 16:52:17.041 1147 1225 D BluetoothManagerService: MESSAGE_BLUETOOTH_STATE_CHANGE: TURNING_ON > ON
08-16 16:52:17.041 1147 1225 D BluetoothManagerService: Broadcasting onBluetoothStateChange(true) to 11 receivers.
08-16 16:52:17.045 1147 1225 D BluetoothManagerService: Creating new ProfileServiceConnections object for profile: 1
08-16 16:52:17.051 1147 1179 W BluetoothManagerService: psc is not null in bindBluetoothProfileService
08-16 16:52:17.059 1147 1225 W BluetoothManagerService: psc is not null in bindBluetoothProfileService
01-01 04:41:19.257 0 0 W mv2112_read_status: autoneg not complete
08-16 16:52:17.065 1147 1226 I WindowManager: ******* TELLING SURFACE FLINGER WE ARE BOOTED!
08-16 16:52:17.068 1147 1225 D BluetoothManagerService: Sending BLE State Change: TURNING_ON > ON
08-16 16:52:17.069 1147 1225 D BluetoothManagerService: Sending State Change: TURNING_ON > ON
01-01 04:41:19.257 0 0 I : mv2112_disable_aneg
01-01 04:41:19.258 0 0 I : mv2112_setup_forced
01-01 04:41:19.259 0 0 I lan743x 0001: 01:00.0 eth0: Link is Down
08-16 16:52:17.083 1147 1226 I ActivityManagerTiming: FinishBooting
01-01 04:41:19.278 0 0 W QSEECOM : qseecom_load_app: App with id 7 (fingerpr) now loaded
08-16 16:52:17.104 1147 1226 I ActivityManager: About to commit checkpoint
08-16 16:52:17.105 1147 1226 I SystemServiceManager: Starting phase 1000
08-16 16:52:17.105 1147 1226 I ActivityManagerTiming: OnBootPhase_1000
08-16 16:52:17.105 1147 1226 I ActivityManagerTiming: OnBootPhase_1000_com.android.server.security.FileIntegrityService
08-16 16:52:17.105 1147 1226 D ActivityManagerTiming: OnBootPhase_1000_com.android.server.security.FileIntegrityService took to complete: 0ms
08-16 16:52:17.105 1147 1226 I ActivityManagerTiming: OnBootPhase_1000_com.android.server.pm.Installer
08-16 16:52:17.105 1147 1226 D ActivityManagerTiming: OnBootPhase_1000_com.android.server.pm.Installer took to complete: 0ms
08-16 16:52:17.105 1147 1226 I ActivityManagerTiming: OnBootPhase_1000_com.android.server.os.DeviceIdentifiersPolicyService
08-16 16:52:17.105 1147 1226 D ActivityManagerTiming: OnBootPhase_1000_com.android.server.os.DeviceIdentifiersPolicyService took to complete: 0ms
08-16 16:52:17.105 1147 1226 I ActivityManagerTiming: OnBootPhase_1000_com.android.server.uri.UriGrantsManagerService$Lifecycle
08-16 16:52:17.105 1147 1226 D ActivityManagerTiming: OnBootPhase_1000_com.android.server.uri.UriGrantsManagerService$Lifecycle took to complete: 0ms
08-16 16:52:17.105 1147 1226 I ActivityManagerTiming: OnBootPhase_1000_com.android.server.powerstats.PowerStatsService
08-16 16:52:17.105 1147 1226 E PowerStatsService: Failed to start PowerStatsService loggers
08-16 16:52:17.105 1147 1226 D ActivityManagerTiming: OnBootPhase_1000_com.android.server.powerstats.PowerStatsService took to complete: 0ms
08-16 16:52:17.106 1147 1226 I ActivityManagerTiming: OnBootPhase_1000_com.android.server.wm.ActivityTaskManagerService$Lifecycle
08-16 16:52:17.106 1147 1226 D ActivityManagerTiming: OnBootPhase_1000_com.android.server.wm.ActivityTaskManagerService$Lifecycle took to complete: 0ms
08-16 16:52:17.106 1147 1226 I ActivityManagerTiming: OnBootPhase_1000_com.android.server.am.ActivityManagerService$Lifecycle
08-16 16:52:17.106 1147 1226 D ActivityManagerTiming: OnBootPhase_1000_com.android.server.am.ActivityManagerService$Lifecycle took to complete: 0ms
08-16 16:52:17.106 1147 1226 I ActivityManagerTiming: OnBootPhase_1000_com.android.server.pm.DataLoaderManagerService
08-16 16:52:17.106 1147 1226 D ActivityManagerTiming: OnBootPhase_1000_com.android.server.pm.DataLoaderManagerService took to complete: 0ms
08-16 16:52:17.106 1147 1226 I ActivityManagerTiming: OnBootPhase_1000_com.android.server.power.PowerManagerService
08-16 16:52:17.110 1147 1226 D ActivityManagerTiming: OnBootPhase_1000_com.android.server.power.PowerManagerService took to complete: 4ms
08-16 16:52:17.110 1147 1226 I ActivityManagerTiming: OnBootPhase_1000_com.android.server.power.ThermalManagerService
08-16 16:52:17.110 1147 1226 D ActivityManagerTiming: OnBootPhase_1000_com.android.server.power.ThermalManagerService took to complete: 0ms
08-16 16:52:17.110 1147 1226 I ActivityManagerTiming: OnBootPhase_1000_com.android.server.power.hint.HintManagerService
08-16 16:52:17.110 1147 1226 D ActivityManagerTiming: OnBootPhase_1000_com.android.server.power.hint.HintManagerService took to complete: 0ms
08-16 16:52:17.110 1147 1226 I ActivityManagerTiming: OnBootPhase_1000_com.android.server.recoverysystem.RecoverySystemService$Lifecycle
08-16 16:52:17.110 1147 1226 D ActivityManagerTiming: OnBootPhase_1000_com.android.server.recoverysystem.RecoverySystemService$Lifecycle took to complete: 0ms
08-16 16:52:17.111 1147 1226 I ActivityManagerTiming: OnBootPhase_1000_com.android.server.lights.LightsService
08-16 16:52:17.111 1147 1226 D ActivityManagerTiming: OnBootPhase_1000_com.android.server.lights.LightsService took to complete: 0ms
08-16 16:52:17.111 1147 1226 I ActivityManagerTiming: OnBootPhase_1000_com.android.server.display.DisplayManagerService
08-16 16:52:17.112 1147 1345 V DisplayPowerController[0]: Brightness [0.39763778] reason changing to: 'manual', previous reason: 'override'.
08-16 16:52:17.112 1147 1226 D ActivityManagerTiming: OnBootPhase_1000_com.android.server.display.DisplayManagerService took to complete: 1ms
08-16 16:52:17.112 1147 1226 I ActivityManagerTiming: OnBootPhase_1000_com.android.server.pm.verify.domain.DomainVerificationService
08-16 16:52:17.112 1147 1226 D ActivityManagerTiming: OnBootPhase_1000_com.android.server.pm.verify.domain.DomainVerificationService took to complete: 0ms
08-16 16:52:17.112 1147 1226 I ActivityManagerTiming: OnBootPhase_1000_com.android.server.pm.PackageInstallerService$Lifecycle
08-16 16:52:17.112 1147 1226 D ActivityManagerTiming: OnBootPhase_1000_com.android.server.pm.PackageInstallerService$Lifecycle took to complete: 0ms
08-16 16:52:17.112 1147 1226 I ActivityManagerTiming: OnBootPhase_1000_com.android.server.pm.UserManagerService$LifeCycle
08-16 16:52:17.112 1147 1226 D ActivityManagerTiming: OnBootPhase_1000_com.android.server.pm.UserManagerService$LifeCycle took to complete: 0ms
08-16 16:52:17.113 1147 1226 I ActivityManagerTiming: OnBootPhase_1000_com.android.server.om.OverlayManagerService
08-16 16:52:17.113 1147 1226 D ActivityManagerTiming: OnBootPhase_1000_com.android.server.om.OverlayManagerService took to complete: 0ms
08-16 16:52:17.113 1147 1226 I ActivityManagerTiming: OnBootPhase_1000_com.android.server.SensorPrivacyService
08-16 16:52:17.113 1147 1226 D ActivityManagerTiming: OnBootPhase_1000_com.android.server.SensorPrivacyService took to complete: 0ms
08-16 16:52:17.113 1147 1226 I ActivityManagerTiming: OnBootPhase_1000_com.android.server.sensors.SensorService
08-16 16:52:17.113 1147 1226 D ActivityManagerTiming: OnBootPhase_1000_com.android.server.sensors.SensorService took to complete: 0ms
08-16 16:52:17.113 1147 1226 I ActivityManagerTiming: OnBootPhase_1000_com.android.server.SystemConfigService
08-16 16:52:17.113 1147 1226 D ActivityManagerTiming: OnBootPhase_1000_com.android.server.SystemConfigService took to complete: 0ms
08-16 16:52:17.113 1147 1226 I ActivityManagerTiming: OnBootPhase_1000_com.android.server.BatteryService
08-16 16:52:17.113 1147 1226 D ActivityManagerTiming: OnBootPhase_1000_com.android.server.BatteryService took to complete: 0ms
08-16 16:52:17.113 1147 1226 I ActivityManagerTiming: OnBootPhase_1000_com.android.server.usage.UsageStatsService
08-16 16:52:17.113 1147 1226 D ActivityManagerTiming: OnBootPhase_1000_com.android.server.usage.UsageStatsService took to complete: 0ms
08-16 16:52:17.113 1147 1226 I ActivityManagerTiming: OnBootPhase_1000_com.android.server.webkit.WebViewUpdateService
08-16 16:52:17.113 1147 1226 D ActivityManagerTiming: OnBootPhase_1000_com.android.server.webkit.WebViewUpdateService took to complete: 0ms
08-16 16:52:17.113 1147 1226 I ActivityManagerTiming: OnBootPhase_1000_com.android.server.CachedDeviceStateService
08-16 16:52:17.113 1147 1226 D ActivityManagerTiming: OnBootPhase_1000_com.android.server.CachedDeviceStateService took to complete: 0ms
08-16 16:52:17.113 1147 1226 I ActivityManagerTiming: OnBootPhase_1000_com.android.server.BinderCallsStatsService$LifeCycle
08-16 16:52:17.114 1147 1226 D ActivityManagerTiming: OnBootPhase_1000_com.android.server.BinderCallsStatsService$LifeCycle took to complete: 0ms
08-16 16:52:17.114 1147 1226 I ActivityManagerTiming: OnBootPhase_1000_com.android.server.LooperStatsService$Lifecycle
08-16 16:52:17.114 1147 1226 D ActivityManagerTiming: OnBootPhase_1000_com.android.server.LooperStatsService$Lifecycle took to complete: 0ms
08-16 16:52:17.114 1147 1226 I ActivityManagerTiming: OnBootPhase_1000_com.android.server.rollback.RollbackManagerService
08-16 16:52:17.114 1147 1226 D ActivityManagerTiming: OnBootPhase_1000_com.android.server.rollback.RollbackManagerService took to complete: 0ms
08-16 16:52:17.114 1147 1226 I ActivityManagerTiming: OnBootPhase_1000_com.android.server.os.NativeTombstoneManagerService
08-16 16:52:17.114 1147 1654 D AppStandbyController: Loading headless system app cache. appIdleEnabled=false
08-16 16:52:17.120 1147 1658 D RollbackManager: mRollbackLifetimeDurationInMillis=1209600000
08-16 16:52:17.121 1147 1226 D ActivityManagerTiming: OnBootPhase_1000_com.android.server.os.NativeTombstoneManagerService took to complete: 0ms
08-16 16:52:17.121 1147 1226 I ActivityManagerTiming: OnBootPhase_1000_com.android.server.os.BugreportManagerService
08-16 16:52:17.121 1147 1226 D ActivityManagerTiming: OnBootPhase_1000_com.android.server.os.BugreportManagerService took to complete: 0ms
08-16 16:52:17.121 1147 1226 I ActivityManagerTiming: OnBootPhase_1000_com.android.server.gpu.GpuService
01-01 04:41:19.302 0 0 E [kworke][0x5233105e][16:52:17.111266] wlan: [82:E:QDF] qdf_mutex_create: already initialized lock
01-01 04:41:19.313 0 0 E [kworke][0x52363bfa][16:52:17.122088] wlan: [82:E:HDD] hdd_open_adapter: 6512: Interface p2p0 wow debug_fs init failed
08-16 16:52:17.137 1147 1226 D ActivityManagerTiming: OnBootPhase_1000_com.android.server.gpu.GpuService took to complete: 16ms
08-16 16:52:17.137 1147 1226 I ActivityManagerTiming: OnBootPhase_1000_com.android.server.security.KeyChainSystemService
08-16 16:52:17.137 1147 1226 D ActivityManagerTiming: OnBootPhase_1000_com.android.server.security.KeyChainSystemService took to complete: 0ms
08-16 16:52:17.137 1147 1226 I ActivityManagerTiming: OnBootPhase_1000_com.android.server.telecom.TelecomLoaderService
08-16 16:52:17.137 1147 1226 D ActivityManagerTiming: OnBootPhase_1000_com.android.server.telecom.TelecomLoaderService took to complete: 0ms
08-16 16:52:17.137 1147 1226 I ActivityManagerTiming: OnBootPhase_1000_com.android.server.accounts.AccountManagerService$Lifecycle
08-16 16:52:17.138 1147 1226 D ActivityManagerTiming: OnBootPhase_1000_com.android.server.accounts.AccountManagerService$Lifecycle took to complete: 0ms
08-16 16:52:17.138 1147 1226 I ActivityManagerTiming: OnBootPhase_1000_com.android.server.content.ContentService$Lifecycle
08-16 16:52:17.138 1147 1226 D ActivityManagerTiming: OnBootPhase_1000_com.android.server.content.ContentService$Lifecycle took to complete: 0ms
08-16 16:52:17.138 1147 1226 I ActivityManagerTiming: OnBootPhase_1000_com.android.server.DropBoxManagerService
08-16 16:52:17.138 1147 1226 D ActivityManagerTiming: OnBootPhase_1000_com.android.server.DropBoxManagerService took to complete: 0ms
08-16 16:52:17.138 1147 1226 I ActivityManagerTiming: OnBootPhase_1000_com.android.role.RoleService
08-16 16:52:17.138 1147 1226 D ActivityManagerTiming: OnBootPhase_1000_com.android.role.RoleService took to complete: 0ms
08-16 16:52:17.138 1147 1226 I ActivityManagerTiming: OnBootPhase_1000_com.android.server.vibrator.VibratorManagerService$Lifecycle
08-16 16:52:17.138 1147 1226 D ActivityManagerTiming: OnBootPhase_1000_com.android.server.vibrator.VibratorManagerService$Lifecycle took to complete: 0ms
08-16 16:52:17.138 1147 1226 I ActivityManagerTiming: OnBootPhase_1000_com.android.server.alarm.AlarmManagerService
08-16 16:52:17.138 1147 1226 D ActivityManagerTiming: OnBootPhase_1000_com.android.server.alarm.AlarmManagerService took to complete: 0ms
08-16 16:52:17.138 1147 1226 I ActivityManagerTiming: OnBootPhase_1000_com.android.server.devicestate.DeviceStateManagerService
08-16 16:52:17.138 1147 1226 D ActivityManagerTiming: OnBootPhase_1000_com.android.server.devicestate.DeviceStateManagerService took to complete: 0ms
08-16 16:52:17.138 1147 1226 I ActivityManagerTiming: OnBootPhase_1000_com.android.server.camera.CameraServiceProxy
08-16 16:52:17.140 1147 1226 D ActivityManagerTiming: OnBootPhase_1000_com.android.server.camera.CameraServiceProxy took to complete: 2ms
08-16 16:52:17.140 1147 1226 I ActivityManagerTiming: OnBootPhase_1000_com.android.server.BluetoothService
08-16 16:52:17.140 1147 1226 D ActivityManagerTiming: OnBootPhase_1000_com.android.server.BluetoothService took to complete: 0ms
08-16 16:52:17.140 1147 1226 I ActivityManagerTiming: OnBootPhase_1000_com.android.server.connectivity.IpConnectivityMetrics
08-16 16:52:17.140 1147 1226 D ActivityManagerTiming: OnBootPhase_1000_com.android.server.connectivity.IpConnectivityMetrics took to complete: 0ms
08-16 16:52:17.140 1147 1226 I ActivityManagerTiming: OnBootPhase_1000_com.android.server.net.watchlist.NetworkWatchlistService$Lifecycle
08-16 16:52:17.140 1147 1226 D ActivityManagerTiming: OnBootPhase_1000_com.android.server.net.watchlist.NetworkWatchlistService$Lifecycle took to complete: 0ms
08-16 16:52:17.140 1147 1226 I ActivityManagerTiming: OnBootPhase_1000_com.android.server.PinnerService
08-16 16:52:17.140 1147 1226 D ActivityManagerTiming: OnBootPhase_1000_com.android.server.PinnerService took to complete: 0ms
08-16 16:52:17.140 1147 1226 I ActivityManagerTiming: OnBootPhase_1000_com.google.android.startop.iorap.IorapForwardingService
08-16 16:52:17.142 1147 1226 D ActivityManagerTiming: OnBootPhase_1000_com.google.android.startop.iorap.IorapForwardingService took to complete: 0ms
08-16 16:52:17.142 1147 1226 I ActivityManagerTiming: OnBootPhase_1000_com.android.server.ActivityTriggerService
08-16 16:52:17.142 1147 1226 D ActivityManagerTiming: OnBootPhase_1000_com.android.server.ActivityTriggerService took to complete: 0ms
08-16 16:52:17.142 1147 1226 I ActivityManagerTiming: OnBootPhase_1000_com.android.server.integrity.AppIntegrityManagerService
08-16 16:52:17.142 1147 1226 D ActivityManagerTiming: OnBootPhase_1000_com.android.server.integrity.AppIntegrityManagerService took to complete: 0ms
08-16 16:52:17.142 1147 1226 I ActivityManagerTiming: OnBootPhase_1000_com.android.server.inputmethod.InputMethodManagerService$Lifecycle
08-16 16:52:17.142 1147 1226 D ActivityManagerTiming: OnBootPhase_1000_com.android.server.inputmethod.InputMethodManagerService$Lifecycle took to complete: 0ms
08-16 16:52:17.142 1147 1226 I ActivityManagerTiming: OnBootPhase_1000_com.android.server.accessibility.AccessibilityManagerService$Lifecycle
08-16 16:52:17.142 1147 1226 D ActivityManagerTiming: OnBootPhase_1000_com.android.server.accessibility.AccessibilityManagerService$Lifecycle took to complete: 0ms
08-16 16:52:17.142 1147 1226 I ActivityManagerTiming: OnBootPhase_1000_com.android.server.StorageManagerService$Lifecycle
08-16 16:52:17.142 1147 1226 D ActivityManagerTiming: OnBootPhase_1000_com.android.server.StorageManagerService$Lifecycle took to complete: 0ms
08-16 16:52:17.143 1147 1226 I ActivityManagerTiming: OnBootPhase_1000_com.android.server.usage.StorageStatsService$Lifecycle
08-16 16:52:17.143 1147 1226 D ActivityManagerTiming: OnBootPhase_1000_com.android.server.usage.StorageStatsService$Lifecycle took to complete: 0ms
08-16 16:52:17.143 1147 1689 D StorageManagerService: Thinking about init, mBootCompleted=true, mDaemonConnected=true
08-16 16:52:17.143 1147 1689 D StorageManagerService: Thinking about reset, mBootCompleted=true, mDaemonConnected=true
08-16 16:52:17.143 1147 1226 I ActivityManagerTiming: OnBootPhase_1000_com.android.server.UiModeManagerService
08-16 16:52:17.144 1147 1689 I StorageSessionController: Started resetting external storage service...
08-16 16:52:17.144 1147 1689 I StorageSessionController: Finished resetting external storage service
08-16 16:52:17.144 1147 1689 I StorageManagerService: Resetting vold...
08-16 16:52:17.145 1147 1226 D ActivityManagerTiming: OnBootPhase_1000_com.android.server.UiModeManagerService took to complete: 0ms
08-16 16:52:17.146 1147 1226 I ActivityManagerTiming: OnBootPhase_1000_com.android.server.locksettings.LockSettingsService$Lifecycle
08-16 16:52:17.146 1147 1226 D ActivityManagerTiming: OnBootPhase_1000_com.android.server.locksettings.LockSettingsService$Lifecycle took to complete: 0ms
08-16 16:52:17.146 1147 1689 I StorageManagerService: Reset vold
08-16 16:52:17.146 1147 1226 I ActivityManagerTiming: OnBootPhase_1000_com.android.server.PersistentDataBlockService
08-16 16:52:17.146 1147 1226 D ActivityManagerTiming: OnBootPhase_1000_com.android.server.PersistentDataBlockService took to complete: 0ms
08-16 16:52:17.146 1147 1226 I ActivityManagerTiming: OnBootPhase_1000_com.android.server.testharness.TestHarnessModeService
08-16 16:52:17.146 1147 1226 D TestHarnessModeService: Completing Test Harness Mode setup.
08-16 16:52:17.146 565 565 I vold : onUserAdded: 0
08-16 16:52:17.178 1147 1226 D ActivityManagerTiming: OnBootPhase_1000_com.android.server.testharness.TestHarnessModeService took to complete: 32ms
08-16 16:52:17.179 1147 1226 I ActivityManagerTiming: OnBootPhase_1000_com.android.server.oemlock.OemLockService
08-16 16:52:17.179 1147 1226 D ActivityManagerTiming: OnBootPhase_1000_com.android.server.oemlock.OemLockService took to complete: 0ms
08-16 16:52:17.179 1147 1226 I ActivityManagerTiming: OnBootPhase_1000_com.android.server.DeviceIdleController
08-16 16:52:17.179 1147 1226 D ActivityManagerTiming: OnBootPhase_1000_com.android.server.DeviceIdleController took to complete: 0ms
08-16 16:52:17.179 1147 1226 I ActivityManagerTiming: OnBootPhase_1000_com.android.server.devicepolicy.DevicePolicyManagerService$Lifecycle
08-16 16:52:17.179 1147 1226 D ActivityManagerTiming: OnBootPhase_1000_com.android.server.devicepolicy.DevicePolicyManagerService$Lifecycle took to complete: 0ms
08-16 16:52:17.179 1147 1226 I ActivityManagerTiming: OnBootPhase_1000_com.android.server.texttospeech.TextToSpeechManagerService
08-16 16:52:17.179 1147 1226 D ActivityManagerTiming: OnBootPhase_1000_com.android.server.texttospeech.TextToSpeechManagerService took to complete: 0ms
08-16 16:52:17.179 1147 1226 I ActivityManagerTiming: OnBootPhase_1000_com.android.server.speech.SpeechRecognitionManagerService
08-16 16:52:17.179 1147 1226 D ActivityManagerTiming: OnBootPhase_1000_com.android.server.speech.SpeechRecognitionManagerService took to complete: 0ms
08-16 16:52:17.179 1147 1226 I ActivityManagerTiming: OnBootPhase_1000_com.android.server.searchui.SearchUiManagerService
08-16 16:52:17.179 1147 1226 D ActivityManagerTiming: OnBootPhase_1000_com.android.server.searchui.SearchUiManagerService took to complete: 0ms
08-16 16:52:17.179 1147 1226 I ActivityManagerTiming: OnBootPhase_1000_com.android.server.smartspace.SmartspaceManagerService
08-16 16:52:17.179 1147 1226 D ActivityManagerTiming: OnBootPhase_1000_com.android.server.smartspace.SmartspaceManagerService took to complete: 0ms
08-16 16:52:17.179 1147 1226 I ActivityManagerTiming: OnBootPhase_1000_com.android.server.graphics.fonts.FontManagerService$Lifecycle
08-16 16:52:17.179 1147 1226 D ActivityManagerTiming: OnBootPhase_1000_com.android.server.graphics.fonts.FontManagerService$Lifecycle took to complete: 0ms
08-16 16:52:17.179 1147 1226 I ActivityManagerTiming: OnBootPhase_1000_com.android.server.textservices.TextServicesManagerService$Lifecycle
08-16 16:52:17.179 1147 1226 D ActivityManagerTiming: OnBootPhase_1000_com.android.server.textservices.TextServicesManagerService$Lifecycle took to complete: 0ms
08-16 16:52:17.179 1147 1226 I ActivityManagerTiming: OnBootPhase_1000_com.android.server.textclassifier.TextClassificationManagerService$Lifecycle
08-16 16:52:17.179 1147 1226 D ActivityManagerTiming: OnBootPhase_1000_com.android.server.textclassifier.TextClassificationManagerService$Lifecycle took to complete: 0ms
08-16 16:52:17.179 1147 1226 I ActivityManagerTiming: OnBootPhase_1000_com.android.server.NetworkScoreService$Lifecycle
08-16 16:52:17.180 1147 1226 D ActivityManagerTiming: OnBootPhase_1000_com.android.server.NetworkScoreService$Lifecycle took to complete: 0ms
08-16 16:52:17.180 1147 1226 I ActivityManagerTiming: OnBootPhase_1000_com.android.server.wifi.WifiService
08-16 16:52:17.180 1147 1226 D ActivityManagerTiming: OnBootPhase_1000_com.android.server.wifi.WifiService took to complete: 1ms
08-16 16:52:17.180 1147 1226 I ActivityManagerTiming: OnBootPhase_1000_com.android.server.wifi.scanner.WifiScanningService
08-16 16:52:17.180 1147 1226 D ActivityManagerTiming: OnBootPhase_1000_com.android.server.wifi.scanner.WifiScanningService took to complete: 0ms
08-16 16:52:17.180 1147 1226 I ActivityManagerTiming: OnBootPhase_1000_com.android.server.wifi.rtt.RttService
08-16 16:52:17.180 1147 1226 D ActivityManagerTiming: OnBootPhase_1000_com.android.server.wifi.rtt.RttService took to complete: 0ms
08-16 16:52:17.180 1147 1226 I ActivityManagerTiming: OnBootPhase_1000_com.android.server.wifi.aware.WifiAwareService
08-16 16:52:17.180 1147 1226 D ActivityManagerTiming: OnBootPhase_1000_com.android.server.wifi.aware.WifiAwareService took to complete: 0ms
08-16 16:52:17.180 1147 1226 I ActivityManagerTiming: OnBootPhase_1000_com.android.server.wifi.p2p.WifiP2pService
08-16 16:52:17.180 1147 1226 D ActivityManagerTiming: OnBootPhase_1000_com.android.server.wifi.p2p.WifiP2pService took to complete: 0ms
08-16 16:52:17.180 1147 1226 I ActivityManagerTiming: OnBootPhase_1000_com.android.server.ethernet.EthernetService
08-16 16:52:17.180 1147 1226 D ActivityManagerTiming: OnBootPhase_1000_com.android.server.ethernet.EthernetService took to complete: 0ms
08-16 16:52:17.180 1147 1226 I ActivityManagerTiming: OnBootPhase_1000_com.android.server.ConnectivityServiceInitializer
08-16 16:52:17.180 1147 1226 D ActivityManagerTiming: OnBootPhase_1000_com.android.server.ConnectivityServiceInitializer took to complete: 0ms
08-16 16:52:17.180 1147 1226 I ActivityManagerTiming: OnBootPhase_1000_com.android.server.notification.NotificationManagerService
08-16 16:52:17.180 1147 1226 D ActivityManagerTiming: OnBootPhase_1000_com.android.server.notification.NotificationManagerService took to complete: 0ms
08-16 16:52:17.180 1147 1226 I ActivityManagerTiming: OnBootPhase_1000_com.android.server.storage.DeviceStorageMonitorService
08-16 16:52:17.180 1147 1226 D ActivityManagerTiming: OnBootPhase_1000_com.android.server.storage.DeviceStorageMonitorService took to complete: 0ms
08-16 16:52:17.180 1147 1226 I ActivityManagerTiming: OnBootPhase_1000_com.android.server.location.LocationManagerService$Lifecycle
08-16 16:52:17.180 1147 1226 D ActivityManagerTiming: OnBootPhase_1000_com.android.server.location.LocationManagerService$Lifecycle took to complete: 0ms
08-16 16:52:17.180 1147 1226 I ActivityManagerTiming: OnBootPhase_1000_com.android.server.timedetector.TimeDetectorService$Lifecycle
08-16 16:52:17.180 1147 1226 D ActivityManagerTiming: OnBootPhase_1000_com.android.server.timedetector.TimeDetectorService$Lifecycle took to complete: 0ms
08-16 16:52:17.180 1147 1226 I ActivityManagerTiming: OnBootPhase_1000_com.android.server.timezonedetector.TimeZoneDetectorService$Lifecycle
08-16 16:52:17.181 1147 1226 D ActivityManagerTiming: OnBootPhase_1000_com.android.server.timezonedetector.TimeZoneDetectorService$Lifecycle took to complete: 0ms
08-16 16:52:17.181 1147 1226 I ActivityManagerTiming: OnBootPhase_1000_com.android.server.timezonedetector.location.LocationTimeZoneManagerService$Lifecycle
08-16 16:52:17.181 1147 1226 D ActivityManagerTiming: OnBootPhase_1000_com.android.server.timezonedetector.location.LocationTimeZoneManagerService$Lifecycle took to complete: 0ms
08-16 16:52:17.181 1147 1226 I ActivityManagerTiming: OnBootPhase_1000_com.android.server.search.SearchManagerService$Lifecycle
08-16 16:52:17.181 1147 1226 D ActivityManagerTiming: OnBootPhase_1000_com.android.server.search.SearchManagerService$Lifecycle took to complete: 0ms
08-16 16:52:17.181 1147 1226 I ActivityManagerTiming: OnBootPhase_1000_com.android.server.wallpaper.WallpaperManagerService$Lifecycle
08-16 16:52:17.181 1147 1226 D ActivityManagerTiming: OnBootPhase_1000_com.android.server.wallpaper.WallpaperManagerService$Lifecycle took to complete: 0ms
08-16 16:52:17.181 1147 1226 I ActivityManagerTiming: OnBootPhase_1000_com.android.server.audio.AudioService$Lifecycle
08-16 16:52:17.181 1147 1226 D ActivityManagerTiming: OnBootPhase_1000_com.android.server.audio.AudioService$Lifecycle took to complete: 0ms
08-16 16:52:17.181 1147 1226 I ActivityManagerTiming: OnBootPhase_1000_com.android.server.soundtrigger_middleware.SoundTriggerMiddlewareService$Lifecycle
08-16 16:52:17.181 1147 1226 D ActivityManagerTiming: OnBootPhase_1000_com.android.server.soundtrigger_middleware.SoundTriggerMiddlewareService$Lifecycle took to complete: 0ms
08-16 16:52:17.181 1147 1226 I ActivityManagerTiming: OnBootPhase_1000_com.android.server.DockObserver
08-16 16:52:17.181 1147 1226 D ActivityManagerTiming: OnBootPhase_1000_com.android.server.DockObserver took to complete: 0ms
08-16 16:52:17.181 1147 1226 I ActivityManagerTiming: OnBootPhase_1000_com.android.server.midi.MidiService$Lifecycle
08-16 16:52:17.181 1147 1226 D ActivityManagerTiming: OnBootPhase_1000_com.android.server.midi.MidiService$Lifecycle took to complete: 0ms
08-16 16:52:17.181 1147 1226 I ActivityManagerTiming: OnBootPhase_1000_com.android.server.adb.AdbService$Lifecycle
08-16 16:52:17.181 1147 1226 D ActivityManagerTiming: OnBootPhase_1000_com.android.server.adb.AdbService$Lifecycle took to complete: 0ms
08-16 16:52:17.181 1147 1226 I ActivityManagerTiming: OnBootPhase_1000_com.android.server.usb.UsbService$Lifecycle
08-16 16:52:17.181 1147 1226 D ActivityManagerTiming: OnBootPhase_1000_com.android.server.usb.UsbService$Lifecycle took to complete: 0ms
08-16 16:52:17.181 1147 1226 I ActivityManagerTiming: OnBootPhase_1000_com.android.server.twilight.TwilightService
08-16 16:52:17.183 1147 1226 D ActivityManagerTiming: OnBootPhase_1000_com.android.server.twilight.TwilightService took to complete: 1ms
08-16 16:52:17.183 1147 1226 I ActivityManagerTiming: OnBootPhase_1000_com.android.server.display.color.ColorDisplayService
08-16 16:52:17.183 1147 1226 D ActivityManagerTiming: OnBootPhase_1000_com.android.server.display.color.ColorDisplayService took to complete: 0ms
08-16 16:52:17.183 1147 1226 I ActivityManagerTiming: OnBootPhase_1000_com.android.server.job.JobSchedulerService
08-16 16:52:17.183 1147 1226 D ActivityManagerTiming: OnBootPhase_1000_com.android.server.job.JobSchedulerService took to complete: 0ms
08-16 16:52:17.183 1147 1226 I ActivityManagerTiming: OnBootPhase_1000_com.android.server.soundtrigger.SoundTriggerService
08-16 16:52:17.183 1147 1226 D SoundTriggerService: onBootPhase: 1000 : false
08-16 16:52:17.183 1147 1226 D ActivityManagerTiming: OnBootPhase_1000_com.android.server.soundtrigger.SoundTriggerService took to complete: 0ms
08-16 16:52:17.183 1147 1226 I ActivityManagerTiming: OnBootPhase_1000_com.android.server.trust.TrustManagerService
08-16 16:52:17.183 1147 1226 D ActivityManagerTiming: OnBootPhase_1000_com.android.server.trust.TrustManagerService took to complete: 0ms
08-16 16:52:17.183 1147 1226 I ActivityManagerTiming: OnBootPhase_1000_com.android.server.backup.BackupManagerService$Lifecycle
08-16 16:52:17.183 1147 1226 D ActivityManagerTiming: OnBootPhase_1000_com.android.server.backup.BackupManagerService$Lifecycle took to complete: 0ms
08-16 16:52:17.183 1147 1226 I ActivityManagerTiming: OnBootPhase_1000_com.android.server.appwidget.AppWidgetService
08-16 16:52:17.183 1147 1226 D ActivityManagerTiming: OnBootPhase_1000_com.android.server.appwidget.AppWidgetService took to complete: 0ms
08-16 16:52:17.183 1147 1226 I ActivityManagerTiming: OnBootPhase_1000_com.android.server.voiceinteraction.VoiceInteractionManagerService
08-16 16:52:17.183 1147 1226 D ActivityManagerTiming: OnBootPhase_1000_com.android.server.voiceinteraction.VoiceInteractionManagerService took to complete: 0ms
08-16 16:52:17.183 1147 1226 I ActivityManagerTiming: OnBootPhase_1000_com.android.server.apphibernation.AppHibernationService
08-16 16:52:17.184 1147 1226 D ActivityManagerTiming: OnBootPhase_1000_com.android.server.apphibernation.AppHibernationService took to complete: 0ms
08-16 16:52:17.184 1147 1226 I ActivityManagerTiming: OnBootPhase_1000_com.android.server.GestureLauncherService
08-16 16:52:17.184 1147 1226 D ActivityManagerTiming: OnBootPhase_1000_com.android.server.GestureLauncherService took to complete: 0ms
08-16 16:52:17.184 1147 1226 I ActivityManagerTiming: OnBootPhase_1000_com.android.server.SensorNotificationService
08-16 16:52:17.184 1147 2672 I HibernationStateDiskStore: No hibernation file on disk for file /data/system/hibernation/states
08-16 16:52:17.188 1147 1226 D CompatibilityChangeReporter: Compat change id reported: 168936375; UID 1000; state: ENABLED
08-16 16:52:17.189 1147 1226 D CompatibilityChangeReporter: Compat change id reported: 168936375; UID 1000; state: DISABLED
01-01 04:41:19.356 0 0 E [kworke][0x5242ff52][16:52:17.165654] wlan: [82:E:QDF] qdf_mutex_create: already initialized lock
01-01 04:41:19.371 0 0 E [kworke][0x52474add][16:52:17.180312] wlan: [82:E:HDD] hdd_open_adapter: 6512: Interface wifi-aware0 wow debug_fs init failed
08-16 16:52:17.194 1147 1226 D CompatibilityChangeReporter: Compat change id reported: 73144566; UID 1000; state: ENABLED
08-16 16:52:17.195 1147 1226 D CompatibilityChangeReporter: Compat change id reported: 73144566; UID 1000; state: DISABLED
08-16 16:52:17.195 1147 1226 D ActivityManagerTiming: OnBootPhase_1000_com.android.server.SensorNotificationService took to complete: 11ms
08-16 16:52:17.195 1147 1226 I ActivityManagerTiming: OnBootPhase_1000_com.android.server.emergency.EmergencyAffordanceService
08-16 16:52:17.196 1147 1226 D ActivityManagerTiming: OnBootPhase_1000_com.android.server.emergency.EmergencyAffordanceService took to complete: 0ms
08-16 16:52:17.196 1147 1226 I ActivityManagerTiming: OnBootPhase_1000_com.android.server.blob.BlobStoreManagerService
08-16 16:52:17.197 1147 1226 D ActivityManagerTiming: OnBootPhase_1000_com.android.server.blob.BlobStoreManagerService took to complete: 1ms
08-16 16:52:17.197 1147 1226 I ActivityManagerTiming: OnBootPhase_1000_com.android.server.dreams.DreamManagerService
08-16 16:52:17.197 1147 1226 D ActivityManagerTiming: OnBootPhase_1000_com.android.server.dreams.DreamManagerService took to complete: 0ms
08-16 16:52:17.197 1147 1226 I ActivityManagerTiming: OnBootPhase_1000_com.android.server.print.PrintManagerService
08-16 16:52:17.197 1147 1226 D ActivityManagerTiming: OnBootPhase_1000_com.android.server.print.PrintManagerService took to complete: 0ms
08-16 16:52:17.197 1147 1226 I ActivityManagerTiming: OnBootPhase_1000_com.android.server.companion.CompanionDeviceManagerService
08-16 16:52:17.197 1147 1226 D ActivityManagerTiming: OnBootPhase_1000_com.android.server.companion.CompanionDeviceManagerService took to complete: 0ms
08-16 16:52:17.197 1147 1226 I ActivityManagerTiming: OnBootPhase_1000_com.android.server.restrictions.RestrictionsManagerService
08-16 16:52:17.197 1147 1226 D ActivityManagerTiming: OnBootPhase_1000_com.android.server.restrictions.RestrictionsManagerService took to complete: 0ms
08-16 16:52:17.197 1147 1226 I ActivityManagerTiming: OnBootPhase_1000_com.android.server.media.MediaSessionService
08-16 16:52:17.197 1147 2474 W ContextImpl: Calling a method in the system process without a qualified user: android.app.ContextImpl.sendBroadcastMultiplePermissions:1256 com.android.server.TelephonyRegistry.broadcastServiceStateChanged:2878 com.android.server.TelephonyRegistry.notifyServiceStateForPhoneId:1608 com.android.internal.telephony.ITelephonyRegistry$Stub.onTransact:455 android.os.Binder.execTransactInternal:1179
08-16 16:52:17.198 1147 1281 W BroadcastQueue: Permission Denial: receiving Intent { act=android.intent.action.SERVICE_STATE flg=0x1000010 (has extras) } to ProcessRecord{ae1c8b6 1836:com.android.systemui/u0a124} (pid=1836, uid=10124) requires android.permission.READ_PHONE_STATE due to sender android (uid 1001)
08-16 16:52:17.199 1147 1281 W BroadcastQueue: Permission Denial: receiving Intent { act=android.intent.action.SERVICE_STATE flg=0x1000010 (has extras) } to com.android.cellbroadcastreceiver.module/com.android.cellbroadcastreceiver.CellBroadcastReceiver requires android.permission.READ_PHONE_STATE due to sender android (uid 1001)
08-16 16:52:17.199 947 947 I android.hardware.wifi@1.0-service: Wifi HAL started
08-16 16:52:17.200 1147 1281 D CompatibilityChangeReporter: Compat change id reported: 135634846; UID 10154; state: DISABLED
08-16 16:52:17.200 1147 1281 D CompatibilityChangeReporter: Compat change id reported: 177438394; UID 10154; state: DISABLED
08-16 16:52:17.200 1147 1281 D CompatibilityChangeReporter: Compat change id reported: 135772972; UID 10154; state: DISABLED
08-16 16:52:17.200 1147 1281 D CompatibilityChangeReporter: Compat change id reported: 135754954; UID 10154; state: ENABLED
08-16 16:52:17.201 1147 1284 D CompatibilityChangeReporter: Compat change id reported: 143937733; UID 10154; state: ENABLED
08-16 16:52:17.203 1147 1226 D ActivityManagerTiming: OnBootPhase_1000_com.android.server.media.MediaSessionService took to complete: 6ms
08-16 16:52:17.203 1147 1226 I ActivityManagerTiming: OnBootPhase_1000_com.android.server.media.MediaResourceMonitorService
08-16 16:52:17.203 1147 1226 D ActivityManagerTiming: OnBootPhase_1000_com.android.server.media.MediaResourceMonitorService took to complete: 0ms
08-16 16:52:17.203 1147 1226 I ActivityManagerTiming: OnBootPhase_1000_com.android.server.biometrics.sensors.fingerprint.FingerprintService
08-16 16:52:17.203 1147 1226 D ActivityManagerTiming: OnBootPhase_1000_com.android.server.biometrics.sensors.fingerprint.FingerprintService took to complete: 0ms
08-16 16:52:17.203 1147 1226 I ActivityManagerTiming: OnBootPhase_1000_com.android.server.biometrics.BiometricService
08-16 16:52:17.203 1147 1226 D ActivityManagerTiming: OnBootPhase_1000_com.android.server.biometrics.BiometricService took to complete: 0ms
08-16 16:52:17.204 1147 1226 I ActivityManagerTiming: OnBootPhase_1000_com.android.server.biometrics.AuthService
08-16 16:52:17.204 1147 1226 D ActivityManagerTiming: OnBootPhase_1000_com.android.server.biometrics.AuthService took to complete: 0ms
08-16 16:52:17.204 1147 1226 I ActivityManagerTiming: OnBootPhase_1000_com.android.server.pm.ShortcutService$Lifecycle
08-16 16:52:17.205 1147 1226 D ActivityManagerTiming: OnBootPhase_1000_com.android.server.pm.ShortcutService$Lifecycle took to complete: 0ms
08-16 16:52:17.205 1147 1226 I ActivityManagerTiming: OnBootPhase_1000_com.android.server.pm.LauncherAppsService
08-16 16:52:17.205 1147 1226 D ActivityManagerTiming: OnBootPhase_1000_com.android.server.pm.LauncherAppsService took to complete: 0ms
08-16 16:52:17.205 1147 1226 I ActivityManagerTiming: OnBootPhase_1000_com.android.server.pm.CrossProfileAppsService
08-16 16:52:17.205 1147 1226 D ActivityManagerTiming: OnBootPhase_1000_com.android.server.pm.CrossProfileAppsService took to complete: 0ms
08-16 16:52:17.205 1147 1226 I ActivityManagerTiming: OnBootPhase_1000_com.android.server.people.PeopleService
08-16 16:52:17.205 1147 2474 W ContextImpl: Calling a method in the system process without a qualified user: android.app.ContextImpl.sendBroadcastMultiplePermissions:1256 com.android.server.TelephonyRegistry.broadcastServiceStateChanged:2878 com.android.server.TelephonyRegistry.notifyServiceStateForPhoneId:1608 com.android.internal.telephony.ITelephonyRegistry$Stub.onTransact:455 android.os.Binder.execTransactInternal:1179
08-16 16:52:17.205 1147 1281 W BroadcastQueue: Permission Denial: receiving Intent { act=android.intent.action.SERVICE_STATE flg=0x1000010 (has extras) } to ProcessRecord{ae1c8b6 1836:com.android.systemui/u0a124} (pid=1836, uid=10124) requires android.permission.READ_PHONE_STATE due to sender android (uid 1001)
08-16 16:52:17.206 1147 1226 D ActivityManagerTiming: OnBootPhase_1000_com.android.server.people.PeopleService took to complete: 0ms
08-16 16:52:17.206 1147 1226 I ActivityManagerTiming: OnBootPhase_1000_com.android.server.media.metrics.MediaMetricsManagerService
08-16 16:52:17.206 1147 1226 D ActivityManagerTiming: OnBootPhase_1000_com.android.server.media.metrics.MediaMetricsManagerService took to complete: 0ms
08-16 16:52:17.206 1147 1226 I ActivityManagerTiming: OnBootPhase_1000_com.android.server.media.projection.MediaProjectionManagerService
08-16 16:52:17.206 1147 1226 D ActivityManagerTiming: OnBootPhase_1000_com.android.server.media.projection.MediaProjectionManagerService took to complete: 0ms
08-16 16:52:17.206 1147 1226 I ActivityManagerTiming: OnBootPhase_1000_com.android.server.slice.SliceManagerService$Lifecycle
08-16 16:52:17.206 1147 1226 D ActivityManagerTiming: OnBootPhase_1000_com.android.server.slice.SliceManagerService$Lifecycle took to complete: 0ms
08-16 16:52:17.206 1147 1226 I ActivityManagerTiming: OnBootPhase_1000_com.android.server.stats.StatsCompanion$Lifecycle
08-16 16:52:17.207 1147 1226 D ActivityManagerTiming: OnBootPhase_1000_com.android.server.stats.StatsCompanion$Lifecycle took to complete: 1ms
08-16 16:52:17.208 1147 1226 I ActivityManagerTiming: OnBootPhase_1000_com.android.server.scheduling.RebootReadinessManagerService$Lifecycle
08-16 16:52:17.208 1147 1226 D ActivityManagerTiming: OnBootPhase_1000_com.android.server.scheduling.RebootReadinessManagerService$Lifecycle took to complete: 0ms
08-16 16:52:17.208 1147 1226 I ActivityManagerTiming: OnBootPhase_1000_com.android.server.stats.pull.StatsPullAtomService
08-16 16:52:17.208 1147 1226 D ActivityManagerTiming: OnBootPhase_1000_com.android.server.stats.pull.StatsPullAtomService took to complete: 0ms
08-16 16:52:17.208 1147 1226 I ActivityManagerTiming: OnBootPhase_1000_com.android.server.incident.IncidentCompanionService
08-16 16:52:17.208 1147 1226 D ActivityManagerTiming: OnBootPhase_1000_com.android.server.incident.IncidentCompanionService took to complete: 0ms
08-16 16:52:17.208 1147 1226 I ActivityManagerTiming: OnBootPhase_1000_com.android.server.MmsServiceBroker
08-16 16:52:17.208 1147 1226 D ActivityManagerTiming: OnBootPhase_1000_com.android.server.MmsServiceBroker took to complete: 0ms
08-16 16:52:17.208 1147 1226 I ActivityManagerTiming: OnBootPhase_1000_com.android.server.autofill.AutofillManagerService
08-16 16:52:17.208 1147 1226 D ActivityManagerTiming: OnBootPhase_1000_com.android.server.autofill.AutofillManagerService took to complete: 0ms
08-16 16:52:17.208 1147 1226 I ActivityManagerTiming: OnBootPhase_1000_com.android.server.clipboard.ClipboardService
08-16 16:52:17.208 1147 1226 D ActivityManagerTiming: OnBootPhase_1000_com.android.server.clipboard.ClipboardService took to complete: 0ms
08-16 16:52:17.209 1147 1226 I ActivityManagerTiming: OnBootPhase_1000_com.android.server.appbinding.AppBindingService$Lifecycle
08-16 16:52:17.209 1147 1226 D ActivityManagerTiming: OnBootPhase_1000_com.android.server.appbinding.AppBindingService$Lifecycle took to complete: 0ms
08-16 16:52:17.209 1147 1226 I ActivityManagerTiming: OnBootPhase_1000_com.android.server.tracing.TracingServiceProxy
08-16 16:52:17.209 1147 1226 D ActivityManagerTiming: OnBootPhase_1000_com.android.server.tracing.TracingServiceProxy took to complete: 0ms
08-16 16:52:17.209 1147 1226 I ActivityManagerTiming: OnBootPhase_1000_com.android.server.policy.PermissionPolicyService
08-16 16:52:17.209 1147 1226 D ActivityManagerTiming: OnBootPhase_1000_com.android.server.policy.PermissionPolicyService took to complete: 0ms
08-16 16:52:17.209 1147 1226 I ActivityManagerTiming: OnBootPhase_1000_com.android.server.pm.StagingManager$Lifecycle
08-16 16:52:17.209 1147 1226 D ActivityManagerTiming: OnBootPhase_1000_com.android.server.pm.StagingManager$Lifecycle took to complete: 0ms
01-01 04:41:19.390 0 0 W : ------------[ cut here ]------------
01-01 04:41:19.390 0 0 I : IRQs not enabled as expected
01-01 04:41:19.390 0 0 W : WARNING: CPU: 2 PID: 82 at kernel/softirq.c:161 __local_bh_enable_ip+0x140/0x158
01-01 04:41:19.390 0 0 I : Modules linked in: wlan(O) machine_dlkm(O) wcd938x_slave_dlkm(O) wcd938x_dlkm(O) wcd9xxx_dlkm(O) mbhc_dlkm(O) tx_macro_dlkm(O) rx_macro_dlkm(O) va_macro_dlkm(O) wsa_macro_dlkm(O) swr_ctrl_dlkm(O) bolero_cdc_dlkm(O) wsa881x_dlkm(O) wcd_core_dlkm(O) stub_dlkm(O) hdmi_dlkm(O) swr_dlkm(O) pinctrl_lpi_dlkm(O) pinctrl_wcd_dlkm(O) usf_dlkm(O) native_dlkm(O) platform_dlkm(O) q6_dlkm(O) adsp_loader_dlkm(O) apr_dlkm(O) snd_event_dlkm(O) q6_notifier_dlkm(O) q6_pdr_dlkm(O) msm_11ad_proxy
01-01 04:41:19.390 0 0 I : CPU: 2 PID: 82 Comm: kworker/u16:1 Tainted: G S W O 4.19.157+ #1
01-01 04:41:19.390 0 0 I Hardware name: Qualcomm Technologies, Inc. kona MTP-RmPM8150b (DT)
01-01 04:41:19.390 0 0 I Workqueue: cnss_driver_event cnss_driver_event_work
01-01 04:41:19.390 0 0 I pstate : 60c00085 (nZCv daIf +PAN +UAO)
01-01 04:41:19.390 0 0 I pc : __local_bh_enable_ip+0x140/0x158
01-01 04:41:19.390 0 0 I lr : __local_bh_enable_ip+0x140/0x158
01-01 04:41:19.390 0 0 I sp : ffffff800c08bb60
01-01 04:41:19.390 0 0 I : x29: ffffff800c08bb60 x28: dead000000000100
01-01 04:41:19.390 0 0 I : x27: ffffffa948781cdc x26: fffffffb07b28670
01-01 04:41:19.390 0 0 I : x25: fffffffb18a88680 x24: 000000000000003f
01-01 04:41:19.390 0 0 I : x23: ffffff801b60310c x22: 000000004000003f
01-01 04:41:19.390 0 0 I : x21: fffffffb2f4d0040 x20: ffffffa946ef3000
01-01 04:41:19.390 0 0 I : x19: 0000000000000201 x18: 000000000000002c
01-01 04:41:19.390 0 0 I : x17: ffffffa94a0f4000 x16: 00000000fff7a030
01-01 04:41:19.390 0 0 I : x15: 000000000007a030 x14: 00000000000000c2
01-01 04:41:19.390 0 0 I : x13: 0000000000000000 x12: 00000000000000e0
01-01 04:41:19.390 0 0 I : x11: 0000000000000000 x10: 0000000000000001
01-01 04:41:19.390 0 0 I : x9 : f61083e21285fa00 x8 : f61083e21285fa00
01-01 04:41:19.390 0 0 I : x7 : ffffffa946582700 x6 : 0000000000000000
01-01 04:41:19.390 0 0 I : x5 : 0000000000000080 x4 : 0000000000000001
01-01 04:41:19.390 0 0 I : x3 : 0000000000000000 x2 : 0000000000000007
01-01 04:41:19.390 0 0 I : x1 : 0000000000000007 x0 : 000000000000001c
01-01 04:41:19.390 0 0 I Call trace:
01-01 04:41:19.390 0 0 I : __local_bh_enable_ip+0x140/0x158
01-01 04:41:19.390 0 0 I : _raw_spin_unlock_bh+0x3c/0x48
01-01 04:41:19.390 0 0 I : cnss_pci_reg_write+0xf0/0x1a8
01-01 04:41:19.390 0 0 I : cnss_pci_time_sync_work_hdlr+0x24c/0x6a8
01-01 04:41:19.390 0 0 I : cnss_pci_call_driver_probe+0x138/0x2d0
01-01 04:41:19.391 0 0 I : cnss_bus_call_driver_probe+0x28/0x80
01-01 04:41:19.391 0 0 I : cnss_driver_event_work+0x2e8/0xcb8
01-01 04:41:19.391 0 0 I : process_one_work+0x38c/0x660
01-01 04:41:19.391 0 0 I : worker_thread+0x268/0x4b8
01-01 04:41:19.391 0 0 I : kthread+0x140/0x150
01-01 04:41:19.391 0 0 I : ret_from_fork+0x10/0x1c
08-16 16:52:17.209 1147 1226 I ActivityManagerTiming: OnBootPhase_1000_com.android.server.app.GameManagerService$Lifecycle
01-01 04:41:19.391 0 0 I : irq event stamp: 679483
08-16 16:52:17.210 1147 1226 D GameManagerService: onBootCompleted
01-01 04:41:19.391 0 0 I : hardirqs last enabled at (679481): [] _raw_spin_unlock_irqrestore+0x44/0x88
08-16 16:52:17.210 1147 1226 D ActivityManagerTiming: OnBootPhase_1000_com.android.server.app.GameManagerService$Lifecycle took to complete: 0ms
