08-16 16:52:40.300 1147 2952 D CompatibilityChangeReporter: Compat change id reported: 168419799; UID 10137; state: DISABLED
01-01 04:41:42.494 0 0 I binder : 3075:3075 ioctl 40046210 7fc7d78e94 returned -22
08-16 16:52:40.325 1147 1990 D CompatibilityChangeReporter: Compat change id reported: 168419799; UID 10145; state: DISABLED
08-16 16:52:40.331 1147 1990 D CompatibilityChangeReporter: Compat change id reported: 168419799; UID 10117; state: DISABLED
08-16 16:52:40.352 1147 2952 W BroadcastQueue: Permission Denial: receiving Intent { act=android.intent.action.BOOT_COMPLETED flg=0x89000010 (has extras) } to org.codeaurora.snapcam/com.android.camera.DisableCameraReceiver requires android.permission.RECEIVE_BOOT_COMPLETED due to sender null (uid 1000)
08-16 16:52:40.367 1147 2952 I ActivityManager: Finished processing BOOT_COMPLETED for u0
08-16 16:52:40.371 1147 2952 D CompatibilityChangeReporter: Compat change id reported: 168419799; UID 10094; state: DISABLED
08-16 16:52:40.376 1147 2952 D CompatibilityChangeReporter: Compat change id reported: 135634846; UID 10031; state: DISABLED
08-16 16:52:40.376 1147 2952 D CompatibilityChangeReporter: Compat change id reported: 177438394; UID 10031; state: DISABLED
08-16 16:52:40.377 1147 2952 D CompatibilityChangeReporter: Compat change id reported: 135772972; UID 10031; state: DISABLED
08-16 16:52:40.377 1147 2952 D CompatibilityChangeReporter: Compat change id reported: 135754954; UID 10031; state: ENABLED
08-16 16:52:40.378 1147 1284 D CompatibilityChangeReporter: Compat change id reported: 143937733; UID 10031; state: ENABLED
08-16 16:52:40.437 1147 1284 W ActivityManager: Slow operation: 62ms so far, now at startProcess: returned from zygote!
08-16 16:52:40.437 1147 1284 W ActivityManager: Slow operation: 62ms so far, now at startProcess: done updating battery stats
08-16 16:52:40.438 1147 1284 W ActivityManager: Slow operation: 62ms so far, now at startProcess: building log message
08-16 16:52:40.438 1147 1284 I ActivityManager: Start proc 4383:com.android.externalstorage/u0a31 for broadcast {com.android.externalstorage/com.android.externalstorage.MountReceiver}
08-16 16:52:40.438 1147 1284 W ActivityManager: Slow operation: 62ms so far, now at startProcess: starting to update pids map
08-16 16:52:40.438 1147 1284 W ActivityManager: Slow operation: 63ms so far, now at startProcess: done updating pids map
01-01 04:41:42.683 0 0 I binder : 4383:4383 ioctl 40046210 7fc7d797e4 returned -22
08-16 16:52:40.499 1147 2952 D CompatibilityChangeReporter: Compat change id reported: 168419799; UID 10031; state: DISABLED
01-01 04:41:42.802 0 0 D : mv2112_read_status
01-01 04:41:42.802 0 0 D mv2112_update_link: 3.0x901(1G): 0x4
01-01 04:41:42.803 0 0 D mv2112_update_link: 3.0x8109(100M): 0x8
01-01 04:41:42.803 0 0 D mv2112_update_link: link 0x4
01-01 04:41:42.803 0 0 D mv2112_read_status: autoneg is disabled
08-16 16:52:40.625 1147 2952 I ActivityManager: Killing 3617:com.android.traceur/u0a35 (adj 995): empty #31
08-16 16:52:40.711 1147 2952 D CompatibilityChangeReporter: Compat change id reported: 168419799; UID 10120; state: DISABLED
08-16 16:52:40.740 1147 1225 I DropBoxManagerService: add tag=system_app_strictmode isTagEnabled=true flags=0x2
08-16 16:52:40.781 1147 1698 D CompatibilityChangeReporter: Compat change id reported: 168419799; UID 10157; state: DISABLED
08-16 16:52:40.823 1147 2952 D CompatibilityChangeReporter: Compat change id reported: 168419799; UID 10037; state: DISABLED
08-16 16:52:40.854 1147 1808 D CompatibilityChangeReporter: Compat change id reported: 135634846; UID 10107; state: DISABLED
08-16 16:52:40.854 1147 1808 D CompatibilityChangeReporter: Compat change id reported: 177438394; UID 10107; state: DISABLED
08-16 16:52:40.854 1147 1808 D CompatibilityChangeReporter: Compat change id reported: 135772972; UID 10107; state: DISABLED
08-16 16:52:40.855 1147 1808 D CompatibilityChangeReporter: Compat change id reported: 135754954; UID 10107; state: ENABLED
08-16 16:52:40.855 1147 1284 D CompatibilityChangeReporter: Compat change id reported: 143937733; UID 10107; state: ENABLED
08-16 16:52:40.918 1147 1284 W ActivityManager: Slow operation: 65ms so far, now at startProcess: returned from zygote!
08-16 16:52:40.919 1147 1284 W ActivityManager: Slow operation: 66ms so far, now at startProcess: done updating battery stats
08-16 16:52:40.919 1147 1284 W ActivityManager: Slow operation: 66ms so far, now at startProcess: building log message
08-16 16:52:40.919 1147 1284 I ActivityManager: Start proc 4413:com.qti.ltebc/u0a107 for broadcast {com.qti.ltebc/com.qualcomm.ltebc.LTEBroadcastReceiver}
08-16 16:52:40.919 1147 1284 W ActivityManager: Slow operation: 66ms so far, now at startProcess: starting to update pids map
08-16 16:52:40.919 1147 1284 W ActivityManager: Slow operation: 66ms so far, now at startProcess: done updating pids map
01-01 04:41:43.165 0 0 I binder : 4413:4413 ioctl 40046210 7fc7d797e4 returned -22
08-16 16:52:40.984 1147 1179 D CompatibilityChangeReporter: Compat change id reported: 168419799; UID 10107; state: DISABLED
01-01 04:41:43.826 0 0 D : mv2112_read_status
01-01 04:41:43.827 0 0 D mv2112_update_link: 3.0x901(1G): 0x4
01-01 04:41:43.827 0 0 D mv2112_update_link: 3.0x8109(100M): 0x8
01-01 04:41:43.827 0 0 D mv2112_update_link: link 0x4
01-01 04:41:43.827 0 0 D mv2112_read_status: autoneg is disabled
01-01 04:41:44.850 0 0 D : mv2112_read_status
01-01 04:41:44.850 0 0 D mv2112_update_link: 3.0x901(1G): 0x4
01-01 04:41:44.851 0 0 D mv2112_update_link: 3.0x8109(100M): 0x8
01-01 04:41:44.851 0 0 D mv2112_update_link: link 0x4
01-01 04:41:44.851 0 0 D mv2112_read_status: autoneg is disabled
01-01 04:41:45.439 0 0 E set_cps_config: get_wsa_dev_num is NULL
01-01 04:41:45.461 0 0 I __afe_port_start: port id: 0xb000
01-01 04:41:45.461 0 0 I afe_find_cal_topo_id_by_port: port id: 0xb000, dev_acdb_id: 15
01-01 04:41:45.461 0 0 I afe_find_cal_topo_id_by_port: top_id:112fc acdb_id:15 afe_port_id:0xb000
01-01 04:41:45.461 0 0 I afe_get_cal_topology_id: port_id = 0xb000 acdb_id = 15 topology_id = 0x112fc cal_type_index=8 ret=0
01-01 04:41:45.462 0 0 I afe_send_port_topology_id: AFE set topology id 0x112fc enable for port 0xb000 ret 0
01-01 04:41:45.462 0 0 I send_afe_cal_type: cal_index is 0
01-01 04:41:45.462 0 0 I send_afe_cal_type: dev_acdb_id[162] is 15
01-01 04:41:45.462 0 0 I afe_find_cal: cal_index 0 port_id 0xb000 port_index 162
01-01 04:41:45.462 0 0 I afe_find_cal: acdb_id 15 dev_acdb_id 15 sample_rate 48000 afe_sample_rates 48000
01-01 04:41:45.462 0 0 I afe_find_cal: cal block is a match, size is 0
01-01 04:41:45.462 0 0 I send_afe_cal_type: Sending cal_index cal 0
01-01 04:41:45.462 0 0 E send_afe_cal_type: No cal sent for cal_index 0, port_id = 0xb000! ret -22
01-01 04:41:45.473 0 0 I afe_send_hw_delay: port_id 0xb000 rate 48000 delay_usec 474 status 0
01-01 04:41:45.643 0 0 I init : starting service 'vendor.light-hal-2-0'...
01-01 04:41:45.685 0 0 I init : starting service 'qvrd_vndr'...
01-01 04:41:45.686 0 0 I init : Created socket '/dev/socket/qvrservice_vndr', mode 660, user 1000, group 1000
01-01 04:41:45.687 0 0 I init : Created socket '/dev/socket/qvrservice_vndr_camera', mode 660, user 1000, group 1000
01-01 04:41:45.699 0 0 I init : starting service 'sxrd'...
01-01 04:41:45.736 0 0 I init : Service 'qvrd_vndr' (pid 4432) exited with status 1
08-16 16:52:43.544 4432 4432 F linker : CANNOT LINK EXECUTABLE "/vendor/bin/hw/qvrservice": library "vendor.qti.hardware.qxr-V1-ndk_platform.so" not found: needed by /vendor/lib64/libqvrservice.so in namespace (default)
01-01 04:41:45.736 0 0 I init : Sending signal 9 to service 'qvrd_vndr' (pid 4432) process group...
08-16 16:52:43.549 4433 4433 F linker : CANNOT LINK EXECUTABLE "/vendor/bin/hw/sxrservice": library "vendor.qti.hardware.qxr-V1-ndk_platform.so" not found: needed by main executable
01-01 04:41:45.736 0 0 I libprocessgroup: Successfully killed process cgroup uid 1000 pid 4432 in 0ms
01-01 04:41:45.740 0 0 I init : Service 'vendor.light-hal-2-0' (pid 4431) exited with status 0
01-01 04:41:45.740 0 0 I init : Sending signal 9 to service 'vendor.light-hal-2-0' (pid 4431) process group...
01-01 04:41:45.875 0 0 D : mv2112_read_status
01-01 04:41:45.875 0 0 D mv2112_update_link: 3.0x901(1G): 0x4
01-01 04:41:45.875 0 0 D mv2112_update_link: 3.0x8109(100M): 0x8
01-01 04:41:45.875 0 0 D mv2112_update_link: link 0x4
01-01 04:41:45.875 0 0 D mv2112_read_status: autoneg is disabled
08-16 16:52:44.568 1147 1223 D CompanionDeviceManagerService: onPackageModified(packageName = com.android.settings)
08-16 16:52:44.602 1147 1147 I Telecom : DefaultDialerCache: Refreshing default dialer for user 0: now org.codeaurora.dialer: DDC.oR@ACw
08-16 16:52:44.610 1147 1223 D CompatibilityChangeReporter: Compat change id reported: 168419799; UID 10151; state: DISABLED
01-01 04:41:46.849 0 0 I binder : 4443:4443 ioctl 40046210 7fdbaa9dc4 returned -22
08-16 16:52:44.671 1147 1265 W VoiceInteractionManager: no available voice recognition services found for user 0
08-16 16:52:44.675 1147 1225 I DropBoxManagerService: add tag=system_server_strictmode isTagEnabled=true flags=0x2
01-01 04:41:46.872 0 0 E swr-wcd wsa_swr_ctrl: swrm_runtime_suspend: clk stop mode not supported or SSR entry
01-01 04:41:46.898 0 0 D : mv2112_read_status
01-01 04:41:46.898 0 0 D mv2112_update_link: 3.0x901(1G): 0x4
01-01 04:41:46.898 0 0 D mv2112_update_link: 3.0x8109(100M): 0x8
01-01 04:41:46.898 0 0 D mv2112_update_link: link 0x4
01-01 04:41:46.898 0 0 D mv2112_read_status: autoneg is disabled
01-01 04:41:47.922 0 0 D : mv2112_read_status
01-01 04:41:47.922 0 0 D mv2112_update_link: 3.0x901(1G): 0x4
01-01 04:41:47.923 0 0 D mv2112_update_link: 3.0x8109(100M): 0x8
01-01 04:41:47.923 0 0 D mv2112_update_link: link 0x4
01-01 04:41:47.923 0 0 D mv2112_read_status: autoneg is disabled
01-01 04:41:48.808 0 0 I afe_close: port_id = 0xb000
08-16 16:52:46.632 1147 1990 I ActivityManager: Process com.qti.ltebc (pid 4413) has died: fg RCVR
08-16 16:52:46.646 1147 1281 D CompatibilityChangeReporter: Compat change id reported: 135634846; UID 10107; state: DISABLED
08-16 16:52:46.646 1147 1281 D CompatibilityChangeReporter: Compat change id reported: 177438394; UID 10107; state: DISABLED
08-16 16:52:46.646 1147 1281 D CompatibilityChangeReporter: Compat change id reported: 135772972; UID 10107; state: DISABLED
08-16 16:52:46.646 1147 1281 D CompatibilityChangeReporter: Compat change id reported: 135754954; UID 10107; state: ENABLED
08-16 16:52:46.647 1147 1284 D CompatibilityChangeReporter: Compat change id reported: 143937733; UID 10107; state: ENABLED
08-16 16:52:46.711 1147 1284 W ActivityManager: Slow operation: 66ms so far, now at startProcess: returned from zygote!
08-16 16:52:46.712 1147 1284 W ActivityManager: Slow operation: 66ms so far, now at startProcess: done updating battery stats
08-16 16:52:46.712 1147 1284 W ActivityManager: Slow operation: 66ms so far, now at startProcess: building log message
08-16 16:52:46.712 1147 1284 I ActivityManager: Start proc 4458:com.qti.ltebc/u0a107 for broadcast {com.qti.ltebc/com.qualcomm.ltebc.LTEBroadcastReceiver}
08-16 16:52:46.712 1147 1284 W ActivityManager: Slow operation: 67ms so far, now at startProcess: starting to update pids map
08-16 16:52:46.712 1147 1284 W ActivityManager: Slow operation: 67ms so far, now at startProcess: done updating pids map
01-01 04:41:48.946 0 0 D : mv2112_read_status
01-01 04:41:48.946 0 0 D mv2112_update_link: 3.0x901(1G): 0x4
01-01 04:41:48.947 0 0 D mv2112_update_link: 3.0x8109(100M): 0x8
01-01 04:41:48.947 0 0 D mv2112_update_link: link 0x4
01-01 04:41:48.947 0 0 D mv2112_read_status: autoneg is disabled
01-01 04:41:48.967 0 0 I binder : 4458:4458 ioctl 40046210 7fc7d797e4 returned -22
08-16 16:52:46.802 1147 1990 D CompatibilityChangeReporter: Compat change id reported: 168419799; UID 10107; state: DISABLED
01-01 04:41:49.970 0 0 D : mv2112_read_status
01-01 04:41:49.970 0 0 D mv2112_update_link: 3.0x901(1G): 0x4
01-01 04:41:49.971 0 0 D mv2112_update_link: 3.0x8109(100M): 0x8
01-01 04:41:49.971 0 0 D mv2112_update_link: link 0x4
01-01 04:41:49.971 0 0 D mv2112_read_status: autoneg is disabled
01-01 04:41:50.682 0 0 I init : starting service 'vendor.light-hal-2-0'...
01-01 04:41:50.722 0 0 I init : starting service 'qvrd_vndr'...
01-01 04:41:50.723 0 0 I init : Created socket '/dev/socket/qvrservice_vndr', mode 660, user 1000, group 1000
01-01 04:41:50.724 0 0 I init : Created socket '/dev/socket/qvrservice_vndr_camera', mode 660, user 1000, group 1000
01-01 04:41:50.741 0 0 I init : starting service 'sxrd'...
01-01 04:41:50.764 0 0 I init : Service 'vendor.light-hal-2-0' (pid 4478) exited with status 0
01-01 04:41:50.764 0 0 I init : Sending signal 9 to service 'vendor.light-hal-2-0' (pid 4478) process group...
01-01 04:41:50.764 0 0 I libprocessgroup: Successfully killed process cgroup uid 1000 pid 4478 in 0ms
08-16 16:52:48.575 4480 4480 F linker : CANNOT LINK EXECUTABLE "/vendor/bin/hw/sxrservice": library "vendor.qti.hardware.qxr-V1-ndk_platform.so" not found: needed by main executable
01-01 04:41:50.767 0 0 I init : Service 'sxrd' (pid 4480) exited with status 1
01-01 04:41:50.767 0 0 I init : Sending signal 9 to service 'sxrd' (pid 4480) process group...
08-16 16:52:48.591 4479 4479 F linker : CANNOT LINK EXECUTABLE "/vendor/bin/hw/qvrservice": library "vendor.qti.hardware.qxr-V1-ndk_platform.so" not found: needed by /vendor/lib64/libqvrservice.so in namespace (default)
01-01 04:41:50.994 0 0 D : mv2112_read_status
01-01 04:41:50.994 0 0 D mv2112_update_link: 3.0x901(1G): 0x4
01-01 04:41:50.995 0 0 D mv2112_update_link: 3.0x8109(100M): 0x8
01-01 04:41:50.995 0 0 D mv2112_update_link: link 0x4
01-01 04:41:50.995 0 0 D mv2112_read_status: autoneg is disabled
01-01 04:41:52.018 0 0 D : mv2112_read_status
01-01 04:41:52.018 0 0 D mv2112_update_link: 3.0x901(1G): 0x4
01-01 04:41:52.018 0 0 D mv2112_update_link: 3.0x8109(100M): 0x8
01-01 04:41:52.018 0 0 D mv2112_update_link: link 0x4
01-01 04:41:52.018 0 0 D mv2112_read_status: autoneg is disabled
01-01 04:41:52.933 0 0 E set_cps_config: get_wsa_dev_num is NULL
01-01 04:41:52.956 0 0 I __afe_port_start: port id: 0xb000
01-01 04:41:52.956 0 0 I afe_find_cal_topo_id_by_port: port id: 0xb000, dev_acdb_id: 15
01-01 04:41:52.956 0 0 I afe_find_cal_topo_id_by_port: top_id:112fc acdb_id:15 afe_port_id:0xb000
01-01 04:41:52.956 0 0 I afe_get_cal_topology_id: port_id = 0xb000 acdb_id = 15 topology_id = 0x112fc cal_type_index=8 ret=0
01-01 04:41:52.956 0 0 I afe_send_port_topology_id: AFE set topology id 0x112fc enable for port 0xb000 ret 0
01-01 04:41:52.956 0 0 I send_afe_cal_type: cal_index is 0
01-01 04:41:52.956 0 0 I send_afe_cal_type: dev_acdb_id[162] is 15
01-01 04:41:52.956 0 0 I afe_find_cal: cal_index 0 port_id 0xb000 port_index 162
01-01 04:41:52.956 0 0 I afe_find_cal: acdb_id 15 dev_acdb_id 15 sample_rate 48000 afe_sample_rates 48000
01-01 04:41:52.956 0 0 I afe_find_cal: cal block is a match, size is 0
01-01 04:41:52.956 0 0 I send_afe_cal_type: Sending cal_index cal 0
01-01 04:41:52.956 0 0 E send_afe_cal_type: No cal sent for cal_index 0, port_id = 0xb000! ret -22
01-01 04:41:52.965 0 0 I afe_send_hw_delay: port_id 0xb000 rate 48000 delay_usec 474 status 0
01-01 04:41:53.042 0 0 D : mv2112_read_status
01-01 04:41:53.042 0 0 D mv2112_update_link: 3.0x901(1G): 0x4
01-01 04:41:53.042 0 0 D mv2112_update_link: 3.0x8109(100M): 0x8
01-01 04:41:53.042 0 0 D mv2112_update_link: link 0x4
01-01 04:41:53.042 0 0 D mv2112_read_status: autoneg is disabled
01-01 04:41:53.953 0 0 E swr-wcd wsa_swr_ctrl: swrm_runtime_suspend: clk stop mode not supported or SSR entry
01-01 04:41:54.066 0 0 D : mv2112_read_status
01-01 04:41:54.066 0 0 D mv2112_update_link: 3.0x901(1G): 0x4
01-01 04:41:54.067 0 0 D mv2112_update_link: 3.0x8109(100M): 0x8
01-01 04:41:54.067 0 0 D mv2112_update_link: link 0x4
01-01 04:41:54.067 0 0 D mv2112_read_status: autoneg is disabled
08-16 16:52:52.668 1147 1179 I ActivityManager: Process com.qti.ltebc (pid 4458) has died: fg RCVR
08-16 16:52:52.678 1147 1179 I ActivityManager: Killing 3643:com.qualcomm.qti.qmmi/1000 (adj 999): empty #31
08-16 16:52:52.698 1147 1281 D CompatibilityChangeReporter: Compat change id reported: 135634846; UID 10107; state: DISABLED
08-16 16:52:52.698 1147 1281 D CompatibilityChangeReporter: Compat change id reported: 177438394; UID 10107; state: DISABLED
08-16 16:52:52.698 1147 1281 D CompatibilityChangeReporter: Compat change id reported: 135772972; UID 10107; state: DISABLED
08-16 16:52:52.699 1147 1281 D CompatibilityChangeReporter: Compat change id reported: 135754954; UID 10107; state: ENABLED
08-16 16:52:52.700 1147 1284 D CompatibilityChangeReporter: Compat change id reported: 143937733; UID 10107; state: ENABLED
08-16 16:52:52.757 1147 1284 W ActivityManager: Slow operation: 60ms so far, now at startProcess: returned from zygote!
08-16 16:52:52.758 1147 1284 W ActivityManager: Slow operation: 60ms so far, now at startProcess: done updating battery stats
08-16 16:52:52.758 1147 1284 W ActivityManager: Slow operation: 61ms so far, now at startProcess: building log message
08-16 16:52:52.758 1147 1284 I ActivityManager: Start proc 4484:com.qti.ltebc/u0a107 for broadcast {com.qti.ltebc/com.qualcomm.ltebc.LTEBroadcastAlarmReceiver}
08-16 16:52:52.758 1147 1284 W ActivityManager: Slow operation: 61ms so far, now at startProcess: starting to update pids map
08-16 16:52:52.758 1147 1284 W ActivityManager: Slow operation: 61ms so far, now at startProcess: done updating pids map
08-16 16:52:52.794 1147 1281 I ActivityManager: Waited long enough for: ServiceRecord{3586a80 u0 com.qualcomm.atfwd/.AtFwdService}
01-01 04:41:55.017 0 0 I binder : 4484:4484 ioctl 40046210 7fc7d797e4 returned -22
01-01 04:41:55.041 0 0 I [schedu][0x7b197d19][16:52:52.850317] wlan: [2470:I:OSIF] scan start scan id 40962
01-01 04:41:55.090 0 0 D : mv2112_read_status
01-01 04:41:55.090 0 0 D mv2112_update_link: 3.0x901(1G): 0x4
01-01 04:41:55.090 0 0 D mv2112_update_link: 3.0x8109(100M): 0x8
01-01 04:41:55.091 0 0 D mv2112_update_link: link 0x4
01-01 04:41:55.091 0 0 D mv2112_read_status: autoneg is disabled
01-01 04:41:55.170 0 0 E [schedu][0x7b3f7233][16:52:52.979877] wlan: [2470:E:REGULATORY] reg_chan_band_to_freq: 2527: Incorrect band_mask 1
01-01 04:41:55.184 0 0 E [schedu][0x7b431ffd][16:52:52.992435] wlan: [2470:E:REGULATORY] reg_get_chan_enum_for_freq: 2872: invalid channel center frequency 0
01-01 04:41:55.197 0 0 E [schedu][0x7b473dbc][16:52:53.006484] wlan: [2470:E:REGULATORY] reg_get_chan_enum_for_freq: 2872: invalid channel center frequency 0
01-01 04:41:55.211 0 0 E [schedu][0x7b4b4424][16:52:53.020223] wlan: [2470:E:OSIF] wlan_cfg80211_inform_bss_frame: 2029: failed to inform bss 4a:98:ca:a9:2f:ef seq 1447
01-01 04:41:55.225 0 0 E [schedu][0x7b4f8b21][16:52:53.034822] wlan: [2470:E:REGULATORY] reg_get_chan_enum_for_freq: 2872: invalid channel center frequency 0
01-01 04:41:55.239 0 0 E [schedu][0x7b537360][16:52:53.048159] wlan: [2470:E:REGULATORY] reg_get_chan_enum_for_freq: 2872: invalid channel center frequency 0
01-01 04:41:55.239 0 0 E [schedu][0x7b537581][16:52:53.048187] wlan: [2470:E:OSIF] wlan_cfg80211_inform_bss_frame: 2029: failed to inform bss 4a:98:ca:a9:2f:ef seq 1446
01-01 04:41:55.727 0 0 I init : starting service 'vendor.light-hal-2-0'...
01-01 04:41:55.762 0 0 I init : starting service 'qvrd_vndr'...
01-01 04:41:55.763 0 0 I init : Created socket '/dev/socket/qvrservice_vndr', mode 660, user 1000, group 1000
01-01 04:41:55.763 0 0 I init : Created socket '/dev/socket/qvrservice_vndr_camera', mode 660, user 1000, group 1000
01-01 04:41:55.779 0 0 I init : starting service 'sxrd'...
08-16 16:52:53.608 4508 4508 F linker : CANNOT LINK EXECUTABLE "/vendor/bin/hw/qvrservice": library "vendor.qti.hardware.qxr-V1-ndk_platform.so" not found: needed by /vendor/lib64/libqvrservice.so in namespace (default)
01-01 04:41:55.800 0 0 I init : Service 'qvrd_vndr' (pid 4508) exited with status 1
01-01 04:41:55.800 0 0 I init : Sending signal 9 to service 'qvrd_vndr' (pid 4508) process group...
01-01 04:41:55.800 0 0 I libprocessgroup: Successfully killed process cgroup uid 1000 pid 4508 in 0ms
08-16 16:52:53.619 4509 4509 F linker : CANNOT LINK EXECUTABLE "/vendor/bin/hw/sxrservice": library "vendor.qti.hardware.qxr-V1-ndk_platform.so" not found: needed by main executable
01-01 04:41:55.811 0 0 I init : Service 'sxrd' (pid 4509) exited with status 1
01-01 04:41:55.811 0 0 I init : Sending signal 9 to service 'sxrd' (pid 4509) process group...
01-01 04:41:56.114 0 0 D : mv2112_read_status
01-01 04:41:56.114 0 0 D mv2112_update_link: 3.0x901(1G): 0x4
01-01 04:41:56.114 0 0 D mv2112_update_link: 3.0x8109(100M): 0x8
01-01 04:41:56.114 0 0 D mv2112_update_link: link 0x4
01-01 04:41:56.114 0 0 D mv2112_read_status: autoneg is disabled
01-01 04:41:56.312 0 0 I afe_close: port_id = 0xb000
01-01 04:41:56.558 0 0 I : Dns_100_10157 (4440) used greatest stack depth: 9600 bytes left
08-16 16:52:54.478 1147 1281 I ActivityManager: Waited long enough for: ServiceRecord{4a9f30c u0 com.qualcomm.qti.modemtestmode/.MbnSystemService}
01-01 04:41:56.809 0 0 I [schedu][0x7d1f7581][16:52:54.618322] wlan: [2470:I:OSIF] vdev 0, scan id 40962 type COMPLETED(1) reason COMPLETED(1) scan found 40 bss
08-16 16:52:54.689 1147 2940 W OverlayManager: service 'idmap' died
08-16 16:52:54.730 1147 2940 I ActivityManager: Killing 3165:com.android.printspooler/u0a51 (adj 995): empty #31
01-01 04:41:57.138 0 0 D : mv2112_read_status
01-01 04:41:57.138 0 0 D mv2112_update_link: 3.0x901(1G): 0x4
01-01 04:41:57.138 0 0 D mv2112_update_link: 3.0x8109(100M): 0x8
01-01 04:41:57.138 0 0 D mv2112_update_link: link 0x4
01-01 04:41:57.138 0 0 D mv2112_read_status: autoneg is disabled
08-16 16:52:55.835 1147 1281 I ActivityManager: Waited long enough for: ServiceRecord{6487bdf u0 com.tencent.mtt/.browser.push.service.PushRemoteService}
01-01 04:41:58.166 0 0 D : mv2112_read_status
01-01 04:41:58.166 0 0 D mv2112_update_link: 3.0x901(1G): 0x4
01-01 04:41:58.166 0 0 D mv2112_update_link: 3.0x8109(100M): 0x8
01-01 04:41:58.167 0 0 D mv2112_update_link: link 0x4
01-01 04:41:58.167 0 0 D mv2112_read_status: autoneg is disabled
01-01 04:41:59.191 0 0 D : mv2112_read_status
01-01 04:41:59.192 0 0 D mv2112_update_link: 3.0x901(1G): 0x4
01-01 04:41:59.192 0 0 D mv2112_update_link: 3.0x8109(100M): 0x8
01-01 04:41:59.192 0 0 D mv2112_update_link: link 0x4
01-01 04:41:59.192 0 0 D mv2112_read_status: autoneg is disabled
01-01 04:42:00.210 0 0 D : mv2112_read_status
01-01 04:42:00.210 0 0 D mv2112_update_link: 3.0x901(1G): 0x4
01-01 04:42:00.210 0 0 D mv2112_update_link: 3.0x8109(100M): 0x8
01-01 04:42:00.210 0 0 D mv2112_update_link: link 0x4
01-01 04:42:00.210 0 0 D mv2112_read_status: autoneg is disabled
01-01 04:42:00.761 0 0 I init : starting service 'vendor.light-hal-2-0'...
01-01 04:42:00.797 0 0 I init : starting service 'qvrd_vndr'...
01-01 04:42:00.800 0 0 I init : Created socket '/dev/socket/qvrservice_vndr', mode 660, user 1000, group 1000
01-01 04:42:00.803 0 0 I init : Created socket '/dev/socket/qvrservice_vndr_camera', mode 660, user 1000, group 1000
01-01 04:42:00.817 0 0 I init : starting service 'sxrd'...
08-16 16:52:58.619 1147 2952 I ActivityManager: Killing 3311:android.process.acore/u0a32 (adj 995): empty #31
01-01 04:42:00.842 0 0 I init : Service 'qvrd_vndr' (pid 4520) exited with status 1
08-16 16:52:58.650 4520 4520 F linker : CANNOT LINK EXECUTABLE "/vendor/bin/hw/qvrservice": library "vendor.qti.hardware.qxr-V1-ndk_platform.so" not found: needed by /vendor/lib64/libqvrservice.so in namespace (default)
01-01 04:42:00.842 0 0 I init : Sending signal 9 to service 'qvrd_vndr' (pid 4520) process group...
01-01 04:42:00.842 0 0 I libprocessgroup: Successfully killed process cgroup uid 1000 pid 4520 in 0ms
08-16 16:52:58.664 4521 4521 F linker : CANNOT LINK EXECUTABLE "/vendor/bin/hw/sxrservice": library "vendor.qti.hardware.qxr-V1-ndk_platform.so" not found: needed by main executable
01-01 04:42:00.856 0 0 I init : Service 'vendor.light-hal-2-0' (pid 4517) exited with status 0
01-01 04:42:00.856 0 0 I init : Sending signal 9 to service 'vendor.light-hal-2-0' (pid 4517) process group...
08-16 16:52:58.780 1147 2940 D CompatibilityChangeReporter: Compat change id reported: 135634846; UID 10075; state: DISABLED
08-16 16:52:58.781 1147 2940 D CompatibilityChangeReporter: Compat change id reported: 177438394; UID 10075; state: DISABLED
08-16 16:52:58.781 1147 2940 D CompatibilityChangeReporter: Compat change id reported: 135772972; UID 10075; state: DISABLED
08-16 16:52:58.782 1147 2940 D CompatibilityChangeReporter: Compat change id reported: 135754954; UID 10075; state: DISABLED
08-16 16:52:58.783 1147 1284 D CompatibilityChangeReporter: Compat change id reported: 143937733; UID 10075; state: DISABLED
08-16 16:52:58.848 1147 1284 W ActivityManager: Slow operation: 69ms so far, now at startProcess: returned from zygote!
08-16 16:52:58.849 1147 1284 W ActivityManager: Slow operation: 70ms so far, now at startProcess: done updating battery stats
08-16 16:52:58.849 1147 1284 W ActivityManager: Slow operation: 70ms so far, now at startProcess: building log message
08-16 16:52:58.849 1147 1284 I ActivityManager: Start proc 4526:com.qualcomm.qti.qms.service.trustzoneaccess/u0a75 for service {com.qualcomm.qti.qms.service.trustzoneaccess/com.qualcomm.qti.qms.service.trustzoneaccess.TZAccessService}
08-16 16:52:58.849 1147 1284 W ActivityManager: Slow operation: 70ms so far, now at startProcess: starting to update pids map
08-16 16:52:58.849 1147 1284 W ActivityManager: Slow operation: 70ms so far, now at startProcess: done updating pids map
01-01 04:42:01.106 0 0 I binder : 4526:4526 ioctl 40046210 7fc7d797e4 returned -22
08-16 16:52:58.929 1147 2940 D CompatibilityChangeReporter: Compat change id reported: 168419799; UID 10075; state: DISABLED
01-01 04:42:01.234 0 0 D : mv2112_read_status
01-01 04:42:01.234 0 0 D mv2112_update_link: 3.0x901(1G): 0x4
01-01 04:42:01.234 0 0 D mv2112_update_link: 3.0x8109(100M): 0x8
01-01 04:42:01.234 0 0 D mv2112_update_link: link 0x4
01-01 04:42:01.234 0 0 D mv2112_read_status: autoneg is disabled
01-01 04:42:01.465 0 0 I : boot log copy done
08-16 16:52:59.353 1147 2940 I ActivityManager: Process com.qti.ltebc (pid 4484) has died: cch+5 CEM
01-01 04:42:02.218 0 0 I perf : interrupt took too long (2545 > 2500), lowering kernel.perf_event_max_sample_rate to 78500
01-01 04:42:02.258 0 0 D : mv2112_read_status
01-01 04:42:02.258 0 0 D mv2112_update_link: 3.0x901(1G): 0x4
01-01 04:42:02.259 0 0 D mv2112_update_link: 3.0x8109(100M): 0x8
01-01 04:42:02.259 0 0 D mv2112_update_link: link 0x4
01-01 04:42:02.259 0 0 D mv2112_read_status: autoneg is disabled
01-01 04:42:02.347 0 0 E set_cps_config: get_wsa_dev_num is NULL
01-01 04:42:02.375 0 0 I __afe_port_start: port id: 0xb000
01-01 04:42:02.375 0 0 I afe_find_cal_topo_id_by_port: port id: 0xb000, dev_acdb_id: 15
01-01 04:42:02.375 0 0 I afe_find_cal_topo_id_by_port: top_id:112fc acdb_id:15 afe_port_id:0xb000
01-01 04:42:02.375 0 0 I afe_get_cal_topology_id: port_id = 0xb000 acdb_id = 15 topology_id = 0x112fc cal_type_index=8 ret=0
01-01 04:42:02.375 0 0 I afe_send_port_topology_id: AFE set topology id 0x112fc enable for port 0xb000 ret 0
01-01 04:42:02.375 0 0 I send_afe_cal_type: cal_index is 0
01-01 04:42:02.375 0 0 I send_afe_cal_type: dev_acdb_id[162] is 15
01-01 04:42:02.375 0 0 I afe_find_cal: cal_index 0 port_id 0xb000 port_index 162
01-01 04:42:02.375 0 0 I afe_find_cal: acdb_id 15 dev_acdb_id 15 sample_rate 48000 afe_sample_rates 48000
01-01 04:42:02.375 0 0 I afe_find_cal: cal block is a match, size is 0
01-01 04:42:02.375 0 0 I send_afe_cal_type: Sending cal_index cal 0
01-01 04:42:02.375 0 0 E send_afe_cal_type: No cal sent for cal_index 0, port_id = 0xb000! ret -22
01-01 04:42:02.385 0 0 I afe_send_hw_delay: port_id 0xb000 rate 48000 delay_usec 474 status 0
08-16 16:53:00.625 1147 1226 I ActivityManager: Killing 3893:com.android.calendar/u0a88 (adj 999): empty #31
01-01 04:42:03.282 0 0 D : mv2112_read_status
01-01 04:42:03.283 0 0 D mv2112_update_link: 3.0x901(1G): 0x4
01-01 04:42:03.283 0 0 D mv2112_update_link: 3.0x8109(100M): 0x8
01-01 04:42:03.283 0 0 D mv2112_update_link: link 0x4
01-01 04:42:03.283 0 0 D mv2112_read_status: autoneg is disabled
01-01 04:42:03.860 0 0 E swr-wcd wsa_swr_ctrl: swrm_runtime_suspend: clk stop mode not supported or SSR entry
08-16 16:53:01.724 1147 1225 I DropBoxManagerService: add tag=system_server_strictmode isTagEnabled=true flags=0x2
01-01 04:42:04.306 0 0 D : mv2112_read_status
01-01 04:42:04.306 0 0 D mv2112_update_link: 3.0x901(1G): 0x4
01-01 04:42:04.307 0 0 D mv2112_update_link: 3.0x8109(100M): 0x8
01-01 04:42:04.307 0 0 D mv2112_update_link: link 0x4
01-01 04:42:04.307 0 0 D mv2112_read_status: autoneg is disabled
08-16 16:53:02.972 1147 1225 I DropBoxManagerService: add tag=system_app_strictmode isTagEnabled=true flags=0x2
08-16 16:53:03.042 1147 1223 D AutofillManagerService: Close system dialogs
01-01 04:42:05.330 0 0 D : mv2112_read_status
01-01 04:42:05.330 0 0 D mv2112_update_link: 3.0x901(1G): 0x4
01-01 04:42:05.331 0 0 D mv2112_update_link: 3.0x8109(100M): 0x8
01-01 04:42:05.331 0 0 D mv2112_update_link: link 0x4
01-01 04:42:05.331 0 0 D mv2112_read_status: autoneg is disabled
01-01 04:42:05.784 0 0 I init : starting service 'vendor.light-hal-2-0'...
01-01 04:42:05.812 0 0 I init : starting service 'qvrd_vndr'...
01-01 04:42:05.813 0 0 I init : Created socket '/dev/socket/qvrservice_vndr', mode 660, user 1000, group 1000
01-01 04:42:05.813 0 0 I init : Created socket '/dev/socket/qvrservice_vndr_camera', mode 660, user 1000, group 1000
01-01 04:42:05.827 0 0 I init : starting service 'sxrd'...
01-01 04:42:05.869 0 0 I init : Service 'sxrd' (pid 4571) exited with status 1
01-01 04:42:05.869 0 0 I init : Sending signal 9 to service 'sxrd' (pid 4571) process group...
01-01 04:42:05.869 0 0 I libprocessgroup: Successfully killed process cgroup uid 1000 pid 4571 in 0ms
01-01 04:42:05.873 0 0 I init : Service 'qvrd_vndr' (pid 4570) exited with status 1
01-01 04:42:05.873 0 0 I init : Sending signal 9 to service 'qvrd_vndr' (pid 4570) process group...
08-16 16:53:03.677 4571 4571 F linker : CANNOT LINK EXECUTABLE "/vendor/bin/hw/sxrservice": library "vendor.qti.hardware.qxr-V1-ndk_platform.so" not found: needed by main executable
08-16 16:53:03.682 4570 4570 F linker : CANNOT LINK EXECUTABLE "/vendor/bin/hw/qvrservice": library "vendor.qti.hardware.qxr-V1-ndk_platform.so" not found: needed by /vendor/lib64/libqvrservice.so in namespace (default)
08-16 16:53:03.737 1147 1265 W UsageStatsService: Unexpected activity event reported! (com.android.launcher3/com.android.launcher3.uioverrides.QuickstepLauncher event : 23 instanceId : 232053890)
01-01 04:42:06.355 0 0 D : mv2112_read_status
01-01 04:42:06.356 0 0 D mv2112_update_link: 3.0x901(1G): 0x4
01-01 04:42:06.356 0 0 D mv2112_update_link: 3.0x8109(100M): 0x8
01-01 04:42:06.356 0 0 D mv2112_update_link: link 0x4
01-01 04:42:06.356 0 0 D mv2112_read_status: autoneg is disabled
08-16 16:53:04.223 1147 2887 E TaskPersister: File error accessing recents directory (directory doesn't exist?).
01-01 04:42:07.098 0 0 I afe_close: port_id = 0xb000
01-01 04:42:07.388 0 0 D : mv2112_read_status
01-01 04:42:07.388 0 0 D mv2112_update_link: 3.0x901(1G): 0x4
01-01 04:42:07.388 0 0 D mv2112_update_link: 3.0x8109(100M): 0x8
01-01 04:42:07.388 0 0 D mv2112_update_link: link 0x4
01-01 04:42:07.388 0 0 D mv2112_read_status: autoneg is disabled
01-01 04:42:08.406 0 0 D : mv2112_read_status
01-01 04:42:08.406 0 0 D mv2112_update_link: 3.0x901(1G): 0x4
01-01 04:42:08.406 0 0 D mv2112_update_link: 3.0x8109(100M): 0x8
01-01 04:42:08.406 0 0 D mv2112_update_link: link 0x4
01-01 04:42:08.406 0 0 D mv2112_read_status: autoneg is disabled
01-01 04:42:09.427 0 0 D : mv2112_read_status
01-01 04:42:09.427 0 0 D mv2112_update_link: 3.0x901(1G): 0x4
01-01 04:42:09.428 0 0 D mv2112_update_link: 3.0x8109(100M): 0x8
01-01 04:42:09.428 0 0 D mv2112_update_link: link 0x4
01-01 04:42:09.428 0 0 D mv2112_read_status: autoneg is disabled
01-01 04:42:10.450 0 0 D : mv2112_read_status
01-01 04:42:10.451 0 0 D mv2112_update_link: 3.0x901(1G): 0x4
01-01 04:42:10.452 0 0 D mv2112_update_link: 3.0x8109(100M): 0x8
01-01 04:42:10.452 0 0 D mv2112_update_link: link 0x4
01-01 04:42:10.452 0 0 D mv2112_read_status: autoneg is disabled
01-01 04:42:10.812 0 0 I init : starting service 'vendor.light-hal-2-0'...
01-01 04:42:10.847 0 0 I init : starting service 'qvrd_vndr'...
01-01 04:42:10.848 0 0 I init : Created socket '/dev/socket/qvrservice_vndr', mode 660, user 1000, group 1000
01-01 04:42:10.849 0 0 I init : Created socket '/dev/socket/qvrservice_vndr_camera', mode 660, user 1000, group 1000
01-01 04:42:10.874 0 0 I init : starting service 'sxrd'...
01-01 04:42:10.901 0 0 I init : Service 'vendor.light-hal-2-0' (pid 4582) exited with status 0
01-01 04:42:10.901 0 0 I init : Sending signal 9 to service 'vendor.light-hal-2-0' (pid 4582) process group...
01-01 04:42:10.902 0 0 I libprocessgroup: Successfully killed process cgroup uid 1000 pid 4582 in 0ms
08-16 16:53:08.726 4584 4584 F linker : CANNOT LINK EXECUTABLE "/vendor/bin/hw/sxrservice": library "vendor.qti.hardware.qxr-V1-ndk_platform.so" not found: needed by main executable
08-16 16:53:08.729 4583 4583 F linker : CANNOT LINK EXECUTABLE "/vendor/bin/hw/qvrservice": library "vendor.qti.hardware.qxr-V1-ndk_platform.so" not found: needed by /vendor/lib64/libqvrservice.so in namespace (default)
01-01 04:42:10.919 0 0 I init : Service 'sxrd' (pid 4584) exited with status 1
01-01 04:42:10.919 0 0 I init : Sending signal 9 to service 'sxrd' (pid 4584) process group...
08-16 16:53:09.187 1147 2952 I ActivityTaskManager: START u0 {act=android.intent.action.MAIN cmp=com.android.settings/.SubSettings (has extras)} from uid 1000
01-01 04:42:11.414 0 0 E set_cps_config: get_wsa_dev_num is NULL
01-01 04:42:11.433 0 0 I __afe_port_start: port id: 0xb000
08-16 16:53:09.224 1147 2952 I ActivityTaskManager: The Process com.android.settings Already Exists in BG. So sending its PID: 2381
01-01 04:42:11.433 0 0 I afe_find_cal_topo_id_by_port: port id: 0xb000, dev_acdb_id: 15
08-16 16:53:09.225 1147 2952 W ActivityTaskManager: Tried to set launchTime (0) < mLastActivityLaunchTime (77893)
01-01 04:42:11.433 0 0 I afe_find_cal_topo_id_by_port: top_id:112fc acdb_id:15 afe_port_id:0xb000
01-01 04:42:11.433 0 0 I afe_get_cal_topology_id: port_id = 0xb000 acdb_id = 15 topology_id = 0x112fc cal_type_index=8 ret=0
01-01 04:42:11.434 0 0 I afe_send_port_topology_id: AFE set topology id 0x112fc enable for port 0xb000 ret 0
01-01 04:42:11.434 0 0 I send_afe_cal_type: cal_index is 0
01-01 04:42:11.434 0 0 I send_afe_cal_type: dev_acdb_id[162] is 15
01-01 04:42:11.434 0 0 I afe_find_cal: cal_index 0 port_id 0xb000 port_index 162
01-01 04:42:11.434 0 0 I afe_find_cal: acdb_id 15 dev_acdb_id 15 sample_rate 48000 afe_sample_rates 48000
01-01 04:42:11.434 0 0 I afe_find_cal: cal block is a match, size is 0
01-01 04:42:11.434 0 0 I send_afe_cal_type: Sending cal_index cal 0
01-01 04:42:11.434 0 0 E send_afe_cal_type: No cal sent for cal_index 0, port_id = 0xb000! ret -22
01-01 04:42:11.443 0 0 I afe_send_hw_delay: port_id 0xb000 rate 48000 delay_usec 474 status 0
08-16 16:53:09.274 1147 2940 W BluetoothManagerService: psc is not null in bindBluetoothProfileService
01-01 04:42:11.480 0 0 D : mv2112_read_status
01-01 04:42:11.480 0 0 D mv2112_update_link: 3.0x901(1G): 0x4
01-01 04:42:11.480 0 0 D mv2112_update_link: 3.0x8109(100M): 0x8
01-01 04:42:11.480 0 0 D mv2112_update_link: link 0x4
01-01 04:42:11.480 0 0 D mv2112_read_status: autoneg is disabled
08-16 16:53:09.437 2381 2381 E ActivityThread: Failed to find provider info for com.google.android.gms.nearby.fastpair
08-16 16:53:09.438 2381 4228 E ActivityThread: Failed to find provider info for com.google.android.gms.nearby.fastpair
08-16 16:53:09.533 1147 2940 D PackageManager: Instant App installer not found with android.intent.action.INSTALL_INSTANT_APP_PACKAGE
08-16 16:53:09.533 1147 2940 D PackageManager: Clear ephemeral installer activity
08-16 16:53:09.742 1147 2952 D PackageManager: Instant App installer not found with android.intent.action.INSTALL_INSTANT_APP_PACKAGE
08-16 16:53:09.743 1147 2952 D PackageManager: Clear ephemeral installer activity
01-01 04:42:12.499 0 0 D : mv2112_read_status
01-01 04:42:12.499 0 0 D mv2112_update_link: 3.0x901(1G): 0x4
01-01 04:42:12.499 0 0 D mv2112_update_link: 3.0x8109(100M): 0x8
01-01 04:42:12.499 0 0 D mv2112_update_link: link 0x4
01-01 04:42:12.500 0 0 D mv2112_read_status: autoneg is disabled
01-01 04:42:12.854 0 0 E swr-wcd wsa_swr_ctrl: swrm_runtime_suspend: clk stop mode not supported or SSR entry
01-01 04:42:13.522 0 0 D : mv2112_read_status
01-01 04:42:13.522 0 0 D mv2112_update_link: 3.0x901(1G): 0x4
01-01 04:42:13.522 0 0 D mv2112_update_link: 3.0x8109(100M): 0x8
01-01 04:42:13.522 0 0 D mv2112_update_link: link 0x4
01-01 04:42:13.522 0 0 D mv2112_read_status: autoneg is disabled
08-16 16:53:12.236 1147 2887 E TaskPersister: File error accessing recents directory (directory doesn't exist?).
01-01 04:42:14.547 0 0 D : mv2112_read_status
01-01 04:42:14.547 0 0 D mv2112_update_link: 3.0x901(1G): 0x4
01-01 04:42:14.547 0 0 D mv2112_update_link: 3.0x8109(100M): 0x8
01-01 04:42:14.547 0 0 D mv2112_update_link: link 0x4
01-01 04:42:14.547 0 0 D mv2112_read_status: autoneg is disabled
01-01 04:42:14.797 0 0 I afe_close: port_id = 0xb000
01-01 04:42:15.571 0 0 D : mv2112_read_status
01-01 04:42:15.571 0 0 D mv2112_update_link: 3.0x901(1G): 0x4
01-01 04:42:15.571 0 0 D mv2112_update_link: 3.0x8109(100M): 0x8
01-01 04:42:15.572 0 0 D mv2112_update_link: link 0x4
01-01 04:42:15.572 0 0 D mv2112_read_status: autoneg is disabled
01-01 04:42:15.837 0 0 I init : starting service 'vendor.light-hal-2-0'...
01-01 04:42:15.882 0 0 I init : starting service 'qvrd_vndr'...
01-01 04:42:15.883 0 0 I init : Created socket '/dev/socket/qvrservice_vndr', mode 660, user 1000, group 1000
01-01 04:42:15.883 0 0 I init : Created socket '/dev/socket/qvrservice_vndr_camera', mode 660, user 1000, group 1000
01-01 04:42:15.907 0 0 I init : starting service 'sxrd'...
08-16 16:53:13.721 4595 4595 F linker : CANNOT LINK EXECUTABLE "/vendor/bin/hw/qvrservice": library "vendor.qti.hardware.qxr-V1-ndk_platform.so" not found: needed by /vendor/lib64/libqvrservice.so in namespace (default)
01-01 04:42:15.923 0 0 I init : Service 'qvrd_vndr' (pid 4595) exited with status 1
01-01 04:42:15.923 0 0 I init : Sending signal 9 to service 'qvrd_vndr' (pid 4595) process group...
01-01 04:42:15.924 0 0 I libprocessgroup: Successfully killed process cgroup uid 1000 pid 4595 in 0ms
01-01 04:42:15.934 0 0 I init : Service 'sxrd' (pid 4596) exited with status 1
01-01 04:42:15.934 0 0 I init : Sending signal 9 to service 'sxrd' (pid 4596) process group...
08-16 16:53:13.742 4596 4596 F linker : CANNOT LINK EXECUTABLE "/vendor/bin/hw/sxrservice": library "vendor.qti.hardware.qxr-V1-ndk_platform.so" not found: needed by main executable
01-01 04:42:15.981 0 0 E set_cps_config: get_wsa_dev_num is NULL
01-01 04:42:16.007 0 0 I __afe_port_start: port id: 0xb000
01-01 04:42:16.007 0 0 I afe_find_cal_topo_id_by_port: port id: 0xb000, dev_acdb_id: 15
01-01 04:42:16.007 0 0 I afe_find_cal_topo_id_by_port: top_id:112fc acdb_id:15 afe_port_id:0xb000
01-01 04:42:16.007 0 0 I afe_get_cal_topology_id: port_id = 0xb000 acdb_id = 15 topology_id = 0x112fc cal_type_index=8 ret=0
01-01 04:42:16.007 0 0 I afe_send_port_topology_id: AFE set topology id 0x112fc enable for port 0xb000 ret 0
01-01 04:42:16.007 0 0 I send_afe_cal_type: cal_index is 0
01-01 04:42:16.007 0 0 I send_afe_cal_type: dev_acdb_id[162] is 15
01-01 04:42:16.007 0 0 I afe_find_cal: cal_index 0 port_id 0xb000 port_index 162
01-01 04:42:16.007 0 0 I afe_find_cal: acdb_id 15 dev_acdb_id 15 sample_rate 48000 afe_sample_rates 48000
01-01 04:42:16.007 0 0 I afe_find_cal: cal block is a match, size is 0
01-01 04:42:16.007 0 0 I send_afe_cal_type: Sending cal_index cal 0
01-01 04:42:16.007 0 0 E send_afe_cal_type: No cal sent for cal_index 0, port_id = 0xb000! ret -22
01-01 04:42:16.017 0 0 I afe_send_hw_delay: port_id 0xb000 rate 48000 delay_usec 474 status 0
01-01 04:42:16.594 0 0 D : mv2112_read_status
01-01 04:42:16.594 0 0 D mv2112_update_link: 3.0x901(1G): 0x4
01-01 04:42:16.595 0 0 D mv2112_update_link: 3.0x8109(100M): 0x8
01-01 04:42:16.595 0 0 D mv2112_update_link: link 0x4
01-01 04:42:16.595 0 0 D mv2112_read_status: autoneg is disabled
01-01 04:42:17.008 0 0 E swr-wcd wsa_swr_ctrl: swrm_runtime_suspend: clk stop mode not supported or SSR entry
08-16 16:53:15.239 1147 1990 I ActivityTaskManager: START u0 {act=android.intent.action.MAIN cmp=com.android.settings/.SubSettings (has extras)} from uid 1000
08-16 16:53:15.271 1147 1808 I ActivityTaskManager: The Process com.android.settings Already Exists in BG. So sending its PID: 2381
08-16 16:53:15.273 1147 1808 W ActivityTaskManager: Tried to set launchTime (0) < mLastActivityLaunchTime (111367)
08-16 16:53:15.343 1147 1994 E UserRestrictionsUtils: Unknown restriction queried by uid 1000 (com.android.settings et al): null
08-16 16:53:15.405 1147 1994 D PackageManager: Instant App installer not found with android.intent.action.INSTALL_INSTANT_APP_PACKAGE
08-16 16:53:15.405 1147 1994 D PackageManager: Clear ephemeral installer activity
08-16 16:53:15.424 1147 1990 D CompatibilityChangeReporter: Compat change id reported: 124107808; UID 1001; state: ENABLED
01-01 04:42:17.618 0 0 D : mv2112_read_status
01-01 04:42:17.618 0 0 D mv2112_update_link: 3.0x901(1G): 0x4
01-01 04:42:17.618 0 0 D mv2112_update_link: 3.0x8109(100M): 0x8
01-01 04:42:17.618 0 0 D mv2112_update_link: link 0x4
01-01 04:42:17.618 0 0 D mv2112_read_status: autoneg is disabled
01-01 04:42:17.689 0 0 I [schedu][0x9504c219][16:53:15.498704] wlan: [2470:I:OSIF] scan start scan id 40963
08-16 16:53:15.510 1147 1990 D PackageManager: Instant App installer not found with android.intent.action.INSTALL_INSTANT_APP_PACKAGE
08-16 16:53:15.510 1147 1990 D PackageManager: Clear ephemeral installer activity
01-01 04:42:18.642 0 0 D : mv2112_read_status
01-01 04:42:18.643 0 0 D mv2112_update_link: 3.0x901(1G): 0x4
01-01 04:42:18.643 0 0 D mv2112_update_link: 3.0x8109(100M): 0x8
01-01 04:42:18.643 0 0 D mv2112_update_link: link 0x4
01-01 04:42:18.643 0 0 D mv2112_read_status: autoneg is disabled
08-16 16:53:16.824 1147 1994 I ActivityTaskManager: START u0 {act=android.intent.action.MAIN cmp=com.android.settings/.SubSettings (has extras)} from uid 1000
08-16 16:53:16.855 1147 1179 I ActivityTaskManager: The Process com.android.settings Already Exists in BG. So sending its PID: 2381
08-16 16:53:16.859 1147 1179 W ActivityTaskManager: Tried to set launchTime (0) < mLastActivityLaunchTime (117415)
08-16 16:53:17.037 1147 1808 D PackageManager: Instant App installer not found with android.intent.action.INSTALL_INSTANT_APP_PACKAGE
08-16 16:53:17.037 1147 1808 D PackageManager: Clear ephemeral installer activity
01-01 04:42:19.231 0 0 I [schedu][0x96c8619a][16:53:17.040244] wlan: [2470:I:OSIF] vdev 0, scan id 40963 type COMPLETED(1) reason COMPLETED(1) scan found 29 bss
08-16 16:53:17.126 1147 1994 D PackageManager: Instant App installer not found with android.intent.action.INSTALL_INSTANT_APP_PACKAGE
08-16 16:53:17.126 1147 1994 D PackageManager: Clear ephemeral installer activity
01-01 04:42:19.435 0 0 I [schedu][0x97043856][16:53:17.244493] wlan: [2470:I:OSIF] scan start scan id 40964
01-01 04:42:19.670 0 0 D : mv2112_read_status
01-01 04:42:19.673 0 0 D mv2112_update_link: 3.0x901(1G): 0x4
01-01 04:42:19.674 0 0 D mv2112_update_link: 3.0x8109(100M): 0x8
01-01 04:42:19.674 0 0 D mv2112_update_link: link 0x4
01-01 04:42:19.674 0 0 D mv2112_read_status: autoneg is disabled
08-16 16:53:17.837 1147 2887 E TaskPersister: File error accessing recents directory (directory doesn't exist?).
01-01 04:42:20.690 0 0 D : mv2112_read_status
01-01 04:42:20.691 0 0 D mv2112_update_link: 3.0x901(1G): 0x4
01-01 04:42:20.691 0 0 D mv2112_update_link: 3.0x8109(100M): 0x8
01-01 04:42:20.691 0 0 D mv2112_update_link: link 0x4
01-01 04:42:20.691 0 0 D mv2112_read_status: autoneg is disabled
01-01 04:42:20.885 0 0 I init : starting service 'vendor.light-hal-2-0'...
01-01 04:42:20.908 0 0 I init : starting service 'qvrd_vndr'...
01-01 04:42:20.919 0 0 I init : Created socket '/dev/socket/qvrservice_vndr', mode 660, user 1000, group 1000
01-01 04:42:20.919 0 0 I init : Created socket '/dev/socket/qvrservice_vndr_camera', mode 660, user 1000, group 1000
01-01 04:42:20.936 0 0 I init : starting service 'sxrd'...
01-01 04:42:20.955 0 0 I init : Service 'vendor.light-hal-2-0' (pid 4610) exited with status 0
01-01 04:42:20.955 0 0 I init : Sending signal 9 to service 'vendor.light-hal-2-0' (pid 4610) process group...
01-01 04:42:20.955 0 0 I libprocessgroup: Successfully killed process cgroup uid 1000 pid 4610 in 0ms
01-01 04:42:20.960 0 0 I init : Service 'qvrd_vndr' (pid 4611) exited with status 1
01-01 04:42:20.960 0 0 I init : Sending signal 9 to service 'qvrd_vndr' (pid 4611) process group...
08-16 16:53:18.769 4611 4611 F linker : CANNOT LINK EXECUTABLE "/vendor/bin/hw/qvrservice": library "vendor.qti.hardware.qxr-V1-ndk_platform.so" not found: needed by /vendor/lib64/libqvrservice.so in namespace (default)
08-16 16:53:18.780 4612 4612 F linker : CANNOT LINK EXECUTABLE "/vendor/bin/hw/sxrservice": library "vendor.qti.hardware.qxr-V1-ndk_platform.so" not found: needed by main executable
01-01 04:42:21.168 0 0 I [schedu][0x990011ec][16:53:18.977953] wlan: [2470:I:OSIF] vdev 0, scan id 40964 type COMPLETED(1) reason COMPLETED(1) scan found 36 bss
01-01 04:42:21.714 0 0 D : mv2112_read_status
01-01 04:42:21.715 0 0 D mv2112_update_link: 3.0x901(1G): 0x4
01-01 04:42:21.716 0 0 D mv2112_update_link: 3.0x8109(100M): 0x8
01-01 04:42:21.716 0 0 D mv2112_update_link: link 0x4
01-01 04:42:21.716 0 0 D mv2112_read_status: autoneg is disabled
08-16 16:53:19.628 1147 1223 D CompanionDeviceManagerService: onPackageModified(packageName = com.android.settings)
08-16 16:53:19.649 1147 1147 I Telecom : DefaultDialerCache: Refreshing default dialer for user 0: now org.codeaurora.dialer: DDC.oR@AC0
01-01 04:42:21.891 0 0 I binder : 4613:4613 ioctl 40046210 7fcb0582d4 returned -22
08-16 16:53:19.751 1147 1265 W VoiceInteractionManager: no available voice recognition services found for user 0
01-01 04:42:22.341 0 0 I afe_close: port_id = 0xb000
01-01 04:42:22.742 0 0 D : mv2112_read_status
01-01 04:42:22.742 0 0 D mv2112_update_link: 3.0x901(1G): 0x4
01-01 04:42:22.742 0 0 D mv2112_update_link: 3.0x8109(100M): 0x8
01-01 04:42:22.742 0 0 D mv2112_update_link: link 0x4
01-01 04:42:22.742 0 0 D mv2112_read_status: autoneg is disabled
01-01 04:42:23.766 0 0 D : mv2112_read_status
01-01 04:42:23.766 0 0 D mv2112_update_link: 3.0x901(1G): 0x4
01-01 04:42:23.766 0 0 D mv2112_update_link: 3.0x8109(100M): 0x8
01-01 04:42:23.766 0 0 D mv2112_update_link: link 0x4
01-01 04:42:23.766 0 0 D mv2112_read_status: autoneg is disabled
01-01 04:42:24.787 0 0 D : mv2112_read_status
01-01 04:42:24.787 0 0 D mv2112_update_link: 3.0x901(1G): 0x4
01-01 04:42:24.787 0 0 D mv2112_update_link: 3.0x8109(100M): 0x8
01-01 04:42:24.787 0 0 D mv2112_update_link: link 0x4
01-01 04:42:24.787 0 0 D mv2112_read_status: autoneg is disabled
01-01 04:42:25.810 0 0 D : mv2112_read_status
01-01 04:42:25.810 0 0 D mv2112_update_link: 3.0x901(1G): 0x4
01-01 04:42:25.811 0 0 D mv2112_update_link: 3.0x8109(100M): 0x8
01-01 04:42:25.811 0 0 D mv2112_update_link: link 0x4
01-01 04:42:25.811 0 0 D mv2112_read_status: autoneg is disabled
01-01 04:42:25.902 0 0 I init : starting service 'vendor.light-hal-2-0'...
01-01 04:42:25.950 0 0 I init : starting service 'qvrd_vndr'...
01-01 04:42:25.951 0 0 I init : Created socket '/dev/socket/qvrservice_vndr', mode 660, user 1000, group 1000
01-01 04:42:25.951 0 0 I init : Created socket '/dev/socket/qvrservice_vndr_camera', mode 660, user 1000, group 1000
01-01 04:42:25.965 0 0 I init : starting service 'sxrd'...
08-16 16:53:23.789 4617 4617 F linker : CANNOT LINK EXECUTABLE "/vendor/bin/hw/qvrservice": library "vendor.qti.hardware.qxr-V1-ndk_platform.so" not found: needed by /vendor/lib64/libqvrservice.so in namespace (default)
01-01 04:42:25.982 0 0 I init : Service 'qvrd_vndr' (pid 4617) exited with status 1
01-01 04:42:25.982 0 0 I init : Sending signal 9 to service 'qvrd_vndr' (pid 4617) process group...
01-01 04:42:25.982 0 0 I libprocessgroup: Successfully killed process cgroup uid 1000 pid 4617 in 0ms
01-01 04:42:26.001 0 0 I init : Service 'sxrd' (pid 4618) exited with status 1
01-01 04:42:26.001 0 0 I init : Sending signal 9 to service 'sxrd' (pid 4618) process group...
08-16 16:53:23.809 4618 4618 F linker : CANNOT LINK EXECUTABLE "/vendor/bin/hw/sxrservice": library "vendor.qti.hardware.qxr-V1-ndk_platform.so" not found: needed by main executable
01-01 04:42:26.834 0 0 D : mv2112_read_status
01-01 04:42:26.834 0 0 D mv2112_update_link: 3.0x901(1G): 0x4
01-01 04:42:26.834 0 0 D mv2112_update_link: 3.0x8109(100M): 0x8
01-01 04:42:26.834 0 0 D mv2112_update_link: link 0x4
01-01 04:42:26.834 0 0 D mv2112_read_status: autoneg is disabled
01-01 04:42:27.796 0 0 I perf : interrupt took too long (3209 > 3181), lowering kernel.perf_event_max_sample_rate to 62250
01-01 04:42:27.858 0 0 D : mv2112_read_status
01-01 04:42:27.858 0 0 D mv2112_update_link: 3.0x901(1G): 0x4
01-01 04:42:27.858 0 0 D mv2112_update_link: 3.0x8109(100M): 0x8
01-01 04:42:27.858 0 0 D mv2112_update_link: link 0x4
01-01 04:42:27.858 0 0 D mv2112_read_status: autoneg is disabled
01-01 04:42:28.883 0 0 D : mv2112_read_status
01-01 04:42:28.883 0 0 D mv2112_update_link: 3.0x901(1G): 0x4
01-01 04:42:28.884 0 0 D mv2112_update_link: 3.0x8109(100M): 0x8
