08-16 16:52:11.040 1147 1147 I SystemServerTiming: OnBootPhase_200_com.android.server.pm.Installer
08-16 16:52:11.040 1147 1147 D SystemServerTiming: OnBootPhase_200_com.android.server.pm.Installer took to complete: 0ms
08-16 16:52:11.040 1147 1147 I SystemServerTiming: OnBootPhase_200_com.android.server.os.DeviceIdentifiersPolicyService
08-16 16:52:11.040 1147 1147 D SystemServerTiming: OnBootPhase_200_com.android.server.os.DeviceIdentifiersPolicyService took to complete: 0ms
08-16 16:52:11.040 1147 1147 I SystemServerTiming: OnBootPhase_200_com.android.server.uri.UriGrantsManagerService$Lifecycle
08-16 16:52:11.040 1147 1147 D SystemServerTiming: OnBootPhase_200_com.android.server.uri.UriGrantsManagerService$Lifecycle took to complete: 0ms
08-16 16:52:11.040 1147 1147 I SystemServerTiming: OnBootPhase_200_com.android.server.powerstats.PowerStatsService
08-16 16:52:11.040 1147 1147 D SystemServerTiming: OnBootPhase_200_com.android.server.powerstats.PowerStatsService took to complete: 0ms
08-16 16:52:11.040 1147 1147 I SystemServerTiming: OnBootPhase_200_com.android.server.wm.ActivityTaskManagerService$Lifecycle
08-16 16:52:11.040 1147 1147 D SystemServerTiming: OnBootPhase_200_com.android.server.wm.ActivityTaskManagerService$Lifecycle took to complete: 0ms
08-16 16:52:11.040 1147 1147 I SystemServerTiming: OnBootPhase_200_com.android.server.am.ActivityManagerService$Lifecycle
08-16 16:52:11.041 1147 1147 D SystemServerTiming: OnBootPhase_200_com.android.server.am.ActivityManagerService$Lifecycle took to complete: 0ms
08-16 16:52:11.041 1147 1147 I SystemServerTiming: OnBootPhase_200_com.android.server.pm.DataLoaderManagerService
08-16 16:52:11.041 1147 1147 D SystemServerTiming: OnBootPhase_200_com.android.server.pm.DataLoaderManagerService took to complete: 0ms
08-16 16:52:11.041 1147 1147 I SystemServerTiming: OnBootPhase_200_com.android.server.power.PowerManagerService
08-16 16:52:11.041 1147 1147 D SystemServerTiming: OnBootPhase_200_com.android.server.power.PowerManagerService took to complete: 0ms
08-16 16:52:11.041 1147 1147 I SystemServerTiming: OnBootPhase_200_com.android.server.power.ThermalManagerService
08-16 16:52:11.041 1147 1147 D SystemServerTiming: OnBootPhase_200_com.android.server.power.ThermalManagerService took to complete: 0ms
08-16 16:52:11.041 1147 1147 I SystemServerTiming: OnBootPhase_200_com.android.server.power.hint.HintManagerService
08-16 16:52:11.041 1147 1147 D SystemServerTiming: OnBootPhase_200_com.android.server.power.hint.HintManagerService took to complete: 0ms
08-16 16:52:11.041 1147 1147 I SystemServerTiming: OnBootPhase_200_com.android.server.recoverysystem.RecoverySystemService$Lifecycle
08-16 16:52:11.041 1147 1147 D SystemServerTiming: OnBootPhase_200_com.android.server.recoverysystem.RecoverySystemService$Lifecycle took to complete: 0ms
08-16 16:52:11.042 1147 1147 I SystemServerTiming: OnBootPhase_200_com.android.server.lights.LightsService
08-16 16:52:11.042 1147 1147 D SystemServerTiming: OnBootPhase_200_com.android.server.lights.LightsService took to complete: 0ms
08-16 16:52:11.042 1147 1147 I SystemServerTiming: OnBootPhase_200_com.android.server.display.DisplayManagerService
08-16 16:52:11.042 1147 1147 D SystemServerTiming: OnBootPhase_200_com.android.server.display.DisplayManagerService took to complete: 0ms
08-16 16:52:11.042 1147 1147 I SystemServerTiming: OnBootPhase_200_com.android.server.pm.verify.domain.DomainVerificationService
08-16 16:52:11.042 1147 1147 D SystemServerTiming: OnBootPhase_200_com.android.server.pm.verify.domain.DomainVerificationService took to complete: 0ms
08-16 16:52:11.042 1147 1147 I SystemServerTiming: OnBootPhase_200_com.android.server.pm.PackageInstallerService$Lifecycle
08-16 16:52:11.042 1147 1147 D SystemServerTiming: OnBootPhase_200_com.android.server.pm.PackageInstallerService$Lifecycle took to complete: 0ms
08-16 16:52:11.042 1147 1147 I SystemServerTiming: OnBootPhase_200_com.android.server.pm.UserManagerService$LifeCycle
08-16 16:52:11.043 1147 1147 D SystemServerTiming: OnBootPhase_200_com.android.server.pm.UserManagerService$LifeCycle took to complete: 0ms
08-16 16:52:11.043 1147 1147 I SystemServerTiming: OnBootPhase_200_com.android.server.om.OverlayManagerService
08-16 16:52:11.043 1147 1147 D SystemServerTiming: OnBootPhase_200_com.android.server.om.OverlayManagerService took to complete: 0ms
08-16 16:52:11.043 1147 1147 I SystemServerTiming: OnBootPhase_200_com.android.server.SensorPrivacyService
08-16 16:52:11.043 1147 1147 D SystemServerTiming: OnBootPhase_200_com.android.server.SensorPrivacyService took to complete: 0ms
08-16 16:52:11.044 1147 1147 I SystemServerTiming: OnBootPhase_200_com.android.server.sensors.SensorService
08-16 16:52:11.044 1147 1147 D SystemServerTiming: OnBootPhase_200_com.android.server.sensors.SensorService took to complete: 0ms
08-16 16:52:11.044 1147 1147 I SystemServerTiming: OnBootPhase_200_com.android.server.SystemConfigService
08-16 16:52:11.044 1147 1147 D SystemServerTiming: OnBootPhase_200_com.android.server.SystemConfigService took to complete: 0ms
08-16 16:52:11.044 1147 1147 I SystemServerTiming: OnBootPhase_200_com.android.server.BatteryService
08-16 16:52:11.044 1147 1147 D SystemServerTiming: OnBootPhase_200_com.android.server.BatteryService took to complete: 0ms
08-16 16:52:11.044 1147 1147 I SystemServerTiming: OnBootPhase_200_com.android.server.usage.UsageStatsService
08-16 16:52:11.044 1147 1147 D SystemServerTiming: OnBootPhase_200_com.android.server.usage.UsageStatsService took to complete: 0ms
08-16 16:52:11.044 1147 1147 I SystemServerTiming: OnBootPhase_200_com.android.server.webkit.WebViewUpdateService
08-16 16:52:11.044 1147 1147 D SystemServerTiming: OnBootPhase_200_com.android.server.webkit.WebViewUpdateService took to complete: 0ms
08-16 16:52:11.045 1147 1147 I SystemServerTiming: OnBootPhase_200_com.android.server.CachedDeviceStateService
08-16 16:52:11.045 1147 1147 D SystemServerTiming: OnBootPhase_200_com.android.server.CachedDeviceStateService took to complete: 0ms
08-16 16:52:11.045 1147 1147 I SystemServerTiming: OnBootPhase_200_com.android.server.BinderCallsStatsService$LifeCycle
08-16 16:52:11.045 1147 1147 D SystemServerTiming: OnBootPhase_200_com.android.server.BinderCallsStatsService$LifeCycle took to complete: 0ms
08-16 16:52:11.045 1147 1147 I SystemServerTiming: OnBootPhase_200_com.android.server.LooperStatsService$Lifecycle
08-16 16:52:11.045 1147 1147 D SystemServerTiming: OnBootPhase_200_com.android.server.LooperStatsService$Lifecycle took to complete: 0ms
08-16 16:52:11.045 1147 1147 I SystemServerTiming: OnBootPhase_200_com.android.server.rollback.RollbackManagerService
08-16 16:52:11.045 1147 1147 D SystemServerTiming: OnBootPhase_200_com.android.server.rollback.RollbackManagerService took to complete: 0ms
08-16 16:52:11.045 1147 1147 I SystemServerTiming: OnBootPhase_200_com.android.server.os.NativeTombstoneManagerService
08-16 16:52:11.045 1147 1147 D SystemServerTiming: OnBootPhase_200_com.android.server.os.NativeTombstoneManagerService took to complete: 0ms
08-16 16:52:11.045 1147 1147 I SystemServerTiming: OnBootPhase_200_com.android.server.os.BugreportManagerService
08-16 16:52:11.045 1147 1147 D SystemServerTiming: OnBootPhase_200_com.android.server.os.BugreportManagerService took to complete: 0ms
08-16 16:52:11.046 1147 1147 I SystemServerTiming: OnBootPhase_200_com.android.server.gpu.GpuService
08-16 16:52:11.046 1147 1147 D SystemServerTiming: OnBootPhase_200_com.android.server.gpu.GpuService took to complete: 0ms
08-16 16:52:11.046 1147 1147 I SystemServerTiming: OnBootPhase_200_com.android.server.security.KeyChainSystemService
08-16 16:52:11.046 1147 1147 D SystemServerTiming: OnBootPhase_200_com.android.server.security.KeyChainSystemService took to complete: 0ms
08-16 16:52:11.046 1147 1147 I SystemServerTiming: OnBootPhase_200_com.android.server.telecom.TelecomLoaderService
08-16 16:52:11.046 1147 1147 D SystemServerTiming: OnBootPhase_200_com.android.server.telecom.TelecomLoaderService took to complete: 0ms
08-16 16:52:11.046 1147 1147 I SystemServerTiming: OnBootPhase_200_com.android.server.accounts.AccountManagerService$Lifecycle
08-16 16:52:11.046 1147 1147 D SystemServerTiming: OnBootPhase_200_com.android.server.accounts.AccountManagerService$Lifecycle took to complete: 0ms
08-16 16:52:11.046 1147 1147 I SystemServerTiming: OnBootPhase_200_com.android.server.content.ContentService$Lifecycle
08-16 16:52:11.046 1147 1147 D SystemServerTiming: OnBootPhase_200_com.android.server.content.ContentService$Lifecycle took to complete: 0ms
08-16 16:52:11.046 1147 1147 I SystemServerTiming: OnBootPhase_200_com.android.server.DropBoxManagerService
08-16 16:52:11.046 1147 1147 D SystemServerTiming: OnBootPhase_200_com.android.server.DropBoxManagerService took to complete: 0ms
08-16 16:52:11.046 1147 1147 I SystemServerTiming: OnBootPhase_200_com.android.role.RoleService
08-16 16:52:11.047 1147 1147 D SystemServerTiming: OnBootPhase_200_com.android.role.RoleService took to complete: 0ms
08-16 16:52:11.047 1147 1147 I SystemServerTiming: OnBootPhase_200_com.android.server.vibrator.VibratorManagerService$Lifecycle
08-16 16:52:11.047 1147 1147 D SystemServerTiming: OnBootPhase_200_com.android.server.vibrator.VibratorManagerService$Lifecycle took to complete: 0ms
08-16 16:52:11.047 1147 1147 I SystemServerTiming: OnBootPhase_200_com.android.server.alarm.AlarmManagerService
08-16 16:52:11.047 1147 1147 D SystemServerTiming: OnBootPhase_200_com.android.server.alarm.AlarmManagerService took to complete: 0ms
08-16 16:52:11.047 1147 1147 I SystemServerTiming: OnBootPhase_200_com.android.server.devicestate.DeviceStateManagerService
08-16 16:52:11.047 1147 1147 D SystemServerTiming: OnBootPhase_200_com.android.server.devicestate.DeviceStateManagerService took to complete: 0ms
08-16 16:52:11.047 1147 1147 I SystemServerTiming: OnBootPhase_200_com.android.server.camera.CameraServiceProxy
08-16 16:52:11.047 1147 1147 D SystemServerTiming: OnBootPhase_200_com.android.server.camera.CameraServiceProxy took to complete: 0ms
08-16 16:52:11.047 1147 1147 D SystemServerTiming: OnBootPhase_200 took to complete: 8ms
08-16 16:52:11.050 1147 1147 I WindowManager: No existing display settings, starting empty
08-16 16:52:11.051 1147 1147 I WindowManager: No existing display settings, starting empty
08-16 16:52:11.070 1147 1147 D SystemServerTiming: StartWindowManagerService took to complete: 31ms
08-16 16:52:11.070 1147 1147 I SystemServerTiming: SetWindowManagerService
08-16 16:52:11.126 1147 1147 I ActivityTaskManager: Loaded persisted task ids for user 0
08-16 16:52:11.129 1147 1147 D SystemServerTiming: SetWindowManagerService took to complete: 58ms
08-16 16:52:11.129 1147 1147 I SystemServerTiming: WindowManagerServiceOnInitReady
08-16 16:52:11.149 1147 1147 D SystemServerTiming: WindowManagerServiceOnInitReady took to complete: 20ms
08-16 16:52:11.149 1147 1147 I SystemServerTiming: StartInputManager
08-16 16:52:11.150 1147 1147 I InputManager: Starting input manager
08-16 16:52:11.154 1147 1674 I SystemServerTimingAsync: InitThreadPoolExec:StartHidlServices
08-16 16:52:11.154 1147 1674 D SystemServerInitThreadPool: Started executing StartHidlServices
08-16 16:52:11.154 1147 1674 I SystemServerTimingAsync: StartHidlServices
08-16 16:52:11.154 1147 1147 D SystemServerTiming: StartInputManager took to complete: 5ms
08-16 16:52:11.154 1147 1147 I SystemServerTiming: DisplayManagerWindowManagerAndInputReady
08-16 16:52:11.155 1147 1147 D SystemServerTiming: DisplayManagerWindowManagerAndInputReady took to complete: 0ms
08-16 16:52:11.155 1147 1147 I SystemServerTiming: StartBluetoothService
08-16 16:52:11.155 1147 1226 I LogicalDisplayMapper: Requesting Transition to state: 0
08-16 16:52:11.155 1147 1147 I SystemServiceManager: Starting com.android.server.BluetoothService
08-16 16:52:11.155 1147 1226 I LogicalDisplayMapper: Applying layout: [{addr: {port=129, model=0x40446d3026322d}, dispId: 0(ON)}], Previous layout: [{addr: {port=129, model=0x40446d3026322d}, dispId: 0(ON)}]
08-16 16:52:11.159 1147 1147 D BluetoothManagerService: Loading stored name and address
08-16 16:52:11.159 1147 1147 D BluetoothManagerService: Stored bluetooth Name=QCOM-BTD,Address=22:22:C8:96:9F:72
08-16 16:52:11.160 1147 1147 D BluetoothManagerService: Bluetooth persisted state: 1
08-16 16:52:11.160 1147 1147 D BluetoothManagerService: Startup: Bluetooth persisted state is ON.
08-16 16:52:11.160 1147 1147 D BluetoothManagerService: Detected SystemUiUid: 10124
08-16 16:52:11.160 1147 1147 D SystemServerTiming: StartBluetoothService took to complete: 5ms
08-16 16:52:11.160 1147 1147 I SystemServerTiming: IpConnectivityMetrics
08-16 16:52:11.161 1147 1147 I SystemServiceManager: Starting com.android.server.connectivity.IpConnectivityMetrics
08-16 16:52:11.162 1147 1147 D SystemServerTiming: IpConnectivityMetrics took to complete: 2ms
08-16 16:52:11.162 1147 1147 I SystemServerTiming: NetworkWatchlistService
08-16 16:52:11.162 1147 1147 I SystemServiceManager: Starting com.android.server.net.watchlist.NetworkWatchlistService$Lifecycle
08-16 16:52:11.172 1147 1147 I WatchlistSettings: Reload watchlist settings done
08-16 16:52:11.173 1147 1683 I WatchlistLoggingHandler: No need to aggregate record yet.
08-16 16:52:11.173 1147 1683 I WatchlistLoggingHandler: Milliseconds spent on tryAggregateRecords(): 0
08-16 16:52:11.174 1147 1147 D SystemServerTiming: NetworkWatchlistService took to complete: 12ms
08-16 16:52:11.174 1147 1147 I SystemServerTiming: PinnerService
08-16 16:52:11.174 1147 1147 I SystemServiceManager: Starting com.android.server.PinnerService
08-16 16:52:11.175 1147 1147 V HistoricalRegistry: Interaction before persistence initialized
08-16 16:52:11.176 1147 1147 D SystemServerTiming: PinnerService took to complete: 2ms
08-16 16:52:11.176 1147 1147 I SystemServerTiming: IorapForwardingService
08-16 16:52:11.176 1147 1147 I SystemServiceManager: Starting com.google.android.startop.iorap.IorapForwardingService
08-16 16:52:11.177 1147 1147 D SystemServerTiming: IorapForwardingService took to complete: 1ms
08-16 16:52:11.178 1147 1147 I SystemServiceManager: Starting com.android.server.ActivityTriggerService
08-16 16:52:11.178 1147 1147 I ActivityTriggerService: Starting ActivityTriggerService
08-16 16:52:11.178 1147 1147 I SystemServerTiming: SignedConfigService
08-16 16:52:11.179 1147 1147 D SystemServerTiming: SignedConfigService took to complete: 1ms
08-16 16:52:11.179 1147 1147 I SystemServerTiming: AppIntegrityService
08-16 16:52:11.179 1147 1147 I SystemServiceManager: Starting com.android.server.integrity.AppIntegrityManagerService
08-16 16:52:11.180 1147 1147 E IntegrityFileManager: Error creating staging and rules directory
08-16 16:52:11.181 1147 1265 D PinnerService: pinRangeStream: null
08-16 16:52:11.184 1147 1147 D SystemServerTiming: AppIntegrityService took to complete: 5ms
08-16 16:52:11.199 1147 1265 D PinnerService: pinRangeStream: null
08-16 16:52:11.202 1147 1265 D PinnerService: pinRangeStream: null
08-16 16:52:11.203 1147 1674 D SystemServerTimingAsync: StartHidlServices took to complete: 49ms
08-16 16:52:11.203 1147 1674 D SystemServerInitThreadPool: Finished executing StartHidlServices
08-16 16:52:11.204 1147 1674 D SystemServerTimingAsync: InitThreadPoolExec:StartHidlServices took to complete: 50ms
08-16 16:52:11.204 1147 1265 D PinnerService: pinRangeStream: null
08-16 16:52:11.229 1147 1147 I WindowManager: SAFE MODE not enabled
08-16 16:52:11.230 1147 1147 I SystemServerTiming: StartInputMethodManagerLifecycle
08-16 16:52:11.230 1147 1147 I SystemServiceManager: Starting com.android.server.inputmethod.InputMethodManagerService$Lifecycle
08-16 16:52:11.238 1147 1147 D SystemServerTiming: StartInputMethodManagerLifecycle took to complete: 8ms
08-16 16:52:11.238 1147 1147 I SystemServerTiming: StartAccessibilityManagerService
08-16 16:52:11.238 1147 1147 I SystemServiceManager: Starting com.android.server.accessibility.AccessibilityManagerService$Lifecycle
08-16 16:52:11.242 1147 1147 D SystemServerTiming: StartAccessibilityManagerService took to complete: 4ms
08-16 16:52:11.242 1147 1147 I SystemServerTiming: MakeDisplayReady
08-16 16:52:11.248 1147 1147 I ActivityTaskManager: Config changes=20005df8 {1.0 ?mcc?mnc [en_US] ldltr sw680dp w1586dp h608dp 240dpi lrg long land ?uimode ?night -touch -keyb/v/h -nav/h winConfig={ mBounds=Rect(0, 0 - 2380, 1020) mAppBounds=Rect(0, 0 - 2380, 948) mMaxBounds=Rect(0, 0 - 2380, 1020) mWindowingMode=fullscreen mDisplayWindowingMode=fullscreen mActivityType=undefined mAlwaysOnTop=undefined mRotation=ROTATION_0} s.2 ?fontWeightAdjustment}
08-16 16:52:11.249 1147 1147 I WindowManager: Override config changes=60007dfc {1.0 ?mcc?mnc [en_US] ldltr sw680dp w1586dp h608dp 240dpi lrg long land ?uimode ?night -touch -keyb/v/h -nav/h winConfig={ mBounds=Rect(0, 0 - 2380, 1020) mAppBounds=Rect(0, 0 - 2380, 948) mMaxBounds=Rect(0, 0 - 2380, 1020) mWindowingMode=fullscreen mDisplayWindowingMode=fullscreen mActivityType=undefined mAlwaysOnTop=undefined mRotation=ROTATION_0} s.2 ?fontWeightAdjustment} for displayId=0
08-16 16:52:11.261 1147 1147 I ActivityTaskManager: Config changes=8 {1.0 ?mcc?mnc [en_US] ldltr sw680dp w1586dp h608dp 240dpi lrg long land ?uimode ?night finger -keyb/v/h -nav/h winConfig={ mBounds=Rect(0, 0 - 2380, 1020) mAppBounds=Rect(0, 0 - 2380, 948) mMaxBounds=Rect(0, 0 - 2380, 1020) mWindowingMode=fullscreen mDisplayWindowingMode=fullscreen mActivityType=undefined mAlwaysOnTop=undefined mRotation=ROTATION_0} s.4 ?fontWeightAdjustment}
08-16 16:52:11.261 1147 1147 I WindowManager: Override config changes=8 {1.0 ?mcc?mnc [en_US] ldltr sw680dp w1586dp h608dp 240dpi lrg long land ?uimode ?night finger -keyb/v/h -nav/h winConfig={ mBounds=Rect(0, 0 - 2380, 1020) mAppBounds=Rect(0, 0 - 2380, 948) mMaxBounds=Rect(0, 0 - 2380, 1020) mWindowingMode=fullscreen mDisplayWindowingMode=fullscreen mActivityType=undefined mAlwaysOnTop=undefined mRotation=ROTATION_0} s.4 ?fontWeightAdjustment} for displayId=0
08-16 16:52:11.264 1147 1147 D SystemServerTiming: MakeDisplayReady took to complete: 22ms
08-16 16:52:11.264 1147 1147 I SystemServerTiming: StartStorageManagerService
08-16 16:52:11.264 1147 1147 I SystemServiceManager: Starting com.android.server.StorageManagerService$Lifecycle
08-16 16:52:11.286 1147 1689 D StorageManagerService: Thinking about init, mBootCompleted=false, mDaemonConnected=true
08-16 16:52:11.286 1147 1689 D StorageManagerService: Thinking about reset, mBootCompleted=false, mDaemonConnected=true
08-16 16:52:11.290 1147 1689 D StorageManagerService: Thinking about init, mBootCompleted=false, mDaemonConnected=true
08-16 16:52:11.290 1147 1689 D StorageManagerService: Thinking about reset, mBootCompleted=false, mDaemonConnected=true
08-16 16:52:11.290 1147 1147 D SystemServerTiming: StartStorageManagerService took to complete: 26ms
08-16 16:52:11.290 1147 1147 I SystemServerTiming: StartStorageStatsService
08-16 16:52:11.290 1147 1147 I SystemServiceManager: Starting com.android.server.usage.StorageStatsService$Lifecycle
08-16 16:52:11.306 1147 1147 D SystemServerTiming: StartStorageStatsService took to complete: 16ms
08-16 16:52:11.306 1147 1147 I SystemServerTiming: StartUiModeManager
08-16 16:52:11.306 1147 1147 I SystemServiceManager: Starting com.android.server.UiModeManagerService
08-16 16:52:11.308 1147 1693 I SystemServerTimingAsync: InitThreadPoolExec:UiModeManager.onStart
08-16 16:52:11.308 1147 1147 D SystemServerTiming: StartUiModeManager took to complete: 2ms
08-16 16:52:11.308 1147 1147 I SystemServerTiming: UpdatePackagesIfNeeded
08-16 16:52:11.308 1147 1147 I Watchdog: Pausing HandlerChecker: main thread for reason: dexopt. Pause count: 1
08-16 16:52:11.308 1147 1147 I Watchdog: Resuming HandlerChecker: main thread for reason: dexopt. Pause count: 0
08-16 16:52:11.308 1147 1147 D SystemServerTiming: UpdatePackagesIfNeeded took to complete: 0ms
08-16 16:52:11.308 1147 1147 I SystemServerTiming: PerformFstrimIfNeeded
08-16 16:52:11.309 1147 1693 D SystemServerInitThreadPool: Started executing UiModeManager.onStart
08-16 16:52:11.309 1147 1147 D SystemServerTiming: PerformFstrimIfNeeded took to complete: 1ms
08-16 16:52:11.309 1147 1147 I SystemServerTiming: StartLockSettingsService
08-16 16:52:11.309 1147 1147 I SystemServiceManager: Starting com.android.server.locksettings.LockSettingsService$Lifecycle
08-16 16:52:11.324 1147 1265 D PinnerService: pinRangeStream: null
08-16 16:52:11.324 1147 1265 D PinnerService: pinRangeStream: null
08-16 16:52:11.328 1147 1265 D PinnerService: pinRangeStream: null
08-16 16:52:11.331 1147 1693 D SystemServerInitThreadPool: Finished executing UiModeManager.onStart
08-16 16:52:11.331 1147 1693 D SystemServerTimingAsync: InitThreadPoolExec:UiModeManager.onStart took to complete: 23ms
08-16 16:52:11.376 1147 1147 W SystemServiceManager: Service com.android.server.locksettings.LockSettingsService$Lifecycle took 67 ms in onStart
08-16 16:52:11.377 1147 1147 D SystemServerTiming: StartLockSettingsService took to complete: 67ms
08-16 16:52:11.377 1147 1147 I SystemServerTiming: StartPersistentDataBlock
08-16 16:52:11.377 1147 1147 I SystemServiceManager: Starting com.android.server.PersistentDataBlockService
08-16 16:52:11.378 1147 1265 D PinnerService: pinRangeStream: null
08-16 16:52:11.378 1147 1147 D SystemServerTiming: StartPersistentDataBlock took to complete: 1ms
08-16 16:52:11.378 1147 1147 I SystemServerTiming: StartTestHarnessMode
08-16 16:52:11.378 1147 1147 I SystemServiceManager: Starting com.android.server.testharness.TestHarnessModeService
08-16 16:52:11.380 1147 1147 D SystemServerTiming: StartTestHarnessMode took to complete: 1ms
08-16 16:52:11.380 1147 1147 I SystemServerTiming: StartOemLockService
08-16 16:52:11.380 1147 1147 I SystemServiceManager: Starting com.android.server.oemlock.OemLockService
08-16 16:52:11.381 1147 1147 I OemLock : OemLock HAL not present on device
08-16 16:52:11.381 1147 1147 I OemLock : Using persistent data block based lock
08-16 16:52:11.382 1147 1147 D SystemServerTiming: StartOemLockService took to complete: 2ms
08-16 16:52:11.382 1147 1147 I SystemServerTiming: StartDeviceIdleController
08-16 16:52:11.382 1147 1147 I SystemServiceManager: Starting com.android.server.DeviceIdleController
08-16 16:52:11.385 1147 1147 D SystemServerTiming: StartDeviceIdleController took to complete: 3ms
08-16 16:52:11.385 1147 1147 I SystemServerTiming: StartDevicePolicyManager
08-16 16:52:11.385 1147 1147 I SystemServiceManager: Starting com.android.server.devicepolicy.DevicePolicyManagerService$Lifecycle
08-16 16:52:11.388 1147 1695 I SystemServerTimingAsync: InitThreadPoolExec:PersistentDataBlockService.onStart
08-16 16:52:11.388 1147 1695 D SystemServerInitThreadPool: Started executing PersistentDataBlockService.onStart
08-16 16:52:11.392 1147 1147 D SLog : static_init took to complete: 1ms
08-16 16:52:11.392 1147 1147 I DevicePolicyManager: Set ro.organization_owned property to false
08-16 16:52:11.395 1147 1147 D SystemServerTiming: StartDevicePolicyManager took to complete: 9ms
08-16 16:52:11.395 1147 1147 I SystemServerTiming: StartStatusBarManagerService
08-16 16:52:11.396 1147 1695 E PersistentDataBlockService: not able to find package com.google.android.gms
08-16 16:52:11.396 1147 1695 E PersistentDataBlockService: android.content.pm.PackageManager$NameNotFoundException: com.google.android.gms
08-16 16:52:11.396 1147 1695 E PersistentDataBlockService: at android.app.ApplicationPackageManager.getPackageUidAsUser(ApplicationPackageManager.java:364)
08-16 16:52:11.396 1147 1695 E PersistentDataBlockService: at com.android.server.PersistentDataBlockService.getAllowedUid(PersistentDataBlockService.java:162)
08-16 16:52:11.396 1147 1695 E PersistentDataBlockService: at com.android.server.PersistentDataBlockService.lambda$onStart$0$PersistentDataBlockService(PersistentDataBlockService.java:176)
08-16 16:52:11.396 1147 1695 E PersistentDataBlockService: at com.android.server.PersistentDataBlockService$$ExternalSyntheticLambda0.run(Unknown Source:2)
08-16 16:52:11.396 1147 1695 E PersistentDataBlockService: at com.android.server.SystemServerInitThreadPool.lambda$submitTask$0$SystemServerInitThreadPool(SystemServerInitThreadPool.java:105)
08-16 16:52:11.396 1147 1695 E PersistentDataBlockService: at com.android.server.SystemServerInitThreadPool$$ExternalSyntheticLambda0.run(Unknown Source:6)
08-16 16:52:11.396 1147 1695 E PersistentDataBlockService: at java.util.concurrent.Executors$RunnableAdapter.call(Executors.java:462)
08-16 16:52:11.396 1147 1695 E PersistentDataBlockService: at java.util.concurrent.FutureTask.run(FutureTask.java:266)
08-16 16:52:11.396 1147 1695 E PersistentDataBlockService: at java.util.concurrent.ThreadPoolExecutor.runWorker(ThreadPoolExecutor.java:1167)
08-16 16:52:11.396 1147 1695 E PersistentDataBlockService: at java.util.concurrent.ThreadPoolExecutor$Worker.run(ThreadPoolExecutor.java:641)
08-16 16:52:11.396 1147 1695 E PersistentDataBlockService: at com.android.internal.util.ConcurrentUtils$1$1.run(ConcurrentUtils.java:65)
08-16 16:52:11.398 1147 1147 D SystemServerTiming: StartStatusBarManagerService took to complete: 3ms
08-16 16:52:11.398 1147 1147 D SystemServer: MusicRecognitionManagerService not defined by OEM or disabled by flag
08-16 16:52:11.400 1147 1147 D SystemServer: ContentCaptureService disabled because resource is not overlaid
08-16 16:52:11.400 1147 1147 D SystemServer: AttentionService is not configured on this device
08-16 16:52:11.400 1147 1147 D SystemServer: RotationResolverService is not configured on this device
08-16 16:52:11.400 1147 1147 D SystemServer: SystemCaptionsManagerService disabled because resource is not overlaid
08-16 16:52:11.401 1147 1147 I SystemServerTiming: StartTextToSpeechManagerService
08-16 16:52:11.401 1147 1147 I SystemServiceManager: Starting com.android.server.texttospeech.TextToSpeechManagerService
08-16 16:52:11.404 1147 1147 D SystemServerTiming: StartTextToSpeechManagerService took to complete: 3ms
08-16 16:52:11.404 1147 1147 I SystemServerTiming: StartSpeechRecognitionManagerService
08-16 16:52:11.405 1147 1147 I SystemServiceManager: Starting com.android.server.speech.SpeechRecognitionManagerService
08-16 16:52:11.407 1147 1147 D SystemServerTiming: StartSpeechRecognitionManagerService took to complete: 3ms
08-16 16:52:11.407 1147 1147 D SystemServer: AppPredictionService not defined by OEM
08-16 16:52:11.407 1147 1147 D SystemServer: ContentSuggestionsService not defined by OEM
08-16 16:52:11.407 1147 1147 I SystemServerTiming: StartSearchUiService
08-16 16:52:11.407 1147 1147 I SystemServiceManager: Starting com.android.server.searchui.SearchUiManagerService
08-16 16:52:11.410 1147 1265 D PinnerService: pinRangeStream: null
08-16 16:52:11.410 1147 1147 D SystemServerTiming: StartSearchUiService took to complete: 3ms
08-16 16:52:11.410 1147 1147 I SystemServerTiming: StartSmartspaceService
08-16 16:52:11.410 1147 1147 I SystemServiceManager: Starting com.android.server.smartspace.SmartspaceManagerService
08-16 16:52:11.410 1147 1265 D PinnerService: pinRangeStream: null
08-16 16:52:11.411 1147 1147 D SystemServerTiming: StartSmartspaceService took to complete: 1ms
08-16 16:52:11.411 1147 1147 I SystemServerTiming: InitConnectivityModuleConnector
08-16 16:52:11.412 1147 1147 D ConnectivityModuleConnector: Network stack init
08-16 16:52:11.412 1147 1147 D SystemServerTiming: InitConnectivityModuleConnector took to complete: 1ms
08-16 16:52:11.412 1147 1147 I SystemServerTiming: InitNetworkStackClient
08-16 16:52:11.412 1147 1147 D SystemServerTiming: InitNetworkStackClient took to complete: 0ms
08-16 16:52:11.412 1147 1147 I SystemServerTiming: StartNetworkManagementService
08-16 16:52:11.416 1147 1695 D SystemServerInitThreadPool: Finished executing PersistentDataBlockService.onStart
08-16 16:52:11.416 1147 1695 D SystemServerTimingAsync: InitThreadPoolExec:PersistentDataBlockService.onStart took to complete: 28ms
08-16 16:52:11.424 1147 1265 D PinnerService: pinRangeStream: null
08-16 16:52:11.425 1147 1265 D PinnerService: pinRangeStream: null
08-16 16:52:11.426 1147 1265 E PinnerService: Could not pin file /system/lib64/libsurfaceflinger.so
08-16 16:52:11.426 1147 1265 E PinnerService: android.system.ErrnoException: open failed: ENOENT (No such file or directory)
08-16 16:52:11.426 1147 1265 E PinnerService: at libcore.io.Linux.open(Native Method)
08-16 16:52:11.426 1147 1265 E PinnerService: at libcore.io.ForwardingOs.open(ForwardingOs.java:567)
08-16 16:52:11.426 1147 1265 E PinnerService: at libcore.io.BlockGuardOs.open(BlockGuardOs.java:273)
08-16 16:52:11.426 1147 1265 E PinnerService: at android.system.Os.open(Os.java:501)
08-16 16:52:11.426 1147 1265 E PinnerService: at com.android.server.PinnerService.pinFileRanges(PinnerService.java:939)
08-16 16:52:11.426 1147 1265 E PinnerService: at com.android.server.PinnerService.pinFile(PinnerService.java:814)
08-16 16:52:11.426 1147 1265 E PinnerService: at com.android.server.PinnerService.handlePinOnStart(PinnerService.java:273)
08-16 16:52:11.426 1147 1265 E PinnerService: at com.android.server.PinnerService.access$1600(PinnerService.java:91)
08-16 16:52:11.426 1147 1265 E PinnerService: at com.android.server.PinnerService$PinnerHandler.handleMessage(PinnerService.java:1183)
08-16 16:52:11.426 1147 1265 E PinnerService: at android.os.Handler.dispatchMessage(Handler.java:106)
08-16 16:52:11.426 1147 1265 E PinnerService: at android.os.Looper.loopOnce(Looper.java:201)
08-16 16:52:11.426 1147 1265 E PinnerService: at android.os.Looper.loop(Looper.java:288)
08-16 16:52:11.426 1147 1265 E PinnerService: at android.os.HandlerThread.run(HandlerThread.java:67)
08-16 16:52:11.426 1147 1265 E PinnerService: Failed to pin file = /system/lib64/libsurfaceflinger.so
08-16 16:52:11.427 1147 1147 D SystemServerTiming: StartNetworkManagementService took to complete: 14ms
08-16 16:52:11.427 1147 1147 I SystemServerTiming: StartIpSecService
08-16 16:52:11.428 1147 1147 D SystemServerTiming: StartIpSecService took to complete: 1ms
08-16 16:52:11.428 1147 1147 I SystemServerTiming: StartFontManagerService
08-16 16:52:11.453 1147 1638 D SystemServerTimingAsync: AppDataFixup took to complete: 1016ms
08-16 16:52:11.583 1147 1147 D SystemServerTiming: StartFontManagerService took to complete: 155ms
08-16 16:52:11.584 1147 1147 I SystemServerTiming: StartTextServicesManager
08-16 16:52:11.584 1147 1147 I SystemServiceManager: Starting com.android.server.textservices.TextServicesManagerService$Lifecycle
08-16 16:52:11.585 1147 1147 D SystemServerTiming: StartTextServicesManager took to complete: 1ms
08-16 16:52:11.585 1147 1147 I SystemServerTiming: StartTextClassificationManagerService
08-16 16:52:11.585 1147 1147 I SystemServiceManager: Starting com.android.server.textclassifier.TextClassificationManagerService$Lifecycle
08-16 16:52:11.586 1147 1147 D SystemServerTiming: StartTextClassificationManagerService took to complete: 1ms
08-16 16:52:11.586 1147 1147 I SystemServerTiming: StartNetworkScoreService
08-16 16:52:11.586 1147 1147 I SystemServiceManager: Starting com.android.server.NetworkScoreService$Lifecycle
08-16 16:52:11.595 1147 1147 D SystemServerTiming: StartNetworkScoreService took to complete: 9ms
08-16 16:52:11.595 1147 1147 I SystemServerTiming: StartNetworkStatsService
08-16 16:52:11.600 1147 1147 D SystemServerTiming: StartNetworkStatsService took to complete: 5ms
08-16 16:52:11.600 1147 1147 I SystemServerTiming: StartNetworkPolicyManagerService
08-16 16:52:11.605 1147 1147 D SystemServerTiming: StartNetworkPolicyManagerService took to complete: 5ms
08-16 16:52:11.605 1147 1147 I SystemServerTiming: StartWifi
08-16 16:52:11.634 1147 1147 I SystemServiceManager: Starting com.android.server.wifi.WifiService
08-16 16:52:11.712 1308 1308 I wificond: New wificond event callback registered
08-16 16:52:11.716 1147 1147 V HistoricalRegistry: Interaction before persistence initialized
08-16 16:52:11.717 1239 1239 W iorapd : Readahead disabled by system property
08-16 16:52:11.720 1147 1147 D SystemServerTiming: StartWifi took to complete: 115ms
08-16 16:52:11.720 1147 1147 I SystemServerTiming: StartWifiScanning
08-16 16:52:11.720 1147 1147 I SystemServiceManager: Starting com.android.server.wifi.scanner.WifiScanningService
08-16 16:52:11.723 1239 1239 W iorapd : Reconnect to package manager service: 1 times
08-16 16:52:11.727 1147 1147 D SystemServerTiming: StartWifiScanning took to complete: 7ms
08-16 16:52:11.727 1147 1147 I SystemServerTiming: StartRttService
08-16 16:52:11.727 1147 1147 I SystemServiceManager: Starting com.android.server.wifi.rtt.RttService
08-16 16:52:11.728 1147 1147 D SystemServerTiming: StartRttService took to complete: 1ms
08-16 16:52:11.728 1147 1147 I SystemServerTiming: StartWifiAware
08-16 16:52:11.728 1147 1147 I SystemServiceManager: Starting com.android.server.wifi.aware.WifiAwareService
08-16 16:52:11.729 1147 1147 D SystemServerTiming: StartWifiAware took to complete: 1ms
08-16 16:52:11.729 1147 1147 I SystemServerTiming: StartWifiP2P
08-16 16:52:11.729 1147 1147 I SystemServiceManager: Starting com.android.server.wifi.p2p.WifiP2pService
08-16 16:52:11.733 1147 1147 D SystemServerTiming: StartWifiP2P took to complete: 3ms
08-16 16:52:11.733 1147 1147 I SystemServerTiming: StartEthernet
08-16 16:52:11.733 1147 1147 I SystemServiceManager: Starting com.android.server.ethernet.EthernetService
08-16 16:52:11.734 1147 1147 D SystemServerTiming: StartEthernet took to complete: 1ms
08-16 16:52:11.734 1147 1147 I SystemServerTiming: StartPacProxyService
08-16 16:52:11.737 1147 1147 D SystemServerTiming: StartPacProxyService took to complete: 2ms
08-16 16:52:11.737 1147 1147 I SystemServerTiming: StartConnectivityService
08-16 16:52:11.760 1147 1147 I SystemServiceManager: Starting com.android.server.ConnectivityServiceInitializer
08-16 16:52:11.767 1709 1709 D iorap.prefetcherd: Installing minijail
08-16 16:52:11.769 1709 1709 W iorap.prefetcherd: No seccomp filter defined for this architecture.
08-16 16:52:11.792 1147 1147 D CompatibilityChangeReporter: Compat change id reported: 182478738; UID 1000; state: ENABLED
08-16 16:52:11.796 1147 1147 D SystemServerTiming: StartConnectivityService took to complete: 59ms
08-16 16:52:11.796 1147 1147 I SystemServerTiming: StartVpnManagerService
08-16 16:52:11.802 1147 1147 D SystemServerTiming: StartVpnManagerService took to complete: 6ms
08-16 16:52:11.802 1147 1147 I SystemServerTiming: StartVcnManagementService
08-16 16:52:11.806 1147 1147 D SystemServerTiming: StartVcnManagementService took to complete: 4ms
08-16 16:52:11.806 1147 1147 I SystemServerTiming: StartNsdService
08-16 16:52:11.809 1147 1147 D NsdService: Network service discovery is enabled
08-16 16:52:11.815 1147 1147 D SystemServerTiming: StartNsdService took to complete: 9ms
08-16 16:52:11.815 1147 1147 I SystemServerTiming: StartSystemUpdateManagerService
08-16 16:52:11.816 1147 1147 I SystemUpdateManagerService: No existing info file /data/system/system-update-info.xml
08-16 16:52:11.817 1147 1147 D SystemServerTiming: StartSystemUpdateManagerService took to complete: 2ms
08-16 16:52:11.817 1147 1147 I SystemServerTiming: StartUpdateLockService
08-16 16:52:11.818 1147 1147 D SystemServerTiming: StartUpdateLockService took to complete: 1ms
08-16 16:52:11.818 1147 1147 I SystemServerTiming: StartNotificationManager
08-16 16:52:11.818 1147 1147 I SystemServiceManager: Starting com.android.server.notification.NotificationManagerService
08-16 16:52:11.825 1147 1147 D ConditionProviders.SCP: new ScheduleConditionProvider()
08-16 16:52:11.832 1147 1147 I NotificationAssistants: Read notification assistant permissions from xml
08-16 16:52:11.834 1147 1147 I ConditionProviders: Read condition provider permissions from xml
08-16 16:52:11.834 1147 1147 I ConditionProviders: Read condition provider permissions from xml
08-16 16:52:11.834 1147 1147 D NotificationAssistants: Approving default notification assistant for user 0
08-16 16:52:11.835 1147 1147 I ConditionProviders: Allowing condition provider android.ext.services/android.ext.services.notification.Assistant (userSet: true)
08-16 16:52:11.838 1147 1147 D CompatibilityChangeReporter: Compat change id reported: 157233955; UID 1000; state: ENABLED
08-16 16:52:11.847 1147 1147 D SystemServerTiming: StartNotificationManager took to complete: 29ms
08-16 16:52:11.847 1147 1147 I SystemServerTiming: StartDeviceMonitor
08-16 16:52:11.847 1147 1147 I SystemServiceManager: Starting com.android.server.storage.DeviceStorageMonitorService
08-16 16:52:11.849 1147 1147 D SystemServerTiming: StartDeviceMonitor took to complete: 2ms
08-16 16:52:11.850 1147 1147 I SystemServerTiming: StartLocationManagerService
08-16 16:52:11.850 1147 1147 I SystemServiceManager: Starting com.android.server.location.LocationManagerService$Lifecycle
08-16 16:52:11.855 1147 1147 D SystemServerTiming: StartLocationManagerService took to complete: 6ms
08-16 16:52:11.855 1147 1147 I SystemServerTiming: StartCountryDetectorService
08-16 16:52:11.856 1147 1147 D SystemServerTiming: StartCountryDetectorService took to complete: 1ms
08-16 16:52:11.856 1147 1147 I SystemServerTiming: StartTimeDetectorService
08-16 16:52:11.856 1147 1147 I SystemServiceManager: Starting com.android.server.timedetector.TimeDetectorService$Lifecycle
08-16 16:52:11.859 1147 1147 D SystemServerTiming: StartTimeDetectorService took to complete: 3ms
08-16 16:52:11.860 1147 1147 I SystemServerTiming: StartTimeZoneDetectorService
08-16 16:52:11.860 1147 1147 I SystemServiceManager: Starting com.android.server.timezonedetector.TimeZoneDetectorService$Lifecycle
08-16 16:52:11.862 1147 1147 D SystemServerTiming: StartTimeZoneDetectorService took to complete: 2ms
08-16 16:52:11.863 1147 1147 I SystemServerTiming: StartLocationTimeZoneManagerService
08-16 16:52:11.863 1147 1147 I SystemServiceManager: Starting com.android.server.timezonedetector.location.LocationTimeZoneManagerService$Lifecycle
08-16 16:52:11.864 683 683 D ZygoteInitTiming_lazy: PreloadClasses took to complete: 1005ms
08-16 16:52:11.864 1147 1147 D SystemServerTiming: StartLocationTimeZoneManagerService took to complete: 2ms
08-16 16:52:11.864 1147 1147 I SystemServerTiming: StartSearchManagerService
08-16 16:52:11.864 1147 1147 I SystemServiceManager: Starting com.android.server.search.SearchManagerService$Lifecycle
08-16 16:52:11.865 1147 1147 D SystemServerTiming: StartSearchManagerService took to complete: 1ms
08-16 16:52:11.865 1147 1147 I SystemServerTiming: StartWallpaperManagerService
08-16 16:52:11.865 1147 1147 I SystemServiceManager: Starting com.android.server.wallpaper.WallpaperManagerService$Lifecycle
08-16 16:52:11.867 1147 1147 D SystemServerTiming: StartWallpaperManagerService took to complete: 2ms
08-16 16:52:11.867 1147 1147 I SystemServerTiming: StartAudioService
08-16 16:52:11.867 1147 1147 I SystemServiceManager: Starting com.android.server.audio.AudioService$Lifecycle
08-16 16:52:11.884 683 683 D ZygoteInitTiming_lazy: CacheNonBootClasspathClassLoaders took to complete: 20ms
08-16 16:52:11.909 683 683 D ZygoteInitTiming_lazy: PreloadResources took to complete: 25ms
08-16 16:52:12.143 1147 1660 D SystemServerTimingAsync: SecondaryZygotePreload took to complete: 1352ms
08-16 16:52:12.143 1147 1660 D SystemServerInitThreadPool: Finished executing SecondaryZygotePreload
08-16 16:52:12.143 1147 1660 D SystemServerTimingAsync: InitThreadPoolExec:SecondaryZygotePreload took to complete: 1352ms
08-16 16:52:12.144 1147 1638 D SystemServerTimingAsync: AppDataPrepare took to complete: 691ms
08-16 16:52:12.144 1147 1638 I PackageManager: Deferred reconcileAppsData finished 166 packages
08-16 16:52:12.144 1147 1638 D SystemServerInitThreadPool: Finished executing prepareAppData
08-16 16:52:12.144 1147 1638 D SystemServerTimingAsync: InitThreadPoolExec:prepareAppData took to complete: 1707ms
08-16 16:52:12.243 1147 1179 V HistoricalRegistry: Interaction before persistence initialized
08-16 16:52:12.312 1147 1147 D SystemServerTiming: StartAudioService took to complete: 445ms
08-16 16:52:12.312 1147 1147 I SystemServerTiming: StartSoundTriggerMiddlewareService
08-16 16:52:12.312 1147 1147 I SystemServiceManager: Starting com.android.server.soundtrigger_middleware.SoundTriggerMiddlewareService$Lifecycle
08-16 16:52:12.318 1147 1147 D SystemServerTiming: StartSoundTriggerMiddlewareService took to complete: 6ms
08-16 16:52:12.318 1147 1147 I SystemServerTiming: StartDockObserver
08-16 16:52:12.318 1147 1147 I SystemServiceManager: Starting com.android.server.DockObserver
08-16 16:52:12.318 1147 1147 W DockObserver: This kernel does not have dock station support
08-16 16:52:12.319 1147 1147 D SystemServerTiming: StartDockObserver took to complete: 1ms
08-16 16:52:12.319 1147 1147 I SystemServerTiming: StartWiredAccessoryManager
08-16 16:52:12.320 1147 1147 W WiredAccessoryManager: This kernel does not have usb audio support
08-16 16:52:12.320 1147 1147 W WiredAccessoryManager: This kernel does not have HDMI audio support
08-16 16:52:12.320 1147 1147 E WiredAccessoryManager: file /sys/devices/platform/soc/soc:qcom,msm-ext-disp/extcon/extcon3/name not found
08-16 16:52:12.320 1147 1147 W WiredAccessoryManager: Conn soc:qcom,msm-ext-disp/3/0 does not have DP audio support
08-16 16:52:12.321 1147 1147 E WiredAccessoryManager: file /sys/devices/platform/soc/soc:qcom,msm-ext-disp/extcon/extcon2/name not found
08-16 16:52:12.321 1147 1147 W WiredAccessoryManager: Conn soc:qcom,msm-ext-disp/2/0 does not have DP audio support
08-16 16:52:12.322 1147 1147 E WiredAccessoryManager: set dev_index 1
08-16 16:52:12.322 1147 1147 W WiredAccessoryManager: checkCableIndex set cable 0
08-16 16:52:12.323 1147 1147 E WiredAccessoryManager: set dev_index 0
08-16 16:52:12.323 1147 1147 W WiredAccessoryManager: checkCableIndex set cable 0
08-16 16:52:12.324 1147 1147 D SystemServerTiming: StartWiredAccessoryManager took to complete: 4ms
08-16 16:52:12.324 1147 1147 I SystemServerTiming: StartMidiManager
08-16 16:52:12.324 1147 1147 I SystemServiceManager: Starting com.android.server.midi.MidiService$Lifecycle
08-16 16:52:12.324 1147 1147 D SystemServerTiming: StartMidiManager took to complete: 0ms
08-16 16:52:12.324 1147 1147 I SystemServerTiming: StartAdbService
08-16 16:52:12.325 1147 1147 I SystemServiceManager: Starting com.android.server.adb.AdbService$Lifecycle
08-16 16:52:12.326 1147 1147 D SystemServerTiming: StartAdbService took to complete: 2ms
08-16 16:52:12.326 1147 1147 I SystemServerTiming: StartUsbService
08-16 16:52:12.326 1147 1147 I SystemServiceManager: Starting com.android.server.usb.UsbService$Lifecycle
08-16 16:52:12.326 1147 1147 D SystemServerTiming: StartUsbService took to complete: 0ms
08-16 16:52:12.326 1147 1230 I SystemServerTimingAsync: InitThreadPoolExec:UsbService$Lifecycle#onStart
08-16 16:52:12.326 1147 1230 D SystemServerInitThreadPool: Started executing UsbService$Lifecycle#onStart
08-16 16:52:12.326 1147 1147 I SystemServerTiming: StartSerialService
08-16 16:52:12.327 1147 1147 D SystemServerTiming: StartSerialService took to complete: 1ms
08-16 16:52:12.327 1147 1147 I SystemServerTiming: StartHardwarePropertiesManagerService
08-16 16:52:12.327 1147 1230 E UsbDeviceManager: failed to write to /sys/class/android_usb/android0/f_rndis/ethaddr
08-16 16:52:12.328 1147 1230 I UsbDeviceManager: USB GADGET HAL not present in the device
08-16 16:52:12.328 1147 1230 I UsbDeviceManager: java.util.NoSuchElementException
08-16 16:52:12.328 1147 1230 I UsbDeviceManager: at android.os.HwBinder.getService(Native Method)
08-16 16:52:12.328 1147 1230 I UsbDeviceManager: at android.hardware.usb.gadget.V1_0.IUsbGadget.getService(IUsbGadget.java:57)
08-16 16:52:12.328 1147 1230 I UsbDeviceManager: at android.hardware.usb.gadget.V1_0.IUsbGadget.getService(IUsbGadget.java:64)
08-16 16:52:12.328 1147 1230 I UsbDeviceManager: at com.android.server.usb.UsbDeviceManager.(UsbDeviceManager.java:293)
08-16 16:52:12.328 1147 1230 I UsbDeviceManager: at com.android.server.usb.UsbService.(UsbService.java:178)
08-16 16:52:12.328 1147 1230 I UsbDeviceManager: at com.android.server.usb.UsbService$Lifecycle.lambda$onStart$0$UsbService$Lifecycle(UsbService.java:92)
08-16 16:52:12.328 1147 1230 I UsbDeviceManager: at com.android.server.usb.UsbService$Lifecycle$$ExternalSyntheticLambda1.run(Unknown Source:2)
08-16 16:52:12.328 1147 1230 I UsbDeviceManager: at com.android.server.SystemServerInitThreadPool.lambda$submitTask$0$SystemServerInitThreadPool(SystemServerInitThreadPool.java:105)
08-16 16:52:12.328 1147 1230 I UsbDeviceManager: at com.android.server.SystemServerInitThreadPool$$ExternalSyntheticLambda0.run(Unknown Source:6)
08-16 16:52:12.328 1147 1230 I UsbDeviceManager: at java.util.concurrent.Executors$RunnableAdapter.call(Executors.java:462)
08-16 16:52:12.328 1147 1230 I UsbDeviceManager: at java.util.concurrent.FutureTask.run(FutureTask.java:266)
08-16 16:52:12.328 1147 1230 I UsbDeviceManager: at java.util.concurrent.ThreadPoolExecutor.runWorker(ThreadPoolExecutor.java:1167)
08-16 16:52:12.328 1147 1230 I UsbDeviceManager: at java.util.concurrent.ThreadPoolExecutor$Worker.run(ThreadPoolExecutor.java:641)
08-16 16:52:12.328 1147 1230 I UsbDeviceManager: at com.android.internal.util.ConcurrentUtils$1$1.run(ConcurrentUtils.java:65)
08-16 16:52:12.328 1147 1230 E UsbDeviceManager: Failed to open control for mtp
08-16 16:52:12.328 1147 1230 E UsbDeviceManager: Failed to open control for ptp
08-16 16:52:12.330 1147 1230 W StorageManagerService: No primary storage defined yet; hacking together a stub
08-16 16:52:12.333 1147 1147 D SystemServerTiming: StartHardwarePropertiesManagerService took to complete: 6ms
08-16 16:52:12.333 1147 1147 I SystemServerTiming: StartTwilightService
08-16 16:52:12.333 1147 1147 I SystemServiceManager: Starting com.android.server.twilight.TwilightService
08-16 16:52:12.333 1147 1147 D SystemServerTiming: StartTwilightService took to complete: 0ms
08-16 16:52:12.333 1147 1147 I SystemServerTiming: StartColorDisplay
08-16 16:52:12.333 1147 1147 I SystemServiceManager: Starting com.android.server.display.color.ColorDisplayService
01-01 04:41:14.523 0 0 I : acc_open
01-01 04:41:14.523 0 0 I : acc_release
08-16 16:52:12.335 1147 1679 I UsbPortManager: Usb hal service started android.hardware.usb@1.0::IUsb default
08-16 16:52:12.335 1147 1147 D SystemServerTiming: StartColorDisplay took to complete: 2ms
08-16 16:52:12.335 1147 1147 I SystemServerTiming: StartJobScheduler
08-16 16:52:12.335 1147 1147 I SystemServiceManager: Starting com.android.server.job.JobSchedulerService
08-16 16:52:12.340 1147 1147 D JobStore: Start tag: job-info
08-16 16:52:12.341 1147 1230 I UsbPortManager: USB HAL version: 12
08-16 16:52:12.341 1147 1147 W JobStore: Periodic job for uid='10151' persisted run-time is too big [360:01:36, 720:01:36]. Clamping to [360:00:54,720:00:54]
08-16 16:52:12.342 1147 1147 W JobStore: Periodic job for uid='1000' persisted run-time is too big [24:01:36, 48:01:36]. Clamping to [24:00:54,48:00:54]
08-16 16:52:12.342 1147 1147 W JobStore: Periodic job for uid='1000' persisted run-time is too big [24:01:05, 48:01:05]. Clamping to [24:00:54,48:00:54]
08-16 16:52:12.342 1147 1147 W JobStore: Periodic job for uid='1000' persisted run-time is too big [24:01:36, 48:01:36]. Clamping to [24:00:54,48:00:54]
08-16 16:52:12.342 1147 1230 D SystemServerInitThreadPool: Finished executing UsbService$Lifecycle#onStart
08-16 16:52:12.342 1147 1230 D SystemServerTimingAsync: InitThreadPoolExec:UsbService$Lifecycle#onStart took to complete: 16ms
08-16 16:52:12.343 1147 1147 I JobStore: Read 7 jobs
08-16 16:52:12.346 1147 1147 V HistoricalRegistry: Interaction before persistence initialized
08-16 16:52:12.346 1147 1147 V HistoricalRegistry: Interaction before persistence initialized
08-16 16:52:12.346 1147 1147 W JobScheduler: !!! RTC not yet good; tracking time updates for job scheduling
08-16 16:52:12.347 1147 1147 D SystemServerTiming: StartJobScheduler took to complete: 12ms
08-16 16:52:12.347 1147 1147 I SystemServerTiming: StartSoundTrigger
08-16 16:52:12.347 1147 1147 I SystemServiceManager: Starting com.android.server.soundtrigger.SoundTriggerService
08-16 16:52:12.348 1147 1147 D SystemServerTiming: StartSoundTrigger took to complete: 0ms
08-16 16:52:12.348 1147 1147 I SystemServerTiming: StartTrustManager
08-16 16:52:12.348 1147 1147 I SystemServiceManager: Starting com.android.server.trust.TrustManagerService
08-16 16:52:12.349 1147 1147 D SystemServerTiming: StartTrustManager took to complete: 0ms
08-16 16:52:12.349 1147 1147 I SystemServerTiming: StartBackupManager
08-16 16:52:12.349 1147 1147 I SystemServiceManager: Starting com.android.server.backup.BackupManagerService$Lifecycle
08-16 16:52:12.350 1147 1147 D SystemServerTiming: StartBackupManager took to complete: 1ms
08-16 16:52:12.350 1147 1147 I SystemServerTiming: StartAppWidgetService
08-16 16:52:12.350 1147 1147 I SystemServiceManager: Starting com.android.server.appwidget.AppWidgetService
08-16 16:52:12.352 1147 1147 D SystemServerTiming: StartAppWidgetService took to complete: 2ms
08-16 16:52:12.352 1147 1147 I SystemServerTiming: StartVoiceRecognitionManager
08-16 16:52:12.352 1147 1147 I SystemServiceManager: Starting com.android.server.voiceinteraction.VoiceInteractionManagerService
08-16 16:52:12.358 1147 1147 D SystemServerTiming: StartVoiceRecognitionManager took to complete: 6ms
08-16 16:52:12.358 1147 1147 I SystemServerTiming: StartAppHibernationService
08-16 16:52:12.358 1147 1147 I SystemServiceManager: Starting com.android.server.apphibernation.AppHibernationService
08-16 16:52:12.360 1147 1147 D SystemServerTiming: StartAppHibernationService took to complete: 2ms
08-16 16:52:12.360 1147 1147 I SystemServerTiming: StartGestureLauncher
08-16 16:52:12.360 1147 1147 I SystemServiceManager: Starting com.android.server.GestureLauncherService
