08-16 16:52:13.358 1147 1147 V StorageManagerService: Package com.qualcomm.qti.callfeaturessetting does not have legacy storage
08-16 16:52:13.359 1147 1147 V StorageManagerService: Package com.qualcomm.wfd.service does not have legacy storage
08-16 16:52:13.359 1147 1147 V StorageManagerService: Package com.qualcomm.qtil.aptxacu does not have legacy storage
08-16 16:52:13.359 1147 1147 V StorageManagerService: Package com.qualcomm.qtil.aptxals does not have legacy storage
08-16 16:52:13.359 1147 1147 V StorageManagerService: Package com.qti.qualcomm.deviceinfo does not have legacy storage
08-16 16:52:13.359 1147 1147 V StorageManagerService: Package com.qti.msdc_ui does not have legacy storage
08-16 16:52:13.359 1147 1147 V StorageManagerService: Package com.android.egg does not have legacy storage
08-16 16:52:13.359 1147 1147 V StorageManagerService: Package com.android.mms does not have legacy storage
08-16 16:52:13.359 1147 1147 V StorageManagerService: Package com.android.mtp does not have legacy storage
08-16 16:52:13.360 1147 1147 V StorageManagerService: Package com.android.nfc does not have legacy storage
08-16 16:52:13.360 1147 1147 V StorageManagerService: Package com.android.ons does not have legacy storage
08-16 16:52:13.360 1147 1147 V StorageManagerService: Package com.android.stk does not have legacy storage
08-16 16:52:13.360 1147 1147 V StorageManagerService: Package com.android.launcher3 does not have legacy storage
08-16 16:52:13.360 1147 1147 V StorageManagerService: Package com.android.backupconfirm does not have legacy storage
08-16 16:52:13.360 1147 1147 V StorageManagerService: Package vendor.qti.qesdk.sysservice does not have legacy storage
08-16 16:52:13.360 1147 1147 V StorageManagerService: Package com.android.provision does not have legacy storage
08-16 16:52:13.360 1147 1147 V StorageManagerService: Package org.codeaurora.ims does not have legacy storage
08-16 16:52:13.360 1147 1147 V StorageManagerService: Package com.android.statementservice does not have legacy storage
08-16 16:52:13.360 1147 1147 V StorageManagerService: Package android.overlay.target does not have legacy storage
08-16 16:52:13.360 1147 1147 V StorageManagerService: Package com.qti.pasrservice does not have legacy storage
08-16 16:52:13.360 1147 1147 V StorageManagerService: Package com.android.settings.intelligence does not have legacy storage
08-16 16:52:13.360 1147 1147 V StorageManagerService: Package com.android.calendar does not have legacy storage
08-16 16:52:13.361 1147 1147 V StorageManagerService: Package com.android.internal.systemui.navbar.gestural_extra_wide_back does not have legacy storage
08-16 16:52:13.361 1147 1147 V StorageManagerService: Package com.qualcomm.qti.dynamicddsservice does not have legacy storage
08-16 16:52:13.361 1147 1147 V StorageManagerService: Package com.qualcomm.qti.xrvd.service does not have legacy storage
08-16 16:52:13.361 1147 1147 V StorageManagerService: Package com.qualcomm.qcrilmsgtunnel does not have legacy storage
08-16 16:52:13.361 1147 1147 V StorageManagerService: Package com.android.providers.settings does not have legacy storage
08-16 16:52:13.361 1147 1147 V StorageManagerService: Package com.android.sharedstoragebackup does not have legacy storage
08-16 16:52:13.361 1147 1147 V StorageManagerService: Package com.android.printspooler does not have legacy storage
08-16 16:52:13.361 1147 1147 V StorageManagerService: Package com.qti.qualcomm.mstatssystemservice does not have legacy storage
08-16 16:52:13.361 1147 1147 V StorageManagerService: Package com.qualcomm.qti.services.systemhelper does not have legacy storage
08-16 16:52:13.362 1147 1147 V StorageManagerService: Package com.android.wifi.resources.overlay.common does not have legacy storage
08-16 16:52:13.362 1147 1147 V StorageManagerService: Package com.android.dreams.basic does not have legacy storage
08-16 16:52:13.362 1147 1147 V StorageManagerService: Package com.android.webview does not have legacy storage
08-16 16:52:13.362 1147 1147 V StorageManagerService: Package com.android.se does not have legacy storage
08-16 16:52:13.362 1147 1147 V StorageManagerService: Package com.android.inputdevices does not have legacy storage
08-16 16:52:13.362 1147 1147 V StorageManagerService: Package com.qualcomm.qti.biometrics.fingerprint.service does not have legacy storage
08-16 16:52:13.362 1147 1147 V StorageManagerService: Package com.tencent.mtt has legacy storage
08-16 16:52:13.362 1147 1147 V StorageManagerService: Package com.android.bips does not have legacy storage
08-16 16:52:13.363 1147 1147 V StorageManagerService: Package com.qti.dpmserviceapp does not have legacy storage
08-16 16:52:13.363 1147 1147 V StorageManagerService: Package com.qualcomm.location.XT.setup does not have legacy storage
08-16 16:52:13.363 1147 1147 V StorageManagerService: Package com.thundercomm.remotecontrolservice does not have legacy storage
08-16 16:52:13.363 1147 1147 V StorageManagerService: Package org.codeaurora.bluetooth.batestapp does not have legacy storage
08-16 16:52:13.363 1147 1147 V StorageManagerService: Package com.qti.xdivert does not have legacy storage
08-16 16:52:13.363 1147 1147 V StorageManagerService: Package com.android.musicfx does not have legacy storage
08-16 16:52:13.363 1147 1147 V StorageManagerService: Package com.android.settings.overlay.common does not have legacy storage
08-16 16:52:13.363 1147 1147 V StorageManagerService: Package com.qualcomm.qti.qccnetstat does not have legacy storage
08-16 16:52:13.363 1147 1147 V StorageManagerService: Package com.example.android.locationattribution does not have legacy storage
08-16 16:52:13.363 1147 1147 V StorageManagerService: Package com.android.cellbroadcastreceiver does not have legacy storage
08-16 16:52:13.363 1147 1147 V StorageManagerService: Package android.ext.shared does not have legacy storage
08-16 16:52:13.364 1147 1147 V StorageManagerService: Package com.android.onetimeinitializer does not have legacy storage
08-16 16:52:13.364 1147 1147 V StorageManagerService: Package com.qualcomm.qti.seccamsample does not have legacy storage
08-16 16:52:13.364 1147 1147 V StorageManagerService: Package com.android.server.telecom does not have legacy storage
08-16 16:52:13.364 1147 1147 V StorageManagerService: Package com.android.cellbroadcastservice does not have legacy storage
08-16 16:52:13.364 1147 1147 V StorageManagerService: Package com.android.keychain does not have legacy storage
08-16 16:52:13.364 1147 1147 V StorageManagerService: Package com.qti.snapdragon.qdcm_ff does not have legacy storage
08-16 16:52:13.364 1147 1147 V StorageManagerService: Package com.android.wifi.resources.overlay.target does not have legacy storage
08-16 16:52:13.364 1147 1147 V StorageManagerService: Package com.android.printservice.recommendation does not have legacy storage
08-16 16:52:13.364 1147 1147 V StorageManagerService: Package com.android.dialer does not have legacy storage
08-16 16:52:13.364 1147 1147 V StorageManagerService: Package com.android.gallery3d has legacy storage
08-16 16:52:13.364 1147 1147 V StorageManagerService: Package android.ext.services does not have legacy storage
08-16 16:52:13.365 1147 1147 V StorageManagerService: Package com.android.wifi.resources does not have legacy storage
08-16 16:52:13.365 1147 1147 V StorageManagerService: Package com.android.phone.overlay.common does not have legacy storage
08-16 16:52:13.365 1147 1147 V StorageManagerService: Package com.android.carrierconfig.overlay.common does not have legacy storage
08-16 16:52:13.365 1147 1147 V StorageManagerService: Package com.android.calllogbackup does not have legacy storage
08-16 16:52:13.365 1147 1147 V StorageManagerService: Package com.android.systemui.overlay.common does not have legacy storage
08-16 16:52:13.365 1147 1147 V StorageManagerService: Package com.qualcomm.qti.biometrics.fingerprint.qfpcalibration does not have legacy storage
08-16 16:52:13.365 1147 1147 V StorageManagerService: Package com.android.cameraextensions does not have legacy storage
08-16 16:52:13.365 1147 1147 V StorageManagerService: Package com.android.server.telecom.overlay.common does not have legacy storage
08-16 16:52:13.365 1147 1147 V StorageManagerService: Package com.android.localtransport does not have legacy storage
08-16 16:52:13.365 1147 1147 V StorageManagerService: Package com.android.packageinstaller does not have legacy storage
08-16 16:52:13.365 1147 1147 V StorageManagerService: Package com.android.carrierdefaultapp does not have legacy storage
08-16 16:52:13.365 1147 1147 V StorageManagerService: Package com.qualcomm.qti.remoteSimlockAuth does not have legacy storage
08-16 16:52:13.366 1147 1147 V StorageManagerService: Package com.qualcomm.qti.devicestatisticsservice does not have legacy storage
08-16 16:52:13.366 1147 1147 V StorageManagerService: Package com.android.theme.font.notoserifsource does not have legacy storage
08-16 16:52:13.366 1147 1147 V StorageManagerService: Package com.android.proxyhandler does not have legacy storage
08-16 16:52:13.366 1147 1147 V StorageManagerService: Package com.android.internal.display.cutout.emulation.waterfall does not have legacy storage
08-16 16:52:13.366 1147 1147 V StorageManagerService: Package com.qualcomm.qti.workloadclassifier does not have legacy storage
08-16 16:52:13.366 1147 1147 V StorageManagerService: Package com.android.inputmethod.latin does not have legacy storage
08-16 16:52:13.366 1147 1147 V StorageManagerService: Package org.chromium.webview_shell does not have legacy storage
08-16 16:52:13.366 1147 1147 V StorageManagerService: Package com.android.providers.settings.overlay does not have legacy storage
08-16 16:52:13.366 1147 1147 V StorageManagerService: Package com.android.managedprovisioning does not have legacy storage
08-16 16:52:13.366 1147 1147 V StorageManagerService: Package com.android.networkstack.tethering does not have legacy storage
08-16 16:52:13.366 1147 1147 V StorageManagerService: Package com.android.soundpicker does not have legacy storage
08-16 16:52:13.366 1147 1147 V StorageManagerService: Package com.android.dreams.phototable does not have legacy storage
08-16 16:52:13.367 1147 1147 V StorageManagerService: Package com.qualcomm.qct.dlt does not have legacy storage
08-16 16:52:13.367 1147 1147 V StorageManagerService: Package com.android.smspush does not have legacy storage
08-16 16:52:13.367 1147 1147 V StorageManagerService: Package com.android.wallpaper.livepicker does not have legacy storage
08-16 16:52:13.367 1147 1147 V StorageManagerService: Package com.android.cellbroadcastreceiver.module does not have legacy storage
08-16 16:52:13.367 1147 1147 V StorageManagerService: Package com.android.apps.tag does not have legacy storage
08-16 16:52:13.367 1147 1147 V StorageManagerService: Package com.android.imsserviceentitlement does not have legacy storage
08-16 16:52:13.367 1147 1147 V StorageManagerService: Package com.android.storagemanager does not have legacy storage
08-16 16:52:13.367 1147 1147 V StorageManagerService: Package com.android.bookmarkprovider does not have legacy storage
08-16 16:52:13.367 1147 1147 V StorageManagerService: Package com.android.settings does not have legacy storage
08-16 16:52:13.367 1147 1147 V StorageManagerService: Package com.qualcomm.qti.ims does not have legacy storage
08-16 16:52:13.367 1147 1147 V StorageManagerService: Package com.qualcomm.qti.lpa does not have legacy storage
08-16 16:52:13.368 1147 1147 V StorageManagerService: Package com.qualcomm.qti.smq does not have legacy storage
08-16 16:52:13.368 1147 1147 V StorageManagerService: Package com.qualcomm.qti.sva does not have legacy storage
08-16 16:52:13.368 1147 1147 V StorageManagerService: Package com.qualcomm.qti.uim does not have legacy storage
08-16 16:52:13.368 1147 1147 V StorageManagerService: Package com.android.networkstack.permissionconfig does not have legacy storage
08-16 16:52:13.368 1147 1147 V StorageManagerService: Package com.qualcomm.location does not have legacy storage
08-16 16:52:13.368 1147 1147 V StorageManagerService: Package com.android.cts.ctsshim does not have legacy storage
08-16 16:52:13.368 1147 1147 V StorageManagerService: Package com.qualcomm.qti.uimGbaApp does not have legacy storage
08-16 16:52:13.368 1147 1147 V StorageManagerService: Package com.caf.fmradio does not have legacy storage
08-16 16:52:13.368 1147 1147 V StorageManagerService: Package com.qualcomm.qti.connmgr does not have legacy storage
08-16 16:52:13.368 1147 1147 V StorageManagerService: Package com.qti.diagservices does not have legacy storage
08-16 16:52:13.369 1147 1147 V StorageManagerService: Package com.qualcomm.qti.services.secureui does not have legacy storage
08-16 16:52:13.369 1147 1147 V StorageManagerService: Package com.android.vpndialogs does not have legacy storage
08-16 16:52:13.369 1147 1147 V StorageManagerService: Package com.qualcomm.location.XT does not have legacy storage
08-16 16:52:13.369 1147 1147 V StorageManagerService: Package com.android.music does not have legacy storage
08-16 16:52:13.369 1147 1147 V StorageManagerService: Package com.android.phone does not have legacy storage
08-16 16:52:13.369 1147 1147 V StorageManagerService: Package com.android.shell does not have legacy storage
08-16 16:52:13.369 1147 1147 V StorageManagerService: Package com.android.wallpaperbackup does not have legacy storage
08-16 16:52:13.369 1147 1147 V StorageManagerService: Package com.android.providers.blockednumber does not have legacy storage
08-16 16:52:13.369 1147 1147 V StorageManagerService: Package org.codeaurora.snapcam has legacy storage
08-16 16:52:13.369 1147 1147 V StorageManagerService: Package com.shipoplayer.jnjeqy does not have legacy storage
08-16 16:52:13.369 1147 1147 V StorageManagerService: Package com.android.providers.userdictionary does not have legacy storage
08-16 16:52:13.370 1147 1147 V StorageManagerService: Package com.android.providers.media.module does not have legacy storage
08-16 16:52:13.370 1147 1147 V StorageManagerService: Package com.qualcomm.qti.cam2test does not have legacy storage
08-16 16:52:13.370 1147 1147 V StorageManagerService: Package com.android.emergency does not have legacy storage
08-16 16:52:13.370 1147 1147 V StorageManagerService: Package com.qualcomm.qti.seccamservice does not have legacy storage
08-16 16:52:13.370 1147 1147 V StorageManagerService: Package com.android.hotspot2.osulogin does not have legacy storage
08-16 16:52:13.370 1147 1147 V StorageManagerService: Package com.qualcomm.qti.qdma does not have legacy storage
08-16 16:52:13.370 1147 1147 V StorageManagerService: Package com.qualcomm.qti.qmmi does not have legacy storage
08-16 16:52:13.370 1147 1147 V StorageManagerService: Package com.qualcomm.qti.usta does not have legacy storage
08-16 16:52:13.370 1147 1147 V StorageManagerService: Package com.qualcomm.qti.xrcb does not have legacy storage
08-16 16:52:13.370 1147 1147 V StorageManagerService: Package com.android.internal.systemui.navbar.gestural does not have legacy storage
08-16 16:52:13.370 1147 1147 V StorageManagerService: Package com.android.location.fused does not have legacy storage
08-16 16:52:13.371 1147 1147 V StorageManagerService: Package com.android.deskclock does not have legacy storage
08-16 16:52:13.371 1147 1147 V StorageManagerService: Package com.android.systemui does not have legacy storage
08-16 16:52:13.373 1147 1147 V StorageManagerService: Package com.android.bluetoothmidiservice does not have legacy storage
08-16 16:52:13.373 1147 1147 V StorageManagerService: Package com.qualcomm.qti.confdialer does not have legacy storage
08-16 16:52:13.373 1147 1147 V StorageManagerService: Package com.qti.ltebc does not have legacy storage
08-16 16:52:13.373 1147 1147 V StorageManagerService: Package com.qti.phone does not have legacy storage
08-16 16:52:13.374 1147 1147 V StorageManagerService: Package com.android.permissioncontroller does not have legacy storage
08-16 16:52:13.374 1147 1147 V StorageManagerService: Package com.android.traceur does not have legacy storage
08-16 16:52:13.374 1147 1147 V StorageManagerService: Package com.qualcomm.qti.qccauthmgr does not have legacy storage
08-16 16:52:13.374 1147 1147 V StorageManagerService: Package com.qualcomm.qti.ssmeditor does not have legacy storage
08-16 16:52:13.374 1147 1147 V StorageManagerService: Package com.qualcomm.qti.qms.service.trustzoneaccess does not have legacy storage
08-16 16:52:13.374 1147 1147 V StorageManagerService: Package com.qualcomm.qtil.aptxui does not have legacy storage
08-16 16:52:13.375 1147 1147 V StorageManagerService: Package com.android.bluetooth does not have legacy storage
08-16 16:52:13.375 1147 1147 V StorageManagerService: Package com.qualcomm.timeservice does not have legacy storage
08-16 16:52:13.375 1147 1147 V StorageManagerService: Package com.qualcomm.atfwd does not have legacy storage
08-16 16:52:13.375 1147 1147 V StorageManagerService: Package com.qualcomm.embms does not have legacy storage
08-16 16:52:13.376 1147 1147 V StorageManagerService: Package com.android.providers.contacts does not have legacy storage
08-16 16:52:13.376 1147 1147 V StorageManagerService: Package vendor.qti.imsrcs does not have legacy storage
08-16 16:52:13.376 1147 1147 V StorageManagerService: Package com.android.captiveportallogin does not have legacy storage
08-16 16:52:13.376 1147 1147 V StorageManagerService: Package com.android.internal.systemui.navbar.gestural_narrow_back does not have legacy storage
08-16 16:52:13.376 1147 1147 V StorageManagerService: Package com.android.cellbroadcastreceiver.overlay.common does not have legacy storage
08-16 16:52:13.376 1147 1147 V StorageManagerService: Package com.qualcomm.qti.sensors.qsensortest does not have legacy storage
08-16 16:52:13.377 1147 1147 D SystemServerTiming: ssm.onStartUser-0_com.android.server.StorageManagerService$Lifecycle took to complete: 33ms
08-16 16:52:13.377 1147 1147 I SystemServerTiming: ssm.onStartUser-0_com.android.server.usage.StorageStatsService$Lifecycle
08-16 16:52:13.377 1147 1147 D SystemServerTiming: ssm.onStartUser-0_com.android.server.usage.StorageStatsService$Lifecycle took to complete: 0ms
08-16 16:52:13.377 1147 1147 I SystemServerTiming: ssm.onStartUser-0_com.android.server.UiModeManagerService
08-16 16:52:13.377 1147 1147 D SystemServerTiming: ssm.onStartUser-0_com.android.server.UiModeManagerService took to complete: 0ms
08-16 16:52:13.377 1147 1147 I SystemServerTiming: ssm.onStartUser-0_com.android.server.locksettings.LockSettingsService$Lifecycle
08-16 16:52:13.378 1147 1147 D SystemServerTiming: ssm.onStartUser-0_com.android.server.locksettings.LockSettingsService$Lifecycle took to complete: 0ms
08-16 16:52:13.378 1147 1690 W PackageManager: Loading a package that does not exist for the calling user. package=null, user=0
08-16 16:52:13.378 1147 1147 I SystemServerTiming: ssm.onStartUser-0_com.android.server.PersistentDataBlockService
08-16 16:52:13.378 1147 1147 D SystemServerTiming: ssm.onStartUser-0_com.android.server.PersistentDataBlockService took to complete: 0ms
08-16 16:52:13.378 1147 1147 I SystemServerTiming: ssm.onStartUser-0_com.android.server.testharness.TestHarnessModeService
08-16 16:52:13.378 1147 1147 D SystemServerTiming: ssm.onStartUser-0_com.android.server.testharness.TestHarnessModeService took to complete: 0ms
08-16 16:52:13.378 1147 1147 I SystemServerTiming: ssm.onStartUser-0_com.android.server.oemlock.OemLockService
08-16 16:52:13.378 1147 1147 D SystemServerTiming: ssm.onStartUser-0_com.android.server.oemlock.OemLockService took to complete: 0ms
08-16 16:52:13.378 1147 1147 I SystemServerTiming: ssm.onStartUser-0_com.android.server.DeviceIdleController
08-16 16:52:13.378 1147 1147 D SystemServerTiming: ssm.onStartUser-0_com.android.server.DeviceIdleController took to complete: 0ms
08-16 16:52:13.378 1147 1147 I SystemServerTiming: ssm.onStartUser-0_com.android.server.devicepolicy.DevicePolicyManagerService$Lifecycle
08-16 16:52:13.378 1147 1147 D SystemServerTiming: ssm.onStartUser-0_com.android.server.devicepolicy.DevicePolicyManagerService$Lifecycle took to complete: 0ms
08-16 16:52:13.378 1147 1147 I SystemServerTiming: ssm.onStartUser-0_com.android.server.texttospeech.TextToSpeechManagerService
08-16 16:52:13.379 1147 1147 D SystemServerTiming: ssm.onStartUser-0_com.android.server.texttospeech.TextToSpeechManagerService took to complete: 0ms
08-16 16:52:13.379 1147 1147 I SystemServerTiming: ssm.onStartUser-0_com.android.server.speech.SpeechRecognitionManagerService
08-16 16:52:13.379 1147 1147 D SystemServerTiming: ssm.onStartUser-0_com.android.server.speech.SpeechRecognitionManagerService took to complete: 0ms
08-16 16:52:13.379 1147 1147 I SystemServerTiming: ssm.onStartUser-0_com.android.server.searchui.SearchUiManagerService
08-16 16:52:13.379 1147 1147 D SystemServerTiming: ssm.onStartUser-0_com.android.server.searchui.SearchUiManagerService took to complete: 0ms
08-16 16:52:13.381 1147 1147 I SystemServerTiming: ssm.onStartUser-0_com.android.server.smartspace.SmartspaceManagerService
08-16 16:52:13.381 1147 1147 D SystemServerTiming: ssm.onStartUser-0_com.android.server.smartspace.SmartspaceManagerService took to complete: 0ms
08-16 16:52:13.381 1147 1147 I SystemServerTiming: ssm.onStartUser-0_com.android.server.graphics.fonts.FontManagerService$Lifecycle
08-16 16:52:13.381 1147 1147 D SystemServerTiming: ssm.onStartUser-0_com.android.server.graphics.fonts.FontManagerService$Lifecycle took to complete: 0ms
08-16 16:52:13.381 1147 1147 I SystemServerTiming: ssm.onStartUser-0_com.android.server.textservices.TextServicesManagerService$Lifecycle
08-16 16:52:13.381 1147 1147 D SystemServerTiming: ssm.onStartUser-0_com.android.server.textservices.TextServicesManagerService$Lifecycle took to complete: 0ms
08-16 16:52:13.381 1147 1147 I SystemServerTiming: ssm.onStartUser-0_com.android.server.textclassifier.TextClassificationManagerService$Lifecycle
08-16 16:52:13.387 1147 1147 D SystemServerTiming: ssm.onStartUser-0_com.android.server.textclassifier.TextClassificationManagerService$Lifecycle took to complete: 6ms
08-16 16:52:13.387 1147 1147 I SystemServerTiming: ssm.onStartUser-0_com.android.server.NetworkScoreService$Lifecycle
08-16 16:52:13.387 1147 1147 D SystemServerTiming: ssm.onStartUser-0_com.android.server.NetworkScoreService$Lifecycle took to complete: 0ms
08-16 16:52:13.387 1147 1147 I SystemServerTiming: ssm.onStartUser-0_com.android.server.wifi.WifiService
08-16 16:52:13.387 1147 1147 D SystemServerTiming: ssm.onStartUser-0_com.android.server.wifi.WifiService took to complete: 0ms
08-16 16:52:13.387 1147 1147 I SystemServerTiming: ssm.onStartUser-0_com.android.server.wifi.scanner.WifiScanningService
08-16 16:52:13.387 1147 1147 D SystemServerTiming: ssm.onStartUser-0_com.android.server.wifi.scanner.WifiScanningService took to complete: 0ms
08-16 16:52:13.387 1147 1147 I SystemServerTiming: ssm.onStartUser-0_com.android.server.wifi.rtt.RttService
08-16 16:52:13.387 1147 1147 D SystemServerTiming: ssm.onStartUser-0_com.android.server.wifi.rtt.RttService took to complete: 0ms
08-16 16:52:13.387 1147 1147 I SystemServerTiming: ssm.onStartUser-0_com.android.server.wifi.aware.WifiAwareService
08-16 16:52:13.387 1147 1147 D SystemServerTiming: ssm.onStartUser-0_com.android.server.wifi.aware.WifiAwareService took to complete: 0ms
08-16 16:52:13.387 1147 1147 I SystemServerTiming: ssm.onStartUser-0_com.android.server.wifi.p2p.WifiP2pService
08-16 16:52:13.387 1147 1147 D SystemServerTiming: ssm.onStartUser-0_com.android.server.wifi.p2p.WifiP2pService took to complete: 0ms
08-16 16:52:13.387 1147 1147 I SystemServerTiming: ssm.onStartUser-0_com.android.server.ethernet.EthernetService
08-16 16:52:13.387 1147 1147 D SystemServerTiming: ssm.onStartUser-0_com.android.server.ethernet.EthernetService took to complete: 0ms
08-16 16:52:13.387 1147 1147 I SystemServerTiming: ssm.onStartUser-0_com.android.server.ConnectivityServiceInitializer
08-16 16:52:13.388 1147 1147 D SystemServerTiming: ssm.onStartUser-0_com.android.server.ConnectivityServiceInitializer took to complete: 0ms
08-16 16:52:13.388 1147 1147 I SystemServerTiming: ssm.onStartUser-0_com.android.server.notification.NotificationManagerService
08-16 16:52:13.388 1147 1147 D SystemServerTiming: ssm.onStartUser-0_com.android.server.notification.NotificationManagerService took to complete: 0ms
08-16 16:52:13.388 1147 1147 I SystemServerTiming: ssm.onStartUser-0_com.android.server.storage.DeviceStorageMonitorService
08-16 16:52:13.388 1147 1147 D SystemServerTiming: ssm.onStartUser-0_com.android.server.storage.DeviceStorageMonitorService took to complete: 0ms
08-16 16:52:13.388 1147 1147 I SystemServerTiming: ssm.onStartUser-0_com.android.server.location.LocationManagerService$Lifecycle
08-16 16:52:13.388 1147 1147 D SystemServerTiming: ssm.onStartUser-0_com.android.server.location.LocationManagerService$Lifecycle took to complete: 0ms
08-16 16:52:13.388 1147 1147 I SystemServerTiming: ssm.onStartUser-0_com.android.server.timedetector.TimeDetectorService$Lifecycle
08-16 16:52:13.388 1147 1147 D SystemServerTiming: ssm.onStartUser-0_com.android.server.timedetector.TimeDetectorService$Lifecycle took to complete: 0ms
08-16 16:52:13.388 1147 1147 I SystemServerTiming: ssm.onStartUser-0_com.android.server.timezonedetector.TimeZoneDetectorService$Lifecycle
08-16 16:52:13.388 1147 1147 D SystemServerTiming: ssm.onStartUser-0_com.android.server.timezonedetector.TimeZoneDetectorService$Lifecycle took to complete: 0ms
08-16 16:52:13.388 1147 1147 I SystemServerTiming: ssm.onStartUser-0_com.android.server.timezonedetector.location.LocationTimeZoneManagerService$Lifecycle
08-16 16:52:13.388 1147 1147 D SystemServerTiming: ssm.onStartUser-0_com.android.server.timezonedetector.location.LocationTimeZoneManagerService$Lifecycle took to complete: 0ms
08-16 16:52:13.388 1147 1147 I SystemServerTiming: ssm.onStartUser-0_com.android.server.search.SearchManagerService$Lifecycle
08-16 16:52:13.388 1147 1147 D SystemServerTiming: ssm.onStartUser-0_com.android.server.search.SearchManagerService$Lifecycle took to complete: 0ms
08-16 16:52:13.388 1147 1147 I SystemServerTiming: ssm.onStartUser-0_com.android.server.wallpaper.WallpaperManagerService$Lifecycle
08-16 16:52:13.388 1147 1147 D SystemServerTiming: ssm.onStartUser-0_com.android.server.wallpaper.WallpaperManagerService$Lifecycle took to complete: 0ms
08-16 16:52:13.389 1147 1147 I SystemServerTiming: ssm.onStartUser-0_com.android.server.audio.AudioService$Lifecycle
08-16 16:52:13.389 1147 1147 D SystemServerTiming: ssm.onStartUser-0_com.android.server.audio.AudioService$Lifecycle took to complete: 0ms
08-16 16:52:13.389 1147 1147 I SystemServerTiming: ssm.onStartUser-0_com.android.server.soundtrigger_middleware.SoundTriggerMiddlewareService$Lifecycle
08-16 16:52:13.389 1147 1147 D SystemServerTiming: ssm.onStartUser-0_com.android.server.soundtrigger_middleware.SoundTriggerMiddlewareService$Lifecycle took to complete: 0ms
08-16 16:52:13.389 1147 1147 I SystemServerTiming: ssm.onStartUser-0_com.android.server.DockObserver
08-16 16:52:13.389 1147 1147 D SystemServerTiming: ssm.onStartUser-0_com.android.server.DockObserver took to complete: 0ms
08-16 16:52:13.389 1147 1147 I SystemServerTiming: ssm.onStartUser-0_com.android.server.midi.MidiService$Lifecycle
08-16 16:52:13.389 1147 1147 D SystemServerTiming: ssm.onStartUser-0_com.android.server.midi.MidiService$Lifecycle took to complete: 0ms
08-16 16:52:13.389 1147 1147 I SystemServerTiming: ssm.onStartUser-0_com.android.server.adb.AdbService$Lifecycle
08-16 16:52:13.389 1147 1147 D SystemServerTiming: ssm.onStartUser-0_com.android.server.adb.AdbService$Lifecycle took to complete: 0ms
08-16 16:52:13.389 1147 1147 I SystemServerTiming: ssm.onStartUser-0_com.android.server.usb.UsbService$Lifecycle
08-16 16:52:13.389 1147 1147 D SystemServerTiming: ssm.onStartUser-0_com.android.server.usb.UsbService$Lifecycle took to complete: 0ms
08-16 16:52:13.389 1147 1147 I SystemServerTiming: ssm.onStartUser-0_com.android.server.twilight.TwilightService
08-16 16:52:13.389 1147 1147 D SystemServerTiming: ssm.onStartUser-0_com.android.server.twilight.TwilightService took to complete: 0ms
08-16 16:52:13.389 1147 1147 I SystemServerTiming: ssm.onStartUser-0_com.android.server.display.color.ColorDisplayService
08-16 16:52:13.389 1147 1147 D SystemServerTiming: ssm.onStartUser-0_com.android.server.display.color.ColorDisplayService took to complete: 0ms
08-16 16:52:13.389 1147 1147 I SystemServerTiming: ssm.onStartUser-0_com.android.server.job.JobSchedulerService
08-16 16:52:13.389 1147 1147 D SystemServerTiming: ssm.onStartUser-0_com.android.server.job.JobSchedulerService took to complete: 0ms
08-16 16:52:13.389 1147 1147 I SystemServerTiming: ssm.onStartUser-0_com.android.server.soundtrigger.SoundTriggerService
08-16 16:52:13.389 1147 1147 D SystemServerTiming: ssm.onStartUser-0_com.android.server.soundtrigger.SoundTriggerService took to complete: 0ms
08-16 16:52:13.389 1147 1147 I SystemServerTiming: ssm.onStartUser-0_com.android.server.trust.TrustManagerService
08-16 16:52:13.389 1147 1147 D SystemServerTiming: ssm.onStartUser-0_com.android.server.trust.TrustManagerService took to complete: 0ms
08-16 16:52:13.390 1147 1147 I SystemServerTiming: ssm.onStartUser-0_com.android.server.backup.BackupManagerService$Lifecycle
08-16 16:52:13.390 1147 1147 D SystemServerTiming: ssm.onStartUser-0_com.android.server.backup.BackupManagerService$Lifecycle took to complete: 0ms
08-16 16:52:13.390 1147 1147 I SystemServerTiming: ssm.onStartUser-0_com.android.server.appwidget.AppWidgetService
08-16 16:52:13.390 1147 1147 D SystemServerTiming: ssm.onStartUser-0_com.android.server.appwidget.AppWidgetService took to complete: 0ms
08-16 16:52:13.390 1147 1147 I SystemServerTiming: ssm.onStartUser-0_com.android.server.voiceinteraction.VoiceInteractionManagerService
08-16 16:52:13.390 1147 1147 W VoiceInteractionManager: no available voice recognition services found for user 0
01-01 04:41:15.584 0 0 I msm_vidc: high: 00000001: ....e: Opening video instance: fffffffa9ad60000, 0
08-16 16:52:13.390 1147 1147 D SystemServerTiming: ssm.onStartUser-0_com.android.server.voiceinteraction.VoiceInteractionManagerService took to complete: 0ms
08-16 16:52:13.390 1147 1147 I SystemServerTiming: ssm.onStartUser-0_com.android.server.apphibernation.AppHibernationService
08-16 16:52:13.390 1147 1147 D SystemServerTiming: ssm.onStartUser-0_com.android.server.apphibernation.AppHibernationService took to complete: 0ms
08-16 16:52:13.390 1147 1147 I SystemServerTiming: ssm.onStartUser-0_com.android.server.GestureLauncherService
08-16 16:52:13.390 1147 1147 D SystemServerTiming: ssm.onStartUser-0_com.android.server.GestureLauncherService took to complete: 0ms
08-16 16:52:13.390 1147 1147 I SystemServerTiming: ssm.onStartUser-0_com.android.server.SensorNotificationService
08-16 16:52:13.390 1147 1147 D SystemServerTiming: ssm.onStartUser-0_com.android.server.SensorNotificationService took to complete: 0ms
08-16 16:52:13.390 1147 1147 I SystemServerTiming: ssm.onStartUser-0_com.android.server.emergency.EmergencyAffordanceService
08-16 16:52:13.390 1147 1147 D SystemServerTiming: ssm.onStartUser-0_com.android.server.emergency.EmergencyAffordanceService took to complete: 0ms
08-16 16:52:13.391 1147 1147 I SystemServerTiming: ssm.onStartUser-0_com.android.server.blob.BlobStoreManagerService
08-16 16:52:13.391 1147 1147 D SystemServerTiming: ssm.onStartUser-0_com.android.server.blob.BlobStoreManagerService took to complete: 0ms
08-16 16:52:13.391 1147 1147 I SystemServerTiming: ssm.onStartUser-0_com.android.server.dreams.DreamManagerService
08-16 16:52:13.395 1147 1147 D SystemServerTiming: ssm.onStartUser-0_com.android.server.dreams.DreamManagerService took to complete: 0ms
08-16 16:52:13.396 1147 1147 I SystemServerTiming: ssm.onStartUser-0_com.android.server.print.PrintManagerService
08-16 16:52:13.396 1147 1147 D SystemServerTiming: ssm.onStartUser-0_com.android.server.print.PrintManagerService took to complete: 0ms
08-16 16:52:13.396 1147 1147 I SystemServerTiming: ssm.onStartUser-0_com.android.server.companion.CompanionDeviceManagerService
08-16 16:52:13.396 1147 1147 D SystemServerTiming: ssm.onStartUser-0_com.android.server.companion.CompanionDeviceManagerService took to complete: 0ms
08-16 16:52:13.398 1147 1147 I SystemServerTiming: ssm.onStartUser-0_com.android.server.restrictions.RestrictionsManagerService
08-16 16:52:13.398 1147 1147 D SystemServerTiming: ssm.onStartUser-0_com.android.server.restrictions.RestrictionsManagerService took to complete: 0ms
08-16 16:52:13.398 1147 1147 I SystemServerTiming: ssm.onStartUser-0_com.android.server.media.MediaSessionService
08-16 16:52:13.398 1147 1147 D SystemServerTiming: ssm.onStartUser-0_com.android.server.media.MediaSessionService took to complete: 0ms
08-16 16:52:13.399 1147 1147 I SystemServerTiming: ssm.onStartUser-0_com.android.server.media.MediaResourceMonitorService
08-16 16:52:13.399 1147 1147 D SystemServerTiming: ssm.onStartUser-0_com.android.server.media.MediaResourceMonitorService took to complete: 0ms
08-16 16:52:13.401 1147 1147 I SystemServerTiming: ssm.onStartUser-0_com.android.server.biometrics.sensors.fingerprint.FingerprintService
08-16 16:52:13.401 1147 1147 D SystemServerTiming: ssm.onStartUser-0_com.android.server.biometrics.sensors.fingerprint.FingerprintService took to complete: 0ms
08-16 16:52:13.401 1147 1147 I SystemServerTiming: ssm.onStartUser-0_com.android.server.biometrics.BiometricService
08-16 16:52:13.401 1147 1147 D SystemServerTiming: ssm.onStartUser-0_com.android.server.biometrics.BiometricService took to complete: 0ms
08-16 16:52:13.401 1147 1147 I SystemServerTiming: ssm.onStartUser-0_com.android.server.biometrics.AuthService
08-16 16:52:13.401 1147 1147 D SystemServerTiming: ssm.onStartUser-0_com.android.server.biometrics.AuthService took to complete: 0ms
08-16 16:52:13.401 1147 1147 I SystemServerTiming: ssm.onStartUser-0_com.android.server.pm.ShortcutService$Lifecycle
08-16 16:52:13.401 1147 1147 D SystemServerTiming: ssm.onStartUser-0_com.android.server.pm.ShortcutService$Lifecycle took to complete: 0ms
08-16 16:52:13.401 1147 1147 I SystemServerTiming: ssm.onStartUser-0_com.android.server.pm.LauncherAppsService
08-16 16:52:13.401 1147 1147 D SystemServerTiming: ssm.onStartUser-0_com.android.server.pm.LauncherAppsService took to complete: 0ms
08-16 16:52:13.401 1147 1147 I SystemServerTiming: ssm.onStartUser-0_com.android.server.pm.CrossProfileAppsService
08-16 16:52:13.401 1147 1147 D SystemServerTiming: ssm.onStartUser-0_com.android.server.pm.CrossProfileAppsService took to complete: 0ms
08-16 16:52:13.401 1147 1147 I SystemServerTiming: ssm.onStartUser-0_com.android.server.people.PeopleService
08-16 16:52:13.401 1147 1147 D SystemServerTiming: ssm.onStartUser-0_com.android.server.people.PeopleService took to complete: 0ms
08-16 16:52:13.401 1147 1147 I SystemServerTiming: ssm.onStartUser-0_com.android.server.media.metrics.MediaMetricsManagerService
08-16 16:52:13.402 1147 1147 D SystemServerTiming: ssm.onStartUser-0_com.android.server.media.metrics.MediaMetricsManagerService took to complete: 0ms
08-16 16:52:13.402 1147 1147 I SystemServerTiming: ssm.onStartUser-0_com.android.server.media.projection.MediaProjectionManagerService
08-16 16:52:13.402 1147 1147 D SystemServerTiming: ssm.onStartUser-0_com.android.server.media.projection.MediaProjectionManagerService took to complete: 0ms
08-16 16:52:13.402 1147 1147 I SystemServerTiming: ssm.onStartUser-0_com.android.server.slice.SliceManagerService$Lifecycle
08-16 16:52:13.402 1147 1147 D SystemServerTiming: ssm.onStartUser-0_com.android.server.slice.SliceManagerService$Lifecycle took to complete: 0ms
08-16 16:52:13.402 1147 1147 I SystemServerTiming: ssm.onStartUser-0_com.android.server.stats.StatsCompanion$Lifecycle
08-16 16:52:13.402 1147 1147 D SystemServerTiming: ssm.onStartUser-0_com.android.server.stats.StatsCompanion$Lifecycle took to complete: 0ms
08-16 16:52:13.402 1147 1147 I SystemServerTiming: ssm.onStartUser-0_com.android.server.scheduling.RebootReadinessManagerService$Lifecycle
08-16 16:52:13.402 1147 1147 D SystemServerTiming: ssm.onStartUser-0_com.android.server.scheduling.RebootReadinessManagerService$Lifecycle took to complete: 0ms
08-16 16:52:13.402 1147 1147 I SystemServerTiming: ssm.onStartUser-0_com.android.server.stats.pull.StatsPullAtomService
08-16 16:52:13.402 1147 1147 D SystemServerTiming: ssm.onStartUser-0_com.android.server.stats.pull.StatsPullAtomService took to complete: 0ms
08-16 16:52:13.402 1147 1147 I SystemServerTiming: ssm.onStartUser-0_com.android.server.incident.IncidentCompanionService
08-16 16:52:13.402 1147 1147 D SystemServerTiming: ssm.onStartUser-0_com.android.server.incident.IncidentCompanionService took to complete: 0ms
08-16 16:52:13.402 1147 1147 I SystemServerTiming: ssm.onStartUser-0_com.android.server.MmsServiceBroker
08-16 16:52:13.402 1147 1147 D SystemServerTiming: ssm.onStartUser-0_com.android.server.MmsServiceBroker took to complete: 0ms
08-16 16:52:13.402 1147 1147 I SystemServerTiming: ssm.onStartUser-0_com.android.server.autofill.AutofillManagerService
08-16 16:52:13.402 1147 1147 D SystemServerTiming: ssm.onStartUser-0_com.android.server.autofill.AutofillManagerService took to complete: 0ms
08-16 16:52:13.402 1147 1147 I SystemServerTiming: ssm.onStartUser-0_com.android.server.clipboard.ClipboardService
08-16 16:52:13.402 1147 1147 D SystemServerTiming: ssm.onStartUser-0_com.android.server.clipboard.ClipboardService took to complete: 0ms
08-16 16:52:13.402 1147 1147 I SystemServerTiming: ssm.onStartUser-0_com.android.server.appbinding.AppBindingService$Lifecycle
08-16 16:52:13.403 1147 1147 D SystemServerTiming: ssm.onStartUser-0_com.android.server.appbinding.AppBindingService$Lifecycle took to complete: 1ms
08-16 16:52:13.403 1147 1147 I SystemServerTiming: ssm.onStartUser-0_com.android.server.tracing.TracingServiceProxy
08-16 16:52:13.403 1147 1147 D SystemServerTiming: ssm.onStartUser-0_com.android.server.tracing.TracingServiceProxy took to complete: 0ms
08-16 16:52:13.403 1147 1147 I SystemServerTiming: ssm.onStartUser-0_com.android.server.policy.PermissionPolicyService
08-16 16:52:13.403 1147 1147 D SystemServerTiming: ssm.onStartUser-0_com.android.server.policy.PermissionPolicyService took to complete: 0ms
08-16 16:52:13.403 1147 1147 I SystemServerTiming: ssm.onStartUser-0_com.android.server.pm.StagingManager$Lifecycle
08-16 16:52:13.403 1147 1147 D SystemServerTiming: ssm.onStartUser-0_com.android.server.pm.StagingManager$Lifecycle took to complete: 0ms
08-16 16:52:13.403 1147 1147 I SystemServerTiming: ssm.onStartUser-0_com.android.server.app.GameManagerService$Lifecycle
08-16 16:52:13.405 1147 1147 V GameManagerService: Settings file doesn't exists, skip reading
08-16 16:52:13.405 1147 1147 D SystemServerTiming: ssm.onStartUser-0_com.android.server.app.GameManagerService$Lifecycle took to complete: 2ms
08-16 16:52:13.405 1147 1147 I SystemServerTiming: ssm.onStartUser-0_com.android.server.appsearch.AppSearchManagerService
08-16 16:52:13.406 1147 1147 D SystemServerTiming: ssm.onStartUser-0_com.android.server.appsearch.AppSearchManagerService took to complete: 0ms
08-16 16:52:13.406 1147 1147 I SystemServerTiming: ssm.onStartUser-0_com.android.server.media.MediaCommunicationService
08-16 16:52:13.406 1147 1147 D SystemServerTiming: ssm.onStartUser-0_com.android.server.media.MediaCommunicationService took to complete: 0ms
08-16 16:52:13.406 1147 1147 D SystemServerTiming: ssm.StartUser-0 took to complete: 100ms
08-16 16:52:13.406 1147 1147 I SystemServerTiming: startPersistentApps
08-16 16:52:13.407 1147 1147 D CompatibilityChangeReporter: Compat change id reported: 135634846; UID 1001; state: DISABLED
08-16 16:52:13.407 1147 1147 D CompatibilityChangeReporter: Compat change id reported: 177438394; UID 1001; state: DISABLED
08-16 16:52:13.407 1147 1147 D CompatibilityChangeReporter: Compat change id reported: 135772972; UID 1001; state: DISABLED
08-16 16:52:13.408 1147 1147 D CompatibilityChangeReporter: Compat change id reported: 135754954; UID 1001; state: ENABLED
08-16 16:52:13.408 1147 1147 D CompatibilityChangeReporter: Compat change id reported: 135634846; UID 10072; state: DISABLED
08-16 16:52:13.408 1147 1147 D CompatibilityChangeReporter: Compat change id reported: 177438394; UID 10072; state: DISABLED
08-16 16:52:13.408 1147 1147 D CompatibilityChangeReporter: Compat change id reported: 135772972; UID 10072; state: DISABLED
08-16 16:52:13.409 1147 1147 D CompatibilityChangeReporter: Compat change id reported: 135754954; UID 10072; state: DISABLED
08-16 16:52:13.409 1147 1147 D CompatibilityChangeReporter: Compat change id reported: 135634846; UID 10093; state: DISABLED
08-16 16:52:13.409 1147 1147 D CompatibilityChangeReporter: Compat change id reported: 177438394; UID 10093; state: DISABLED
08-16 16:52:13.409 1147 1147 D CompatibilityChangeReporter: Compat change id reported: 135772972; UID 10093; state: DISABLED
08-16 16:52:13.409 1147 1147 D CompatibilityChangeReporter: Compat change id reported: 135754954; UID 10093; state: ENABLED
08-16 16:52:13.412 1147 1147 D CompatibilityChangeReporter: Compat change id reported: 135634846; UID 10147; state: DISABLED
08-16 16:52:13.412 1147 1147 D CompatibilityChangeReporter: Compat change id reported: 177438394; UID 10147; state: DISABLED
08-16 16:52:13.413 1147 1147 D CompatibilityChangeReporter: Compat change id reported: 135772972; UID 10147; state: DISABLED
08-16 16:52:13.413 1147 1147 D CompatibilityChangeReporter: Compat change id reported: 135754954; UID 10147; state: ENABLED
08-16 16:52:13.413 1147 1147 D CompatibilityChangeReporter: Compat change id reported: 135634846; UID 10126; state: DISABLED
08-16 16:52:13.413 1147 1147 D CompatibilityChangeReporter: Compat change id reported: 177438394; UID 10126; state: DISABLED
08-16 16:52:13.414 1147 1147 D CompatibilityChangeReporter: Compat change id reported: 135772972; UID 10126; state: DISABLED
08-16 16:52:13.414 1147 1147 D CompatibilityChangeReporter: Compat change id reported: 135754954; UID 10126; state: ENABLED
08-16 16:52:13.414 1147 1147 D CompatibilityChangeReporter: Compat change id reported: 135634846; UID 1000; state: DISABLED
08-16 16:52:13.414 1147 1147 D CompatibilityChangeReporter: Compat change id reported: 177438394; UID 1000; state: DISABLED
08-16 16:52:13.414 1147 1147 D CompatibilityChangeReporter: Compat change id reported: 135772972; UID 1000; state: DISABLED
08-16 16:52:13.415 1147 1147 D CompatibilityChangeReporter: Compat change id reported: 135754954; UID 1000; state: ENABLED
01-01 04:41:15.608 0 0 I binder : 1929:1929 ioctl 40046210 7fc7d797e4 returned -22
08-16 16:52:13.419 1147 1147 D CompatibilityChangeReporter: Compat change id reported: 135634846; UID 10122; state: DISABLED
08-16 16:52:13.419 1147 1147 D CompatibilityChangeReporter: Compat change id reported: 177438394; UID 10122; state: DISABLED
08-16 16:52:13.419 1147 1147 D CompatibilityChangeReporter: Compat change id reported: 135772972; UID 10122; state: DISABLED
08-16 16:52:13.420 1147 1147 D CompatibilityChangeReporter: Compat change id reported: 135754954; UID 10122; state: ENABLED
08-16 16:52:13.420 1147 1147 D CompatibilityChangeReporter: Compat change id reported: 135634846; UID 10132; state: DISABLED
08-16 16:52:13.420 1147 1147 D CompatibilityChangeReporter: Compat change id reported: 177438394; UID 10132; state: DISABLED
08-16 16:52:13.420 1147 1147 D CompatibilityChangeReporter: Compat change id reported: 135772972; UID 10132; state: DISABLED
08-16 16:52:13.420 1147 1147 D CompatibilityChangeReporter: Compat change id reported: 135754954; UID 10132; state: DISABLED
08-16 16:52:13.421 1147 1147 D CompatibilityChangeReporter: Compat change id reported: 135634846; UID 1068; state: DISABLED
08-16 16:52:13.423 1147 1147 D CompatibilityChangeReporter: Compat change id reported: 135634846; UID 10085; state: DISABLED
08-16 16:52:13.423 1147 1147 D CompatibilityChangeReporter: Compat change id reported: 177438394; UID 10085; state: DISABLED
08-16 16:52:13.423 1147 1147 D CompatibilityChangeReporter: Compat change id reported: 135772972; UID 10085; state: DISABLED
08-16 16:52:13.423 1147 1147 D CompatibilityChangeReporter: Compat change id reported: 135754954; UID 10085; state: ENABLED
08-16 16:52:13.425 1147 1147 D SystemServerTiming: startPersistentApps took to complete: 18ms
08-16 16:52:13.425 1147 1147 I SystemServerTiming: startHomeOnAllDisplays
08-16 16:52:13.426 1147 1147 I ActivityTaskManager: START u0 {act=android.intent.action.MAIN cat=[android.intent.category.HOME] flg=0x10000100 cmp=com.android.settings/.FallbackHome (has extras)} from uid 0
01-01 04:41:15.641 0 0 I binder : 1934:1934 ioctl 40046210 7fc7d797e4 returned -22
01-01 04:41:15.643 0 0 D cnss : Assert WLAN_EN GPIO successfully
01-01 04:41:15.643 0 0 D cnss : Resuming PCI link
08-16 16:52:13.448 1147 1147 D CompatibilityChangeReporter: Compat change id reported: 174042980; UID 1000; state: DISABLED
01-01 04:41:15.643 0 0 I msm_pcie_enable: PCIe: Assert the reset of endpoint of RC0.
01-01 04:41:15.649 0 0 I msm_pcie_enable: PCIe: RC0: PCIE20_PARF_INT_ALL_MASK: 0x7f80d202
01-01 04:41:15.652 0 0 I msm_vidc: high: 00000001: h265e: Closed video instance: fffffffa9ad60000
01-01 04:41:15.653 0 0 I pcie_phy_init: PCIe RC0 PHY is ready!
08-16 16:52:13.466 1147 1284 W ActivityManager: Slow operation: 59ms so far, now at startProcess: returned from zygote!
01-01 04:41:15.663 0 0 I msm_pcie_enable: PCIe: Release the reset of endpoint of RC0.
08-16 16:52:13.486 1147 1147 D CompatibilityChangeReporter: Compat change id reported: 168419799; UID 1000; state: DISABLED
08-16 16:52:13.490 1147 1147 D SystemServerTiming: startHomeOnAllDisplays took to complete: 65ms
08-16 16:52:13.490 1147 1147 I SystemServerTiming: showSystemReadyErrorDialogs
08-16 16:52:13.491 1147 1969 W ContextImpl: Calling a method in the system process without a qualified user: android.app.ContextImpl.bindService:1895 android.content.ContextWrapper.bindService:810 com.qualcomm.qti.activityextension.ActivityNotifier.bindToDynamicDDSService:103 com.qualcomm.qti.activityextension.ActivityNotifier.handleSendActivityInvokeNotification:184 com.qualcomm.qti.activityextension.ActivityNotifier.access$300:26
01-01 04:41:15.682 0 0 I msm_pcie_link_train: PCIe RC0 link initialized
01-01 04:41:15.698 0 0 I cnss_pci 0000: 01:00.0: enabling device (0000 -> 0002)
01-01 04:41:15.699 0 0 D cnss : Config PCIe remap window register to 0x4000003f
01-01 04:41:15.699 0 0 D cnss : Read register offset 0x1f8031c, val = 0x6
01-01 04:41:15.699 0 0 D cnss : Write val 0x2 to register offset 0x1f8031c
01-01 04:41:15.699 0 0 D cnss : Setting MHI state: INIT(0)
01-01 04:41:15.700 0 0 D cnss : Setting MHI state: POWER_ON(2)
01-01 04:41:15.707 0 0 W cnss_pci 0000: 01:00.0: Falling back to syfs fallback for: qca6390/amss20.bin
01-01 04:41:15.721 0 0 I binder : 1968:1968 ioctl 40046210 7fc7d797e4 returned -22
01-01 04:41:15.735 0 0 I msm_vidc: high: 00000001: ....d: Opening video instance: fffffffa992fc000, 1
08-16 16:52:13.556 1147 1147 D SystemServerTiming: showSystemReadyErrorDialogs took to complete: 66ms
08-16 16:52:13.556 1147 1147 I SystemServerTiming: sendUserStartBroadcast
08-16 16:52:13.556 1147 1147 D SystemServerTiming: sendUserStartBroadcast took to complete: 0ms
08-16 16:52:13.556 1147 1147 I SystemServerTiming: resumeTopActivities
08-16 16:52:13.558 1147 1147 D SystemServerTiming: resumeTopActivities took to complete: 2ms
08-16 16:52:13.558 1147 1147 I SystemServerTiming: sendUserSwitchBroadcasts
08-16 16:52:13.558 1147 1147 D SystemServerTiming: sendUserSwitchBroadcasts took to complete: 0ms
08-16 16:52:13.558 1147 1147 I SystemServerTiming: setBinderProxies
08-16 16:52:13.558 1147 1147 D SystemServerTiming: setBinderProxies took to complete: 0ms
08-16 16:52:13.559 1147 1147 D SystemServerTiming: ActivityManagerStartApps took to complete: 253ms
08-16 16:52:13.559 1147 1147 D SystemServerTiming: PhaseActivityManagerReady took to complete: 791ms
08-16 16:52:13.559 1147 1147 I SystemServerTiming: StartSystemUI
01-01 04:41:15.750 0 0 I msm_vidc: high: 00000001: h264d: Closed video instance: fffffffa992fc000
08-16 16:52:13.569 1147 1178 W ActivityManager: No pending application record for pid 1934 (IApplicationThread android.app.IApplicationThread$Stub$Proxy@369e12e); dropping process
08-16 16:52:13.573 1147 1284 W ActivityManager: Slow operation: 167ms so far, now at startProcess: done updating battery stats
08-16 16:52:13.573 1147 1284 W ActivityManager: Slow operation: 167ms so far, now at startProcess: building log message
08-16 16:52:13.573 1147 1284 I ActivityManager: Start proc 1968:.dataservices/1001 for added application .dataservices
08-16 16:52:13.573 1147 1284 W ActivityManager: Slow operation: 167ms so far, now at startProcess: starting to update pids map
08-16 16:52:13.574 1147 1284 W ActivityManager: Slow operation: 168ms so far, now at startProcess: done updating pids map
08-16 16:52:13.574 1147 1284 W ActivityManager: Slow operation: 166ms so far, now at startProcess: asking zygote to start proc
08-16 16:52:13.575 1147 1284 D CompatibilityChangeReporter: Compat change id reported: 143937733; UID 10072; state: DISABLED
08-16 16:52:13.575 1147 1226 D CompatibilityChangeReporter: Compat change id reported: 135634846; UID 1000; state: DISABLED
08-16 16:52:13.575 1147 1226 D CompatibilityChangeReporter: Compat change id reported: 177438394; UID 1000; state: DISABLED
08-16 16:52:13.575 1147 1226 D CompatibilityChangeReporter: Compat change id reported: 135772972; UID 1000; state: DISABLED
08-16 16:52:13.575 1147 1226 D CompatibilityChangeReporter: Compat change id reported: 135754954; UID 1000; state: ENABLED
