08-16 16:54:07.985 1147 1179 I WifiService: allowConnectOnPartialScanResults=false uid=1000
08-16 16:54:07.993 1147 1797 I EthernetNetworkFactory: networkForRequest, request: NetworkRequest [ REQUEST id=58, [ Capabilities: INTERNET&NOT_RESTRICTED&TRUSTED&NOT_VCN_MANAGED Uid: 1000 RequestorUid: 1000 RequestorPkg: com.android.settings] ], network: NetworkInterfaceState{ refCount: 7, iface: eth0, up: true, hwAddress: 00:80:0f:74:31:00, networkCapabilities: [ Transports: ETHERNET Capabilities: NOT_METERED&INTERNET&NOT_RESTRICTED&TRUSTED&NOT_VPN&NOT_ROAMING&NOT_CONGESTED&NOT_SUSPENDED&NOT_VCN_MANAGED LinkUpBandwidth>=100000Kbps LinkDnBandwidth>=100000Kbps], networkAgent: null, score: 70, ipClient: android.net.ip.IIpClient$Stub$Proxy@4e595f4,linkProperties: {InterfaceName: eth0 LinkAddresses: [ fe80::d21b:ed9a:3fb0:7ad5/64 ] DnsAddresses: [ ] Domains: null MTU: 0 TcpBufferSizes: 524288,1048576,3145728,524288,1048576,2097152 Routes: [ fe80::/64 -> :: eth0 mtu 0 ]}}
08-16 16:54:08.374 1297 2870 D BufferPoolAccessor2.0: evictor expired: 1, evicted: 0
08-16 16:54:08.386 1147 2703 D BufferPoolAccessor2.0: evictor expired: 2, evicted: 0
08-16 16:54:08.436 1147 1223 D CompanionDeviceManagerService: onPackageModified(packageName = com.android.settings)
08-16 16:54:08.437 825 842 D audio_hw_primary: out_set_parameters: enter: usecase(1: low-latency-playback) kvpairs: suspend_playback=false
08-16 16:54:08.437 825 842 D audio_hw_extn: audio_extn_fm_set_parameters: Enter
08-16 16:54:08.438 825 2894 W audio_hw_primary: out_write: underrun(39) frames_by_time(48343) > out->last_fifo_frames_remaining(384)
08-16 16:54:08.446 1833 1833 D Avrcp_ext: AvrcpServiceBroadcastReceiver-> Action: android.intent.action.PACKAGE_CHANGED
08-16 16:54:08.446 1833 1833 D Avrcp_ext: AvrcpServiceBroadcastReceiver-> packageName: com.android.settings
08-16 16:54:08.446 1833 1833 D Avrcp_ext: packageName: com.android.settings removed: false
08-16 16:54:08.451 1833 1833 D Avrcp_ext: isBrowsableListUpdated: browsable list size mismatch, true
08-16 16:54:08.451 1833 1833 D Avrcp_ext: buildBrowsablePlayerList
08-16 16:54:08.452 1147 1147 I Telecom : DefaultDialerCache: Refreshing default dialer for user 0: now org.codeaurora.dialer: DDC.oR@AC4
08-16 16:54:08.453 1147 1690 D CompatibilityInfo: mCompatibilityFlags - 4
08-16 16:54:08.453 1147 1690 D CompatibilityInfo: applicationDensity - 240
08-16 16:54:08.453 1147 1690 D CompatibilityInfo: applicationScale - 1.0
08-16 16:54:08.454 1147 1676 I InputReader: Reconfiguring input devices, changes=KEYBOARD_LAYOUTS |
08-16 16:54:08.455 1833 1833 V Avrcp_ext: getMediaPlayerInfo: Found com.android.bluetooth
08-16 16:54:08.455 2204 2204 I QImsService: QtiImsExtService : QtiImsExtService created!
08-16 16:54:08.456 1833 1833 V Avrcp_ext: isBrowseSupported for com.android.bluetooth: false
08-16 16:54:08.456 2204 2204 E QImsService: QtiImsExtService : QtiImsExtService, ImsService is not yet started retry.
08-16 16:54:08.458 1833 1833 D Avrcp_ext: Adding media player info for com.android.bluetooth with id 1
08-16 16:54:08.458 1833 1833 D Avrcp_ext: update #1:MediaPlayerInfo com.android.bluetooth (as 'Bluetooth') Type = 1, SubType = 0, Status = 0 Feature Bits [40 41 42 44 45 47 48 58] Controller: null
08-16 16:54:08.458 1833 1833 D Avrcp_ext: Added MediaPlayerController/MediaPlayerPackage
08-16 16:54:08.459 2204 2204 E QImsService: QtiImsExtService : QtiImsExtService, ImsService is not yet started retry.
08-16 16:54:08.459 2204 2204 W QImsService: QtiImsExtService : onBind returned null
08-16 16:54:08.460 1833 1833 V Avrcp_ext: updateCurrentMediaState: mMediaController: null
08-16 16:54:08.460 1833 1833 W Avrcp_ext: isMusicActive: false getBluetoothPlayState: 2 A2dp State: 11 mAudioPlaybackIsActive: false
08-16 16:54:08.460 1833 1833 W Avrcp_ext: updateCurrentMediaState: isPlaying = false
08-16 16:54:08.460 1833 1833 V Avrcp_ext: Media update: id -1âž¡-1? [MediaAttributes: none] : [MediaAttributes: none]
08-16 16:54:08.461 2335 2335 D QtiImsExtConnector: Attempt to bind QtiImsExt service returned with: true
08-16 16:54:08.465 2948 2948 D RegisteredNfcFServicesCache: Service unchanged, not updating
08-16 16:54:08.465 1833 1833 D Avrcp_ext: isPackageNameValid: browsedPackage = isValid = false
08-16 16:54:08.465 1833 1833 V Avrcp_ext: updatePlaybackState, state: PlaybackState {state=2, position=-1, buffered position=0, speed=0.0, updated=170601, actions=0, custom actions=[], active item id=-1, error=null} device: null
08-16 16:54:08.465 1833 1833 V Avrcp_ext: Device: no name:
08-16 16:54:08.465 1833 1833 V Avrcp_ext: Device: no name:
08-16 16:54:08.465 1833 1833 V Avrcp_ext: Device: no name:
08-16 16:54:08.465 1833 1833 V Avrcp_ext: Device: no name:
08-16 16:54:08.466 1833 1833 V Avrcp_ext: Device: no name:
08-16 16:54:08.466 1833 1833 V Avrcp_ext: updatePlayerStateAndPosition, old=PlaybackState {state=2, position=-1, buffered position=0, speed=0.0, updated=166508, actions=0, custom actions=[], active item id=-1, error=null}, state=PlaybackState {state=2, position=-1, buffered position=0, speed=0.0, updated=170601, actions=0, custom actions=[], active item id=-1, error=null}
08-16 16:54:08.466 1833 1833 V Avrcp_ext: old state = PlaybackState {state=2, position=-1, buffered position=0, speed=0.0, updated=166508, actions=0, custom actions=[], active item id=-1, error=null}, new state= PlaybackState {state=2, position=-1, buffered position=0, speed=0.0, updated=170601, actions=0, custom actions=[], active item id=-1, error=null}
08-16 16:54:08.466 1833 1833 D HeadsetService: getHeadsetService(): returning com.android.bluetooth.hfp.HeadsetService@517f5a0
08-16 16:54:08.466 1833 1833 D HeadsetService: isAudioOn: The number of audio connected devices 0
08-16 16:54:08.466 1833 1833 D HeadsetService: isScoOrCallActive(): Call Active:falseCall is Ringing:falseSCO is Active:false
08-16 16:54:08.466 1833 1833 D HeadsetService: isAudioOn: The number of audio connected devices 0
08-16 16:54:08.466 1833 1833 I Avrcp_ext: updatePlayStatusForDevice: device: null
08-16 16:54:08.467 1833 1833 V Avrcp_ext: updatePlaybackState (1): old=PlaybackState {state=2, position=-1, buffered position=0, speed=0.0, updated=166508, actions=0, custom actions=[], active item id=-1, error=null}(2), new=PlaybackState {state=2, position=-1, buffered position=0, speed=0.0, updated=170601, actions=0, custom actions=[], active item id=-1, error=null}(2)
08-16 16:54:08.467 1833 1833 I Avrcp_ext: Exit updatePlayStatusForDevice
08-16 16:54:08.467 1833 1833 D HeadsetService: isAudioOn: The number of audio connected devices 0
08-16 16:54:08.467 1833 1833 D HeadsetService: isScoOrCallActive(): Call Active:falseCall is Ringing:falseSCO is Active:false
08-16 16:54:08.467 1833 1833 D HeadsetService: isAudioOn: The number of audio connected devices 0
08-16 16:54:08.467 1833 1833 I Avrcp_ext: updatePlayStatusForDevice: device: null
08-16 16:54:08.468 1833 1833 V Avrcp_ext: updatePlaybackState (1): old=PlaybackState {state=2, position=-1, buffered position=0, speed=0.0, updated=166508, actions=0, custom actions=[], active item id=-1, error=null}(2), new=PlaybackState {state=2, position=-1, buffered position=0, speed=0.0, updated=170601, actions=0, custom actions=[], active item id=-1, error=null}(2)
08-16 16:54:08.468 1833 1833 I Avrcp_ext: Exit updatePlayStatusForDevice
08-16 16:54:08.468 1833 1833 D HeadsetService: isAudioOn: The number of audio connected devices 0
08-16 16:54:08.468 1833 1833 D HeadsetService: isScoOrCallActive(): Call Active:falseCall is Ringing:falseSCO is Active:false
08-16 16:54:08.468 1833 1833 D HeadsetService: isAudioOn: The number of audio connected devices 0
08-16 16:54:08.468 1833 1833 I Avrcp_ext: updatePlayStatusForDevice: device: null
08-16 16:54:08.468 1833 1833 V Avrcp_ext: updatePlaybackState (1): old=PlaybackState {state=2, position=-1, buffered position=0, speed=0.0, updated=166508, actions=0, custom actions=[], active item id=-1, error=null}(2), new=PlaybackState {state=2, position=-1, buffered position=0, speed=0.0, updated=170601, actions=0, custom actions=[], active item id=-1, error=null}(2)
08-16 16:54:08.468 1833 1833 I Avrcp_ext: Exit updatePlayStatusForDevice
08-16 16:54:08.468 1147 1223 D CompatibilityInfo: mCompatibilityFlags - 4
08-16 16:54:08.468 1147 1223 D CompatibilityInfo: applicationDensity - 240
08-16 16:54:08.468 1833 1833 D HeadsetService: isAudioOn: The number of audio connected devices 0
08-16 16:54:08.468 1833 1833 D HeadsetService: isScoOrCallActive(): Call Active:falseCall is Ringing:falseSCO is Active:false
08-16 16:54:08.469 1833 1833 D HeadsetService: isAudioOn: The number of audio connected devices 0
08-16 16:54:08.469 1833 1833 I Avrcp_ext: updatePlayStatusForDevice: device: null
08-16 16:54:08.469 1833 1833 V Avrcp_ext: updatePlaybackState (1): old=PlaybackState {state=2, position=-1, buffered position=0, speed=0.0, updated=166508, actions=0, custom actions=[], active item id=-1, error=null}(2), new=PlaybackState {state=2, position=-1, buffered position=0, speed=0.0, updated=170601, actions=0, custom actions=[], active item id=-1, error=null}(2)
08-16 16:54:08.468 1147 1223 D CompatibilityInfo: applicationScale - 1.0
08-16 16:54:08.469 1833 1833 I Avrcp_ext: Exit updatePlayStatusForDevice
08-16 16:54:08.469 1833 1833 D HeadsetService: isAudioOn: The number of audio connected devices 0
08-16 16:54:08.469 1833 1833 D HeadsetService: isScoOrCallActive(): Call Active:falseCall is Ringing:falseSCO is Active:false
08-16 16:54:08.469 1833 1833 D HeadsetService: isAudioOn: The number of audio connected devices 0
08-16 16:54:08.469 1833 1833 I Avrcp_ext: updatePlayStatusForDevice: device: null
08-16 16:54:08.469 1833 1833 V Avrcp_ext: updatePlaybackState (1): old=PlaybackState {state=2, position=-1, buffered position=0, speed=0.0, updated=166508, actions=0, custom actions=[], active item id=-1, error=null}(2), new=PlaybackState {state=2, position=-1, buffered position=0, speed=0.0, updated=170601, actions=0, custom actions=[], active item id=-1, error=null}(2)
08-16 16:54:08.469 1833 1833 I Avrcp_ext: Exit updatePlayStatusForDevice
08-16 16:54:08.469 1833 1833 D Avrcp_ext: Enter sendPlayPosNotificationRsp
08-16 16:54:08.469 1833 1833 D Avrcp_ext: sendPlayPosNotificationRsp: Not registered or requesting.
08-16 16:54:08.469 1833 1833 D Avrcp_ext: Enter sendPlayPosNotificationRsp
08-16 16:54:08.469 1833 1833 D Avrcp_ext: sendPlayPosNotificationRsp: Not registered or requesting.
08-16 16:54:08.470 1833 1833 D Avrcp_ext: Enter sendPlayPosNotificationRsp
08-16 16:54:08.470 1833 1833 D Avrcp_ext: sendPlayPosNotificationRsp: Not registered or requesting.
08-16 16:54:08.470 1833 1833 D Avrcp_ext: Enter sendPlayPosNotificationRsp
08-16 16:54:08.470 1833 1833 D Avrcp_ext: sendPlayPosNotificationRsp: Not registered or requesting.
08-16 16:54:08.470 1833 1833 D Avrcp_ext: Enter sendPlayPosNotificationRsp
08-16 16:54:08.470 1833 1833 D Avrcp_ext: sendPlayPosNotificationRsp: Not registered or requesting.
08-16 16:54:08.470 1833 1833 V Avrcp_ext: Exit updatePlayerStateAndPosition
08-16 16:54:08.470 1833 1833 D Avrcp_ext: Exit handlePackageModified
08-16 16:54:08.477 825 842 D audio_hw_primary: out_set_parameters: enter: usecase(1: low-latency-playback) kvpairs: suspend_playback=true
08-16 16:54:08.478 825 842 D audio_hw_extn: audio_extn_fm_set_parameters: Enter
08-16 16:54:08.478 4102 4120 I PermissionControllerServiceImpl: Updating user sensitive for uid 1000
08-16 16:54:08.482 1147 1265 E system_server: No package ID 7f found for ID 0x7f0802c4.
08-16 16:54:08.482 1147 1265 E system_server: No package ID 7f found for ID 0x7f121641.
08-16 16:54:08.482 1147 1265 E system_server: No package ID 7f found for ID 0x7f0802c3.
08-16 16:54:08.482 1147 1265 E system_server: No package ID 7f found for ID 0x7f1206c1.
08-16 16:54:08.482 1147 1265 E system_server: No package ID 7f found for ID 0x7f0802c2.
08-16 16:54:08.483 1147 1265 E system_server: No package ID 7f found for ID 0x7f120e8d.
08-16 16:54:08.513 1147 1265 W VoiceInteractionManager: no available voice recognition services found for user 0
08-16 16:54:08.518 2335 2335 E PhoneInterfaceManager: [PhoneIntfMgr] getCarrierPackageNamesForIntentAndPhone: No UICC
08-16 16:54:08.518 2335 2335 D CarrierSvcBindHelper: No carrier app for: 0
08-16 16:54:08.519 2335 2335 E PhoneInterfaceManager: [PhoneIntfMgr] getCarrierPackageNamesForIntentAndPhone: No UICC
08-16 16:54:08.519 2335 2335 D CarrierSvcBindHelper: No carrier app for: 1
08-16 16:54:08.519 2335 2335 D QtiImsExtConnector: onNullBinding componentName ComponentInfo{org.codeaurora.ims/org.codeaurora.ims.QtiImsExtService}
08-16 16:54:08.521 2335 2335 D ImsResolver: maybeAddedImsService, packageName: com.android.settings
08-16 16:54:08.529 681 4729 I resolv : retrying_poll: 56 retrying_poll timeout
08-16 16:54:08.529 681 4729 D resolv : send_dg: 1
08-16 16:54:08.529 681 4729 I resolv : res_nsend: used send_dg 0 terrno: 110
08-16 16:54:08.529 681 4729 I resolv : res_stats_set_sample: rcode = 255, sec = 0
08-16 16:54:08.529 681 4729 I resolv : res_cache_add_stats_sample_locked: adding sample to stats, next = 9, count = 9
08-16 16:54:08.530 681 4729 D resolv : res_nsend: Querying server (# 1) address = 192.168.1.1:53
08-16 16:54:08.530 681 4729 I resolv : get_timeout: using timeout of 5000 msec
08-16 16:54:08.530 681 4729 I resolv : retrying_poll: 56 retrying_poll
08-16 16:54:08.533 4777 4777 D ProcessState: Binder ioctl to enable oneway spam detection failed: Invalid argument
01-01 04:43:10.724 0 0 I binder : 4777:4777 ioctl 40046210 7fd91a4ac4 returned -22
08-16 16:54:08.543 681 4761 I resolv : retrying_poll: 67 retrying_poll timeout
08-16 16:54:08.543 681 4761 D resolv : send_dg: 1
08-16 16:54:08.543 681 4761 I resolv : res_nsend: used send_dg 0 terrno: 110
08-16 16:54:08.543 681 4761 I resolv : res_stats_set_sample: rcode = 255, sec = 0
08-16 16:54:08.543 681 4761 I resolv : res_cache_add_stats_sample_locked: adding sample to stats, next = 10, count = 10
08-16 16:54:08.544 681 4761 D resolv : res_nsend: Querying server (# 1) address = 192.168.1.1:53
08-16 16:54:08.545 681 4761 I resolv : get_timeout: using timeout of 5000 msec
08-16 16:54:08.545 681 4761 I resolv : retrying_poll: 67 retrying_poll
08-16 16:54:08.547 681 4736 I resolv : retrying_poll: 70 retrying_poll timeout
08-16 16:54:08.547 681 4736 D resolv : send_dg: 1
08-16 16:54:08.547 681 4736 I resolv : res_nsend: used send_dg 0 terrno: 110
08-16 16:54:08.547 681 4736 I resolv : res_stats_set_sample: rcode = 255, sec = 0
08-16 16:54:08.547 681 4736 I resolv : res_cache_add_stats_sample_locked: adding sample to stats, next = 11, count = 11
08-16 16:54:08.547 681 4736 D resolv : res_nsend: Querying server (# 1) address = 192.168.1.1:53
08-16 16:54:08.548 681 4736 I resolv : get_timeout: using timeout of 5000 msec
08-16 16:54:08.548 681 4736 I resolv : retrying_poll: 70 retrying_poll
08-16 16:54:08.548 681 4762 I resolv : retrying_poll: 68 retrying_poll timeout
08-16 16:54:08.548 681 4762 D resolv : send_dg: 1
08-16 16:54:08.548 681 4762 I resolv : res_nsend: used send_dg 0 terrno: 110
08-16 16:54:08.548 681 4762 I resolv : res_stats_set_sample: rcode = 255, sec = 0
08-16 16:54:08.548 681 4762 I resolv : res_cache_add_stats_sample_locked: adding sample to stats, next = 12, count = 12
08-16 16:54:08.549 681 4762 D resolv : res_nsend: Querying server (# 1) address = 192.168.1.1:53
08-16 16:54:08.549 681 4762 I resolv : get_timeout: using timeout of 5000 msec
08-16 16:54:08.549 681 4762 I resolv : retrying_poll: 68 retrying_poll
08-16 16:54:08.550 681 4717 I resolv : retrying_poll: 69 retrying_poll timeout
08-16 16:54:08.550 681 4717 D resolv : send_dg: 1
08-16 16:54:08.550 681 4717 I resolv : res_nsend: used send_dg 0 terrno: 110
08-16 16:54:08.550 681 4717 I resolv : res_stats_set_sample: rcode = 255, sec = 0
08-16 16:54:08.550 681 4717 I resolv : res_cache_add_stats_sample_locked: adding sample to stats, next = 13, count = 13
08-16 16:54:08.550 681 4717 D resolv : res_nsend: Querying server (# 1) address = 192.168.1.1:53
08-16 16:54:08.551 681 4717 I resolv : get_timeout: using timeout of 5000 msec
08-16 16:54:08.551 681 4717 I resolv : retrying_poll: 69 retrying_poll
08-16 16:54:08.553 681 4715 I resolv : retrying_poll: 71 retrying_poll timeout
08-16 16:54:08.553 681 4715 D resolv : send_dg: 1
08-16 16:54:08.553 681 4715 I resolv : res_nsend: used send_dg 0 terrno: 110
08-16 16:54:08.553 681 4715 I resolv : res_stats_set_sample: rcode = 255, sec = 0
08-16 16:54:08.553 681 4715 I resolv : res_cache_add_stats_sample_locked: adding sample to stats, next = 14, count = 14
08-16 16:54:08.553 681 4715 D resolv : res_nsend: Querying server (# 1) address = 192.168.1.1:53
08-16 16:54:08.554 681 4715 I resolv : get_timeout: using timeout of 5000 msec
08-16 16:54:08.554 681 4715 I resolv : retrying_poll: 71 retrying_poll
08-16 16:54:08.569 681 4739 I resolv : retrying_poll: 59 retrying_poll timeout
08-16 16:54:08.570 681 4739 D resolv : send_dg: 1
08-16 16:54:08.570 681 4739 I resolv : res_nsend: used send_dg 0 terrno: 110
08-16 16:54:08.570 681 4739 D resolv : doQuery: rcode=0, ancount=0
08-16 16:54:08.570 681 4738 I resolv : resolv_populate_res_for_net: netid=102
08-16 16:54:08.574 3235 4737 W Shark_TcpParallelConnector: [shark_w] doConnect(), UnknownHostException on task: 0 java.net.UnknownHostException: Unable to resolve host "tmfmazu-wangka.m.qq.com": No address associated with hostname
08-16 16:54:08.574 3235 4737 W Shark_TcpParallelConnector: java.net.UnknownHostException: Unable to resolve host "tmfmazu-wangka.m.qq.com": No address associated with hostname
08-16 16:54:08.574 3235 4737 W Shark_TcpParallelConnector: at java.net.Inet6AddressImpl.lookupHostByName(Inet6AddressImpl.java:156)
08-16 16:54:08.574 3235 4737 W Shark_TcpParallelConnector: at java.net.Inet6AddressImpl.lookupAllHostAddr(Inet6AddressImpl.java:103)
08-16 16:54:08.574 3235 4737 W Shark_TcpParallelConnector: at java.net.InetAddress.getByName(InetAddress.java:1106)
08-16 16:54:08.574 3235 4737 W Shark_TcpParallelConnector: at kcsdkint.mz.a(Unknown Source:110)
08-16 16:54:08.574 3235 4737 W Shark_TcpParallelConnector: at kcsdkint.mz$2.a(Unknown Source:5)
08-16 16:54:08.574 3235 4737 W Shark_TcpParallelConnector: at kcsdkint.mh.run(Unknown Source:0)
08-16 16:54:08.574 3235 4737 W Shark_TcpParallelConnector: at java.lang.Thread.run(Thread.java:920)
08-16 16:54:08.574 3235 4737 W Shark_TcpParallelConnector: Caused by: android.system.GaiException: android_getaddrinfo failed: EAI_NODATA (No address associated with hostname)
08-16 16:54:08.574 3235 4737 W Shark_TcpParallelConnector: at libcore.io.Linux.android_getaddrinfo(Native Method)
08-16 16:54:08.574 3235 4737 W Shark_TcpParallelConnector: at libcore.io.ForwardingOs.android_getaddrinfo(ForwardingOs.java:136)
08-16 16:54:08.574 3235 4737 W Shark_TcpParallelConnector: at libcore.io.BlockGuardOs.android_getaddrinfo(BlockGuardOs.java:221)
08-16 16:54:08.574 3235 4737 W Shark_TcpParallelConnector: at libcore.io.ForwardingOs.android_getaddrinfo(ForwardingOs.java:136)
08-16 16:54:08.574 3235 4737 W Shark_TcpParallelConnector: at java.net.Inet6AddressImpl.lookupHostByName(Inet6AddressImpl.java:135)
08-16 16:54:08.574 3235 4737 W Shark_TcpParallelConnector: ... 6 more
08-16 16:54:08.688 681 3585 I netd : setProcSysNet(4, 2, wlan0, retrans_time_ms, 750) <1.50ms>
08-16 16:54:08.690 681 3585 I netd : setProcSysNet(4, 2, wlan0, ucast_solicit, 10) <0.55ms>
08-16 16:54:08.693 681 745 I netd : setProcSysNet(6, 2, wlan0, retrans_time_ms, 750) <0.29ms>
08-16 16:54:08.693 681 745 I netd : setProcSysNet(6, 2, wlan0, ucast_solicit, 10) <0.15ms>
01-01 04:43:10.898 0 0 D : mv2112_read_status
01-01 04:43:10.898 0 0 D mv2112_update_link: 3.0x901(1G): 0x4
01-01 04:43:10.898 0 0 D mv2112_update_link: 3.0x8109(100M): 0x8
01-01 04:43:10.898 0 0 D mv2112_update_link: link 0x4
01-01 04:43:10.898 0 0 D mv2112_read_status: autoneg is disabled
08-16 16:54:08.949 1455 4691 D LOWI-9.0.0.87.a: [LOWI-Scan] wait_event:Wait done with Cmd 34
08-16 16:54:08.949 1455 4691 D LOWI-9.0.0.87.a: [LOWI-Scan] do_listen_events: Rcvd valid Netlink Cmd 34 Err 0
08-16 16:54:08.952 1455 4691 D LOWI-9.0.0.87.a: [LOWI-Scan]
08-16 16:54:08.952 1455 4691 D LOWI-9.0.0.87.a: [LOWI-Scan] print_bss_handler: Report Probe TSF 160533692 as it greater than Beacon TSF 62178124
08-16 16:54:08.952 1455 4691 D LOWI-9.0.0.87.a: [LOWI-Scan] is_qcom_ie, bss_age: 0
08-16 16:54:08.952 1455 4691 D LOWI-9.0.0.87.a: [LOWI-Scan] adjust_age:AP AGE upper limit reached. Dont store
08-16 16:54:08.952 1455 4691 D LOWI-9.0.0.87.a: [LOWI-Scan] BSS c8:3a:35:83:48:88 LOWI_PHY_MODE_11NG_HT20(5), Beacon Interval: 100, LOWI_ENCRYPTION_TYPE_OPEN 11mcRanging: No, ANQP: No, LCI: No, Civic: No, capability(0x0401): ESS ShortSlotTime
08-16 16:54:08.952 1455 4691 D LOWI-9.0.0.87.a: [LOWI-Scan] BSS c8:3a:35:83:48:88 FREQ: 2412, cFreq1[40:80:160] = [0:0:0] cFreq2 = 0 Country Code =
08-16 16:54:08.952 1455 4691 D LOWI-9.0.0.87.a: [LOWI-Scan] BSS c8:3a:35:83:48:88 (wlan0) ASSO: NO AddInfo: 0x0, TSF 0, 00:02:40.533, RSSI: -108, CPL: 127, AGE: 10556, SSID EAI_SSE2_K0910001, TSFDelta: 0xf4467323, TXRate: 0
08-16 16:54:08.952 1147 2598 D WifiNl80211Manager: Scan result ready event
08-16 16:54:08.953 1147 2598 D WifiNative: Scan result ready event
08-16 16:54:08.953 1455 4691 D LOWI-9.0.0.87.a: [LOWI-Scan]
08-16 16:54:08.953 1455 4691 D LOWI-9.0.0.87.a: [LOWI-Scan] print_bss_handler: Report beacon TSF 160433010 as it greater than probe TSF 160426740
08-16 16:54:08.953 1455 4691 D LOWI-9.0.0.87.a: [LOWI-Scan] decode_rsn_wpa_ie: LOWI_ENCRYPTION_TYPE_WPA_PSK
08-16 16:54:08.953 1455 4691 D LOWI-9.0.0.87.a: [LOWI-Scan] is_qcom_ie, bss_age: 0
08-16 16:54:08.953 1455 4691 D LOWI-9.0.0.87.a: [LOWI-Scan] adjust_age:AP AGE upper limit reached. Dont store
08-16 16:54:08.953 1455 4691 D LOWI-9.0.0.87.a: [LOWI-Scan] BSS b6:2a:7d:83:93:1c LOWI_PHY_MODE_11AC_VHT160(15), Beacon Interval: 100, LOWI_ENCRYPTION_TYPE_WPA_PSK 11mcRanging: No, ANQP: No, LCI: No, Civic: No, capability(0x1111): ESS Privacy SpectrumMgmt
08-16 16:54:08.953 1455 4691 D LOWI-9.0.0.87.a: [LOWI-Scan] BSS b6:2a:7d:83:93:1c FREQ: 5180, cFreq1[40:80:160] = [5190:5210:5210] cFreq2 = 5250 Country Code = CN
08-16 16:54:08.953 1455 4691 D LOWI-9.0.0.87.a: [LOWI-Scan] BSS b6:2a:7d:83:93:1c (wlan0) ASSO: NO AddInfo: 0x1, TSF 0, 00:02:40.433, RSSI: -72, CPL: 127, AGE: 10656, SSID TP-LINK_5G_9319, TSFDelta: 0x1905bf49, TXRate: 0
08-16 16:54:08.954 1455 4691 D LOWI-9.0.0.87.a: [LOWI-Scan]
08-16 16:54:08.954 1455 4691 D LOWI-9.0.0.87.a: [LOWI-Scan] print_bss_handler: Report Probe TSF 169788403 as it greater than Beacon TSF 169733448
08-16 16:54:08.954 1455 4691 D LOWI-9.0.0.87.a: [LOWI-Scan] decode_rsn_wpa_ie: LOWI_ENCRYPTION_TYPE_WPA_PSK
08-16 16:54:08.954 1455 4691 D LOWI-9.0.0.87.a: [LOWI-Scan] is_qcom_ie, bss_age: 0
08-16 16:54:08.954 1455 4691 D LOWI-9.0.0.87.a: [LOWI-Scan] BSS ec:26:ca:af:36:19 LOWI_PHY_MODE_11NG_HT20(5), Beacon Interval: 100, LOWI_ENCRYPTION_TYPE_WPA_PSK 11mcRanging: No, ANQP: No, LCI: No, Civic: No, capability(0x0431): ESS Privacy ShortPreamble ShortSlotTime
08-16 16:54:08.954 1455 4691 D LOWI-9.0.0.87.a: [LOWI-Scan] BSS ec:26:ca:af:36:19 FREQ: 2412, cFreq1[40:80:160] = [2412:0:0] cFreq2 = 0 Country Code =
08-16 16:54:08.954 1455 4691 D LOWI-9.0.0.87.a: [LOWI-Scan] BSS ec:26:ca:af:36:19 (wlan0) ASSO: NO AddInfo: 0x0, TSF 0, 00:02:49.788, RSSI: -106, CPL: 127, AGE: 1300, SSID TP-LINK_TEST2.4, TSFDelta: 0xafcec4cf, TXRate: 0
08-16 16:54:08.957 1455 4691 D LOWI-9.0.0.87.a: [LOWI-Scan]
08-16 16:54:08.957 1455 4691 D LOWI-9.0.0.87.a: [LOWI-Scan] print_bss_handler: Report Probe TSF 169790308 as it greater than Beacon TSF 169749742
08-16 16:54:08.957 1455 4691 D LOWI-9.0.0.87.a: [LOWI-Scan] decode_rsn_wpa_ie: LOWI_ENCRYPTION_TYPE_WPA_PSK
08-16 16:54:08.957 1455 4691 D LOWI-9.0.0.87.a: [LOWI-Scan] is_qcom_ie, bss_age: 0
08-16 16:54:08.957 1455 4691 D LOWI-9.0.0.87.a: [LOWI-Scan] BSS 98:97:cc:0e:3f:88 LOWI_PHY_MODE_11AC_VHT160(15), Beacon Interval: 100, LOWI_ENCRYPTION_TYPE_WPA_PSK 11mcRanging: No, ANQP: No, LCI: No, Civic: No, capability(0x1511): ESS Privacy SpectrumMgmt ShortSlotTime
08-16 16:54:08.958 1455 4691 D LOWI-9.0.0.87.a: [LOWI-Scan] BSS 98:97:cc:0e:3f:88 FREQ: 5200, cFreq1[40:80:160] = [5190:5210:5210] cFreq2 = 5250 Country Code = CN
08-16 16:54:08.958 1455 4691 D LOWI-9.0.0.87.a: [LOWI-Scan] BSS 98:97:cc:0e:3f:88 (wlan0) ASSO: NO AddInfo: 0x0, TSF 0, 00:02:49.790, RSSI: -152, CPL: 127, AGE: 1300, SSID TP-LINK_3F86, TSFDelta: 0xfc097d49, TXRate: 0
08-16 16:54:08.959 1455 4691 D LOWI-9.0.0.87.a: [LOWI-Scan]
08-16 16:54:08.960 1455 4691 D LOWI-9.0.0.87.a: [LOWI-Scan] print_bss_handler: Report Probe TSF 169879367 as it greater than Beacon TSF 160596964
08-16 16:54:08.960 1455 4691 D LOWI-9.0.0.87.a: [LOWI-Scan] decode_rsn_wpa_ie: LOWI_ENCRYPTION_TYPE_WPA_PSK
08-16 16:54:08.960 1455 4691 D LOWI-9.0.0.87.a: [LOWI-Scan] is_qcom_ie, bss_age: 0
08-16 16:54:08.960 1455 4691 D LOWI-9.0.0.87.a: [LOWI-Scan] BSS 98:97:cc:03:15:36 LOWI_PHY_MODE_11AC_VHT160(15), Beacon Interval: 100, LOWI_ENCRYPTION_TYPE_WPA_PSK 11mcRanging: No, ANQP: No, LCI: No, Civic: No, capability(0x1511): ESS Privacy SpectrumMgmt ShortSlotTime
08-16 16:54:08.960 1455 4691 D LOWI-9.0.0.87.a: [LOWI-Scan] BSS 98:97:cc:03:15:36 FREQ: 5240, cFreq1[40:80:160] = [5230:5210:5210] cFreq2 = 5250 Country Code = CN
08-16 16:54:08.960 1455 4691 D LOWI-9.0.0.87.a: [LOWI-Scan] BSS 98:97:cc:03:15:36 (wlan0) ASSO: NO AddInfo: 0x0, TSF 0, 00:02:49.879, RSSI: -112, CPL: 127, AGE: 1212, SSID 200M_5G, TSFDelta: 0x2ea0679f, TXRate: 0
08-16 16:54:08.961 1455 4691 D LOWI-9.0.0.87.a: [LOWI-Scan]
08-16 16:54:08.961 1455 4691 D LOWI-9.0.0.87.a: [LOWI-Scan] print_bss_handler: Report Probe TSF 169902131 as it greater than Beacon TSF 169900356
08-16 16:54:08.961 1455 4691 D LOWI-9.0.0.87.a: [LOWI-Scan] decode_rsn_wpa_ie: LOWI_ENCRYPTION_TYPE_WPA_PSK
08-16 16:54:08.961 1455 4691 D LOWI-9.0.0.87.a: [LOWI-Scan] is_qcom_ie, bss_age: 0
08-16 16:54:08.962 1455 4691 D LOWI-9.0.0.87.a: [LOWI-Scan] BSS 0c:83:9a:56:43:e4 LOWI_PHY_MODE_11AC_VHT80(10), Beacon Interval: 100, LOWI_ENCRYPTION_TYPE_WPA_PSK 11mcRanging: No, ANQP: No, LCI: No, Civic: No, capability(0x1531): ESS Privacy ShortPreamble SpectrumMgmt ShortSlotTime
08-16 16:54:08.962 1455 4691 D LOWI-9.0.0.87.a: [LOWI-Scan] BSS 0c:83:9a:56:43:e4 FREQ: 5745, cFreq1[40:80:160] = [5755:5775:0] cFreq2 = 0 Country Code = CN
08-16 16:54:08.962 1455 4691 D LOWI-9.0.0.87.a: [LOWI-Scan] BSS 0c:83:9a:56:43:e4 (wlan0) ASSO: NO AddInfo: 0x0, TSF 0, 00:02:49.902, RSSI: -94, CPL: 127, AGE: 1188, SSID HUAWEI-004YJ1, TSFDelta: 0x5fc5991f, TXRate: 0
08-16 16:54:08.963 1455 4691 D LOWI-9.0.0.87.a: [LOWI-Scan]
08-16 16:54:08.963 1455 4691 D LOWI-9.0.0.87.a: [LOWI-Scan] print_bss_handler: Report Probe TSF 169905130 as it greater than Beacon TSF 160658348
08-16 16:54:08.963 1455 4691 D LOWI-9.0.0.87.a: [LOWI-Scan] decode_rsn_wpa_ie: LOWI_ENCRYPTION_TYPE_WPA_PSK
08-16 16:54:08.963 1455 4691 D LOWI-9.0.0.87.a: [LOWI-Scan] is_qcom_ie, bss_age: 0
08-16 16:54:08.963 1455 4691 D LOWI-9.0.0.87.a: [LOWI-Scan] BSS ec:26:ca:af:36:18 LOWI_PHY_MODE_11AC_VHT80(10), Beacon Interval: 100, LOWI_ENCRYPTION_TYPE_WPA_PSK 11mcRanging: No, ANQP: No, LCI: No, Civic: No, capability(0x0511): ESS Privacy SpectrumMgmt ShortSlotTime
08-16 16:54:08.963 1455 4691 D LOWI-9.0.0.87.a: [LOWI-Scan] BSS ec:26:ca:af:36:18 FREQ: 5745, cFreq1[40:80:160] = [5755:5775:0] cFreq2 = 0 Country Code = CN
08-16 16:54:08.963 1455 4691 D LOWI-9.0.0.87.a: [LOWI-Scan] BSS ec:26:ca:af:36:18 (wlan0) ASSO: NO AddInfo: 0x0, TSF 0, 00:02:49.905, RSSI: -104, CPL: 127, AGE: 1184, SSID TP-LINK_TEST5G, TSFDelta: 0xb48be6e9, TXRate: 0
08-16 16:54:08.964 1455 4691 D LOWI-9.0.0.87.a: [LOWI-Scan]
08-16 16:54:08.964 1455 4691 D LOWI-9.0.0.87.a: [LOWI-Scan] print_bss_handler: Report beacon TSF 169912949 as it greater than probe TSF 169904610
08-16 16:54:08.964 1455 4691 D LOWI-9.0.0.87.a: [LOWI-Scan] decode_rsn_wpa_ie: LOWI_ENCRYPTION_TYPE_WPA_PSK
08-16 16:54:08.965 1455 4691 D LOWI-9.0.0.87.a: [LOWI-Scan] is_qcom_ie, bss_age: 0
08-16 16:54:08.965 1455 4691 D LOWI-9.0.0.87.a: [LOWI-Scan] BSS bc:54:fc:f0:b4:6a LOWI_PHY_MODE_11AC_VHT80(10), Beacon Interval: 100, LOWI_ENCRYPTION_TYPE_WPA_PSK 11mcRanging: No, ANQP: No, LCI: No, Civic: No, capability(0x0011): ESS Privacy
08-16 16:54:08.965 1455 4691 D LOWI-9.0.0.87.a: [LOWI-Scan] BSS bc:54:fc:f0:b4:6a FREQ: 5745, cFreq1[40:80:160] = [5755:5775:0] cFreq2 = 0 Country Code = CN
08-16 16:54:08.965 1455 4691 D LOWI-9.0.0.87.a: [LOWI-Scan] BSS bc:54:fc:f0:b4:6a (wlan0) ASSO: NO AddInfo: 0x1, TSF 0, 00:02:49.912, RSSI: -130, CPL: 127, AGE: 1176, SSID kk5g, TSFDelta: 0xdb79703f, TXRate: 0
08-16 16:54:08.966 1455 4691 D LOWI-9.0.0.87.a: [LOWI-Scan]
08-16 16:54:08.966 1455 4691 D LOWI-9.0.0.87.a: [LOWI-Scan] print_bss_handler: Report beacon TSF 160657157 as it greater than probe TSF 139732969
08-16 16:54:08.966 1455 4691 D LOWI-9.0.0.87.a: [LOWI-Scan] decode_rsn_wpa_ie: LOWI_ENCRYPTION_TYPE_WPA_PSK
08-16 16:54:08.966 1455 4691 D LOWI-9.0.0.87.a: [LOWI-Scan] is_qcom_ie, bss_age: 0
08-16 16:54:08.966 1455 4691 D LOWI-9.0.0.87.a: [LOWI-Scan] adjust_age:AP AGE upper limit reached. Dont store
08-16 16:54:08.966 1455 4691 D LOWI-9.0.0.87.a: [LOWI-Scan] BSS a8:5a:e0:72:36:4c LOWI_PHY_MODE_11AC_VHT80(10), Beacon Interval: 100, LOWI_ENCRYPTION_TYPE_WPA_PSK 11mcRanging: No, ANQP: No, LCI: No, Civic: No, capability(0x1531): ESS Privacy ShortPreamble SpectrumMgmt ShortSlotTime
08-16 16:54:08.966 1455 4691 D LOWI-9.0.0.87.a: [LOWI-Scan] BSS a8:5a:e0:72:36:4c FREQ: 5745, cFreq1[40:80:160] = [5755:5775:0] cFreq2 = 0 Country Code =
08-16 16:54:08.966 1455 4691 D LOWI-9.0.0.87.a: [LOWI-Scan] BSS a8:5a:e0:72:36:4c (wlan0) ASSO: NO AddInfo: 0x1, TSF 0, 00:02:40.657, RSSI: -116, CPL: 127, AGE: 10432, SSID Admin_5G, TSFDelta: 0xfe9dce0, TXRate: 0
01-01 04:43:11.156 0 0 I [schedu][0xd234e79a][16:54:08.965657] wlan: [2470:I:OSIF] vdev 0, scan id 40968 type COMPLETED(1) reason COMPLETED(1) scan found 39 bss
08-16 16:54:08.967 1455 4691 D LOWI-9.0.0.87.a: [LOWI-Scan]
08-16 16:54:08.967 1455 4691 D LOWI-9.0.0.87.a: [LOWI-Scan] print_bss_handler: Report Probe TSF 170003432 as it greater than Beacon TSF 160706740
08-16 16:54:08.968 1455 4691 D LOWI-9.0.0.87.a: [LOWI-Scan] decode_rsn_wpa_ie: LOWI_ENCRYPTION_TYPE_WPA_PSK
08-16 16:54:08.968 1455 4691 D LOWI-9.0.0.87.a: [LOWI-Scan] is_qcom_ie, bss_age: 0
08-16 16:54:08.968 1455 4691 D LOWI-9.0.0.87.a: [LOWI-Scan] BSS c8:3a:35:e9:3d:a5 LOWI_PHY_MODE_11AC_VHT80(10), Beacon Interval: 100, LOWI_ENCRYPTION_TYPE_WPA_PSK 11mcRanging: No, ANQP: No, LCI: No, Civic: No, capability(0x1011): ESS Privacy
08-16 16:54:08.968 1455 4691 D LOWI-9.0.0.87.a: [LOWI-Scan] BSS c8:3a:35:e9:3d:a5 FREQ: 5765, cFreq1[40:80:160] = [5755:5775:0] cFreq2 = 0 Country Code =
08-16 16:54:08.968 1455 4691 D LOWI-9.0.0.87.a: [LOWI-Scan] BSS c8:3a:35:e9:3d:a5 (wlan0) ASSO: NO AddInfo: 0x0, TSF 0, 00:02:50.003, RSSI: -98, CPL: 127, AGE: 1088, SSID Tenda_E93DA0_5G, TSFDelta: 0xba524b6, TXRate: 0
08-16 16:54:08.969 1455 4691 D LOWI-9.0.0.87.a: [LOWI-Scan]
08-16 16:54:08.969 1455 4691 D LOWI-9.0.0.87.a: [LOWI-Scan] print_bss_handler: Report Probe TSF 170005419 as it greater than Beacon TSF 160749988
08-16 16:54:08.969 1455 4691 D LOWI-9.0.0.87.a: [LOWI-Scan] is_qcom_ie, bss_age: 0
08-16 16:54:08.969 1455 4691 D LOWI-9.0.0.87.a: [LOWI-Scan] BSS 8c:21:0a:d9:bc:72 LOWI_PHY_MODE_11NA_HT40(6), Beacon Interval: 100, LOWI_ENCRYPTION_TYPE_OPEN 11mcRanging: No, ANQP: No, LCI: No, Civic: No, capability(0x0501): ESS SpectrumMgmt ShortSlotTime
08-16 16:54:08.969 1455 4691 D LOWI-9.0.0.87.a: [LOWI-Scan] BSS 8c:21:0a:d9:bc:72 FREQ: 5785, cFreq1[40:80:160] = [5795:0:0] cFreq2 = 0 Country Code = CN
08-16 16:54:08.969 1455 4691 D LOWI-9.0.0.87.a: [LOWI-Scan] BSS 8c:21:0a:d9:bc:72 (wlan0) ASSO: NO AddInfo: 0x0, TSF 0, 00:02:50.005, RSSI: -114, CPL: 127, AGE: 1084, SSID TP-LINK_5GHz_D9BC72, TSFDelta: 0x4650376f, TXRate: 0
08-16 16:54:08.970 1455 4691 D LOWI-9.0.0.87.a: [LOWI-Scan]
08-16 16:54:08.970 1455 4691 D LOWI-9.0.0.87.a: [LOWI-Scan] print_bss_handler: Report Probe TSF 170086023 as it greater than Beacon TSF 160827081
08-16 16:54:08.970 1455 4691 D LOWI-9.0.0.87.a: [LOWI-Scan] decode_rsn_wpa_ie: LOWI_ENCRYPTION_TYPE_WPA_PSK
08-16 16:54:08.970 1455 4691 D LOWI-9.0.0.87.a: [LOWI-Scan] is_qcom_ie, bss_age: 0
08-16 16:54:08.970 1455 4691 D LOWI-9.0.0.87.a: [LOWI-Scan] BSS 5c:02:14:0f:aa:4d LOWI_PHY_MODE_11AC_VHT80(10), Beacon Interval: 100, LOWI_ENCRYPTION_TYPE_WPA_PSK 11mcRanging: No, ANQP: Yes, LCI: No, Civic: No, capability(0x0011): ESS Privacy
08-16 16:54:08.970 1455 4691 D LOWI-9.0.0.87.a: [LOWI-Scan] BSS 5c:02:14:0f:aa:4d FREQ: 5805, cFreq1[40:80:160] = [5795:5775:0] cFreq2 = 0 Country Code = CN
08-16 16:54:08.970 1455 4691 D LOWI-9.0.0.87.a: [LOWI-Scan] BSS 5c:02:14:0f:aa:4d (wlan0) ASSO: NO AddInfo: 0x0, TSF 0, 00:02:50.086, RSSI: -134, CPL: 127, AGE: 1004, SSID Redmi_AA4A_5G, TSFDelta: 0x6fd4142a, TXRate: 0
08-16 16:54:08.971 1455 4691 D LOWI-9.0.0.87.a: [LOWI-Scan]
08-16 16:54:08.971 1455 4691 D LOWI-9.0.0.87.a: [LOWI-Scan] print_bss_handler: Report Probe TSF 170305306 as it greater than Beacon TSF 160940694
08-16 16:54:08.971 1455 4691 D LOWI-9.0.0.87.a: [LOWI-Scan] decode_rsn_wpa_ie: LOWI_ENCRYPTION_TYPE_WPA_PSK
08-16 16:54:08.971 1455 4691 D LOWI-9.0.0.87.a: [LOWI-Scan] is_qcom_ie, bss_age: 0
08-16 16:54:08.971 1455 4691 D LOWI-9.0.0.87.a: [LOWI-Scan] BSS f4:a4:d6:51:0c:91 LOWI_PHY_MODE_11AC_VHT40(9), Beacon Interval: 100, LOWI_ENCRYPTION_TYPE_WPA_PSK 11mcRanging: No, ANQP: No, LCI: No, Civic: No, capability(0x1511): ESS Privacy SpectrumMgmt ShortSlotTime
08-16 16:54:08.971 1455 4691 D LOWI-9.0.0.87.a: [LOWI-Scan] BSS f4:a4:d6:51:0c:91 FREQ: 5260, cFreq1[40:80:160] = [5270:0:0] cFreq2 = 0 Country Code = CN
08-16 16:54:08.971 1455 4691 D LOWI-9.0.0.87.a: [LOWI-Scan] BSS f4:a4:d6:51:0c:91 (wlan0) ASSO: NO AddInfo: 0x0, TSF 0, 00:02:50.305, RSSI: -160, CPL: 127, AGE: 784, SSID thundercomm, TSFDelta: 0xf53ff5ca, TXRate: 0
08-16 16:54:08.972 1455 4691 D LOWI-9.0.0.87.a: [LOWI-Scan]
08-16 16:54:08.972 1455 4691 D LOWI-9.0.0.87.a: [LOWI-Scan] print_bss_handler: Report Probe TSF 170304526 as it greater than Beacon TSF 160941841
08-16 16:54:08.973 1455 4691 D LOWI-9.0.0.87.a: [LOWI-Scan] decode_rsn_wpa_ie: LOWI_ENCRYPTION_TYPE_WPA_PSK
08-16 16:54:08.973 1455 4691 D LOWI-9.0.0.87.a: [LOWI-Scan] is_qcom_ie, bss_age: 0
08-16 16:54:08.973 1455 4691 D LOWI-9.0.0.87.a: [LOWI-Scan] BSS f4:a4:d6:51:0c:90 LOWI_PHY_MODE_11AC_VHT40(9), Beacon Interval: 100, LOWI_ENCRYPTION_TYPE_WPA_PSK 11mcRanging: No, ANQP: No, LCI: No, Civic: No, capability(0x1511): ESS Privacy SpectrumMgmt ShortSlotTime
08-16 16:54:08.973 1455 4691 D LOWI-9.0.0.87.a: [LOWI-Scan] BSS f4:a4:d6:51:0c:90 FREQ: 5260, cFreq1[40:80:160] = [5270:0:0] cFreq2 = 0 Country Code = CN
08-16 16:54:08.973 1455 4691 D LOWI-9.0.0.87.a: [LOWI-Scan] BSS f4:a4:d6:51:0c:90 (wlan0) ASSO: NO AddInfo: 0x0, TSF 0, 00:02:50.304, RSSI: -160, CPL: 127, AGE: 784, SSID guest, TSFDelta: 0xf53b735a, TXRate: 0
08-16 16:54:08.974 1455 4691 D LOWI-9.0.0.87.a: [LOWI-Scan]
08-16 16:54:08.974 1455 4691 D LOWI-9.0.0.87.a: [LOWI-Scan] print_bss_handler: Report Probe TSF 170307306 as it greater than Beacon TSF 170259276
08-16 16:54:08.974 1455 4691 D LOWI-9.0.0.87.a: [LOWI-Scan] decode_rsn_wpa_ie: LOWI_ENCRYPTION_TYPE_WPA_PSK
08-16 16:54:08.974 1455 4691 D LOWI-9.0.0.87.a: [LOWI-Scan] is_qcom_ie, bss_age: 0
08-16 16:54:08.974 1455 4691 D LOWI-9.0.0.87.a: [LOWI-Scan] BSS f4:a4:d6:51:0c:94 LOWI_PHY_MODE_11AC_VHT40(9), Beacon Interval: 100, LOWI_ENCRYPTION_TYPE_WPA_PSK 11mcRanging: No, ANQP: No, LCI: No, Civic: No, capability(0x1511): ESS Privacy SpectrumMgmt ShortSlotTime
08-16 16:54:08.974 1455 4691 D LOWI-9.0.0.87.a: [LOWI-Scan] BSS f4:a4:d6:51:0c:94 FREQ: 5260, cFreq1[40:80:160] = [5270:0:0] cFreq2 = 0 Country Code = CN
08-16 16:54:08.974 1455 4691 D LOWI-9.0.0.87.a: [LOWI-Scan] BSS f4:a4:d6:51:0c:94 (wlan0) ASSO: NO AddInfo: 0x0, TSF 0, 00:02:50.307, RSSI: -160, CPL: 127, AGE: 784, SSID thundersoft, TSFDelta: 0xf5447f86, TXRate: 0
08-16 16:54:08.975 1455 4691 D LOWI-9.0.0.87.a: [LOWI-Scan]
08-16 16:54:08.975 1455 4691 D LOWI-9.0.0.87.a: [LOWI-Scan] print_bss_handler: Report Probe TSF 170521016 as it greater than Beacon TSF 170463263
08-16 16:54:08.975 1455 4691 D LOWI-9.0.0.87.a: [LOWI-Scan] decode_rsn_wpa_ie: LOWI_ENCRYPTION_TYPE_WPA_PSK
08-16 16:54:08.975 1455 4691 D LOWI-9.0.0.87.a: [LOWI-Scan] is_qcom_ie, bss_age: 0
08-16 16:54:08.975 1455 4691 D LOWI-9.0.0.87.a: [LOWI-Scan] BSS f4:a4:d6:51:0e:11 LOWI_PHY_MODE_11AC_VHT40(9), Beacon Interval: 100, LOWI_ENCRYPTION_TYPE_WPA_PSK 11mcRanging: No, ANQP: No, LCI: No, Civic: No, capability(0x1511): ESS Privacy SpectrumMgmt ShortSlotTime
08-16 16:54:08.975 1455 4691 D LOWI-9.0.0.87.a: [LOWI-Scan] BSS f4:a4:d6:51:0e:11 FREQ: 5300, cFreq1[40:80:160] = [5310:0:0] cFreq2 = 0 Country Code = CN
08-16 16:54:08.976 1455 4691 D LOWI-9.0.0.87.a: [LOWI-Scan] BSS f4:a4:d6:51:0e:11 (wlan0) ASSO: NO AddInfo: 0x0, TSF 0, 00:02:50.521, RSSI: -124, CPL: 127, AGE: 568, SSID thundercomm, TSFDelta: 0xad342c49, TXRate: 0
08-16 16:54:08.976 1455 4691 D LOWI-9.0.0.87.a: [LOWI-Scan]
08-16 16:54:08.976 1455 4691 D LOWI-9.0.0.87.a: [LOWI-Scan] print_bss_handler: Report Probe TSF 170519796 as it greater than Beacon TSF 170466272
08-16 16:54:08.976 1455 4691 D LOWI-9.0.0.87.a: [LOWI-Scan] decode_rsn_wpa_ie: LOWI_ENCRYPTION_TYPE_WPA_PSK
08-16 16:54:08.976 1455 4691 D LOWI-9.0.0.87.a: [LOWI-Scan] is_qcom_ie, bss_age: 0
08-16 16:54:08.977 1455 4691 D LOWI-9.0.0.87.a: [LOWI-Scan] BSS f4:a4:d6:51:0e:10 LOWI_PHY_MODE_11AC_VHT40(9), Beacon Interval: 100, LOWI_ENCRYPTION_TYPE_WPA_PSK 11mcRanging: No, ANQP: No, LCI: No, Civic: No, capability(0x1511): ESS Privacy SpectrumMgmt ShortSlotTime
08-16 16:54:08.977 1455 4691 D LOWI-9.0.0.87.a: [LOWI-Scan] BSS f4:a4:d6:51:0e:10 FREQ: 5300, cFreq1[40:80:160] = [5310:0:0] cFreq2 = 0 Country Code = CN
08-16 16:54:08.977 1455 4691 D LOWI-9.0.0.87.a: [LOWI-Scan] BSS f4:a4:d6:51:0e:10 (wlan0) ASSO: NO AddInfo: 0x0, TSF 0, 00:02:50.519, RSSI: -122, CPL: 127, AGE: 572, SSID guest, TSFDelta: 0xad2c09b1, TXRate: 0
08-16 16:54:08.978 1455 4691 D LOWI-9.0.0.87.a: [LOWI-Scan]
08-16 16:54:08.978 1455 4691 D LOWI-9.0.0.87.a: [LOWI-Scan] print_bss_handler: Report Probe TSF 170521844 as it greater than Beacon TSF 170467248
08-16 16:54:08.978 1455 4691 D LOWI-9.0.0.87.a: [LOWI-Scan] decode_rsn_wpa_ie: LOWI_ENCRYPTION_TYPE_WPA_PSK
08-16 16:54:08.978 1455 4691 D LOWI-9.0.0.87.a: [LOWI-Scan] is_qcom_ie, bss_age: 0
08-16 16:54:08.978 1455 4691 D LOWI-9.0.0.87.a: [LOWI-Scan] BSS f4:a4:d6:51:0e:14 LOWI_PHY_MODE_11AC_VHT40(9), Beacon Interval: 100, LOWI_ENCRYPTION_TYPE_WPA_PSK 11mcRanging: No, ANQP: No, LCI: No, Civic: No, capability(0x1511): ESS Privacy SpectrumMgmt ShortSlotTime
08-16 16:54:08.978 1455 4691 D LOWI-9.0.0.87.a: [LOWI-Scan] BSS f4:a4:d6:51:0e:14 FREQ: 5300, cFreq1[40:80:160] = [5310:0:0] cFreq2 = 0 Country Code = CN
08-16 16:54:08.978 1455 4691 D LOWI-9.0.0.87.a: [LOWI-Scan] BSS f4:a4:d6:51:0e:14 (wlan0) ASSO: NO AddInfo: 0x0, TSF 0, 00:02:50.521, RSSI: -124, CPL: 127, AGE: 568, SSID thundersoft, TSFDelta: 0xad3c8e37, TXRate: 0
08-16 16:54:08.979 1455 4691 D LOWI-9.0.0.87.a: [LOWI-Scan]
08-16 16:54:08.979 1455 4691 D LOWI-9.0.0.87.a: [LOWI-Scan] print_bss_handler: Report Probe TSF 170521438 as it greater than Beacon TSF 170500360
08-16 16:54:08.979 1455 4691 D LOWI-9.0.0.87.a: [LOWI-Scan] decode_rsn_wpa_ie: LOWI_ENCRYPTION_TYPE_WPA_PSK
08-16 16:54:08.980 1455 4691 D LOWI-9.0.0.87.a: [LOWI-Scan] is_qcom_ie, bss_age: 0
08-16 16:54:08.980 1455 4691 D LOWI-9.0.0.87.a: [LOWI-Scan] BSS f4:a4:d6:51:0d:91 LOWI_PHY_MODE_11AC_VHT40(9), Beacon Interval: 100, LOWI_ENCRYPTION_TYPE_WPA_PSK 11mcRanging: No, ANQP: No, LCI: No, Civic: No, capability(0x1511): ESS Privacy SpectrumMgmt ShortSlotTime
08-16 16:54:08.980 1455 4691 D LOWI-9.0.0.87.a: [LOWI-Scan] BSS f4:a4:d6:51:0d:91 FREQ: 5300, cFreq1[40:80:160] = [5310:0:0] cFreq2 = 0 Country Code = CN
08-16 16:54:08.980 1455 4691 D LOWI-9.0.0.87.a: [LOWI-Scan] BSS f4:a4:d6:51:0d:91 (wlan0) ASSO: NO AddInfo: 0x0, TSF 0, 00:02:50.521, RSSI: -132, CPL: 127, AGE: 568, SSID thundercomm, TSFDelta: 0xffbf9b1a, TXRate: 0
08-16 16:54:08.980 1455 4691 D LOWI-9.0.0.87.a: [LOWI-Scan]
08-16 16:54:08.981 1455 4691 D LOWI-9.0.0.87.a: [LOWI-Scan] print_bss_handler: Report Probe TSF 170522262 as it greater than Beacon TSF 170502644
08-16 16:54:08.981 1455 4691 D LOWI-9.0.0.87.a: [LOWI-Scan] decode_rsn_wpa_ie: LOWI_ENCRYPTION_TYPE_WPA_PSK
08-16 16:54:08.981 1455 4691 D LOWI-9.0.0.87.a: [LOWI-Scan] is_qcom_ie, bss_age: 0
08-16 16:54:08.981 1455 4691 D LOWI-9.0.0.87.a: [LOWI-Scan] BSS f4:a4:d6:51:0d:94 LOWI_PHY_MODE_11AC_VHT40(9), Beacon Interval: 100, LOWI_ENCRYPTION_TYPE_WPA_PSK 11mcRanging: No, ANQP: No, LCI: No, Civic: No, capability(0x1511): ESS Privacy SpectrumMgmt ShortSlotTime
08-16 16:54:08.981 1455 4691 D LOWI-9.0.0.87.a: [LOWI-Scan] BSS f4:a4:d6:51:0d:94 FREQ: 5300, cFreq1[40:80:160] = [5310:0:0] cFreq2 = 0 Country Code = CN
08-16 16:54:08.981 1455 4691 D LOWI-9.0.0.87.a: [LOWI-Scan] BSS f4:a4:d6:51:0d:94 (wlan0) ASSO: NO AddInfo: 0x0, TSF 0, 00:02:50.522, RSSI: -132, CPL: 127, AGE: 568, SSID thundersoft, TSFDelta: 0xffc82095, TXRate: 0
08-16 16:54:08.981 1147 1708 D WificondScannerImpl: Filtering out 17 scan results.
08-16 16:54:08.981 1455 4691 D LOWI-9.0.0.87.a: [LOWI-Scan]
08-16 16:54:08.982 1455 4691 D LOWI-9.0.0.87.a: [LOWI-Scan] print_bss_handler: Report Probe TSF 170520595 as it greater than Beacon TSF 170501912
08-16 16:54:08.982 1455 4691 D LOWI-9.0.0.87.a: [LOWI-Scan] decode_rsn_wpa_ie: LOWI_ENCRYPTION_TYPE_WPA_PSK
08-16 16:54:08.982 1455 4691 D LOWI-9.0.0.87.a: [LOWI-Scan] is_qcom_ie, bss_age: 0
08-16 16:54:08.982 1455 4691 D LOWI-9.0.0.87.a: [LOWI-Scan] BSS f4:a4:d6:51:0d:90 LOWI_PHY_MODE_11AC_VHT40(9), Beacon Interval: 100, LOWI_ENCRYPTION_TYPE_WPA_PSK 11mcRanging: No, ANQP: No, LCI: No, Civic: No, capability(0x1511): ESS Privacy SpectrumMgmt ShortSlotTime
08-16 16:54:08.982 1455 4691 D LOWI-9.0.0.87.a: [LOWI-Scan] BSS f4:a4:d6:51:0d:90 FREQ: 5300, cFreq1[40:80:160] = [5310:0:0] cFreq2 = 0 Country Code = CN
08-16 16:54:08.982 1455 4691 D LOWI-9.0.0.87.a: [LOWI-Scan] BSS f4:a4:d6:51:0d:90 (wlan0) ASSO: NO AddInfo: 0x0, TSF 0, 00:02:50.520, RSSI: -130, CPL: 127, AGE: 568, SSID guest, TSFDelta: 0xffb75ac2, TXRate: 0
08-16 16:54:08.983 1455 4691 D LOWI-9.0.0.87.a: [LOWI-Scan] -- associated
08-16 16:54:08.983 1455 4691 D LOWI-9.0.0.87.a: [LOWI-Scan]
08-16 16:54:08.983 1455 4691 D LOWI-9.0.0.87.a: [LOWI-Scan] print_bss_handler: Report beacon TSF 171009398 as it greater than probe TSF 170853953
08-16 16:54:08.983 1455 4691 D LOWI-9.0.0.87.a: [LOWI-Scan] decode_rsn_wpa_ie: LOWI_ENCRYPTION_TYPE_WPA_PSK
08-16 16:54:08.983 1455 4691 D LOWI-9.0.0.87.a: [LOWI-Scan] is_qcom_ie, bss_age: 0
08-16 16:54:08.983 1455 4691 D LOWI-9.0.0.87.a: [LOWI-Scan] BSS 96:2a:7d:83:93:1a LOWI_PHY_MODE_11AC_VHT40_2G(12), Beacon Interval: 100, LOWI_ENCRYPTION_TYPE_WPA_PSK 11mcRanging: No, ANQP: No, LCI: No, Civic: No, capability(0x1411): ESS Privacy ShortSlotTime
08-16 16:54:08.983 1455 4691 D LOWI-9.0.0.87.a: [LOWI-Scan] BSS 96:2a:7d:83:93:1a FREQ: 2462, cFreq1[40:80:160] = [2452:0:0] cFreq2 = 0 Country Code = CN
08-16 16:54:08.983 1455 4691 D LOWI-9.0.0.87.a: [LOWI-Scan] BSS 96:2a:7d:83:93:1a (wlan0) ASSO: YES AddInfo: 0x1, TSF 0, 00:02:51.009, RSSI: -94, CPL: 127, AGE: 0, SSID TP-LINK_9319, TSFDelta: 0x6be8152b, TXRate: 0
08-16 16:54:08.984 1455 4691 D LOWI-9.0.0.87.a: [LOWI-Scan]
08-16 16:54:08.984 1455 4691 D LOWI-9.0.0.87.a: [LOWI-Scan] print_bss_handler: Report Probe TSF 162005047 as it greater than Beacon TSF 161984283
08-16 16:54:08.984 1455 4691 D LOWI-9.0.0.87.a: [LOWI-Scan] decode_rsn_wpa_ie: LOWI_ENCRYPTION_TYPE_WPA_PSK
08-16 16:54:08.984 1455 4691 D LOWI-9.0.0.87.a: [LOWI-Scan] is_qcom_ie, bss_age: 0
08-16 16:54:08.984 1455 4691 D LOWI-9.0.0.87.a: [LOWI-Scan] BSS e0:bb:9e:95:df:88 LOWI_PHY_MODE_11NG_HT20(5), Beacon Interval: 100, LOWI_ENCRYPTION_TYPE_WPA_PSK 11mcRanging: No, ANQP: No, LCI: No, Civic: No, capability(0x0411): ESS Privacy ShortSlotTime
08-16 16:54:08.985 1455 4691 D LOWI-9.0.0.87.a: [LOWI-Scan] BSS e0:bb:9e:95:df:88 FREQ: 2462, cFreq1[40:80:160] = [0:0:0] cFreq2 = 0 Country Code =
08-16 16:54:08.985 1455 4691 D LOWI-9.0.0.87.a: [LOWI-Scan] BSS e0:bb:9e:95:df:88 (wlan0) ASSO: NO AddInfo: 0x0, TSF 0, 00:02:42.005, RSSI: -190, CPL: 127, AGE: 9091, SSID EB95DF88-uE8BkUbT@81AOJL, TSFDelta: 0x1b04152c, TXRate: 0
08-16 16:54:08.985 1455 4691 D LOWI-9.0.0.87.a: [LOWI-Scan]
08-16 16:54:08.985 1455 4691 D LOWI-9.0.0.87.a: [LOWI-Scan] print_bss_handler: Report Probe TSF 170852692 as it greater than Beacon TSF 161945875
08-16 16:54:08.985 1455 4691 D LOWI-9.0.0.87.a: [LOWI-Scan] decode_rsn_wpa_ie: LOWI_ENCRYPTION_TYPE_WPA_PSK
08-16 16:54:08.985 1455 4691 D LOWI-9.0.0.87.a: [LOWI-Scan] is_qcom_ie, bss_age: 0
08-16 16:54:08.986 1455 4691 D LOWI-9.0.0.87.a: [LOWI-Scan] BSS 0c:83:9a:56:43:e0 LOWI_PHY_MODE_11NG_HT20(5), Beacon Interval: 100, LOWI_ENCRYPTION_TYPE_WPA_PSK 11mcRanging: No, ANQP: No, LCI: No, Civic: No, capability(0x1431): ESS Privacy ShortPreamble ShortSlotTime
08-16 16:54:08.986 1455 4691 D LOWI-9.0.0.87.a: [LOWI-Scan] BSS 0c:83:9a:56:43:e0 FREQ: 2462, cFreq1[40:80:160] = [0:0:0] cFreq2 = 0 Country Code = CN
08-16 16:54:08.986 1455 4691 D LOWI-9.0.0.87.a: [LOWI-Scan] BSS 0c:83:9a:56:43:e0 (wlan0) ASSO: NO AddInfo: 0x0, TSF 0, 00:02:50.852, RSSI: -118, CPL: 127, AGE: 236, SSID HUAWEI-004YJ1, TSFDelta: 0x79f16acf, TXRate: 0
08-16 16:54:08.987 1455 4691 D LOWI-9.0.0.87.a: [LOWI-Scan]
08-16 16:54:08.987 1455 4691 D LOWI-9.0.0.87.a: [LOWI-Scan] print_bss_handler: Report Probe TSF 170853103 as it greater than Beacon TSF 161926851
08-16 16:54:08.987 1455 4691 D LOWI-9.0.0.87.a: [LOWI-Scan] decode_rsn_wpa_ie: LOWI_ENCRYPTION_TYPE_WPA_PSK
08-16 16:54:08.987 1455 4691 D LOWI-9.0.0.87.a: [LOWI-Scan] is_qcom_ie, bss_age: 0
08-16 16:54:08.987 1455 4691 D LOWI-9.0.0.87.a: [LOWI-Scan] BSS 94:d0:0d:67:64:78 LOWI_PHY_MODE_11NG_HT20(5), Beacon Interval: 100, LOWI_ENCRYPTION_TYPE_WPA_PSK 11mcRanging: No, ANQP: No, LCI: No, Civic: No, capability(0x1431): ESS Privacy ShortPreamble ShortSlotTime
08-16 16:54:08.987 1455 4691 D LOWI-9.0.0.87.a: [LOWI-Scan] BSS 94:d0:0d:67:64:78 FREQ: 2462, cFreq1[40:80:160] = [0:0:0] cFreq2 = 0 Country Code = CN
08-16 16:54:08.987 1455 4691 D LOWI-9.0.0.87.a: [LOWI-Scan] BSS 94:d0:0d:67:64:78 (wlan0) ASSO: NO AddInfo: 0x0, TSF 0, 00:02:50.853, RSSI: -138, CPL: 127, AGE: 236, SSID Visional, TSFDelta: 0xfe1f5f42, TXRate: 0
08-16 16:54:08.988 1455 4691 D LOWI-9.0.0.87.a: [LOWI-Scan]
08-16 16:54:08.988 1455 4691 D LOWI-9.0.0.87.a: [LOWI-Scan] print_bss_handler: Report Probe TSF 170853493 as it greater than Beacon TSF 161960803
08-16 16:54:08.988 1455 4691 D LOWI-9.0.0.87.a: [LOWI-Scan] decode_rsn_wpa_ie: LOWI_ENCRYPTION_TYPE_WPA_PSK
08-16 16:54:08.988 1455 4691 D LOWI-9.0.0.87.a: [LOWI-Scan] is_qcom_ie, bss_age: 0
08-16 16:54:08.988 1455 4691 D LOWI-9.0.0.87.a: [LOWI-Scan] BSS 2c:61:04:e5:57:3c LOWI_PHY_MODE_11NG_HT20(5), Beacon Interval: 100, LOWI_ENCRYPTION_TYPE_WPA_PSK 11mcRanging: No, ANQP: No, LCI: No, Civic: No, capability(0x0431): ESS Privacy ShortPreamble ShortSlotTime
08-16 16:54:08.988 1455 4691 D LOWI-9.0.0.87.a: [LOWI-Scan] BSS 2c:61:04:e5:57:3c FREQ: 2462, cFreq1[40:80:160] = [0:0:0] cFreq2 = 0 Country Code =
08-16 16:54:08.988 1455 4691 D LOWI-9.0.0.87.a: [LOWI-Scan] BSS 2c:61:04:e5:57:3c (wlan0) ASSO: NO AddInfo: 0x0, TSF 0, 00:02:50.853, RSSI: -152, CPL: 127, AGE: 236, SSID 360WiFi-E5573C, TSFDelta: 0xf47bcdf3, TXRate: 0
08-16 16:54:08.990 1455 4691 D LOWI-9.0.0.87.a: [LOWI-Scan]
08-16 16:54:08.990 1455 4691 D LOWI-9.0.0.87.a: [LOWI-Scan] print_bss_handler: Report Probe TSF 170257334 as it greater than Beacon TSF 161424632
08-16 16:54:08.990 1455 4691 D LOWI-9.0.0.87.a: [LOWI-Scan] decode_rsn_wpa_ie: LOWI_ENCRYPTION_TYPE_WPA_PSK
08-16 16:54:08.990 1455 4691 D LOWI-9.0.0.87.a: [LOWI-Scan] is_qcom_ie, bss_age: 0
08-16 16:54:08.990 1455 4691 D LOWI-9.0.0.87.a: [LOWI-Scan] BSS a8:5a:e0:72:36:48 LOWI_PHY_MODE_11AC_VHT40_2G(12), Beacon Interval: 100, LOWI_ENCRYPTION_TYPE_WPA_PSK 11mcRanging: No, ANQP: No, LCI: No, Civic: No, capability(0x1431): ESS Privacy ShortPreamble ShortSlotTime
08-16 16:54:08.990 1455 4691 D LOWI-9.0.0.87.a: [LOWI-Scan] BSS a8:5a:e0:72:36:48 FREQ: 2437, cFreq1[40:80:160] = [2447:0:0] cFreq2 = 0 Country Code =
08-16 16:54:08.990 1455 4691 D LOWI-9.0.0.87.a: [LOWI-Scan] BSS a8:5a:e0:72:36:48 (wlan0) ASSO: NO AddInfo: 0x0, TSF 0, 00:02:50.257, RSSI: -144, CPL: 127, AGE: 832, SSID anamwifi, TSFDelta: 0x17e1dd2a, TXRate: 0
08-16 16:54:08.991 1455 4691 D LOWI-9.0.0.87.a: [LOWI-Scan]
08-16 16:54:08.991 1455 4691 D LOWI-9.0.0.87.a: [LOWI-Scan] print_bss_handler: Report Probe TSF 170265709 as it greater than Beacon TSF 0
08-16 16:54:08.991 1455 4691 D LOWI-9.0.0.87.a: [LOWI-Scan] decode_rsn_wpa_ie: LOWI_ENCRYPTION_TYPE_WPA_PSK
08-16 16:54:08.991 1455 4691 D LOWI-9.0.0.87.a: [LOWI-Scan] is_qcom_ie, bss_age: 0
08-16 16:54:08.991 1455 4691 D LOWI-9.0.0.87.a: [LOWI-Scan] BSS 98:97:cc:03:15:34 LOWI_PHY_MODE_11AC_VHT40_2G(12), Beacon Interval: 100, LOWI_ENCRYPTION_TYPE_WPA_PSK 11mcRanging: No, ANQP: No, LCI: No, Civic: No, capability(0x1431): ESS Privacy ShortPreamble ShortSlotTime
08-16 16:54:08.991 1455 4691 D LOWI-9.0.0.87.a: [LOWI-Scan] BSS 98:97:cc:03:15:34 FREQ: 2437, cFreq1[40:80:160] = [2427:0:0] cFreq2 = 0 Country Code = CN
08-16 16:54:08.991 1455 4691 D LOWI-9.0.0.87.a: [LOWI-Scan] BSS 98:97:cc:03:15:34 (wlan0) ASSO: NO AddInfo: 0x0, TSF 0, 00:02:50.265, RSSI: -138, CPL: 127, AGE: 824, SSID 200M_2.4G, TSFDelta: 0x5723b736, TXRate: 0
08-16 16:54:08.992 1455 4691 D LOWI-9.0.0.87.a: [LOWI-Scan]
08-16 16:54:08.993 1455 4691 D LOWI-9.0.0.87.a: [LOWI-Scan] print_bss_handler: Report beacon TSF 162171084 as it greater than probe TSF 162171084
08-16 16:54:08.993 1455 4691 D LOWI-9.0.0.87.a: [LOWI-Scan] decode_rsn_wpa_ie: LOWI_ENCRYPTION_TYPE_WPA_PSK
08-16 16:54:08.993 1455 4691 D LOWI-9.0.0.87.a: [LOWI-Scan] is_qcom_ie, bss_age: 0
