01-01 04:41:16.674 0 0 I : register_lock_class+0x4d0/0x5c8
01-01 04:41:16.674 0 0 I : __lock_acquire+0xbc/0x1e58
01-01 04:41:16.674 0 0 I : lock_acquire+0x1cc/0x218
01-01 04:41:16.674 0 0 I : _raw_spin_lock_irqsave+0x54/0x98
01-01 04:41:16.674 0 0 I : ion_system_secure_heap_prefetch_work+0x94/0x2c0
01-01 04:41:16.674 0 0 I : process_one_work+0x38c/0x660
01-01 04:41:16.674 0 0 I : worker_thread+0x268/0x4b8
01-01 04:41:16.674 0 0 I : kthread+0x140/0x150
01-01 04:41:16.674 0 0 I : ret_from_fork+0x10/0x1c
01-01 04:41:16.675 0 0 D cnss : Update TCS CMD data address 0x000000000b2e5844 with voltage 950mV
01-01 04:41:16.675 0 0 D cnss : Device frequency is 24000000 HZ
01-01 04:41:16.675 0 0 D cnss : Target capability: chip_id: 0x0, chip_family: 0xb, board_id: 0xff, soc_id: 0xffffffff, fw_version: 0x101a0521, fw_build_timestamp: 2021-12-20 07:54, fw_build_id: QC_IMAGE_VERSION_STRING=WLAN.HST.1.0.1.r1-01313-QCAHSTSWPL_SILICONZ-1, otp_version: 0x0
01-01 04:41:16.675 0 0 D cnss : Sending BDF download message, state: 0x13, type: 4
01-01 04:41:16.675 0 0 D cnss : FW name added with prefix: qca6390/regdb.bin
01-01 04:41:16.675 0 0 W cnss2 b0000000.qcom,cnss-qca6390: Falling back to syfs fallback for: qca6390/regdb.bin
01-01 04:41:16.679 0 0 I msm_vidc: high: 00000001: mpg2d: Closed video instance: fffffffb18ab8000
01-01 04:41:16.684 0 0 E init : Control message: Could not find 'vendor.qti.hardware.iop@2.0::IIop/default' for ctl.interface_start from pid: 520 (/system/bin/hwservicemanager)
01-01 04:41:16.707 0 0 E : INFO: trying to register non-static key.
08-16 16:52:14.504 1147 1284 W ActivityManager: Slow operation: 1085ms so far, now at startProcess: returned from zygote!
08-16 16:52:14.505 1147 1284 W ActivityManager: Slow operation: 1086ms so far, now at startProcess: done updating battery stats
08-16 16:52:14.505 1147 1284 W ActivityManager: Slow operation: 1086ms so far, now at startProcess: building log message
08-16 16:52:14.505 1147 1284 I ActivityManager: Start proc 2204:org.codeaurora.ims/u0a122 for added application org.codeaurora.ims
08-16 16:52:14.505 1147 1284 W ActivityManager: Slow operation: 1086ms so far, now at startProcess: starting to update pids map
08-16 16:52:14.506 1147 1284 W ActivityManager: Slow operation: 1086ms so far, now at startProcess: done updating pids map
08-16 16:52:14.506 1147 1284 W ActivityManager: Slow operation: 1085ms so far, now at startProcess: asking zygote to start proc
08-16 16:52:14.506 1147 1284 D CompatibilityChangeReporter: Compat change id reported: 143937733; UID 10132; state: DISABLED
08-16 16:52:14.517 1147 1147 W Looper : Slow dispatch took 417ms main h=android.app.ActivityThread$H c=android.app.LoadedApk$ReceiverDispatcher$Args$$ExternalSyntheticLambda0@3aeb561 m=0
08-16 16:52:14.520 1147 1147 D ConditionProviders.SCP: onSubscribe condition://android/schedule?days=1.2.3.4.5.6.7&start=22.0&end=7.0&exitAtAlarm=true
08-16 16:52:14.521 1147 1147 D ConditionProviders.SCP: setRegistered true
08-16 16:52:14.522 1836 1836 D SystemUIBootTiming: StartServicescom.android.systemui.util.NotificationChannels took to complete: 9ms
08-16 16:52:14.524 1147 1223 D UsbDeviceManager: push notification:Charging this device via USB
08-16 16:52:14.530 1147 1147 D ConditionProviders.SCP: evaluateSubscriptionLocked cal=ScheduleCalendar[mDays={1, 2, 3, 4, 5, 6, 7}, mSchedule=ScheduleInfo{days=[1, 2, 3, 4, 5, 6, 7], startHour=22, startMinute=0, endHour=7, endMinute=0, exitAtAlarm=true, nextAlarm=Thu Jan 01 00:00:00 GMT 1970 (0)}], now=Tue Aug 16 16:52:14 GMT 2022 (1660668734521), nextUserAlarmTime=Thu Jan 01 00:00:00 GMT 1970 (0)
08-16 16:52:14.530 1147 1147 D ConditionProviders.SCP: notifyCondition condition://android/schedule?days=1.2.3.4.5.6.7&start=22.0&end=7.0&exitAtAlarm=true STATE_FALSE reason=!meetsSchedule
08-16 16:52:14.532 1147 1147 D ConditionProviders.SCP: Scheduling evaluate for Tue Aug 16 22:00:00 GMT 2022 (1660687200000), in +5h7m45s479ms, now=Tue Aug 16 16:52:14 GMT 2022 (1660668734521)
01-01 04:41:16.712 0 0 E : the code is fine but needs lockdep annotation.
08-16 16:52:14.576 1147 1725 W ActivityThread: Failed to find provider info for com.android.calendar (user not unlocked)
01-01 04:41:16.717 0 0 I : CPU: 0 PID: 337 Comm: kworker/u16:14 Tainted: G S W O 4.19.157+ #1
08-16 16:52:14.581 1147 1725 W ActivityThread: Failed to find provider info for com.android.calendar (user not unlocked)
01-01 04:41:16.717 0 0 I Hardware name: Qualcomm Technologies, Inc. kona MTP-RmPM8150b (DT)
01-01 04:41:16.717 0 0 I Workqueue: events_unbound ion_system_secure_heap_prefetch_work
01-01 04:41:16.717 0 0 I Call trace:
01-01 04:41:16.717 0 0 I : dump_backtrace+0x0/0x258
01-01 04:41:16.717 0 0 I : show_stack+0x20/0x30
01-01 04:41:16.717 0 0 I : dump_stack+0xd8/0x12c
01-01 04:41:16.717 0 0 I : register_lock_class+0x4d0/0x5c8
01-01 04:41:16.717 0 0 I : __lock_acquire+0xbc/0x1e58
01-01 04:41:16.717 0 0 I : lock_acquire+0x1cc/0x218
01-01 04:41:16.717 0 0 I : _raw_spin_lock_irqsave+0x54/0x98
01-01 04:41:16.717 0 0 I : ion_system_secure_heap_prefetch_work+0x94/0x2c0
01-01 04:41:16.717 0 0 I : process_one_work+0x38c/0x660
01-01 04:41:16.717 0 0 I : worker_thread+0x268/0x4b8
01-01 04:41:16.718 0 0 I : kthread+0x140/0x150
01-01 04:41:16.718 0 0 I : ret_from_fork+0x10/0x1c
01-01 04:41:16.726 0 0 I ueventd : firmware: loading 'qca6390/regdb.bin' for '/devices/platform/soc/b0000000.qcom,cnss-qca6390/firmware/qca6390!regdb.bin'
01-01 04:41:16.739 0 0 E ueventd : firmware: could not find firmware for qca6390/regdb.bin
01-01 04:41:16.754 0 0 E ueventd : firmware: attempted /etc/firmware/qca6390/regdb.bin, open failed: No such file or directory
01-01 04:41:16.755 0 0 E : INFO: trying to register non-static key.
01-01 04:41:16.768 0 0 E ueventd : firmware: attempted /odm/firmware/qca6390/regdb.bin, open failed: No such file or directory
01-01 04:41:16.770 0 0 E : the code is fine but needs lockdep annotation.
01-01 04:41:16.770 0 0 I : CPU: 0 PID: 337 Comm: kworker/u16:14 Tainted: G S W O 4.19.157+ #1
01-01 04:41:16.770 0 0 I Hardware name: Qualcomm Technologies, Inc. kona MTP-RmPM8150b (DT)
01-01 04:41:16.770 0 0 I Workqueue: events_unbound ion_system_secure_heap_prefetch_work
01-01 04:41:16.770 0 0 I Call trace:
01-01 04:41:16.770 0 0 I : dump_backtrace+0x0/0x258
01-01 04:41:16.781 0 0 E init : Control message: Could not find 'vendor.qti.hardware.iop@2.0::IIop/default' for ctl.interface_start from pid: 520 (/system/bin/hwservicemanager)
01-01 04:41:16.786 0 0 I : show_stack+0x20/0x30
01-01 04:41:16.786 0 0 I : dump_stack+0xd8/0x12c
01-01 04:41:16.786 0 0 I : register_lock_class+0x4d0/0x5c8
08-16 16:52:14.603 1147 1284 W ActivityManager: Slow operation: 1183ms so far, now at startProcess: returned from zygote!
08-16 16:52:14.603 1147 1284 W ActivityManager: Slow operation: 1183ms so far, now at startProcess: done updating battery stats
08-16 16:52:14.604 1147 1284 W ActivityManager: Slow operation: 1183ms so far, now at startProcess: building log message
08-16 16:52:14.604 1147 1284 I ActivityManager: Start proc 2213:com.qti.qualcomm.mstatssystemservice/u0a132 for added application com.qti.qualcomm.mstatssystemservice
08-16 16:52:14.604 1147 1284 W ActivityManager: Slow operation: 1184ms so far, now at startProcess: starting to update pids map
08-16 16:52:14.604 1147 1284 W ActivityManager: Slow operation: 1184ms so far, now at startProcess: done updating pids map
08-16 16:52:14.604 1147 1284 W ActivityManager: Slow operation: 1183ms so far, now at startProcess: asking zygote to start proc
01-01 04:41:16.786 0 0 I : __lock_acquire+0xbc/0x1e58
01-01 04:41:16.786 0 0 I : lock_acquire+0x1cc/0x218
01-01 04:41:16.786 0 0 I : _raw_spin_lock_irqsave+0x54/0x98
01-01 04:41:16.786 0 0 I : ion_system_secure_heap_prefetch_work+0x94/0x2c0
01-01 04:41:16.786 0 0 I : process_one_work+0x38c/0x660
01-01 04:41:16.801 0 0 I : worker_thread+0x268/0x4b8
01-01 04:41:16.801 0 0 I : kthread+0x140/0x150
01-01 04:41:16.801 0 0 I : ret_from_fork+0x10/0x1c
01-01 04:41:16.801 0 0 E ueventd : firmware: attempted /vendor/firmware/qca6390/regdb.bin, open failed: No such file or directory
01-01 04:41:16.813 0 0 E init : Control message: Could not find 'vendor.qti.hardware.iop@2.0::IIop/default' for ctl.interface_start from pid: 520 (/system/bin/hwservicemanager)
01-01 04:41:16.822 0 0 I msm_vidc: high: 00000001: ....d: Opening video instance: fffffffa9f968000, 1
01-01 04:41:16.825 0 0 E : INFO: trying to register non-static key.
01-01 04:41:16.825 0 0 E : the code is fine but needs lockdep annotation.
01-01 04:41:16.825 0 0 I : CPU: 3 PID: 337 Comm: kworker/u16:14 Tainted: G S W O 4.19.157+ #1
01-01 04:41:16.825 0 0 I Hardware name: Qualcomm Technologies, Inc. kona MTP-RmPM8150b (DT)
01-01 04:41:16.825 0 0 I Workqueue: events_unbound ion_system_secure_heap_prefetch_work
01-01 04:41:16.825 0 0 I Call trace:
01-01 04:41:16.825 0 0 I : dump_backtrace+0x0/0x258
01-01 04:41:16.825 0 0 I : show_stack+0x20/0x30
01-01 04:41:16.825 0 0 I : dump_stack+0xd8/0x12c
01-01 04:41:16.825 0 0 I : register_lock_class+0x4d0/0x5c8
01-01 04:41:16.825 0 0 I : __lock_acquire+0xbc/0x1e58
01-01 04:41:16.825 0 0 I : lock_acquire+0x1cc/0x218
01-01 04:41:16.825 0 0 I : _raw_spin_lock_irqsave+0x54/0x98
01-01 04:41:16.825 0 0 I : ion_system_secure_heap_prefetch_work+0x94/0x2c0
01-01 04:41:16.825 0 0 I : process_one_work+0x38c/0x660
01-01 04:41:16.825 0 0 I : worker_thread+0x268/0x4b8
01-01 04:41:16.825 0 0 I : kthread+0x140/0x150
01-01 04:41:16.825 0 0 I : ret_from_fork+0x10/0x1c
01-01 04:41:16.828 0 0 E ueventd : firmware: attempted /firmware/image/qca6390/regdb.bin, open failed: No such file or directory
01-01 04:41:16.843 0 0 E : INFO: trying to register non-static key.
01-01 04:41:16.852 0 0 E ueventd : firmware: attempted /vendor/firmware_mnt/image/qca6390/regdb.bin, open failed: No such file or directory
01-01 04:41:16.855 0 0 E : the code is fine but needs lockdep annotation.
01-01 04:41:16.855 0 0 I : CPU: 3 PID: 337 Comm: kworker/u16:14 Tainted: G S W O 4.19.157+ #1
01-01 04:41:16.855 0 0 I Hardware name: Qualcomm Technologies, Inc. kona MTP-RmPM8150b (DT)
01-01 04:41:16.855 0 0 I Workqueue: events_unbound ion_system_secure_heap_prefetch_work
01-01 04:41:16.855 0 0 I Call trace:
01-01 04:41:16.855 0 0 I : dump_backtrace+0x0/0x258
01-01 04:41:16.855 0 0 I : show_stack+0x20/0x30
01-01 04:41:16.861 0 0 I binder : 2204:2204 ioctl 40046210 7fc7d797e4 returned -22
01-01 04:41:16.867 0 0 E : INFO: trying to register non-static key.
01-01 04:41:16.868 0 0 I ueventd : loading /devices/platform/soc/b0000000.qcom,cnss-qca6390/firmware/qca6390!regdb.bin took 142ms
01-01 04:41:16.872 0 0 I : dump_stack+0xd8/0x12c
01-01 04:41:16.872 0 0 I : register_lock_class+0x4d0/0x5c8
01-01 04:41:16.877 0 0 E : the code is fine but needs lockdep annotation.
01-01 04:41:16.883 0 0 I : __lock_acquire+0xbc/0x1e58
01-01 04:41:16.883 0 0 I : lock_acquire+0x1cc/0x218
01-01 04:41:16.883 0 0 I : _raw_spin_lock_irqsave+0x54/0x98
01-01 04:41:16.883 0 0 I : ion_system_secure_heap_prefetch_work+0x94/0x2c0
01-01 04:41:16.883 0 0 I : process_one_work+0x38c/0x660
01-01 04:41:16.883 0 0 I : worker_thread+0x268/0x4b8
01-01 04:41:16.883 0 0 I : kthread+0x140/0x150
01-01 04:41:16.883 0 0 I : ret_from_fork+0x10/0x1c
01-01 04:41:16.883 0 0 I : CPU: 0 PID: 2234 Comm: VideoDecMsgThre Tainted: G S W O 4.19.157+ #1
01-01 04:41:16.883 0 0 I Hardware name: Qualcomm Technologies, Inc. kona MTP-RmPM8150b (DT)
01-01 04:41:16.883 0 0 I Call trace:
01-01 04:41:16.883 0 0 I : dump_backtrace+0x0/0x258
01-01 04:41:16.883 0 0 I : show_stack+0x20/0x30
01-01 04:41:16.883 0 0 I : dump_stack+0xd8/0x12c
01-01 04:41:16.883 0 0 I : register_lock_class+0x4d0/0x5c8
01-01 04:41:16.883 0 0 I : __lock_acquire+0xbc/0x1e58
01-01 04:41:16.883 0 0 I : lock_acquire+0x1cc/0x218
01-01 04:41:16.883 0 0 I : _raw_spin_lock_irqsave+0x54/0x98
01-01 04:41:16.883 0 0 I : __ion_system_secure_heap_resize+0x768/0x8c0
01-01 04:41:16.883 0 0 I : ion_system_secure_heap_prefetch+0x28/0x38
01-01 04:41:16.883 0 0 I : ion_walk_heaps+0x88/0xb8
01-01 04:41:16.883 0 0 I : ion_ioctl+0x1b0/0x2a8
01-01 04:41:16.883 0 0 I : __arm64_compat_sys_ioctl+0xf4/0x240
08-16 16:52:14.613 1147 1147 W BluetoothManagerService: bindBluetoothProfileService:Trying to bind to profile: 1, while Bluetooth is disabled
08-16 16:52:14.614 1836 1836 D SystemUIBootTiming: StartServicescom.android.systemui.keyguard.KeyguardViewMediator took to complete: 92ms
01-01 04:41:16.883 0 0 I : el0_svc_common+0xa4/0x190
01-01 04:41:16.883 0 0 I : el0_svc_compat_handler+0x28/0x38
01-01 04:41:16.883 0 0 I : el0_svc_compat+0x8/0x34
01-01 04:41:16.892 0 0 E cnss : Failed to load BDF: qca6390/regdb.bin
01-01 04:41:16.908 0 0 D cnss : Sending BDF download message, state: 0x13, type: 1
01-01 04:41:16.908 0 0 D cnss : FW name added with prefix: qca6390/bdwlan.elf
01-01 04:41:16.908 0 0 E : INFO: trying to register non-static key.
01-01 04:41:16.909 0 0 W cnss2 b0000000.qcom,cnss-qca6390: Falling back to syfs fallback for: qca6390/bdwlan.elf
01-01 04:41:16.913 0 0 E : the code is fine but needs lockdep annotation.
01-01 04:41:16.913 0 0 I : CPU: 3 PID: 337 Comm: kworker/u16:14 Tainted: G S W O 4.19.157+ #1
01-01 04:41:16.913 0 0 I Hardware name: Qualcomm Technologies, Inc. kona MTP-RmPM8150b (DT)
01-01 04:41:16.913 0 0 I Workqueue: events_unbound ion_system_secure_heap_prefetch_work
01-01 04:41:16.913 0 0 I Call trace:
01-01 04:41:16.914 0 0 I : dump_backtrace+0x0/0x258
01-01 04:41:16.914 0 0 I : show_stack+0x20/0x30
01-01 04:41:16.914 0 0 I : dump_stack+0xd8/0x12c
01-01 04:41:16.914 0 0 I : register_lock_class+0x4d0/0x5c8
01-01 04:41:16.914 0 0 I : __lock_acquire+0xbc/0x1e58
01-01 04:41:16.914 0 0 I : lock_acquire+0x1cc/0x218
01-01 04:41:16.914 0 0 I : _raw_spin_lock_irqsave+0x54/0x98
01-01 04:41:16.914 0 0 I : ion_system_secure_heap_prefetch_work+0x94/0x2c0
01-01 04:41:16.914 0 0 I : process_one_work+0x38c/0x660
01-01 04:41:16.914 0 0 I : worker_thread+0x268/0x4b8
01-01 04:41:16.914 0 0 I : kthread+0x140/0x150
01-01 04:41:16.914 0 0 I : ret_from_fork+0x10/0x1c
01-01 04:41:16.924 0 0 I binder : 2213:2213 ioctl 40046210 7fc7d797e4 returned -22
01-01 04:41:16.940 0 0 E : INFO: trying to register non-static key.
01-01 04:41:16.945 0 0 E : the code is fine but needs lockdep annotation.
01-01 04:41:16.948 0 0 E : INFO: trying to register non-static key.
01-01 04:41:16.951 0 0 I : CPU: 3 PID: 337 Comm: kworker/u16:14 Tainted: G S W O 4.19.157+ #1
01-01 04:41:16.956 0 0 E : the code is fine but needs lockdep annotation.
01-01 04:41:16.959 0 0 I ueventd : firmware: loading 'qca6390/bdwlan.elf' for '/devices/platform/soc/b0000000.qcom,cnss-qca6390/firmware/qca6390!bdwlan.elf'
01-01 04:41:16.962 0 0 I Hardware name: Qualcomm Technologies, Inc. kona MTP-RmPM8150b (DT)
01-01 04:41:16.962 0 0 I Workqueue: events_unbound ion_system_secure_heap_prefetch_work
01-01 04:41:16.962 0 0 I Call trace:
01-01 04:41:16.962 0 0 I : dump_backtrace+0x0/0x258
01-01 04:41:16.962 0 0 I : show_stack+0x20/0x30
01-01 04:41:16.962 0 0 I : dump_stack+0xd8/0x12c
01-01 04:41:16.962 0 0 I : register_lock_class+0x4d0/0x5c8
01-01 04:41:16.962 0 0 I : __lock_acquire+0xbc/0x1e58
01-01 04:41:16.962 0 0 I : lock_acquire+0x1cc/0x218
01-01 04:41:16.962 0 0 I : _raw_spin_lock_irqsave+0x54/0x98
01-01 04:41:16.962 0 0 I : ion_system_secure_heap_prefetch_work+0x94/0x2c0
01-01 04:41:16.962 0 0 I : process_one_work+0x38c/0x660
01-01 04:41:16.962 0 0 I : worker_thread+0x268/0x4b8
01-01 04:41:16.962 0 0 I : kthread+0x140/0x150
01-01 04:41:16.962 0 0 I : ret_from_fork+0x10/0x1c
01-01 04:41:16.962 0 0 I : CPU: 6 PID: 1366 Comm: HwBinder:1329_1 Tainted: G S W O 4.19.157+ #1
01-01 04:41:16.962 0 0 I Hardware name: Qualcomm Technologies, Inc. kona MTP-RmPM8150b (DT)
01-01 04:41:16.962 0 0 I Call trace:
01-01 04:41:16.962 0 0 I : dump_backtrace+0x0/0x258
01-01 04:41:16.962 0 0 I : show_stack+0x20/0x30
01-01 04:41:16.962 0 0 I : dump_stack+0xd8/0x12c
01-01 04:41:16.962 0 0 I : register_lock_class+0x4d0/0x5c8
01-01 04:41:16.962 0 0 I : __lock_acquire+0xbc/0x1e58
01-01 04:41:16.962 0 0 I : lock_acquire+0x1cc/0x218
01-01 04:41:16.962 0 0 I : _raw_spin_lock_irqsave+0x54/0x98
01-01 04:41:16.962 0 0 I : __ion_system_secure_heap_resize+0x768/0x8c0
01-01 04:41:16.962 0 0 I : ion_system_secure_heap_drain+0x28/0x38
01-01 04:41:16.962 0 0 I : ion_walk_heaps+0x88/0xb8
01-01 04:41:16.962 0 0 I : ion_ioctl+0x1b0/0x2a8
01-01 04:41:16.962 0 0 I : __arm64_compat_sys_ioctl+0xf4/0x240
01-01 04:41:16.962 0 0 I : el0_svc_common+0xa4/0x190
01-01 04:41:16.962 0 0 I : el0_svc_compat_handler+0x28/0x38
01-01 04:41:16.962 0 0 I : el0_svc_compat+0x8/0x34
01-01 04:41:16.980 0 0 I binder : 2246:2246 ioctl 40046210 7fc7d797e4 returned -22
01-01 04:41:16.981 0 0 I ueventd : loading /devices/platform/soc/b0000000.qcom,cnss-qca6390/firmware/qca6390!bdwlan.elf took 22ms
01-01 04:41:16.981 0 0 D cnss : Downloading BDF: qca6390/bdwlan.elf, size: 57908
01-01 04:41:16.983 0 0 E : INFO: trying to register non-static key.
01-01 04:41:16.988 0 0 I msm_vidc: high: 00000001: mpg2d: Closed video instance: fffffffa9f968000
01-01 04:41:16.988 0 0 E : the code is fine but needs lockdep annotation.
01-01 04:41:16.988 0 0 I : CPU: 3 PID: 337 Comm: kworker/u16:14 Tainted: G S W O 4.19.157+ #1
01-01 04:41:16.988 0 0 I Hardware name: Qualcomm Technologies, Inc. kona MTP-RmPM8150b (DT)
01-01 04:41:16.988 0 0 I Workqueue: events_unbound ion_system_secure_heap_prefetch_work
01-01 04:41:16.988 0 0 I Call trace:
01-01 04:41:16.988 0 0 I : dump_backtrace+0x0/0x258
01-01 04:41:16.988 0 0 I : show_stack+0x20/0x30
01-01 04:41:16.988 0 0 I : dump_stack+0xd8/0x12c
01-01 04:41:16.988 0 0 I : register_lock_class+0x4d0/0x5c8
01-01 04:41:16.988 0 0 I : __lock_acquire+0xbc/0x1e58
01-01 04:41:16.988 0 0 I : lock_acquire+0x1cc/0x218
01-01 04:41:16.988 0 0 I : _raw_spin_lock_irqsave+0x54/0x98
01-01 04:41:16.988 0 0 I : ion_system_secure_heap_prefetch_work+0x94/0x2c0
01-01 04:41:16.988 0 0 I : process_one_work+0x38c/0x660
01-01 04:41:16.988 0 0 I : worker_thread+0x268/0x4b8
01-01 04:41:16.988 0 0 I : kthread+0x140/0x150
01-01 04:41:16.988 0 0 I : ret_from_fork+0x10/0x1c
01-01 04:41:17.007 0 0 E : INFO: trying to register non-static key.
01-01 04:41:17.012 0 0 E : the code is fine but needs lockdep annotation.
01-01 04:41:17.018 0 0 I : CPU: 3 PID: 337 Comm: kworker/u16:14 Tainted: G S W O 4.19.157+ #1
01-01 04:41:17.018 0 0 I Hardware name: Qualcomm Technologies, Inc. kona MTP-RmPM8150b (DT)
01-01 04:41:17.018 0 0 I Workqueue: events_unbound ion_system_secure_heap_prefetch_work
01-01 04:41:17.018 0 0 I Call trace:
01-01 04:41:17.018 0 0 I : dump_backtrace+0x0/0x258
01-01 04:41:17.018 0 0 I : show_stack+0x20/0x30
01-01 04:41:17.018 0 0 I : dump_stack+0xd8/0x12c
01-01 04:41:17.018 0 0 I : register_lock_class+0x4d0/0x5c8
01-01 04:41:17.018 0 0 I : __lock_acquire+0xbc/0x1e58
01-01 04:41:17.018 0 0 I : lock_acquire+0x1cc/0x218
01-01 04:41:17.018 0 0 I : _raw_spin_lock_irqsave+0x54/0x98
01-01 04:41:17.018 0 0 I : ion_system_secure_heap_prefetch_work+0x94/0x2c0
01-01 04:41:17.018 0 0 I : process_one_work+0x38c/0x660
01-01 04:41:17.018 0 0 I : worker_thread+0x268/0x4b8
01-01 04:41:17.018 0 0 I : kthread+0x140/0x150
01-01 04:41:17.018 0 0 I : ret_from_fork+0x10/0x1c
01-01 04:41:17.040 0 0 E : INFO: trying to register non-static key.
01-01 04:41:17.045 0 0 E : the code is fine but needs lockdep annotation.
01-01 04:41:17.050 0 0 I : CPU: 3 PID: 337 Comm: kworker/u16:14 Tainted: G S W O 4.19.157+ #1
01-01 04:41:17.050 0 0 I Hardware name: Qualcomm Technologies, Inc. kona MTP-RmPM8150b (DT)
01-01 04:41:17.050 0 0 I Workqueue: events_unbound ion_system_secure_heap_prefetch_work
01-01 04:41:17.050 0 0 I Call trace:
01-01 04:41:17.050 0 0 I : dump_backtrace+0x0/0x258
01-01 04:41:17.050 0 0 I : show_stack+0x20/0x30
01-01 04:41:17.050 0 0 I : dump_stack+0xd8/0x12c
01-01 04:41:17.050 0 0 I : register_lock_class+0x4d0/0x5c8
01-01 04:41:17.050 0 0 I : __lock_acquire+0xbc/0x1e58
01-01 04:41:17.050 0 0 I : lock_acquire+0x1cc/0x218
01-01 04:41:17.050 0 0 I : _raw_spin_lock_irqsave+0x54/0x98
01-01 04:41:17.050 0 0 I : ion_system_secure_heap_prefetch_work+0x94/0x2c0
01-01 04:41:17.050 0 0 I : process_one_work+0x38c/0x660
01-01 04:41:17.050 0 0 I : worker_thread+0x268/0x4b8
01-01 04:41:17.050 0 0 I : kthread+0x140/0x150
01-01 04:41:17.050 0 0 I : ret_from_fork+0x10/0x1c
01-01 04:41:17.058 0 0 D cnss : Sending M3 information message, state: 0x13
01-01 04:41:17.058 0 0 D cnss : M3 memory, va: 0xffffff8022f10000, pa: 0x00000000a1800000, size: 0x411bc
01-01 04:41:17.068 0 0 D cnss : Received QMI WLFW FW initialization done indication
01-01 04:41:17.068 0 0 D cnss : Posting event: FW_READY(4), state: 0x13 flags: 0x0
01-01 04:41:17.068 0 0 D cnss : Processing driver event: FW_READY(4), state: 0x13
01-01 04:41:17.068 0 0 D cnss : PCIE Gen speed not setup
01-01 04:41:17.071 0 0 E : INFO: trying to register non-static key.
01-01 04:41:17.076 0 0 E : the code is fine but needs lockdep annotation.
01-01 04:41:17.082 0 0 I : CPU: 3 PID: 337 Comm: kworker/u16:14 Tainted: G S W O 4.19.157+ #1
01-01 04:41:17.082 0 0 I Hardware name: Qualcomm Technologies, Inc. kona MTP-RmPM8150b (DT)
01-01 04:41:17.082 0 0 I Workqueue: events_unbound ion_system_secure_heap_prefetch_work
01-01 04:41:17.082 0 0 I Call trace:
01-01 04:41:17.082 0 0 I : dump_backtrace+0x0/0x258
01-01 04:41:17.082 0 0 I : show_stack+0x20/0x30
01-01 04:41:17.082 0 0 I : dump_stack+0xd8/0x12c
01-01 04:41:17.082 0 0 I : register_lock_class+0x4d0/0x5c8
01-01 04:41:17.082 0 0 I : __lock_acquire+0xbc/0x1e58
01-01 04:41:17.082 0 0 I : lock_acquire+0x1cc/0x218
01-01 04:41:17.082 0 0 I : _raw_spin_lock_irqsave+0x54/0x98
01-01 04:41:17.082 0 0 I : ion_system_secure_heap_prefetch_work+0x94/0x2c0
01-01 04:41:17.082 0 0 I : process_one_work+0x38c/0x660
01-01 04:41:17.082 0 0 I : worker_thread+0x268/0x4b8
01-01 04:41:17.082 0 0 I : kthread+0x140/0x150
01-01 04:41:17.082 0 0 I : ret_from_fork+0x10/0x1c
01-01 04:41:17.084 0 0 E init : Control message: Could not find 'vendor.qti.hardware.iop@2.0::IIop/default' for ctl.interface_start from pid: 520 (/system/bin/hwservicemanager)
08-16 16:52:14.621 1147 1147 I Telecom : SystemStateHelper: Registering broadcast receiver: android.content.IntentFilter@3cdf365: TS.init@AAA
08-16 16:52:14.621 1147 1147 I Telecom : SystemStateHelper: Registering broadcast receiver: android.content.IntentFilter@3f7983a: TS.init@AAA
08-16 16:52:14.621 1147 2216 I Telecom : BluetoothRouteManager: getBluetoothAudioConnectedDevice: no service available.
01-01 04:41:17.087 0 0 E bt_ioctl: BT_CMD_PWR_CTRL pwr_cntrl:0
08-16 16:52:14.626 1147 1179 D CompatibilityChangeReporter: Compat change id reported: 135634846; UID 10118; state: DISABLED
08-16 16:52:14.626 1147 1179 D CompatibilityChangeReporter: Compat change id reported: 177438394; UID 10118; state: DISABLED
08-16 16:52:14.627 1147 1179 D CompatibilityChangeReporter: Compat change id reported: 135772972; UID 10118; state: DISABLED
08-16 16:52:14.627 1147 1179 D CompatibilityChangeReporter: Compat change id reported: 135754954; UID 10118; state: ENABLED
08-16 16:52:14.629 1836 1836 D SystemUIBootTiming: StartServicescom.android.systemui.recents.Recents took to complete: 14ms
08-16 16:52:14.637 1147 2217 I Telecom : Logging.Events: Non-call EVENT: AUDIO_ROUTE, Entering state QuiescentEarpieceRoute
08-16 16:52:14.637 1147 2217 I Telecom : BluetoothRouteManager: getBluetoothAudioConnectedDevice: no service available.
08-16 16:52:14.654 1147 2226 I Telecom : CallAudioModeStateMachine: Message received: null.: TS.init->CAMSM.pM_1@AAA
08-16 16:52:14.662 1147 1147 I Telecom : MissedCallNotifierImpl: reloadFromDatabase: Boot not yet complete -- call log db may not be available. Deferring loading until boot complete for user 0: TS.init@AAA
08-16 16:52:14.666 1147 1147 I Telecom : MissedCallNotifierImpl: reloadFromDatabase: Boot not yet complete -- call log db may not be available. Deferring loading until boot complete for user 0: TS.init@AAA
08-16 16:52:14.668 1147 1147 I Telecom : Class: TelecomSystem.INSTANCE being set
08-16 16:52:14.670 1147 1147 W Looper : Slow dispatch took 129ms main h=android.app.ActivityThread$H c=android.app.LoadedApk$ServiceDispatcher$RunConnection@da612b2 m=0
08-16 16:52:14.672 1147 1147 D BluetoothManagerService: Bluetooth Adapter name changed to QCOM-BTD by android
08-16 16:52:14.672 1147 1147 D BluetoothManagerService: Stored Bluetooth name: QCOM-BTD
08-16 16:52:14.673 1147 1147 D AutofillManagerService: Restriction did not change for user 0
08-16 16:52:14.681 1147 1147 D BluetoothManagerService: BluetoothServiceConnection: com.android.bluetooth.btservice.AdapterService
08-16 16:52:14.682 1147 1147 I ConnectivityModuleConnector: Networking module service connected
08-16 16:52:14.685 1147 1284 W ActivityManager: Slow operation: 1264ms so far, now at startProcess: returned from zygote!
08-16 16:52:14.686 1147 1284 W ActivityManager: Slow operation: 1265ms so far, now at startProcess: done updating battery stats
08-16 16:52:14.686 1147 1284 W ActivityManager: Slow operation: 1265ms so far, now at startProcess: building log message
08-16 16:52:14.686 1147 1284 I ActivityManager: Start proc 2246:com.android.se/1068 for added application com.android.se
08-16 16:52:14.686 1147 1284 W ActivityManager: Slow operation: 1265ms so far, now at startProcess: starting to update pids map
08-16 16:52:14.686 1147 1284 W ActivityManager: Slow operation: 1265ms so far, now at startProcess: done updating pids map
08-16 16:52:14.686 1147 1284 W ActivityManager: Slow operation: 1265ms so far, now at startProcess: asking zygote to start proc
08-16 16:52:14.691 1147 1225 D BluetoothManagerService: MESSAGE_BLUETOOTH_SERVICE_CONNECTED: 1
08-16 16:52:14.718 1147 1178 D CompatibilityChangeReporter: Compat change id reported: 168419799; UID 10122; state: DISABLED
08-16 16:52:14.719 1147 1225 D BluetoothManagerService: MESSAGE_INFORM_ADAPTER_SERVICE_UP
08-16 16:52:14.719 1147 1225 D BluetoothManagerService: Broadcasting onBluetoothServiceUp() to 3 receivers.
08-16 16:52:14.723 1147 1225 D BluetoothManagerService: MESSAGE_BLUETOOTH_STATE_CHANGE: OFF > BLE_TURNING_ON
08-16 16:52:14.723 1147 1225 D BluetoothManagerService: Sending BLE State Change: OFF > BLE_TURNING_ON
08-16 16:52:14.730 1147 1147 I Telecom : WiredHeadsetManager: ACTION_HEADSET_PLUG event, plugged in: false, : WHC.oADA@AAI
08-16 16:52:14.732 1147 1147 D CompanionDeviceManagerService: Received BT state transition broadcast: OFF -> BLE_TURNING_ON
08-16 16:52:14.732 1147 1147 W Looper : Drained
08-16 16:52:14.734 1147 1147 W NotificationHistory: Attempted to add notif for locked/gone/disabled user 0
08-16 16:52:14.754 1147 1179 D CompatibilityChangeReporter: Compat change id reported: 182478738; UID 1073; state: DISABLED
08-16 16:52:14.760 1147 1808 D CompatibilityChangeReporter: Compat change id reported: 168419799; UID 1002; state: DISABLED
08-16 16:52:14.772 1147 1808 D CompatibilityChangeReporter: Compat change id reported: 168419799; UID 10132; state: DISABLED
08-16 16:52:14.799 1147 1147 I ConnectivityModuleConnector: Networking module service connected
08-16 16:52:14.828 1147 1178 D CompatibilityChangeReporter: Compat change id reported: 168419799; UID 1068; state: DISABLED
08-16 16:52:14.865 1836 1836 D SystemUIBootTiming: StartServicescom.android.systemui.volume.VolumeUI took to complete: 237ms
08-16 16:52:14.872 1147 1808 I ActivityManager: Process WebViewLoader-arm64-v8a (pid 1929) has died: psvc PER
08-16 16:52:14.874 1147 1284 W ActivityManager: Slow operation: 1453ms so far, now at startProcess: returned from zygote!
08-16 16:52:14.891 1147 1284 W ActivityManager: Slow operation: 1469ms so far, now at startProcess: done updating battery stats
08-16 16:52:14.891 1147 1284 W ActivityManager: Slow operation: 1470ms so far, now at startProcess: building log message
08-16 16:52:14.891 1147 1284 I ActivityManager: Start proc 2288:com.thundercomm.remotecontrolservice/1000 for added application com.thundercomm.remotecontrolservice
08-16 16:52:14.891 1147 1284 W ActivityManager: Slow operation: 1470ms so far, now at startProcess: starting to update pids map
08-16 16:52:14.893 1147 1284 W ActivityManager: Slow operation: 1472ms so far, now at startProcess: done updating pids map
08-16 16:52:14.893 1147 1284 W ActivityManager: Slow operation: 1471ms so far, now at startProcess: asking zygote to start proc
08-16 16:52:14.894 1147 1284 D CompatibilityChangeReporter: Compat change id reported: 143937733; UID 10085; state: ENABLED
01-01 04:41:17.100 0 0 E : INFO: trying to register non-static key.
01-01 04:41:17.108 0 0 E bt_ioctl: BT state already:0 no change done
01-01 04:41:17.109 0 0 E : the code is fine but needs lockdep annotation.
01-01 04:41:17.109 0 0 I : CPU: 3 PID: 337 Comm: kworker/u16:14 Tainted: G S W O 4.19.157+ #1
01-01 04:41:17.117 0 0 E bt_ioctl: BT_CMD_PWR_CTRL pwr_cntrl:1
01-01 04:41:17.122 0 0 I Hardware name: Qualcomm Technologies, Inc. kona MTP-RmPM8150b (DT)
01-01 04:41:17.122 0 0 I Workqueue: events_unbound ion_system_secure_heap_prefetch_work
01-01 04:41:17.122 0 0 I Call trace:
01-01 04:41:17.122 0 0 I : dump_backtrace+0x0/0x258
01-01 04:41:17.122 0 0 I : show_stack+0x20/0x30
01-01 04:41:17.122 0 0 I : dump_stack+0xd8/0x12c
01-01 04:41:17.122 0 0 I : register_lock_class+0x4d0/0x5c8
01-01 04:41:17.122 0 0 I : __lock_acquire+0xbc/0x1e58
01-01 04:41:17.122 0 0 I : lock_acquire+0x1cc/0x218
01-01 04:41:17.122 0 0 I : _raw_spin_lock_irqsave+0x54/0x98
01-01 04:41:17.122 0 0 I : ion_system_secure_heap_prefetch_work+0x94/0x2c0
01-01 04:41:17.122 0 0 I : process_one_work+0x38c/0x660
01-01 04:41:17.122 0 0 I : worker_thread+0x268/0x4b8
01-01 04:41:17.122 0 0 I : kthread+0x140/0x150
01-01 04:41:17.122 0 0 I : ret_from_fork+0x10/0x1c
01-01 04:41:17.138 0 0 I bt_power vendor: bt_qca6390: Linked as a consumer to regulator.9
01-01 04:41:17.138 0 0 E bt_vreg_enable: vreg_en successful for : qca,bt-vdd-aon
01-01 04:41:17.146 0 0 I bt_power vendor: bt_qca6390: Linked as a consumer to regulator.51
01-01 04:41:17.146 0 0 E bt_vreg_enable: vreg_en successful for : qca,bt-vdd-dig
01-01 04:41:17.154 0 0 I bt_power vendor: bt_qca6390: Linked as a consumer to regulator.8
01-01 04:41:17.154 0 0 E bt_vreg_enable: vreg_en successful for : qca,bt-vdd-rfa1
01-01 04:41:17.161 0 0 I bt_power vendor: bt_qca6390: Linked as a consumer to regulator.36
01-01 04:41:17.161 0 0 E bt_vreg_enable: vreg_en successful for : qca,bt-vdd-rfa2
01-01 04:41:17.168 0 0 I bt_power vendor: bt_qca6390: Linked as a consumer to regulator.27
01-01 04:41:17.172 0 0 E bt_vreg_enable: vreg_en successful for : qca,bt-vdd-asd
01-01 04:41:17.195 0 0 I binder : 2288:2288 ioctl 40046210 7fc7d797e4 returned -22
01-01 04:41:17.203 0 0 I msm_vidc: high: 00000001: ....d: Opening video instance: fffffffb17aa4000, 1
08-16 16:52:14.985 1147 1284 W ActivityManager: Slow operation: 1563ms so far, now at startProcess: returned from zygote!
08-16 16:52:14.985 1147 1284 W ActivityManager: Slow operation: 1563ms so far, now at startProcess: done updating battery stats
08-16 16:52:14.986 1147 1284 W ActivityManager: Slow operation: 1563ms so far, now at startProcess: building log message
08-16 16:52:14.986 1147 1284 I ActivityManager: Start proc 2317:com.qualcomm.qti.devicestatisticsservice/u0a85 for added application com.qualcomm.qti.devicestatisticsservice
08-16 16:52:14.986 1147 1284 W ActivityManager: Slow operation: 1563ms so far, now at startProcess: starting to update pids map
08-16 16:52:14.986 1147 1284 W ActivityManager: Slow operation: 1564ms so far, now at startProcess: done updating pids map
08-16 16:52:14.986 1147 1284 W ActivityManager: Slow operation: 1563ms so far, now at startProcess: asking zygote to start proc
08-16 16:52:15.003 1147 1225 I DropBoxManagerService: add tag=system_app_strictmode isTagEnabled=true flags=0x2
08-16 16:52:15.005 1147 1225 I DropBoxManagerService: add tag=system_app_strictmode isTagEnabled=true flags=0x2
08-16 16:52:15.016 1147 1225 I DropBoxManagerService: add tag=system_app_strictmode isTagEnabled=true flags=0x2
01-01 04:41:17.214 0 0 I binder : 2246:2246 ioctl 40046210 7fc7d78794 returned -22
08-16 16:52:15.030 1147 1225 I DropBoxManagerService: add tag=system_app_strictmode isTagEnabled=true flags=0x2
08-16 16:52:15.032 1147 1690 D CompatibilityChangeReporter: Compat change id reported: 168419799; UID 1000; state: DISABLED
01-01 04:41:17.230 0 0 I msm_vidc: high: 00000001: vp8d: Closed video instance: fffffffb17aa4000
01-01 04:41:17.234 0 0 I bt_configure_gpios: BTON:Turn Bt Off bt-reset-gpio(1121) value(0)
01-01 04:41:17.234 0 0 I bt_configure_gpios: BTON:Turn Bt Off
01-01 04:41:17.234 0 0 I bt_configure_gpios: bt-sw-ctrl-gpio(1224) value(1)
01-01 04:41:17.234 0 0 I bt_enable_bt_reset_gpios_safely: bt_enable_bt_reset_gpios_safely: BTON:Turn Bt On
01-01 04:41:17.234 0 0 I bt_enable_bt_reset_gpios_safely: bt_enable_bt_reset_gpios_safely: wl-reset-gpio(1120) value(1)
01-01 04:41:17.234 0 0 I bt_enable_bt_reset_gpios_safely: bt_enable_bt_reset_gpios_safely: BTON: Asserting BT_EN
08-16 16:52:15.093 1147 1284 W ActivityManager: Slow operation: 1670ms so far, now at startProcess: returned from zygote!
08-16 16:52:15.093 1147 1284 W ActivityManager: Slow operation: 1670ms so far, now at startProcess: done updating battery stats
08-16 16:52:15.093 1147 1284 I Watchdog: Interesting Java process com.android.phone started. Pid 2335
08-16 16:52:15.093 1147 1284 W ActivityManager: Slow operation: 1670ms so far, now at startProcess: building log message
08-16 16:52:15.093 1147 1284 I ActivityManager: Start proc 2335:com.android.phone/1001 for added application com.android.phone
08-16 16:52:15.094 1147 1284 W ActivityManager: Slow operation: 1670ms so far, now at startProcess: starting to update pids map
01-01 04:41:17.292 0 0 I bt_configure_gpios: BTON:Turn Bt On bt-reset-gpio(1121) value(1)
01-01 04:41:17.292 0 0 I bt_configure_gpios: BTON:Turn Bt On
01-01 04:41:17.292 0 0 I bt_configure_gpios: bt-sw-ctrl-gpio(1224) value(1)
01-01 04:41:17.292 0 0 I bt_configure_gpios: bt_gpio= 1121 on: 1 is successful
08-16 16:52:15.094 1147 1284 W ActivityManager: Slow operation: 1671ms so far, now at startProcess: done updating pids map
08-16 16:52:15.094 1147 1284 W ActivityManager: Slow operation: 1670ms so far, now at startProcess: asking zygote to start proc
01-01 04:41:17.297 0 0 I binder : 2317:2317 ioctl 40046210 7fc7d797e4 returned -22
08-16 16:52:15.122 1147 1772 D CompatibilityChangeReporter: Compat change id reported: 168419799; UID 10085; state: DISABLED
01-01 04:41:17.348 0 0 E bt_ioctl: unified Current SOC Version : 400a0200
08-16 16:52:15.172 1147 1284 W ActivityManager: Slow operation: 1747ms so far, now at startProcess: returned from zygote!
08-16 16:52:15.173 1147 1284 W ActivityManager: Slow operation: 1748ms so far, now at startProcess: done updating battery stats
08-16 16:52:15.173 1147 1284 W ActivityManager: Slow operation: 1749ms so far, now at startProcess: building log message
08-16 16:52:15.173 1147 1284 I ActivityManager: Start proc 2350:com.qualcomm.qti.qdma/1000 for added application com.qualcomm.qti.qdma
08-16 16:52:15.173 1147 1284 W ActivityManager: Slow operation: 1749ms so far, now at startProcess: starting to update pids map
08-16 16:52:15.177 1147 1284 W ActivityManager: Slow operation: 1753ms so far, now at startProcess: done updating pids map
08-16 16:52:15.178 1147 1284 W ActivityManager: Slow operation: 1604ms so far, now at startProcess: asking zygote to start proc
08-16 16:52:15.193 1147 1772 I StatusBarManagerService: registerStatusBar bar=com.android.internal.statusbar.IStatusBar$Stub$Proxy@29bc0
01-01 04:41:17.376 0 0 E : INFO: trying to register non-static key.
01-01 04:41:17.381 0 0 E : the code is fine but needs lockdep annotation.
01-01 04:41:17.387 0 0 I : CPU: 3 PID: 337 Comm: kworker/u16:14 Tainted: G S W O 4.19.157+ #1
01-01 04:41:17.387 0 0 I Hardware name: Qualcomm Technologies, Inc. kona MTP-RmPM8150b (DT)
01-01 04:41:17.387 0 0 I Workqueue: events_unbound ion_system_secure_heap_prefetch_work
01-01 04:41:17.387 0 0 I Call trace:
01-01 04:41:17.387 0 0 I : dump_backtrace+0x0/0x258
01-01 04:41:17.387 0 0 I : show_stack+0x20/0x30
01-01 04:41:17.387 0 0 I : dump_stack+0xd8/0x12c
01-01 04:41:17.387 0 0 I : register_lock_class+0x4d0/0x5c8
01-01 04:41:17.387 0 0 I : __lock_acquire+0xbc/0x1e58
01-01 04:41:17.387 0 0 I : lock_acquire+0x1cc/0x218
01-01 04:41:17.387 0 0 I : _raw_spin_lock_irqsave+0x54/0x98
01-01 04:41:17.387 0 0 I : ion_system_secure_heap_prefetch_work+0x94/0x2c0
01-01 04:41:17.387 0 0 I : process_one_work+0x38c/0x660
01-01 04:41:17.387 0 0 I : worker_thread+0x268/0x4b8
01-01 04:41:17.387 0 0 I : kthread+0x140/0x150
01-01 04:41:17.387 0 0 I : ret_from_fork+0x10/0x1c
08-16 16:52:15.197 1147 1281 I DropBoxManagerService: add tag=system_server_wtf isTagEnabled=true flags=0x2
01-01 04:41:17.388 0 0 I msm_vidc: high: 00000001: ....d: Opening video instance: fffffffa81b3c000, 1
01-01 04:41:17.390 0 0 E : INFO: trying to register non-static key.
01-01 04:41:17.395 0 0 E : the code is fine but needs lockdep annotation.
01-01 04:41:17.401 0 0 I : CPU: 3 PID: 337 Comm: kworker/u16:14 Tainted: G S W O 4.19.157+ #1
01-01 04:41:17.401 0 0 I Hardware name: Qualcomm Technologies, Inc. kona MTP-RmPM8150b (DT)
01-01 04:41:17.401 0 0 I Workqueue: events_unbound ion_system_secure_heap_prefetch_work
01-01 04:41:17.401 0 0 I Call trace:
01-01 04:41:17.401 0 0 I : dump_backtrace+0x0/0x258
01-01 04:41:17.401 0 0 I : show_stack+0x20/0x30
01-01 04:41:17.401 0 0 I : dump_stack+0xd8/0x12c
01-01 04:41:17.401 0 0 I : register_lock_class+0x4d0/0x5c8
01-01 04:41:17.401 0 0 I : __lock_acquire+0xbc/0x1e58
01-01 04:41:17.401 0 0 I : lock_acquire+0x1cc/0x218
01-01 04:41:17.401 0 0 I : _raw_spin_lock_irqsave+0x54/0x98
01-01 04:41:17.401 0 0 I : ion_system_secure_heap_prefetch_work+0x94/0x2c0
01-01 04:41:17.401 0 0 I : process_one_work+0x38c/0x660
01-01 04:41:17.401 0 0 I : worker_thread+0x268/0x4b8
01-01 04:41:17.401 0 0 I : kthread+0x140/0x150
01-01 04:41:17.401 0 0 I : ret_from_fork+0x10/0x1c
01-01 04:41:17.404 0 0 E : INFO: trying to register non-static key.
01-01 04:41:17.405 0 0 I binder : 2335:2335 ioctl 40046210 7fc7d797e4 returned -22
01-01 04:41:17.408 0 0 W : (NULL device *): Falling back to syfs fallback for: wlan/qca_cld/qca6390/WCNSS_qcom_cfg.ini
01-01 04:41:17.409 0 0 E : the code is fine but needs lockdep annotation.
01-01 04:41:17.409 0 0 I : CPU: 3 PID: 337 Comm: kworker/u16:14 Tainted: G S W O 4.19.157+ #1
01-01 04:41:17.409 0 0 I Hardware name: Qualcomm Technologies, Inc. kona MTP-RmPM8150b (DT)
01-01 04:41:17.409 0 0 I Workqueue: events_unbound ion_system_secure_heap_prefetch_work
01-01 04:41:17.409 0 0 I Call trace:
01-01 04:41:17.409 0 0 I : dump_backtrace+0x0/0x258
01-01 04:41:17.409 0 0 I : show_stack+0x20/0x30
01-01 04:41:17.414 0 0 I : dump_stack+0xd8/0x12c
01-01 04:41:17.414 0 0 I : register_lock_class+0x4d0/0x5c8
01-01 04:41:17.414 0 0 I : __lock_acquire+0xbc/0x1e58
01-01 04:41:17.414 0 0 I : lock_acquire+0x1cc/0x218
01-01 04:41:17.414 0 0 I : _raw_spin_lock_irqsave+0x54/0x98
01-01 04:41:17.414 0 0 I : ion_system_secure_heap_prefetch_work+0x94/0x2c0
01-01 04:41:17.414 0 0 I : process_one_work+0x38c/0x660
01-01 04:41:17.414 0 0 I : worker_thread+0x268/0x4b8
01-01 04:41:17.415 0 0 I : kthread+0x140/0x150
01-01 04:41:17.415 0 0 I : ret_from_fork+0x10/0x1c
01-01 04:41:17.415 0 0 I msm_vidc: high: 00000001: vp9d: Closed video instance: fffffffa81b3c000
01-01 04:41:17.417 0 0 E : INFO: trying to register non-static key.
01-01 04:41:17.422 0 0 E : the code is fine but needs lockdep annotation.
01-01 04:41:17.428 0 0 I : CPU: 3 PID: 337 Comm: kworker/u16:14 Tainted: G S W O 4.19.157+ #1
08-16 16:52:15.251 1147 1284 W ActivityManager: Slow operation: 1677ms so far, now at startProcess: returned from zygote!
08-16 16:52:15.258 1147 1284 W ActivityManager: Slow operation: 1684ms so far, now at startProcess: done updating battery stats
08-16 16:52:15.258 1147 1284 W ActivityManager: Slow operation: 1684ms so far, now at startProcess: building log message
08-16 16:52:15.258 1147 1284 I ActivityManager: Start proc 2381:com.android.settings/1000 for top-activity {com.android.settings/com.android.settings.FallbackHome}
08-16 16:52:15.258 1147 1284 W ActivityManager: Slow operation: 1684ms so far, now at startProcess: starting to update pids map
08-16 16:52:15.258 1147 1284 W ActivityManager: Slow operation: 1684ms so far, now at startProcess: done updating pids map
08-16 16:52:15.259 1147 1284 W ActivityManager: Slow operation: 1600ms so far, now at startProcess: asking zygote to start proc
08-16 16:52:15.259 1147 1284 D CompatibilityChangeReporter: Compat change id reported: 143937733; UID 10153; state: ENABLED
01-01 04:41:17.428 0 0 I Hardware name: Qualcomm Technologies, Inc. kona MTP-RmPM8150b (DT)
01-01 04:41:17.428 0 0 I Workqueue: events_unbound ion_system_secure_heap_prefetch_work
01-01 04:41:17.428 0 0 I Call trace:
01-01 04:41:17.428 0 0 I : dump_backtrace+0x0/0x258
01-01 04:41:17.428 0 0 I : show_stack+0x20/0x30
01-01 04:41:17.428 0 0 I : dump_stack+0xd8/0x12c
01-01 04:41:17.428 0 0 I : register_lock_class+0x4d0/0x5c8
08-16 16:52:15.272 1147 1225 I DropBoxManagerService: add tag=system_server_strictmode isTagEnabled=true flags=0x2
08-16 16:52:15.278 1147 1225 I DropBoxManagerService: add tag=system_server_strictmode isTagEnabled=true flags=0x2
01-01 04:41:17.428 0 0 I : __lock_acquire+0xbc/0x1e58
01-01 04:41:17.428 0 0 I : lock_acquire+0x1cc/0x218
01-01 04:41:17.428 0 0 I : _raw_spin_lock_irqsave+0x54/0x98
01-01 04:41:17.428 0 0 I : ion_system_secure_heap_prefetch_work+0x94/0x2c0
01-01 04:41:17.428 0 0 I : process_one_work+0x38c/0x660
01-01 04:41:17.428 0 0 I : worker_thread+0x268/0x4b8
01-01 04:41:17.428 0 0 I : kthread+0x140/0x150
01-01 04:41:17.428 0 0 I : ret_from_fork+0x10/0x1c
01-01 04:41:17.431 0 0 E : INFO: trying to register non-static key.
01-01 04:41:17.436 0 0 E : the code is fine but needs lockdep annotation.
01-01 04:41:17.441 0 0 I : CPU: 3 PID: 337 Comm: kworker/u16:14 Tainted: G S W O 4.19.157+ #1
01-01 04:41:17.441 0 0 I Hardware name: Qualcomm Technologies, Inc. kona MTP-RmPM8150b (DT)
01-01 04:41:17.441 0 0 I Workqueue: events_unbound ion_system_secure_heap_prefetch_work
01-01 04:41:17.441 0 0 I Call trace:
01-01 04:41:17.441 0 0 I : dump_backtrace+0x0/0x258
01-01 04:41:17.441 0 0 I : show_stack+0x20/0x30
01-01 04:41:17.441 0 0 I : dump_stack+0xd8/0x12c
01-01 04:41:17.441 0 0 I : register_lock_class+0x4d0/0x5c8
01-01 04:41:17.441 0 0 I : __lock_acquire+0xbc/0x1e58
01-01 04:41:17.441 0 0 I : lock_acquire+0x1cc/0x218
01-01 04:41:17.441 0 0 I : _raw_spin_lock_irqsave+0x54/0x98
01-01 04:41:17.441 0 0 I : ion_system_secure_heap_prefetch_work+0x94/0x2c0
01-01 04:41:17.441 0 0 I : process_one_work+0x38c/0x660
01-01 04:41:17.441 0 0 I : worker_thread+0x268/0x4b8
01-01 04:41:17.441 0 0 I : kthread+0x140/0x150
01-01 04:41:17.441 0 0 I : ret_from_fork+0x10/0x1c
01-01 04:41:17.444 0 0 E : INFO: trying to register non-static key.
01-01 04:41:17.449 0 0 E : the code is fine but needs lockdep annotation.
01-01 04:41:17.454 0 0 I binder : 2350:2350 ioctl 40046210 7fc7d797e4 returned -22
01-01 04:41:17.455 0 0 I : CPU: 3 PID: 337 Comm: kworker/u16:14 Tainted: G S W O 4.19.157+ #1
01-01 04:41:17.455 0 0 I Hardware name: Qualcomm Technologies, Inc. kona MTP-RmPM8150b (DT)
01-01 04:41:17.455 0 0 I Workqueue: events_unbound ion_system_secure_heap_prefetch_work
01-01 04:41:17.455 0 0 I Call trace:
01-01 04:41:17.455 0 0 I : dump_backtrace+0x0/0x258
01-01 04:41:17.455 0 0 I : show_stack+0x20/0x30
01-01 04:41:17.455 0 0 I : dump_stack+0xd8/0x12c
01-01 04:41:17.455 0 0 I : register_lock_class+0x4d0/0x5c8
01-01 04:41:17.455 0 0 I : __lock_acquire+0xbc/0x1e58
01-01 04:41:17.455 0 0 I : lock_acquire+0x1cc/0x218
01-01 04:41:17.455 0 0 I : _raw_spin_lock_irqsave+0x54/0x98
01-01 04:41:17.455 0 0 I : ion_system_secure_heap_prefetch_work+0x94/0x2c0
01-01 04:41:17.455 0 0 I : process_one_work+0x38c/0x660
01-01 04:41:17.455 0 0 I : worker_thread+0x268/0x4b8
01-01 04:41:17.455 0 0 I : kthread+0x140/0x150
01-01 04:41:17.455 0 0 I : ret_from_fork+0x10/0x1c
01-01 04:41:17.458 0 0 E : INFO: trying to register non-static key.
01-01 04:41:17.463 0 0 E : the code is fine but needs lockdep annotation.
01-01 04:41:17.469 0 0 I : CPU: 3 PID: 337 Comm: kworker/u16:14 Tainted: G S W O 4.19.157+ #1
01-01 04:41:17.469 0 0 I Hardware name: Qualcomm Technologies, Inc. kona MTP-RmPM8150b (DT)
01-01 04:41:17.469 0 0 I Workqueue: events_unbound ion_system_secure_heap_prefetch_work
01-01 04:41:17.469 0 0 I Call trace:
01-01 04:41:17.469 0 0 I : dump_backtrace+0x0/0x258
01-01 04:41:17.469 0 0 I : show_stack+0x20/0x30
01-01 04:41:17.469 0 0 I : dump_stack+0xd8/0x12c
01-01 04:41:17.469 0 0 I : register_lock_class+0x4d0/0x5c8
01-01 04:41:17.469 0 0 I : __lock_acquire+0xbc/0x1e58
01-01 04:41:17.469 0 0 I : lock_acquire+0x1cc/0x218
01-01 04:41:17.469 0 0 I : _raw_spin_lock_irqsave+0x54/0x98
01-01 04:41:17.469 0 0 I : ion_system_secure_heap_prefetch_work+0x94/0x2c0
01-01 04:41:17.469 0 0 I : process_one_work+0x38c/0x660
01-01 04:41:17.469 0 0 I : worker_thread+0x268/0x4b8
01-01 04:41:17.469 0 0 I : kthread+0x140/0x150
01-01 04:41:17.469 0 0 I : ret_from_fork+0x10/0x1c
01-01 04:41:17.472 0 0 E : INFO: trying to register non-static key.
01-01 04:41:17.477 0 0 E : the code is fine but needs lockdep annotation.
01-01 04:41:17.478 0 0 I [kworke][0x501cb2f3][16:52:15.287300] wlan: [82:I:HDD] hdd_pm_qos_add_request: 9360: Set cpu_mask 0f for affine_cores
01-01 04:41:17.482 0 0 I : CPU: 3 PID: 337 Comm: kworker/u16:14 Tainted: G S W O 4.19.157+ #1
01-01 04:41:17.482 0 0 I Hardware name: Qualcomm Technologies, Inc. kona MTP-RmPM8150b (DT)
01-01 04:41:17.482 0 0 I Workqueue: events_unbound ion_system_secure_heap_prefetch_work
01-01 04:41:17.482 0 0 I Call trace:
01-01 04:41:17.482 0 0 I : dump_backtrace+0x0/0x258
01-01 04:41:17.482 0 0 I : show_stack+0x20/0x30
01-01 04:41:17.482 0 0 I : dump_stack+0xd8/0x12c
01-01 04:41:17.482 0 0 I : register_lock_class+0x4d0/0x5c8
01-01 04:41:17.482 0 0 I : __lock_acquire+0xbc/0x1e58
01-01 04:41:17.482 0 0 I : lock_acquire+0x1cc/0x218
01-01 04:41:17.482 0 0 I : _raw_spin_lock_irqsave+0x54/0x98
01-01 04:41:17.482 0 0 I : ion_system_secure_heap_prefetch_work+0x94/0x2c0
01-01 04:41:17.482 0 0 I : process_one_work+0x38c/0x660
01-01 04:41:17.482 0 0 I : worker_thread+0x268/0x4b8
01-01 04:41:17.482 0 0 I : kthread+0x140/0x150
01-01 04:41:17.482 0 0 I : ret_from_fork+0x10/0x1c
01-01 04:41:17.486 0 0 E : INFO: trying to register non-static key.
01-01 04:41:17.491 0 0 E : the code is fine but needs lockdep annotation.
01-01 04:41:17.494 0 0 I [kworke][0x502180eb][16:52:15.303701] wlan: [82:I:HDD] hdd_pm_qos_add_request: 9362: Set cpu_mask 0f for affine_cores
01-01 04:41:17.497 0 0 I : CPU: 3 PID: 337 Comm: kworker/u16:14 Tainted: G S W O 4.19.157+ #1
01-01 04:41:17.497 0 0 I Hardware name: Qualcomm Technologies, Inc. kona MTP-RmPM8150b (DT)
01-01 04:41:17.497 0 0 I Workqueue: events_unbound ion_system_secure_heap_prefetch_work
01-01 04:41:17.497 0 0 I Call trace:
01-01 04:41:17.497 0 0 I : dump_backtrace+0x0/0x258
01-01 04:41:17.497 0 0 I : show_stack+0x20/0x30
01-01 04:41:17.497 0 0 I : dump_stack+0xd8/0x12c
01-01 04:41:17.497 0 0 I : register_lock_class+0x4d0/0x5c8
01-01 04:41:17.497 0 0 I : __lock_acquire+0xbc/0x1e58
01-01 04:41:17.497 0 0 I : lock_acquire+0x1cc/0x218
01-01 04:41:17.497 0 0 I : _raw_spin_lock_irqsave+0x54/0x98
01-01 04:41:17.497 0 0 I : ion_system_secure_heap_prefetch_work+0x94/0x2c0
01-01 04:41:17.497 0 0 I : process_one_work+0x38c/0x660
01-01 04:41:17.497 0 0 I : worker_thread+0x268/0x4b8
01-01 04:41:17.497 0 0 I : kthread+0x140/0x150
01-01 04:41:17.497 0 0 I : ret_from_fork+0x10/0x1c
01-01 04:41:17.500 0 0 E : INFO: trying to register non-static key.
01-01 04:41:17.505 0 0 E : the code is fine but needs lockdep annotation.
01-01 04:41:17.506 0 0 D cnss : Sending ini sync request, state: 0x17, fw_log_mode: 1
01-01 04:41:17.511 0 0 I : CPU: 3 PID: 337 Comm: kworker/u16:14 Tainted: G S W O 4.19.157+ #1
01-01 04:41:17.511 0 0 I Hardware name: Qualcomm Technologies, Inc. kona MTP-RmPM8150b (DT)
01-01 04:41:17.511 0 0 I Workqueue: events_unbound ion_system_secure_heap_prefetch_work
01-01 04:41:17.511 0 0 I Call trace:
01-01 04:41:17.511 0 0 I : dump_backtrace+0x0/0x258
01-01 04:41:17.511 0 0 I : show_stack+0x20/0x30
01-01 04:41:17.511 0 0 I : dump_stack+0xd8/0x12c
01-01 04:41:17.511 0 0 I : register_lock_class+0x4d0/0x5c8
01-01 04:41:17.511 0 0 I : __lock_acquire+0xbc/0x1e58
01-01 04:41:17.511 0 0 I : lock_acquire+0x1cc/0x218
01-01 04:41:17.511 0 0 I : _raw_spin_lock_irqsave+0x54/0x98
01-01 04:41:17.511 0 0 I : ion_system_secure_heap_prefetch_work+0x94/0x2c0
01-01 04:41:17.511 0 0 I : process_one_work+0x38c/0x660
01-01 04:41:17.511 0 0 I : worker_thread+0x268/0x4b8
01-01 04:41:17.511 0 0 I : kthread+0x140/0x150
01-01 04:41:17.511 0 0 I : ret_from_fork+0x10/0x1c
01-01 04:41:17.514 0 0 E : INFO: trying to register non-static key.
08-16 16:52:15.332 1147 1772 D CompatibilityChangeReporter: Compat change id reported: 168419799; UID 1000; state: DISABLED
01-01 04:41:17.519 0 0 E : the code is fine but needs lockdep annotation.
01-01 04:41:17.522 0 0 I [kworke][0x5029bdfc][16:52:15.331821] wlan: [82:I:HIF] Initializing Runtime PM wakelock &sc->prevent_linkdown_lock
01-01 04:41:17.524 0 0 I : CPU: 3 PID: 337 Comm: kworker/u16:14 Tainted: G S W O 4.19.157+ #1
01-01 04:41:17.524 0 0 I Hardware name: Qualcomm Technologies, Inc. kona MTP-RmPM8150b (DT)
01-01 04:41:17.524 0 0 I Workqueue: events_unbound ion_system_secure_heap_prefetch_work
01-01 04:41:17.524 0 0 I Call trace:
01-01 04:41:17.524 0 0 I : dump_backtrace+0x0/0x258
01-01 04:41:17.524 0 0 I [kworke][0x502a5ae7][16:52:15.333913] wlan: [82:I:HIF] hif_pci_enable_bus: con_mode = 0x0, WLAN_SOC_device_id = 0x1101
01-01 04:41:17.524 0 0 I : show_stack+0x20/0x30
01-01 04:41:17.524 0 0 I : dump_stack+0xd8/0x12c
01-01 04:41:17.524 0 0 I : register_lock_class+0x4d0/0x5c8
