01-01 04:42:28.884 0 0 D mv2112_update_link: link 0x4
01-01 04:42:28.884 0 0 D mv2112_read_status: autoneg is disabled
01-01 04:42:29.467 0 0 I [schedu][0xa27f5dfa][16:53:27.276782] wlan: [2470:I:OSIF] scan start scan id 40965
01-01 04:42:29.906 0 0 D : mv2112_read_status
01-01 04:42:29.906 0 0 D mv2112_update_link: 3.0x901(1G): 0x4
01-01 04:42:29.906 0 0 D mv2112_update_link: 3.0x8109(100M): 0x8
01-01 04:42:29.906 0 0 D mv2112_update_link: link 0x4
01-01 04:42:29.906 0 0 D mv2112_read_status: autoneg is disabled
01-01 04:42:30.920 0 0 I [schedu][0xa4291411][16:53:28.729877] wlan: [2470:I:OSIF] vdev 0, scan id 40965 type COMPLETED(1) reason COMPLETED(1) scan found 44 bss
01-01 04:42:30.930 0 0 D : mv2112_read_status
01-01 04:42:30.930 0 0 D mv2112_update_link: 3.0x901(1G): 0x4
01-01 04:42:30.931 0 0 D mv2112_update_link: 3.0x8109(100M): 0x8
01-01 04:42:30.931 0 0 D mv2112_update_link: link 0x4
01-01 04:42:30.931 0 0 D mv2112_read_status: autoneg is disabled
01-01 04:42:30.947 0 0 I init : starting service 'vendor.light-hal-2-0'...
01-01 04:42:30.961 0 0 I init : starting service 'qvrd_vndr'...
01-01 04:42:30.962 0 0 I init : Created socket '/dev/socket/qvrservice_vndr', mode 660, user 1000, group 1000
01-01 04:42:30.963 0 0 I init : Created socket '/dev/socket/qvrservice_vndr_camera', mode 660, user 1000, group 1000
01-01 04:42:30.976 0 0 I init : starting service 'sxrd'...
01-01 04:42:31.004 0 0 I init : Service 'vendor.light-hal-2-0' (pid 4619) exited with status 0
01-01 04:42:31.004 0 0 I init : Sending signal 9 to service 'vendor.light-hal-2-0' (pid 4619) process group...
01-01 04:42:31.004 0 0 I libprocessgroup: Successfully killed process cgroup uid 1000 pid 4619 in 0ms
01-01 04:42:31.006 0 0 I init : Service 'sxrd' (pid 4621) exited with status 1
08-16 16:53:28.809 4621 4621 F linker : CANNOT LINK EXECUTABLE "/vendor/bin/hw/sxrservice": library "vendor.qti.hardware.qxr-V1-ndk_platform.so" not found: needed by main executable
08-16 16:53:28.819 4620 4620 F linker : CANNOT LINK EXECUTABLE "/vendor/bin/hw/qvrservice": library "vendor.qti.hardware.qxr-V1-ndk_platform.so" not found: needed by /vendor/lib64/libqvrservice.so in namespace (default)
01-01 04:42:31.006 0 0 I init : Sending signal 9 to service 'sxrd' (pid 4621) process group...
08-16 16:53:29.755 1147 2952 W OverlayManager: service 'idmap' died
01-01 04:42:31.954 0 0 D : mv2112_read_status
01-01 04:42:31.955 0 0 D mv2112_update_link: 3.0x901(1G): 0x4
01-01 04:42:31.955 0 0 D mv2112_update_link: 3.0x8109(100M): 0x8
01-01 04:42:31.955 0 0 D mv2112_update_link: link 0x4
01-01 04:42:31.955 0 0 D mv2112_read_status: autoneg is disabled
01-01 04:42:32.978 0 0 D : mv2112_read_status
01-01 04:42:32.978 0 0 D mv2112_update_link: 3.0x901(1G): 0x4
01-01 04:42:32.978 0 0 D mv2112_update_link: 3.0x8109(100M): 0x8
01-01 04:42:32.978 0 0 D mv2112_update_link: link 0x4
01-01 04:42:32.978 0 0 D mv2112_read_status: autoneg is disabled
01-01 04:42:34.002 0 0 D : mv2112_read_status
01-01 04:42:34.002 0 0 D mv2112_update_link: 3.0x901(1G): 0x4
01-01 04:42:34.002 0 0 D mv2112_update_link: 3.0x8109(100M): 0x8
01-01 04:42:34.002 0 0 D mv2112_update_link: link 0x4
01-01 04:42:34.002 0 0 D mv2112_read_status: autoneg is disabled
01-01 04:42:35.026 0 0 D : mv2112_read_status
01-01 04:42:35.027 0 0 D mv2112_update_link: 3.0x901(1G): 0x4
01-01 04:42:35.027 0 0 D mv2112_update_link: 3.0x8109(100M): 0x8
01-01 04:42:35.027 0 0 D mv2112_update_link: link 0x4
01-01 04:42:35.027 0 0 D mv2112_read_status: autoneg is disabled
01-01 04:42:35.961 0 0 I init : starting service 'vendor.light-hal-2-0'...
01-01 04:42:35.997 0 0 I init : starting service 'qvrd_vndr'...
01-01 04:42:35.998 0 0 I init : Created socket '/dev/socket/qvrservice_vndr', mode 660, user 1000, group 1000
01-01 04:42:35.998 0 0 I init : Created socket '/dev/socket/qvrservice_vndr_camera', mode 660, user 1000, group 1000
01-01 04:42:36.015 0 0 I init : starting service 'sxrd'...
08-16 16:53:33.840 4632 4632 F linker : CANNOT LINK EXECUTABLE "/vendor/bin/hw/qvrservice": library "vendor.qti.hardware.qxr-V1-ndk_platform.so" not found: needed by /vendor/lib64/libqvrservice.so in namespace (default)
01-01 04:42:36.034 0 0 I init : Service 'qvrd_vndr' (pid 4632) exited with status 1
01-01 04:42:36.034 0 0 I init : Sending signal 9 to service 'qvrd_vndr' (pid 4632) process group...
01-01 04:42:36.035 0 0 I libprocessgroup: Successfully killed process cgroup uid 1000 pid 4632 in 0ms
01-01 04:42:36.050 0 0 D : mv2112_read_status
01-01 04:42:36.051 0 0 D mv2112_update_link: 3.0x901(1G): 0x4
01-01 04:42:36.051 0 0 D mv2112_update_link: 3.0x8109(100M): 0x8
01-01 04:42:36.051 0 0 D mv2112_update_link: link 0x4
01-01 04:42:36.051 0 0 D mv2112_read_status: autoneg is disabled
01-01 04:42:36.053 0 0 I init : Service 'vendor.light-hal-2-0' (pid 4631) exited with status 0
01-01 04:42:36.053 0 0 I init : Sending signal 9 to service 'vendor.light-hal-2-0' (pid 4631) process group...
08-16 16:53:33.868 4633 4633 F linker : CANNOT LINK EXECUTABLE "/vendor/bin/hw/sxrservice": library "vendor.qti.hardware.qxr-V1-ndk_platform.so" not found: needed by main executable
01-01 04:42:37.075 0 0 D : mv2112_read_status
01-01 04:42:37.075 0 0 D mv2112_update_link: 3.0x901(1G): 0x4
01-01 04:42:37.075 0 0 D mv2112_update_link: 3.0x8109(100M): 0x8
01-01 04:42:37.075 0 0 D mv2112_update_link: link 0x4
01-01 04:42:37.075 0 0 D mv2112_read_status: autoneg is disabled
01-01 04:42:38.098 0 0 D : mv2112_read_status
01-01 04:42:38.098 0 0 D mv2112_update_link: 3.0x901(1G): 0x4
01-01 04:42:38.098 0 0 D mv2112_update_link: 3.0x8109(100M): 0x8
01-01 04:42:38.098 0 0 D mv2112_update_link: link 0x4
01-01 04:42:38.098 0 0 D mv2112_read_status: autoneg is disabled
01-01 04:42:39.123 0 0 D : mv2112_read_status
01-01 04:42:39.123 0 0 D mv2112_update_link: 3.0x901(1G): 0x4
01-01 04:42:39.124 0 0 D mv2112_update_link: 3.0x8109(100M): 0x8
01-01 04:42:39.124 0 0 D mv2112_update_link: link 0x4
01-01 04:42:39.124 0 0 D mv2112_read_status: autoneg is disabled
01-01 04:42:39.513 0 0 I [schedu][0xadfe84fc][16:53:37.322744] wlan: [2470:I:OSIF] scan start scan id 40966
01-01 04:42:40.146 0 0 D : mv2112_read_status
01-01 04:42:40.146 0 0 D mv2112_update_link: 3.0x901(1G): 0x4
01-01 04:42:40.146 0 0 D mv2112_update_link: 3.0x8109(100M): 0x8
01-01 04:42:40.146 0 0 D mv2112_update_link: link 0x4
01-01 04:42:40.146 0 0 D mv2112_read_status: autoneg is disabled
01-01 04:42:40.998 0 0 I init : starting service 'vendor.light-hal-2-0'...
01-01 04:42:41.034 0 0 I init : starting service 'qvrd_vndr'...
01-01 04:42:41.037 0 0 I init : Created socket '/dev/socket/qvrservice_vndr', mode 660, user 1000, group 1000
01-01 04:42:41.040 0 0 I init : Created socket '/dev/socket/qvrservice_vndr_camera', mode 660, user 1000, group 1000
01-01 04:42:41.085 0 0 I init : starting service 'sxrd'...
01-01 04:42:41.111 0 0 I init : Service 'vendor.light-hal-2-0' (pid 4634) exited with status 0
01-01 04:42:41.111 0 0 I init : Sending signal 9 to service 'vendor.light-hal-2-0' (pid 4634) process group...
01-01 04:42:41.112 0 0 I libprocessgroup: Successfully killed process cgroup uid 1000 pid 4634 in 0ms
08-16 16:53:38.932 4635 4635 F linker : CANNOT LINK EXECUTABLE "/vendor/bin/hw/qvrservice": library "vendor.qti.hardware.qxr-V1-ndk_platform.so" not found: needed by /vendor/lib64/libqvrservice.so in namespace (default)
01-01 04:42:41.124 0 0 I init : Service 'qvrd_vndr' (pid 4635) exited with status 1
01-01 04:42:41.124 0 0 I init : Sending signal 9 to service 'qvrd_vndr' (pid 4635) process group...
01-01 04:42:41.144 0 0 I [schedu][0xafdc3c8f][16:53:38.953350] wlan: [2470:I:OSIF] vdev 0, scan id 40966 type COMPLETED(1) reason COMPLETED(1) scan found 42 bss
08-16 16:53:38.964 4636 4636 F linker : CANNOT LINK EXECUTABLE "/vendor/bin/hw/sxrservice": library "vendor.qti.hardware.qxr-V1-ndk_platform.so" not found: needed by main executable
01-01 04:42:41.170 0 0 D : mv2112_read_status
01-01 04:42:41.170 0 0 D mv2112_update_link: 3.0x901(1G): 0x4
01-01 04:42:41.170 0 0 D mv2112_update_link: 3.0x8109(100M): 0x8
01-01 04:42:41.170 0 0 D mv2112_update_link: link 0x4
01-01 04:42:41.170 0 0 D mv2112_read_status: autoneg is disabled
01-01 04:42:42.194 0 0 D : mv2112_read_status
01-01 04:42:42.195 0 0 D mv2112_update_link: 3.0x901(1G): 0x4
01-01 04:42:42.195 0 0 D mv2112_update_link: 3.0x8109(100M): 0x8
01-01 04:42:42.195 0 0 D mv2112_update_link: link 0x4
01-01 04:42:42.195 0 0 D mv2112_read_status: autoneg is disabled
01-01 04:42:43.219 0 0 D : mv2112_read_status
01-01 04:42:43.219 0 0 D mv2112_update_link: 3.0x901(1G): 0x4
01-01 04:42:43.219 0 0 D mv2112_update_link: 3.0x8109(100M): 0x8
01-01 04:42:43.219 0 0 D mv2112_update_link: link 0x4
01-01 04:42:43.219 0 0 D mv2112_read_status: autoneg is disabled
01-01 04:42:44.242 0 0 D : mv2112_read_status
01-01 04:42:44.243 0 0 D mv2112_update_link: 3.0x901(1G): 0x4
01-01 04:42:44.243 0 0 D mv2112_update_link: 3.0x8109(100M): 0x8
01-01 04:42:44.243 0 0 D mv2112_update_link: link 0x4
01-01 04:42:44.243 0 0 D mv2112_read_status: autoneg is disabled
01-01 04:42:45.267 0 0 D : mv2112_read_status
01-01 04:42:45.267 0 0 D mv2112_update_link: 3.0x901(1G): 0x4
01-01 04:42:45.268 0 0 D mv2112_update_link: 3.0x8109(100M): 0x8
01-01 04:42:45.268 0 0 D mv2112_update_link: link 0x4
01-01 04:42:45.268 0 0 D mv2112_read_status: autoneg is disabled
01-01 04:42:46.028 0 0 I init : starting service 'vendor.light-hal-2-0'...
01-01 04:42:46.096 0 0 I init : starting service 'qvrd_vndr'...
01-01 04:42:46.099 0 0 I init : Created socket '/dev/socket/qvrservice_vndr', mode 660, user 1000, group 1000
01-01 04:42:46.101 0 0 I init : Created socket '/dev/socket/qvrservice_vndr_camera', mode 660, user 1000, group 1000
01-01 04:42:46.125 0 0 I init : starting service 'sxrd'...
01-01 04:42:46.153 0 0 I init : Service 'vendor.light-hal-2-0' (pid 4641) exited with status 0
01-01 04:42:46.153 0 0 I init : Sending signal 9 to service 'vendor.light-hal-2-0' (pid 4641) process group...
01-01 04:42:46.153 0 0 I libprocessgroup: Successfully killed process cgroup uid 1000 pid 4641 in 0ms
08-16 16:53:43.986 4643 4643 F linker : CANNOT LINK EXECUTABLE "/vendor/bin/hw/sxrservice": library "vendor.qti.hardware.qxr-V1-ndk_platform.so" not found: needed by main executable
08-16 16:53:43.990 4642 4642 F linker : CANNOT LINK EXECUTABLE "/vendor/bin/hw/qvrservice": library "vendor.qti.hardware.qxr-V1-ndk_platform.so" not found: needed by /vendor/lib64/libqvrservice.so in namespace (default)
01-01 04:42:46.178 0 0 I init : Service 'sxrd' (pid 4643) exited with status 1
01-01 04:42:46.178 0 0 I init : Sending signal 9 to service 'sxrd' (pid 4643) process group...
01-01 04:42:46.291 0 0 D : mv2112_read_status
01-01 04:42:46.291 0 0 D mv2112_update_link: 3.0x901(1G): 0x4
01-01 04:42:46.292 0 0 D mv2112_update_link: 3.0x8109(100M): 0x8
01-01 04:42:46.292 0 0 D mv2112_update_link: link 0x4
01-01 04:42:46.292 0 0 D mv2112_read_status: autoneg is disabled
01-01 04:42:47.314 0 0 D : mv2112_read_status
01-01 04:42:47.315 0 0 D mv2112_update_link: 3.0x901(1G): 0x4
01-01 04:42:47.315 0 0 D mv2112_update_link: 3.0x8109(100M): 0x8
01-01 04:42:47.315 0 0 D mv2112_update_link: link 0x4
01-01 04:42:47.315 0 0 D mv2112_read_status: autoneg is disabled
01-01 04:42:48.339 0 0 D : mv2112_read_status
01-01 04:42:48.339 0 0 D mv2112_update_link: 3.0x901(1G): 0x4
01-01 04:42:48.340 0 0 D mv2112_update_link: 3.0x8109(100M): 0x8
01-01 04:42:48.340 0 0 D mv2112_update_link: link 0x4
01-01 04:42:48.340 0 0 D mv2112_read_status: autoneg is disabled
01-01 04:42:49.367 0 0 D : mv2112_read_status
01-01 04:42:49.368 0 0 D mv2112_update_link: 3.0x901(1G): 0x0
01-01 04:42:49.368 0 0 D mv2112_update_link: 3.0x8109(100M): 0x8
01-01 04:42:49.368 0 0 D mv2112_update_link: link 0x0
01-01 04:42:49.368 0 0 D mv2112_read_status: autoneg is disabled
01-01 04:42:49.443 0 0 E set_cps_config: get_wsa_dev_num is NULL
01-01 04:42:49.464 0 0 I __afe_port_start: port id: 0xb000
01-01 04:42:49.464 0 0 I afe_find_cal_topo_id_by_port: port id: 0xb000, dev_acdb_id: 15
01-01 04:42:49.464 0 0 I afe_find_cal_topo_id_by_port: top_id:112fc acdb_id:15 afe_port_id:0xb000
01-01 04:42:49.464 0 0 I afe_get_cal_topology_id: port_id = 0xb000 acdb_id = 15 topology_id = 0x112fc cal_type_index=8 ret=0
01-01 04:42:49.465 0 0 I afe_send_port_topology_id: AFE set topology id 0x112fc enable for port 0xb000 ret 0
01-01 04:42:49.465 0 0 I send_afe_cal_type: cal_index is 0
01-01 04:42:49.465 0 0 I send_afe_cal_type: dev_acdb_id[162] is 15
01-01 04:42:49.465 0 0 I afe_find_cal: cal_index 0 port_id 0xb000 port_index 162
01-01 04:42:49.465 0 0 I afe_find_cal: acdb_id 15 dev_acdb_id 15 sample_rate 48000 afe_sample_rates 48000
01-01 04:42:49.465 0 0 I afe_find_cal: cal block is a match, size is 0
01-01 04:42:49.465 0 0 I send_afe_cal_type: Sending cal_index cal 0
01-01 04:42:49.465 0 0 E send_afe_cal_type: No cal sent for cal_index 0, port_id = 0xb000! ret -22
01-01 04:42:49.474 0 0 I afe_send_hw_delay: port_id 0xb000 rate 48000 delay_usec 474 status 0
01-01 04:42:49.483 0 0 E [wifi@1][0xb967435c][16:53:47.292213] wlan: [947:E:QDF] qdf_mem_malloc_debug: 1206: Cannot malloc 0 bytes @ csr_get_cfg_max_tx_power:14199
01-01 04:42:49.499 0 0 E [wifi@1][0xb96c24ab][16:53:47.308870] wlan: [947:E:QDF] qdf_mem_malloc_debug: 1206: Cannot malloc 0 bytes @ csr_get_cfg_max_tx_power:14199
01-01 04:42:49.504 0 0 I [schedu][0xb96d9b25][16:53:47.313864] wlan: [2470:I:WMI] LFR3:OKC enabled
01-01 04:42:49.515 0 0 I [schedu][0xb970a44d][16:53:47.324227] wlan: [2470:I:WMI] LFR3:PMKSA caching enabled
01-01 04:42:49.519 0 0 I [schedu][0xb97205da][16:53:47.328939] wlan: [2470:I:WMI] LFR3:OKC enabled
01-01 04:42:49.519 0 0 I [schedu][0xb972068e][16:53:47.328948] wlan: [2470:I:WMI] LFR3:PMKSA caching enabled
01-01 04:42:49.536 0 0 I [wpa_su][0xb97702d2][16:53:47.345965] wlan: [2846:I:HDD] wlan0(vdevid-0): Received Disconnect reason:3 WLAN_REASON_DEAUTH_LEAVING
01-01 04:42:49.541 0 0 I [schedu][0xb97833b5][16:53:47.350032] wlan: [2470:I:PE] Deauth TX: vdev 0 seq_num 2054 reason 3 waitForAck 1 to 96:2a:7d:83:93:1a from e6:a2:e7:f9:be:e8
01-01 04:42:49.684 0 0 I [schedu][0xb9a261e5][16:53:47.494008] wlan: [2470:I:HDD] wlan0(vdevid-0): disconnected
01-01 04:42:49.685 0 0 I [schedu][0xb9a26668][16:53:47.494068] wlan: [2470:I:DP] dp_tx_flow_pool_unmap_handler: flow_id 0 flow_type 0 flow_pool_id 0
01-01 04:42:49.712 0 0 I [wpa_su][0xb9aa94b4][16:53:47.521992] wlan: [2846:I:HDD] Disconnect reason: 3 WLAN_REASON_DEAUTH_LEAVING vendor: 0 LG: 1
01-01 04:42:49.819 0 0 I [schedu][0xb9c9aae3][16:53:47.628101] wlan: [2470:I:HIF] Deinitializing Runtime PM wakelock &vdev->vdev_set_key_runtime_wakelock
01-01 04:42:49.835 0 0 I [schedu][0xb9ce5d41][16:53:47.644133] wlan: [2470:I:HIF] Initializing Runtime PM wakelock &vdev->vdev_set_key_runtime_wakelock
01-01 04:42:49.934 0 0 I [wifi@1][0xb9eb6c94][16:53:47.743322] wlan: [947:I:DP] dp_vdev_attach_wifi3: wlan_cfg_ap_bridge_enabled 0
08-16 16:53:47.742 947 947 D android.hardware.wifi@1.0-service: Successfully SetMacAddress.
01-01 04:42:49.938 0 0 I IPv6 : ADDRCONF(NETDEV_UP): wlan0: link is not ready
08-16 16:53:47.755 1308 1308 W wificond: Scan is not started. Ignore abort request
01-01 04:42:49.953 0 0 E [wifi@1][0xb9f10fd7][16:53:47.762565] wlan: [2683:E:wifipos] wifi_pos_process_app_reg_req: 608: Received App Req Req pid(-360709197), len(16)
01-01 04:42:49.955 0 0 I cnss-daemon: Invalid mac address
01-01 04:42:49.968 0 0 I cnss-daemon: failed to update gateway
01-01 04:42:49.969 0 0 I [wifi@1][0xb9f5aa00][16:53:47.778274] wlan: [2683:I:wifipos] wifi_pos_get_ch_info: 461: num channels: 26
01-01 04:42:49.970 0 0 I [wifi@1][0xb9f5eac5][16:53:47.779138] wlan: [2683:I:wifipos] wifi_pos_get_ch_info: 461: num channels: 26
01-01 04:42:50.018 0 0 I [wpa_su][0xba040631][16:53:47.827290] wlan: [2846:I:SME] vdev-0: Connecting to TP-LINK_5G_9319 b6:2a:7d:83:93:1c rssi: -34 freq: 5180 akm 9 cipher: uc 6 mc 6, CC:
01-01 04:42:50.018 0 0 E [wpa_su][0xba041024][16:53:47.827423] wlan: [2846:E:QDF] qdf_mem_malloc_debug: 1206: Cannot malloc 0 bytes @ csr_get_cfg_max_tx_power:14199
01-01 04:42:50.037 0 0 I [schedu][0xba09c3c8][16:53:47.846884] wlan: [2470:I:WMI] send_vdev_start_cmd_tlv: 1062: send_vdev_start_cmd_tlv: vdev_id 0 freq 5180 chanmode 18 ch_info: 0x12 is_dfs 0 beacon interval 100 dtim 0 center_chan 5210 center_freq2 0 reg_info_1: 0x170000 reg_info_2: 0x1700, req->max_txpow: 0x17 Tx SS 1, Rx SS 1, ldpc_rx: 0, cac 0, regd 4, HE ops: 0req->dis_hw_ack: 0
08-16 16:53:47.891 1147 1717 W ContextImpl: Calling a method in the system process without a qualified user: android.app.ContextImpl.sendStickyBroadcast:1559 com.android.server.ConnectivityService.sendStickyBroadcast:2811 com.android.server.ConnectivityService.sendLegacyNetworkBroadcast:8732 com.android.server.ConnectivityService$LegacyTypeTracker.remove:1007 com.android.server.ConnectivityService$LegacyTypeTracker.remove:1024
01-01 04:42:50.191 0 0 I [soft_i][0xba36b410][16:53:48.000276] wlan: [0:I:TXRX] HTT_T2H_MSG_TYPE_PEER_MAP msg for peer id 11 vdev id 0 n
01-01 04:42:50.191 0 0 E [soft_i][0xba36bd3f][16:53:48.000398] wlan: [0:E:DP] dp_peer_find_add_id: peer fffffffb07a90000 ID 11 vid 0 mac b6:2a:7d:83:93:1c
01-01 04:42:50.205 0 0 I [soft_i][0xba3af0fd][16:53:48.014742] wlan: [0:I:DP] dp_peer_find_add_id: ref_cnt: 2
01-01 04:42:50.205 0 0 E [soft_i][0xba3b04fc][16:53:48.015008] wlan: [0:E:DP] dp_peer_map_ast: peer fffffffb07a90000 ID 85 vid 0 mac b6:2a:7d:83:93:1c
01-01 04:42:50.351 0 0 I [schedu][0xba659e53][16:53:48.160604] wlan: [2470:I:PE] Auth TX: seq 1 seq num 2056 status 0 WEP 0 to b6:2a:7d:83:93:1c
01-01 04:42:50.359 0 0 I [schedu][0xba67efc6][16:53:48.168329] wlan: [2470:I:PE] Auth TX: success
01-01 04:42:50.364 0 0 I [schedu][0xba69695b][16:53:48.173360] wlan: [2470:I:PE] Auth RX: vdev 0 sys role 3 lim_state 5 from b6:2a:7d:83:93:1c rssi -33 auth_alg 0 seq 2269
01-01 04:42:50.365 0 0 I [schedu][0xba69e3cf][16:53:48.174993] wlan: [2470:I:PE] Assoc req TX: vdev 0 to b6:2a:7d:83:93:1c seq num 2057
01-01 04:42:50.374 0 0 I [schedu][0xba6c7742][16:53:48.183786] wlan: [2470:I:PE] Assoc req TX: success
01-01 04:42:50.377 0 0 I [schedu][0xba6d48a8][16:53:48.186577] wlan: [2470:I:PE] Assoc rsp RX: subtype 0 vdev 0 sys role 3 lim state 10 rssi -33 from b6:2a:7d:83:93:1c
01-01 04:42:50.386 0 0 D : mv2112_read_status
01-01 04:42:50.386 0 0 E [schedu][0xba6fe116][16:53:48.195436] wlan: [2470:E:QDF] qdf_mem_malloc_debug: 1206: Cannot malloc 0 bytes @ csr_get_cfg_max_tx_power:14199
01-01 04:42:50.386 0 0 D mv2112_update_link: 3.0x901(1G): 0x4
01-01 04:42:50.400 0 0 E [schedu][0xba73f811][16:53:48.209395] wlan: [2470:E:QDF] qdf_mem_malloc_debug: 1206: Cannot malloc 0 bytes @ csr_get_cfg_max_tx_power:14199
01-01 04:42:50.402 0 0 E [soft_i][0xba74b0cd][16:53:48.211858] wlan: [0:E:DP] dp_tx_initialize_threshold: tx flow control threshold is set, pool size is 4096
01-01 04:42:50.416 0 0 D mv2112_update_link: 3.0x8109(100M): 0x8
01-01 04:42:50.429 0 0 I [schedu][0xba7c6d84][16:53:48.238267] wlan: [2470:I:HDD] wlan0(vdevid-0): 02:fd:91:f2:ce:32 connected to b6:2a:7d:83:93:1c
01-01 04:42:50.429 0 0 D mv2112_update_link: link 0x4
01-01 04:42:50.429 0 0 D mv2112_read_status: autoneg is disabled
01-01 04:42:50.430 0 0 I lan743x 0001: 01:00.0 eth0: Link is Up - 1Gbps/Full - flow control off
01-01 04:42:50.461 0 0 I [dp_rx_][0xba85f8c6][16:53:48.270846] wlan: [2582:I:QDF] EAPOL-1 RX: SA:b6:2a:7d:83:93:1c DA:02:fd:91:f2:ce:32
01-01 04:42:50.462 0 0 I [soft_i][0xba8626bb][16:53:48.271458] wlan: [0:I:DP] dp_addba_requestprocess_wifi3 restore BA win 64 based on addba req
08-16 16:53:48.301 1308 1308 E wificond: NL80211_CMD_TRIGGER_SCAN failed: Device or resource busy
01-01 04:42:50.477 0 0 E [wifico][0xba8ab404][16:53:48.286994] wlan: [1308:E:HDD] __wlan_hdd_cfg80211_scan: 572: Scan not allowed. scan_ebusy_cnt: 1 Session 0 Reason 3
01-01 04:42:50.481 0 0 I [soft_i][0xba8bab99][16:53:48.290296] wlan: [0:I:QDF] EAPOL-2 TX: SA:02:fd:91:f2:ce:32 DA:b6:2a:7d:83:93:1c msdu_id:0 status: succ
01-01 04:42:50.506 0 0 I [dp_rx_][0xba930fed][16:53:48.315529] wlan: [2582:I:QDF] EAPOL-3 RX: SA:b6:2a:7d:83:93:1c DA:02:fd:91:f2:ce:32
01-01 04:42:50.511 0 0 I [soft_i][0xba946226][16:53:48.320036] wlan: [0:I:QDF] EAPOL-4 TX: SA:02:fd:91:f2:ce:32 DA:b6:2a:7d:83:93:1c msdu_id:0 status: succ
01-01 04:42:50.532 0 0 E [schedu][0xba9ac765][16:53:48.341867] wlan: [2470:E:QDF] qdf_mem_malloc_debug: 1206: Cannot malloc 0 bytes @ csr_get_cfg_max_tx_power:14199
01-01 04:42:50.563 0 0 I [schedu][0xbaa3aa20][16:53:48.372196] wlan: [2470:I:WMI] LFR3:OKC enabled
01-01 04:42:50.563 0 0 I [schedu][0xbaa3ab25][16:53:48.372209] wlan: [2470:I:WMI] LFR3:PMKSA caching enabled
01-01 04:42:50.711 0 0 E [wifi@1][0xbacf0442][16:53:48.520172] wlan: [947:E:HDD] hdd_enable_ns_offload: 484: Failed to cache ns request; status:4
01-01 04:42:50.811 0 0 I [soft_i][0xbaec69a8][16:53:48.620510] wlan: [0:I:QDF] DHCP-R TX: SA:02:fd:91:f2:ce:32 DA:ff:ff:ff:ff:ff:ff msdu_id:1 status: succ
01-01 04:42:50.812 0 0 I [dp_rx_][0xbaecc4f5][16:53:48.621729] wlan: [2582:I:QDF] DHCP-R RX: SA:02:fd:91:f2:ce:32 DA:ff:ff:ff:ff:ff:ff
01-01 04:42:50.817 0 0 I [dp_rx_][0xbaee147e][16:53:48.626202] wlan: [2582:I:QDF] DHCP-A RX: SA:f4:2a:7d:83:93:19 DA:ff:ff:ff:ff:ff:ff
01-01 04:42:50.873 0 0 E swr-wcd wsa_swr_ctrl: swrm_runtime_suspend: clk stop mode not supported or SSR entry
01-01 04:42:50.932 0 0 I [soft_i][0xbb1000e3][16:53:48.741995] wlan: [0:I:DP] dp_addba_requestprocess_wifi3 restore BA win 64 based on addba req
08-16 16:53:48.777 681 739 E NetlinkEvent: NetlinkEvent::FindParam(): Parameter 'INTERFACE' not found
08-16 16:53:48.777 681 739 E NetlinkEvent: NetlinkEvent::FindParam(): Parameter 'STATE' not found
08-16 16:53:48.777 681 739 E NetlinkEvent: NetlinkEvent::FindParam(): Parameter 'TIME_NS' not found
08-16 16:53:48.777 681 739 E NetlinkEvent: NetlinkEvent::FindParam(): Parameter 'UID' not found
08-16 16:53:48.840 1147 1717 W ContextImpl: Calling a method in the system process without a qualified user: android.app.ContextImpl.sendStickyBroadcast:1559 com.android.server.ConnectivityService.sendStickyBroadcast:2811 com.android.server.ConnectivityService.sendGeneralBroadcast:2786 com.android.server.ConnectivityService.sendConnectedBroadcast:2759 com.android.server.ConnectivityService.sendLegacyNetworkBroadcast:8704
01-01 04:42:51.084 0 0 I init : starting service 'vendor.light-hal-2-0'...
01-01 04:42:51.116 0 0 I init : starting service 'qvrd_vndr'...
01-01 04:42:51.117 0 0 I init : Created socket '/dev/socket/qvrservice_vndr', mode 660, user 1000, group 1000
01-01 04:42:51.118 0 0 I init : Created socket '/dev/socket/qvrservice_vndr_camera', mode 660, user 1000, group 1000
01-01 04:42:51.142 0 0 I init : starting service 'sxrd'...
08-16 16:53:48.986 4683 4683 F linker : CANNOT LINK EXECUTABLE "/vendor/bin/hw/qvrservice": library "vendor.qti.hardware.qxr-V1-ndk_platform.so" not found: needed by /vendor/lib64/libqvrservice.so in namespace (default)
01-01 04:42:51.178 0 0 I init : Service 'qvrd_vndr' (pid 4683) exited with status 1
01-01 04:42:51.178 0 0 I init : Sending signal 9 to service 'qvrd_vndr' (pid 4683) process group...
01-01 04:42:51.178 0 0 I libprocessgroup: Successfully killed process cgroup uid 1000 pid 4683 in 0ms
01-01 04:42:51.188 0 0 I init : Service 'vendor.light-hal-2-0' (pid 4682) exited with status 0
01-01 04:42:51.188 0 0 I init : Sending signal 9 to service 'vendor.light-hal-2-0' (pid 4682) process group...
08-16 16:53:49.005 4684 4684 F linker : CANNOT LINK EXECUTABLE "/vendor/bin/hw/sxrservice": library "vendor.qti.hardware.qxr-V1-ndk_platform.so" not found: needed by main executable
01-01 04:42:51.443 0 0 D : mv2112_read_status
01-01 04:42:51.444 0 0 D mv2112_update_link: 3.0x901(1G): 0x4
01-01 04:42:51.444 0 0 D mv2112_update_link: 3.0x8109(100M): 0x8
01-01 04:42:51.444 0 0 D mv2112_update_link: link 0x4
01-01 04:42:51.444 0 0 D mv2112_read_status: autoneg is disabled
01-01 04:42:52.466 0 0 D : mv2112_read_status
01-01 04:42:52.467 0 0 D mv2112_update_link: 3.0x901(1G): 0x4
01-01 04:42:52.467 0 0 D mv2112_update_link: 3.0x8109(100M): 0x8
01-01 04:42:52.467 0 0 D mv2112_update_link: link 0x4
01-01 04:42:52.467 0 0 D mv2112_read_status: autoneg is disabled
01-01 04:42:52.830 0 0 I afe_close: port_id = 0xb000
01-01 04:42:53.491 0 0 D : mv2112_read_status
01-01 04:42:53.492 0 0 D mv2112_update_link: 3.0x901(1G): 0x4
01-01 04:42:53.492 0 0 D mv2112_update_link: 3.0x8109(100M): 0x8
01-01 04:42:53.492 0 0 D mv2112_update_link: link 0x4
01-01 04:42:53.492 0 0 D mv2112_read_status: autoneg is disabled
01-01 04:42:54.329 0 0 E set_cps_config: get_wsa_dev_num is NULL
01-01 04:42:54.341 0 0 E [wifi@1][0xbef6b606][16:53:52.150915] wlan: [947:E:QDF] qdf_mem_malloc_debug: 1206: Cannot malloc 0 bytes @ csr_get_cfg_max_tx_power:14199
01-01 04:42:54.349 0 0 I __afe_port_start: port id: 0xb000
01-01 04:42:54.355 0 0 I afe_find_cal_topo_id_by_port: port id: 0xb000, dev_acdb_id: 15
01-01 04:42:54.355 0 0 I afe_find_cal_topo_id_by_port: top_id:112fc acdb_id:15 afe_port_id:0xb000
01-01 04:42:54.355 0 0 I afe_get_cal_topology_id: port_id = 0xb000 acdb_id = 15 topology_id = 0x112fc cal_type_index=8 ret=0
01-01 04:42:54.356 0 0 I afe_send_port_topology_id: AFE set topology id 0x112fc enable for port 0xb000 ret 0
01-01 04:42:54.356 0 0 I send_afe_cal_type: cal_index is 0
01-01 04:42:54.356 0 0 I send_afe_cal_type: dev_acdb_id[162] is 15
01-01 04:42:54.356 0 0 I afe_find_cal: cal_index 0 port_id 0xb000 port_index 162
01-01 04:42:54.356 0 0 I afe_find_cal: acdb_id 15 dev_acdb_id 15 sample_rate 48000 afe_sample_rates 48000
01-01 04:42:54.356 0 0 I afe_find_cal: cal block is a match, size is 0
01-01 04:42:54.356 0 0 I send_afe_cal_type: Sending cal_index cal 0
01-01 04:42:54.356 0 0 E send_afe_cal_type: No cal sent for cal_index 0, port_id = 0xb000! ret -22
01-01 04:42:54.357 0 0 E [wifi@1][0xbefb3c26][16:53:52.166356] wlan: [947:E:QDF] qdf_mem_malloc_debug: 1206: Cannot malloc 0 bytes @ csr_get_cfg_max_tx_power:14199
01-01 04:42:54.360 0 0 I [schedu][0xbefc2c92][16:53:52.169562] wlan: [2470:I:WMI] LFR3:OKC enabled
01-01 04:42:54.360 0 0 I [schedu][0xbefc2d73][16:53:52.169573] wlan: [2470:I:WMI] LFR3:PMKSA caching enabled
01-01 04:42:54.365 0 0 I afe_send_hw_delay: port_id 0xb000 rate 48000 delay_usec 474 status 0
01-01 04:42:54.381 0 0 I [schedu][0xbf0244c5][16:53:52.190364] wlan: [2470:I:WMI] LFR3:OKC enabled
01-01 04:42:54.381 0 0 I [schedu][0xbf024595][16:53:52.190375] wlan: [2470:I:WMI] LFR3:PMKSA caching enabled
01-01 04:42:54.392 0 0 I [wpa_su][0xbf056993][16:53:52.201095] wlan: [2846:I:HDD] wlan0(vdevid-0): Received Disconnect reason:3 WLAN_REASON_DEAUTH_LEAVING
01-01 04:42:54.394 0 0 I [schedu][0xbf062365][16:53:52.203574] wlan: [2470:I:PE] Deauth TX: vdev 0 seq_num 2060 reason 3 waitForAck 1 to b6:2a:7d:83:93:1c from 02:fd:91:f2:ce:32
01-01 04:42:54.488 0 0 I [schedu][0xbf218e4e][16:53:52.297160] wlan: [2470:I:HDD] wlan0(vdevid-0): disconnected
01-01 04:42:54.488 0 0 I [schedu][0xbf219215][16:53:52.297210] wlan: [2470:I:DP] dp_tx_flow_pool_unmap_handler: flow_id 0 flow_type 0 flow_pool_id 0
01-01 04:42:54.493 0 0 I [wpa_su][0xbf231a81][16:53:52.302722] wlan: [2846:I:HDD] Disconnect reason: 3 WLAN_REASON_DEAUTH_LEAVING vendor: 0 LG: 1
01-01 04:42:54.523 0 0 D : mv2112_read_status
01-01 04:42:54.524 0 0 D mv2112_update_link: 3.0x901(1G): 0x4
01-01 04:42:54.524 0 0 D mv2112_update_link: 3.0x8109(100M): 0x8
01-01 04:42:54.524 0 0 D mv2112_update_link: link 0x4
01-01 04:42:54.524 0 0 D mv2112_read_status: autoneg is disabled
01-01 04:42:54.535 0 0 I [schedu][0xbf2f6450][16:53:52.344386] wlan: [2470:I:HIF] Deinitializing Runtime PM wakelock &vdev->vdev_set_key_runtime_wakelock
01-01 04:42:54.546 0 0 I [schedu][0xbf32c5ec][16:53:52.355928] wlan: [2470:I:HIF] Initializing Runtime PM wakelock &vdev->vdev_set_key_runtime_wakelock
01-01 04:42:54.623 0 0 I [wifi@1][0xbf493c81][16:53:52.432601] wlan: [947:I:DP] dp_vdev_attach_wifi3: wlan_cfg_ap_bridge_enabled 0
08-16 16:53:52.431 947 947 D android.hardware.wifi@1.0-service: Successfully SetMacAddress.
01-01 04:42:54.631 0 0 I IPv6 : ADDRCONF(NETDEV_UP): wlan0: link is not ready
01-01 04:42:54.637 0 0 I cnss-daemon: Invalid mac address
01-01 04:42:54.637 0 0 I cnss-daemon: failed to update gateway
08-16 16:53:52.460 1308 1308 W wificond: Scan is not started. Ignore abort request
01-01 04:42:54.651 0 0 E [wifi@1][0xbf5152c8][16:53:52.460204] wlan: [2683:E:wifipos] wifi_pos_process_app_reg_req: 608: Received App Req Req pid(-360709197), len(16)
01-01 04:42:54.666 0 0 I [wifi@1][0xbf55ca3e][16:53:52.475451] wlan: [2683:I:wifipos] wifi_pos_get_ch_info: 461: num channels: 26
01-01 04:42:54.667 0 0 I [wifi@1][0xbf56027d][16:53:52.476201] wlan: [2683:I:wifipos] wifi_pos_get_ch_info: 461: num channels: 26
01-01 04:42:54.850 0 0 I [wpa_su][0xbf8b9ade][16:53:52.659140] wlan: [2846:I:SME] vdev-0: Connecting to TP-LINK_9319 96:2a:7d:83:93:1a rssi: -46 freq: 2462 akm 9 cipher: uc 6 mc 6, CC:
01-01 04:42:54.850 0 0 E [wpa_su][0xbf8bb6af][16:53:52.659511] wlan: [2846:E:QDF] qdf_mem_malloc_debug: 1206: Cannot malloc 0 bytes @ csr_get_cfg_max_tx_power:14199
01-01 04:42:54.871 0 0 I [schedu][0xbf91db55][16:53:52.680480] wlan: [2470:I:WMI] send_vdev_start_cmd_tlv: 1062: send_vdev_start_cmd_tlv: vdev_id 0 freq 2462 chanmode 12 ch_info: 0xc is_dfs 0 beacon interval 100 dtim 0 center_chan 2452 center_freq2 0 reg_info_1: 0x140000 reg_info_2: 0x1400, req->max_txpow: 0x14 Tx SS 1, Rx SS 1, ldpc_rx: 0, cac 0, regd 4, HE ops: 0req->dis_hw_ack: 0
01-01 04:42:54.881 0 0 I [soft_i][0xbf94e32b][16:53:52.690823] wlan: [0:I:TXRX] HTT_T2H_MSG_TYPE_PEER_MAP msg for peer id 14 vdev id 0 n
01-01 04:42:54.881 0 0 E [soft_i][0xbf94e5b5][16:53:52.690857] wlan: [0:E:DP] dp_peer_find_add_id: peer fffffffb07a90000 ID 14 vid 0 mac 96:2a:7d:83:93:1a
01-01 04:42:54.895 0 0 I [soft_i][0xbf98e4f8][16:53:52.704501] wlan: [0:I:DP] dp_peer_find_add_id: ref_cnt: 2
01-01 04:42:54.895 0 0 E [soft_i][0xbf98e609][16:53:52.704515] wlan: [0:E:DP] dp_peer_map_ast: peer fffffffb07a90000 ID 68 vid 0 mac 96:2a:7d:83:93:1a
08-16 16:53:52.744 1147 1717 W ContextImpl: Calling a method in the system process without a qualified user: android.app.ContextImpl.sendStickyBroadcast:1559 com.android.server.ConnectivityService.sendStickyBroadcast:2811 com.android.server.ConnectivityService.sendLegacyNetworkBroadcast:8732 com.android.server.ConnectivityService$LegacyTypeTracker.remove:1007 com.android.server.ConnectivityService$LegacyTypeTracker.remove:1024
01-01 04:42:54.984 0 0 I [schedu][0xbfb2d703][16:53:52.793061] wlan: [2470:I:PE] Auth TX: seq 1 seq num 2062 status 0 WEP 0 to 96:2a:7d:83:93:1a
01-01 04:42:55.014 0 0 I [schedu][0xbfbbb462][16:53:52.823321] wlan: [2470:I:PE] Auth TX: success
01-01 04:42:55.025 0 0 I [schedu][0xbfbf12ac][16:53:52.834818] wlan: [2470:I:PE] Auth RX: vdev 0 sys role 3 lim_state 5 from 96:2a:7d:83:93:1a rssi -43 auth_alg 0 seq 3014
01-01 04:42:55.027 0 0 I [schedu][0xbfbf875f][16:53:52.836374] wlan: [2470:I:PE] Assoc req TX: vdev 0 to 96:2a:7d:83:93:1a seq num 2063
01-01 04:42:55.036 0 0 I [schedu][0xbfc23078][16:53:52.845455] wlan: [2470:I:PE] Assoc req TX: success
01-01 04:42:55.045 0 0 I [schedu][0xbfc4c978][16:53:52.854322] wlan: [2470:I:PE] Assoc rsp RX: subtype 0 vdev 0 sys role 3 lim state 10 rssi -44 from 96:2a:7d:83:93:1a
01-01 04:42:55.064 0 0 E [schedu][0xbfca6b2b][16:53:52.873545] wlan: [2470:E:QDF] qdf_mem_malloc_debug: 1206: Cannot malloc 0 bytes @ csr_get_cfg_max_tx_power:14199
01-01 04:42:55.080 0 0 E [schedu][0xbfcf1ce0][16:53:52.889568] wlan: [2470:E:QDF] qdf_mem_malloc_debug: 1206: Cannot malloc 0 bytes @ csr_get_cfg_max_tx_power:14199
01-01 04:42:55.097 0 0 E [soft_i][0xbfd3f9c3][16:53:52.906165] wlan: [0:E:DP] dp_tx_initialize_threshold: tx flow control threshold is set, pool size is 4096
01-01 04:42:55.110 0 0 I [schedu][0xbfd7eb5e][16:53:52.919626] wlan: [2470:I:HDD] wlan0(vdevid-0): e6:a2:e7:f9:be:e8 connected to 96:2a:7d:83:93:1a
01-01 04:42:55.121 0 0 I [dp_rx_][0xbfdb0cef][16:53:52.930315] wlan: [2582:I:QDF] EAPOL-1 RX: SA:96:2a:7d:83:93:1a DA:e6:a2:e7:f9:be:e8
01-01 04:42:55.122 0 0 I [soft_i][0xbfdb6ccc][16:53:52.931592] wlan: [0:I:DP] dp_addba_requestprocess_wifi3 restore BA win 64 based on addba req
01-01 04:42:55.123 0 0 E [schedu][0xbfdba7ae][16:53:52.932376] wlan: [2470:E:PE] lim_process_addba_req: 1716: Failed to process addba request
01-01 04:42:55.137 0 0 I [soft_i][0xbfdfcfcf][16:53:52.946565] wlan: [0:I:QDF] EAPOL-2 TX: SA:e6:a2:e7:f9:be:e8 DA:96:2a:7d:83:93:1a msdu_id:0 status: succ
01-01 04:42:55.149 0 0 I [dp_rx_][0xbfe36702][16:53:52.958822] wlan: [2582:I:QDF] EAPOL-3 RX: SA:96:2a:7d:83:93:1a DA:e6:a2:e7:f9:be:e8
01-01 04:42:55.152 0 0 I [soft_i][0xbfe4566c][16:53:52.962013] wlan: [0:I:QDF] EAPOL-4 TX: SA:e6:a2:e7:f9:be:e8 DA:96:2a:7d:83:93:1a msdu_id:0 status: succ
01-01 04:42:55.175 0 0 E [schedu][0xbfeaefbb][16:53:52.984538] wlan: [2470:E:QDF] qdf_mem_malloc_debug: 1206: Cannot malloc 0 bytes @ csr_get_cfg_max_tx_power:14199
01-01 04:42:55.203 0 0 I [schedu][0xbff3225c][16:53:53.012519] wlan: [2470:I:WMI] LFR3:OKC enabled
01-01 04:42:55.203 0 0 I [schedu][0xbff323b2][16:53:53.012537] wlan: [2470:I:WMI] LFR3:PMKSA caching enabled
01-01 04:42:55.246 0 0 E [schedu][0xbfffcc60][16:53:53.055747] wlan: [2470:E:PE] OBSS Scan Indication bssid 96:2a:7d:83:93:1a
01-01 04:42:55.257 0 0 E [schedu][0xc002e592][16:53:53.066322] wlan: [2470:E:WMA] cmdlen 140 vdev_id 0 channel count 13 iefield_len 0
01-01 04:42:55.268 0 0 E [schedu][0xc00636fc][16:53:53.077648] wlan: [2470:E:WMA] scantype 1 active_time 10 passive 20 Obss interval 200
01-01 04:42:55.496 0 0 I [soft_i][0xc0491928][16:53:53.305944] wlan: [0:I:QDF] DHCP-R TX: SA:e6:a2:e7:f9:be:e8 DA:ff:ff:ff:ff:ff:ff msdu_id:1 status: succ
01-01 04:42:55.513 0 0 I [dp_rx_][0xc04e0bb8][16:53:53.322832] wlan: [2582:I:QDF] DHCP-R RX: SA:e6:a2:e7:f9:be:e8 DA:ff:ff:ff:ff:ff:ff
01-01 04:42:55.516 0 0 I [dp_rx_][0xc04ee822][16:53:53.325771] wlan: [2582:I:QDF] DHCP-A RX: SA:f4:2a:7d:83:93:19 DA:ff:ff:ff:ff:ff:ff
01-01 04:42:55.539 0 0 D : mv2112_read_status
01-01 04:42:55.540 0 0 D mv2112_update_link: 3.0x901(1G): 0x4
01-01 04:42:55.540 0 0 D mv2112_update_link: 3.0x8109(100M): 0x8
01-01 04:42:55.540 0 0 D mv2112_update_link: link 0x4
01-01 04:42:55.540 0 0 D mv2112_read_status: autoneg is disabled
08-16 16:53:53.438 681 739 E NetlinkEvent: NetlinkEvent::FindParam(): Parameter 'INTERFACE' not found
08-16 16:53:53.438 681 739 E NetlinkEvent: NetlinkEvent::FindParam(): Parameter 'STATE' not found
08-16 16:53:53.438 681 739 E NetlinkEvent: NetlinkEvent::FindParam(): Parameter 'TIME_NS' not found
08-16 16:53:53.438 681 739 E NetlinkEvent: NetlinkEvent::FindParam(): Parameter 'UID' not found
01-01 04:42:55.663 0 0 I [soft_i][0xc07a066c][16:53:53.472948] wlan: [0:I:DP] dp_addba_requestprocess_wifi3 restore BA win 64 based on addba req
08-16 16:53:53.461 1147 1717 W ContextImpl: Calling a method in the system process without a qualified user: android.app.ContextImpl.sendStickyBroadcast:1559 com.android.server.ConnectivityService.sendStickyBroadcast:2811 com.android.server.ConnectivityService.sendGeneralBroadcast:2786 com.android.server.ConnectivityService.sendConnectedBroadcast:2759 com.android.server.ConnectivityService.sendLegacyNetworkBroadcast:8704
01-01 04:42:55.861 0 0 E swr-wcd wsa_swr_ctrl: swrm_runtime_suspend: clk stop mode not supported or SSR entry
01-01 04:42:56.115 0 0 I init : starting service 'vendor.light-hal-2-0'...
01-01 04:42:56.161 0 0 I init : starting service 'qvrd_vndr'...
01-01 04:42:56.162 0 0 I init : Created socket '/dev/socket/qvrservice_vndr', mode 660, user 1000, group 1000
01-01 04:42:56.164 0 0 I init : Created socket '/dev/socket/qvrservice_vndr_camera', mode 660, user 1000, group 1000
01-01 04:42:56.196 0 0 I init : starting service 'sxrd'...
08-16 16:53:54.033 4723 4723 F linker : CANNOT LINK EXECUTABLE "/vendor/bin/hw/qvrservice": library "vendor.qti.hardware.qxr-V1-ndk_platform.so" not found: needed by /vendor/lib64/libqvrservice.so in namespace (default)
01-01 04:42:56.233 0 0 I init : Service 'vendor.light-hal-2-0' (pid 4722) exited with status 0
01-01 04:42:56.233 0 0 I init : Sending signal 9 to service 'vendor.light-hal-2-0' (pid 4722) process group...
01-01 04:42:56.234 0 0 I libprocessgroup: Successfully killed process cgroup uid 1000 pid 4722 in 0ms
01-01 04:42:56.235 0 0 I init : Service 'qvrd_vndr' (pid 4723) exited with status 1
01-01 04:42:56.235 0 0 I init : Sending signal 9 to service 'qvrd_vndr' (pid 4723) process group...
08-16 16:53:54.073 4724 4724 F linker : CANNOT LINK EXECUTABLE "/vendor/bin/hw/sxrservice": library "vendor.qti.hardware.qxr-V1-ndk_platform.so" not found: needed by main executable
01-01 04:42:56.572 0 0 D : mv2112_read_status
01-01 04:42:56.572 0 0 D mv2112_update_link: 3.0x901(1G): 0x4
01-01 04:42:56.572 0 0 D mv2112_update_link: 3.0x8109(100M): 0x8
01-01 04:42:56.572 0 0 D mv2112_update_link: link 0x4
01-01 04:42:56.572 0 0 D mv2112_read_status: autoneg is disabled
01-01 04:42:57.586 0 0 D : mv2112_read_status
01-01 04:42:57.586 0 0 D mv2112_update_link: 3.0x901(1G): 0x4
01-01 04:42:57.586 0 0 D mv2112_update_link: 3.0x8109(100M): 0x8
01-01 04:42:57.586 0 0 D mv2112_update_link: link 0x4
01-01 04:42:57.586 0 0 D mv2112_read_status: autoneg is disabled --------- beginning of main
08-16 16:53:55.491 825 2867 D audio_hw_primary: out_set_parameters: enter: usecase(1: low-latency-playback) kvpairs: suspend_playback=false
08-16 16:53:55.491 825 2867 D audio_hw_extn: audio_extn_fm_set_parameters: Enter
08-16 16:53:55.492 825 843 D audio_hw_primary: out_standby: enter: stream (0xefec0010) usecase(1: low-latency-playback)
08-16 16:53:55.503 3235 3440 V ConnectivityChangeHandler: onBroadcastReceiver, isNetworkConnected no!! wait for 1s
01-01 04:42:57.701 0 0 I afe_close: port_id = 0xb000
08-16 16:53:55.516 825 843 D audio_hw_primary: disable_audio_route: reset and update mixer path: low-latency-playback
08-16 16:53:55.516 825 843 E soundtrigger: audio_extn_sound_trigger_update_stream_status: invalid input device 0x0, for event 2
08-16 16:53:55.517 825 843 D soundtrigger: audio_extn_sound_trigger_update_stream_status: uc_info->id 1 of type 0 for Event 2, with Raise=0
08-16 16:53:55.517 825 843 D msm8974_platform: platform_split_snd_device: snd_device(2) num devices(0) new_snd_devices(0)
08-16 16:53:55.517 825 843 I msm8974_platform: platform_get_custom_mtmx_params: no matching param with id 0 ip_ch 2 op_ch 2 uc_id 1 snd_dev 2
08-16 16:53:55.517 825 843 D hardware_info: hw_info_append_hw_type : device_name = speaker
08-16 16:53:55.517 825 843 D audio_hw_primary: disable_snd_device: snd_device(2: speaker)
08-16 16:53:55.517 825 843 D msm8974_platform: platform_split_snd_device: snd_device(2) num devices(0) new_snd_devices(0)
08-16 16:53:55.526 825 843 I soundtrigger: audio_extn_sound_trigger_update_device_status: device 0x2 of type 0 for Event 0, with Raise=0
08-16 16:53:55.526 825 843 D audio_hw_primary: out_standby: exit
08-16 16:53:55.892 1147 1690 D CompatibilityInfo: mCompatibilityFlags - 4
08-16 16:53:55.892 1147 1690 D CompatibilityInfo: applicationDensity - 240
08-16 16:53:55.892 1147 1690 D CompatibilityInfo: applicationScale - 1.0
08-16 16:53:55.897 2204 2204 I QImsService: QtiImsExtService : QtiImsExtService created!
08-16 16:53:55.898 2204 2204 E QImsService: QtiImsExtService : QtiImsExtService, ImsService is not yet started retry.
08-16 16:53:55.899 2335 2335 D QtiImsExtConnector: Attempt to bind QtiImsExt service returned with: true
08-16 16:53:55.900 2204 2204 E QImsService: QtiImsExtService : QtiImsExtService, ImsService is not yet started retry.
08-16 16:53:55.900 2204 2204 W QImsService: QtiImsExtService : onBind returned null
08-16 16:53:55.903 2335 2335 D QtiImsExtConnector: onNullBinding componentName ComponentInfo{org.codeaurora.ims/org.codeaurora.ims.QtiImsExtService}
08-16 16:53:56.357 1836 2768 I OpenGLRenderer: Davey! duration=9223371878392ms; Flags=0, FrameTimelineVsyncId=8115, IntendedVsync=158462259229, Vsync=158462259229, InputEventId=0, HandleInputStart=158463488116, AnimationStart=158463490512, PerformTraversalsStart=158463492074, DrawStart=158469986710, FrameDeadline=158478925895, FrameInterval=158463477491, FrameStartTime=16666666, SyncQueued=158470332543, SyncStart=158470546189, IssueDrawCommandsStart=158470857543, SwapBuffers=158472869262, FrameCompleted=9223372036854775807, DequeueBufferDuration=47344, QueueBufferDuration=2529011, GpuCompleted=9223372036854775807, SwapBuffersCompleted=158476659418, DisplayPresentTime=0,
08-16 16:53:56.414 1147 1690 D CompatibilityInfo: mCompatibilityFlags - 4
08-16 16:53:56.414 1147 1690 D CompatibilityInfo: applicationDensity - 240
08-16 16:53:56.415 1147 1690 D CompatibilityInfo: applicationScale - 1.0
08-16 16:53:56.420 2335 2335 D QtiImsExtConnector: Attempt to bind QtiImsExt service returned with: true
08-16 16:53:56.420 2204 2204 I QImsService: QtiImsExtService : QtiImsExtService created!
08-16 16:53:56.421 2204 2204 E QImsService: QtiImsExtService : QtiImsExtService, ImsService is not yet started retry.
08-16 16:53:56.421 2204 2204 E QImsService: QtiImsExtService : QtiImsExtService, ImsService is not yet started retry.
08-16 16:53:56.421 2204 2204 W QImsService: QtiImsExtService : onBind returned null
08-16 16:53:56.423 2335 2335 D QtiImsExtConnector: onNullBinding componentName ComponentInfo{org.codeaurora.ims/org.codeaurora.ims.QtiImsExtService}
01-01 04:42:58.614 0 0 D : mv2112_read_status
01-01 04:42:58.614 0 0 D mv2112_update_link: 3.0x901(1G): 0x4
01-01 04:42:58.614 0 0 D mv2112_update_link: 3.0x8109(100M): 0x8
01-01 04:42:58.614 0 0 D mv2112_update_link: link 0x4
01-01 04:42:58.614 0 0 D mv2112_read_status: autoneg is disabled
08-16 16:53:56.448 2067 4701 I DpmTcmClient: RegisterTcmMonitor from: $Proxy2
08-16 16:53:56.451 681 4728 D resolv : GetAddrInfoHandler::run: {102 983142 102 983142 1073 1}
08-16 16:53:56.452 681 4728 D resolv : resolv_getaddrinfo: explore_fqdn(): ai_family=0 ai_socktype=1 ai_protocol=6
08-16 16:53:56.455 681 4729 D resolv : doQuery: (1, 1)
08-16 16:53:56.456 681 4729 D resolv : res_nmkquery: (QUERY, IN, A)
08-16 16:53:56.456 681 4729 D resolv : res_nsend
08-16 16:53:56.456 681 4729 I resolv : resolv_cache_lookup: lookup
08-16 16:53:56.456 681 4729 I resolv : resolv_cache_lookup: NOT IN CACHE
08-16 16:53:56.456 681 4729 I resolv : resolv_cache_lookup: Waiting for previous request
08-16 16:53:56.505 3235 3440 V ConnectivityChangeHandler: processNetworkChange BEGINS, mCheckNetwrokRetryTime = 1
08-16 16:53:56.507 3235 3440 V ConnectivityChangeHandler: onBroadcastReceiver, isNetworkConnected no!! wait for 1s
08-16 16:53:56.944 1147 1690 D CompatibilityInfo: mCompatibilityFlags - 4
08-16 16:53:56.944 1147 1690 D CompatibilityInfo: applicationDensity - 240
08-16 16:53:56.944 1147 1690 D CompatibilityInfo: applicationScale - 1.0
08-16 16:53:56.949 2204 2204 I QImsService: QtiImsExtService : QtiImsExtService created!
08-16 16:53:56.949 2204 2204 E QImsService: QtiImsExtService : QtiImsExtService, ImsService is not yet started retry.
08-16 16:53:56.950 2204 2204 E QImsService: QtiImsExtService : QtiImsExtService, ImsService is not yet started retry.
08-16 16:53:56.950 2204 2204 W QImsService: QtiImsExtService : onBind returned null
08-16 16:53:56.953 2335 2335 D QtiImsExtConnector: Attempt to bind QtiImsExt service returned with: true
08-16 16:53:56.953 2335 2335 D QtiImsExtConnector: onNullBinding componentName ComponentInfo{org.codeaurora.ims/org.codeaurora.ims.QtiImsExtService}
01-01 04:42:59.635 0 0 D : mv2112_read_status
01-01 04:42:59.635 0 0 D mv2112_update_link: 3.0x901(1G): 0x4
01-01 04:42:59.635 0 0 D mv2112_update_link: 3.0x8109(100M): 0x8
01-01 04:42:59.635 0 0 D mv2112_update_link: link 0x4
01-01 04:42:59.635 0 0 D mv2112_read_status: autoneg is disabled
08-16 16:53:57.468 1147 1690 D CompatibilityInfo: mCompatibilityFlags - 4
08-16 16:53:57.469 1147 1690 D CompatibilityInfo: applicationDensity - 240
08-16 16:53:57.469 1147 1690 D CompatibilityInfo: applicationScale - 1.0
08-16 16:53:57.473 2204 2204 I QImsService: QtiImsExtService : QtiImsExtService created!
08-16 16:53:57.473 2204 2204 E QImsService: QtiImsExtService : QtiImsExtService, ImsService is not yet started retry.
08-16 16:53:57.474 2204 2204 E QImsService: QtiImsExtService : QtiImsExtService, ImsService is not yet started retry.
08-16 16:53:57.475 2204 2204 W QImsService: QtiImsExtService : onBind returned null
08-16 16:53:57.476 2335 2335 D QtiImsExtConnector: Attempt to bind QtiImsExt service returned with: true
08-16 16:53:57.477 2335 2335 D QtiImsExtConnector: onNullBinding componentName ComponentInfo{org.codeaurora.ims/org.codeaurora.ims.QtiImsExtService}
08-16 16:53:57.511 3235 3440 V ConnectivityChangeHandler: processNetworkChange BEGINS, mCheckNetwrokRetryTime = 2
08-16 16:53:57.517 3235 3440 V ConnectivityChangeHandler: onBroadcastReceiver, isNetworkConnected no!! wait for 1s
08-16 16:53:57.991 1147 1990 D CompatibilityInfo: mCompatibilityFlags - 4
08-16 16:53:57.991 1147 1990 D CompatibilityInfo: applicationDensity - 240
08-16 16:53:57.992 1147 1990 D CompatibilityInfo: applicationScale - 1.0
08-16 16:53:57.995 2204 2204 I QImsService: QtiImsExtService : QtiImsExtService created!
08-16 16:53:57.995 2204 2204 E QImsService: QtiImsExtService : QtiImsExtService, ImsService is not yet started retry.
08-16 16:53:57.997 2204 2204 E QImsService: QtiImsExtService : QtiImsExtService, ImsService is not yet started retry.
08-16 16:53:57.998 2204 2204 W QImsService: QtiImsExtService : onBind returned null
08-16 16:53:57.998 2335 2335 D QtiImsExtConnector: Attempt to bind QtiImsExt service returned with: true
08-16 16:53:58.000 2335 2335 D QtiImsExtConnector: onNullBinding componentName ComponentInfo{org.codeaurora.ims/org.codeaurora.ims.QtiImsExtService}
08-16 16:53:58.194 1147 1994 I WifiService: startScan uid=1000
08-16 16:53:58.223 1455 4691 D LOWI-9.0.0.87.a: [LOWI-Scan] wait_event:Wait done with Cmd 33
08-16 16:53:58.223 1455 4691 D LOWI-9.0.0.87.a: [LOWI-Scan] do_listen_events: Rcvd valid Netlink Cmd 0 Err 0
01-01 04:43:00.451 0 0 I [schedu][0xc5f48171][16:53:58.260083] wlan: [2470:I:OSIF] scan start scan id 40967
01-01 04:43:00.658 0 0 D : mv2112_read_status
01-01 04:43:00.658 0 0 D mv2112_update_link: 3.0x901(1G): 0x4
01-01 04:43:00.658 0 0 D mv2112_update_link: 3.0x8109(100M): 0x8
01-01 04:43:00.658 0 0 D mv2112_update_link: link 0x4
01-01 04:43:00.658 0 0 D mv2112_read_status: autoneg is disabled
08-16 16:53:58.499 681 4708 I resolv : retrying_poll: 74 retrying_poll timeout
08-16 16:53:58.499 681 4707 I resolv : retrying_poll: 69 retrying_poll timeout
08-16 16:53:58.499 681 4707 D resolv : send_dg: 1
08-16 16:53:58.499 681 4708 D resolv : send_dg: 1
08-16 16:53:58.499 681 4707 I resolv : res_nsend: used send_dg 0 terrno: 110
08-16 16:53:58.499 681 4708 I resolv : res_nsend: used send_dg 0 terrno: 110
08-16 16:53:58.500 681 4708 I resolv : res_stats_set_sample: rcode = 255, sec = 0
08-16 16:53:58.500 681 4707 I resolv : res_stats_set_sample: rcode = 255, sec = 0
08-16 16:53:58.500 681 4708 I resolv : res_cache_add_stats_sample_locked: adding sample to stats, next = 0, count = 0
08-16 16:53:58.500 681 4707 I resolv : res_cache_add_stats_sample_locked: adding sample to stats, next = 1, count = 1
08-16 16:53:58.500 681 4708 D resolv : res_nsend: Querying server (# 1) address = 192.168.1.1:53
08-16 16:53:58.500 681 4707 D resolv : res_nsend: Querying server (# 1) address = 192.168.1.1:53
08-16 16:53:58.500 681 4707 I resolv : get_timeout: using timeout of 5000 msec
08-16 16:53:58.500 681 4707 I resolv : retrying_poll: 69 retrying_poll
08-16 16:53:58.501 681 4708 I resolv : get_timeout: using timeout of 5000 msec
08-16 16:53:58.501 681 4708 I resolv : retrying_poll: 74 retrying_poll
08-16 16:53:58.502 681 4709 I resolv : retrying_poll: 72 retrying_poll timeout
08-16 16:53:58.502 681 4709 D resolv : send_dg: 1
08-16 16:53:58.502 681 4709 I resolv : res_nsend: used send_dg 0 terrno: 110
08-16 16:53:58.502 681 4709 I resolv : res_stats_set_sample: rcode = 255, sec = 0
08-16 16:53:58.502 681 4709 I resolv : res_cache_add_stats_sample_locked: adding sample to stats, next = 2, count = 2
08-16 16:53:58.502 681 4709 D resolv : res_nsend: Querying server (# 1) address = 192.168.1.1:53
08-16 16:53:58.503 681 4709 I resolv : get_timeout: using timeout of 5000 msec
08-16 16:53:58.503 681 4709 I resolv : retrying_poll: 72 retrying_poll
08-16 16:53:58.515 1147 1994 D CompatibilityInfo: mCompatibilityFlags - 4
08-16 16:53:58.515 1147 1994 D CompatibilityInfo: applicationDensity - 240
08-16 16:53:58.515 1147 1994 D CompatibilityInfo: applicationScale - 1.0
08-16 16:53:58.519 3235 3440 V ConnectivityChangeHandler: processNetworkChange BEGINS, mCheckNetwrokRetryTime = 3
08-16 16:53:58.519 681 4711 I resolv : retrying_poll: 78 retrying_poll timeout
08-16 16:53:58.519 681 4711 D resolv : send_dg: 1
08-16 16:53:58.519 681 4711 I resolv : res_nsend: used send_dg 0 terrno: 110
08-16 16:53:58.519 681 4711 I resolv : res_stats_set_sample: rcode = 255, sec = 0
08-16 16:53:58.519 681 4711 I resolv : res_cache_add_stats_sample_locked: adding sample to stats, next = 3, count = 3
08-16 16:53:58.520 681 4711 D resolv : res_nsend: Querying server (# 1) address = 192.168.1.1:53
08-16 16:53:58.520 681 4711 I resolv : get_timeout: using timeout of 5000 msec
08-16 16:53:58.520 681 4711 I resolv : retrying_poll: 78 retrying_poll
08-16 16:53:58.520 2204 2204 I QImsService: QtiImsExtService : QtiImsExtService created!
08-16 16:53:58.521 2335 2335 D QtiImsExtConnector: Attempt to bind QtiImsExt service returned with: true
08-16 16:53:58.521 2204 2204 E QImsService: QtiImsExtService : QtiImsExtService, ImsService is not yet started retry.
08-16 16:53:58.521 2204 2204 E QImsService: QtiImsExtService : QtiImsExtService, ImsService is not yet started retry.
08-16 16:53:58.521 2204 2204 W QImsService: QtiImsExtService : onBind returned null
