08-16 16:54:00.191 1455 4691 D LOWI-9.0.0.87.a: [LOWI-Scan] BSS 54:a7:03:c3:2b:60 FREQ: 5765, cFreq1[40:80:160] = [5755:5775:0] cFreq2 = 0 Country Code = CN
08-16 16:54:00.191 1455 4691 D LOWI-9.0.0.87.a: [LOWI-Scan] BSS 54:a7:03:c3:2b:60 (wlan0) ASSO: NO AddInfo: 0x0, TSF 0, 00:02:40.715, RSSI: -138, CPL: 127, AGE: 1580, SSID test666, TSFDelta: 0x363b0cfd, TXRate: 0
08-16 16:54:00.191 1455 4691 D LOWI-9.0.0.87.a: [LOWI-Scan]
08-16 16:54:00.191 1455 4691 D LOWI-9.0.0.87.a: [LOWI-Scan] print_bss_handler: Report Probe TSF 139746177 as it greater than Beacon TSF 0
08-16 16:54:00.191 1455 4691 D LOWI-9.0.0.87.a: [LOWI-Scan] decode_rsn_wpa_ie: LOWI_ENCRYPTION_TYPE_WPA_PSK
08-16 16:54:00.191 1455 4691 D LOWI-9.0.0.87.a: [LOWI-Scan] is_qcom_ie, bss_age: 0
08-16 16:54:00.191 1455 4691 D LOWI-9.0.0.87.a: [LOWI-Scan] adjust_age:AP AGE upper limit reached. Dont store
08-16 16:54:00.192 1455 4691 D LOWI-9.0.0.87.a: [LOWI-Scan] BSS 4a:98:ca:a9:2f:ef LOWI_PHY_MODE_11NA_HT20(4), Beacon Interval: 100, LOWI_ENCRYPTION_TYPE_WPA_PSK 11mcRanging: No, ANQP: No, LCI: No, Civic: No, capability(0x0011): ESS Privacy
08-16 16:54:00.192 1455 4691 D LOWI-9.0.0.87.a: [LOWI-Scan] BSS 4a:98:ca:a9:2f:ef FREQ: 5765, cFreq1[40:80:160] = [0:0:0] cFreq2 = 0 Country Code =
08-16 16:54:00.192 1455 4691 D LOWI-9.0.0.87.a: [LOWI-Scan] BSS 4a:98:ca:a9:2f:ef (wlan0) ASSO: NO AddInfo: 0x0, TSF 0, 00:02:19.746, RSSI: -156, CPL: 127, AGE: 22548, SSID HAGIBIS-272979, TSFDelta: 0xe133f824, TXRate: 0
08-16 16:54:00.192 1455 4691 D LOWI-9.0.0.87.a: [LOWI-Scan]
08-16 16:54:00.192 1455 4691 D LOWI-9.0.0.87.a: [LOWI-Scan] print_bss_handler: Report beacon TSF 139806675 as it greater than probe TSF 139806675
08-16 16:54:00.192 1455 4691 D LOWI-9.0.0.87.a: [LOWI-Scan] decode_rsn_wpa_ie: LOWI_ENCRYPTION_TYPE_WPA_PSK
08-16 16:54:00.192 1455 4691 D LOWI-9.0.0.87.a: [LOWI-Scan] is_qcom_ie, bss_age: 0
08-16 16:54:00.192 1455 4691 D LOWI-9.0.0.87.a: [LOWI-Scan] adjust_age:AP AGE upper limit reached. Dont store
08-16 16:54:00.192 1455 4691 D LOWI-9.0.0.87.a: [LOWI-Scan] BSS 04:8c:16:c4:ee:30 LOWI_PHY_MODE_11AC_VHT40(9), Beacon Interval: 100, LOWI_ENCRYPTION_TYPE_WPA_PSK 11mcRanging: No, ANQP: No, LCI: No, Civic: No, capability(0x1511): ESS Privacy SpectrumMgmt ShortSlotTime
08-16 16:54:00.192 1455 4691 D LOWI-9.0.0.87.a: [LOWI-Scan] BSS 04:8c:16:c4:ee:30 FREQ: 5785, cFreq1[40:80:160] = [5795:0:0] cFreq2 = 0 Country Code = CN
08-16 16:54:00.192 1455 4691 D LOWI-9.0.0.87.a: [LOWI-Scan] BSS 04:8c:16:c4:ee:30 (wlan0) ASSO: NO AddInfo: 0x1, TSF 0, 00:02:19.806, RSSI: -182, CPL: 127, AGE: 22512, SSID guest, TSFDelta: 0x1285d7e5, TXRate: 0
08-16 16:54:00.193 1455 4691 D LOWI-9.0.0.87.a: [LOWI-Scan]
08-16 16:54:00.193 1455 4691 D LOWI-9.0.0.87.a: [LOWI-Scan] print_bss_handler: Report Probe TSF 140047382 as it greater than Beacon TSF 0
08-16 16:54:00.193 1455 4691 D LOWI-9.0.0.87.a: [LOWI-Scan] decode_rsn_wpa_ie: LOWI_ENCRYPTION_TYPE_WPA_PSK
08-16 16:54:00.193 1455 4691 D LOWI-9.0.0.87.a: [LOWI-Scan] is_qcom_ie, bss_age: 0
08-16 16:54:00.193 1455 4691 D LOWI-9.0.0.87.a: [LOWI-Scan] adjust_age:AP AGE upper limit reached. Dont store
08-16 16:54:00.193 1455 4691 D LOWI-9.0.0.87.a: [LOWI-Scan] BSS 9e:97:cc:03:15:34 LOWI_PHY_MODE_11AC_VHT40_2G(12), Beacon Interval: 100, LOWI_ENCRYPTION_TYPE_WPA_PSK 11mcRanging: No, ANQP: No, LCI: No, Civic: No, capability(0x0431): ESS Privacy ShortPreamble ShortSlotTime
08-16 16:54:00.193 1455 4691 D LOWI-9.0.0.87.a: [LOWI-Scan] BSS 9e:97:cc:03:15:34 FREQ: 2437, cFreq1[40:80:160] = [2427:0:0] cFreq2 = 0 Country Code = CN
08-16 16:54:00.193 1455 4691 D LOWI-9.0.0.87.a: [LOWI-Scan] BSS 9e:97:cc:03:15:34 (wlan0) ASSO: NO AddInfo: 0x0, TSF 0, 00:02:20.047, RSSI: -144, CPL: 127, AGE: 22272, SSID SD3_Test, TSFDelta: 0x5871ead0, TXRate: 0
08-16 16:54:00.193 1455 4691 D LOWI-9.0.0.87.a: [LOWI-Scan]
08-16 16:54:00.193 1455 4691 D LOWI-9.0.0.87.a: [LOWI-Scan] print_bss_handler: Report beacon TSF 162010745 as it greater than probe TSF 162010745
08-16 16:54:00.194 1455 4691 D LOWI-9.0.0.87.a: [LOWI-Scan] decode_rsn_wpa_ie: LOWI_ENCRYPTION_TYPE_WPA_PSK
08-16 16:54:00.194 1455 4691 D LOWI-9.0.0.87.a: [LOWI-Scan] is_qcom_ie, bss_age: 0
08-16 16:54:00.194 1455 4691 D LOWI-9.0.0.87.a: [LOWI-Scan] BSS 96:2a:7d:83:93:1c LOWI_PHY_MODE_11AC_VHT40_2G(12), Beacon Interval: 100, LOWI_ENCRYPTION_TYPE_WPA_PSK 11mcRanging: No, ANQP: No, LCI: No, Civic: No, capability(0x1411): ESS Privacy ShortSlotTime
08-16 16:54:00.194 1455 4691 D LOWI-9.0.0.87.a: [LOWI-Scan] BSS 96:2a:7d:83:93:1c FREQ: 2462, cFreq1[40:80:160] = [2452:0:0] cFreq2 = 0 Country Code = CN
08-16 16:54:00.194 1455 4691 D LOWI-9.0.0.87.a: [LOWI-Scan] BSS 96:2a:7d:83:93:1c (wlan0) ASSO: NO AddInfo: 0x1, TSF 0, 00:02:42.010, RSSI: -90, CPL: 127, AGE: 308, SSID ________________________________, TSFDelta: 0x785a3b2e, TXRate: 0
08-16 16:54:00.194 1455 4691 D LOWI-9.0.0.87.a: [LOWI-Scan]
08-16 16:54:00.194 1455 4691 D LOWI-9.0.0.87.a: [LOWI-Scan] print_bss_handler: Report Probe TSF 139533526 as it greater than Beacon TSF 0
08-16 16:54:00.194 1455 4691 D LOWI-9.0.0.87.a: [LOWI-Scan] decode_rsn_wpa_ie: LOWI_ENCRYPTION_TYPE_WPA_PSK
08-16 16:54:00.194 1455 4691 D LOWI-9.0.0.87.a: [LOWI-Scan] is_qcom_ie, bss_age: 0
08-16 16:54:00.194 1455 4691 D LOWI-9.0.0.87.a: [LOWI-Scan] adjust_age:AP AGE upper limit reached. Dont store
08-16 16:54:00.194 1455 4691 D LOWI-9.0.0.87.a: [LOWI-Scan] BSS 5c:02:14:0f:aa:4c LOWI_PHY_MODE_11NG_HT40(7), Beacon Interval: 100, LOWI_ENCRYPTION_TYPE_WPA_PSK 11mcRanging: No, ANQP: No, LCI: No, Civic: No, capability(0x0411): ESS Privacy ShortSlotTime
08-16 16:54:00.194 1455 4691 D LOWI-9.0.0.87.a: [LOWI-Scan] BSS 5c:02:14:0f:aa:4c FREQ: 2412, cFreq1[40:80:160] = [2422:0:0] cFreq2 = 0 Country Code = CN
08-16 16:54:00.194 1455 4691 D LOWI-9.0.0.87.a: [LOWI-Scan] BSS 5c:02:14:0f:aa:4c (wlan0) ASSO: NO AddInfo: 0x0, TSF 0, 00:02:19.533, RSSI: -120, CPL: 127, AGE: 22784, SSID Redmi_AA4A, TSFDelta: 0x6724bbd8, TXRate: 0
08-16 16:54:00.195 1455 4691 D LOWI-9.0.0.87.a: [LOWI-Scan]
08-16 16:54:00.195 1455 4691 D LOWI-9.0.0.87.a: [LOWI-Scan] print_bss_handler: Report beacon TSF 139586911 as it greater than probe TSF 139586911
08-16 16:54:00.195 1455 4691 D LOWI-9.0.0.87.a: [LOWI-Scan] decode_rsn_wpa_ie: LOWI_ENCRYPTION_TYPE_WPA_PSK
08-16 16:54:00.195 1455 4691 D LOWI-9.0.0.87.a: [LOWI-Scan] is_qcom_ie, bss_age: 0
08-16 16:54:00.195 1455 4691 D LOWI-9.0.0.87.a: [LOWI-Scan] adjust_age:AP AGE upper limit reached. Dont store
08-16 16:54:00.195 1455 4691 D LOWI-9.0.0.87.a: [LOWI-Scan] BSS a6:2a:7d:83:91:7b LOWI_PHY_MODE_11AC_VHT160(15), Beacon Interval: 100, LOWI_ENCRYPTION_TYPE_WPA_PSK 11mcRanging: No, ANQP: No, LCI: No, Civic: No, capability(0x1111): ESS Privacy SpectrumMgmt
08-16 16:54:00.195 1455 4691 D LOWI-9.0.0.87.a: [LOWI-Scan] BSS a6:2a:7d:83:91:7b FREQ: 5200, cFreq1[40:80:160] = [5190:5210:5210] cFreq2 = 5250 Country Code = CN
08-16 16:54:00.195 1455 4691 D LOWI-9.0.0.87.a: [LOWI-Scan] BSS a6:2a:7d:83:91:7b (wlan0) ASSO: NO AddInfo: 0x1, TSF 0, 00:02:19.586, RSSI: -128, CPL: 127, AGE: 22732, SSID BSP_SD3_5G, TSFDelta: 0xc11e6abc, TXRate: 0
08-16 16:54:00.196 1455 4691 D LOWI-9.0.0.87.a: [LOWI-Scan]
08-16 16:54:00.196 1455 4691 D LOWI-9.0.0.87.a: [LOWI-Scan] print_bss_handler: Report beacon TSF 139589800 as it greater than probe TSF 139589800
08-16 16:54:00.196 1455 4691 D LOWI-9.0.0.87.a: [LOWI-Scan] decode_rsn_wpa_ie: LOWI_ENCRYPTION_TYPE_WPA_PSK
08-16 16:54:00.196 1455 4691 D LOWI-9.0.0.87.a: [LOWI-Scan] is_qcom_ie, bss_age: 0
08-16 16:54:00.196 1455 4691 D LOWI-9.0.0.87.a: [LOWI-Scan] adjust_age:AP AGE upper limit reached. Dont store
08-16 16:54:00.196 1455 4691 D LOWI-9.0.0.87.a: [LOWI-Scan] BSS a6:2a:7d:83:91:7d LOWI_PHY_MODE_11AC_VHT160(15), Beacon Interval: 100, LOWI_ENCRYPTION_TYPE_WPA_PSK 11mcRanging: No, ANQP: No, LCI: No, Civic: No, capability(0x1111): ESS Privacy SpectrumMgmt
08-16 16:54:00.196 1455 4691 D LOWI-9.0.0.87.a: [LOWI-Scan] BSS a6:2a:7d:83:91:7d FREQ: 5200, cFreq1[40:80:160] = [5190:5210:5210] cFreq2 = 5250 Country Code = CN
08-16 16:54:00.196 1455 4691 D LOWI-9.0.0.87.a: [LOWI-Scan] BSS a6:2a:7d:83:91:7d (wlan0) ASSO: NO AddInfo: 0x1, TSF 0, 00:02:19.589, RSSI: -126, CPL: 127, AGE: 22728, SSID ________________________________, TSFDelta: 0xc122921b, TXRate: 0
08-16 16:54:00.196 1455 4691 D LOWI-9.0.0.87.a: [LOWI-Scan]
08-16 16:54:00.196 1455 4691 D LOWI-9.0.0.87.a: [LOWI-Scan] print_bss_handler: Report beacon TSF 140049513 as it greater than probe TSF 140049513
08-16 16:54:00.196 1455 4691 D LOWI-9.0.0.87.a: [LOWI-Scan] is_qcom_ie, bss_age: 0
08-16 16:54:00.196 1455 4691 D LOWI-9.0.0.87.a: [LOWI-Scan] adjust_age:AP AGE upper limit reached. Dont store
08-16 16:54:00.196 1455 4691 D LOWI-9.0.0.87.a: [LOWI-Scan] BSS 8c:21:0a:d9:bc:71 LOWI_PHY_MODE_11NG_HT40(7), Beacon Interval: 100, LOWI_ENCRYPTION_TYPE_OPEN 11mcRanging: No, ANQP: No, LCI: No, Civic: No, capability(0x0021): ESS ShortPreamble
08-16 16:54:00.196 1455 4691 D LOWI-9.0.0.87.a: [LOWI-Scan] BSS 8c:21:0a:d9:bc:71 FREQ: 2437, cFreq1[40:80:160] = [2447:0:0] cFreq2 = 0 Country Code =
08-16 16:54:00.196 1455 4691 D LOWI-9.0.0.87.a: [LOWI-Scan] BSS 8c:21:0a:d9:bc:71 (wlan0) ASSO: NO AddInfo: 0x1, TSF 0, 00:02:20.049, RSSI: -152, CPL: 127, AGE: 22268, SSID TP-LINK_2.4GHz_D9BC71, TSFDelta: 0x2506c5ba, TXRate: 0
08-16 16:54:00.197 1455 4691 D LOWI-9.0.0.87.a: [LOWI-Scan]
08-16 16:54:00.197 1455 4691 D LOWI-9.0.0.87.a: [LOWI-Scan] print_bss_handler: Report Probe TSF 140631889 as it greater than Beacon TSF 0
08-16 16:54:00.197 1455 4691 D LOWI-9.0.0.87.a: [LOWI-Scan] decode_rsn_wpa_ie: LOWI_ENCRYPTION_TYPE_WPA_PSK
08-16 16:54:00.197 1455 4691 D LOWI-9.0.0.87.a: [LOWI-Scan] is_qcom_ie, bss_age: 0
08-16 16:54:00.197 1455 4691 D LOWI-9.0.0.87.a: [LOWI-Scan] adjust_age:AP AGE upper limit reached. Dont store
08-16 16:54:00.197 1455 4691 D LOWI-9.0.0.87.a: [LOWI-Scan] BSS f8:9a:78:8d:c7:36 LOWI_PHY_MODE_11NG_HT20(5), Beacon Interval: 100, LOWI_ENCRYPTION_TYPE_WPA_PSK 11mcRanging: No, ANQP: No, LCI: No, Civic: No, capability(0x0411): ESS Privacy ShortSlotTime
08-16 16:54:00.197 1455 4691 D LOWI-9.0.0.87.a: [LOWI-Scan] BSS f8:9a:78:8d:c7:36 FREQ: 2457, cFreq1[40:80:160] = [0:0:0] cFreq2 = 0 Country Code =
08-16 16:54:00.197 1455 4691 D LOWI-9.0.0.87.a: [LOWI-Scan] BSS f8:9a:78:8d:c7:36 (wlan0) ASSO: NO AddInfo: 0x0, TSF 0, 00:02:20.631, RSSI: -184, CPL: 127, AGE: 21688, SSID Mondeo, TSFDelta: 0xc738f66c, TXRate: 0
08-16 16:54:00.197 1455 4691 D LOWI-9.0.0.87.a: [LOWI-Scan]
08-16 16:54:00.197 1455 4691 D LOWI-9.0.0.87.a: [LOWI-Scan] print_bss_handler: Report beacon TSF 161949025 as it greater than probe TSF 161949025
08-16 16:54:00.197 1455 4691 D LOWI-9.0.0.87.a: [LOWI-Scan] decode_rsn_wpa_ie: LOWI_ENCRYPTION_TYPE_WPA_PSK
08-16 16:54:00.197 1455 4691 D LOWI-9.0.0.87.a: [LOWI-Scan] is_qcom_ie, bss_age: 0
08-16 16:54:00.197 1455 4691 D LOWI-9.0.0.87.a: [LOWI-Scan] BSS 94:d0:0d:67:64:79 LOWI_PHY_MODE_11NG_HT40(7), Beacon Interval: 100, LOWI_ENCRYPTION_TYPE_WPA_PSK 11mcRanging: No, ANQP: No, LCI: No, Civic: No, capability(0x1431): ESS Privacy ShortPreamble ShortSlotTime
08-16 16:54:00.198 1455 4691 D LOWI-9.0.0.87.a: [LOWI-Scan] BSS 94:d0:0d:67:64:79 FREQ: 2462, cFreq1[40:80:160] = [2452:0:0] cFreq2 = 0 Country Code = CN
08-16 16:54:00.198 1455 4691 D LOWI-9.0.0.87.a: [LOWI-Scan] BSS 94:d0:0d:67:64:79 (wlan0) ASSO: NO AddInfo: 0x1, TSF 0, 00:02:41.949, RSSI: -142, CPL: 127, AGE: 368, SSID , TSFDelta: 0x9873377, TXRate: 0
08-16 16:54:00.198 1455 4691 D LOWI-9.0.0.87.a: [LOWI-Scan]
08-16 16:54:00.198 1455 4691 D LOWI-9.0.0.87.a: [LOWI-Scan] print_bss_handler: Report beacon TSF 160434332 as it greater than probe TSF 160434332
08-16 16:54:00.198 1455 4691 D LOWI-9.0.0.87.a: [LOWI-Scan] decode_rsn_wpa_ie: LOWI_ENCRYPTION_TYPE_WPA_PSK
08-16 16:54:00.198 1455 4691 D LOWI-9.0.0.87.a: [LOWI-Scan] is_qcom_ie, bss_age: 0
08-16 16:54:00.198 1455 4691 D LOWI-9.0.0.87.a: [LOWI-Scan] BSS b6:2a:7d:83:93:1e LOWI_PHY_MODE_11AC_VHT160(15), Beacon Interval: 100, LOWI_ENCRYPTION_TYPE_WPA_PSK 11mcRanging: No, ANQP: No, LCI: No, Civic: No, capability(0x1111): ESS Privacy SpectrumMgmt
08-16 16:54:00.198 1455 4691 D LOWI-9.0.0.87.a: [LOWI-Scan] BSS b6:2a:7d:83:93:1e FREQ: 5180, cFreq1[40:80:160] = [5190:5210:5210] cFreq2 = 5250 Country Code = CN
08-16 16:54:00.198 1455 4691 D LOWI-9.0.0.87.a: [LOWI-Scan] BSS b6:2a:7d:83:93:1e (wlan0) ASSO: NO AddInfo: 0x1, TSF 0, 00:02:40.434, RSSI: -70, CPL: 127, AGE: 1884, SSID ________________________________, TSFDelta: 0x191c4e8d, TXRate: 0
08-16 16:54:00.199 1455 4691 D LOWI-9.0.0.87.a: [LOWI-Scan]
08-16 16:54:00.199 1455 4691 D LOWI-9.0.0.87.a: [LOWI-Scan] print_bss_handler: Report beacon TSF 161942841 as it greater than probe TSF 161942841
08-16 16:54:00.199 1455 4691 D LOWI-9.0.0.87.a: [LOWI-Scan] decode_rsn_wpa_ie: LOWI_ENCRYPTION_TYPE_WPA_PSK
08-16 16:54:00.199 1455 4691 D LOWI-9.0.0.87.a: [LOWI-Scan] is_qcom_ie, bss_age: 0
08-16 16:54:00.199 1455 4691 D LOWI-9.0.0.87.a: [LOWI-Scan] BSS 94:d0:0d:67:64:7d LOWI_PHY_MODE_11NG_HT40(7), Beacon Interval: 100, LOWI_ENCRYPTION_TYPE_WPA_PSK 11mcRanging: No, ANQP: No, LCI: No, Civic: No, capability(0x1431): ESS Privacy ShortPreamble ShortSlotTime
08-16 16:54:00.199 1455 4691 D LOWI-9.0.0.87.a: [LOWI-Scan] BSS 94:d0:0d:67:64:7d FREQ: 2462, cFreq1[40:80:160] = [2452:0:0] cFreq2 = 0 Country Code = CN
08-16 16:54:00.199 1455 4691 D LOWI-9.0.0.87.a: [LOWI-Scan] BSS 94:d0:0d:67:64:7d (wlan0) ASSO: NO AddInfo: 0x1, TSF 0, 00:02:41.942, RSSI: -150, CPL: 127, AGE: 376, SSID , TSFDelta: 0x98705ec, TXRate: 0
08-16 16:54:00.199 1455 4691 D LOWI-9.0.0.87.a: [LOWI-Scan]
08-16 16:54:00.199 1455 4691 D LOWI-9.0.0.87.a: [LOWI-Scan] print_bss_handler: Report beacon TSF 160597971 as it greater than probe TSF 160597971
08-16 16:54:00.199 1455 4691 D LOWI-9.0.0.87.a: [LOWI-Scan] decode_rsn_wpa_ie: LOWI_ENCRYPTION_TYPE_WPA_PSK
08-16 16:54:00.199 1455 4691 D LOWI-9.0.0.87.a: [LOWI-Scan] is_qcom_ie, bss_age: 0
08-16 16:54:00.199 1455 4691 D LOWI-9.0.0.87.a: [LOWI-Scan] BSS 9e:97:cc:03:15:36 LOWI_PHY_MODE_11AC_VHT160(15), Beacon Interval: 100, LOWI_ENCRYPTION_TYPE_WPA_PSK 11mcRanging: No, ANQP: No, LCI: No, Civic: No, capability(0x0511): ESS Privacy SpectrumMgmt ShortSlotTime
08-16 16:54:00.199 1455 4691 D LOWI-9.0.0.87.a: [LOWI-Scan] BSS 9e:97:cc:03:15:36 FREQ: 5240, cFreq1[40:80:160] = [5230:5210:5210] cFreq2 = 5250 Country Code = CN
08-16 16:54:00.199 1455 4691 D LOWI-9.0.0.87.a: [LOWI-Scan] BSS 9e:97:cc:03:15:36 (wlan0) ASSO: NO AddInfo: 0x1, TSF 0, 00:02:40.597, RSSI: -114, CPL: 127, AGE: 1720, SSID , TSFDelta: 0x2e8a3675, TXRate: 0
08-16 16:54:00.200 1455 4691 D LOWI-9.0.0.87.a: [LOWI-Scan]
08-16 16:54:00.200 1455 4691 D LOWI-9.0.0.87.a: [LOWI-Scan] print_bss_handler: Report beacon TSF 160657576 as it greater than probe TSF 160657576
08-16 16:54:00.200 1455 4691 D LOWI-9.0.0.87.a: [LOWI-Scan] decode_rsn_wpa_ie: LOWI_ENCRYPTION_TYPE_WPA_PSK
08-16 16:54:00.200 1455 4691 D LOWI-9.0.0.87.a: [LOWI-Scan] is_qcom_ie, bss_age: 0
08-16 16:54:00.200 1455 4691 D LOWI-9.0.0.87.a: [LOWI-Scan] BSS 2c:61:04:e5:57:3e LOWI_PHY_MODE_11AC_VHT80(10), Beacon Interval: 100, LOWI_ENCRYPTION_TYPE_WPA_PSK 11mcRanging: No, ANQP: No, LCI: No, Civic: No, capability(0x0031): ESS Privacy ShortPreamble
08-16 16:54:00.200 1455 4691 D LOWI-9.0.0.87.a: [LOWI-Scan] BSS 2c:61:04:e5:57:3e FREQ: 5745, cFreq1[40:80:160] = [5755:5775:0] cFreq2 = 0 Country Code =
08-16 16:54:00.200 1455 4691 D LOWI-9.0.0.87.a: [LOWI-Scan] BSS 2c:61:04:e5:57:3e (wlan0) ASSO: NO AddInfo: 0x1, TSF 0, 00:02:40.657, RSSI: -132, CPL: 127, AGE: 1660, SSID ___, TSFDelta: 0xdb3c8a1e, TXRate: 0
08-16 16:54:00.200 1455 4691 D LOWI-9.0.0.87.a: [LOWI-Scan]
08-16 16:54:00.200 1455 4691 D LOWI-9.0.0.87.a: [LOWI-Scan] print_bss_handler: Report beacon TSF 160657980 as it greater than probe TSF 160657980
08-16 16:54:00.200 1455 4691 D LOWI-9.0.0.87.a: [LOWI-Scan] decode_rsn_wpa_ie: LOWI_ENCRYPTION_TYPE_WPA_PSK
08-16 16:54:00.200 1455 4691 D LOWI-9.0.0.87.a: [LOWI-Scan] is_qcom_ie, bss_age: 0
08-16 16:54:00.200 1455 4691 D LOWI-9.0.0.87.a: [LOWI-Scan] BSS 94:d0:0d:67:64:7c LOWI_PHY_MODE_11AC_VHT80(10), Beacon Interval: 100, LOWI_ENCRYPTION_TYPE_WPA_PSK 11mcRanging: No, ANQP: No, LCI: No, Civic: No, capability(0x1531): ESS Privacy ShortPreamble SpectrumMgmt ShortSlotTime
08-16 16:54:00.200 1455 4691 D LOWI-9.0.0.87.a: [LOWI-Scan] BSS 94:d0:0d:67:64:7c FREQ: 5745, cFreq1[40:80:160] = [5755:5775:0] cFreq2 = 0 Country Code = CN
08-16 16:54:00.200 1455 4691 D LOWI-9.0.0.87.a: [LOWI-Scan] BSS 94:d0:0d:67:64:7c (wlan0) ASSO: NO AddInfo: 0x1, TSF 0, 00:02:40.657, RSSI: -114, CPL: 127, AGE: 1660, SSID Visional, TSFDelta: 0xe4a5b36e, TXRate: 0
08-16 16:54:00.200 1455 4691 D LOWI-9.0.0.87.a: [LOWI-Scan]
08-16 16:54:00.200 1455 4691 D LOWI-9.0.0.87.a: [LOWI-Scan] print_bss_handler: Report beacon TSF 160662298 as it greater than probe TSF 160662298
08-16 16:54:00.201 1455 4691 D LOWI-9.0.0.87.a: [LOWI-Scan] decode_rsn_wpa_ie: LOWI_ENCRYPTION_TYPE_WPA_PSK
08-16 16:54:00.201 1455 4691 D LOWI-9.0.0.87.a: [LOWI-Scan] is_qcom_ie, bss_age: 0
08-16 16:54:00.201 1455 4691 D LOWI-9.0.0.87.a: [LOWI-Scan] BSS f4:a4:d6:51:0e:31 LOWI_PHY_MODE_11AC_VHT40(9), Beacon Interval: 100, LOWI_ENCRYPTION_TYPE_WPA_PSK 11mcRanging: No, ANQP: No, LCI: No, Civic: No, capability(0x1511): ESS Privacy SpectrumMgmt ShortSlotTime
08-16 16:54:00.201 1455 4691 D LOWI-9.0.0.87.a: [LOWI-Scan] BSS f4:a4:d6:51:0e:31 FREQ: 5745, cFreq1[40:80:160] = [5755:0:0] cFreq2 = 0 Country Code = CN
08-16 16:54:00.201 1455 4691 D LOWI-9.0.0.87.a: [LOWI-Scan] BSS f4:a4:d6:51:0e:31 (wlan0) ASSO: NO AddInfo: 0x1, TSF 0, 00:02:40.662, RSSI: -178, CPL: 127, AGE: 1656, SSID thundercomm, TSFDelta: 0xcacaf33c, TXRate: 0
08-16 16:54:00.201 1455 4691 D LOWI-9.0.0.87.a: [LOWI-Scan]
08-16 16:54:00.201 1455 4691 D LOWI-9.0.0.87.a: [LOWI-Scan] print_bss_handler: Report beacon TSF 160662672 as it greater than probe TSF 160662672
08-16 16:54:00.201 1455 4691 D LOWI-9.0.0.87.a: [LOWI-Scan] decode_rsn_wpa_ie: LOWI_ENCRYPTION_TYPE_WPA_PSK
08-16 16:54:00.201 1455 4691 D LOWI-9.0.0.87.a: [LOWI-Scan] is_qcom_ie, bss_age: 0
08-16 16:54:00.201 1455 4691 D LOWI-9.0.0.87.a: [LOWI-Scan] BSS f4:a4:d6:51:0e:30 LOWI_PHY_MODE_11AC_VHT40(9), Beacon Interval: 100, LOWI_ENCRYPTION_TYPE_WPA_PSK 11mcRanging: No, ANQP: No, LCI: No, Civic: No, capability(0x1511): ESS Privacy SpectrumMgmt ShortSlotTime
08-16 16:54:00.201 1455 4691 D LOWI-9.0.0.87.a: [LOWI-Scan] BSS f4:a4:d6:51:0e:30 FREQ: 5745, cFreq1[40:80:160] = [5755:0:0] cFreq2 = 0 Country Code = CN
08-16 16:54:00.201 1455 4691 D LOWI-9.0.0.87.a: [LOWI-Scan] BSS f4:a4:d6:51:0e:30 (wlan0) ASSO: NO AddInfo: 0x1, TSF 0, 00:02:40.662, RSSI: -180, CPL: 127, AGE: 1656, SSID guest, TSFDelta: 0xcace78b6, TXRate: 0
08-16 16:54:00.201 1455 4691 D LOWI-9.0.0.87.a: [LOWI-Scan]
08-16 16:54:00.201 1455 4691 D LOWI-9.0.0.87.a: [LOWI-Scan] print_bss_handler: Report beacon TSF 160666864 as it greater than probe TSF 160666864
08-16 16:54:00.201 1455 4691 D LOWI-9.0.0.87.a: [LOWI-Scan] decode_rsn_wpa_ie: LOWI_ENCRYPTION_TYPE_WPA_PSK
08-16 16:54:00.201 1455 4691 D LOWI-9.0.0.87.a: [LOWI-Scan] is_qcom_ie, bss_age: 0
08-16 16:54:00.201 1455 4691 D LOWI-9.0.0.87.a: [LOWI-Scan] BSS 94:d0:0d:67:64:7e LOWI_PHY_MODE_11AC_VHT80(10), Beacon Interval: 100, LOWI_ENCRYPTION_TYPE_WPA_PSK 11mcRanging: No, ANQP: No, LCI: No, Civic: No, capability(0x1531): ESS Privacy ShortPreamble SpectrumMgmt ShortSlotTime
08-16 16:54:00.201 1455 4691 D LOWI-9.0.0.87.a: [LOWI-Scan] BSS 94:d0:0d:67:64:7e FREQ: 5745, cFreq1[40:80:160] = [5755:5775:0] cFreq2 = 0 Country Code = CN
08-16 16:54:00.201 1455 4691 D LOWI-9.0.0.87.a: [LOWI-Scan] BSS 94:d0:0d:67:64:7e (wlan0) ASSO: NO AddInfo: 0x1, TSF 0, 00:02:40.666, RSSI: -116, CPL: 127, AGE: 1652, SSID , TSFDelta: 0xe56aeb14, TXRate: 0
08-16 16:54:00.202 1455 4691 D LOWI-9.0.0.87.a: [LOWI-Scan]
08-16 16:54:00.202 1455 4691 D LOWI-9.0.0.87.a: [LOWI-Scan] print_bss_handler: Report beacon TSF 160827721 as it greater than probe TSF 160827721
08-16 16:54:00.202 1455 4691 D LOWI-9.0.0.87.a: [LOWI-Scan] decode_rsn_wpa_ie: LOWI_ENCRYPTION_TYPE_WPA_PSK
08-16 16:54:00.202 1455 4691 D LOWI-9.0.0.87.a: [LOWI-Scan] is_qcom_ie, bss_age: 0
08-16 16:54:00.202 1455 4691 D LOWI-9.0.0.87.a: [LOWI-Scan] BSS 34:f7:16:8f:88:0a LOWI_PHY_MODE_11AC_VHT80(10), Beacon Interval: 100, LOWI_ENCRYPTION_TYPE_WPA_PSK 11mcRanging: No, ANQP: No, LCI: No, Civic: No, capability(0x1011): ESS Privacy
08-16 16:54:00.202 1455 4691 D LOWI-9.0.0.87.a: [LOWI-Scan] BSS 34:f7:16:8f:88:0a FREQ: 5805, cFreq1[40:80:160] = [5795:5775:0] cFreq2 = 0 Country Code = CN
08-16 16:54:00.202 1455 4691 D LOWI-9.0.0.87.a: [LOWI-Scan] BSS 34:f7:16:8f:88:0a (wlan0) ASSO: NO AddInfo: 0x1, TSF 0, 00:02:40.827, RSSI: -170, CPL: 127, AGE: 1492, SSID ____________, TSFDelta: 0xdac05568, TXRate: 0
08-16 16:54:00.202 1455 4691 D LOWI-9.0.0.87.a: [LOWI-Scan]
08-16 16:54:00.202 1455 4691 D LOWI-9.0.0.87.a: [LOWI-Scan] print_bss_handler: Report Probe TSF 161458062 as it greater than Beacon TSF 0
08-16 16:54:00.202 1455 4691 D LOWI-9.0.0.87.a: [LOWI-Scan] decode_rsn_wpa_ie: LOWI_ENCRYPTION_TYPE_WPA_PSK
08-16 16:54:00.202 1455 4691 D LOWI-9.0.0.87.a: [LOWI-Scan] is_qcom_ie, bss_age: 0
08-16 16:54:00.202 1455 4691 D LOWI-9.0.0.87.a: [LOWI-Scan] BSS 54:a7:03:c3:2b:5e LOWI_PHY_MODE_11AC_VHT40_2G(12), Beacon Interval: 100, LOWI_ENCRYPTION_TYPE_WPA_PSK 11mcRanging: No, ANQP: No, LCI: No, Civic: No, capability(0x1411): ESS Privacy ShortSlotTime
08-16 16:54:00.202 1455 4691 D LOWI-9.0.0.87.a: [LOWI-Scan] BSS 54:a7:03:c3:2b:5e FREQ: 2437, cFreq1[40:80:160] = [2427:0:0] cFreq2 = 0 Country Code = CN
08-16 16:54:00.202 1455 4691 D LOWI-9.0.0.87.a: [LOWI-Scan] BSS 54:a7:03:c3:2b:5e (wlan0) ASSO: NO AddInfo: 0x0, TSF 0, 00:02:41.458, RSSI: -148, CPL: 127, AGE: 860, SSID test666, TSFDelta: 0x4acd389d, TXRate: 0
08-16 16:54:00.202 1455 4691 D LOWI-9.0.0.87.a: [LOWIDiagLog] Log: lowiMeasResult->request: invalid null argument
08-16 16:54:00.202 1455 4691 I LOWI-9.0.0.87.a: [LOWI-Scan] lowi_close_record:Scan done in 102853ms, 58 APs in scan results
08-16 16:54:00.202 1455 4691 D LOWI-9.0.0.87.a: [LOWI-Scan] WipsScanUsingNL: passive scan cached 0, took 7137 ms, err 0
08-16 16:54:00.202 1455 4691 D LOWI-9.0.0.87.a: [LOWI-Scan] lowi_proc_req_passive_scan_with_live_meas - No WLAN Frames to be parsed
08-16 16:54:00.202 1455 4691 D LOWI-9.0.0.87.a: [LOWIScanResultReceiver] Send scan meas to listener
08-16 16:54:00.202 1455 4691 D LOWI-9.0.0.87.a: [LOWIScanResultReceiver] Enter passive listening mode
08-16 16:54:00.202 1455 4691 D LOWI-9.0.0.87.a: [LOWIWifiDriverInterface] getMeasurements - Passive listening mode
08-16 16:54:00.203 1455 4691 D LOWI-9.0.0.87.a: [LOWI-Scan] WipsScanUsingNL:wait -1 sec for netlink message
08-16 16:54:00.203 1455 1475 D LOWI-9.0.0.87.a: [LOWIEventReceiver] handleEvent:FROM:NA, TO:NA, REQ:NA, IREQ:NA, REQ_ID:0, RESP:NA, INFO:NA
08-16 16:54:00.203 1455 1475 D LOWI-9.0.0.87.a: [LOWIBackgroundScanMgr] isRspForBgScanMgr: evt(LOWI_NO_EVT) - not handled
08-16 16:54:00.203 1455 1475 D LOWI-9.0.0.87.a: [LOWIScheduler] manageMsg: NULL results or NULL request in results
08-16 16:54:00.203 1455 1475 D LOWI-9.0.0.87.a: [LOWIController] Measurements received
08-16 16:54:00.203 1455 1475 D LOWI-9.0.0.87.a: [LOWICacheManager] putInCache:Num of Meas to add: 58
08-16 16:54:00.205 1455 1475 D LOWI-9.0.0.87.a: [LOWIController] processMeasurementResults: No current Request. Cache measurements
08-16 16:54:00.205 1455 1475 D LOWI-9.0.0.87.a: [LOWIControllerExtn] sendLOWILpDiscoveryScanResponse: Not a discovery scan response
01-01 04:43:02.706 0 0 D : mv2112_read_status
01-01 04:43:02.707 0 0 D mv2112_update_link: 3.0x901(1G): 0x4
01-01 04:43:02.707 0 0 D mv2112_update_link: 3.0x8109(100M): 0x8
01-01 04:43:02.707 0 0 D mv2112_update_link: link 0x4
01-01 04:43:02.707 0 0 D mv2112_read_status: autoneg is disabled
08-16 16:54:00.545 3235 3440 V ConnectivityChangeHandler: processNetworkChange BEGINS, mCheckNetwrokRetryTime = 5
08-16 16:54:00.548 3235 3440 V ConnectivityChangeHandler: onBroadcastReceiver, isNetworkConnected yes!!
08-16 16:54:00.553 3235 3440 V IPListDataManager: getServerList: type=WIFI1UNKNOWNULLNULLwup
08-16 16:54:00.553 3235 3440 V WupServerConfigs: checkWupNetEnvironment: old netInfo=WIFI1UNKNOWNULLNULLwup, current netinfo=WIFI1UNKNOWNULLNULLwup, lsit=[]
08-16 16:54:00.554 3235 3440 V WupServerConfigs: checkWupNetEnvironment: old new netInfo equal, but current server invalidate, get it
08-16 16:54:00.554 3235 3440 V WupServerConfigs: WUPIPList updateWupServerList
08-16 16:54:00.554 3235 3440 V GUIDManager: getGuid
08-16 16:54:00.554 3235 3440 V GUIDManager: getGuid null and read local
08-16 16:54:00.554 3235 3440 V GUIDManager: loadGuid
08-16 16:54:00.556 3235 3440 V GUIDManager: checkHasSDCardPermission: return = false
08-16 16:54:00.556 3235 3440 V GUIDManager: loadGuid start, hasSDCardPermission = false
08-16 16:54:00.556 3235 3440 V GUIDManager: getGuidFileByType: GUID_STORE_TYPE_FROM_LOCAL
08-16 16:54:00.557 3235 3440 V GUIDManager: getGuidFileByType: file path = /data/user/0/com.tencent.mtt/files/.Application/com.tencent.mtt.idx
08-16 16:54:00.558 3235 3440 V GUIDManager: splitBytes: after decrypt: deCrypData = null, hasValidation=true
08-16 16:54:00.558 3235 3440 V GUIDManager: readGuid decypt guid or validation is not validate
08-16 16:54:00.558 3235 3440 V StatManager: userBehaviorPV action=GUID_GEN_LOADERR_0_-4
08-16 16:54:00.559 3235 3440 V BeaconStatManager: 带事件å的统计埋点: eventName:MTT_RD_PERCENT_100,action:GUID_GEN_LOADERR_0_-4,pv:1,isAccu:true
08-16 16:54:00.560 3235 3440 V StatManager: userBehaviorPV action=GUID_GEN_LOADERR_0_-4
08-16 16:54:00.560 3235 3440 V BeaconStatManager: 带事件å的统计埋点: eventName:MTT_RD_BC_PERCENT_100,action:GUID_GEN_LOADERR_0_-4,pv:1,isAccu:true
08-16 16:54:00.560 3235 3440 V GUIDManager: getGuidFileByType: GUID_STORE_TYPE_FROM_LOCAL_BACKUP
08-16 16:54:00.560 3235 3440 V GUIDManager: getGuidFileByType: file path = /data/user/0/com.tencent.mtt/files/.Application/com.tencent.mtt.idx.bk
08-16 16:54:00.561 3235 3440 V GUIDManager: splitBytes: after decrypt: deCrypData = null, hasValidation=true
08-16 16:54:00.561 3235 3440 V GUIDManager: readGuid decypt guid or validation is not validate
08-16 16:54:00.561 3235 3440 V StatManager: userBehaviorPV action=GUID_GEN_LOADERR_1_-4
08-16 16:54:00.561 3235 3440 V BeaconStatManager: 带事件å的统计埋点: eventName:MTT_RD_PERCENT_100,action:GUID_GEN_LOADERR_1_-4,pv:1,isAccu:true
08-16 16:54:00.562 3235 3440 V StatManager: userBehaviorPV action=GUID_GEN_LOADERR_1_-4
08-16 16:54:00.562 3235 3440 V BeaconStatManager: 带事件å的统计埋点: eventName:MTT_RD_BC_PERCENT_100,action:GUID_GEN_LOADERR_1_-4,pv:1,isAccu:true
08-16 16:54:00.562 3235 3440 V GUIDManager: guid or validation is not validate
08-16 16:54:00.562 3235 3440 V GUIDManager: load guid from tbs
08-16 16:54:00.562 3235 3440 V GUIDManager: guid or validation is not validate
08-16 16:54:00.562 3235 3440 V GUIDManager: loadGuidFromTbsEnhancedSettings: begins
08-16 16:54:00.564 3235 3440 V GUIDManager: loadGuidFromTbsEnhancedSettings: guid or validation is empty, ignore!!!
08-16 16:54:00.565 3235 3440 V GUIDManager: getGuidFileByType: GUID_STORE_TYPE_FROM_OLD_LOCAL
08-16 16:54:00.565 3235 3440 V GUIDManager: getGuidFileByType: file path = /data/user/0/com.tencent.mtt/files/.Application/com.tencent.mtt.id
08-16 16:54:00.566 3235 3440 V GUIDManager: splitBytes: after decrypt: deCrypData = null, hasValidation=false
08-16 16:54:00.566 3235 3440 V GUIDManager: readGuid decypt guid or validation is not validate
08-16 16:54:00.566 3235 3440 V StatManager: userBehaviorPV action=GUID_GEN_LOADERR_4_-4
08-16 16:54:00.566 3235 3440 V BeaconStatManager: 带事件å的统计埋点: eventName:MTT_RD_PERCENT_100,action:GUID_GEN_LOADERR_4_-4,pv:1,isAccu:true
08-16 16:54:00.567 3235 3440 V StatManager: userBehaviorPV action=GUID_GEN_LOADERR_4_-4
08-16 16:54:00.567 3235 3440 V BeaconStatManager: 带事件å的统计埋点: eventName:MTT_RD_BC_PERCENT_100,action:GUID_GEN_LOADERR_4_-4,pv:1,isAccu:true
08-16 16:54:00.567 3235 3440 V GUIDManager: guid or validation is not validate
08-16 16:54:00.567 3235 3440 V GUIDManager: load guid failed, as we do not has SDCard permission
08-16 16:54:00.567 3235 3440 V GUIDManager: checkHasSDCardPermission: return = false
08-16 16:54:00.567 3235 3440 V GUIDManager: get guid:00000000000000000000000000000000
08-16 16:54:00.567 3235 3440 V GUIDManager: guid or validation is not validate
08-16 16:54:00.567 3235 3440 V GUIDManager: checkHasSDCardPermission: return = false
08-16 16:54:00.567 3235 3440 V GUIDManager: getStrGuid: GOT an invalid guid, as no sdcard permision
08-16 16:54:00.571 3235 3440 V WupAccessController: checkWupServantAvalaible: req = trpc.mtt.ipinfo.Ipinfo//trpc.mtt.ipinfo.Ipinfo/GetIPListByRouter, enableTime = -1
08-16 16:54:00.572 3235 3440 V WUP_REQUEST: requestID:2 | eventName:wup_request_time_start | serverName:trpc.mtt.ipinfo.Ipinfo |funcName:/trpc.mtt.ipinfo.Ipinfo/GetIPListByRouter | retryTimes:-1 | originalUrl:null | realUrl:null | otherMsg:null | timeStamp:162712
08-16 16:54:00.572 3235 3440 V GUIDManager: getGuid
08-16 16:54:00.572 3235 3440 V GUIDManager: getGuid null and read local
08-16 16:54:00.572 3235 3440 V GUIDManager: loadGuid
08-16 16:54:00.572 3235 3440 V GUIDManager: checkHasSDCardPermission: return = false
08-16 16:54:00.572 3235 3440 V GUIDManager: loadGuid start, hasSDCardPermission = false
08-16 16:54:00.572 3235 3440 V GUIDManager: getGuidFileByType: GUID_STORE_TYPE_FROM_LOCAL
08-16 16:54:00.573 3235 3440 V GUIDManager: getGuidFileByType: file path = /data/user/0/com.tencent.mtt/files/.Application/com.tencent.mtt.idx
08-16 16:54:00.574 3235 3440 V GUIDManager: splitBytes: after decrypt: deCrypData = null, hasValidation=true
08-16 16:54:00.574 3235 3440 V GUIDManager: readGuid decypt guid or validation is not validate
08-16 16:54:00.574 3235 3440 V StatManager: userBehaviorPV action=GUID_GEN_LOADERR_0_-4
08-16 16:54:00.574 3235 3440 V BeaconStatManager: 带事件å的统计埋点: eventName:MTT_RD_PERCENT_100,action:GUID_GEN_LOADERR_0_-4,pv:1,isAccu:true
08-16 16:54:00.574 3235 3440 V StatManager: userBehaviorPV action=GUID_GEN_LOADERR_0_-4
08-16 16:54:00.574 3235 3440 V BeaconStatManager: 带事件å的统计埋点: eventName:MTT_RD_BC_PERCENT_100,action:GUID_GEN_LOADERR_0_-4,pv:1,isAccu:true
08-16 16:54:00.574 3235 3440 V GUIDManager: getGuidFileByType: GUID_STORE_TYPE_FROM_LOCAL_BACKUP
08-16 16:54:00.575 3235 3440 V GUIDManager: getGuidFileByType: file path = /data/user/0/com.tencent.mtt/files/.Application/com.tencent.mtt.idx.bk
08-16 16:54:00.577 3235 3440 V GUIDManager: splitBytes: after decrypt: deCrypData = null, hasValidation=true
08-16 16:54:00.577 3235 3440 V GUIDManager: readGuid decypt guid or validation is not validate
08-16 16:54:00.577 3235 3440 V StatManager: userBehaviorPV action=GUID_GEN_LOADERR_1_-4
08-16 16:54:00.577 3235 3440 V BeaconStatManager: 带事件å的统计埋点: eventName:MTT_RD_PERCENT_100,action:GUID_GEN_LOADERR_1_-4,pv:1,isAccu:true
08-16 16:54:00.577 3235 3440 V StatManager: userBehaviorPV action=GUID_GEN_LOADERR_1_-4
08-16 16:54:00.577 3235 3440 V BeaconStatManager: 带事件å的统计埋点: eventName:MTT_RD_BC_PERCENT_100,action:GUID_GEN_LOADERR_1_-4,pv:1,isAccu:true
08-16 16:54:00.577 3235 3440 V GUIDManager: guid or validation is not validate
08-16 16:54:00.578 3235 3440 V GUIDManager: load guid from tbs
08-16 16:54:00.578 3235 3440 V GUIDManager: guid or validation is not validate
08-16 16:54:00.578 3235 3440 V GUIDManager: loadGuidFromTbsEnhancedSettings: begins
08-16 16:54:00.580 3235 3440 V GUIDManager: loadGuidFromTbsEnhancedSettings: guid or validation is empty, ignore!!!
08-16 16:54:00.580 3235 3440 V GUIDManager: getGuidFileByType: GUID_STORE_TYPE_FROM_OLD_LOCAL
08-16 16:54:00.580 3235 3440 V GUIDManager: getGuidFileByType: file path = /data/user/0/com.tencent.mtt/files/.Application/com.tencent.mtt.id
08-16 16:54:00.581 3235 3440 V GUIDManager: splitBytes: after decrypt: deCrypData = null, hasValidation=false
08-16 16:54:00.581 3235 3440 V GUIDManager: readGuid decypt guid or validation is not validate
08-16 16:54:00.581 3235 3440 V StatManager: userBehaviorPV action=GUID_GEN_LOADERR_4_-4
08-16 16:54:00.581 3235 3440 V BeaconStatManager: 带事件å的统计埋点: eventName:MTT_RD_PERCENT_100,action:GUID_GEN_LOADERR_4_-4,pv:1,isAccu:true
08-16 16:54:00.582 3235 3440 V StatManager: userBehaviorPV action=GUID_GEN_LOADERR_4_-4
08-16 16:54:00.582 3235 3440 V BeaconStatManager: 带事件å的统计埋点: eventName:MTT_RD_BC_PERCENT_100,action:GUID_GEN_LOADERR_4_-4,pv:1,isAccu:true
08-16 16:54:00.582 3235 3440 V GUIDManager: guid or validation is not validate
08-16 16:54:00.582 3235 3440 V GUIDManager: load guid failed, as we do not has SDCard permission
08-16 16:54:00.582 3235 3440 V GUIDManager: checkHasSDCardPermission: return = false
08-16 16:54:00.582 3235 3440 V GUIDManager: get guid:00000000000000000000000000000000
08-16 16:54:00.582 3235 3440 V GUIDManager: guid or validation is not validate
08-16 16:54:00.582 3235 3440 V GUIDManager: checkHasSDCardPermission: return = false
08-16 16:54:00.582 3235 3440 V GUIDManager: getStrGuid: GOT an invalid guid, as no sdcard permision
08-16 16:54:00.582 3235 3440 V WUPTask : guid: 00000000000000000000000000000000
08-16 16:54:00.583 3235 3440 V BeaconUploader: upLoadToBeacon called, detail:eventName=MTT_Q_Q_PLOT_STAT, isSucc=true, elapse=-1, size=-1, isrealtime=false
08-16 16:54:00.583 3235 3440 V BeaconUploader: postTaskToThread starts
08-16 16:54:00.584 3235 3440 V BeaconUploader: postTaskToThread ends: result = true, details = eventName=MTT_Q_Q_PLOT_STAT, isSuceed=true, eplapse=-1, size=-1, isRealTime=false
08-16 16:54:00.584 3235 3440 V BeaconUploader: upLoadToBeacon called, detail:eventName=MTT_MLM_RATE_R1, isSucc=true, elapse=-1, size=-1, isrealtime=false
08-16 16:54:00.584 3235 3440 V BeaconUploader: postTaskToThread starts
08-16 16:54:00.584 3235 3441 V BeaconUploadTask: BeaconUploadTask begins: eventName = MTT_Q_Q_PLOT_STAT
08-16 16:54:00.584 3235 3441 V BeaconUploader: add pending task ok, detai=eventName=MTT_Q_Q_PLOT_STAT, isSuceed=true, eplapse=-1, size=-1, isRealTime=false, pending size=70
08-16 16:54:00.584 3235 3440 V BeaconUploader: postTaskToThread ends: result = true, details = eventName=MTT_MLM_RATE_R1, isSuceed=true, eplapse=-1, size=-1, isRealTime=false
08-16 16:54:00.585 3235 3440 V BeaconUploader: upLoadToBeacon called, detail:eventName=MTT_Q_Q_PLOT_STAT, isSucc=true, elapse=-1, size=-1, isrealtime=false
08-16 16:54:00.585 3235 3440 V BeaconUploader: postTaskToThread starts
08-16 16:54:00.585 3235 3440 V BeaconUploader: postTaskToThread ends: result = true, details = eventName=MTT_Q_Q_PLOT_STAT, isSuceed=true, eplapse=-1, size=-1, isRealTime=false
08-16 16:54:00.585 3235 3441 V BeaconUploadTask: Beacon is NOT ready, add to pending tasks: eventName = MTT_Q_Q_PLOT_STAT
08-16 16:54:00.585 3235 3441 V BeaconUploadTask: BeaconUploadTask begins: eventName = MTT_MLM_RATE_R1
08-16 16:54:00.585 3235 3441 V BeaconUploader: add pending task ok, detai=eventName=MTT_MLM_RATE_R1, isSuceed=true, eplapse=-1, size=-1, isRealTime=false, pending size=71
08-16 16:54:00.585 3235 3441 V BeaconUploadTask: Beacon is NOT ready, add to pending tasks: eventName = MTT_MLM_RATE_R1
08-16 16:54:00.585 3235 3441 V BeaconUploadTask: BeaconUploadTask begins: eventName = MTT_Q_Q_PLOT_STAT
08-16 16:54:00.585 3235 3441 V BeaconUploader: add pending task ok, detai=eventName=MTT_Q_Q_PLOT_STAT, isSuceed=true, eplapse=-1, size=-1, isRealTime=false, pending size=72
08-16 16:54:00.586 3235 3441 V BeaconUploadTask: Beacon is NOT ready, add to pending tasks: eventName = MTT_Q_Q_PLOT_STAT
08-16 16:54:00.587 3235 3440 V BeaconUploader: upLoadToBeacon called, detail:eventName=MTT_MLM_PVUV_R1, isSucc=true, elapse=-1, size=-1, isrealtime=false
08-16 16:54:00.587 3235 3440 V BeaconUploader: postTaskToThread starts
08-16 16:54:00.587 3235 3440 V BeaconUploader: postTaskToThread ends: result = true, details = eventName=MTT_MLM_PVUV_R1, isSuceed=true, eplapse=-1, size=-1, isRealTime=false
08-16 16:54:00.587 3235 3441 V BeaconUploadTask: BeaconUploadTask begins: eventName = MTT_MLM_PVUV_R1
08-16 16:54:00.589 3235 3440 V BeaconUploader: upLoadToBeacon called, detail:eventName=MTT_MLM_PVUV_R1, isSucc=true, elapse=-1, size=-1, isrealtime=false
08-16 16:54:00.589 3235 3440 V BeaconUploader: postTaskToThread starts
08-16 16:54:00.589 3235 3440 V BeaconUploader: postTaskToThread ends: result = true, details = eventName=MTT_MLM_PVUV_R1, isSuceed=true, eplapse=-1, size=-1, isRealTime=false
08-16 16:54:00.589 3235 3440 V GUIDManager: getGuid
08-16 16:54:00.589 3235 3440 V GUIDManager: getGuid null and read local
08-16 16:54:00.589 3235 3440 V GUIDManager: loadGuid
08-16 16:54:00.589 3235 3440 V GUIDManager: checkHasSDCardPermission: return = false
08-16 16:54:00.590 3235 3440 V GUIDManager: loadGuid start, hasSDCardPermission = false
08-16 16:54:00.590 3235 3440 V GUIDManager: getGuidFileByType: GUID_STORE_TYPE_FROM_LOCAL
08-16 16:54:00.590 3235 3440 V GUIDManager: getGuidFileByType: file path = /data/user/0/com.tencent.mtt/files/.Application/com.tencent.mtt.idx
08-16 16:54:00.590 3235 3440 V GUIDManager: splitBytes: after decrypt: deCrypData = null, hasValidation=true
08-16 16:54:00.590 3235 3440 V GUIDManager: readGuid decypt guid or validation is not validate
08-16 16:54:00.591 3235 3440 V StatManager: userBehaviorPV action=GUID_GEN_LOADERR_0_-4
08-16 16:54:00.591 3235 3440 V BeaconStatManager: 带事件å的统计埋点: eventName:MTT_RD_PERCENT_100,action:GUID_GEN_LOADERR_0_-4,pv:1,isAccu:true
08-16 16:54:00.591 3235 3440 V StatManager: userBehaviorPV action=GUID_GEN_LOADERR_0_-4
08-16 16:54:00.591 3235 3440 V BeaconStatManager: 带事件å的统计埋点: eventName:MTT_RD_BC_PERCENT_100,action:GUID_GEN_LOADERR_0_-4,pv:1,isAccu:true
08-16 16:54:00.591 3235 3440 V GUIDManager: getGuidFileByType: GUID_STORE_TYPE_FROM_LOCAL_BACKUP
08-16 16:54:00.591 3235 3440 V GUIDManager: getGuidFileByType: file path = /data/user/0/com.tencent.mtt/files/.Application/com.tencent.mtt.idx.bk
08-16 16:54:00.592 3235 3440 V GUIDManager: splitBytes: after decrypt: deCrypData = null, hasValidation=true
08-16 16:54:00.592 3235 3440 V GUIDManager: readGuid decypt guid or validation is not validate
08-16 16:54:00.592 3235 3440 V StatManager: userBehaviorPV action=GUID_GEN_LOADERR_1_-4
08-16 16:54:00.592 3235 3440 V BeaconStatManager: 带事件å的统计埋点: eventName:MTT_RD_PERCENT_100,action:GUID_GEN_LOADERR_1_-4,pv:1,isAccu:true
08-16 16:54:00.592 3235 3440 V StatManager: userBehaviorPV action=GUID_GEN_LOADERR_1_-4
08-16 16:54:00.592 3235 3440 V BeaconStatManager: 带事件å的统计埋点: eventName:MTT_RD_BC_PERCENT_100,action:GUID_GEN_LOADERR_1_-4,pv:1,isAccu:true
08-16 16:54:00.593 3235 3440 V GUIDManager: guid or validation is not validate
08-16 16:54:00.593 3235 3440 V GUIDManager: load guid from tbs
08-16 16:54:00.593 3235 3440 V GUIDManager: guid or validation is not validate
08-16 16:54:00.593 3235 3440 V GUIDManager: loadGuidFromTbsEnhancedSettings: begins
08-16 16:54:00.594 3235 3440 V GUIDManager: loadGuidFromTbsEnhancedSettings: guid or validation is empty, ignore!!!
08-16 16:54:00.594 3235 3440 V GUIDManager: getGuidFileByType: GUID_STORE_TYPE_FROM_OLD_LOCAL
08-16 16:54:00.594 3235 3440 V GUIDManager: getGuidFileByType: file path = /data/user/0/com.tencent.mtt/files/.Application/com.tencent.mtt.id
08-16 16:54:00.594 3235 3441 V BeaconUploader: add pending task ok, detai=eventName=MTT_MLM_PVUV_R1, isSuceed=true, eplapse=-1, size=-1, isRealTime=false, pending size=73
08-16 16:54:00.594 3235 3441 V BeaconUploadTask: Beacon is NOT ready, add to pending tasks: eventName = MTT_MLM_PVUV_R1
08-16 16:54:00.594 3235 3440 V GUIDManager: splitBytes: after decrypt: deCrypData = null, hasValidation=false
08-16 16:54:00.595 3235 3440 V GUIDManager: readGuid decypt guid or validation is not validate
08-16 16:54:00.595 3235 3440 V StatManager: userBehaviorPV action=GUID_GEN_LOADERR_4_-4
08-16 16:54:00.595 3235 3440 V BeaconStatManager: 带事件å的统计埋点: eventName:MTT_RD_PERCENT_100,action:GUID_GEN_LOADERR_4_-4,pv:1,isAccu:true
08-16 16:54:00.595 3235 3440 V StatManager: userBehaviorPV action=GUID_GEN_LOADERR_4_-4
08-16 16:54:00.595 3235 3441 V BeaconUploadTask: BeaconUploadTask begins: eventName = MTT_MLM_PVUV_R1
08-16 16:54:00.595 3235 3440 V BeaconStatManager: 带事件å的统计埋点: eventName:MTT_RD_BC_PERCENT_100,action:GUID_GEN_LOADERR_4_-4,pv:1,isAccu:true
08-16 16:54:00.595 3235 3440 V GUIDManager: guid or validation is not validate
08-16 16:54:00.595 3235 3440 V GUIDManager: load guid failed, as we do not has SDCard permission
08-16 16:54:00.596 3235 3440 V GUIDManager: checkHasSDCardPermission: return = false
08-16 16:54:00.596 3235 3441 V BeaconUploader: add pending task ok, detai=eventName=MTT_MLM_PVUV_R1, isSuceed=true, eplapse=-1, size=-1, isRealTime=false, pending size=74
08-16 16:54:00.596 3235 3441 V BeaconUploadTask: Beacon is NOT ready, add to pending tasks: eventName = MTT_MLM_PVUV_R1
08-16 16:54:00.597 3235 3440 V GUIDManager: get guid:00000000000000000000000000000000
08-16 16:54:00.597 3235 3440 V GUIDManager: guid or validation is not validate
08-16 16:54:00.598 3235 3440 V GUIDManager: checkHasSDCardPermission: return = false
08-16 16:54:00.598 3235 3440 V GUIDManager: getStrGuid: GOT an invalid guid, as no sdcard permision
08-16 16:54:00.598 3235 3440 V BeaconUploader: upLoadToBeacon called, detail:eventName=MTT_Q_Q_PLOT_STAT, isSucc=true, elapse=-1, size=-1, isrealtime=false
08-16 16:54:00.598 3235 3440 V BeaconUploader: postTaskToThread starts
08-16 16:54:00.598 3235 3440 V BeaconUploader: postTaskToThread ends: result = true, details = eventName=MTT_Q_Q_PLOT_STAT, isSuceed=true, eplapse=-1, size=-1, isRealTime=false
08-16 16:54:00.598 3235 3440 V BeaconUploader: upLoadToBeacon called, detail:eventName=MTT_MLM_RATE_R1, isSucc=true, elapse=-1, size=-1, isrealtime=false
08-16 16:54:00.598 3235 3440 V BeaconUploader: postTaskToThread starts
08-16 16:54:00.598 3235 3440 V BeaconUploader: postTaskToThread ends: result = true, details = eventName=MTT_MLM_RATE_R1, isSuceed=true, eplapse=-1, size=-1, isRealTime=false
08-16 16:54:00.598 3235 3441 V BeaconUploadTask: BeaconUploadTask begins: eventName = MTT_Q_Q_PLOT_STAT
08-16 16:54:00.598 3235 3440 V BeaconUploader: upLoadToBeacon called, detail:eventName=MTT_Q_Q_PLOT_STAT, isSucc=true, elapse=-1, size=-1, isrealtime=false
08-16 16:54:00.598 1147 1994 D CompatibilityInfo: mCompatibilityFlags - 4
08-16 16:54:00.599 3235 3440 V BeaconUploader: postTaskToThread starts
08-16 16:54:00.599 1147 1994 D CompatibilityInfo: applicationDensity - 240
08-16 16:54:00.599 3235 3441 V BeaconUploader: add pending task ok, detai=eventName=MTT_Q_Q_PLOT_STAT, isSuceed=true, eplapse=-1, size=-1, isRealTime=false, pending size=75
08-16 16:54:00.599 3235 3441 V BeaconUploadTask: Beacon is NOT ready, add to pending tasks: eventName = MTT_Q_Q_PLOT_STAT
08-16 16:54:00.599 3235 3440 V BeaconUploader: postTaskToThread ends: result = true, details = eventName=MTT_Q_Q_PLOT_STAT, isSuceed=true, eplapse=-1, size=-1, isRealTime=false
08-16 16:54:00.599 3235 3441 V BeaconUploadTask: BeaconUploadTask begins: eventName = MTT_MLM_RATE_R1
08-16 16:54:00.599 3235 3441 V BeaconUploader: add pending task ok, detai=eventName=MTT_MLM_RATE_R1, isSuceed=true, eplapse=-1, size=-1, isRealTime=false, pending size=76
08-16 16:54:00.599 3235 3440 V BeaconUploader: upLoadToBeacon called, detail:eventName=MTT_MLM_PVUV_R1, isSucc=true, elapse=-1, size=-1, isrealtime=false
08-16 16:54:00.599 1147 1994 D CompatibilityInfo: applicationScale - 1.0
08-16 16:54:00.599 3235 3441 V BeaconUploadTask: Beacon is NOT ready, add to pending tasks: eventName = MTT_MLM_RATE_R1
08-16 16:54:00.599 3235 3440 V BeaconUploader: postTaskToThread starts
08-16 16:54:00.599 3235 3441 V BeaconUploadTask: BeaconUploadTask begins: eventName = MTT_Q_Q_PLOT_STAT
08-16 16:54:00.600 3235 3440 V BeaconUploader: postTaskToThread ends: result = true, details = eventName=MTT_MLM_PVUV_R1, isSuceed=true, eplapse=-1, size=-1, isRealTime=false
08-16 16:54:00.600 3235 3440 V BeaconUploader: upLoadToBeacon called, detail:eventName=MTT_MLM_PVUV_R1, isSucc=true, elapse=-1, size=-1, isrealtime=false
08-16 16:54:00.600 3235 3440 V BeaconUploader: postTaskToThread starts
08-16 16:54:00.600 3235 3440 V BeaconUploader: postTaskToThread ends: result = true, details = eventName=MTT_MLM_PVUV_R1, isSuceed=true, eplapse=-1, size=-1, isRealTime=false
08-16 16:54:00.600 3235 3441 V BeaconUploader: add pending task ok, detai=eventName=MTT_Q_Q_PLOT_STAT, isSuceed=true, eplapse=-1, size=-1, isRealTime=false, pending size=77
08-16 16:54:00.600 3235 3441 V BeaconUploadTask: Beacon is NOT ready, add to pending tasks: eventName = MTT_Q_Q_PLOT_STAT
08-16 16:54:00.600 3235 3441 V BeaconUploadTask: BeaconUploadTask begins: eventName = MTT_MLM_PVUV_R1
08-16 16:54:00.600 3235 3441 V BeaconUploader: add pending task ok, detai=eventName=MTT_MLM_PVUV_R1, isSuceed=true, eplapse=-1, size=-1, isRealTime=false, pending size=78
08-16 16:54:00.602 2204 2204 I QImsService: QtiImsExtService : QtiImsExtService created!
08-16 16:54:00.602 2204 2204 E QImsService: QtiImsExtService : QtiImsExtService, ImsService is not yet started retry.
08-16 16:54:00.602 2204 2204 E QImsService: QtiImsExtService : QtiImsExtService, ImsService is not yet started retry.
08-16 16:54:00.602 2204 2204 W QImsService: QtiImsExtService : onBind returned null
08-16 16:54:00.601 3235 3441 V BeaconUploadTask: Beacon is NOT ready, add to pending tasks: eventName = MTT_MLM_PVUV_R1
08-16 16:54:00.604 2335 2335 D QtiImsExtConnector: Attempt to bind QtiImsExt service returned with: true
08-16 16:54:00.604 2335 2335 D QtiImsExtConnector: onNullBinding componentName ComponentInfo{org.codeaurora.ims/org.codeaurora.ims.QtiImsExtService}
08-16 16:54:00.604 3235 3441 V BeaconUploadTask: BeaconUploadTask begins: eventName = MTT_MLM_PVUV_R1
08-16 16:54:00.604 3235 3441 V BeaconUploader: add pending task ok, detai=eventName=MTT_MLM_PVUV_R1, isSuceed=true, eplapse=-1, size=-1, isRealTime=false, pending size=79
08-16 16:54:00.604 3235 3441 V BeaconUploadTask: Beacon is NOT ready, add to pending tasks: eventName = MTT_MLM_PVUV_R1
08-16 16:54:00.605 3235 3440 V : doSendTask: [taskid: 4]
08-16 16:54:00.605 3235 3440 V WUP_REQUEST: requestID:2 | eventName:wup_request_task_prepare | serverName:trpc.mtt.ipinfo.Ipinfo |funcName:/trpc.mtt.ipinfo.Ipinfo/GetIPListByRouter | retryTimes:-1 | originalUrl:null | realUrl:null | otherMsg:null | timeStamp:162746
08-16 16:54:00.605 3235 3440 V debugWUP: do send new task
08-16 16:54:00.605 3235 3440 V : Task id:4
08-16 16:54:00.606 3235 3449 V WUP_REQUEST: requestID:2 | eventName:wup_request_task_start | serverName:trpc.mtt.ipinfo.Ipinfo//trpc.mtt.ipinfo.Ipinfo/GetIPListByRouter |funcName:null | retryTimes:0 | originalUrl:null | realUrl:null | otherMsg:null | timeStamp:162746
08-16 16:54:00.606 3235 3449 V WUP_REQUEST: requestID:2 | eventName:wup_request_do_gzip_start | serverName:trpc.mtt.ipinfo.Ipinfo//trpc.mtt.ipinfo.Ipinfo/GetIPListByRouter |funcName:null | retryTimes:-1 | originalUrl:null | realUrl:null | otherMsg:null | timeStamp:162747
08-16 16:54:00.606 3235 3449 V WUP_REQUEST: requestID:2 | eventName:wup_request_do_gzip_end | serverName:trpc.mtt.ipinfo.Ipinfo//trpc.mtt.ipinfo.Ipinfo/GetIPListByRouter |funcName:null | retryTimes:-1 | originalUrl:null | realUrl:null | otherMsg:null | timeStamp:162747
08-16 16:54:00.606 3235 3449 V IPListDataManager: getServerList: type=WIFI1UNKNOWNULLNULLtrpc_pbproxy
08-16 16:54:00.607 3235 3449 V WUP_REQUEST: requestID:2 | eventName:wup_request_do_dns_start | serverName:trpc.mtt.ipinfo.Ipinfo//trpc.mtt.ipinfo.Ipinfo/GetIPListByRouter |funcName:null | retryTimes:-1 | originalUrl:null | realUrl:null | otherMsg:null | timeStamp:162748
08-16 16:54:00.607 3235 3449 V WUP_REQUEST: requestID:2 | eventName:wup_request_do_dns_end | serverName:trpc.mtt.ipinfo.Ipinfo//trpc.mtt.ipinfo.Ipinfo/GetIPListByRouter |funcName:null | retryTimes:-1 | originalUrl:null | realUrl:null | otherMsg:null | timeStamp:162748
08-16 16:54:00.608 3235 3449 W libc : Access denied finding property "net.dns1"
08-16 16:54:00.612 3235 3449 D WupTimeOutController: getReadTimeOut = 35000, mAvgCalculator = -1
08-16 16:54:00.615 3235 3449 D WupTimeOutController: getConnTimeOut=6000
08-16 16:54:00.615 3235 3449 V WUP_REQUEST: requestID:2 | eventName:wup_request_do_request_start | serverName:trpc.mtt.ipinfo.Ipinfo//trpc.mtt.ipinfo.Ipinfo/GetIPListByRouter |funcName:null | retryTimes:-1 | originalUrl:null | realUrl:null | otherMsg:null | timeStamp:162756
08-16 16:54:00.615 3235 3449 V WUP_REQUEST: requestID:2 | eventName:wup_current_request_real_start_execute | serverName:trpc.mtt.ipinfo.Ipinfo//trpc.mtt.ipinfo.Ipinfo/GetIPListByRouter |funcName:null | retryTimes:-1 | originalUrl:https://trpcpb.imtt.qq.com | realUrl:null | otherMsg:null | timeStamp:162756
08-16 16:54:00.616 3235 3449 W libc : Access denied finding property "net.dns1"
08-16 16:54:00.617 3235 3449 V QBOKConnection: performRequest... retryTimes:0, queen:false [https://trpcpb.imtt.qq.com]
08-16 16:54:00.617 3235 3449 V WUP_REQUEST: requestID:2 | eventName:wup_request_create_connect_start | serverName:trpc.mtt.ipinfo.Ipinfo//trpc.mtt.ipinfo.Ipinfo/GetIPListByRouter |funcName:null | retryTimes:-1 | originalUrl:null | realUrl:null | otherMsg:null | timeStamp:162758
08-16 16:54:00.617 3235 3449 V QBHttpHandler: openConnection: https://trpcpb.imtt.qq.com/, proxy: DIRECT
08-16 16:54:00.618 3235 3449 V WUP_REQUEST: requestID:2 | eventName:wup_request_create_connect_end | serverName:trpc.mtt.ipinfo.Ipinfo//trpc.mtt.ipinfo.Ipinfo/GetIPListByRouter |funcName:null | retryTimes:-1 | originalUrl:null | realUrl:null | otherMsg:null | timeStamp:162759
08-16 16:54:00.620 3235 3449 W libc : Access denied finding property "net.dns1"
08-16 16:54:00.620 3235 3449 V WUP_REQUEST: requestID:2 | eventName:wup_request_connect_server_start | serverName:trpc.mtt.ipinfo.Ipinfo//trpc.mtt.ipinfo.Ipinfo/GetIPListByRouter |funcName:null | retryTimes:-1 | originalUrl:null | realUrl:null | otherMsg:null | timeStamp:162761
