08-16 16:54:37.170 1147 1990 D CompatibilityInfo: applicationDensity - 240
08-16 16:54:37.170 1147 1990 D CompatibilityInfo: applicationScale - 1.0
08-16 16:54:37.173 2204 2204 I QImsService: QtiImsExtService : QtiImsExtService created!
08-16 16:54:37.174 2204 2204 E QImsService: QtiImsExtService : QtiImsExtService, ImsService is not yet started retry.
08-16 16:54:37.174 2335 2335 D QtiImsExtConnector: Attempt to bind QtiImsExt service returned with: true
08-16 16:54:37.175 2204 2204 E QImsService: QtiImsExtService : QtiImsExtService, ImsService is not yet started retry.
08-16 16:54:37.175 2204 2204 W QImsService: QtiImsExtService : onBind returned null
08-16 16:54:37.177 2335 2335 D QtiImsExtConnector: onNullBinding componentName ComponentInfo{org.codeaurora.ims/org.codeaurora.ims.QtiImsExtService}
01-01 04:43:39.602 0 0 D : mv2112_read_status
01-01 04:43:39.605 0 0 D mv2112_update_link: 3.0x901(1G): 0x4
01-01 04:43:39.611 0 0 D mv2112_update_link: 3.0x8109(100M): 0x8
01-01 04:43:39.616 0 0 D mv2112_update_link: link 0x4
01-01 04:43:39.620 0 0 D mv2112_read_status: autoneg is disabled
08-16 16:54:37.538 1147 1990 I WifiService: startScan uid=1000
08-16 16:54:37.554 1455 4691 D LOWI-9.0.0.87.a: [LOWI-Scan] wait_event:Wait done with Cmd 33
08-16 16:54:37.554 1455 4691 D LOWI-9.0.0.87.a: [LOWI-Scan] do_listen_events: Rcvd valid Netlink Cmd 0 Err 0
01-01 04:43:39.781 0 0 I [schedu][0xf2f73923][16:54:37.590958] wlan: [2470:I:OSIF] scan start scan id 40971
08-16 16:54:37.687 1147 1990 D CompatibilityInfo: mCompatibilityFlags - 4
08-16 16:54:37.687 1147 1990 D CompatibilityInfo: applicationDensity - 240
08-16 16:54:37.687 1147 1990 D CompatibilityInfo: applicationScale - 1.0
08-16 16:54:37.690 2204 2204 I QImsService: QtiImsExtService : QtiImsExtService created!
08-16 16:54:37.691 2204 2204 E QImsService: QtiImsExtService : QtiImsExtService, ImsService is not yet started retry.
08-16 16:54:37.691 2335 2335 D QtiImsExtConnector: Attempt to bind QtiImsExt service returned with: true
08-16 16:54:37.692 2204 2204 E QImsService: QtiImsExtService : QtiImsExtService, ImsService is not yet started retry.
08-16 16:54:37.692 2204 2204 W QImsService: QtiImsExtService : onBind returned null
08-16 16:54:37.695 2335 2335 D QtiImsExtConnector: onNullBinding componentName ComponentInfo{org.codeaurora.ims/org.codeaurora.ims.QtiImsExtService}
01-01 04:43:39.910 0 0 E [schedu][0xf31cf103][16:54:37.719702] wlan: [2470:E:REGULATORY] reg_chan_band_to_freq: 2527: Incorrect band_mask 1
01-01 04:43:39.922 0 0 E [schedu][0xf3206b71][16:54:37.731575] wlan: [2470:E:REGULATORY] reg_get_chan_enum_for_freq: 2872: invalid channel center frequency 0
01-01 04:43:39.936 0 0 E [schedu][0xf3245c75][16:54:37.745028] wlan: [2470:E:REGULATORY] reg_get_chan_enum_for_freq: 2872: invalid channel center frequency 0
01-01 04:43:39.949 0 0 E [schedu][0xf3284e45][16:54:37.758492] wlan: [2470:E:OSIF] wlan_cfg80211_inform_bss_frame: 2029: failed to inform bss 4a:98:ca:a9:2f:ef seq 2894
08-16 16:54:38.203 1147 2598 D CompatibilityInfo: mCompatibilityFlags - 4
08-16 16:54:38.204 1147 2598 D CompatibilityInfo: applicationDensity - 240
08-16 16:54:38.204 1147 2598 D CompatibilityInfo: applicationScale - 1.0
08-16 16:54:38.207 2335 2335 D QtiImsExtConnector: Attempt to bind QtiImsExt service returned with: true
08-16 16:54:38.207 2204 2204 I QImsService: QtiImsExtService : QtiImsExtService created!
08-16 16:54:38.207 2204 2204 E QImsService: QtiImsExtService : QtiImsExtService, ImsService is not yet started retry.
08-16 16:54:38.208 2204 2204 E QImsService: QtiImsExtService : QtiImsExtService, ImsService is not yet started retry.
08-16 16:54:38.208 2204 2204 W QImsService: QtiImsExtService : onBind returned null
08-16 16:54:38.209 2335 2335 D QtiImsExtConnector: onNullBinding componentName ComponentInfo{org.codeaurora.ims/org.codeaurora.ims.QtiImsExtService}
01-01 04:43:40.626 0 0 D : mv2112_read_status
01-01 04:43:40.629 0 0 D mv2112_update_link: 3.0x901(1G): 0x4
01-01 04:43:40.635 0 0 D mv2112_update_link: 3.0x8109(100M): 0x8
01-01 04:43:40.640 0 0 D mv2112_update_link: link 0x4
01-01 04:43:40.644 0 0 D mv2112_read_status: autoneg is disabled
08-16 16:54:38.717 1147 2598 D CompatibilityInfo: mCompatibilityFlags - 4
08-16 16:54:38.717 1147 2598 D CompatibilityInfo: applicationDensity - 240
08-16 16:54:38.717 1147 2598 D CompatibilityInfo: applicationScale - 1.0
08-16 16:54:38.719 2204 2204 I QImsService: QtiImsExtService : QtiImsExtService created!
08-16 16:54:38.719 2204 2204 E QImsService: QtiImsExtService : QtiImsExtService, ImsService is not yet started retry.
08-16 16:54:38.720 2335 2335 D QtiImsExtConnector: Attempt to bind QtiImsExt service returned with: true
08-16 16:54:38.720 2204 2204 E QImsService: QtiImsExtService : QtiImsExtService, ImsService is not yet started retry.
08-16 16:54:38.720 2204 2204 W QImsService: QtiImsExtService : onBind returned null
08-16 16:54:38.721 2335 2335 D QtiImsExtConnector: onNullBinding componentName ComponentInfo{org.codeaurora.ims/org.codeaurora.ims.QtiImsExtService}
08-16 16:54:39.189 1836 2768 I OpenGLRenderer: Davey! duration=9223371835560ms; Flags=0, FrameTimelineVsyncId=9015, IntendedVsync=201293721687, Vsync=201293721687, InputEventId=0, HandleInputStart=201294684923, AnimationStart=201294687787, PerformTraversalsStart=201294689402, DrawStart=201301284506, FrameDeadline=201327055019, FrameInterval=201294674558, FrameStartTime=16666666, SyncQueued=201301644558, SyncStart=201301830704, IssueDrawCommandsStart=201302122423, SwapBuffers=201303764923, FrameCompleted=9223372036854775807, DequeueBufferDuration=54323, QueueBufferDuration=2327604, GpuCompleted=9223372036854775807, SwapBuffersCompleted=201307734558, DisplayPresentTime=0,
08-16 16:54:39.230 1147 2598 D CompatibilityInfo: mCompatibilityFlags - 4
08-16 16:54:39.230 1147 2598 D CompatibilityInfo: applicationDensity - 240
08-16 16:54:39.231 1147 2598 D CompatibilityInfo: applicationScale - 1.0
08-16 16:54:39.234 2204 2204 I QImsService: QtiImsExtService : QtiImsExtService created!
08-16 16:54:39.234 2204 2204 E QImsService: QtiImsExtService : QtiImsExtService, ImsService is not yet started retry.
08-16 16:54:39.234 2204 2204 E QImsService: QtiImsExtService : QtiImsExtService, ImsService is not yet started retry.
08-16 16:54:39.235 2204 2204 W QImsService: QtiImsExtService : onBind returned null
08-16 16:54:39.238 2335 2335 D QtiImsExtConnector: Attempt to bind QtiImsExt service returned with: true
08-16 16:54:39.238 2335 2335 D QtiImsExtConnector: onNullBinding componentName ComponentInfo{org.codeaurora.ims/org.codeaurora.ims.QtiImsExtService}
08-16 16:54:39.260 1455 4691 D LOWI-9.0.0.87.a: [LOWI-Scan] wait_event:Wait done with Cmd 34
08-16 16:54:39.260 1455 4691 D LOWI-9.0.0.87.a: [LOWI-Scan] do_listen_events: Rcvd valid Netlink Cmd 34 Err 0
08-16 16:54:39.263 1455 4691 D LOWI-9.0.0.87.a: [LOWI-Scan]
08-16 16:54:39.264 1455 4691 D LOWI-9.0.0.87.a: [LOWI-Scan] print_bss_handler: Report Probe TSF 199777890 as it greater than Beacon TSF 160433010
08-16 16:54:39.264 1455 4691 D LOWI-9.0.0.87.a: [LOWI-Scan] decode_rsn_wpa_ie: LOWI_ENCRYPTION_TYPE_WPA_PSK
08-16 16:54:39.264 1455 4691 D LOWI-9.0.0.87.a: [LOWI-Scan] is_qcom_ie, bss_age: 0
08-16 16:54:39.264 1455 4691 D LOWI-9.0.0.87.a: [LOWI-Scan] BSS b6:2a:7d:83:93:1c LOWI_PHY_MODE_11AC_VHT160(15), Beacon Interval: 100, LOWI_ENCRYPTION_TYPE_WPA_PSK 11mcRanging: No, ANQP: No, LCI: No, Civic: No, capability(0x1111): ESS Privacy SpectrumMgmt
08-16 16:54:39.264 1455 4691 D LOWI-9.0.0.87.a: [LOWI-Scan] BSS b6:2a:7d:83:93:1c FREQ: 5180, cFreq1[40:80:160] = [5190:5210:5210] cFreq2 = 5250 Country Code = CN
08-16 16:54:39.264 1455 4691 D LOWI-9.0.0.87.a: [LOWI-Scan] BSS b6:2a:7d:83:93:1c (wlan0) ASSO: NO AddInfo: 0x0, TSF 0, 00:03:19.777, RSSI: -66, CPL: 127, AGE: 1624, SSID TP-LINK_5G_9319, TSFDelta: 0x1739a096, TXRate: 0
08-16 16:54:39.264 1455 4691 D LOWI-9.0.0.87.a: [LOWI-Scan]
08-16 16:54:39.264 1455 4691 D LOWI-9.0.0.87.a: [LOWI-Scan] print_bss_handler: Report Probe TSF 199914570 as it greater than Beacon TSF 189816858
08-16 16:54:39.264 1455 4691 D LOWI-9.0.0.87.a: [LOWI-Scan] decode_rsn_wpa_ie: LOWI_ENCRYPTION_TYPE_WPA_PSK
08-16 16:54:39.265 1455 4691 D LOWI-9.0.0.87.a: [LOWI-Scan] is_qcom_ie, bss_age: 0
08-16 16:54:39.265 1455 4691 D LOWI-9.0.0.87.a: [LOWI-Scan] BSS ec:26:ca:af:36:19 LOWI_PHY_MODE_11NG_HT40(7), Beacon Interval: 100, LOWI_ENCRYPTION_TYPE_WPA_PSK 11mcRanging: No, ANQP: No, LCI: No, Civic: No, capability(0x0431): ESS Privacy ShortPreamble ShortSlotTime
08-16 16:54:39.265 1455 4691 D LOWI-9.0.0.87.a: [LOWI-Scan] BSS ec:26:ca:af:36:19 FREQ: 2412, cFreq1[40:80:160] = [2422:0:0] cFreq2 = 0 Country Code =
08-16 16:54:39.265 1455 4691 D LOWI-9.0.0.87.a: [LOWI-Scan] BSS ec:26:ca:af:36:19 (wlan0) ASSO: NO AddInfo: 0x0, TSF 0, 00:03:19.914, RSSI: -96, CPL: 127, AGE: 1488, SSID TP-LINK_TEST2.4, TSFDelta: 0xaf106e48, TXRate: 0
08-16 16:54:39.265 1455 4691 D LOWI-9.0.0.87.a: [LOWI-Scan]
08-16 16:54:39.265 1455 4691 D LOWI-9.0.0.87.a: [LOWI-Scan] print_bss_handler: Report Probe TSF 199843858 as it greater than Beacon TSF 179851343
08-16 16:54:39.265 1455 4691 D LOWI-9.0.0.87.a: [LOWI-Scan] decode_rsn_wpa_ie: LOWI_ENCRYPTION_TYPE_WPA_PSK
08-16 16:54:39.265 1455 4691 D LOWI-9.0.0.87.a: [LOWI-Scan] is_qcom_ie, bss_age: 0
08-16 16:54:39.265 1455 4691 D LOWI-9.0.0.87.a: [LOWI-Scan] BSS 98:97:cc:0e:3f:88 LOWI_PHY_MODE_11AC_VHT160(15), Beacon Interval: 100, LOWI_ENCRYPTION_TYPE_WPA_PSK 11mcRanging: No, ANQP: No, LCI: No, Civic: No, capability(0x1511): ESS Privacy SpectrumMgmt ShortSlotTime
08-16 16:54:39.265 1455 4691 D LOWI-9.0.0.87.a: [LOWI-Scan] BSS 98:97:cc:0e:3f:88 FREQ: 5200, cFreq1[40:80:160] = [5190:5210:5210] cFreq2 = 5250 Country Code = CN
08-16 16:54:39.265 1455 4691 D LOWI-9.0.0.87.a: [LOWI-Scan] BSS 98:97:cc:0e:3f:88 (wlan0) ASSO: NO AddInfo: 0x0, TSF 0, 00:03:19.843, RSSI: -156, CPL: 127, AGE: 1560, SSID TP-LINK_3F86, TSFDelta: 0xfa8fc1f4, TXRate: 0
08-16 16:54:39.266 1455 4691 D LOWI-9.0.0.87.a: [LOWI-Scan]
08-16 16:54:39.266 1455 4691 D LOWI-9.0.0.87.a: [LOWI-Scan] print_bss_handler: Report Probe TSF 199958942 as it greater than Beacon TSF 199919870
08-16 16:54:39.266 1455 4691 D LOWI-9.0.0.87.a: [LOWI-Scan] decode_rsn_wpa_ie: LOWI_ENCRYPTION_TYPE_WPA_PSK
08-16 16:54:39.266 1455 4691 D LOWI-9.0.0.87.a: [LOWI-Scan] is_qcom_ie, bss_age: 0
08-16 16:54:39.266 1455 4691 D LOWI-9.0.0.87.a: [LOWI-Scan] BSS 98:97:cc:03:15:36 LOWI_PHY_MODE_11AC_VHT160(15), Beacon Interval: 100, LOWI_ENCRYPTION_TYPE_WPA_PSK 11mcRanging: No, ANQP: No, LCI: No, Civic: No, capability(0x1511): ESS Privacy SpectrumMgmt ShortSlotTime
08-16 16:54:39.266 1455 4691 D LOWI-9.0.0.87.a: [LOWI-Scan] BSS 98:97:cc:03:15:36 FREQ: 5240, cFreq1[40:80:160] = [5230:5210:5210] cFreq2 = 5250 Country Code = CN
08-16 16:54:39.266 1455 4691 D LOWI-9.0.0.87.a: [LOWI-Scan] BSS 98:97:cc:03:15:36 (wlan0) ASSO: NO AddInfo: 0x0, TSF 0, 00:03:19.958, RSSI: -110, CPL: 127, AGE: 1444, SSID 200M_5G, TSFDelta: 0x2caa5ca7, TXRate: 0
08-16 16:54:39.266 1455 4691 D LOWI-9.0.0.87.a: [LOWI-Scan]
08-16 16:54:39.267 1455 4691 D LOWI-9.0.0.87.a: [LOWI-Scan] print_bss_handler: Report Probe TSF 199983725 as it greater than Beacon TSF 179932877
08-16 16:54:39.267 1455 4691 D LOWI-9.0.0.87.a: [LOWI-Scan] decode_rsn_wpa_ie: LOWI_ENCRYPTION_TYPE_WPA_PSK
08-16 16:54:39.267 1455 4691 D LOWI-9.0.0.87.a: [LOWI-Scan] is_qcom_ie, bss_age: 0
08-16 16:54:39.268 1455 4691 D LOWI-9.0.0.87.a: [LOWI-Scan] BSS 0c:83:9a:56:43:e4 LOWI_PHY_MODE_11AC_VHT80(10), Beacon Interval: 100, LOWI_ENCRYPTION_TYPE_WPA_PSK 11mcRanging: No, ANQP: No, LCI: No, Civic: No, capability(0x1531): ESS Privacy ShortPreamble SpectrumMgmt ShortSlotTime
08-16 16:54:39.268 1455 4691 D LOWI-9.0.0.87.a: [LOWI-Scan] BSS 0c:83:9a:56:43:e4 FREQ: 5745, cFreq1[40:80:160] = [5755:5775:0] cFreq2 = 0 Country Code = CN
08-16 16:54:39.268 1455 4691 D LOWI-9.0.0.87.a: [LOWI-Scan] BSS 0c:83:9a:56:43:e4 (wlan0) ASSO: NO AddInfo: 0x0, TSF 0, 00:03:19.983, RSSI: -96, CPL: 127, AGE: 1420, SSID HUAWEI-004YJ1, TSFDelta: 0x5da3f6bd, TXRate: 0
08-16 16:54:39.269 1455 4691 D LOWI-9.0.0.87.a: [LOWI-Scan]
08-16 16:54:39.269 1455 4691 D LOWI-9.0.0.87.a: [LOWI-Scan] print_bss_handler: Report Probe TSF 199986705 as it greater than Beacon TSF 199986237
08-16 16:54:39.269 1455 4691 D LOWI-9.0.0.87.a: [LOWI-Scan] decode_rsn_wpa_ie: LOWI_ENCRYPTION_TYPE_WPA_PSK
08-16 16:54:39.269 1455 4691 D LOWI-9.0.0.87.a: [LOWI-Scan] is_qcom_ie, bss_age: 0
08-16 16:54:39.269 1455 4691 D LOWI-9.0.0.87.a: [LOWI-Scan] BSS ec:26:ca:af:36:18 LOWI_PHY_MODE_11AC_VHT80(10), Beacon Interval: 100, LOWI_ENCRYPTION_TYPE_WPA_PSK 11mcRanging: No, ANQP: No, LCI: No, Civic: No, capability(0x0511): ESS Privacy SpectrumMgmt ShortSlotTime
08-16 16:54:39.269 1455 4691 D LOWI-9.0.0.87.a: [LOWI-Scan] BSS ec:26:ca:af:36:18 FREQ: 5745, cFreq1[40:80:160] = [5755:5775:0] cFreq2 = 0 Country Code = CN
08-16 16:54:39.269 1455 4691 D LOWI-9.0.0.87.a: [LOWI-Scan] BSS ec:26:ca:af:36:18 (wlan0) ASSO: NO AddInfo: 0x0, TSF 0, 00:03:19.986, RSSI: -92, CPL: 127, AGE: 1416, SSID TP-LINK_TEST5G, TSFDelta: 0xb306681c, TXRate: 0
08-16 16:54:39.270 1455 4691 D LOWI-9.0.0.87.a: [LOWI-Scan]
08-16 16:54:39.270 1455 4691 D LOWI-9.0.0.87.a: [LOWI-Scan] print_bss_handler: Report Probe TSF 179926100 as it greater than Beacon TSF 169912949
08-16 16:54:39.270 1455 4691 D LOWI-9.0.0.87.a: [LOWI-Scan] decode_rsn_wpa_ie: LOWI_ENCRYPTION_TYPE_WPA_PSK
08-16 16:54:39.270 1455 4691 D LOWI-9.0.0.87.a: [LOWI-Scan] is_qcom_ie, bss_age: 0
08-16 16:54:39.270 1455 4691 D LOWI-9.0.0.87.a: [LOWI-Scan] adjust_age:AP AGE upper limit reached. Dont store
08-16 16:54:39.270 1455 4691 D LOWI-9.0.0.87.a: [LOWI-Scan] BSS bc:54:fc:f0:b4:6a LOWI_PHY_MODE_11AC_VHT80(10), Beacon Interval: 100, LOWI_ENCRYPTION_TYPE_WPA_PSK 11mcRanging: No, ANQP: No, LCI: No, Civic: No, capability(0x0011): ESS Privacy
08-16 16:54:39.271 1455 4691 D LOWI-9.0.0.87.a: [LOWI-Scan] BSS bc:54:fc:f0:b4:6a FREQ: 5745, cFreq1[40:80:160] = [5755:5775:0] cFreq2 = 0 Country Code = CN
08-16 16:54:39.271 1455 4691 D LOWI-9.0.0.87.a: [LOWI-Scan] BSS bc:54:fc:f0:b4:6a (wlan0) ASSO: NO AddInfo: 0x0, TSF 0, 00:02:59.926, RSSI: -126, CPL: 127, AGE: 21476, SSID kk5g, TSFDelta: 0xdb1fd5c2, TXRate: 0
08-16 16:54:39.273 1455 4691 D LOWI-9.0.0.87.a: [LOWI-Scan]
08-16 16:54:39.273 1455 4691 D LOWI-9.0.0.87.a: [LOWI-Scan] print_bss_handler: Report beacon TSF 199984851 as it greater than probe TSF 189961780
08-16 16:54:39.273 1455 4691 D LOWI-9.0.0.87.a: [LOWI-Scan] decode_rsn_wpa_ie: LOWI_ENCRYPTION_TYPE_WPA_PSK
08-16 16:54:39.273 1455 4691 D LOWI-9.0.0.87.a: [LOWI-Scan] is_qcom_ie, bss_age: 0
08-16 16:54:39.273 1455 4691 D LOWI-9.0.0.87.a: [LOWI-Scan] BSS a8:5a:e0:72:36:4c LOWI_PHY_MODE_11AC_VHT80(10), Beacon Interval: 100, LOWI_ENCRYPTION_TYPE_WPA_PSK 11mcRanging: No, ANQP: No, LCI: No, Civic: No, capability(0x1531): ESS Privacy ShortPreamble SpectrumMgmt ShortSlotTime
08-16 16:54:39.273 1455 4691 D LOWI-9.0.0.87.a: [LOWI-Scan] BSS a8:5a:e0:72:36:4c FREQ: 5745, cFreq1[40:80:160] = [5755:5775:0] cFreq2 = 0 Country Code =
08-16 16:54:39.273 1455 4691 D LOWI-9.0.0.87.a: [LOWI-Scan] BSS a8:5a:e0:72:36:4c (wlan0) ASSO: NO AddInfo: 0x1, TSF 0, 00:03:19.984, RSSI: -112, CPL: 127, AGE: 1416, SSID Admin_5G, TSFDelta: 0xd45ecc3, TXRate: 0
08-16 16:54:39.274 1455 4691 D LOWI-9.0.0.87.a: [LOWI-Scan]
08-16 16:54:39.274 1455 4691 D LOWI-9.0.0.87.a: [LOWI-Scan] print_bss_handler: Report Probe TSF 200049968 as it greater than Beacon TSF 200047149
08-16 16:54:39.274 1455 4691 D LOWI-9.0.0.87.a: [LOWI-Scan] decode_rsn_wpa_ie: LOWI_ENCRYPTION_TYPE_WPA_PSK
08-16 16:54:39.274 1455 4691 D LOWI-9.0.0.87.a: [LOWI-Scan] is_qcom_ie, bss_age: 0
08-16 16:54:39.274 1455 4691 D LOWI-9.0.0.87.a: [LOWI-Scan] BSS c8:3a:35:e9:3d:a5 LOWI_PHY_MODE_11AC_VHT80(10), Beacon Interval: 100, LOWI_ENCRYPTION_TYPE_WPA_PSK 11mcRanging: No, ANQP: No, LCI: No, Civic: No, capability(0x1011): ESS Privacy
08-16 16:54:39.274 1455 4691 D LOWI-9.0.0.87.a: [LOWI-Scan] BSS c8:3a:35:e9:3d:a5 FREQ: 5765, cFreq1[40:80:160] = [5755:5775:0] cFreq2 = 0 Country Code =
08-16 16:54:39.275 1455 4691 D LOWI-9.0.0.87.a: [LOWI-Scan] BSS c8:3a:35:e9:3d:a5 (wlan0) ASSO: NO AddInfo: 0x0, TSF 0, 00:03:20.049, RSSI: -96, CPL: 127, AGE: 1352, SSID Tenda_E93DA0_5G, TSFDelta: 0x97d7888, TXRate: 0
08-16 16:54:39.275 1455 4691 D LOWI-9.0.0.87.a: [LOWI-Scan]
08-16 16:54:39.275 1147 2598 D WifiNl80211Manager: Scan result ready event
08-16 16:54:39.275 1455 4691 D LOWI-9.0.0.87.a: [LOWI-Scan] print_bss_handler: Report Probe TSF 200084984 as it greater than Beacon TSF 200079682
08-16 16:54:39.275 1455 4691 D LOWI-9.0.0.87.a: [LOWI-Scan] is_qcom_ie, bss_age: 0
08-16 16:54:39.276 1455 4691 D LOWI-9.0.0.87.a: [LOWI-Scan] BSS 8c:21:0a:d9:bc:72 LOWI_PHY_MODE_11NA_HT40(6), Beacon Interval: 100, LOWI_ENCRYPTION_TYPE_OPEN 11mcRanging: No, ANQP: No, LCI: No, Civic: No, capability(0x0501): ESS SpectrumMgmt ShortSlotTime
08-16 16:54:39.276 1455 4691 D LOWI-9.0.0.87.a: [LOWI-Scan] BSS 8c:21:0a:d9:bc:72 FREQ: 5785, cFreq1[40:80:160] = [5795:0:0] cFreq2 = 0 Country Code = CN
08-16 16:54:39.276 1147 2598 D WifiNative: Scan result ready event
08-16 16:54:39.276 1455 4691 D LOWI-9.0.0.87.a: [LOWI-Scan] BSS 8c:21:0a:d9:bc:72 (wlan0) ASSO: NO AddInfo: 0x0, TSF 0, 00:03:20.084, RSSI: -114, CPL: 127, AGE: 1316, SSID TP-LINK_5GHz_D9BC72, TSFDelta: 0x44bc3490, TXRate: 0
08-16 16:54:39.276 1455 4691 D LOWI-9.0.0.87.a: [LOWI-Scan]
08-16 16:54:39.276 1455 4691 D LOWI-9.0.0.87.a: [LOWI-Scan] print_bss_handler: Report beacon TSF 200143787 as it greater than probe TSF 200142676
08-16 16:54:39.276 1455 4691 D LOWI-9.0.0.87.a: [LOWI-Scan] decode_rsn_wpa_ie: LOWI_ENCRYPTION_TYPE_WPA_PSK
08-16 16:54:39.277 1455 4691 D LOWI-9.0.0.87.a: [LOWI-Scan] is_qcom_ie, bss_age: 0
08-16 16:54:39.277 1455 4691 D LOWI-9.0.0.87.a: [LOWI-Scan] BSS 5c:02:14:0f:aa:4d LOWI_PHY_MODE_11AC_VHT80(10), Beacon Interval: 100, LOWI_ENCRYPTION_TYPE_WPA_PSK 11mcRanging: No, ANQP: Yes, LCI: No, Civic: No, capability(0x0011): ESS Privacy
08-16 16:54:39.277 1455 4691 D LOWI-9.0.0.87.a: [LOWI-Scan] BSS 5c:02:14:0f:aa:4d FREQ: 5805, cFreq1[40:80:160] = [5795:5775:0] cFreq2 = 0 Country Code = CN
08-16 16:54:39.277 1455 4691 D LOWI-9.0.0.87.a: [LOWI-Scan] BSS 5c:02:14:0f:aa:4d (wlan0) ASSO: NO AddInfo: 0x1, TSF 0, 00:03:20.143, RSSI: -136, CPL: 127, AGE: 1260, SSID Redmi_AA4A_5G, TSFDelta: 0x6e087415, TXRate: 0
08-16 16:54:39.277 1455 4691 D LOWI-9.0.0.87.a: [LOWI-Scan]
08-16 16:54:39.277 1455 4691 D LOWI-9.0.0.87.a: [LOWI-Scan] print_bss_handler: Report Probe TSF 200291463 as it greater than Beacon TSF 200260588
08-16 16:54:39.277 1455 4691 D LOWI-9.0.0.87.a: [LOWI-Scan] decode_rsn_wpa_ie: LOWI_ENCRYPTION_TYPE_WPA_PSK
08-16 16:54:39.277 1455 4691 D LOWI-9.0.0.87.a: [LOWI-Scan] is_qcom_ie, bss_age: 0
08-16 16:54:39.277 1455 4691 D LOWI-9.0.0.87.a: [LOWI-Scan] BSS f4:a4:d6:51:0c:91 LOWI_PHY_MODE_11AC_VHT40(9), Beacon Interval: 100, LOWI_ENCRYPTION_TYPE_WPA_PSK 11mcRanging: No, ANQP: No, LCI: No, Civic: No, capability(0x1511): ESS Privacy SpectrumMgmt ShortSlotTime
08-16 16:54:39.278 1455 4691 D LOWI-9.0.0.87.a: [LOWI-Scan] BSS f4:a4:d6:51:0c:91 FREQ: 5260, cFreq1[40:80:160] = [5270:0:0] cFreq2 = 0 Country Code = CN
08-16 16:54:39.278 1455 4691 D LOWI-9.0.0.87.a: [LOWI-Scan] BSS f4:a4:d6:51:0c:91 (wlan0) ASSO: NO AddInfo: 0x0, TSF 0, 00:03:20.291, RSSI: -162, CPL: 127, AGE: 1112, SSID thundercomm, TSFDelta: 0xf2220b1e, TXRate: 0
08-16 16:54:39.278 1455 4691 D LOWI-9.0.0.87.a: [LOWI-Scan]
08-16 16:54:39.278 1455 4691 D LOWI-9.0.0.87.a: [LOWI-Scan] print_bss_handler: Report Probe TSF 200290578 as it greater than Beacon TSF 200261464
08-16 16:54:39.278 1455 4691 D LOWI-9.0.0.87.a: [LOWI-Scan] decode_rsn_wpa_ie: LOWI_ENCRYPTION_TYPE_WPA_PSK
08-16 16:54:39.278 1455 4691 D LOWI-9.0.0.87.a: [LOWI-Scan] is_qcom_ie, bss_age: 0
08-16 16:54:39.278 1455 4691 D LOWI-9.0.0.87.a: [LOWI-Scan] BSS f4:a4:d6:51:0c:90 LOWI_PHY_MODE_11AC_VHT40(9), Beacon Interval: 100, LOWI_ENCRYPTION_TYPE_WPA_PSK 11mcRanging: No, ANQP: No, LCI: No, Civic: No, capability(0x1511): ESS Privacy SpectrumMgmt ShortSlotTime
08-16 16:54:39.278 1455 4691 D LOWI-9.0.0.87.a: [LOWI-Scan] BSS f4:a4:d6:51:0c:90 FREQ: 5260, cFreq1[40:80:160] = [5270:0:0] cFreq2 = 0 Country Code = CN
08-16 16:54:39.278 1455 4691 D LOWI-9.0.0.87.a: [LOWI-Scan] BSS f4:a4:d6:51:0c:90 (wlan0) ASSO: NO AddInfo: 0x0, TSF 0, 00:03:20.290, RSSI: -164, CPL: 127, AGE: 1112, SSID guest, TSFDelta: 0xf21ba232, TXRate: 0
08-16 16:54:39.279 1455 4691 D LOWI-9.0.0.87.a: [LOWI-Scan]
08-16 16:54:39.279 1455 4691 D LOWI-9.0.0.87.a: [LOWI-Scan] print_bss_handler: Report Probe TSF 200292264 as it greater than Beacon TSF 200262246
08-16 16:54:39.279 1455 4691 D LOWI-9.0.0.87.a: [LOWI-Scan] decode_rsn_wpa_ie: LOWI_ENCRYPTION_TYPE_WPA_PSK
08-16 16:54:39.279 1455 4691 D LOWI-9.0.0.87.a: [LOWI-Scan] is_qcom_ie, bss_age: 0
08-16 16:54:39.279 1455 4691 D LOWI-9.0.0.87.a: [LOWI-Scan] BSS f4:a4:d6:51:0c:94 LOWI_PHY_MODE_11AC_VHT40(9), Beacon Interval: 100, LOWI_ENCRYPTION_TYPE_WPA_PSK 11mcRanging: No, ANQP: No, LCI: No, Civic: No, capability(0x1511): ESS Privacy SpectrumMgmt ShortSlotTime
08-16 16:54:39.279 1455 4691 D LOWI-9.0.0.87.a: [LOWI-Scan] BSS f4:a4:d6:51:0c:94 FREQ: 5260, cFreq1[40:80:160] = [5270:0:0] cFreq2 = 0 Country Code = CN
08-16 16:54:39.279 1455 4691 D LOWI-9.0.0.87.a: [LOWI-Scan] BSS f4:a4:d6:51:0c:94 (wlan0) ASSO: NO AddInfo: 0x0, TSF 0, 00:03:20.292, RSSI: -164, CPL: 127, AGE: 1108, SSID thundersoft, TSFDelta: 0xf2269a77, TXRate: 0
08-16 16:54:39.280 1455 4691 D LOWI-9.0.0.87.a: [LOWI-Scan]
08-16 16:54:39.280 1455 4691 D LOWI-9.0.0.87.a: [LOWI-Scan] print_bss_handler: Report beacon TSF 200551586 as it greater than probe TSF 200542729
08-16 16:54:39.280 1455 4691 D LOWI-9.0.0.87.a: [LOWI-Scan] decode_rsn_wpa_ie: LOWI_ENCRYPTION_TYPE_WPA_PSK
08-16 16:54:39.280 1455 4691 D LOWI-9.0.0.87.a: [LOWI-Scan] is_qcom_ie, bss_age: 0
08-16 16:54:39.280 1455 4691 D LOWI-9.0.0.87.a: [LOWI-Scan] BSS f4:a4:d6:51:0e:11 LOWI_PHY_MODE_11AC_VHT40(9), Beacon Interval: 100, LOWI_ENCRYPTION_TYPE_WPA_PSK 11mcRanging: No, ANQP: No, LCI: No, Civic: No, capability(0x1511): ESS Privacy SpectrumMgmt ShortSlotTime
08-16 16:54:39.280 1455 4691 D LOWI-9.0.0.87.a: [LOWI-Scan] BSS f4:a4:d6:51:0e:11 FREQ: 5300, cFreq1[40:80:160] = [5310:0:0] cFreq2 = 0 Country Code = CN
08-16 16:54:39.280 1455 4691 D LOWI-9.0.0.87.a: [LOWI-Scan] BSS f4:a4:d6:51:0e:11 (wlan0) ASSO: NO AddInfo: 0x1, TSF 0, 00:03:20.551, RSSI: -124, CPL: 127, AGE: 852, SSID thundercomm, TSFDelta: 0xa9cc1a79, TXRate: 0
08-16 16:54:39.281 1455 4691 D LOWI-9.0.0.87.a: [LOWI-Scan]
08-16 16:54:39.281 1455 4691 D LOWI-9.0.0.87.a: [LOWI-Scan] print_bss_handler: Report beacon TSF 200552566 as it greater than probe TSF 200540241
08-16 16:54:39.281 1455 4691 D LOWI-9.0.0.87.a: [LOWI-Scan] decode_rsn_wpa_ie: LOWI_ENCRYPTION_TYPE_WPA_PSK
08-16 16:54:39.281 1455 4691 D LOWI-9.0.0.87.a: [LOWI-Scan] is_qcom_ie, bss_age: 0
08-16 16:54:39.281 1455 4691 D LOWI-9.0.0.87.a: [LOWI-Scan] BSS f4:a4:d6:51:0e:10 LOWI_PHY_MODE_11AC_VHT40(9), Beacon Interval: 100, LOWI_ENCRYPTION_TYPE_WPA_PSK 11mcRanging: No, ANQP: No, LCI: No, Civic: No, capability(0x1511): ESS Privacy SpectrumMgmt ShortSlotTime
08-16 16:54:39.281 1455 4691 D LOWI-9.0.0.87.a: [LOWI-Scan] BSS f4:a4:d6:51:0e:10 FREQ: 5300, cFreq1[40:80:160] = [5310:0:0] cFreq2 = 0 Country Code = CN
08-16 16:54:39.281 1455 4691 D LOWI-9.0.0.87.a: [LOWI-Scan] BSS f4:a4:d6:51:0e:10 (wlan0) ASSO: NO AddInfo: 0x1, TSF 0, 00:03:20.552, RSSI: -122, CPL: 127, AGE: 848, SSID guest, TSFDelta: 0xa9c27a5d, TXRate: 0
08-16 16:54:39.282 1455 4691 D LOWI-9.0.0.87.a: [LOWI-Scan]
08-16 16:54:39.282 1455 4691 D LOWI-9.0.0.87.a: [LOWI-Scan] print_bss_handler: Report beacon TSF 200553267 as it greater than probe TSF 200543405
08-16 16:54:39.282 1455 4691 D LOWI-9.0.0.87.a: [LOWI-Scan] decode_rsn_wpa_ie: LOWI_ENCRYPTION_TYPE_WPA_PSK
08-16 16:54:39.282 1455 4691 D LOWI-9.0.0.87.a: [LOWI-Scan] is_qcom_ie, bss_age: 0
08-16 16:54:39.282 1455 4691 D LOWI-9.0.0.87.a: [LOWI-Scan] BSS f4:a4:d6:51:0e:14 LOWI_PHY_MODE_11AC_VHT40(9), Beacon Interval: 100, LOWI_ENCRYPTION_TYPE_WPA_PSK 11mcRanging: No, ANQP: No, LCI: No, Civic: No, capability(0x1511): ESS Privacy SpectrumMgmt ShortSlotTime
08-16 16:54:39.282 1455 4691 D LOWI-9.0.0.87.a: [LOWI-Scan] BSS f4:a4:d6:51:0e:14 FREQ: 5300, cFreq1[40:80:160] = [5310:0:0] cFreq2 = 0 Country Code = CN
08-16 16:54:39.282 1455 4691 D LOWI-9.0.0.87.a: [LOWI-Scan] BSS f4:a4:d6:51:0e:14 (wlan0) ASSO: NO AddInfo: 0x1, TSF 0, 00:03:20.553, RSSI: -122, CPL: 127, AGE: 848, SSID thundersoft, TSFDelta: 0xa9d0abc9, TXRate: 0
08-16 16:54:39.283 1455 4691 D LOWI-9.0.0.87.a: [LOWI-Scan]
08-16 16:54:39.283 1455 4691 D LOWI-9.0.0.87.a: [LOWI-Scan] print_bss_handler: Report beacon TSF 200614520 as it greater than probe TSF 200539301
08-16 16:54:39.283 1455 4691 D LOWI-9.0.0.87.a: [LOWI-Scan] decode_rsn_wpa_ie: LOWI_ENCRYPTION_TYPE_WPA_PSK
08-16 16:54:39.283 1455 4691 D LOWI-9.0.0.87.a: [LOWI-Scan] is_qcom_ie, bss_age: 0
08-16 16:54:39.283 1455 4691 D LOWI-9.0.0.87.a: [LOWI-Scan] BSS f4:a4:d6:51:0d:91 LOWI_PHY_MODE_11AC_VHT40(9), Beacon Interval: 100, LOWI_ENCRYPTION_TYPE_WPA_PSK 11mcRanging: No, ANQP: No, LCI: No, Civic: No, capability(0x1511): ESS Privacy SpectrumMgmt ShortSlotTime
08-16 16:54:39.283 1455 4691 D LOWI-9.0.0.87.a: [LOWI-Scan] BSS f4:a4:d6:51:0d:91 FREQ: 5300, cFreq1[40:80:160] = [5310:0:0] cFreq2 = 0 Country Code = CN
08-16 16:54:39.283 1455 4691 D LOWI-9.0.0.87.a: [LOWI-Scan] BSS f4:a4:d6:51:0d:91 (wlan0) ASSO: NO AddInfo: 0x1, TSF 0, 00:03:20.614, RSSI: -128, CPL: 127, AGE: 788, SSID thundercomm, TSFDelta: 0xfc458698, TXRate: 0
08-16 16:54:39.284 1455 4691 D LOWI-9.0.0.87.a: [LOWI-Scan]
08-16 16:54:39.284 1455 4691 D LOWI-9.0.0.87.a: [LOWI-Scan] print_bss_handler: Report beacon TSF 200615313 as it greater than probe TSF 200542044
08-16 16:54:39.284 1455 4691 D LOWI-9.0.0.87.a: [LOWI-Scan] decode_rsn_wpa_ie: LOWI_ENCRYPTION_TYPE_WPA_PSK
08-16 16:54:39.284 1455 4691 D LOWI-9.0.0.87.a: [LOWI-Scan] is_qcom_ie, bss_age: 0
08-16 16:54:39.284 1455 4691 D LOWI-9.0.0.87.a: [LOWI-Scan] BSS f4:a4:d6:51:0d:94 LOWI_PHY_MODE_11AC_VHT40(9), Beacon Interval: 100, LOWI_ENCRYPTION_TYPE_WPA_PSK 11mcRanging: No, ANQP: No, LCI: No, Civic: No, capability(0x1511): ESS Privacy SpectrumMgmt ShortSlotTime
08-16 16:54:39.284 1455 4691 D LOWI-9.0.0.87.a: [LOWI-Scan] BSS f4:a4:d6:51:0d:94 FREQ: 5300, cFreq1[40:80:160] = [5310:0:0] cFreq2 = 0 Country Code = CN
08-16 16:54:39.284 1455 4691 D LOWI-9.0.0.87.a: [LOWI-Scan] BSS f4:a4:d6:51:0d:94 (wlan0) ASSO: NO AddInfo: 0x1, TSF 0, 00:03:20.615, RSSI: -128, CPL: 127, AGE: 792, SSID thundersoft, TSFDelta: 0xfc4dcca5, TXRate: 0
08-16 16:54:39.285 1455 4691 D LOWI-9.0.0.87.a: [LOWI-Scan]
08-16 16:54:39.285 1455 4691 D LOWI-9.0.0.87.a: [LOWI-Scan] print_bss_handler: Report beacon TSF 200614930 as it greater than probe TSF 200538648
08-16 16:54:39.285 1455 4691 D LOWI-9.0.0.87.a: [LOWI-Scan] decode_rsn_wpa_ie: LOWI_ENCRYPTION_TYPE_WPA_PSK
08-16 16:54:39.285 1455 4691 D LOWI-9.0.0.87.a: [LOWI-Scan] is_qcom_ie, bss_age: 0
08-16 16:54:39.285 1455 4691 D LOWI-9.0.0.87.a: [LOWI-Scan] BSS f4:a4:d6:51:0d:90 LOWI_PHY_MODE_11AC_VHT40(9), Beacon Interval: 100, LOWI_ENCRYPTION_TYPE_WPA_PSK 11mcRanging: No, ANQP: No, LCI: No, Civic: No, capability(0x1511): ESS Privacy SpectrumMgmt ShortSlotTime
08-16 16:54:39.285 1455 4691 D LOWI-9.0.0.87.a: [LOWI-Scan] BSS f4:a4:d6:51:0d:90 FREQ: 5300, cFreq1[40:80:160] = [5310:0:0] cFreq2 = 0 Country Code = CN
08-16 16:54:39.285 1455 4691 D LOWI-9.0.0.87.a: [LOWI-Scan] BSS f4:a4:d6:51:0d:90 (wlan0) ASSO: NO AddInfo: 0x1, TSF 0, 00:03:20.614, RSSI: -128, CPL: 127, AGE: 792, SSID guest, TSFDelta: 0xfc403656, TXRate: 0
08-16 16:54:39.286 1455 4691 D LOWI-9.0.0.87.a: [LOWI-Scan] -- associated
08-16 16:54:39.286 1455 4691 D LOWI-9.0.0.87.a: [LOWI-Scan]
08-16 16:54:39.286 1455 4691 D LOWI-9.0.0.87.a: [LOWI-Scan] print_bss_handler: Report beacon TSF 201321442 as it greater than probe TSF 201130996
08-16 16:54:39.286 1455 4691 D LOWI-9.0.0.87.a: [LOWI-Scan] decode_rsn_wpa_ie: LOWI_ENCRYPTION_TYPE_WPA_PSK
08-16 16:54:39.286 1455 4691 D LOWI-9.0.0.87.a: [LOWI-Scan] is_qcom_ie, bss_age: 0
08-16 16:54:39.286 1455 4691 D LOWI-9.0.0.87.a: [LOWI-Scan] BSS 96:2a:7d:83:93:1a LOWI_PHY_MODE_11AC_VHT40_2G(12), Beacon Interval: 100, LOWI_ENCRYPTION_TYPE_WPA_PSK 11mcRanging: No, ANQP: No, LCI: No, Civic: No, capability(0x1411): ESS Privacy ShortSlotTime
08-16 16:54:39.286 1455 4691 D LOWI-9.0.0.87.a: [LOWI-Scan] BSS 96:2a:7d:83:93:1a FREQ: 2462, cFreq1[40:80:160] = [2452:0:0] cFreq2 = 0 Country Code = CN
08-16 16:54:39.286 1455 4691 D LOWI-9.0.0.87.a: [LOWI-Scan] BSS 96:2a:7d:83:93:1a (wlan0) ASSO: YES AddInfo: 0x1, TSF 0, 00:03:21.321, RSSI: -88, CPL: 127, AGE: 0, SSID TP-LINK_9319, TSFDelta: 0x7030b994, TXRate: 0
08-16 16:54:39.286 1455 4691 D LOWI-9.0.0.87.a: [LOWI-Scan]
08-16 16:54:39.286 1455 4691 D LOWI-9.0.0.87.a: [LOWI-Scan] print_bss_handler: Report Probe TSF 201127214 as it greater than Beacon TSF 201069519
08-16 16:54:39.286 1455 4691 D LOWI-9.0.0.87.a: [LOWI-Scan] decode_rsn_wpa_ie: LOWI_ENCRYPTION_TYPE_WPA_PSK
08-16 16:54:39.287 1455 4691 D LOWI-9.0.0.87.a: [LOWI-Scan] is_qcom_ie, bss_age: 0
08-16 16:54:39.287 1455 4691 D LOWI-9.0.0.87.a: [LOWI-Scan] BSS e0:bb:9e:95:df:88 LOWI_PHY_MODE_11NG_HT20(5), Beacon Interval: 100, LOWI_ENCRYPTION_TYPE_WPA_PSK 11mcRanging: No, ANQP: No, LCI: No, Civic: No, capability(0x0411): ESS Privacy ShortSlotTime
08-16 16:54:39.287 1455 4691 D LOWI-9.0.0.87.a: [LOWI-Scan] BSS e0:bb:9e:95:df:88 FREQ: 2462, cFreq1[40:80:160] = [0:0:0] cFreq2 = 0 Country Code =
08-16 16:54:39.287 1455 4691 D LOWI-9.0.0.87.a: [LOWI-Scan] BSS e0:bb:9e:95:df:88 (wlan0) ASSO: NO AddInfo: 0x0, TSF 0, 00:03:21.127, RSSI: -196, CPL: 127, AGE: 280, SSID EB95DF88-uE8BkUbT@81AOJL, TSFDelta: 0x131c94d7, TXRate: 0
08-16 16:54:39.288 1455 4691 D LOWI-9.0.0.87.a: [LOWI-Scan]
08-16 16:54:39.288 1455 4691 D LOWI-9.0.0.87.a: [LOWI-Scan] print_bss_handler: Report Probe TSF 201112427 as it greater than Beacon TSF 190829683
08-16 16:54:39.288 1455 4691 D LOWI-9.0.0.87.a: [LOWI-Scan] decode_rsn_wpa_ie: LOWI_ENCRYPTION_TYPE_WPA_PSK
08-16 16:54:39.288 1455 4691 D LOWI-9.0.0.87.a: [LOWI-Scan] is_qcom_ie, bss_age: 0
08-16 16:54:39.288 1455 4691 D LOWI-9.0.0.87.a: [LOWI-Scan] BSS 0c:83:9a:56:43:e0 LOWI_PHY_MODE_11NG_HT20(5), Beacon Interval: 100, LOWI_ENCRYPTION_TYPE_WPA_PSK 11mcRanging: No, ANQP: No, LCI: No, Civic: No, capability(0x1431): ESS Privacy ShortPreamble ShortSlotTime
08-16 16:54:39.288 1455 4691 D LOWI-9.0.0.87.a: [LOWI-Scan] BSS 0c:83:9a:56:43:e0 FREQ: 2462, cFreq1[40:80:160] = [0:0:0] cFreq2 = 0 Country Code = CN
08-16 16:54:39.288 1455 4691 D LOWI-9.0.0.87.a: [LOWI-Scan] BSS 0c:83:9a:56:43:e0 (wlan0) ASSO: NO AddInfo: 0x0, TSF 0, 00:03:21.112, RSSI: -116, CPL: 127, AGE: 292, SSID HUAWEI-004YJ1, TSFDelta: 0x7e3f2cdd, TXRate: 0
08-16 16:54:39.289 1455 4691 D LOWI-9.0.0.87.a: [LOWI-Scan]
08-16 16:54:39.289 1455 4691 D LOWI-9.0.0.87.a: [LOWI-Scan] print_bss_handler: Report Probe TSF 201118561 as it greater than Beacon TSF 201050234
08-16 16:54:39.289 1455 4691 D LOWI-9.0.0.87.a: [LOWI-Scan] decode_rsn_wpa_ie: LOWI_ENCRYPTION_TYPE_WPA_PSK
08-16 16:54:39.289 1455 4691 D LOWI-9.0.0.87.a: [LOWI-Scan] is_qcom_ie, bss_age: 0
08-16 16:54:39.289 1455 4691 D LOWI-9.0.0.87.a: [LOWI-Scan] BSS 94:d0:0d:67:64:78 LOWI_PHY_MODE_11NG_HT20(5), Beacon Interval: 100, LOWI_ENCRYPTION_TYPE_WPA_PSK 11mcRanging: No, ANQP: No, LCI: No, Civic: No, capability(0x1431): ESS Privacy ShortPreamble ShortSlotTime
08-16 16:54:39.289 1455 4691 D LOWI-9.0.0.87.a: [LOWI-Scan] BSS 94:d0:0d:67:64:78 FREQ: 2462, cFreq1[40:80:160] = [0:0:0] cFreq2 = 0 Country Code = CN
08-16 16:54:39.289 1455 4691 D LOWI-9.0.0.87.a: [LOWI-Scan] BSS 94:d0:0d:67:64:78 (wlan0) ASSO: NO AddInfo: 0x0, TSF 0, 00:03:21.118, RSSI: -130, CPL: 127, AGE: 288, SSID Visional, TSFDelta: 0x27af330, TXRate: 0
08-16 16:54:39.290 1455 4691 D LOWI-9.0.0.87.a: [LOWI-Scan]
08-16 16:54:39.290 1455 4691 D LOWI-9.0.0.87.a: [LOWI-Scan] print_bss_handler: Report Probe TSF 201099012 as it greater than Beacon TSF 201080800
08-16 16:54:39.290 1455 4691 D LOWI-9.0.0.87.a: [LOWI-Scan] decode_rsn_wpa_ie: LOWI_ENCRYPTION_TYPE_WPA_PSK
08-16 16:54:39.290 1455 4691 D LOWI-9.0.0.87.a: [LOWI-Scan] is_qcom_ie, bss_age: 0
08-16 16:54:39.290 1455 4691 D LOWI-9.0.0.87.a: [LOWI-Scan] BSS 2c:61:04:e5:57:3c LOWI_PHY_MODE_11NG_HT20(5), Beacon Interval: 100, LOWI_ENCRYPTION_TYPE_WPA_PSK 11mcRanging: No, ANQP: No, LCI: No, Civic: No, capability(0x0431): ESS Privacy ShortPreamble ShortSlotTime
08-16 16:54:39.290 1455 4691 D LOWI-9.0.0.87.a: [LOWI-Scan] BSS 2c:61:04:e5:57:3c FREQ: 2462, cFreq1[40:80:160] = [0:0:0] cFreq2 = 0 Country Code =
08-16 16:54:39.290 1455 4691 D LOWI-9.0.0.87.a: [LOWI-Scan] BSS 2c:61:04:e5:57:3c (wlan0) ASSO: NO AddInfo: 0x0, TSF 0, 00:03:21.099, RSSI: -140, CPL: 127, AGE: 308, SSID 360WiFi-E5573C, TSFDelta: 0xf810bf66, TXRate: 0
08-16 16:54:39.293 1455 4691 D LOWI-9.0.0.87.a: [LOWI-Scan]
08-16 16:54:39.293 1455 4691 D LOWI-9.0.0.87.a: [LOWI-Scan] print_bss_handler: Report Probe TSF 200558808 as it greater than Beacon TSF 161424632
08-16 16:54:39.293 1455 4691 D LOWI-9.0.0.87.a: [LOWI-Scan] decode_rsn_wpa_ie: LOWI_ENCRYPTION_TYPE_WPA_PSK
08-16 16:54:39.293 1455 4691 D LOWI-9.0.0.87.a: [LOWI-Scan] is_qcom_ie, bss_age: 0
08-16 16:54:39.293 1455 4691 D LOWI-9.0.0.87.a: [LOWI-Scan] BSS a8:5a:e0:72:36:48 LOWI_PHY_MODE_11AC_VHT40_2G(12), Beacon Interval: 100, LOWI_ENCRYPTION_TYPE_WPA_PSK 11mcRanging: No, ANQP: No, LCI: No, Civic: No, capability(0x1431): ESS Privacy ShortPreamble ShortSlotTime
08-16 16:54:39.293 1455 4691 D LOWI-9.0.0.87.a: [LOWI-Scan] BSS a8:5a:e0:72:36:48 FREQ: 2437, cFreq1[40:80:160] = [2447:0:0] cFreq2 = 0 Country Code =
08-16 16:54:39.293 1455 4691 D LOWI-9.0.0.87.a: [LOWI-Scan] BSS a8:5a:e0:72:36:48 (wlan0) ASSO: NO AddInfo: 0x0, TSF 0, 00:03:20.558, RSSI: -152, CPL: 127, AGE: 848, SSID anamwifi, TSFDelta: 0x1cc4f8bf, TXRate: 0
08-16 16:54:39.294 1455 4691 D LOWI-9.0.0.87.a: [LOWI-Scan]
08-16 16:54:39.294 1455 4691 D LOWI-9.0.0.87.a: [LOWI-Scan] print_bss_handler: Report Probe TSF 200574306 as it greater than Beacon TSF 0
08-16 16:54:39.294 1455 4691 D LOWI-9.0.0.87.a: [LOWI-Scan] decode_rsn_wpa_ie: LOWI_ENCRYPTION_TYPE_WPA_PSK
08-16 16:54:39.294 1455 4691 D LOWI-9.0.0.87.a: [LOWI-Scan] is_qcom_ie, bss_age: 0
08-16 16:54:39.294 1455 4691 D LOWI-9.0.0.87.a: [LOWI-Scan] BSS 98:97:cc:03:15:34 LOWI_PHY_MODE_11AC_VHT40_2G(12), Beacon Interval: 100, LOWI_ENCRYPTION_TYPE_WPA_PSK 11mcRanging: No, ANQP: No, LCI: No, Civic: No, capability(0x1431): ESS Privacy ShortPreamble ShortSlotTime
08-16 16:54:39.294 1455 4691 D LOWI-9.0.0.87.a: [LOWI-Scan] BSS 98:97:cc:03:15:34 FREQ: 2437, cFreq1[40:80:160] = [2427:0:0] cFreq2 = 0 Country Code = CN
08-16 16:54:39.294 1455 4691 D LOWI-9.0.0.87.a: [LOWI-Scan] BSS 98:97:cc:03:15:34 (wlan0) ASSO: NO AddInfo: 0x0, TSF 0, 00:03:20.574, RSSI: -138, CPL: 127, AGE: 832, SSID 200M_2.4G, TSFDelta: 0x5c5a311e, TXRate: 0
08-16 16:54:39.295 1455 4691 D LOWI-9.0.0.87.a: [LOWI-Scan]
08-16 16:54:39.295 1455 4691 D LOWI-9.0.0.87.a: [LOWI-Scan] print_bss_handler: Report beacon TSF 201288692 as it greater than probe TSF 201288692
08-16 16:54:39.295 1455 4691 D LOWI-9.0.0.87.a: [LOWI-Scan] decode_rsn_wpa_ie: LOWI_ENCRYPTION_TYPE_WPA_PSK
08-16 16:54:39.295 1455 4691 D LOWI-9.0.0.87.a: [LOWI-Scan] is_qcom_ie, bss_age: 0
08-16 16:54:39.295 1455 4691 D LOWI-9.0.0.87.a: [LOWI-Scan] BSS 4c:77:66:d5:c0:f3 LOWI_PHY_MODE_11NG_HT40(7), Beacon Interval: 100, LOWI_ENCRYPTION_TYPE_WPA_PSK 11mcRanging: No, ANQP: No, LCI: No, Civic: No, capability(0x0411): ESS Privacy ShortSlotTime
08-16 16:54:39.295 1455 4691 D LOWI-9.0.0.87.a: [LOWI-Scan] BSS 4c:77:66:d5:c0:f3 FREQ: 2467, cFreq1[40:80:160] = [2457:0:0] cFreq2 = 0 Country Code = CN
08-16 16:54:39.295 1455 4691 D LOWI-9.0.0.87.a: [LOWI-Scan] BSS 4c:77:66:d5:c0:f3 (wlan0) ASSO: NO AddInfo: 0x1, TSF 0, 00:03:21.288, RSSI: -186, CPL: 127, AGE: 116, SSID TCVR, TSFDelta: 0x2ec4a955, TXRate: 0
08-16 16:54:39.296 1455 4691 D LOWI-9.0.0.87.a: [LOWI-Scan]
08-16 16:54:39.296 1455 4691 D LOWI-9.0.0.87.a: [LOWI-Scan] print_bss_handler: Report Probe TSF 179851756 as it greater than Beacon TSF 179851652
08-16 16:54:39.296 1455 4691 D LOWI-9.0.0.87.a: [LOWI-Scan] decode_rsn_wpa_ie: LOWI_ENCRYPTION_TYPE_WPA_PSK
08-16 16:54:39.296 1455 4691 D LOWI-9.0.0.87.a: [LOWI-Scan] is_qcom_ie, bss_age: 0
08-16 16:54:39.296 1455 4691 D LOWI-9.0.0.87.a: [LOWI-Scan] adjust_age:AP AGE upper limit reached. Dont store
08-16 16:54:39.296 1455 4691 D LOWI-9.0.0.87.a: [LOWI-Scan] BSS c8:3a:35:e9:3d:a1 LOWI_PHY_MODE_11NG_HT40(7), Beacon Interval: 100, LOWI_ENCRYPTION_TYPE_WPA_PSK 11mcRanging: No, ANQP: No, LCI: No, Civic: No, capability(0x1411): ESS Privacy ShortSlotTime
08-16 16:54:39.296 1455 4691 D LOWI-9.0.0.87.a: [LOWI-Scan] BSS c8:3a:35:e9:3d:a1 FREQ: 2412, cFreq1[40:80:160] = [2422:0:0] cFreq2 = 0 Country Code =
08-16 16:54:39.296 1455 4691 D LOWI-9.0.0.87.a: [LOWI-Scan] BSS c8:3a:35:e9:3d:a1 (wlan0) ASSO: NO AddInfo: 0x0, TSF 0, 00:02:59.851, RSSI: -68, CPL: 127, AGE: 21556, SSID Tenda_E93DA0, TSFDelta: 0x4bfdfde, TXRate: 0
08-16 16:54:39.297 1455 4691 D LOWI-9.0.0.87.a: [LOWI-Scan]
08-16 16:54:39.297 1455 4691 D LOWI-9.0.0.87.a: [LOWI-Scan] print_bss_handler: Report beacon TSF 179808668 as it greater than probe TSF 119468097
08-16 16:54:39.297 1455 4691 D LOWI-9.0.0.87.a: [LOWI-Scan] decode_rsn_wpa_ie: LOWI_ENCRYPTION_TYPE_WPA_PSK
08-16 16:54:39.297 1455 4691 D LOWI-9.0.0.87.a: [LOWI-Scan] is_qcom_ie, bss_age: 0
08-16 16:54:39.297 1455 4691 D LOWI-9.0.0.87.a: [LOWI-Scan] adjust_age:AP AGE upper limit reached. Dont store
08-16 16:54:39.297 1455 4691 D LOWI-9.0.0.87.a: [LOWI-Scan] BSS 98:97:cc:0e:3f:86 LOWI_PHY_MODE_11AC_VHT40_2G(12), Beacon Interval: 100, LOWI_ENCRYPTION_TYPE_WPA_PSK 11mcRanging: No, ANQP: No, LCI: No, Civic: No, capability(0x1431): ESS Privacy ShortPreamble ShortSlotTime
08-16 16:54:39.297 1455 4691 D LOWI-9.0.0.87.a: [LOWI-Scan] BSS 98:97:cc:0e:3f:86 FREQ: 2412, cFreq1[40:80:160] = [2422:0:0] cFreq2 = 0 Country Code = CN
08-16 16:54:39.297 1455 4691 D LOWI-9.0.0.87.a: [LOWI-Scan] BSS 98:97:cc:0e:3f:86 (wlan0) ASSO: NO AddInfo: 0x1, TSF 0, 00:02:59.808, RSSI: -132, CPL: 127, AGE: 21596, SSID TP-LINK_3F86, TSFDelta: 0xfe988c51, TXRate: 0
08-16 16:54:39.298 1455 4691 D LOWI-9.0.0.87.a: [LOWI-Scan]
08-16 16:54:39.298 1455 4691 D LOWI-9.0.0.87.a: [LOWI-Scan] print_bss_handler: Report beacon TSF 199856350 as it greater than probe TSF 199856350
08-16 16:54:39.298 1455 4691 D LOWI-9.0.0.87.a: [LOWI-Scan] decode_rsn_wpa_ie: LOWI_ENCRYPTION_TYPE_WPA_PSK
08-16 16:54:39.298 1455 4691 D LOWI-9.0.0.87.a: [LOWI-Scan] is_qcom_ie, bss_age: 0
08-16 16:54:39.298 1455 4691 D LOWI-9.0.0.87.a: [LOWI-Scan] BSS a2:97:cc:0e:3f:86 LOWI_PHY_MODE_11AC_VHT40_2G(12), Beacon Interval: 100, LOWI_ENCRYPTION_TYPE_WPA_PSK 11mcRanging: No, ANQP: No, LCI: No, Civic: No, capability(0x0431): ESS Privacy ShortPreamble ShortSlotTime
08-16 16:54:39.298 1455 4691 D LOWI-9.0.0.87.a: [LOWI-Scan] BSS a2:97:cc:0e:3f:86 FREQ: 2412, cFreq1[40:80:160] = [2422:0:0] cFreq2 = 0 Country Code = CN
08-16 16:54:39.298 1455 4691 D LOWI-9.0.0.87.a: [LOWI-Scan] BSS a2:97:cc:0e:3f:86 (wlan0) ASSO: NO AddInfo: 0x1, TSF 0, 00:03:19.856, RSSI: -132, CPL: 127, AGE: 1548, SSID , TSFDelta: 0xfa65f701, TXRate: 0
08-16 16:54:39.299 1455 4691 D LOWI-9.0.0.87.a: [LOWI-Scan]
08-16 16:54:39.299 1455 4691 D LOWI-9.0.0.87.a: [LOWI-Scan] print_bss_handler: Report beacon TSF 179851547 as it greater than probe TSF 179851547
08-16 16:54:39.299 1455 4691 D LOWI-9.0.0.87.a: [LOWI-Scan] decode_rsn_wpa_ie: LOWI_ENCRYPTION_TYPE_WPA_PSK
08-16 16:54:39.299 1455 4691 D LOWI-9.0.0.87.a: [LOWI-Scan] is_qcom_ie, bss_age: 0
08-16 16:54:39.299 1455 4691 D LOWI-9.0.0.87.a: [LOWI-Scan] adjust_age:AP AGE upper limit reached. Dont store
08-16 16:54:39.299 1455 4691 D LOWI-9.0.0.87.a: [LOWI-Scan] BSS 9e:97:cc:0e:3f:88 LOWI_PHY_MODE_11AC_VHT160(15), Beacon Interval: 100, LOWI_ENCRYPTION_TYPE_WPA_PSK 11mcRanging: No, ANQP: No, LCI: No, Civic: No, capability(0x0511): ESS Privacy SpectrumMgmt ShortSlotTime
08-16 16:54:39.299 1455 4691 D LOWI-9.0.0.87.a: [LOWI-Scan] BSS 9e:97:cc:0e:3f:88 FREQ: 5200, cFreq1[40:80:160] = [5190:5210:5210] cFreq2 = 5250 Country Code = CN
08-16 16:54:39.299 1455 4691 D LOWI-9.0.0.87.a: [LOWI-Scan] BSS 9e:97:cc:0e:3f:88 (wlan0) ASSO: NO AddInfo: 0x1, TSF 0, 00:02:59.851, RSSI: -156, CPL: 127, AGE: 21556, SSID , TSFDelta: 0xfbfd2a41, TXRate: 0
01-01 04:43:41.477 0 0 I [schedu][0xf4e7dcc2][16:54:39.286152] wlan: [2470:I:OSIF] vdev 0, scan id 40971 type COMPLETED(1) reason COMPLETED(1) scan found 48 bss
08-16 16:54:39.300 1455 4691 D LOWI-9.0.0.87.a: [LOWI-Scan]
08-16 16:54:39.300 1455 4691 D LOWI-9.0.0.87.a: [LOWI-Scan] print_bss_handler: Report Probe TSF 200085437 as it greater than Beacon TSF 170055803
08-16 16:54:39.300 1455 4691 D LOWI-9.0.0.87.a: [LOWI-Scan] decode_rsn_wpa_ie: LOWI_ENCRYPTION_TYPE_WPA_PSK
08-16 16:54:39.300 1455 4691 D LOWI-9.0.0.87.a: [LOWI-Scan] is_qcom_ie, bss_age: 0
08-16 16:54:39.300 1455 4691 D LOWI-9.0.0.87.a: [LOWI-Scan] BSS f4:a4:d6:51:0d:50 LOWI_PHY_MODE_11AC_VHT40(9), Beacon Interval: 100, LOWI_ENCRYPTION_TYPE_WPA_PSK 11mcRanging: No, ANQP: No, LCI: No, Civic: No, capability(0x1511): ESS Privacy SpectrumMgmt ShortSlotTime
08-16 16:54:39.300 1455 4691 D LOWI-9.0.0.87.a: [LOWI-Scan] BSS f4:a4:d6:51:0d:50 FREQ: 5785, cFreq1[40:80:160] = [5795:0:0] cFreq2 = 0 Country Code = CN
08-16 16:54:39.300 1455 4691 D LOWI-9.0.0.87.a: [LOWI-Scan] BSS f4:a4:d6:51:0d:50 (wlan0) ASSO: NO AddInfo: 0x0, TSF 0, 00:03:20.085, RSSI: -158, CPL: 127, AGE: 1320, SSID guest, TSFDelta: 0xcd2c0969, TXRate: 0
08-16 16:54:39.300 1455 4691 D LOWI-9.0.0.87.a: [LOWI-Scan]
08-16 16:54:39.300 1455 4691 D LOWI-9.0.0.87.a: [LOWI-Scan] print_bss_handler: Report Probe TSF 200088745 as it greater than Beacon TSF 170056297
08-16 16:54:39.300 1455 4691 D LOWI-9.0.0.87.a: [LOWI-Scan] decode_rsn_wpa_ie: LOWI_ENCRYPTION_TYPE_WPA_PSK
08-16 16:54:39.300 1455 4691 D LOWI-9.0.0.87.a: [LOWI-Scan] is_qcom_ie, bss_age: 0
08-16 16:54:39.300 1455 4691 D LOWI-9.0.0.87.a: [LOWI-Scan] BSS f4:a4:d6:51:0d:54 LOWI_PHY_MODE_11AC_VHT40(9), Beacon Interval: 100, LOWI_ENCRYPTION_TYPE_WPA_PSK 11mcRanging: No, ANQP: No, LCI: No, Civic: No, capability(0x1511): ESS Privacy SpectrumMgmt ShortSlotTime
08-16 16:54:39.300 1455 4691 D LOWI-9.0.0.87.a: [LOWI-Scan] BSS f4:a4:d6:51:0d:54 FREQ: 5785, cFreq1[40:80:160] = [5795:0:0] cFreq2 = 0 Country Code = CN
08-16 16:54:39.300 1455 4691 D LOWI-9.0.0.87.a: [LOWI-Scan] BSS f4:a4:d6:51:0d:54 (wlan0) ASSO: NO AddInfo: 0x0, TSF 0, 00:03:20.088, RSSI: -158, CPL: 127, AGE: 1316, SSID thundersoft, TSFDelta: 0xcd41d8af, TXRate: 0
08-16 16:54:39.301 1455 4691 D LOWI-9.0.0.87.a: [LOWI-Scan]
08-16 16:54:39.301 1455 4691 D LOWI-9.0.0.87.a: [LOWI-Scan] print_bss_handler: Report Probe TSF 200086228 as it greater than Beacon TSF 170055366
08-16 16:54:39.301 1455 4691 D LOWI-9.0.0.87.a: [LOWI-Scan] decode_rsn_wpa_ie: LOWI_ENCRYPTION_TYPE_WPA_PSK
08-16 16:54:39.301 1455 4691 D LOWI-9.0.0.87.a: [LOWI-Scan] is_qcom_ie, bss_age: 0
08-16 16:54:39.301 1455 4691 D LOWI-9.0.0.87.a: [LOWI-Scan] BSS f4:a4:d6:51:0d:51 LOWI_PHY_MODE_11AC_VHT40(9), Beacon Interval: 100, LOWI_ENCRYPTION_TYPE_WPA_PSK 11mcRanging: No, ANQP: No, LCI: No, Civic: No, capability(0x1511): ESS Privacy SpectrumMgmt ShortSlotTime
08-16 16:54:39.301 1455 4691 D LOWI-9.0.0.87.a: [LOWI-Scan] BSS f4:a4:d6:51:0d:51 FREQ: 5785, cFreq1[40:80:160] = [5795:0:0] cFreq2 = 0 Country Code = CN
08-16 16:54:39.301 1455 4691 D LOWI-9.0.0.87.a: [LOWI-Scan] BSS f4:a4:d6:51:0d:51 (wlan0) ASSO: NO AddInfo: 0x0, TSF 0, 00:03:20.086, RSSI: -158, CPL: 127, AGE: 1320, SSID thundercomm, TSFDelta: 0xcd3435bf, TXRate: 0
08-16 16:54:39.301 1455 4691 D LOWI-9.0.0.87.a: [LOWI-Scan]
08-16 16:54:39.301 1455 4691 D LOWI-9.0.0.87.a: [LOWI-Scan] print_bss_handler: Report Probe TSF 200566609 as it greater than Beacon TSF 161478321
08-16 16:54:39.301 1455 4691 D LOWI-9.0.0.87.a: [LOWI-Scan] decode_rsn_wpa_ie: LOWI_ENCRYPTION_TYPE_WPA_PSK
08-16 16:54:39.301 1455 4691 D LOWI-9.0.0.87.a: [LOWI-Scan] is_qcom_ie, bss_age: 0
08-16 16:54:39.301 1455 4691 D LOWI-9.0.0.87.a: [LOWI-Scan] BSS ca:5a:cf:d5:28:a0 LOWI_PHY_MODE_11NG_HT20(5), Beacon Interval: 100, LOWI_ENCRYPTION_TYPE_WPA_PSK 11mcRanging: No, ANQP: No, LCI: No, Civic: No, capability(0x0431): ESS Privacy ShortPreamble ShortSlotTime
08-16 16:54:39.301 1455 4691 D LOWI-9.0.0.87.a: [LOWI-Scan] BSS ca:5a:cf:d5:28:a0 FREQ: 2437, cFreq1[40:80:160] = [0:0:0] cFreq2 = 0 Country Code =
08-16 16:54:39.301 1455 4691 D LOWI-9.0.0.87.a: [LOWI-Scan] BSS ca:5a:cf:d5:28:a0 (wlan0) ASSO: NO AddInfo: 0x0, TSF 0, 00:03:20.566, RSSI: -176, CPL: 127, AGE: 840, SSID DIRECT-A0-HP , TSFDelta: 0xf3f649f0, TXRate: 0
08-16 16:54:39.302 1455 4691 D LOWI-9.0.0.87.a: [LOWI-Scan]
08-16 16:54:39.302 1455 4691 D LOWI-9.0.0.87.a: [LOWI-Scan] print_bss_handler: Report Probe TSF 200054516 as it greater than Beacon TSF 0
08-16 16:54:39.302 1455 4691 D LOWI-9.0.0.87.a: [LOWI-Scan] decode_rsn_wpa_ie: LOWI_ENCRYPTION_TYPE_WPA_PSK
08-16 16:54:39.302 1455 4691 D LOWI-9.0.0.87.a: [LOWI-Scan] is_qcom_ie, bss_age: 0
08-16 16:54:39.302 1455 4691 D LOWI-9.0.0.87.a: [LOWI-Scan] BSS 54:a7:03:c3:2b:60 LOWI_PHY_MODE_11AC_VHT80(10), Beacon Interval: 100, LOWI_ENCRYPTION_TYPE_WPA_PSK 11mcRanging: No, ANQP: No, LCI: No, Civic: No, capability(0x1011): ESS Privacy
08-16 16:54:39.302 1455 4691 D LOWI-9.0.0.87.a: [LOWI-Scan] BSS 54:a7:03:c3:2b:60 FREQ: 5765, cFreq1[40:80:160] = [5755:5775:0] cFreq2 = 0 Country Code = CN
08-16 16:54:39.302 1455 4691 D LOWI-9.0.0.87.a: [LOWI-Scan] BSS 54:a7:03:c3:2b:60 (wlan0) ASSO: NO AddInfo: 0x0, TSF 0, 00:03:20.054, RSSI: -136, CPL: 127, AGE: 1352, SSID test666, TSFDelta: 0x33ceea94, TXRate: 0
08-16 16:54:39.302 1455 4691 D LOWI-9.0.0.87.a: [LOWI-Scan]
08-16 16:54:39.302 1455 4691 D LOWI-9.0.0.87.a: [LOWI-Scan] print_bss_handler: Report Probe TSF 200055134 as it greater than Beacon TSF 179994856
08-16 16:54:39.302 1455 4691 D LOWI-9.0.0.87.a: [LOWI-Scan] decode_rsn_wpa_ie: LOWI_ENCRYPTION_TYPE_WPA_PSK
08-16 16:54:39.302 1455 4691 D LOWI-9.0.0.87.a: [LOWI-Scan] is_qcom_ie, bss_age: 0
08-16 16:54:39.302 1455 4691 D LOWI-9.0.0.87.a: [LOWI-Scan] BSS 4a:98:ca:a9:2f:ef LOWI_PHY_MODE_11NA_HT20(4), Beacon Interval: 100, LOWI_ENCRYPTION_TYPE_WPA_PSK 11mcRanging: No, ANQP: No, LCI: No, Civic: No, capability(0x0011): ESS Privacy
08-16 16:54:39.302 1455 4691 D LOWI-9.0.0.87.a: [LOWI-Scan] BSS 4a:98:ca:a9:2f:ef FREQ: 5765, cFreq1[40:80:160] = [0:0:0] cFreq2 = 0 Country Code =
08-16 16:54:39.302 1455 4691 D LOWI-9.0.0.87.a: [LOWI-Scan] BSS 4a:98:ca:a9:2f:ef (wlan0) ASSO: NO AddInfo: 0x0, TSF 0, 00:03:20.055, RSSI: -148, CPL: 127, AGE: 1352, SSID HAGIBIS-272979, TSFDelta: 0xde64e30a, TXRate: 0
08-16 16:54:39.303 1455 4691 D LOWI-9.0.0.87.a: [LOWI-Scan]
08-16 16:54:39.303 1455 4691 D LOWI-9.0.0.87.a: [LOWI-Scan] print_bss_handler: Report beacon TSF 190879122 as it greater than probe TSF 190879122
08-16 16:54:39.303 1455 4691 D LOWI-9.0.0.87.a: [LOWI-Scan] decode_rsn_wpa_ie: LOWI_ENCRYPTION_TYPE_WPA_PSK
08-16 16:54:39.303 1455 4691 D LOWI-9.0.0.87.a: [LOWI-Scan] is_qcom_ie, bss_age: 0
08-16 16:54:39.303 1455 4691 D LOWI-9.0.0.87.a: [LOWI-Scan] adjust_age:AP AGE upper limit reached. Dont store
08-16 16:54:39.303 1455 4691 D LOWI-9.0.0.87.a: [LOWI-Scan] BSS 96:2a:7d:83:93:1c LOWI_PHY_MODE_11AC_VHT40_2G(12), Beacon Interval: 100, LOWI_ENCRYPTION_TYPE_WPA_PSK 11mcRanging: No, ANQP: No, LCI: No, Civic: No, capability(0x1411): ESS Privacy ShortSlotTime
08-16 16:54:39.303 1455 4691 D LOWI-9.0.0.87.a: [LOWI-Scan] BSS 96:2a:7d:83:93:1c FREQ: 2462, cFreq1[40:80:160] = [2452:0:0] cFreq2 = 0 Country Code = CN
08-16 16:54:39.303 1455 4691 D LOWI-9.0.0.87.a: [LOWI-Scan] BSS 96:2a:7d:83:93:1c (wlan0) ASSO: NO AddInfo: 0x1, TSF 0, 00:03:10.879, RSSI: -86, CPL: 127, AGE: 10548, SSID ________________________________, TSFDelta: 0x6aa39b0a, TXRate: 0
08-16 16:54:39.303 1455 4691 D LOWI-9.0.0.87.a: [LOWI-Scan]
08-16 16:54:39.303 1455 4691 D LOWI-9.0.0.87.a: [LOWI-Scan] print_bss_handler: Report Probe TSF 199914275 as it greater than Beacon TSF 0
08-16 16:54:39.303 1455 4691 D LOWI-9.0.0.87.a: [LOWI-Scan] decode_rsn_wpa_ie: LOWI_ENCRYPTION_TYPE_WPA_PSK
08-16 16:54:39.303 1455 4691 D LOWI-9.0.0.87.a: [LOWI-Scan] is_qcom_ie, bss_age: 0
08-16 16:54:39.303 1455 4691 D LOWI-9.0.0.87.a: [LOWI-Scan] BSS 5c:02:14:0f:aa:4c LOWI_PHY_MODE_11NG_HT40(7), Beacon Interval: 100, LOWI_ENCRYPTION_TYPE_WPA_PSK 11mcRanging: No, ANQP: No, LCI: No, Civic: No, capability(0x0411): ESS Privacy ShortSlotTime
08-16 16:54:39.303 1455 4691 D LOWI-9.0.0.87.a: [LOWI-Scan] BSS 5c:02:14:0f:aa:4c FREQ: 2412, cFreq1[40:80:160] = [2422:0:0] cFreq2 = 0 Country Code = CN
08-16 16:54:39.303 1455 4691 D LOWI-9.0.0.87.a: [LOWI-Scan] BSS 5c:02:14:0f:aa:4c (wlan0) ASSO: NO AddInfo: 0x0, TSF 0, 00:03:19.914, RSSI: -114, CPL: 127, AGE: 1512, SSID Redmi_AA4A, TSFDelta: 0x65072cab, TXRate: 0
08-16 16:54:39.304 1455 4691 D LOWI-9.0.0.87.a: [LOWI-Scan]
08-16 16:54:39.304 1455 4691 D LOWI-9.0.0.87.a: [LOWI-Scan] print_bss_handler: Report beacon TSF 190826851 as it greater than probe TSF 190826851
08-16 16:54:39.304 1455 4691 D LOWI-9.0.0.87.a: [LOWI-Scan] decode_rsn_wpa_ie: LOWI_ENCRYPTION_TYPE_WPA_PSK
08-16 16:54:39.304 1455 4691 D LOWI-9.0.0.87.a: [LOWI-Scan] is_qcom_ie, bss_age: 0
08-16 16:54:39.304 1455 4691 D LOWI-9.0.0.87.a: [LOWI-Scan] adjust_age:AP AGE upper limit reached. Dont store
08-16 16:54:39.304 1455 4691 D LOWI-9.0.0.87.a: [LOWI-Scan] BSS 94:d0:0d:67:64:79 LOWI_PHY_MODE_11NG_HT20(5), Beacon Interval: 100, LOWI_ENCRYPTION_TYPE_WPA_PSK 11mcRanging: No, ANQP: No, LCI: No, Civic: No, capability(0x1431): ESS Privacy ShortPreamble ShortSlotTime
08-16 16:54:39.304 1455 4691 D LOWI-9.0.0.87.a: [LOWI-Scan] BSS 94:d0:0d:67:64:79 FREQ: 2462, cFreq1[40:80:160] = [0:0:0] cFreq2 = 0 Country Code = CN
08-16 16:54:39.304 1455 4691 D LOWI-9.0.0.87.a: [LOWI-Scan] BSS 94:d0:0d:67:64:79 (wlan0) ASSO: NO AddInfo: 0x1, TSF 0, 00:03:10.826, RSSI: -138, CPL: 127, AGE: 10600, SSID , TSFDelta: 0xfbe2af11, TXRate: 0
