08-16 16:52:13.586 1147 1147 D SystemServerTiming: StartSystemUI took to complete: 27ms
08-16 16:52:13.586 1147 1147 I SystemServerTiming: startRemoteControlService
08-16 16:52:13.589 1147 1179 D CompatibilityChangeReporter: Compat change id reported: 168419799; UID 1001; state: DISABLED
01-01 04:41:15.780 0 0 I binder : 1313:1313 ioctl 40046210 7feb224d24 returned -22
08-16 16:52:13.593 1147 1179 D CompatibilityChangeReporter: Compat change id reported: 181136395; UID 1000; state: DISABLED
08-16 16:52:13.594 1147 1179 D CompatibilityChangeReporter: Compat change id reported: 174042936; UID 1000; state: DISABLED
08-16 16:52:13.603 1147 1969 D CompatibilityChangeReporter: Compat change id reported: 168419799; UID 1001; state: DISABLED
08-16 16:52:13.604 1147 1690 W PackageManager: Loading a package that does not exist for the calling user. package=null, user=0
01-01 04:41:15.806 0 0 I msm_vidc: high: 00000001: ....d: Opening video instance: fffffffa98084000, 1
08-16 16:52:13.605 1147 1969 W ContextImpl: Calling a method in the system process without a qualified user: android.app.ContextImpl.bindService:1895 android.content.ContextWrapper.bindService:810 com.qualcomm.qti.activityextension.ActivityNotifier.bindToDynamicDDSService:103 com.qualcomm.qti.activityextension.ActivityNotifier.handleSendActivityInvokeNotification:184 com.qualcomm.qti.activityextension.ActivityNotifier.access$300:26
08-16 16:52:13.606 1147 1147 D SystemServerTiming: startRemoteControlService took to complete: 19ms
08-16 16:52:13.606 1147 1147 D SystemServerTiming: startOtherServices took to complete: 2817ms
08-16 16:52:13.606 1147 1147 D SystemServerTiming: StartServices took to complete: 7653ms
08-16 16:52:13.610 1147 1969 W ContextImpl: Calling a method in the system process without a qualified user: android.app.ContextImpl.bindService:1895 android.content.ContextWrapper.bindService:810 com.qualcomm.qti.activityextension.ActivityNotifier.bindToDynamicDDSService:103 com.qualcomm.qti.activityextension.ActivityNotifier.handleSendActivityInvokeNotification:184 com.qualcomm.qti.activityextension.ActivityNotifier.access$300:26
08-16 16:52:13.612 1147 1147 W Looper : Slow delivery took 6375ms main h=android.app.PropertyInvalidatedCache$AutoCorker$1 c=null m=0
01-01 04:41:15.823 0 0 E : INFO: trying to register non-static key.
01-01 04:41:15.823 0 0 I cnss-daemon: DMS thread joined succesfully
01-01 04:41:15.828 0 0 E : the code is fine but needs lockdep annotation.
01-01 04:41:15.828 0 0 I : CPU: 6 PID: 2011 Comm: VideoDecMsgThre Tainted: G S W O 4.19.157+ #1
01-01 04:41:15.828 0 0 I Hardware name: Qualcomm Technologies, Inc. kona MTP-RmPM8150b (DT)
01-01 04:41:15.828 0 0 I Call trace:
01-01 04:41:15.828 0 0 I : dump_backtrace+0x0/0x258
01-01 04:41:15.828 0 0 I : show_stack+0x20/0x30
01-01 04:41:15.828 0 0 I : dump_stack+0xd8/0x12c
01-01 04:41:15.828 0 0 I : register_lock_class+0x4d0/0x5c8
01-01 04:41:15.828 0 0 I : __lock_acquire+0xbc/0x1e58
01-01 04:41:15.828 0 0 I : lock_acquire+0x1cc/0x218
01-01 04:41:15.828 0 0 I : _raw_spin_lock_irqsave+0x54/0x98
01-01 04:41:15.828 0 0 I : __ion_system_secure_heap_resize+0x768/0x8c0
01-01 04:41:15.828 0 0 I : ion_system_secure_heap_prefetch+0x28/0x38
01-01 04:41:15.828 0 0 I : ion_walk_heaps+0x88/0xb8
01-01 04:41:15.828 0 0 I : ion_ioctl+0x1b0/0x2a8
01-01 04:41:15.828 0 0 I : __arm64_compat_sys_ioctl+0xf4/0x240
01-01 04:41:15.828 0 0 I : el0_svc_common+0xa4/0x190
01-01 04:41:15.828 0 0 I : el0_svc_compat_handler+0x28/0x38
01-01 04:41:15.828 0 0 I : el0_svc_compat+0x8/0x34
08-16 16:52:13.646 1147 1147 D ConditionProviders.SCP: onConnected
08-16 16:52:13.647 1147 1147 D ConditionProviders: Subscribing to condition://android/event?userId=-10000&calendar=&reply=1 with ComponentInfo{android/com.android.server.notification.EventConditionProvider}
08-16 16:52:13.648 1147 1147 D ConditionProviders: Subscribing to condition://android/schedule?days=1.2.3.4.5.6.7&start=22.0&end=7.0&exitAtAlarm=true with ComponentInfo{android/com.android.server.notification.ScheduleConditionProvider}
01-01 04:41:15.830 0 0 E : INFO: trying to register non-static key.
01-01 04:41:15.839 0 0 E : the code is fine but needs lockdep annotation.
01-01 04:41:15.842 0 0 E : INFO: trying to register non-static key.
01-01 04:41:15.845 0 0 I : CPU: 5 PID: 337 Comm: kworker/u16:14 Tainted: G S W O 4.19.157+ #1
01-01 04:41:15.849 0 0 I cnss-daemon: wlfw_stop: Stop done: 0
01-01 04:41:15.849 0 0 I cnss-daemon: wlfw_start: Starting
01-01 04:41:15.850 0 0 E : the code is fine but needs lockdep annotation.
08-16 16:52:13.659 1147 1147 D CompatibilityChangeReporter: Compat change id reported: 135634846; UID 10153; state: DISABLED
08-16 16:52:13.659 1147 1147 D CompatibilityChangeReporter: Compat change id reported: 177438394; UID 10153; state: DISABLED
08-16 16:52:13.659 1147 1147 D CompatibilityChangeReporter: Compat change id reported: 135772972; UID 10153; state: DISABLED
08-16 16:52:13.659 1147 1147 D CompatibilityChangeReporter: Compat change id reported: 135754954; UID 10153; state: ENABLED
01-01 04:41:15.856 0 0 I Hardware name: Qualcomm Technologies, Inc. kona MTP-RmPM8150b (DT)
01-01 04:41:15.856 0 0 I Workqueue: events_unbound ion_system_secure_heap_prefetch_work
01-01 04:41:15.856 0 0 I Call trace:
01-01 04:41:15.856 0 0 I : dump_backtrace+0x0/0x258
01-01 04:41:15.856 0 0 I : show_stack+0x20/0x30
01-01 04:41:15.856 0 0 I : dump_stack+0xd8/0x12c
01-01 04:41:15.856 0 0 I : register_lock_class+0x4d0/0x5c8
01-01 04:41:15.856 0 0 I : __lock_acquire+0xbc/0x1e58
01-01 04:41:15.856 0 0 I : lock_acquire+0x1cc/0x218
01-01 04:41:15.856 0 0 I : _raw_spin_lock_irqsave+0x54/0x98
01-01 04:41:15.856 0 0 I : ion_system_secure_heap_prefetch_work+0x48/0x2c0
01-01 04:41:15.856 0 0 I : process_one_work+0x38c/0x660
01-01 04:41:15.856 0 0 I : worker_thread+0x268/0x4b8
01-01 04:41:15.856 0 0 I : kthread+0x140/0x150
01-01 04:41:15.856 0 0 I : ret_from_fork+0x10/0x1c
01-01 04:41:15.856 0 0 I : CPU: 6 PID: 2011 Comm: VideoDecMsgThre Tainted: G S W O 4.19.157+ #1
01-01 04:41:15.856 0 0 I Hardware name: Qualcomm Technologies, Inc. kona MTP-RmPM8150b (DT)
01-01 04:41:15.856 0 0 I Call trace:
01-01 04:41:15.856 0 0 I : dump_backtrace+0x0/0x258
01-01 04:41:15.856 0 0 I : show_stack+0x20/0x30
01-01 04:41:15.856 0 0 I : dump_stack+0xd8/0x12c
01-01 04:41:15.856 0 0 I : register_lock_class+0x4d0/0x5c8
01-01 04:41:15.856 0 0 I : __lock_acquire+0xbc/0x1e58
01-01 04:41:15.856 0 0 I : lock_acquire+0x1cc/0x218
01-01 04:41:15.856 0 0 I : _raw_spin_lock_irqsave+0x54/0x98
01-01 04:41:15.856 0 0 I : __ion_system_secure_heap_resize+0x768/0x8c0
01-01 04:41:15.856 0 0 I : ion_system_secure_heap_prefetch+0x28/0x38
01-01 04:41:15.856 0 0 I : ion_walk_heaps+0x88/0xb8
01-01 04:41:15.856 0 0 I : ion_ioctl+0x1b0/0x2a8
01-01 04:41:15.856 0 0 I : __arm64_compat_sys_ioctl+0xf4/0x240
01-01 04:41:15.856 0 0 I : el0_svc_common+0xa4/0x190
01-01 04:41:15.856 0 0 I : el0_svc_compat_handler+0x28/0x38
01-01 04:41:15.856 0 0 I : el0_svc_compat+0x8/0x34
08-16 16:52:13.685 1147 1284 W ActivityManager: Slow operation: 277ms so far, now at startProcess: returned from zygote!
08-16 16:52:13.686 1147 1284 W ActivityManager: Slow operation: 278ms so far, now at startProcess: done updating battery stats
08-16 16:52:13.686 1147 1284 W ActivityManager: Slow operation: 278ms so far, now at startProcess: building log message
08-16 16:52:13.686 1147 1284 I ActivityManager: Start proc 2021:.qtidataservices/u0a72 for added application .qtidataservices
08-16 16:52:13.686 1147 1284 W ActivityManager: Slow operation: 278ms so far, now at startProcess: starting to update pids map
08-16 16:52:13.687 1147 1284 W ActivityManager: Slow operation: 279ms so far, now at startProcess: done updating pids map
08-16 16:52:13.687 1147 1284 W ActivityManager: Slow operation: 278ms so far, now at startProcess: asking zygote to start proc
08-16 16:52:13.688 1147 1284 D CompatibilityChangeReporter: Compat change id reported: 143937733; UID 10093; state: ENABLED
01-01 04:41:15.862 0 0 I cnss-daemon: wlfw_service_request: Start the pthread: 0x0K
01-01 04:41:15.871 0 0 E : INFO: trying to register non-static key.
01-01 04:41:15.876 0 0 E : the code is fine but needs lockdep annotation.
01-01 04:41:15.877 0 0 E : INFO: trying to register non-static key.
01-01 04:41:15.882 0 0 I : CPU: 5 PID: 337 Comm: kworker/u16:14 Tainted: G S W O 4.19.157+ #1
01-01 04:41:15.884 0 0 E init : Control message: Could not find 'vendor.qti.hardware.iop@2.0::IIop/default' for ctl.interface_start from pid: 520 (/system/bin/hwservicemanager)
01-01 04:41:15.887 0 0 E : the code is fine but needs lockdep annotation.
01-01 04:41:15.891 0 0 I cnss-daemon: ro.baseband : [apq]
01-01 04:41:15.891 0 0 I cnss-daemon: Hardware supports external modem
01-01 04:41:15.902 0 0 I Hardware name: Qualcomm Technologies, Inc. kona MTP-RmPM8150b (DT)
01-01 04:41:15.902 0 0 I Workqueue: events_unbound ion_system_secure_heap_prefetch_work
01-01 04:41:15.908 0 0 I Call trace:
01-01 04:41:15.908 0 0 I : dump_backtrace+0x0/0x258
01-01 04:41:15.908 0 0 I : show_stack+0x20/0x30
01-01 04:41:15.908 0 0 I : dump_stack+0xd8/0x12c
01-01 04:41:15.908 0 0 I : register_lock_class+0x4d0/0x5c8
01-01 04:41:15.908 0 0 I : __lock_acquire+0xbc/0x1e58
01-01 04:41:15.908 0 0 I : lock_acquire+0x1cc/0x218
01-01 04:41:15.908 0 0 I : _raw_spin_lock_irqsave+0x54/0x98
01-01 04:41:15.908 0 0 I : ion_system_secure_heap_prefetch_work+0x94/0x2c0
01-01 04:41:15.908 0 0 I : process_one_work+0x38c/0x660
01-01 04:41:15.908 0 0 I : worker_thread+0x268/0x4b8
01-01 04:41:15.908 0 0 I : kthread+0x140/0x150
01-01 04:41:15.908 0 0 I : ret_from_fork+0x10/0x1c
01-01 04:41:15.908 0 0 I : CPU: 3 PID: 1366 Comm: HwBinder:1329_1 Tainted: G S W O 4.19.157+ #1
01-01 04:41:15.908 0 0 I Hardware name: Qualcomm Technologies, Inc. kona MTP-RmPM8150b (DT)
01-01 04:41:15.908 0 0 I Call trace:
01-01 04:41:15.908 0 0 I : dump_backtrace+0x0/0x258
01-01 04:41:15.908 0 0 I : show_stack+0x20/0x30
01-01 04:41:15.908 0 0 I : dump_stack+0xd8/0x12c
01-01 04:41:15.908 0 0 I : register_lock_class+0x4d0/0x5c8
01-01 04:41:15.908 0 0 I : __lock_acquire+0xbc/0x1e58
01-01 04:41:15.908 0 0 I : lock_acquire+0x1cc/0x218
01-01 04:41:15.908 0 0 I : _raw_spin_lock_irqsave+0x54/0x98
01-01 04:41:15.908 0 0 I : __ion_system_secure_heap_resize+0x768/0x8c0
01-01 04:41:15.908 0 0 I : ion_system_secure_heap_drain+0x28/0x38
01-01 04:41:15.908 0 0 I : ion_walk_heaps+0x88/0xb8
01-01 04:41:15.908 0 0 I : ion_ioctl+0x1b0/0x2a8
01-01 04:41:15.908 0 0 I : __arm64_compat_sys_ioctl+0xf4/0x240
01-01 04:41:15.908 0 0 I : el0_svc_common+0xa4/0x190
01-01 04:41:15.908 0 0 I : el0_svc_compat_handler+0x28/0x38
01-01 04:41:15.908 0 0 I : el0_svc_compat+0x8/0x34
01-01 04:41:15.909 0 0 E : INFO: trying to register non-static key.
08-16 16:52:13.750 1147 1284 W ActivityManager: Slow operation: 341ms so far, now at startProcess: returned from zygote!
01-01 04:41:15.913 0 0 E : INFO: trying to register non-static key.
08-16 16:52:13.751 1147 1284 W ActivityManager: Slow operation: 341ms so far, now at startProcess: done updating battery stats
01-01 04:41:15.914 0 0 E : the code is fine but needs lockdep annotation.
01-01 04:41:15.919 0 0 E : the code is fine but needs lockdep annotation.
01-01 04:41:15.919 0 0 I : CPU: 5 PID: 337 Comm: kworker/u16:14 Tainted: G S W O 4.19.157+ #1
01-01 04:41:15.929 0 0 I binder : 1243:1243 ioctl 40046210 7fc9243aa4 returned -22
01-01 04:41:15.930 0 0 I Hardware name: Qualcomm Technologies, Inc. kona MTP-RmPM8150b (DT)
01-01 04:41:15.930 0 0 I Workqueue: events_unbound ion_system_secure_heap_prefetch_work
01-01 04:41:15.930 0 0 I Call trace:
01-01 04:41:15.930 0 0 I : dump_backtrace+0x0/0x258
01-01 04:41:15.930 0 0 I : show_stack+0x20/0x30
01-01 04:41:15.930 0 0 I : dump_stack+0xd8/0x12c
01-01 04:41:15.930 0 0 I : register_lock_class+0x4d0/0x5c8
01-01 04:41:15.930 0 0 I : __lock_acquire+0xbc/0x1e58
01-01 04:41:15.930 0 0 I : lock_acquire+0x1cc/0x218
01-01 04:41:15.930 0 0 I : _raw_spin_lock_irqsave+0x54/0x98
01-01 04:41:15.930 0 0 I : ion_system_secure_heap_prefetch_work+0x94/0x2c0
01-01 04:41:15.930 0 0 I : process_one_work+0x38c/0x660
01-01 04:41:15.930 0 0 I : worker_thread+0x268/0x4b8
01-01 04:41:15.930 0 0 I : kthread+0x140/0x150
01-01 04:41:15.930 0 0 I : ret_from_fork+0x10/0x1c
01-01 04:41:15.930 0 0 I : CPU: 3 PID: 1366 Comm: HwBinder:1329_1 Tainted: G S W O 4.19.157+ #1
01-01 04:41:15.930 0 0 I Hardware name: Qualcomm Technologies, Inc. kona MTP-RmPM8150b (DT)
01-01 04:41:15.930 0 0 I Call trace:
08-16 16:52:13.751 1147 1284 W ActivityManager: Slow operation: 342ms so far, now at startProcess: building log message
01-01 04:41:15.930 0 0 I : dump_backtrace+0x0/0x258
01-01 04:41:15.930 0 0 I : show_stack+0x20/0x30
01-01 04:41:15.930 0 0 I : dump_stack+0xd8/0x12c
01-01 04:41:15.930 0 0 I : register_lock_class+0x4d0/0x5c8
01-01 04:41:15.930 0 0 I : __lock_acquire+0xbc/0x1e58
01-01 04:41:15.930 0 0 I : lock_acquire+0x1cc/0x218
01-01 04:41:15.930 0 0 I : _raw_spin_lock_irqsave+0x54/0x98
01-01 04:41:15.930 0 0 I : __ion_system_secure_heap_resize+0x768/0x8c0
01-01 04:41:15.930 0 0 I : ion_system_secure_heap_drain+0x28/0x38
01-01 04:41:15.930 0 0 I : ion_walk_heaps+0x88/0xb8
01-01 04:41:15.930 0 0 I : ion_ioctl+0x1b0/0x2a8
08-16 16:52:13.751 1147 1284 I ActivityManager: Start proc 2029:com.qti.phone/u0a93 for added application com.qti.phone
01-01 04:41:15.930 0 0 I : __arm64_compat_sys_ioctl+0xf4/0x240
01-01 04:41:15.930 0 0 I : el0_svc_common+0xa4/0x190
01-01 04:41:15.930 0 0 I : el0_svc_compat_handler+0x28/0x38
01-01 04:41:15.930 0 0 I : el0_svc_compat+0x8/0x34
08-16 16:52:13.751 1147 1284 W ActivityManager: Slow operation: 342ms so far, now at startProcess: starting to update pids map
08-16 16:52:13.751 1147 1284 W ActivityManager: Slow operation: 342ms so far, now at startProcess: done updating pids map
08-16 16:52:13.751 1147 1284 W ActivityManager: Slow operation: 342ms so far, now at startProcess: asking zygote to start proc
01-01 04:41:15.940 0 0 E : INFO: trying to register non-static key.
01-01 04:41:15.945 0 0 E : the code is fine but needs lockdep annotation.
08-16 16:52:13.865 1147 1284 W ActivityManager: Slow operation: 455ms so far, now at startProcess: returned from zygote!
01-01 04:41:15.951 0 0 I : CPU: 5 PID: 337 Comm: kworker/u16:14 Tainted: G S W O 4.19.157+ #1
01-01 04:41:15.951 0 0 I Hardware name: Qualcomm Technologies, Inc. kona MTP-RmPM8150b (DT)
01-01 04:41:15.951 0 0 I Workqueue: events_unbound ion_system_secure_heap_prefetch_work
01-01 04:41:15.951 0 0 I Call trace:
01-01 04:41:15.951 0 0 I : dump_backtrace+0x0/0x258
01-01 04:41:15.951 0 0 I : show_stack+0x20/0x30
01-01 04:41:15.951 0 0 I : dump_stack+0xd8/0x12c
01-01 04:41:15.951 0 0 I : register_lock_class+0x4d0/0x5c8
01-01 04:41:15.951 0 0 I : __lock_acquire+0xbc/0x1e58
01-01 04:41:15.951 0 0 I : lock_acquire+0x1cc/0x218
01-01 04:41:15.951 0 0 I : _raw_spin_lock_irqsave+0x54/0x98
08-16 16:52:13.865 1147 1284 W ActivityManager: Slow operation: 456ms so far, now at startProcess: done updating battery stats
08-16 16:52:13.865 1147 1284 W ActivityManager: Slow operation: 456ms so far, now at startProcess: building log message
08-16 16:52:13.865 1147 1284 I ActivityManager: Start proc 2067:com.android.networkstack.process/1073 for added application com.android.networkstack.process
08-16 16:52:13.865 1147 1284 W ActivityManager: Slow operation: 456ms so far, now at startProcess: starting to update pids map
08-16 16:52:13.866 1147 1284 W ActivityManager: Slow operation: 457ms so far, now at startProcess: done updating pids map
08-16 16:52:13.866 1147 1284 W ActivityManager: Slow operation: 454ms so far, now at startProcess: asking zygote to start proc
08-16 16:52:13.866 1147 1284 D CompatibilityChangeReporter: Compat change id reported: 143937733; UID 10147; state: ENABLED
01-01 04:41:15.951 0 0 I : ion_system_secure_heap_prefetch_work+0x94/0x2c0
01-01 04:41:15.951 0 0 I : process_one_work+0x38c/0x660
01-01 04:41:15.951 0 0 I : worker_thread+0x268/0x4b8
01-01 04:41:15.951 0 0 I : kthread+0x140/0x150
01-01 04:41:15.951 0 0 I : ret_from_fork+0x10/0x1c
01-01 04:41:15.952 0 0 I msm_vidc: high: 00000001: h264d: Closed video instance: fffffffa98084000
01-01 04:41:15.960 0 0 E : INFO: trying to register non-static key.
01-01 04:41:15.965 0 0 E : the code is fine but needs lockdep annotation.
01-01 04:41:15.971 0 0 I : CPU: 5 PID: 337 Comm: kworker/u16:14 Tainted: G S W O 4.19.157+ #1
01-01 04:41:15.971 0 0 I Hardware name: Qualcomm Technologies, Inc. kona MTP-RmPM8150b (DT)
01-01 04:41:15.971 0 0 I Workqueue: events_unbound ion_system_secure_heap_prefetch_work
01-01 04:41:15.971 0 0 I Call trace:
01-01 04:41:15.971 0 0 I : dump_backtrace+0x0/0x258
01-01 04:41:15.971 0 0 I : show_stack+0x20/0x30
01-01 04:41:15.971 0 0 I : dump_stack+0xd8/0x12c
01-01 04:41:15.971 0 0 I : register_lock_class+0x4d0/0x5c8
01-01 04:41:15.971 0 0 I : __lock_acquire+0xbc/0x1e58
01-01 04:41:15.971 0 0 I : lock_acquire+0x1cc/0x218
01-01 04:41:15.971 0 0 I : _raw_spin_lock_irqsave+0x54/0x98
01-01 04:41:15.971 0 0 I : ion_system_secure_heap_prefetch_work+0x94/0x2c0
01-01 04:41:15.971 0 0 I : process_one_work+0x38c/0x660
01-01 04:41:15.971 0 0 I : worker_thread+0x268/0x4b8
01-01 04:41:15.971 0 0 I : kthread+0x140/0x150
01-01 04:41:15.971 0 0 I : ret_from_fork+0x10/0x1c
01-01 04:41:15.974 0 0 I binder : 1968:2034 ioctl 40046210 7ba96e3344 returned -22
01-01 04:41:15.975 0 0 E : INFO: trying to register non-static key.
01-01 04:41:15.980 0 0 E : the code is fine but needs lockdep annotation.
01-01 04:41:15.986 0 0 I : CPU: 5 PID: 337 Comm: kworker/u16:14 Tainted: G S W O 4.19.157+ #1
01-01 04:41:15.986 0 0 I Hardware name: Qualcomm Technologies, Inc. kona MTP-RmPM8150b (DT)
01-01 04:41:15.986 0 0 I Workqueue: events_unbound ion_system_secure_heap_prefetch_work
01-01 04:41:15.986 0 0 I Call trace:
01-01 04:41:15.986 0 0 I : dump_backtrace+0x0/0x258
08-16 16:52:13.874 1147 1690 D CompatibilityChangeReporter: Compat change id reported: 168419799; UID 10093; state: DISABLED
08-16 16:52:13.876 1147 1179 D CompatibilityChangeReporter: Compat change id reported: 171306433; UID 1000; state: ENABLED
01-01 04:41:15.986 0 0 I : show_stack+0x20/0x30
01-01 04:41:15.986 0 0 I : dump_stack+0xd8/0x12c
01-01 04:41:15.986 0 0 I : register_lock_class+0x4d0/0x5c8
01-01 04:41:15.986 0 0 I : __lock_acquire+0xbc/0x1e58
01-01 04:41:15.986 0 0 I : lock_acquire+0x1cc/0x218
01-01 04:41:15.986 0 0 I : _raw_spin_lock_irqsave+0x54/0x98
01-01 04:41:15.986 0 0 I : ion_system_secure_heap_prefetch_work+0x94/0x2c0
01-01 04:41:15.986 0 0 I : process_one_work+0x38c/0x660
01-01 04:41:15.986 0 0 I : worker_thread+0x268/0x4b8
01-01 04:41:15.986 0 0 I : kthread+0x140/0x150
01-01 04:41:15.986 0 0 I : ret_from_fork+0x10/0x1c
01-01 04:41:15.998 0 0 E : INFO: trying to register non-static key.
01-01 04:41:16.003 0 0 E : the code is fine but needs lockdep annotation.
01-01 04:41:16.009 0 0 I : CPU: 5 PID: 337 Comm: kworker/u16:14 Tainted: G S W O 4.19.157+ #1
01-01 04:41:16.009 0 0 I Hardware name: Qualcomm Technologies, Inc. kona MTP-RmPM8150b (DT)
01-01 04:41:16.009 0 0 I Workqueue: events_unbound ion_system_secure_heap_prefetch_work
01-01 04:41:16.009 0 0 I Call trace:
01-01 04:41:16.009 0 0 I : dump_backtrace+0x0/0x258
01-01 04:41:16.009 0 0 I : show_stack+0x20/0x30
01-01 04:41:16.009 0 0 I : dump_stack+0xd8/0x12c
01-01 04:41:16.009 0 0 I : register_lock_class+0x4d0/0x5c8
01-01 04:41:16.009 0 0 I : __lock_acquire+0xbc/0x1e58
01-01 04:41:16.009 0 0 I : lock_acquire+0x1cc/0x218
01-01 04:41:16.009 0 0 I : _raw_spin_lock_irqsave+0x54/0x98
01-01 04:41:16.009 0 0 I : ion_system_secure_heap_prefetch_work+0x94/0x2c0
01-01 04:41:16.009 0 0 I : process_one_work+0x38c/0x660
01-01 04:41:16.009 0 0 I : worker_thread+0x268/0x4b8
01-01 04:41:16.009 0 0 I : kthread+0x140/0x150
08-16 16:52:13.888 1147 1808 D CompatibilityChangeReporter: Compat change id reported: 168419799; UID 10072; state: DISABLED
01-01 04:41:16.009 0 0 I : ret_from_fork+0x10/0x1c
01-01 04:41:16.013 0 0 E : INFO: trying to register non-static key.
01-01 04:41:16.017 0 0 I binder : 2021:2021 ioctl 40046210 7fc7d797e4 returned -22
01-01 04:41:16.019 0 0 E : the code is fine but needs lockdep annotation.
01-01 04:41:16.019 0 0 I : CPU: 5 PID: 337 Comm: kworker/u16:14 Tainted: G S W O 4.19.157+ #1
01-01 04:41:16.019 0 0 I Hardware name: Qualcomm Technologies, Inc. kona MTP-RmPM8150b (DT)
01-01 04:41:16.019 0 0 I Workqueue: events_unbound ion_system_secure_heap_prefetch_work
01-01 04:41:16.019 0 0 I Call trace:
01-01 04:41:16.019 0 0 I : dump_backtrace+0x0/0x258
01-01 04:41:16.019 0 0 I : show_stack+0x20/0x30
01-01 04:41:16.019 0 0 I : dump_stack+0xd8/0x12c
01-01 04:41:16.019 0 0 I : register_lock_class+0x4d0/0x5c8
01-01 04:41:16.019 0 0 I : __lock_acquire+0xbc/0x1e58
01-01 04:41:16.019 0 0 I : lock_acquire+0x1cc/0x218
01-01 04:41:16.019 0 0 I : _raw_spin_lock_irqsave+0x54/0x98
01-01 04:41:16.019 0 0 I : ion_system_secure_heap_prefetch_work+0x94/0x2c0
01-01 04:41:16.019 0 0 I : process_one_work+0x38c/0x660
01-01 04:41:16.024 0 0 I : worker_thread+0x268/0x4b8
01-01 04:41:16.024 0 0 I : kthread+0x140/0x150
01-01 04:41:16.024 0 0 I : ret_from_fork+0x10/0x1c
01-01 04:41:16.028 0 0 I binder : undelivered TRANSACTION_COMPLETE
01-01 04:41:16.028 0 0 I binder : undelivered transaction 11983, process died.
01-01 04:41:16.028 0 0 E : INFO: trying to register non-static key.
01-01 04:41:16.029 0 0 I binder : 2029:2029 ioctl 40046210 7fc7d797e4 returned -22
01-01 04:41:16.033 0 0 E : the code is fine but needs lockdep annotation.
01-01 04:41:16.033 0 0 I : CPU: 5 PID: 337 Comm: kworker/u16:14 Tainted: G S W O 4.19.157+ #1
01-01 04:41:16.033 0 0 I Hardware name: Qualcomm Technologies, Inc. kona MTP-RmPM8150b (DT)
01-01 04:41:16.033 0 0 I Workqueue: events_unbound ion_system_secure_heap_prefetch_work
01-01 04:41:16.033 0 0 I Call trace:
01-01 04:41:16.033 0 0 I : dump_backtrace+0x0/0x258
01-01 04:41:16.033 0 0 I : show_stack+0x20/0x30
01-01 04:41:16.033 0 0 I : dump_stack+0xd8/0x12c
01-01 04:41:16.033 0 0 I : register_lock_class+0x4d0/0x5c8
01-01 04:41:16.033 0 0 I : __lock_acquire+0xbc/0x1e58
01-01 04:41:16.033 0 0 I : lock_acquire+0x1cc/0x218
01-01 04:41:16.033 0 0 I : _raw_spin_lock_irqsave+0x54/0x98
01-01 04:41:16.033 0 0 I : ion_system_secure_heap_prefetch_work+0x94/0x2c0
01-01 04:41:16.033 0 0 I : process_one_work+0x38c/0x660
01-01 04:41:16.033 0 0 I : worker_thread+0x268/0x4b8
01-01 04:41:16.033 0 0 I : kthread+0x140/0x150
01-01 04:41:16.033 0 0 I : ret_from_fork+0x10/0x1c
01-01 04:41:16.056 0 0 E : INFO: trying to register non-static key.
01-01 04:41:16.061 0 0 E : the code is fine but needs lockdep annotation.
01-01 04:41:16.067 0 0 I : CPU: 5 PID: 337 Comm: kworker/u16:14 Tainted: G S W O 4.19.157+ #1
01-01 04:41:16.067 0 0 I Hardware name: Qualcomm Technologies, Inc. kona MTP-RmPM8150b (DT)
01-01 04:41:16.067 0 0 I Workqueue: events_unbound ion_system_secure_heap_prefetch_work
01-01 04:41:16.067 0 0 I Call trace:
01-01 04:41:16.067 0 0 I : dump_backtrace+0x0/0x258
01-01 04:41:16.067 0 0 I : show_stack+0x20/0x30
01-01 04:41:16.067 0 0 I : dump_stack+0xd8/0x12c
01-01 04:41:16.067 0 0 I : register_lock_class+0x4d0/0x5c8
01-01 04:41:16.067 0 0 I : __lock_acquire+0xbc/0x1e58
01-01 04:41:16.067 0 0 I : lock_acquire+0x1cc/0x218
01-01 04:41:16.067 0 0 I : _raw_spin_lock_irqsave+0x54/0x98
01-01 04:41:16.067 0 0 I : ion_system_secure_heap_prefetch_work+0x94/0x2c0
01-01 04:41:16.067 0 0 I : process_one_work+0x38c/0x660
01-01 04:41:16.067 0 0 I : worker_thread+0x268/0x4b8
01-01 04:41:16.067 0 0 I : kthread+0x140/0x150
01-01 04:41:16.067 0 0 I : ret_from_fork+0x10/0x1c
01-01 04:41:16.073 0 0 E : INFO: trying to register non-static key.
01-01 04:41:16.078 0 0 E : the code is fine but needs lockdep annotation.
01-01 04:41:16.083 0 0 I : CPU: 5 PID: 337 Comm: kworker/u16:14 Tainted: G S W O 4.19.157+ #1
01-01 04:41:16.083 0 0 I Hardware name: Qualcomm Technologies, Inc. kona MTP-RmPM8150b (DT)
01-01 04:41:16.083 0 0 I Workqueue: events_unbound ion_system_secure_heap_prefetch_work
01-01 04:41:16.083 0 0 I Call trace:
01-01 04:41:16.083 0 0 I : dump_backtrace+0x0/0x258
01-01 04:41:16.083 0 0 I : show_stack+0x20/0x30
01-01 04:41:16.083 0 0 I : dump_stack+0xd8/0x12c
01-01 04:41:16.083 0 0 I : register_lock_class+0x4d0/0x5c8
01-01 04:41:16.083 0 0 I : __lock_acquire+0xbc/0x1e58
01-01 04:41:16.083 0 0 I : lock_acquire+0x1cc/0x218
01-01 04:41:16.083 0 0 I : _raw_spin_lock_irqsave+0x54/0x98
01-01 04:41:16.083 0 0 I : ion_system_secure_heap_prefetch_work+0x94/0x2c0
01-01 04:41:16.083 0 0 I : process_one_work+0x38c/0x660
01-01 04:41:16.083 0 0 I : worker_thread+0x268/0x4b8
01-01 04:41:16.083 0 0 I : kthread+0x140/0x150
01-01 04:41:16.083 0 0 I : ret_from_fork+0x10/0x1c
01-01 04:41:16.102 0 0 E : INFO: trying to register non-static key.
01-01 04:41:16.107 0 0 E : the code is fine but needs lockdep annotation.
01-01 04:41:16.112 0 0 I : CPU: 5 PID: 337 Comm: kworker/u16:14 Tainted: G S W O 4.19.157+ #1
01-01 04:41:16.112 0 0 I Hardware name: Qualcomm Technologies, Inc. kona MTP-RmPM8150b (DT)
01-01 04:41:16.112 0 0 I Workqueue: events_unbound ion_system_secure_heap_prefetch_work
01-01 04:41:16.112 0 0 I Call trace:
01-01 04:41:16.112 0 0 I : dump_backtrace+0x0/0x258
01-01 04:41:16.112 0 0 I : show_stack+0x20/0x30
01-01 04:41:16.112 0 0 I : dump_stack+0xd8/0x12c
01-01 04:41:16.112 0 0 I : register_lock_class+0x4d0/0x5c8
01-01 04:41:16.112 0 0 I : __lock_acquire+0xbc/0x1e58
01-01 04:41:16.112 0 0 I : lock_acquire+0x1cc/0x218
01-01 04:41:16.112 0 0 I : _raw_spin_lock_irqsave+0x54/0x98
01-01 04:41:16.112 0 0 I : ion_system_secure_heap_prefetch_work+0x94/0x2c0
01-01 04:41:16.112 0 0 I : process_one_work+0x38c/0x660
01-01 04:41:16.112 0 0 I : worker_thread+0x268/0x4b8
01-01 04:41:16.112 0 0 I : kthread+0x140/0x150
01-01 04:41:16.112 0 0 I : ret_from_fork+0x10/0x1c
01-01 04:41:16.122 0 0 E : INFO: trying to register non-static key.
01-01 04:41:16.128 0 0 E : the code is fine but needs lockdep annotation.
01-01 04:41:16.133 0 0 I : CPU: 5 PID: 337 Comm: kworker/u16:14 Tainted: G S W O 4.19.157+ #1
01-01 04:41:16.133 0 0 I Hardware name: Qualcomm Technologies, Inc. kona MTP-RmPM8150b (DT)
01-01 04:41:16.133 0 0 I Workqueue: events_unbound ion_system_secure_heap_prefetch_work
01-01 04:41:16.133 0 0 I Call trace:
01-01 04:41:16.133 0 0 I : dump_backtrace+0x0/0x258
01-01 04:41:16.133 0 0 I : show_stack+0x20/0x30
01-01 04:41:16.133 0 0 I : dump_stack+0xd8/0x12c
01-01 04:41:16.133 0 0 I : register_lock_class+0x4d0/0x5c8
01-01 04:41:16.133 0 0 I : __lock_acquire+0xbc/0x1e58
01-01 04:41:16.133 0 0 I : lock_acquire+0x1cc/0x218
01-01 04:41:16.133 0 0 I : _raw_spin_lock_irqsave+0x54/0x98
01-01 04:41:16.133 0 0 I : ion_system_secure_heap_prefetch_work+0x94/0x2c0
01-01 04:41:16.133 0 0 I : process_one_work+0x38c/0x660
01-01 04:41:16.133 0 0 I : worker_thread+0x268/0x4b8
01-01 04:41:16.133 0 0 I : kthread+0x140/0x150
01-01 04:41:16.133 0 0 I : ret_from_fork+0x10/0x1c
01-01 04:41:16.161 0 0 E : INFO: trying to register non-static key.
01-01 04:41:16.166 0 0 E : the code is fine but needs lockdep annotation.
01-01 04:41:16.171 0 0 I : CPU: 5 PID: 337 Comm: kworker/u16:14 Tainted: G S W O 4.19.157+ #1
01-01 04:41:16.171 0 0 I Hardware name: Qualcomm Technologies, Inc. kona MTP-RmPM8150b (DT)
01-01 04:41:16.171 0 0 I Workqueue: events_unbound ion_system_secure_heap_prefetch_work
01-01 04:41:16.171 0 0 I Call trace:
01-01 04:41:16.171 0 0 I : dump_backtrace+0x0/0x258
01-01 04:41:16.171 0 0 I : show_stack+0x20/0x30
01-01 04:41:16.171 0 0 I : dump_stack+0xd8/0x12c
01-01 04:41:16.171 0 0 I : register_lock_class+0x4d0/0x5c8
01-01 04:41:16.171 0 0 I : __lock_acquire+0xbc/0x1e58
01-01 04:41:16.171 0 0 I : lock_acquire+0x1cc/0x218
01-01 04:41:16.171 0 0 I : _raw_spin_lock_irqsave+0x54/0x98
01-01 04:41:16.171 0 0 I : ion_system_secure_heap_prefetch_work+0x94/0x2c0
01-01 04:41:16.171 0 0 I : process_one_work+0x38c/0x660
01-01 04:41:16.171 0 0 I : worker_thread+0x268/0x4b8
01-01 04:41:16.171 0 0 I : kthread+0x140/0x150
01-01 04:41:16.171 0 0 I : ret_from_fork+0x10/0x1c
01-01 04:41:16.173 0 0 I binder : 2067:2067 ioctl 40046210 7fc7d797e4 returned -22
01-01 04:41:16.180 0 0 E : INFO: trying to register non-static key.
01-01 04:41:16.185 0 0 E : the code is fine but needs lockdep annotation.
01-01 04:41:16.191 0 0 I : CPU: 5 PID: 337 Comm: kworker/u16:14 Tainted: G S W O 4.19.157+ #1
01-01 04:41:16.191 0 0 I Hardware name: Qualcomm Technologies, Inc. kona MTP-RmPM8150b (DT)
01-01 04:41:16.191 0 0 I Workqueue: events_unbound ion_system_secure_heap_prefetch_work
01-01 04:41:16.191 0 0 I Call trace:
01-01 04:41:16.191 0 0 I : dump_backtrace+0x0/0x258
01-01 04:41:16.191 0 0 I : show_stack+0x20/0x30
01-01 04:41:16.191 0 0 I : dump_stack+0xd8/0x12c
01-01 04:41:16.191 0 0 I : register_lock_class+0x4d0/0x5c8
01-01 04:41:16.191 0 0 I : __lock_acquire+0xbc/0x1e58
01-01 04:41:16.191 0 0 I : lock_acquire+0x1cc/0x218
01-01 04:41:16.191 0 0 I : _raw_spin_lock_irqsave+0x54/0x98
01-01 04:41:16.191 0 0 I : ion_system_secure_heap_prefetch_work+0x94/0x2c0
01-01 04:41:16.191 0 0 I : process_one_work+0x38c/0x660
01-01 04:41:16.191 0 0 I : worker_thread+0x268/0x4b8
01-01 04:41:16.191 0 0 I : kthread+0x140/0x150
01-01 04:41:16.191 0 0 I : ret_from_fork+0x10/0x1c
01-01 04:41:16.201 0 0 D cnss : MHI status cb is called with reason MISSION_MODE(6)
01-01 04:41:16.203 0 0 E : INFO: trying to register non-static key.
01-01 04:41:16.206 0 0 D cnss : Completed event: REGISTER_DRIVER(7), state: 0x10, ret: 0/0
01-01 04:41:16.208 0 0 E : the code is fine but needs lockdep annotation.
01-01 04:41:16.208 0 0 I : CPU: 5 PID: 337 Comm: kworker/u16:14 Tainted: G S W O 4.19.157+ #1
01-01 04:41:16.208 0 0 I Hardware name: Qualcomm Technologies, Inc. kona MTP-RmPM8150b (DT)
01-01 04:41:16.212 0 0 I msm_vidc: high: 00000001: ....d: Opening video instance: fffffffa9935c000, 1
01-01 04:41:16.214 0 0 I Workqueue: events_unbound ion_system_secure_heap_prefetch_work
01-01 04:41:16.214 0 0 I Call trace:
01-01 04:41:16.214 0 0 I : dump_backtrace+0x0/0x258
01-01 04:41:16.214 0 0 I : show_stack+0x20/0x30
01-01 04:41:16.214 0 0 I : dump_stack+0xd8/0x12c
01-01 04:41:16.214 0 0 I : register_lock_class+0x4d0/0x5c8
01-01 04:41:16.214 0 0 I : __lock_acquire+0xbc/0x1e58
01-01 04:41:16.214 0 0 I : lock_acquire+0x1cc/0x218
01-01 04:41:16.214 0 0 I : _raw_spin_lock_irqsave+0x54/0x98
01-01 04:41:16.214 0 0 I : ion_system_secure_heap_prefetch_work+0x94/0x2c0
01-01 04:41:16.214 0 0 I : process_one_work+0x38c/0x660
01-01 04:41:16.214 0 0 I : worker_thread+0x268/0x4b8
01-01 04:41:16.214 0 0 I : kthread+0x140/0x150
01-01 04:41:16.214 0 0 I : ret_from_fork+0x10/0x1c
01-01 04:41:16.238 0 0 E : INFO: trying to register non-static key.
01-01 04:41:16.241 0 0 I perfetto: enabled ftrace
01-01 04:41:16.244 0 0 E : the code is fine but needs lockdep annotation.
01-01 04:41:16.244 0 0 I : CPU: 5 PID: 337 Comm: kworker/u16:14 Tainted: G S W O 4.19.157+ #1
01-01 04:41:16.244 0 0 I Hardware name: Qualcomm Technologies, Inc. kona MTP-RmPM8150b (DT)
01-01 04:41:16.244 0 0 I Workqueue: events_unbound ion_system_secure_heap_prefetch_work
01-01 04:41:16.244 0 0 I Call trace:
01-01 04:41:16.244 0 0 I : dump_backtrace+0x0/0x258
01-01 04:41:16.244 0 0 I : show_stack+0x20/0x30
01-01 04:41:16.244 0 0 I : dump_stack+0xd8/0x12c
01-01 04:41:16.244 0 0 I : register_lock_class+0x4d0/0x5c8
01-01 04:41:16.244 0 0 I : __lock_acquire+0xbc/0x1e58
01-01 04:41:16.244 0 0 I : lock_acquire+0x1cc/0x218
01-01 04:41:16.244 0 0 I : _raw_spin_lock_irqsave+0x54/0x98
01-01 04:41:16.244 0 0 I : ion_system_secure_heap_prefetch_work+0x94/0x2c0
01-01 04:41:16.244 0 0 I : process_one_work+0x38c/0x660
01-01 04:41:16.244 0 0 I : worker_thread+0x268/0x4b8
01-01 04:41:16.244 0 0 I : kthread+0x140/0x150
01-01 04:41:16.244 0 0 I : ret_from_fork+0x10/0x1c
01-01 04:41:16.244 0 0 I msm_vidc: high: 00000001: h265d: Closed video instance: fffffffa9935c000
01-01 04:41:16.247 0 0 E : [drm:dp_display_init_aux_switch][msm-dp-err][80 ]failed to register notifier (-22)
01-01 04:41:16.250 0 0 I binder : 2077:2077 ioctl 40046210 7fc7d797e4 returned -22
01-01 04:41:16.273 0 0 I binder : 1833:1833 ioctl 40046210 7fc7d78e54 returned -22
01-01 04:41:16.277 0 0 D cnss : PM relax, state: 0x10, count: 0
08-16 16:52:13.924 1147 1147 W Looper : Slow dispatch took 246ms main h=android.app.ActivityThread$H c=null m=114
08-16 16:52:13.925 1147 1147 I PackageWatchdog: Syncing health check requests for packages: {}
08-16 16:52:13.925 1147 1147 I ExplicitHealthCheckController: Service not ready to get health check supported packages. Binding...
08-16 16:52:13.926 1147 1147 I ExplicitHealthCheckController: Explicit health check service is bound
01-01 04:41:16.283 0 0 E init : Control message: Could not find 'vendor.qti.hardware.iop@2.0::IIop/default' for ctl.interface_start from pid: 520 (/system/bin/hwservicemanager)
01-01 04:41:16.309 0 0 I binder : 2096:2096 ioctl 40046210 7fc7d797e4 returned -22
08-16 16:52:13.933 1147 1284 W ActivityManager: Slow operation: 521ms so far, now at startProcess: returned from zygote!
08-16 16:52:13.933 1147 1284 W ActivityManager: Slow operation: 521ms so far, now at startProcess: done updating battery stats
08-16 16:52:13.933 1147 1284 W ActivityManager: Slow operation: 521ms so far, now at startProcess: building log message
08-16 16:52:13.934 1147 1284 I ActivityManager: Start proc 2077:com.qualcomm.qtil.aptxacu/u0a147 for added application com.qualcomm.qtil.aptxacu
08-16 16:52:13.934 1147 1284 W ActivityManager: Slow operation: 521ms so far, now at startProcess: starting to update pids map
08-16 16:52:13.936 1147 1284 W ActivityManager: Slow operation: 524ms so far, now at startProcess: done updating pids map
08-16 16:52:13.937 1147 1284 W ActivityManager: Slow operation: 523ms so far, now at startProcess: asking zygote to start proc
08-16 16:52:13.937 1147 1284 D CompatibilityChangeReporter: Compat change id reported: 143937733; UID 10126; state: ENABLED
08-16 16:52:13.983 1147 1284 W ActivityManager: Slow operation: 569ms so far, now at startProcess: returned from zygote!
08-16 16:52:13.983 1147 1284 W ActivityManager: Slow operation: 570ms so far, now at startProcess: done updating battery stats
08-16 16:52:13.983 1147 1284 W ActivityManager: Slow operation: 570ms so far, now at startProcess: building log message
08-16 16:52:13.983 1147 1284 I ActivityManager: Start proc 2096:com.qualcomm.qtil.aptxals/u0a126 for added application com.qualcomm.qtil.aptxals
08-16 16:52:13.983 1147 1284 W ActivityManager: Slow operation: 570ms so far, now at startProcess: starting to update pids map
08-16 16:52:13.983 1147 1284 W ActivityManager: Slow operation: 570ms so far, now at startProcess: done updating pids map
08-16 16:52:13.983 1147 1284 W ActivityManager: Slow operation: 569ms so far, now at startProcess: asking zygote to start proc
08-16 16:52:13.984 1836 1836 W OneHandedController: Device doesn't support OneHanded feature
08-16 16:52:14.006 1147 1808 D CompatibilityChangeReporter: Compat change id reported: 168419799; UID 1073; state: DISABLED
08-16 16:52:14.016 1147 1861 E WebViewUpdateServiceImpl: Timed out waiting for relro creation, relros started 2 relros finished 1 package dirty? false
01-01 04:41:16.338 0 0 E init : Control message: Could not find 'vendor.qti.hardware.iop@2.0::IIop/default' for ctl.interface_start from pid: 520 (/system/bin/hwservicemanager)
08-16 16:52:14.016 1147 1861 W WebViewUpdateServiceImpl: creating relro file timed out
08-16 16:52:14.065 1147 1808 D CompatibilityChangeReporter: Compat change id reported: 168419799; UID 1073; state: DISABLED
08-16 16:52:14.067 1147 1808 W ActivityManager: Slow operation: 63ms so far, now at attachApplicationLocked: after mServices.attachApplicationLocked
01-01 04:41:16.350 0 0 I binder : 2137:2137 ioctl 40046210 7fc7d797e4 returned -22
01-01 04:41:16.352 0 0 E swr-wcd rx_swr_ctrl: swrm_get_logical_dev_num: device 0xd01170224 is not ready
01-01 04:41:16.352 0 0 E swr_get_logical_dev_num: Error -22 to get logical addr for device d01170224
01-01 04:41:16.352 0 0 E swr-wcd rx_swr_ctrl: swrm_get_logical_dev_num: device 0xd01170224 is not ready
01-01 04:41:16.352 0 0 E swr_get_logical_dev_num: Error -22 to get logical addr for device d01170224
01-01 04:41:16.353 0 0 E swr-wcd rx_swr_ctrl: swrm_get_logical_dev_num: device 0xd01170224 is not ready
01-01 04:41:16.353 0 0 E swr_get_logical_dev_num: Error -22 to get logical addr for device d01170224
01-01 04:41:16.354 0 0 E swr-wcd rx_swr_ctrl: swrm_get_logical_dev_num: device 0xd01170224 is not ready
08-16 16:52:14.091 1147 1147 I SystemServerTiming: ManagedServices.unbindOtherUserServices_current0
08-16 16:52:14.091 1147 1147 D SystemServerTiming: ManagedServices.unbindOtherUserServices_current0 took to complete: 0ms
08-16 16:52:14.094 1147 1265 D CountryDetector: Using custom country detector class: com.android.server.location.ComprehensiveCountryDetector
08-16 16:52:14.094 1147 1265 E CountryDetector: Could not instantiate the custom country detector class
08-16 16:52:14.094 1147 1265 D CountryDetector: Using default country detector
08-16 16:52:14.098 1147 1147 I SystemServerTiming: ManagedServices.unbindOtherUserServices_current0
08-16 16:52:14.099 1147 1147 D SystemServerTiming: ManagedServices.unbindOtherUserServices_current0 took to complete: 0ms
08-16 16:52:14.099 1147 1147 I SystemServerTiming: ManagedServices.unbindOtherUserServices_current0
08-16 16:52:14.099 1147 1147 D SystemServerTiming: ManagedServices.unbindOtherUserServices_current0 took to complete: 0ms
08-16 16:52:14.099 1147 1147 V NotificationAssistants: enabling notification assistant for 0: ComponentInfo{android.ext.services/android.ext.services.notification.Assistant}
08-16 16:52:14.099 1147 1147 V NotificationAssistants: binding: Intent { act=android.service.notification.NotificationAssistantService cmp=android.ext.services/.notification.Assistant (has extras) }
08-16 16:52:14.112 1147 1284 W ActivityManager: Slow operation: 698ms so far, now at startProcess: returned from zygote!
08-16 16:52:14.112 1147 1284 W ActivityManager: Slow operation: 698ms so far, now at startProcess: done updating battery stats
08-16 16:52:14.112 1147 1284 W ActivityManager: Slow operation: 698ms so far, now at startProcess: building log message
08-16 16:52:14.112 1147 1284 I ActivityManager: Start proc 2137:vendor.qti.qesdk.sysservice/1000 for added application vendor.qti.qesdk.sysservice
08-16 16:52:14.112 1147 1284 W ActivityManager: Slow operation: 698ms so far, now at startProcess: starting to update pids map
08-16 16:52:14.112 1147 1284 W ActivityManager: Slow operation: 698ms so far, now at startProcess: done updating pids map
08-16 16:52:14.113 1147 1284 W ActivityManager: Slow operation: 693ms so far, now at startProcess: asking zygote to start proc
08-16 16:52:14.113 1147 1284 D CompatibilityChangeReporter: Compat change id reported: 143937733; UID 10122; state: ENABLED
08-16 16:52:14.145 1147 1808 I ActivityManager: Process WebViewLoader-armeabi-v7a (pid 1903) has died: psvc PER
08-16 16:52:14.218 1147 1690 D CompatibilityChangeReporter: Compat change id reported: 168419799; UID 10126; state: DISABLED
01-01 04:41:16.392 0 0 E init : Control message: Could not find 'vendor.qti.hardware.iop@2.0::IIop/default' for ctl.interface_start from pid: 520 (/system/bin/hwservicemanager)
01-01 04:41:16.419 0 0 E swr_get_logical_dev_num: Error -22 to get logical addr for device d01170224
01-01 04:41:16.437 0 0 I msm_vidc: high: 00000001: ....d: Opening video instance: fffffffa892d4000, 1
01-01 04:41:16.444 0 0 E swr-wcd rx_swr_ctrl: swrm_get_logical_dev_num: device 0xd01170224 is not ready
01-01 04:41:16.455 0 0 E swr_get_logical_dev_num: Error -22 to get logical addr for device d01170224
08-16 16:52:14.262 1147 1690 W ActivityManager: Slow operation: 51ms so far, now at attachApplicationLocked: after updateOomAdjLocked
08-16 16:52:14.267 1147 1179 D CompatibilityChangeReporter: Compat change id reported: 168419799; UID 10147; state: DISABLED
08-16 16:52:14.274 1147 1178 D CompatibilityChangeReporter: Compat change id reported: 168419799; UID 1000; state: DISABLED
01-01 04:41:16.465 0 0 E wcd938x_codec wcd938x-codec: wcd938x_bind: Slave bind failed, ret = -517
08-16 16:52:14.289 1147 1690 D CompatibilityChangeReporter: Compat change id reported: 157233955; UID 10124; state: ENABLED
01-01 04:41:16.477 0 0 E : INFO: trying to register non-static key.
01-01 04:41:16.478 0 0 E : [drm:dp_display_init_aux_switch][msm-dp-err][80 ]failed to register notifier (-22)
01-01 04:41:16.478 0 0 I msm_vidc: high: 00000001: h265d: Closed video instance: fffffffa892d4000
01-01 04:41:16.482 0 0 E : the code is fine but needs lockdep annotation.
01-01 04:41:16.482 0 0 I : CPU: 6 PID: 337 Comm: kworker/u16:14 Tainted: G S W O 4.19.157+ #1
01-01 04:41:16.482 0 0 I Hardware name: Qualcomm Technologies, Inc. kona MTP-RmPM8150b (DT)
01-01 04:41:16.482 0 0 I Workqueue: events_unbound ion_system_secure_heap_prefetch_work
01-01 04:41:16.482 0 0 I Call trace:
01-01 04:41:16.482 0 0 I : dump_backtrace+0x0/0x258
01-01 04:41:16.482 0 0 I : show_stack+0x20/0x30
01-01 04:41:16.482 0 0 I : dump_stack+0xd8/0x12c
01-01 04:41:16.482 0 0 I : register_lock_class+0x4d0/0x5c8
01-01 04:41:16.482 0 0 I : __lock_acquire+0xbc/0x1e58
01-01 04:41:16.482 0 0 I : lock_acquire+0x1cc/0x218
01-01 04:41:16.482 0 0 I : _raw_spin_lock_irqsave+0x54/0x98
01-01 04:41:16.482 0 0 I : ion_system_secure_heap_prefetch_work+0x94/0x2c0
01-01 04:41:16.482 0 0 I : process_one_work+0x38c/0x660
01-01 04:41:16.482 0 0 I : worker_thread+0x268/0x4b8
01-01 04:41:16.482 0 0 I : kthread+0x140/0x150
01-01 04:41:16.482 0 0 I : ret_from_fork+0x10/0x1c
01-01 04:41:16.501 0 0 E : INFO: trying to register non-static key.
01-01 04:41:16.506 0 0 E : the code is fine but needs lockdep annotation.
01-01 04:41:16.512 0 0 I : CPU: 6 PID: 337 Comm: kworker/u16:14 Tainted: G S W O 4.19.157+ #1
01-01 04:41:16.512 0 0 I Hardware name: Qualcomm Technologies, Inc. kona MTP-RmPM8150b (DT)
01-01 04:41:16.512 0 0 I Workqueue: events_unbound ion_system_secure_heap_prefetch_work
01-01 04:41:16.512 0 0 I Call trace:
01-01 04:41:16.512 0 0 I : dump_backtrace+0x0/0x258
01-01 04:41:16.512 0 0 I : show_stack+0x20/0x30
01-01 04:41:16.512 0 0 I : dump_stack+0xd8/0x12c
01-01 04:41:16.512 0 0 I : register_lock_class+0x4d0/0x5c8
01-01 04:41:16.512 0 0 I : __lock_acquire+0xbc/0x1e58
01-01 04:41:16.512 0 0 I : lock_acquire+0x1cc/0x218
01-01 04:41:16.512 0 0 I : _raw_spin_lock_irqsave+0x54/0x98
01-01 04:41:16.512 0 0 I : ion_system_secure_heap_prefetch_work+0x94/0x2c0
01-01 04:41:16.512 0 0 I : process_one_work+0x38c/0x660
01-01 04:41:16.512 0 0 I : worker_thread+0x268/0x4b8
01-01 04:41:16.512 0 0 I : kthread+0x140/0x150
01-01 04:41:16.512 0 0 I : ret_from_fork+0x10/0x1c
01-01 04:41:16.533 0 0 E : INFO: trying to register non-static key.
01-01 04:41:16.538 0 0 E : the code is fine but needs lockdep annotation.
01-01 04:41:16.543 0 0 I : CPU: 6 PID: 337 Comm: kworker/u16:14 Tainted: G S W O 4.19.157+ #1
01-01 04:41:16.543 0 0 I Hardware name: Qualcomm Technologies, Inc. kona MTP-RmPM8150b (DT)
01-01 04:41:16.543 0 0 I Workqueue: events_unbound ion_system_secure_heap_prefetch_work
01-01 04:41:16.543 0 0 I Call trace:
01-01 04:41:16.543 0 0 I : dump_backtrace+0x0/0x258
01-01 04:41:16.543 0 0 I : show_stack+0x20/0x30
01-01 04:41:16.543 0 0 I : dump_stack+0xd8/0x12c
01-01 04:41:16.543 0 0 I : register_lock_class+0x4d0/0x5c8
01-01 04:41:16.543 0 0 I : __lock_acquire+0xbc/0x1e58
01-01 04:41:16.543 0 0 I : lock_acquire+0x1cc/0x218
01-01 04:41:16.543 0 0 I : _raw_spin_lock_irqsave+0x54/0x98
01-01 04:41:16.543 0 0 I : ion_system_secure_heap_prefetch_work+0x94/0x2c0
01-01 04:41:16.543 0 0 I : process_one_work+0x38c/0x660
01-01 04:41:16.543 0 0 I : worker_thread+0x268/0x4b8
01-01 04:41:16.543 0 0 I : kthread+0x140/0x150
01-01 04:41:16.543 0 0 I : ret_from_fork+0x10/0x1c
01-01 04:41:16.567 0 0 E : INFO: trying to register non-static key.
01-01 04:41:16.572 0 0 D cnss : WLFW server arriving: node 7 port 1
01-01 04:41:16.572 0 0 E init : Control message: Could not find 'vendor.qti.hardware.iop@2.0::IIop/default' for ctl.interface_start from pid: 520 (/system/bin/hwservicemanager)
01-01 04:41:16.572 0 0 E : the code is fine but needs lockdep annotation.
01-01 04:41:16.572 0 0 I : CPU: 6 PID: 337 Comm: kworker/u16:14 Tainted: G S W O 4.19.157+ #1
01-01 04:41:16.572 0 0 I Hardware name: Qualcomm Technologies, Inc. kona MTP-RmPM8150b (DT)
01-01 04:41:16.572 0 0 I Workqueue: events_unbound ion_system_secure_heap_prefetch_work
01-01 04:41:16.588 0 0 D cnss : Posting event: SERVER_ARRIVE(0), state: 0x10 flags: 0x0
01-01 04:41:16.593 0 0 I Call trace:
01-01 04:41:16.593 0 0 I : dump_backtrace+0x0/0x258
01-01 04:41:16.593 0 0 I : show_stack+0x20/0x30
01-01 04:41:16.593 0 0 I : dump_stack+0xd8/0x12c
01-01 04:41:16.593 0 0 I : register_lock_class+0x4d0/0x5c8
01-01 04:41:16.593 0 0 I : __lock_acquire+0xbc/0x1e58
01-01 04:41:16.593 0 0 I : lock_acquire+0x1cc/0x218
01-01 04:41:16.593 0 0 I : _raw_spin_lock_irqsave+0x54/0x98
01-01 04:41:16.593 0 0 I : ion_system_secure_heap_prefetch_work+0x94/0x2c0
01-01 04:41:16.593 0 0 I : process_one_work+0x38c/0x660
01-01 04:41:16.593 0 0 I : worker_thread+0x268/0x4b8
01-01 04:41:16.593 0 0 I : kthread+0x140/0x150
01-01 04:41:16.593 0 0 I : ret_from_fork+0x10/0x1c
01-01 04:41:16.593 0 0 D cnss : PM stay awake, state: 0x10, count: 1
01-01 04:41:16.593 0 0 D cnss : PM relax, state: 0x10, count: 0
01-01 04:41:16.594 0 0 D cnss : PM stay awake, state: 0x10, count: 1
01-01 04:41:16.594 0 0 D cnss : Processing driver event: SERVER_ARRIVE(0), state: 0x10
01-01 04:41:16.595 0 0 I cnss : QMI WLFW service connected, state: 0x11
01-01 04:41:16.595 0 0 D cnss : Sending indication register message, state: 0x11
01-01 04:41:16.602 0 0 D cnss : Sending host capability message, state: 0x11
01-01 04:41:16.602 0 0 D cnss : Number of clients is 2
01-01 04:41:16.602 0 0 D cnss : Assign MSI to user: WAKE, num_vectors: 1, user_base_data: 813, base_vector: 13
01-01 04:41:16.602 0 0 D cnss : WAKE MSI base data is 813
01-01 04:41:16.602 0 0 D cnss : Calibration done is 1
01-01 04:41:16.602 0 0 D cnss : Sending iova starting 0xa0000000 with size 0x10010000
01-01 04:41:16.608 0 0 D cnss : PM relax, state: 0x11, count: 0
01-01 04:41:16.608 0 0 I cnss-daemon: pm_release_vote: pm_handle is NULL
01-01 04:41:16.619 0 0 D cnss : Received QMI WLFW request memory indication
01-01 04:41:16.619 0 0 D cnss : FW requests for memory, size: 0x5e0000, type: 1
01-01 04:41:16.619 0 0 D cnss : FW requests for memory, size: 0xd8000, type: 4
01-01 04:41:16.619 0 0 D cnss : Posting event: REQUEST_MEM(2), state: 0x11 flags: 0x0
01-01 04:41:16.619 0 0 D cnss : PM stay awake, state: 0x11, count: 1
01-01 04:41:16.619 0 0 D cnss : PM relax, state: 0x11, count: 0
01-01 04:41:16.619 0 0 D cnss : PM stay awake, state: 0x11, count: 1
01-01 04:41:16.619 0 0 D cnss : Processing driver event: REQUEST_MEM(2), state: 0x11
01-01 04:41:16.619 0 0 D cnss : Sending respond memory message, state: 0x11
01-01 04:41:16.619 0 0 D cnss : Memory for FW, va: 0xffffff8025d22000, pa: 0x00000000a1000000, size: 0x5e0000, type: 1
01-01 04:41:16.619 0 0 D cnss : Memory for FW, va: 0xffffff8022301000, pa: 0x00000000a1600000, size: 0xd8000, type: 4
01-01 04:41:16.620 0 0 E : INFO: trying to register non-static key.
01-01 04:41:16.625 0 0 E : the code is fine but needs lockdep annotation.
01-01 04:41:16.625 0 0 I msm_vidc: high: 00000001: ....d: Opening video instance: fffffffb18ab8000, 1
01-01 04:41:16.630 0 0 I : CPU: 6 PID: 337 Comm: kworker/u16:14 Tainted: G S W O 4.19.157+ #1
01-01 04:41:16.630 0 0 I Hardware name: Qualcomm Technologies, Inc. kona MTP-RmPM8150b (DT)
01-01 04:41:16.630 0 0 I Workqueue: events_unbound ion_system_secure_heap_prefetch_work
01-01 04:41:16.630 0 0 I Call trace:
01-01 04:41:16.630 0 0 I : dump_backtrace+0x0/0x258
01-01 04:41:16.630 0 0 I : show_stack+0x20/0x30
01-01 04:41:16.630 0 0 I : dump_stack+0xd8/0x12c
01-01 04:41:16.630 0 0 I : register_lock_class+0x4d0/0x5c8
01-01 04:41:16.630 0 0 I : __lock_acquire+0xbc/0x1e58
01-01 04:41:16.630 0 0 I : lock_acquire+0x1cc/0x218
01-01 04:41:16.630 0 0 I : _raw_spin_lock_irqsave+0x54/0x98
01-01 04:41:16.630 0 0 I : ion_system_secure_heap_prefetch_work+0x94/0x2c0
01-01 04:41:16.630 0 0 I : process_one_work+0x38c/0x660
01-01 04:41:16.630 0 0 I : worker_thread+0x268/0x4b8
01-01 04:41:16.630 0 0 I : kthread+0x140/0x150
01-01 04:41:16.630 0 0 I : ret_from_fork+0x10/0x1c
01-01 04:41:16.633 0 0 D cnss : PM relax, state: 0x11, count: 0
01-01 04:41:16.636 0 0 D cnss : Received QMI WLFW FW memory ready indication
01-01 04:41:16.636 0 0 D cnss : Posting event: FW_MEM_READY(3), state: 0x11 flags: 0x0
01-01 04:41:16.637 0 0 D cnss : PM stay awake, state: 0x11, count: 1
01-01 04:41:16.637 0 0 D cnss : PM relax, state: 0x11, count: 0
01-01 04:41:16.637 0 0 D cnss : PM stay awake, state: 0x11, count: 1
01-01 04:41:16.637 0 0 D cnss : Processing driver event: FW_MEM_READY(3), state: 0x11
01-01 04:41:16.637 0 0 D cnss : Sending target capability message, state: 0x13
01-01 04:41:16.641 0 0 D cnss : Voltage for CPR: 948mV
01-01 04:41:16.641 0 0 E init : Control message: Could not find 'vendor.qti.hardware.iop@2.0::IIop/default' for ctl.interface_start from pid: 520 (/system/bin/hwservicemanager)
08-16 16:52:14.472 1836 1836 D SystemUIBootTiming: DependencyInjection took to complete: 0ms
01-01 04:41:16.663 0 0 E : INFO: trying to register non-static key.
01-01 04:41:16.668 0 0 E : the code is fine but needs lockdep annotation.
01-01 04:41:16.674 0 0 I : CPU: 6 PID: 337 Comm: kworker/u16:14 Tainted: G S W O 4.19.157+ #1
01-01 04:41:16.674 0 0 I Hardware name: Qualcomm Technologies, Inc. kona MTP-RmPM8150b (DT)
01-01 04:41:16.674 0 0 I Workqueue: events_unbound ion_system_secure_heap_prefetch_work
01-01 04:41:16.674 0 0 I Call trace:
01-01 04:41:16.674 0 0 I : dump_backtrace+0x0/0x258
01-01 04:41:16.674 0 0 I : show_stack+0x20/0x30
01-01 04:41:16.674 0 0 I : dump_stack+0xd8/0x12c
