08-16 16:54:19.260 1455 4691 D LOWI-9.0.0.87.a: [LOWI-Scan] BSS 2c:61:04:e5:57:3e (wlan0) ASSO: NO AddInfo: 0x1, TSF 0, 00:02:40.657, RSSI: -132, CPL: 127, AGE: 20720, SSID ___, TSFDelta: 0xdb3c8a1e, TXRate: 0
08-16 16:54:19.260 1455 4691 D LOWI-9.0.0.87.a: [LOWI-Scan]
08-16 16:54:19.260 1455 4691 D LOWI-9.0.0.87.a: [LOWI-Scan] print_bss_handler: Report Probe TSF 179964928 as it greater than Beacon TSF 160657980
08-16 16:54:19.260 1455 4691 D LOWI-9.0.0.87.a: [LOWI-Scan] decode_rsn_wpa_ie: LOWI_ENCRYPTION_TYPE_WPA_PSK
08-16 16:54:19.260 1455 4691 D LOWI-9.0.0.87.a: [LOWI-Scan] is_qcom_ie, bss_age: 0
08-16 16:54:19.260 1455 4691 D LOWI-9.0.0.87.a: [LOWI-Scan] BSS 94:d0:0d:67:64:7c LOWI_PHY_MODE_11AC_VHT80(10), Beacon Interval: 100, LOWI_ENCRYPTION_TYPE_WPA_PSK 11mcRanging: No, ANQP: No, LCI: No, Civic: No, capability(0x1531): ESS Privacy ShortPreamble SpectrumMgmt ShortSlotTime
08-16 16:54:19.260 1455 4691 D LOWI-9.0.0.87.a: [LOWI-Scan] BSS 94:d0:0d:67:64:7c FREQ: 5745, cFreq1[40:80:160] = [5755:5775:0] cFreq2 = 0 Country Code = CN
08-16 16:54:19.260 1455 4691 D LOWI-9.0.0.87.a: [LOWI-Scan] BSS 94:d0:0d:67:64:7c (wlan0) ASSO: NO AddInfo: 0x0, TSF 0, 00:02:59.964, RSSI: -126, CPL: 127, AGE: 1412, SSID Visional, TSFDelta: 0xe401f86f, TXRate: 0
08-16 16:54:19.260 1455 4691 D LOWI-9.0.0.87.a: [LOWI-Scan]
08-16 16:54:19.260 1455 4691 D LOWI-9.0.0.87.a: [LOWI-Scan] print_bss_handler: Report beacon TSF 160662298 as it greater than probe TSF 160662298
08-16 16:54:19.260 1455 4691 D LOWI-9.0.0.87.a: [LOWI-Scan] decode_rsn_wpa_ie: LOWI_ENCRYPTION_TYPE_WPA_PSK
08-16 16:54:19.260 1455 4691 D LOWI-9.0.0.87.a: [LOWI-Scan] is_qcom_ie, bss_age: 0
08-16 16:54:19.260 1455 4691 D LOWI-9.0.0.87.a: [LOWI-Scan] adjust_age:AP AGE upper limit reached. Dont store
08-16 16:54:19.260 1455 4691 D LOWI-9.0.0.87.a: [LOWI-Scan] BSS f4:a4:d6:51:0e:31 LOWI_PHY_MODE_11AC_VHT40(9), Beacon Interval: 100, LOWI_ENCRYPTION_TYPE_WPA_PSK 11mcRanging: No, ANQP: No, LCI: No, Civic: No, capability(0x1511): ESS Privacy SpectrumMgmt ShortSlotTime
08-16 16:54:19.260 1455 4691 D LOWI-9.0.0.87.a: [LOWI-Scan] BSS f4:a4:d6:51:0e:31 FREQ: 5745, cFreq1[40:80:160] = [5755:0:0] cFreq2 = 0 Country Code = CN
08-16 16:54:19.260 1455 4691 D LOWI-9.0.0.87.a: [LOWI-Scan] BSS f4:a4:d6:51:0e:31 (wlan0) ASSO: NO AddInfo: 0x1, TSF 0, 00:02:40.662, RSSI: -178, CPL: 127, AGE: 20716, SSID thundercomm, TSFDelta: 0xcacaf33c, TXRate: 0
08-16 16:54:19.261 1455 4691 D LOWI-9.0.0.87.a: [LOWI-Scan]
08-16 16:54:19.261 1455 4691 D LOWI-9.0.0.87.a: [LOWI-Scan] print_bss_handler: Report beacon TSF 160662672 as it greater than probe TSF 160662672
08-16 16:54:19.261 1455 4691 D LOWI-9.0.0.87.a: [LOWI-Scan] decode_rsn_wpa_ie: LOWI_ENCRYPTION_TYPE_WPA_PSK
08-16 16:54:19.261 1455 4691 D LOWI-9.0.0.87.a: [LOWI-Scan] is_qcom_ie, bss_age: 0
08-16 16:54:19.261 1455 4691 D LOWI-9.0.0.87.a: [LOWI-Scan] adjust_age:AP AGE upper limit reached. Dont store
08-16 16:54:19.261 1455 4691 D LOWI-9.0.0.87.a: [LOWI-Scan] BSS f4:a4:d6:51:0e:30 LOWI_PHY_MODE_11AC_VHT40(9), Beacon Interval: 100, LOWI_ENCRYPTION_TYPE_WPA_PSK 11mcRanging: No, ANQP: No, LCI: No, Civic: No, capability(0x1511): ESS Privacy SpectrumMgmt ShortSlotTime
08-16 16:54:19.261 1455 4691 D LOWI-9.0.0.87.a: [LOWI-Scan] BSS f4:a4:d6:51:0e:30 FREQ: 5745, cFreq1[40:80:160] = [5755:0:0] cFreq2 = 0 Country Code = CN
08-16 16:54:19.261 1455 4691 D LOWI-9.0.0.87.a: [LOWI-Scan] BSS f4:a4:d6:51:0e:30 (wlan0) ASSO: NO AddInfo: 0x1, TSF 0, 00:02:40.662, RSSI: -180, CPL: 127, AGE: 20716, SSID guest, TSFDelta: 0xcace78b6, TXRate: 0
08-16 16:54:19.261 1455 4691 D LOWI-9.0.0.87.a: [LOWI-Scan]
08-16 16:54:19.261 1455 4691 D LOWI-9.0.0.87.a: [LOWI-Scan] print_bss_handler: Report beacon TSF 179919617 as it greater than probe TSF 179919617
08-16 16:54:19.261 1455 4691 D LOWI-9.0.0.87.a: [LOWI-Scan] decode_rsn_wpa_ie: LOWI_ENCRYPTION_TYPE_WPA_PSK
08-16 16:54:19.261 1455 4691 D LOWI-9.0.0.87.a: [LOWI-Scan] is_qcom_ie, bss_age: 0
08-16 16:54:19.261 1455 4691 D LOWI-9.0.0.87.a: [LOWI-Scan] BSS 94:d0:0d:67:64:7e LOWI_PHY_MODE_11AC_VHT80(10), Beacon Interval: 100, LOWI_ENCRYPTION_TYPE_WPA_PSK 11mcRanging: No, ANQP: No, LCI: No, Civic: No, capability(0x1531): ESS Privacy ShortPreamble SpectrumMgmt ShortSlotTime
08-16 16:54:19.261 1455 4691 D LOWI-9.0.0.87.a: [LOWI-Scan] BSS 94:d0:0d:67:64:7e FREQ: 5745, cFreq1[40:80:160] = [5755:5775:0] cFreq2 = 0 Country Code = CN
08-16 16:54:19.261 1455 4691 D LOWI-9.0.0.87.a: [LOWI-Scan] BSS 94:d0:0d:67:64:7e (wlan0) ASSO: NO AddInfo: 0x1, TSF 0, 00:02:59.919, RSSI: -126, CPL: 127, AGE: 1460, SSID , TSFDelta: 0xe3a6d2fb, TXRate: 0
08-16 16:54:19.262 1455 4691 D LOWI-9.0.0.87.a: [LOWI-Scan]
08-16 16:54:19.262 1455 4691 D LOWI-9.0.0.87.a: [LOWI-Scan] print_bss_handler: Report Probe TSF 180087913 as it greater than Beacon TSF 180073512
08-16 16:54:19.262 1455 4691 D LOWI-9.0.0.87.a: [LOWI-Scan] decode_rsn_wpa_ie: LOWI_ENCRYPTION_TYPE_WPA_PSK
08-16 16:54:19.262 1455 4691 D LOWI-9.0.0.87.a: [LOWI-Scan] is_qcom_ie, bss_age: 0
08-16 16:54:19.262 1455 4691 D LOWI-9.0.0.87.a: [LOWI-Scan] BSS 34:f7:16:8f:88:0a LOWI_PHY_MODE_11AC_VHT80(10), Beacon Interval: 100, LOWI_ENCRYPTION_TYPE_WPA_PSK 11mcRanging: No, ANQP: No, LCI: No, Civic: No, capability(0x1011): ESS Privacy
08-16 16:54:19.262 1455 4691 D LOWI-9.0.0.87.a: [LOWI-Scan] BSS 34:f7:16:8f:88:0a FREQ: 5805, cFreq1[40:80:160] = [5795:5775:0] cFreq2 = 0 Country Code = CN
08-16 16:54:19.262 1455 4691 D LOWI-9.0.0.87.a: [LOWI-Scan] BSS 34:f7:16:8f:88:0a (wlan0) ASSO: NO AddInfo: 0x0, TSF 0, 00:03:00.087, RSSI: -162, CPL: 127, AGE: 1292, SSID ____________, TSFDelta: 0xd9602221, TXRate: 0
08-16 16:54:19.262 1455 4691 D LOWI-9.0.0.87.a: [LOWI-Scan]
08-16 16:54:19.262 1455 4691 D LOWI-9.0.0.87.a: [LOWI-Scan] print_bss_handler: Report Probe TSF 180430040 as it greater than Beacon TSF 0
08-16 16:54:19.262 1455 4691 D LOWI-9.0.0.87.a: [LOWI-Scan] decode_rsn_wpa_ie: LOWI_ENCRYPTION_TYPE_WPA_PSK
08-16 16:54:19.262 1455 4691 D LOWI-9.0.0.87.a: [LOWI-Scan] is_qcom_ie, bss_age: 0
08-16 16:54:19.262 1455 4691 D LOWI-9.0.0.87.a: [LOWI-Scan] BSS 54:a7:03:c3:2b:5e LOWI_PHY_MODE_11AC_VHT40_2G(12), Beacon Interval: 100, LOWI_ENCRYPTION_TYPE_WPA_PSK 11mcRanging: No, ANQP: No, LCI: No, Civic: No, capability(0x1411): ESS Privacy ShortSlotTime
08-16 16:54:19.262 1455 4691 D LOWI-9.0.0.87.a: [LOWI-Scan] BSS 54:a7:03:c3:2b:5e FREQ: 2437, cFreq1[40:80:160] = [2427:0:0] cFreq2 = 0 Country Code = CN
08-16 16:54:19.262 1455 4691 D LOWI-9.0.0.87.a: [LOWI-Scan] BSS 54:a7:03:c3:2b:5e (wlan0) ASSO: NO AddInfo: 0x0, TSF 0, 00:03:00.430, RSSI: -150, CPL: 127, AGE: 948, SSID test666, TSFDelta: 0x4047877e, TXRate: 0
08-16 16:54:19.262 1455 4691 D LOWI-9.0.0.87.a: [LOWI-Scan]
08-16 16:54:19.262 1455 4691 D LOWI-9.0.0.87.a: [LOWI-Scan] print_bss_handler: Report beacon TSF 179850972 as it greater than probe TSF 179850972
08-16 16:54:19.262 1455 4691 D LOWI-9.0.0.87.a: [LOWI-Scan] decode_rsn_wpa_ie: LOWI_ENCRYPTION_TYPE_WPA_PSK
08-16 16:54:19.262 1455 4691 D LOWI-9.0.0.87.a: [LOWI-Scan] is_qcom_ie, bss_age: 0
08-16 16:54:19.263 1455 4691 D LOWI-9.0.0.87.a: [LOWI-Scan] BSS 86:2a:7d:83:91:7b LOWI_PHY_MODE_11AC_VHT40_2G(12), Beacon Interval: 100, LOWI_ENCRYPTION_TYPE_WPA_PSK 11mcRanging: No, ANQP: No, LCI: No, Civic: No, capability(0x1411): ESS Privacy ShortSlotTime
08-16 16:54:19.263 1455 4691 D LOWI-9.0.0.87.a: [LOWI-Scan] BSS 86:2a:7d:83:91:7b FREQ: 2412, cFreq1[40:80:160] = [2422:0:0] cFreq2 = 0 Country Code = CN
08-16 16:54:19.263 1455 4691 D LOWI-9.0.0.87.a: [LOWI-Scan] BSS 86:2a:7d:83:91:7b (wlan0) ASSO: NO AddInfo: 0x1, TSF 0, 00:02:59.850, RSSI: -110, CPL: 127, AGE: 1528, SSID ________________________________, TSFDelta: 0xbdda892b, TXRate: 0
08-16 16:54:19.263 1455 4691 D LOWI-9.0.0.87.a: [LOWI-Scan]
08-16 16:54:19.263 1455 4691 D LOWI-9.0.0.87.a: [LOWI-Scan] print_bss_handler: Report beacon TSF 170014797 as it greater than probe TSF 170014797
08-16 16:54:19.263 1455 4691 D LOWI-9.0.0.87.a: [LOWI-Scan] decode_rsn_wpa_ie: LOWI_ENCRYPTION_TYPE_WPA_PSK
08-16 16:54:19.263 1455 4691 D LOWI-9.0.0.87.a: [LOWI-Scan] is_qcom_ie, bss_age: 0
08-16 16:54:19.263 1455 4691 D LOWI-9.0.0.87.a: [LOWI-Scan] adjust_age:AP AGE upper limit reached. Dont store
08-16 16:54:19.263 1455 4691 D LOWI-9.0.0.87.a: [LOWI-Scan] BSS 04:8c:16:c4:ee:31 LOWI_PHY_MODE_11AC_VHT40(9), Beacon Interval: 100, LOWI_ENCRYPTION_TYPE_WPA_PSK 11mcRanging: No, ANQP: No, LCI: No, Civic: No, capability(0x1511): ESS Privacy SpectrumMgmt ShortSlotTime
08-16 16:54:19.263 1455 4691 D LOWI-9.0.0.87.a: [LOWI-Scan] BSS 04:8c:16:c4:ee:31 FREQ: 5785, cFreq1[40:80:160] = [5795:0:0] cFreq2 = 0 Country Code = CN
08-16 16:54:19.263 1455 4691 D LOWI-9.0.0.87.a: [LOWI-Scan] BSS 04:8c:16:c4:ee:31 (wlan0) ASSO: NO AddInfo: 0x1, TSF 0, 00:02:50.014, RSSI: -178, CPL: 127, AGE: 11364, SSID thundercomm, TSFDelta: 0x10f1da73, TXRate: 0
08-16 16:54:19.263 520 520 I hwservicemanager: getTransport: Cannot find entry android.hardware.light@2.0::ILight/default in either framework or device VINTF manifest.
08-16 16:54:19.263 1455 4691 D LOWI-9.0.0.87.a: [LOWI-Scan]
08-16 16:54:19.263 1455 4691 D LOWI-9.0.0.87.a: [LOWI-Scan] print_bss_handler: Report beacon TSF 170015804 as it greater than probe TSF 170015804
08-16 16:54:19.263 1455 4691 D LOWI-9.0.0.87.a: [LOWI-Scan] decode_rsn_wpa_ie: LOWI_ENCRYPTION_TYPE_WPA_PSK
08-16 16:54:19.263 1455 4691 D LOWI-9.0.0.87.a: [LOWI-Scan] is_qcom_ie, bss_age: 0
08-16 16:54:19.263 1455 4691 D LOWI-9.0.0.87.a: [LOWI-Scan] adjust_age:AP AGE upper limit reached. Dont store
08-16 16:54:19.263 1455 4691 D LOWI-9.0.0.87.a: [LOWI-Scan] BSS 04:8c:16:c4:ee:34 LOWI_PHY_MODE_11AC_VHT40(9), Beacon Interval: 100, LOWI_ENCRYPTION_TYPE_WPA_PSK 11mcRanging: No, ANQP: No, LCI: No, Civic: No, capability(0x1511): ESS Privacy SpectrumMgmt ShortSlotTime
08-16 16:54:19.263 1455 4691 D LOWI-9.0.0.87.a: [LOWI-Scan] BSS 04:8c:16:c4:ee:34 FREQ: 5785, cFreq1[40:80:160] = [5795:0:0] cFreq2 = 0 Country Code = CN
08-16 16:54:19.263 1455 4691 D LOWI-9.0.0.87.a: [LOWI-Scan] BSS 04:8c:16:c4:ee:34 (wlan0) ASSO: NO AddInfo: 0x1, TSF 0, 00:02:50.015, RSSI: -178, CPL: 127, AGE: 11364, SSID thundersoft, TSFDelta: 0x10f8c769, TXRate: 0
08-16 16:54:19.264 1455 4691 D LOWI-9.0.0.87.a: [LOWI-Scan]
08-16 16:54:19.264 1455 4691 D LOWI-9.0.0.87.a: [LOWI-Scan] print_bss_handler: Report beacon TSF 179917670 as it greater than probe TSF 179917670
08-16 16:54:19.264 1455 4691 D LOWI-9.0.0.87.a: [LOWI-Scan] decode_rsn_wpa_ie: LOWI_ENCRYPTION_TYPE_WPA_PSK
08-16 16:54:19.264 1455 4691 D LOWI-9.0.0.87.a: [LOWI-Scan] is_qcom_ie, bss_age: 0
08-16 16:54:19.264 1455 4691 D LOWI-9.0.0.87.a: [LOWI-Scan] BSS f4:a4:d6:51:0e:34 LOWI_PHY_MODE_11AC_VHT40(9), Beacon Interval: 100, LOWI_ENCRYPTION_TYPE_WPA_PSK 11mcRanging: No, ANQP: No, LCI: No, Civic: No, capability(0x1511): ESS Privacy SpectrumMgmt ShortSlotTime
08-16 16:54:19.264 1455 4691 D LOWI-9.0.0.87.a: [LOWI-Scan] BSS f4:a4:d6:51:0e:34 FREQ: 5745, cFreq1[40:80:160] = [5755:0:0] cFreq2 = 0 Country Code = CN
08-16 16:54:19.264 1455 4691 D LOWI-9.0.0.87.a: [LOWI-Scan] BSS f4:a4:d6:51:0e:34 (wlan0) ASSO: NO AddInfo: 0x1, TSF 0, 00:02:59.917, RSSI: -178, CPL: 127, AGE: 1460, SSID thundersoft, TSFDelta: 0xc90c55b5, TXRate: 0
08-16 16:54:19.264 1455 4691 D LOWI-9.0.0.87.a: [LOWI-Scan]
08-16 16:54:19.264 1455 4691 D LOWI-9.0.0.87.a: [LOWI-Scan] print_bss_handler: Report beacon TSF 180082475 as it greater than probe TSF 180082475
08-16 16:54:19.264 1455 4691 D LOWI-9.0.0.87.a: [LOWI-Scan] decode_rsn_wpa_ie: LOWI_ENCRYPTION_TYPE_WPA_PSK
08-16 16:54:19.264 1455 4691 D LOWI-9.0.0.87.a: [LOWI-Scan] is_qcom_ie, bss_age: 0
08-16 16:54:19.264 1455 4691 D LOWI-9.0.0.87.a: [LOWI-Scan] BSS 36:f7:16:af:88:0a LOWI_PHY_MODE_11AC_VHT80(10), Beacon Interval: 100, LOWI_ENCRYPTION_TYPE_WPA_PSK 11mcRanging: No, ANQP: No, LCI: No, Civic: No, capability(0x0011): ESS Privacy
08-16 16:54:19.264 1455 4691 D LOWI-9.0.0.87.a: [LOWI-Scan] BSS 36:f7:16:af:88:0a FREQ: 5805, cFreq1[40:80:160] = [5795:5775:0] cFreq2 = 0 Country Code = CN
08-16 16:54:19.264 1455 4691 D LOWI-9.0.0.87.a: [LOWI-Scan] BSS 36:f7:16:af:88:0a (wlan0) ASSO: NO AddInfo: 0x1, TSF 0, 00:03:00.082, RSSI: -164, CPL: 127, AGE: 1296, SSID , TSFDelta: 0xd935dbc6, TXRate: 0
08-16 16:54:19.265 1455 4691 D LOWI-9.0.0.87.a: [LOWI-Scan]
08-16 16:54:19.265 1455 4691 D LOWI-9.0.0.87.a: [LOWI-Scan] print_bss_handler: Report Probe TSF 180394548 as it greater than Beacon TSF 0
08-16 16:54:19.265 1455 4691 D LOWI-9.0.0.87.a: [LOWI-Scan] decode_rsn_wpa_ie: LOWI_ENCRYPTION_TYPE_WPA_PSK
08-16 16:54:19.265 1455 4691 D LOWI-9.0.0.87.a: [LOWI-Scan] is_qcom_ie, bss_age: 0
08-16 16:54:19.265 1455 4691 D LOWI-9.0.0.87.a: [LOWI-Scan] BSS bc:54:fc:f0:b4:68 LOWI_PHY_MODE_11AC_VHT40_2G(12), Beacon Interval: 100, LOWI_ENCRYPTION_TYPE_WPA_PSK 11mcRanging: No, ANQP: No, LCI: No, Civic: No, capability(0x0411): ESS Privacy ShortSlotTime
08-16 16:54:19.265 1455 4691 D LOWI-9.0.0.87.a: [LOWI-Scan] BSS bc:54:fc:f0:b4:68 FREQ: 2437, cFreq1[40:80:160] = [2427:0:0] cFreq2 = 0 Country Code = CN
08-16 16:54:19.265 1455 4691 D LOWI-9.0.0.87.a: [LOWI-Scan] BSS bc:54:fc:f0:b4:68 (wlan0) ASSO: NO AddInfo: 0x0, TSF 0, 00:03:00.394, RSSI: -160, CPL: 127, AGE: 984, SSID kk2.4g, TSFDelta: 0xe832f63f, TXRate: 0
08-16 16:54:19.267 4797 4797 E light : light_open lights keyboard failed: -22
08-16 16:54:19.267 4797 4797 E light : Light passthrough failed to load legacy HAL.
08-16 16:54:19.268 4797 4797 E light : light_open lights buttons failed: -22
08-16 16:54:19.268 4797 4797 E light : Light passthrough failed to load legacy HAL.
08-16 16:54:19.270 4798 4798 F linker : CANNOT LINK EXECUTABLE "/vendor/bin/hw/qvrservice": library "vendor.qti.hardware.qxr-V1-ndk_platform.so" not found: needed by /vendor/lib64/libqvrservice.so in namespace (default)
08-16 16:54:19.270 4797 4797 E light : light_open lights bluetooth failed: -22
08-16 16:54:19.270 4797 4797 E light : Light passthrough failed to load legacy HAL.
08-16 16:54:19.271 4797 4797 E light : light_open lights wifi failed: -22
08-16 16:54:19.271 4797 4797 E light : Light passthrough failed to load legacy HAL.
08-16 16:54:19.271 1455 4691 D LOWI-9.0.0.87.a: [LOWI-Scan]
08-16 16:54:19.271 1455 4691 D LOWI-9.0.0.87.a: [LOWI-Scan] print_bss_handler: Report Probe TSF 180430925 as it greater than Beacon TSF 0
08-16 16:54:19.271 1455 4691 D LOWI-9.0.0.87.a: [LOWI-Scan] decode_rsn_wpa_ie: LOWI_ENCRYPTION_TYPE_WPA_PSK
08-16 16:54:19.271 1455 4691 D LOWI-9.0.0.87.a: [LOWI-Scan] is_qcom_ie, bss_age: 0
08-16 16:54:19.271 1455 4691 D LOWI-9.0.0.87.a: [LOWI-Scan] BSS 9e:97:cc:03:15:34 LOWI_PHY_MODE_11AC_VHT40_2G(12), Beacon Interval: 100, LOWI_ENCRYPTION_TYPE_WPA_PSK 11mcRanging: No, ANQP: No, LCI: No, Civic: No, capability(0x0431): ESS Privacy ShortPreamble ShortSlotTime
01-01 04:43:21.462 0 0 I init : Service 'qvrd_vndr' (pid 4798) exited with status 1
01-01 04:43:21.462 0 0 I init : Sending signal 9 to service 'qvrd_vndr' (pid 4798) process group...
01-01 04:43:21.462 0 0 I libprocessgroup: Successfully killed process cgroup uid 1000 pid 4798 in 0ms
08-16 16:54:19.271 1455 4691 D LOWI-9.0.0.87.a: [LOWI-Scan] BSS 9e:97:cc:03:15:34 FREQ: 2437, cFreq1[40:80:160] = [2427:0:0] cFreq2 = 0 Country Code = CN
01-01 04:43:21.467 0 0 I init : Service 'vendor.light-hal-2-0' (pid 4797) exited with status 0
01-01 04:43:21.467 0 0 I init : Sending signal 9 to service 'vendor.light-hal-2-0' (pid 4797) process group...
08-16 16:54:19.271 1455 4691 D LOWI-9.0.0.87.a: [LOWI-Scan] BSS 9e:97:cc:03:15:34 (wlan0) ASSO: NO AddInfo: 0x0, TSF 0, 00:03:00.430, RSSI: -136, CPL: 127, AGE: 964, SSID SD3_Test, TSFDelta: 0x5a62f785, TXRate: 0
08-16 16:54:19.272 1455 4691 D LOWI-9.0.0.87.a: [LOWIDiagLog] Log: lowiMeasResult->request: invalid null argument
08-16 16:54:19.272 1455 4691 I LOWI-9.0.0.87.a: [LOWI-Scan] lowi_close_record:Scan done in 121922ms, 60 APs in scan results
08-16 16:54:19.272 1455 4691 D LOWI-9.0.0.87.a: [LOWI-Scan] WipsScanUsingNL: passive scan cached 0, took 10253 ms, err 0
08-16 16:54:19.272 1455 4691 D LOWI-9.0.0.87.a: [LOWI-Scan] lowi_proc_req_passive_scan_with_live_meas - No WLAN Frames to be parsed
08-16 16:54:19.272 1455 4691 D LOWI-9.0.0.87.a: [LOWIScanResultReceiver] Send scan meas to listener
08-16 16:54:19.272 1455 4691 D LOWI-9.0.0.87.a: [LOWIScanResultReceiver] Enter passive listening mode
08-16 16:54:19.272 1455 4691 D LOWI-9.0.0.87.a: [LOWIWifiDriverInterface] getMeasurements - Passive listening mode
08-16 16:54:19.272 1455 4691 D LOWI-9.0.0.87.a: [LOWI-Scan] WipsScanUsingNL:wait -1 sec for netlink message
08-16 16:54:19.272 1455 1475 D LOWI-9.0.0.87.a: [LOWIEventReceiver] handleEvent:FROM:NA, TO:NA, REQ:NA, IREQ:NA, REQ_ID:0, RESP:NA, INFO:NA
08-16 16:54:19.272 1455 1475 D LOWI-9.0.0.87.a: [LOWIBackgroundScanMgr] isRspForBgScanMgr: evt(LOWI_NO_EVT) - not handled
08-16 16:54:19.272 1455 1475 D LOWI-9.0.0.87.a: [LOWIScheduler] manageMsg: NULL results or NULL request in results
08-16 16:54:19.272 1455 1475 D LOWI-9.0.0.87.a: [LOWIController] Measurements received
08-16 16:54:19.272 520 520 I hwservicemanager: getTransport: Cannot find entry android.hardware.light@2.0::ILight/default in either framework or device VINTF manifest.
08-16 16:54:19.273 4797 4797 E HidlServiceManagement: Service android.hardware.light@2.0::ILight/default must be in VINTF manifest in order to register/get.
08-16 16:54:19.273 4797 4797 E LegacySupport: Could not register service android.hardware.light@2.0::ILight/default (-2147483648).
08-16 16:54:19.273 1455 1475 D LOWI-9.0.0.87.a: [LOWICacheManager] putInCache:Num of Meas to add: 60
08-16 16:54:19.275 1455 1475 D LOWI-9.0.0.87.a: [LOWIController] processMeasurementResults: No current Request. Cache measurements
08-16 16:54:19.275 1455 1475 D LOWI-9.0.0.87.a: [LOWIControllerExtn] sendLOWILpDiscoveryScanResponse: Not a discovery scan response
08-16 16:54:19.286 4799 4799 F linker : CANNOT LINK EXECUTABLE "/vendor/bin/hw/sxrservice": library "vendor.qti.hardware.qxr-V1-ndk_platform.so" not found: needed by main executable
08-16 16:54:19.306 2381 2381 D WifiDetailsPrefCtrl2: Update UI!
08-16 16:54:19.314 2381 2381 D WifiDetailsPrefCtrl2: Wifi Type 4
08-16 16:54:19.316 2381 2381 D DashboardFragment: Preference key is null in Controller WifiDetailPreferenceController2
08-16 16:54:19.455 1147 1990 D CompatibilityInfo: mCompatibilityFlags - 4
08-16 16:54:19.456 1147 1990 D CompatibilityInfo: applicationDensity - 240
08-16 16:54:19.456 1147 1990 D CompatibilityInfo: applicationScale - 1.0
08-16 16:54:19.460 2204 2204 I QImsService: QtiImsExtService : QtiImsExtService created!
08-16 16:54:19.461 2204 2204 E QImsService: QtiImsExtService : QtiImsExtService, ImsService is not yet started retry.
08-16 16:54:19.462 2335 2335 D QtiImsExtConnector: Attempt to bind QtiImsExt service returned with: true
08-16 16:54:19.462 2204 2204 E QImsService: QtiImsExtService : QtiImsExtService, ImsService is not yet started retry.
08-16 16:54:19.462 2204 2204 W QImsService: QtiImsExtService : onBind returned null
08-16 16:54:19.465 2335 2335 D QtiImsExtConnector: onNullBinding componentName ComponentInfo{org.codeaurora.ims/org.codeaurora.ims.QtiImsExtService}
08-16 16:54:19.663 681 4793 I resolv : retrying_poll: 61 retrying_poll timeout
08-16 16:54:19.663 681 4793 D resolv : send_dg: 1
08-16 16:54:19.663 681 4793 I resolv : res_nsend: used send_dg 0 terrno: 110
08-16 16:54:19.663 681 4793 I resolv : res_stats_set_sample: rcode = 255, sec = 0
08-16 16:54:19.664 681 4793 I resolv : res_cache_add_stats_sample_locked: adding sample to stats, next = 18, count = 18
08-16 16:54:19.664 681 4793 D resolv : res_nsend: Querying server (# 1) address = 192.168.1.1:53
08-16 16:54:19.665 681 4793 I resolv : get_timeout: using timeout of 5000 msec
08-16 16:54:19.665 681 4793 I resolv : retrying_poll: 61 retrying_poll
08-16 16:54:19.667 681 4794 I resolv : retrying_poll: 63 retrying_poll timeout
08-16 16:54:19.667 681 4794 D resolv : send_dg: 1
08-16 16:54:19.667 681 4794 I resolv : res_nsend: used send_dg 0 terrno: 110
08-16 16:54:19.667 681 4794 I resolv : res_stats_set_sample: rcode = 255, sec = 0
08-16 16:54:19.667 681 4794 I resolv : res_cache_add_stats_sample_locked: adding sample to stats, next = 19, count = 19
08-16 16:54:19.667 681 4794 D resolv : res_nsend: Querying server (# 1) address = 192.168.1.1:53
08-16 16:54:19.668 681 4794 I resolv : get_timeout: using timeout of 5000 msec
08-16 16:54:19.668 681 4794 I resolv : retrying_poll: 63 retrying_poll
01-01 04:43:22.163 0 0 D : mv2112_read_status
01-01 04:43:22.163 0 0 D mv2112_update_link: 3.0x901(1G): 0x4
01-01 04:43:22.163 0 0 D mv2112_update_link: 3.0x8109(100M): 0x8
01-01 04:43:22.163 0 0 D mv2112_update_link: link 0x4
01-01 04:43:22.163 0 0 D mv2112_read_status: autoneg is disabled
08-16 16:54:19.981 1147 1990 D CompatibilityInfo: mCompatibilityFlags - 4
08-16 16:54:19.981 1147 1990 D CompatibilityInfo: applicationDensity - 240
08-16 16:54:19.981 1147 1990 D CompatibilityInfo: applicationScale - 1.0
08-16 16:54:19.986 2204 2204 I QImsService: QtiImsExtService : QtiImsExtService created!
08-16 16:54:19.986 2204 2204 E QImsService: QtiImsExtService : QtiImsExtService, ImsService is not yet started retry.
08-16 16:54:19.987 2335 2335 D QtiImsExtConnector: Attempt to bind QtiImsExt service returned with: true
08-16 16:54:19.988 2204 2204 E QImsService: QtiImsExtService : QtiImsExtService, ImsService is not yet started retry.
08-16 16:54:19.988 2204 2204 W QImsService: QtiImsExtService : onBind returned null
08-16 16:54:19.990 2335 2335 D QtiImsExtConnector: onNullBinding componentName ComponentInfo{org.codeaurora.ims/org.codeaurora.ims.QtiImsExtService}
08-16 16:54:20.504 1147 1178 D CompatibilityInfo: mCompatibilityFlags - 4
08-16 16:54:20.504 1147 1178 D CompatibilityInfo: applicationDensity - 240
08-16 16:54:20.504 1147 1178 D CompatibilityInfo: applicationScale - 1.0
08-16 16:54:20.508 2204 2204 I QImsService: QtiImsExtService : QtiImsExtService created!
08-16 16:54:20.508 2204 2204 E QImsService: QtiImsExtService : QtiImsExtService, ImsService is not yet started retry.
08-16 16:54:20.512 2204 2204 E QImsService: QtiImsExtService : QtiImsExtService, ImsService is not yet started retry.
08-16 16:54:20.512 2204 2204 W QImsService: QtiImsExtService : onBind returned null
08-16 16:54:20.513 2335 2335 D QtiImsExtConnector: Attempt to bind QtiImsExt service returned with: true
08-16 16:54:20.514 2335 2335 D QtiImsExtConnector: onNullBinding componentName ComponentInfo{org.codeaurora.ims/org.codeaurora.ims.QtiImsExtService}
08-16 16:54:20.842 1836 4123 I OpenGLRenderer: Davey! duration=9223371853901ms; Flags=0, FrameTimelineVsyncId=8890, IntendedVsync=182952912610, Vsync=182952912610, InputEventId=0, HandleInputStart=182953964252, AnimationStart=182953967117, PerformTraversalsStart=182953968784, DrawStart=182960796700, FrameDeadline=182986245942, FrameInterval=182953953732, FrameStartTime=16666666, SyncQueued=182961105450, SyncStart=182961290867, IssueDrawCommandsStart=182961515502, SwapBuffers=182962895398, FrameCompleted=9223372036854775807, DequeueBufferDuration=46979, QueueBufferDuration=2366146, GpuCompleted=9223372036854775807, SwapBuffersCompleted=182966556180, DisplayPresentTime=0,
01-01 04:43:23.188 0 0 D : mv2112_read_status
01-01 04:43:23.188 0 0 D mv2112_update_link: 3.0x901(1G): 0x4
01-01 04:43:23.189 0 0 D mv2112_update_link: 3.0x8109(100M): 0x8
01-01 04:43:23.189 0 0 D mv2112_update_link: link 0x4
01-01 04:43:23.189 0 0 D mv2112_read_status: autoneg is disabled
08-16 16:54:21.028 1147 1178 D CompatibilityInfo: mCompatibilityFlags - 4
08-16 16:54:21.029 1147 1178 D CompatibilityInfo: applicationDensity - 240
08-16 16:54:21.029 1147 1178 D CompatibilityInfo: applicationScale - 1.0
08-16 16:54:21.033 2335 2335 D QtiImsExtConnector: Attempt to bind QtiImsExt service returned with: true
08-16 16:54:21.033 2204 2204 I QImsService: QtiImsExtService : QtiImsExtService created!
08-16 16:54:21.034 2204 2204 E QImsService: QtiImsExtService : QtiImsExtService, ImsService is not yet started retry.
08-16 16:54:21.034 2204 2204 E QImsService: QtiImsExtService : QtiImsExtService, ImsService is not yet started retry.
08-16 16:54:21.034 2204 2204 W QImsService: QtiImsExtService : onBind returned null
08-16 16:54:21.043 2335 2335 D QtiImsExtConnector: onNullBinding componentName ComponentInfo{org.codeaurora.ims/org.codeaurora.ims.QtiImsExtService}
08-16 16:54:21.562 1147 2598 D CompatibilityInfo: mCompatibilityFlags - 4
08-16 16:54:21.562 1147 2598 D CompatibilityInfo: applicationDensity - 240
08-16 16:54:21.562 1147 2598 D CompatibilityInfo: applicationScale - 1.0
08-16 16:54:21.565 2204 2204 I QImsService: QtiImsExtService : QtiImsExtService created!
08-16 16:54:21.565 2204 2204 E QImsService: QtiImsExtService : QtiImsExtService, ImsService is not yet started retry.
08-16 16:54:21.565 2335 2335 D QtiImsExtConnector: Attempt to bind QtiImsExt service returned with: true
08-16 16:54:21.566 2204 2204 E QImsService: QtiImsExtService : QtiImsExtService, ImsService is not yet started retry.
08-16 16:54:21.566 2204 2204 W QImsService: QtiImsExtService : onBind returned null
08-16 16:54:21.567 2335 2335 D QtiImsExtConnector: onNullBinding componentName ComponentInfo{org.codeaurora.ims/org.codeaurora.ims.QtiImsExtService}
08-16 16:54:21.611 2067 2975 D DhcpClient: Broadcasting DHCPDISCOVER
08-16 16:54:21.731 681 4784 I resolv : retrying_poll: 59 retrying_poll timeout
08-16 16:54:21.732 681 4784 D resolv : send_dg: 1
08-16 16:54:21.732 681 4784 I resolv : res_nsend: used send_dg 0 terrno: 110
08-16 16:54:21.733 681 4784 D resolv : doQuery: rcode=0, ancount=0
08-16 16:54:21.734 681 4783 I resolv : resolv_populate_res_for_net: netid=102
01-01 04:43:24.211 0 0 D : mv2112_read_status
01-01 04:43:24.212 0 0 D mv2112_update_link: 3.0x901(1G): 0x4
01-01 04:43:24.212 0 0 D mv2112_update_link: 3.0x8109(100M): 0x8
01-01 04:43:24.212 0 0 D mv2112_update_link: link 0x4
01-01 04:43:24.212 0 0 D mv2112_read_status: autoneg is disabled
08-16 16:54:22.081 1147 1178 D CompatibilityInfo: mCompatibilityFlags - 4
08-16 16:54:22.081 1147 1178 D CompatibilityInfo: applicationDensity - 240
08-16 16:54:22.081 1147 1178 D CompatibilityInfo: applicationScale - 1.0
08-16 16:54:22.088 2204 2204 I QImsService: QtiImsExtService : QtiImsExtService created!
08-16 16:54:22.088 2204 2204 E QImsService: QtiImsExtService : QtiImsExtService, ImsService is not yet started retry.
08-16 16:54:22.089 2204 2204 E QImsService: QtiImsExtService : QtiImsExtService, ImsService is not yet started retry.
08-16 16:54:22.089 2204 2204 W QImsService: QtiImsExtService : onBind returned null
08-16 16:54:22.090 2335 2335 D QtiImsExtConnector: Attempt to bind QtiImsExt service returned with: true
08-16 16:54:22.093 2335 2335 D QtiImsExtConnector: onNullBinding componentName ComponentInfo{org.codeaurora.ims/org.codeaurora.ims.QtiImsExtService}
08-16 16:54:22.609 1147 1990 D CompatibilityInfo: mCompatibilityFlags - 4
08-16 16:54:22.610 1147 1990 D CompatibilityInfo: applicationDensity - 240
08-16 16:54:22.610 1147 1990 D CompatibilityInfo: applicationScale - 1.0
08-16 16:54:22.614 2204 2204 I QImsService: QtiImsExtService : QtiImsExtService created!
08-16 16:54:22.615 2204 2204 E QImsService: QtiImsExtService : QtiImsExtService, ImsService is not yet started retry.
08-16 16:54:22.616 2335 2335 D QtiImsExtConnector: Attempt to bind QtiImsExt service returned with: true
08-16 16:54:22.617 2204 2204 E QImsService: QtiImsExtService : QtiImsExtService, ImsService is not yet started retry.
08-16 16:54:22.617 2204 2204 W QImsService: QtiImsExtService : onBind returned null
08-16 16:54:22.619 2335 2335 D QtiImsExtConnector: onNullBinding componentName ComponentInfo{org.codeaurora.ims/org.codeaurora.ims.QtiImsExtService}
01-01 04:43:25.235 0 0 D : mv2112_read_status
01-01 04:43:25.236 0 0 D mv2112_update_link: 3.0x901(1G): 0x4
01-01 04:43:25.236 0 0 D mv2112_update_link: 3.0x8109(100M): 0x8
01-01 04:43:25.236 0 0 D mv2112_update_link: link 0x4
01-01 04:43:25.236 0 0 D mv2112_read_status: autoneg is disabled
01-01 04:43:25.282 0 0 I [schedu][0xe25f5003][16:54:23.091426] wlan: [2470:I:WMA] [16:54:23.075000] [NEIGH_RPT_REQ] VDEV[0]
01-01 04:43:25.282 0 0 I [schedu][0xe25f561b][16:54:23.091507] wlan: [2470:I:WMA] [16:54:23.085000] [NEIGH_RPT_RSP] VDEV[0] NO Ch update
08-16 16:54:23.137 1147 1178 D CompatibilityInfo: mCompatibilityFlags - 4
08-16 16:54:23.137 1147 1178 D CompatibilityInfo: applicationDensity - 240
08-16 16:54:23.138 1147 1178 D CompatibilityInfo: applicationScale - 1.0
08-16 16:54:23.142 2204 2204 I QImsService: QtiImsExtService : QtiImsExtService created!
08-16 16:54:23.142 2204 2204 E QImsService: QtiImsExtService : QtiImsExtService, ImsService is not yet started retry.
08-16 16:54:23.143 2335 2335 D QtiImsExtConnector: Attempt to bind QtiImsExt service returned with: true
08-16 16:54:23.143 2204 2204 E QImsService: QtiImsExtService : QtiImsExtService, ImsService is not yet started retry.
08-16 16:54:23.144 2204 2204 W QImsService: QtiImsExtService : onBind returned null
08-16 16:54:23.147 2335 2335 D QtiImsExtConnector: onNullBinding componentName ComponentInfo{org.codeaurora.ims/org.codeaurora.ims.QtiImsExtService}
08-16 16:54:23.591 681 4786 I resolv : retrying_poll: 56 retrying_poll timeout
08-16 16:54:23.591 681 4786 D resolv : send_dg: 1
08-16 16:54:23.592 681 4786 I resolv : res_nsend: used send_dg 0 terrno: 110
08-16 16:54:23.592 681 4786 D resolv : doQuery: rcode=0, ancount=0
08-16 16:54:23.593 681 4785 I resolv : resolv_populate_res_for_net: netid=102
08-16 16:54:23.668 1147 1990 D CompatibilityInfo: mCompatibilityFlags - 4
08-16 16:54:23.668 1147 1990 D CompatibilityInfo: applicationDensity - 240
08-16 16:54:23.669 1147 1990 D CompatibilityInfo: applicationScale - 1.0
08-16 16:54:23.673 2204 2204 I QImsService: QtiImsExtService : QtiImsExtService created!
08-16 16:54:23.674 2204 2204 E QImsService: QtiImsExtService : QtiImsExtService, ImsService is not yet started retry.
08-16 16:54:23.674 2204 2204 E QImsService: QtiImsExtService : QtiImsExtService, ImsService is not yet started retry.
08-16 16:54:23.675 2204 2204 W QImsService: QtiImsExtService : onBind returned null
08-16 16:54:23.675 2335 2335 D QtiImsExtConnector: Attempt to bind QtiImsExt service returned with: true
08-16 16:54:23.677 2335 2335 D QtiImsExtConnector: onNullBinding componentName ComponentInfo{org.codeaurora.ims/org.codeaurora.ims.QtiImsExtService}
08-16 16:54:23.732 681 745 I netd : setProcSysNet(4, 2, wlan0, retrans_time_ms, 750) <1.03ms>
08-16 16:54:23.734 681 745 I netd : setProcSysNet(4, 2, wlan0, ucast_solicit, 10) <0.46ms>
08-16 16:54:23.736 681 745 I netd : setProcSysNet(6, 2, wlan0, retrans_time_ms, 750) <0.60ms>
08-16 16:54:23.738 681 745 I netd : setProcSysNet(6, 2, wlan0, ucast_solicit, 10) <0.74ms>
08-16 16:54:23.905 1836 4123 I OpenGLRenderer: Davey! duration=9223371850847ms; Flags=0, FrameTimelineVsyncId=8929, IntendedVsync=186007453209, Vsync=186007453209, InputEventId=0, HandleInputStart=186008785501, AnimationStart=186008787845, PerformTraversalsStart=186008789408, DrawStart=186014952064, FrameDeadline=186040786541, FrameInterval=186008775553, FrameStartTime=16666666, SyncQueued=186015296647, SyncStart=186015535449, IssueDrawCommandsStart=186015827428, SwapBuffers=186017475762, FrameCompleted=9223372036854775807, DequeueBufferDuration=53386, QueueBufferDuration=2731719, GpuCompleted=9223372036854775807, SwapBuffersCompleted=186021903314, DisplayPresentTime=0,
01-01 04:43:26.258 0 0 D : mv2112_read_status
01-01 04:43:26.258 0 0 D mv2112_update_link: 3.0x901(1G): 0x4
01-01 04:43:26.259 0 0 D mv2112_update_link: 3.0x8109(100M): 0x8
01-01 04:43:26.259 0 0 D mv2112_update_link: link 0x4
01-01 04:43:26.259 0 0 D mv2112_read_status: autoneg is disabled
08-16 16:54:24.191 1147 2598 D CompatibilityInfo: mCompatibilityFlags - 4
08-16 16:54:24.192 1147 2598 D CompatibilityInfo: applicationDensity - 240
08-16 16:54:24.192 1147 2598 D CompatibilityInfo: applicationScale - 1.0
08-16 16:54:24.194 2204 2204 I QImsService: QtiImsExtService : QtiImsExtService created!
08-16 16:54:24.194 2204 2204 E QImsService: QtiImsExtService : QtiImsExtService, ImsService is not yet started retry.
08-16 16:54:24.195 2335 2335 D QtiImsExtConnector: Attempt to bind QtiImsExt service returned with: true
08-16 16:54:24.195 2204 2204 E QImsService: QtiImsExtService : QtiImsExtService, ImsService is not yet started retry.
08-16 16:54:24.195 2204 2204 W QImsService: QtiImsExtService : onBind returned null
08-16 16:54:24.196 2335 2335 D QtiImsExtConnector: onNullBinding componentName ComponentInfo{org.codeaurora.ims/org.codeaurora.ims.QtiImsExtService}
01-01 04:43:26.391 0 0 I init : starting service 'vendor.light-hal-2-0'...
01-01 04:43:26.441 0 0 I init : starting service 'qvrd_vndr'...
01-01 04:43:26.442 0 0 I init : Created socket '/dev/socket/qvrservice_vndr', mode 660, user 1000, group 1000
01-01 04:43:26.443 0 0 I init : Created socket '/dev/socket/qvrservice_vndr_camera', mode 660, user 1000, group 1000
01-01 04:43:26.464 0 0 I init : starting service 'sxrd'...
08-16 16:54:24.307 520 520 I hwservicemanager: getTransport: Cannot find entry android.hardware.light@2.0::ILight/default in either framework or device VINTF manifest.
08-16 16:54:24.309 4801 4801 F linker : CANNOT LINK EXECUTABLE "/vendor/bin/hw/qvrservice": library "vendor.qti.hardware.qxr-V1-ndk_platform.so" not found: needed by /vendor/lib64/libqvrservice.so in namespace (default)
01-01 04:43:26.501 0 0 I init : Service 'qvrd_vndr' (pid 4801) exited with status 1
01-01 04:43:26.501 0 0 I init : Sending signal 9 to service 'qvrd_vndr' (pid 4801) process group...
01-01 04:43:26.501 0 0 I libprocessgroup: Successfully killed process cgroup uid 1000 pid 4801 in 0ms
08-16 16:54:24.311 4800 4800 E light : light_open lights keyboard failed: -22
08-16 16:54:24.311 4800 4800 E light : Light passthrough failed to load legacy HAL.
08-16 16:54:24.312 4800 4800 E light : light_open lights buttons failed: -22
08-16 16:54:24.312 4800 4800 E light : Light passthrough failed to load legacy HAL.
08-16 16:54:24.314 4800 4800 E light : light_open lights bluetooth failed: -22
08-16 16:54:24.314 4800 4800 E light : Light passthrough failed to load legacy HAL.
08-16 16:54:24.315 4800 4800 E light : light_open lights wifi failed: -22
08-16 16:54:24.315 4800 4800 E light : Light passthrough failed to load legacy HAL.
08-16 16:54:24.318 520 520 I hwservicemanager: getTransport: Cannot find entry android.hardware.light@2.0::ILight/default in either framework or device VINTF manifest.
08-16 16:54:24.320 4800 4800 E HidlServiceManagement: Service android.hardware.light@2.0::ILight/default must be in VINTF manifest in order to register/get.
08-16 16:54:24.320 4800 4800 E LegacySupport: Could not register service android.hardware.light@2.0::ILight/default (-2147483648).
01-01 04:43:26.515 0 0 I init : Service 'vendor.light-hal-2-0' (pid 4800) exited with status 0
01-01 04:43:26.515 0 0 I init : Sending signal 9 to service 'vendor.light-hal-2-0' (pid 4800) process group...
08-16 16:54:24.338 4802 4802 F linker : CANNOT LINK EXECUTABLE "/vendor/bin/hw/sxrservice": library "vendor.qti.hardware.qxr-V1-ndk_platform.so" not found: needed by main executable
08-16 16:54:24.671 681 4793 I resolv : retrying_poll: 61 retrying_poll timeout
08-16 16:54:24.672 681 4793 D resolv : send_dg: 1
08-16 16:54:24.672 681 4793 I resolv : res_nsend: used send_dg 0 terrno: 110
08-16 16:54:24.673 681 4796 I resolv : resolv_populate_res_for_net: netid=102
08-16 16:54:24.673 681 4796 I resolv : res_stats_usable_server: NS stats: S 0 + E 0 + T 20 + I 0 = 20, rtt = -1, min_samples = 8
08-16 16:54:24.674 681 4796 I resolv : res_stats_usable_server: success rate 0
08-16 16:54:24.674 681 4796 I resolv : res_stats_usable_server: too many resolution errors, ignoring server
08-16 16:54:24.674 681 4796 D resolv : res_nsend: Querying server (# 1) address = 192.168.1.1:53
08-16 16:54:24.675 2067 2067 W DnsResolver: resNetworkResult:android.system.ErrnoException: resNetworkResult failed: ETIMEDOUT (Connection timed out)
08-16 16:54:24.677 2067 4791 D NetworkMonitor/102: PROBE_DNS www.google.com 10082ms FAIL in type ADDRCONFIG android.net.DnsResolver$DnsException: android.system.ErrnoException: resNetworkResult failed: ETIMEDOUT (Connection timed out)
08-16 16:54:24.678 681 4796 D resolv : send_dg: new DG socket
08-16 16:54:24.680 681 4794 I resolv : retrying_poll: 63 retrying_poll timeout
08-16 16:54:24.684 681 4794 D resolv : send_dg: 1
08-16 16:54:24.684 681 4796 I resolv : get_timeout: using timeout of 5000 msec
08-16 16:54:24.684 681 4794 I resolv : res_nsend: used send_dg 0 terrno: 110
08-16 16:54:24.684 681 4796 I resolv : retrying_poll: 54 retrying_poll
08-16 16:54:24.686 2067 2067 W DnsResolver: resNetworkResult:android.system.ErrnoException: resNetworkResult failed: ETIMEDOUT (Connection timed out)
08-16 16:54:24.687 2067 4792 D NetworkMonitor/102: PROBE_DNS connectivitycheck.gstatic.com 10091ms FAIL in type ADDRCONFIG android.net.DnsResolver$DnsException: android.system.ErrnoException: resNetworkResult failed: ETIMEDOUT (Connection timed out)
08-16 16:54:24.692 681 4803 D resolv : GetAddrInfoHandler::run: {102 983142 102 983142 1073 1}
08-16 16:54:24.692 681 4803 D resolv : resolv_getaddrinfo: explore_fqdn(): ai_family=0 ai_socktype=1 ai_protocol=6
08-16 16:54:24.696 681 4804 D resolv : GetAddrInfoHandler::run: {102 983142 102 983142 1073 1}
08-16 16:54:24.697 681 4804 D resolv : resolv_getaddrinfo: explore_fqdn(): ai_family=0 ai_socktype=1 ai_protocol=6
08-16 16:54:24.702 681 4805 D resolv : doQuery: (1, 1)
08-16 16:54:24.702 681 4805 D resolv : res_nmkquery: (QUERY, IN, A)
08-16 16:54:24.702 681 4806 D resolv : doQuery: (1, 1)
08-16 16:54:24.702 681 4805 D resolv : res_nsend
08-16 16:54:24.702 681 4806 D resolv : res_nmkquery: (QUERY, IN, A)
08-16 16:54:24.702 681 4805 I resolv : resolv_cache_lookup: lookup
08-16 16:54:24.702 681 4805 I resolv : resolv_cache_lookup: NOT IN CACHE
08-16 16:54:24.702 681 4806 D resolv : res_nsend
08-16 16:54:24.702 681 4805 I resolv : resolv_populate_res_for_net: netid=102
08-16 16:54:24.702 681 4806 I resolv : resolv_cache_lookup: lookup
08-16 16:54:24.702 681 4805 I resolv : res_stats_usable_server: NS stats: S 0 + E 0 + T 20 + I 0 = 20, rtt = -1, min_samples = 8
08-16 16:54:24.703 681 4806 I resolv : resolv_cache_lookup: NOT IN CACHE
08-16 16:54:24.703 681 4805 I resolv : res_stats_usable_server: success rate 0
08-16 16:54:24.703 681 4806 I resolv : resolv_populate_res_for_net: netid=102
08-16 16:54:24.703 681 4806 I resolv : res_stats_usable_server: NS stats: S 0 + E 0 + T 20 + I 0 = 20, rtt = -1, min_samples = 8
08-16 16:54:24.703 681 4806 I resolv : res_stats_usable_server: success rate 0
08-16 16:54:24.703 681 4805 I resolv : res_stats_usable_server: too many resolution errors, ignoring server
08-16 16:54:24.703 681 4806 I resolv : res_stats_usable_server: too many resolution errors, ignoring server
08-16 16:54:24.703 681 4805 D resolv : res_nsend: Querying server (# 1) address = 192.168.1.1:53
08-16 16:54:24.703 681 4806 D resolv : res_nsend: Querying server (# 1) address = 192.168.1.1:53
08-16 16:54:24.705 681 4805 D resolv : send_dg: new DG socket
08-16 16:54:24.707 1147 2598 D CompatibilityInfo: mCompatibilityFlags - 4
08-16 16:54:24.707 1147 2598 D CompatibilityInfo: applicationDensity - 240
08-16 16:54:24.707 681 4806 D resolv : send_dg: new DG socket
08-16 16:54:24.707 1147 2598 D CompatibilityInfo: applicationScale - 1.0
08-16 16:54:24.708 681 4806 I resolv : get_timeout: using timeout of 5000 msec
08-16 16:54:24.707 681 4805 I resolv : get_timeout: using timeout of 5000 msec
08-16 16:54:24.708 681 4806 I resolv : retrying_poll: 58 retrying_poll
08-16 16:54:24.708 681 4805 I resolv : retrying_poll: 56 retrying_poll
08-16 16:54:24.710 2204 2204 I QImsService: QtiImsExtService : QtiImsExtService created!
08-16 16:54:24.710 2204 2204 E QImsService: QtiImsExtService : QtiImsExtService, ImsService is not yet started retry.
08-16 16:54:24.711 2204 2204 E QImsService: QtiImsExtService : QtiImsExtService, ImsService is not yet started retry.
08-16 16:54:24.711 2204 2204 W QImsService: QtiImsExtService : onBind returned null
08-16 16:54:24.713 2335 2335 D QtiImsExtConnector: Attempt to bind QtiImsExt service returned with: true
08-16 16:54:24.714 2335 2335 D QtiImsExtConnector: onNullBinding componentName ComponentInfo{org.codeaurora.ims/org.codeaurora.ims.QtiImsExtService}
01-01 04:43:27.283 0 0 D : mv2112_read_status
01-01 04:43:27.283 0 0 D mv2112_update_link: 3.0x901(1G): 0x4
01-01 04:43:27.284 0 0 D mv2112_update_link: 3.0x8109(100M): 0x8
01-01 04:43:27.284 0 0 D mv2112_update_link: link 0x4
01-01 04:43:27.284 0 0 D mv2112_read_status: autoneg is disabled
08-16 16:54:25.225 1147 2598 D CompatibilityInfo: mCompatibilityFlags - 4
08-16 16:54:25.225 1147 2598 D CompatibilityInfo: applicationDensity - 240
08-16 16:54:25.225 1147 2598 D CompatibilityInfo: applicationScale - 1.0
08-16 16:54:25.227 2204 2204 I QImsService: QtiImsExtService : QtiImsExtService created!
08-16 16:54:25.227 2204 2204 E QImsService: QtiImsExtService : QtiImsExtService, ImsService is not yet started retry.
08-16 16:54:25.228 2204 2204 E QImsService: QtiImsExtService : QtiImsExtService, ImsService is not yet started retry.
08-16 16:54:25.228 2204 2204 W QImsService: QtiImsExtService : onBind returned null
08-16 16:54:25.228 2335 2335 D QtiImsExtConnector: Attempt to bind QtiImsExt service returned with: true
08-16 16:54:25.229 2335 2335 D QtiImsExtConnector: onNullBinding componentName ComponentInfo{org.codeaurora.ims/org.codeaurora.ims.QtiImsExtService}
08-16 16:54:25.738 1147 1178 D CompatibilityInfo: mCompatibilityFlags - 4
08-16 16:54:25.739 1147 1178 D CompatibilityInfo: applicationDensity - 240
08-16 16:54:25.740 1147 1178 D CompatibilityInfo: applicationScale - 1.0
08-16 16:54:25.743 2204 2204 I QImsService: QtiImsExtService : QtiImsExtService created!
08-16 16:54:25.744 2204 2204 E QImsService: QtiImsExtService : QtiImsExtService, ImsService is not yet started retry.
08-16 16:54:25.744 2204 2204 E QImsService: QtiImsExtService : QtiImsExtService, ImsService is not yet started retry.
08-16 16:54:25.745 2204 2204 W QImsService: QtiImsExtService : onBind returned null
08-16 16:54:25.745 2335 2335 D QtiImsExtConnector: Attempt to bind QtiImsExt service returned with: true
08-16 16:54:25.746 2335 2335 D QtiImsExtConnector: onNullBinding componentName ComponentInfo{org.codeaurora.ims/org.codeaurora.ims.QtiImsExtService}
01-01 04:43:28.306 0 0 D : mv2112_read_status
01-01 04:43:28.306 0 0 D mv2112_update_link: 3.0x901(1G): 0x4
01-01 04:43:28.307 0 0 D mv2112_update_link: 3.0x8109(100M): 0x8
01-01 04:43:28.307 0 0 D mv2112_update_link: link 0x4
01-01 04:43:28.307 0 0 D mv2112_read_status: autoneg is disabled
08-16 16:54:26.258 1147 1990 D CompatibilityInfo: mCompatibilityFlags - 4
08-16 16:54:26.258 1147 1990 D CompatibilityInfo: applicationDensity - 240
08-16 16:54:26.259 1147 1990 D CompatibilityInfo: applicationScale - 1.0
08-16 16:54:26.263 2204 2204 I QImsService: QtiImsExtService : QtiImsExtService created!
08-16 16:54:26.264 2204 2204 E QImsService: QtiImsExtService : QtiImsExtService, ImsService is not yet started retry.
08-16 16:54:26.264 2204 2204 E QImsService: QtiImsExtService : QtiImsExtService, ImsService is not yet started retry.
08-16 16:54:26.265 2204 2204 W QImsService: QtiImsExtService : onBind returned null
08-16 16:54:26.265 2335 2335 D QtiImsExtConnector: Attempt to bind QtiImsExt service returned with: true
08-16 16:54:26.268 2335 2335 D QtiImsExtConnector: onNullBinding componentName ComponentInfo{org.codeaurora.ims/org.codeaurora.ims.QtiImsExtService}
08-16 16:54:26.778 1147 2598 D CompatibilityInfo: mCompatibilityFlags - 4
08-16 16:54:26.779 1147 2598 D CompatibilityInfo: applicationDensity - 240
08-16 16:54:26.779 1147 2598 D CompatibilityInfo: applicationScale - 1.0
08-16 16:54:26.782 2204 2204 I QImsService: QtiImsExtService : QtiImsExtService created!
08-16 16:54:26.782 2204 2204 E QImsService: QtiImsExtService : QtiImsExtService, ImsService is not yet started retry.
08-16 16:54:26.783 2335 2335 D QtiImsExtConnector: Attempt to bind QtiImsExt service returned with: true
08-16 16:54:26.783 2204 2204 E QImsService: QtiImsExtService : QtiImsExtService, ImsService is not yet started retry.
08-16 16:54:26.783 2204 2204 W QImsService: QtiImsExtService : onBind returned null
08-16 16:54:26.785 2335 2335 D QtiImsExtConnector: onNullBinding componentName ComponentInfo{org.codeaurora.ims/org.codeaurora.ims.QtiImsExtService}
08-16 16:54:26.811 3235 3235 W pool-20-thread-: type=1400 audit(0.0:116): avc: denied { read } for name="version" dev="proc" ino=4026532265 scontext=u:r:untrusted_app_29:s0:c157,c256,c512,c768 tcontext=u:object_r:proc_version:s0 tclass=file permissive=0 app=com.tencent.mtt
08-16 16:54:26.850 681 4809 D resolv : GetAddrInfoHandler::run: {102 262246 102 983142 10157 0}
08-16 16:54:26.850 681 4809 D resolv : resolv_getaddrinfo: explore_fqdn(): ai_family=0 ai_socktype=1 ai_protocol=6
08-16 16:54:26.856 681 4810 D resolv : doQuery: (1, 1)
08-16 16:54:26.856 681 4810 D resolv : res_nmkquery: (QUERY, IN, A)
08-16 16:54:26.856 681 4810 D resolv : res_nsend
08-16 16:54:26.856 681 4810 I resolv : resolv_cache_lookup: lookup
08-16 16:54:26.856 681 4810 I resolv : resolv_cache_lookup: NOT IN CACHE
08-16 16:54:26.856 681 4810 I resolv : resolv_populate_res_for_net: netid=102
08-16 16:54:26.856 681 4810 I resolv : res_stats_usable_server: NS stats: S 0 + E 0 + T 20 + I 0 = 20, rtt = -1, min_samples = 8
08-16 16:54:26.856 681 4810 I resolv : res_stats_usable_server: success rate 0
08-16 16:54:26.856 681 4810 I resolv : res_stats_usable_server: too many resolution errors, ignoring server
08-16 16:54:26.856 681 4810 D resolv : res_nsend: Querying server (# 1) address = 192.168.1.1:53
08-16 16:54:26.858 681 4810 D resolv : send_dg: new DG socket
08-16 16:54:26.859 681 4810 I resolv : get_timeout: using timeout of 5000 msec
08-16 16:54:26.859 681 4810 I resolv : retrying_poll: 61 retrying_poll
01-01 04:43:29.331 0 0 D : mv2112_read_status
01-01 04:43:29.331 0 0 D mv2112_update_link: 3.0x901(1G): 0x4
01-01 04:43:29.332 0 0 D mv2112_update_link: 3.0x8109(100M): 0x8
01-01 04:43:29.332 0 0 D mv2112_update_link: link 0x4
01-01 04:43:29.332 0 0 D mv2112_read_status: autoneg is disabled
08-16 16:54:27.296 1147 2598 D CompatibilityInfo: mCompatibilityFlags - 4
08-16 16:54:27.296 1147 2598 D CompatibilityInfo: applicationDensity - 240
08-16 16:54:27.296 1147 2598 D CompatibilityInfo: applicationScale - 1.0
08-16 16:54:27.300 2204 2204 I QImsService: QtiImsExtService : QtiImsExtService created!
08-16 16:54:27.300 2335 2335 D QtiImsExtConnector: Attempt to bind QtiImsExt service returned with: true
08-16 16:54:27.300 2204 2204 E QImsService: QtiImsExtService : QtiImsExtService, ImsService is not yet started retry.
08-16 16:54:27.301 2204 2204 E QImsService: QtiImsExtService : QtiImsExtService, ImsService is not yet started retry.
08-16 16:54:27.301 2204 2204 W QImsService: QtiImsExtService : onBind returned null
08-16 16:54:27.303 2335 2335 D QtiImsExtConnector: onNullBinding componentName ComponentInfo{org.codeaurora.ims/org.codeaurora.ims.QtiImsExtService}
08-16 16:54:27.488 1147 2598 I WifiService: startScan uid=1000
08-16 16:54:27.518 1455 4691 D LOWI-9.0.0.87.a: [LOWI-Scan] wait_event:Wait done with Cmd 33
08-16 16:54:27.518 1455 4691 D LOWI-9.0.0.87.a: [LOWI-Scan] do_listen_events: Rcvd valid Netlink Cmd 0 Err 0
01-01 04:43:29.745 0 0 I [schedu][0xe77abe21][16:54:27.554120] wlan: [2470:I:OSIF] scan start scan id 40970
08-16 16:54:27.814 1147 2598 D CompatibilityInfo: mCompatibilityFlags - 4
08-16 16:54:27.814 1147 2598 D CompatibilityInfo: applicationDensity - 240
08-16 16:54:27.814 1147 2598 D CompatibilityInfo: applicationScale - 1.0
08-16 16:54:27.817 2204 2204 I QImsService: QtiImsExtService : QtiImsExtService created!
08-16 16:54:27.817 2204 2204 E QImsService: QtiImsExtService : QtiImsExtService, ImsService is not yet started retry.
08-16 16:54:27.817 2335 2335 D QtiImsExtConnector: Attempt to bind QtiImsExt service returned with: true
08-16 16:54:27.817 2204 2204 E QImsService: QtiImsExtService : QtiImsExtService, ImsService is not yet started retry.
08-16 16:54:27.818 2204 2204 W QImsService: QtiImsExtService : onBind returned null
08-16 16:54:27.819 2335 2335 D QtiImsExtConnector: onNullBinding componentName ComponentInfo{org.codeaurora.ims/org.codeaurora.ims.QtiImsExtService}
01-01 04:43:30.354 0 0 D : mv2112_read_status
01-01 04:43:30.355 0 0 D mv2112_update_link: 3.0x901(1G): 0x4
01-01 04:43:30.355 0 0 D mv2112_update_link: 3.0x8109(100M): 0x8
01-01 04:43:30.355 0 0 D mv2112_update_link: link 0x4
01-01 04:43:30.355 0 0 D mv2112_read_status: autoneg is disabled
08-16 16:54:28.329 1147 1990 D CompatibilityInfo: mCompatibilityFlags - 4
08-16 16:54:28.329 1147 1990 D CompatibilityInfo: applicationDensity - 240
08-16 16:54:28.330 1147 1990 D CompatibilityInfo: applicationScale - 1.0
08-16 16:54:28.333 2204 2204 I QImsService: QtiImsExtService : QtiImsExtService created!
08-16 16:54:28.333 2204 2204 E QImsService: QtiImsExtService : QtiImsExtService, ImsService is not yet started retry.
08-16 16:54:28.334 2204 2204 E QImsService: QtiImsExtService : QtiImsExtService, ImsService is not yet started retry.
08-16 16:54:28.334 2335 2335 D QtiImsExtConnector: Attempt to bind QtiImsExt service returned with: true
08-16 16:54:28.334 2204 2204 W QImsService: QtiImsExtService : onBind returned null
08-16 16:54:28.335 2335 2335 D QtiImsExtConnector: onNullBinding componentName ComponentInfo{org.codeaurora.ims/org.codeaurora.ims.QtiImsExtService}
08-16 16:54:28.848 1147 1990 D CompatibilityInfo: mCompatibilityFlags - 4
08-16 16:54:28.848 1147 1990 D CompatibilityInfo: applicationDensity - 240
08-16 16:54:28.848 1147 1990 D CompatibilityInfo: applicationScale - 1.0
08-16 16:54:28.853 2204 2204 I QImsService: QtiImsExtService : QtiImsExtService created!
