08-16 16:52:26.319 1147 1772 D CompatibilityChangeReporter: Compat change id reported: 135772972; UID 10087; state: DISABLED
08-16 16:52:26.320 1147 1772 D CompatibilityChangeReporter: Compat change id reported: 135754954; UID 10087; state: ENABLED
08-16 16:52:26.320 1147 1284 D CompatibilityChangeReporter: Compat change id reported: 143937733; UID 10087; state: ENABLED
08-16 16:52:26.362 1147 1284 I ActivityManager: Start proc 3914:com.android.camera2/u0a87 for broadcast {com.android.camera2/com.android.camera.SetActivitiesCameraReceiver}
01-01 04:41:28.647 0 0 I binder : 3914:3914 ioctl 40046210 7fc7d797e4 returned -22
08-16 16:52:26.469 1147 1772 D CompatibilityChangeReporter: Compat change id reported: 168419799; UID 10087; state: DISABLED
08-16 16:52:26.769 1147 1808 D CompatibilityChangeReporter: Compat change id reported: 168419799; UID 10154; state: DISABLED
08-16 16:52:26.798 1147 1994 D CompatibilityChangeReporter: Compat change id reported: 135634846; UID 10081; state: DISABLED
08-16 16:52:26.799 1147 1994 D CompatibilityChangeReporter: Compat change id reported: 177438394; UID 10081; state: DISABLED
08-16 16:52:26.800 1147 1994 D CompatibilityChangeReporter: Compat change id reported: 135772972; UID 10081; state: DISABLED
08-16 16:52:26.800 1147 1994 D CompatibilityChangeReporter: Compat change id reported: 135754954; UID 10081; state: ENABLED
08-16 16:52:26.801 1147 1284 D CompatibilityChangeReporter: Compat change id reported: 143937733; UID 10081; state: ENABLED
08-16 16:52:26.846 1147 1284 W ActivityManager: Slow operation: 51ms so far, now at startProcess: returned from zygote!
08-16 16:52:26.846 1147 1284 W ActivityManager: Slow operation: 51ms so far, now at startProcess: done updating battery stats
08-16 16:52:26.846 1147 1284 W ActivityManager: Slow operation: 51ms so far, now at startProcess: building log message
08-16 16:52:26.846 1147 1284 I ActivityManager: Start proc 3935:com.android.contacts/u0a81 for broadcast {com.android.contacts/com.android.contacts.interactions.OnBootOrUpgradeReceiver}
08-16 16:52:26.846 1147 1284 W ActivityManager: Slow operation: 51ms so far, now at startProcess: starting to update pids map
08-16 16:52:26.848 1147 1284 W ActivityManager: Slow operation: 53ms so far, now at startProcess: done updating pids map
01-01 04:41:29.099 0 0 I binder : 3935:3935 ioctl 40046210 7fc7d797e4 returned -22
08-16 16:52:26.916 1147 1808 D CompatibilityChangeReporter: Compat change id reported: 168419799; UID 10081; state: DISABLED
08-16 16:52:27.177 1147 1990 D CompatibilityChangeReporter: Compat change id reported: 168419799; UID 10092; state: DISABLED
08-16 16:52:27.271 1147 1994 D CompatibilityChangeReporter: Compat change id reported: 135634846; UID 1000; state: DISABLED
08-16 16:52:27.271 1147 1994 D CompatibilityChangeReporter: Compat change id reported: 177438394; UID 1000; state: DISABLED
08-16 16:52:27.272 1147 1994 D CompatibilityChangeReporter: Compat change id reported: 135772972; UID 1000; state: DISABLED
08-16 16:52:27.272 1147 1994 D CompatibilityChangeReporter: Compat change id reported: 135754954; UID 1000; state: ENABLED
01-01 04:41:29.490 0 0 D : mv2112_read_status
01-01 04:41:29.490 0 0 D mv2112_update_link: 3.0x901(1G): 0x4
01-01 04:41:29.490 0 0 D mv2112_update_link: 3.0x8109(100M): 0x8
01-01 04:41:29.490 0 0 D mv2112_update_link: link 0x4
01-01 04:41:29.490 0 0 D mv2112_read_status: autoneg is disabled
08-16 16:52:27.334 1147 1284 W ActivityManager: Slow operation: 63ms so far, now at startProcess: returned from zygote!
08-16 16:52:27.334 1147 1284 W ActivityManager: Slow operation: 64ms so far, now at startProcess: done updating battery stats
08-16 16:52:27.334 1147 1284 W ActivityManager: Slow operation: 64ms so far, now at startProcess: building log message
08-16 16:52:27.334 1147 1284 I ActivityManager: Start proc 3957:com.android.dynsystem/1000 for broadcast {com.android.dynsystem/com.android.dynsystem.BootCompletedReceiver}
08-16 16:52:27.334 1147 1284 W ActivityManager: Slow operation: 64ms so far, now at startProcess: starting to update pids map
08-16 16:52:27.334 1147 1284 W ActivityManager: Slow operation: 64ms so far, now at startProcess: done updating pids map
01-01 04:41:29.586 0 0 I binder : 3957:3957 ioctl 40046210 7fc7d797e4 returned -22
08-16 16:52:27.405 1147 1808 D CompatibilityChangeReporter: Compat change id reported: 168419799; UID 1000; state: DISABLED
08-16 16:52:27.550 1147 1772 D CompatibilityChangeReporter: Compat change id reported: 135634846; UID 1000; state: DISABLED
08-16 16:52:27.551 1147 1772 D CompatibilityChangeReporter: Compat change id reported: 177438394; UID 1000; state: DISABLED
08-16 16:52:27.551 1147 1772 D CompatibilityChangeReporter: Compat change id reported: 135772972; UID 1000; state: DISABLED
08-16 16:52:27.551 1147 1772 D CompatibilityChangeReporter: Compat change id reported: 135754954; UID 1000; state: ENABLED
08-16 16:52:27.562 1147 1772 D CompatibilityChangeReporter: Compat change id reported: 135634846; UID 10080; state: DISABLED
08-16 16:52:27.563 1147 1772 D CompatibilityChangeReporter: Compat change id reported: 177438394; UID 10080; state: DISABLED
08-16 16:52:27.563 1147 1772 D CompatibilityChangeReporter: Compat change id reported: 135772972; UID 10080; state: DISABLED
08-16 16:52:27.564 1147 1772 D CompatibilityChangeReporter: Compat change id reported: 135754954; UID 10080; state: ENABLED
08-16 16:52:27.604 1147 1284 W ActivityManager: Slow operation: 55ms so far, now at startProcess: returned from zygote!
08-16 16:52:27.604 1147 1284 W ActivityManager: Slow operation: 55ms so far, now at startProcess: done updating battery stats
08-16 16:52:27.604 1147 1284 W ActivityManager: Slow operation: 55ms so far, now at startProcess: building log message
08-16 16:52:27.604 1147 1284 I ActivityManager: Start proc 3974:com.android.dynsystem:dynsystem/1000 for service {com.android.dynsystem/com.android.dynsystem.DynamicSystemInstallationService}
08-16 16:52:27.604 1147 1284 W ActivityManager: Slow operation: 55ms so far, now at startProcess: starting to update pids map
08-16 16:52:27.605 1147 1284 W ActivityManager: Slow operation: 55ms so far, now at startProcess: done updating pids map
08-16 16:52:27.605 1147 1284 D CompatibilityChangeReporter: Compat change id reported: 143937733; UID 10080; state: ENABLED
08-16 16:52:27.644 1147 1284 W ActivityManager: Slow operation: 82ms so far, now at startProcess: returned from zygote!
08-16 16:52:27.644 1147 1284 W ActivityManager: Slow operation: 83ms so far, now at startProcess: done updating battery stats
08-16 16:52:27.644 1147 1284 W ActivityManager: Slow operation: 83ms so far, now at startProcess: building log message
08-16 16:52:27.644 1147 1284 I ActivityManager: Start proc 3980:com.android.imsserviceentitlement/u0a80 for broadcast {com.android.imsserviceentitlement/com.android.imsserviceentitlement.fcm.FcmRegistrationReceiver}
08-16 16:52:27.644 1147 1284 W ActivityManager: Slow operation: 83ms so far, now at startProcess: starting to update pids map
08-16 16:52:27.644 1147 1284 W ActivityManager: Slow operation: 83ms so far, now at startProcess: done updating pids map
01-01 04:41:29.850 0 0 I binder : 3974:3974 ioctl 40046210 7fc7d797e4 returned -22
01-01 04:41:29.898 0 0 I binder : 3980:3980 ioctl 40046210 7fc7d797e4 returned -22
08-16 16:52:27.717 1147 1808 D CompatibilityChangeReporter: Compat change id reported: 168419799; UID 10080; state: DISABLED
08-16 16:52:27.826 1147 1994 I DynamicSystemService: isInstalled(): false
08-16 16:52:27.948 1147 1808 D CompatibilityChangeReporter: Compat change id reported: 168419799; UID 10098; state: DISABLED
08-16 16:52:27.981 1147 1772 I ActivityManager: com.android.managedprovisioning is exempt from freezer
08-16 16:52:27.983 1147 1772 D CompatibilityChangeReporter: Compat change id reported: 135634846; UID 10045; state: DISABLED
08-16 16:52:27.984 1147 1772 D CompatibilityChangeReporter: Compat change id reported: 177438394; UID 10045; state: DISABLED
08-16 16:52:27.984 1147 1772 D CompatibilityChangeReporter: Compat change id reported: 135772972; UID 10045; state: DISABLED
08-16 16:52:27.985 1147 1772 D CompatibilityChangeReporter: Compat change id reported: 135754954; UID 10045; state: ENABLED
08-16 16:52:27.986 1147 1284 D CompatibilityChangeReporter: Compat change id reported: 143937733; UID 10045; state: ENABLED
08-16 16:52:28.048 1147 1284 W ActivityManager: Slow operation: 68ms so far, now at startProcess: returned from zygote!
08-16 16:52:28.048 1147 1284 W ActivityManager: Slow operation: 68ms so far, now at startProcess: done updating battery stats
08-16 16:52:28.048 1147 1284 W ActivityManager: Slow operation: 68ms so far, now at startProcess: building log message
08-16 16:52:28.049 1147 1284 I ActivityManager: Start proc 4012:com.android.managedprovisioning/u0a45 for broadcast {com.android.managedprovisioning/com.android.managedprovisioning.BootReminder}
08-16 16:52:28.049 1147 1284 W ActivityManager: Slow operation: 68ms so far, now at startProcess: starting to update pids map
08-16 16:52:28.049 1147 1284 W ActivityManager: Slow operation: 69ms so far, now at startProcess: done updating pids map
01-01 04:41:30.312 0 0 I binder : 4012:4012 ioctl 40046210 7fc7d797e4 returned -22
08-16 16:52:28.149 1147 1990 D CompatibilityChangeReporter: Compat change id reported: 168419799; UID 10045; state: DISABLED
01-01 04:41:30.514 0 0 D : mv2112_read_status
01-01 04:41:30.515 0 0 D mv2112_update_link: 3.0x901(1G): 0x4
01-01 04:41:30.515 0 0 D mv2112_update_link: 3.0x8109(100M): 0x8
01-01 04:41:30.515 0 0 D mv2112_update_link: link 0x4
01-01 04:41:30.515 0 0 D mv2112_read_status: autoneg is disabled
01-01 04:41:30.558 0 0 I init : starting service 'vendor.light-hal-2-0'...
01-01 04:41:30.593 0 0 I init : starting service 'qvrd_vndr'...
01-01 04:41:30.594 0 0 I init : Created socket '/dev/socket/qvrservice_vndr', mode 660, user 1000, group 1000
01-01 04:41:30.595 0 0 I init : Created socket '/dev/socket/qvrservice_vndr_camera', mode 660, user 1000, group 1000
01-01 04:41:30.610 0 0 I init : starting service 'sxrd'...
08-16 16:52:28.443 4030 4030 F linker : CANNOT LINK EXECUTABLE "/vendor/bin/hw/qvrservice": library "vendor.qti.hardware.qxr-V1-ndk_platform.so" not found: needed by /vendor/lib64/libqvrservice.so in namespace (default)
01-01 04:41:30.635 0 0 I init : Service 'qvrd_vndr' (pid 4030) exited with status 1
01-01 04:41:30.635 0 0 I init : Sending signal 9 to service 'qvrd_vndr' (pid 4030) process group...
01-01 04:41:30.635 0 0 I libprocessgroup: Successfully killed process cgroup uid 1000 pid 4030 in 0ms
01-01 04:41:30.639 0 0 I init : Service 'vendor.light-hal-2-0' (pid 4029) exited with status 0
01-01 04:41:30.639 0 0 I init : Sending signal 9 to service 'vendor.light-hal-2-0' (pid 4029) process group...
08-16 16:52:28.467 4031 4031 F linker : CANNOT LINK EXECUTABLE "/vendor/bin/hw/sxrservice": library "vendor.qti.hardware.qxr-V1-ndk_platform.so" not found: needed by main executable
08-16 16:52:28.501 1147 1808 D CompatibilityChangeReporter: Compat change id reported: 135634846; UID 10120; state: DISABLED
08-16 16:52:28.501 1147 1808 D CompatibilityChangeReporter: Compat change id reported: 177438394; UID 10120; state: DISABLED
08-16 16:52:28.503 1147 1808 D CompatibilityChangeReporter: Compat change id reported: 135772972; UID 10120; state: DISABLED
08-16 16:52:28.503 1147 1808 D CompatibilityChangeReporter: Compat change id reported: 135754954; UID 10120; state: ENABLED
08-16 16:52:28.505 1147 1284 D CompatibilityChangeReporter: Compat change id reported: 143937733; UID 10120; state: ENABLED
08-16 16:52:28.559 1147 1284 W ActivityManager: Slow operation: 59ms so far, now at startProcess: returned from zygote!
08-16 16:52:28.559 1147 1284 W ActivityManager: Slow operation: 59ms so far, now at startProcess: done updating battery stats
08-16 16:52:28.559 1147 1284 W ActivityManager: Slow operation: 59ms so far, now at startProcess: building log message
08-16 16:52:28.559 1147 1284 I ActivityManager: Start proc 4032:com.android.mms/u0a120 for broadcast {com.android.mms/com.android.mms.transaction.SmsReceiver}
08-16 16:52:28.559 1147 1284 W ActivityManager: Slow operation: 59ms so far, now at startProcess: starting to update pids map
08-16 16:52:28.560 1147 1284 W ActivityManager: Slow operation: 60ms so far, now at startProcess: done updating pids map
01-01 04:41:30.804 0 0 I binder : 4032:4032 ioctl 40046210 7fc7d797e4 returned -22
08-16 16:52:28.624 1147 1808 D CompatibilityChangeReporter: Compat change id reported: 168419799; UID 10120; state: DISABLED
01-01 04:41:30.891 0 0 I [soft_i][0x5f7666f0][16:52:28.700688] wlan: [0:I:DP] dp_addba_requestprocess_wifi3 restore BA win 64 based on addba req
08-16 16:52:29.013 1147 1808 D CompatibilityChangeReporter: Compat change id reported: 168419799; UID 10028; state: DISABLED
08-16 16:52:29.032 1147 1808 D CompatibilityChangeReporter: Compat change id reported: 168419799; UID 1027; state: DISABLED
08-16 16:52:29.041 1147 1808 D CompatibilityChangeReporter: Compat change id reported: 135634846; UID 10077; state: DISABLED
08-16 16:52:29.041 1147 1808 D CompatibilityChangeReporter: Compat change id reported: 177438394; UID 10077; state: DISABLED
08-16 16:52:29.042 1147 1808 D CompatibilityChangeReporter: Compat change id reported: 135772972; UID 10077; state: DISABLED
08-16 16:52:29.042 1147 1808 D CompatibilityChangeReporter: Compat change id reported: 135754954; UID 10077; state: ENABLED
08-16 16:52:29.042 1147 1284 D CompatibilityChangeReporter: Compat change id reported: 143937733; UID 10077; state: ENABLED
08-16 16:52:29.104 1147 1284 W ActivityManager: Slow operation: 64ms so far, now at startProcess: returned from zygote!
08-16 16:52:29.105 1147 1284 W ActivityManager: Slow operation: 65ms so far, now at startProcess: done updating battery stats
08-16 16:52:29.105 1147 1284 W ActivityManager: Slow operation: 65ms so far, now at startProcess: building log message
08-16 16:52:29.105 1147 1284 I ActivityManager: Start proc 4065:com.android.onetimeinitializer/u0a77 for broadcast {com.android.onetimeinitializer/com.android.onetimeinitializer.OneTimeInitializerReceiver}
08-16 16:52:29.106 1147 1284 W ActivityManager: Slow operation: 65ms so far, now at startProcess: starting to update pids map
08-16 16:52:29.108 1147 1284 W ActivityManager: Slow operation: 68ms so far, now at startProcess: done updating pids map
01-01 04:41:31.351 0 0 I binder : 4065:4065 ioctl 40046210 7fc7d797e4 returned -22
08-16 16:52:29.169 1147 1990 D CompatibilityChangeReporter: Compat change id reported: 168419799; UID 10077; state: DISABLED
08-16 16:52:29.302 1147 1990 I ActivityManager: com.android.packageinstaller is exempt from freezer
08-16 16:52:29.302 1147 1990 D CompatibilityChangeReporter: Compat change id reported: 135634846; UID 10033; state: DISABLED
08-16 16:52:29.303 1147 1990 D CompatibilityChangeReporter: Compat change id reported: 177438394; UID 10033; state: DISABLED
08-16 16:52:29.303 1147 1990 D CompatibilityChangeReporter: Compat change id reported: 135772972; UID 10033; state: DISABLED
08-16 16:52:29.304 1147 1990 D CompatibilityChangeReporter: Compat change id reported: 135754954; UID 10033; state: ENABLED
08-16 16:52:29.305 1147 1284 D CompatibilityChangeReporter: Compat change id reported: 143937733; UID 10033; state: ENABLED
01-01 04:41:31.538 0 0 D : mv2112_read_status
01-01 04:41:31.538 0 0 D mv2112_update_link: 3.0x901(1G): 0x4
01-01 04:41:31.538 0 0 D mv2112_update_link: 3.0x8109(100M): 0x8
01-01 04:41:31.538 0 0 D mv2112_update_link: link 0x4
01-01 04:41:31.539 0 0 D mv2112_read_status: autoneg is disabled
08-16 16:52:29.374 1147 1284 W ActivityManager: Slow operation: 73ms so far, now at startProcess: returned from zygote!
08-16 16:52:29.375 1147 1284 W ActivityManager: Slow operation: 74ms so far, now at startProcess: done updating battery stats
08-16 16:52:29.375 1147 1284 W ActivityManager: Slow operation: 74ms so far, now at startProcess: building log message
08-16 16:52:29.375 1147 1284 I ActivityManager: Start proc 4085:com.android.packageinstaller/u0a33 for broadcast {com.android.packageinstaller/com.android.packageinstaller.TemporaryFileManager}
08-16 16:52:29.375 1147 1284 W ActivityManager: Slow operation: 74ms so far, now at startProcess: starting to update pids map
08-16 16:52:29.375 1147 1284 W ActivityManager: Slow operation: 74ms so far, now at startProcess: done updating pids map
01-01 04:41:31.639 0 0 I binder : 4085:4085 ioctl 40046210 7fc7d797e4 returned -22
08-16 16:52:29.465 1147 1990 D CompatibilityChangeReporter: Compat change id reported: 168419799; UID 10033; state: DISABLED
08-16 16:52:29.613 1147 1990 D CompatibilityChangeReporter: Compat change id reported: 135634846; UID 10151; state: DISABLED
08-16 16:52:29.613 1147 1990 D CompatibilityChangeReporter: Compat change id reported: 177438394; UID 10151; state: DISABLED
08-16 16:52:29.613 1147 1990 D CompatibilityChangeReporter: Compat change id reported: 135772972; UID 10151; state: DISABLED
08-16 16:52:29.613 1147 1990 D CompatibilityChangeReporter: Compat change id reported: 135754954; UID 10151; state: DISABLED
08-16 16:52:29.615 1147 1284 D CompatibilityChangeReporter: Compat change id reported: 143937733; UID 10151; state: DISABLED
08-16 16:52:29.677 1147 1284 W ActivityManager: Slow operation: 65ms so far, now at startProcess: returned from zygote!
08-16 16:52:29.677 1147 1284 W ActivityManager: Slow operation: 65ms so far, now at startProcess: done updating battery stats
08-16 16:52:29.677 1147 1284 W ActivityManager: Slow operation: 65ms so far, now at startProcess: building log message
08-16 16:52:29.677 1147 1284 I ActivityManager: Start proc 4102:com.android.permissioncontroller/u0a151 for broadcast {com.android.permissioncontroller/com.android.permissioncontroller.permission.service.LocationAccessCheck$SetupPeriodicBackgroundLocationAccessCheck}
08-16 16:52:29.677 1147 1284 W ActivityManager: Slow operation: 65ms so far, now at startProcess: starting to update pids map
08-16 16:52:29.678 1147 1284 W ActivityManager: Slow operation: 65ms so far, now at startProcess: done updating pids map
01-01 04:41:31.924 0 0 I binder : 4102:4102 ioctl 40046210 7fc7d797e4 returned -22
08-16 16:52:29.743 1147 1990 D CompatibilityChangeReporter: Compat change id reported: 168419799; UID 10151; state: DISABLED
08-16 16:52:29.884 1147 1990 I ActivityTaskManager: START u0 {act=android.intent.action.MAIN cat=[android.intent.category.LAUNCHER] flg=0x10200000 cmp=com.android.settings/.Settings bnds=[1827,477][2126,774]} from uid 10118
08-16 16:52:29.904 1147 1990 W ActivityTaskManager: Can't find TaskDisplayArea to determine support for multi window. Task id=55 attached=false
08-16 16:52:29.908 1147 1990 D CompatibilityChangeReporter: Compat change id reported: 174042980; UID 1000; state: DISABLED
08-16 16:52:29.914 1147 1990 D CompatibilityChangeReporter: Compat change id reported: 168419799; UID 1000; state: DISABLED
08-16 16:52:29.917 1836 2023 D PhoneStartingWindowTypeAlgorithm: preferredStartingWindowType newTask:true taskSwitch:true processRunning:true allowTaskSnapshot:true activityCreated:false useEmptySplashScreen:false legacySplashScreen:false topIsHome:false
08-16 16:52:29.917 1836 2023 D StartingSurfaceDrawer: addSplashScreen com.android.settings theme=7f13033e task=55 suggestType=1
08-16 16:52:29.929 1836 2024 D StartingSurfaceDrawer: window attributes color: 0 icon null duration 0 brandImage null
08-16 16:52:29.930 1147 1994 I ActivityTaskManager: The Process com.android.settings Already Exists in BG. So sending its PID: 2381
08-16 16:52:29.931 1147 1994 W ActivityTaskManager: Tried to set launchTime (0) < mLastActivityLaunchTime (57494)
08-16 16:52:29.938 1147 1994 D CompatibilityChangeReporter: Compat change id reported: 181136395; UID 1000; state: DISABLED
08-16 16:52:29.939 1147 1994 D CompatibilityChangeReporter: Compat change id reported: 174042936; UID 1000; state: DISABLED
08-16 16:52:29.946 1836 2024 D StartingSurfaceDrawer: FgMainColor=fff5f5f5 BgMainColor=ff00668b IsBgComplex=false FromCache=false ThemeColor=fff0f0f3
08-16 16:52:29.946 1836 2024 D StartingSurfaceDrawer: isRgbSimilarInHsv a: fff0f0f3 b ff00668b contrast ratio: 5.6404657
08-16 16:52:29.946 1836 2024 D StartingSurfaceDrawer: hsvDiff 44 ah 240.0 bh 195.97124 as 0.012345679 bs 1.0 av 0.9529412 bv 0.54509807 sqH 0.059753086581642245 sqS 0.975461072301087 sqV 0.16633600477712207 root 0.6328639041847389
08-16 16:52:29.947 1836 2024 D StartingSurfaceDrawer: makeSplashScreenContentView: draw whole icon
08-16 16:52:29.949 1836 2024 D StartingSurfaceDrawer: fillViewWithIcon surfaceWindowView android.window.SplashScreenView{ce458d6 V.E...... ......ID 0,0-0,0}
01-01 04:41:32.164 0 0 E set_cps_config: get_wsa_dev_num is NULL
01-01 04:41:32.195 0 0 I __afe_port_start: port id: 0xb000
01-01 04:41:32.195 0 0 I afe_find_cal_topo_id_by_port: port id: 0xb000, dev_acdb_id: 15
01-01 04:41:32.195 0 0 I afe_find_cal_topo_id_by_port: top_id:112fc acdb_id:15 afe_port_id:0xb000
01-01 04:41:32.195 0 0 I afe_get_cal_topology_id: port_id = 0xb000 acdb_id = 15 topology_id = 0x112fc cal_type_index=8 ret=0
01-01 04:41:32.195 0 0 I afe_send_port_topology_id: AFE set topology id 0x112fc enable for port 0xb000 ret 0
01-01 04:41:32.195 0 0 I send_afe_cal_type: cal_index is 0
01-01 04:41:32.195 0 0 I send_afe_cal_type: dev_acdb_id[162] is 15
01-01 04:41:32.196 0 0 I afe_find_cal: cal_index 0 port_id 0xb000 port_index 162
01-01 04:41:32.196 0 0 I afe_find_cal: acdb_id 15 dev_acdb_id 15 sample_rate 48000 afe_sample_rates 48000
01-01 04:41:32.196 0 0 I afe_find_cal: cal block is a match, size is 0
01-01 04:41:32.196 0 0 I send_afe_cal_type: Sending cal_index cal 0
01-01 04:41:32.196 0 0 E send_afe_cal_type: No cal sent for cal_index 0, port_id = 0xb000! ret -22
01-01 04:41:32.204 0 0 I afe_send_hw_delay: port_id 0xb000 rate 48000 delay_usec 474 status 0
08-16 16:52:30.064 1147 1994 E UserRestrictionsUtils: Unknown restriction queried by uid 1000 (com.android.settings et al): null
08-16 16:52:30.271 1147 1772 D CompatibilityChangeReporter: Compat change id reported: 135634846; UID 10037; state: DISABLED
08-16 16:52:30.272 1147 1772 D CompatibilityChangeReporter: Compat change id reported: 177438394; UID 10037; state: DISABLED
08-16 16:52:30.272 1147 1772 D CompatibilityChangeReporter: Compat change id reported: 135772972; UID 10037; state: DISABLED
08-16 16:52:30.273 1147 1772 D CompatibilityChangeReporter: Compat change id reported: 135754954; UID 10037; state: ENABLED
08-16 16:52:30.273 1147 1284 D CompatibilityChangeReporter: Compat change id reported: 143937733; UID 10037; state: ENABLED
08-16 16:52:30.280 1836 2023 D StartingSurfaceDrawer: Task start finish, remove starting surface for task 55
08-16 16:52:30.281 1836 2023 V StartingSurfaceDrawer: Removing splash screen window for task: 55
08-16 16:52:30.319 1147 1284 I ActivityManager: Start proc 4142:com.android.providers.calendar/u0a37 for broadcast {com.android.providers.calendar/com.android.providers.calendar.CalendarReceiver}
01-01 04:41:32.560 0 0 I binder : 4142:4142 ioctl 40046210 7fc7d797e4 returned -22
01-01 04:41:32.562 0 0 D : mv2112_read_status
01-01 04:41:32.562 0 0 D mv2112_update_link: 3.0x901(1G): 0x4
01-01 04:41:32.562 0 0 D mv2112_update_link: 3.0x8109(100M): 0x8
01-01 04:41:32.562 0 0 D mv2112_update_link: link 0x4
01-01 04:41:32.562 0 0 D mv2112_read_status: autoneg is disabled
08-16 16:52:30.377 1147 1772 D CompatibilityChangeReporter: Compat change id reported: 168419799; UID 10037; state: DISABLED
08-16 16:52:30.601 1147 1179 D CompatibilityChangeReporter: Compat change id reported: 171306433; UID 10037; state: ENABLED
08-16 16:52:30.644 1147 1994 D CompatibilityChangeReporter: Compat change id reported: 143231523; UID 10037; state: DISABLED
08-16 16:52:30.720 1147 1990 I ActivityManager: com.android.shell is exempt from freezer
08-16 16:52:30.721 1147 1990 D CompatibilityChangeReporter: Compat change id reported: 135634846; UID 2000; state: DISABLED
08-16 16:52:30.722 1147 1990 D CompatibilityChangeReporter: Compat change id reported: 177438394; UID 2000; state: DISABLED
08-16 16:52:30.722 1147 1990 D CompatibilityChangeReporter: Compat change id reported: 135772972; UID 2000; state: DISABLED
08-16 16:52:30.723 1147 1990 D CompatibilityChangeReporter: Compat change id reported: 135754954; UID 2000; state: ENABLED
08-16 16:52:30.780 1147 1284 W ActivityManager: Slow operation: 60ms so far, now at startProcess: returned from zygote!
08-16 16:52:30.780 1147 1284 W ActivityManager: Slow operation: 60ms so far, now at startProcess: done updating battery stats
08-16 16:52:30.781 1147 1284 W ActivityManager: Slow operation: 60ms so far, now at startProcess: building log message
08-16 16:52:30.781 1147 1284 I ActivityManager: Start proc 4164:com.android.shell/2000 for broadcast {com.android.shell/com.android.shell.HeapDumpReceiver}
08-16 16:52:30.781 1147 1284 W ActivityManager: Slow operation: 60ms so far, now at startProcess: starting to update pids map
08-16 16:52:30.781 1147 1284 W ActivityManager: Slow operation: 61ms so far, now at startProcess: done updating pids map
01-01 04:41:33.022 0 0 I binder : 4164:4164 ioctl 40046210 7fc7d797e4 returned -22
08-16 16:52:30.857 1147 1772 D CompatibilityChangeReporter: Compat change id reported: 168419799; UID 2000; state: DISABLED
08-16 16:52:31.000 1147 1990 D CompatibilityChangeReporter: Compat change id reported: 168419799; UID 10043; state: DISABLED
08-16 16:52:31.160 1147 1179 D CompatibilityChangeReporter: Compat change id reported: 135634846; UID 10107; state: DISABLED
08-16 16:52:31.160 1147 1179 D CompatibilityChangeReporter: Compat change id reported: 177438394; UID 10107; state: DISABLED
08-16 16:52:31.161 1147 1179 D CompatibilityChangeReporter: Compat change id reported: 135772972; UID 10107; state: DISABLED
08-16 16:52:31.162 1147 1179 D CompatibilityChangeReporter: Compat change id reported: 135754954; UID 10107; state: ENABLED
08-16 16:52:31.162 1147 1284 D CompatibilityChangeReporter: Compat change id reported: 143937733; UID 10107; state: ENABLED
08-16 16:52:31.232 1147 1284 W ActivityManager: Slow operation: 73ms so far, now at startProcess: returned from zygote!
08-16 16:52:31.233 1147 1284 W ActivityManager: Slow operation: 74ms so far, now at startProcess: done updating battery stats
08-16 16:52:31.233 1147 1284 W ActivityManager: Slow operation: 74ms so far, now at startProcess: building log message
08-16 16:52:31.233 1147 1284 I ActivityManager: Start proc 4183:com.qti.ltebc/u0a107 for broadcast {com.qti.ltebc/com.qualcomm.ltebc.LTEBroadcastBootReceiver}
08-16 16:52:31.233 1147 1284 W ActivityManager: Slow operation: 74ms so far, now at startProcess: starting to update pids map
08-16 16:52:31.233 1147 1284 W ActivityManager: Slow operation: 74ms so far, now at startProcess: done updating pids map
01-01 04:41:33.495 0 0 I binder : 4183:4183 ioctl 40046210 7fc7d797e4 returned -22
08-16 16:52:31.319 1147 1990 D CompatibilityChangeReporter: Compat change id reported: 168419799; UID 10107; state: DISABLED
01-01 04:41:33.586 0 0 D : mv2112_read_status
01-01 04:41:33.586 0 0 D mv2112_update_link: 3.0x901(1G): 0x4
01-01 04:41:33.587 0 0 D mv2112_update_link: 3.0x8109(100M): 0x8
01-01 04:41:33.587 0 0 D mv2112_update_link: link 0x4
01-01 04:41:33.587 0 0 D mv2112_read_status: autoneg is disabled
01-01 04:41:33.875 0 0 E swr-wcd wsa_swr_ctrl: swrm_runtime_suspend: clk stop mode not supported or SSR entry
01-01 04:41:34.610 0 0 D : mv2112_read_status
01-01 04:41:34.610 0 0 D mv2112_update_link: 3.0x901(1G): 0x4
01-01 04:41:34.610 0 0 D mv2112_update_link: 3.0x8109(100M): 0x8
01-01 04:41:34.610 0 0 D mv2112_update_link: link 0x4
01-01 04:41:34.610 0 0 D mv2112_read_status: autoneg is disabled
01-01 04:41:35.552 0 0 I afe_close: port_id = 0xb000
01-01 04:41:35.590 0 0 I init : starting service 'vendor.light-hal-2-0'...
01-01 04:41:35.621 0 0 I init : starting service 'qvrd_vndr'...
01-01 04:41:35.622 0 0 I init : Created socket '/dev/socket/qvrservice_vndr', mode 660, user 1000, group 1000
01-01 04:41:35.623 0 0 I init : Created socket '/dev/socket/qvrservice_vndr_camera', mode 660, user 1000, group 1000
01-01 04:41:35.635 0 0 D : mv2112_read_status
01-01 04:41:35.635 0 0 D mv2112_update_link: 3.0x901(1G): 0x4
01-01 04:41:35.635 0 0 D mv2112_update_link: 3.0x8109(100M): 0x8
01-01 04:41:35.635 0 0 D mv2112_update_link: link 0x4
01-01 04:41:35.635 0 0 D mv2112_read_status: autoneg is disabled
01-01 04:41:35.637 0 0 I init : starting service 'sxrd'...
08-16 16:52:33.464 4214 4214 F linker : CANNOT LINK EXECUTABLE "/vendor/bin/hw/qvrservice": library "vendor.qti.hardware.qxr-V1-ndk_platform.so" not found: needed by /vendor/lib64/libqvrservice.so in namespace (default)
01-01 04:41:35.656 0 0 I init : Service 'qvrd_vndr' (pid 4214) exited with status 1
01-01 04:41:35.656 0 0 I init : Sending signal 9 to service 'qvrd_vndr' (pid 4214) process group...
01-01 04:41:35.657 0 0 I libprocessgroup: Successfully killed process cgroup uid 1000 pid 4214 in 0ms
01-01 04:41:35.667 0 0 I init : Service 'vendor.light-hal-2-0' (pid 4213) exited with status 0
01-01 04:41:35.667 0 0 I init : Sending signal 9 to service 'vendor.light-hal-2-0' (pid 4213) process group...
08-16 16:52:33.493 4215 4215 F linker : CANNOT LINK EXECUTABLE "/vendor/bin/hw/sxrservice": library "vendor.qti.hardware.qxr-V1-ndk_platform.so" not found: needed by main executable
08-16 16:52:33.962 1147 2887 E TaskPersister: File error accessing recents directory (directory doesn't exist?).
08-16 16:52:34.373 1147 1990 I ActivityTaskManager: START u0 {act=android.intent.action.MAIN cmp=com.android.settings/.SubSettings (has extras)} from uid 1000
08-16 16:52:34.410 1147 2952 I ActivityTaskManager: The Process com.android.settings Already Exists in BG. So sending its PID: 2381
08-16 16:52:34.411 1147 2952 W ActivityTaskManager: Tried to set launchTime (0) < mLastActivityLaunchTime (72073)
01-01 04:41:36.609 0 0 E set_cps_config: get_wsa_dev_num is NULL
01-01 04:41:36.636 0 0 I __afe_port_start: port id: 0xb000
01-01 04:41:36.636 0 0 I afe_find_cal_topo_id_by_port: port id: 0xb000, dev_acdb_id: 15
01-01 04:41:36.636 0 0 I afe_find_cal_topo_id_by_port: top_id:112fc acdb_id:15 afe_port_id:0xb000
01-01 04:41:36.636 0 0 I afe_get_cal_topology_id: port_id = 0xb000 acdb_id = 15 topology_id = 0x112fc cal_type_index=8 ret=0
01-01 04:41:36.636 0 0 I afe_send_port_topology_id: AFE set topology id 0x112fc enable for port 0xb000 ret 0
01-01 04:41:36.636 0 0 I send_afe_cal_type: cal_index is 0
01-01 04:41:36.636 0 0 I send_afe_cal_type: dev_acdb_id[162] is 15
01-01 04:41:36.636 0 0 I afe_find_cal: cal_index 0 port_id 0xb000 port_index 162
01-01 04:41:36.637 0 0 I afe_find_cal: acdb_id 15 dev_acdb_id 15 sample_rate 48000 afe_sample_rates 48000
01-01 04:41:36.637 0 0 I afe_find_cal: cal block is a match, size is 0
01-01 04:41:36.637 0 0 I send_afe_cal_type: Sending cal_index cal 0
01-01 04:41:36.637 0 0 E send_afe_cal_type: No cal sent for cal_index 0, port_id = 0xb000! ret -22
01-01 04:41:36.646 0 0 I afe_send_hw_delay: port_id 0xb000 rate 48000 delay_usec 474 status 0
01-01 04:41:36.658 0 0 D : mv2112_read_status
01-01 04:41:36.658 0 0 D mv2112_update_link: 3.0x901(1G): 0x4
01-01 04:41:36.658 0 0 D mv2112_update_link: 3.0x8109(100M): 0x8
01-01 04:41:36.658 0 0 D mv2112_update_link: link 0x4
01-01 04:41:36.658 0 0 D mv2112_read_status: autoneg is disabled
08-16 16:52:34.500 1147 1990 D PackageManager: Instant App installer not found with android.intent.action.INSTALL_INSTANT_APP_PACKAGE
08-16 16:52:34.500 1147 1990 D PackageManager: Clear ephemeral installer activity
08-16 16:52:34.542 1147 1772 D PackageManager: Instant App installer not found with android.intent.action.INSTALL_INSTANT_APP_PACKAGE
08-16 16:52:34.543 1147 1772 D PackageManager: Clear ephemeral installer activity
01-01 04:41:37.682 0 0 D : mv2112_read_status
01-01 04:41:37.682 0 0 D mv2112_update_link: 3.0x901(1G): 0x4
01-01 04:41:37.682 0 0 D mv2112_update_link: 3.0x8109(100M): 0x8
01-01 04:41:37.682 0 0 D mv2112_update_link: link 0x4
01-01 04:41:37.682 0 0 D mv2112_read_status: autoneg is disabled
01-01 04:41:37.851 0 0 E swr-wcd wsa_swr_ctrl: swrm_runtime_suspend: clk stop mode not supported or SSR entry
08-16 16:52:35.724 1147 1808 I ActivityTaskManager: START u0 {act=android.intent.action.MAIN cmp=com.android.settings/.SubSettings (has extras)} from uid 1000
08-16 16:52:35.746 1147 2952 I ActivityTaskManager: The Process com.android.settings Already Exists in BG. So sending its PID: 2381
08-16 16:52:35.750 1147 2952 W ActivityTaskManager: Tried to set launchTime (0) < mLastActivityLaunchTime (76553)
08-16 16:52:35.818 2381 2381 W ContextImpl: Calling a method in the system process without a qualified user: android.app.ContextImpl.bindService:1895 android.content.ContextWrapper.bindService:810 com.qti.extphone.ExtTelephonyManager.connectService:170 com.android.settings.development.SmartDdsSwitchPreferenceController.:80 com.android.settings.development.SmartDdsSwitchPreferenceController.getInstance:85
08-16 16:52:35.872 1147 2952 E UserRestrictionsUtils: Unknown restriction queried by uid 1000 (com.android.settings et al): null
08-16 16:52:35.873 1147 2952 E UserRestrictionsUtils: Unknown restriction queried by uid 1000 (com.android.settings et al): null
08-16 16:52:35.875 1147 2952 E UserRestrictionsUtils: Unknown restriction queried by uid 1000 (com.android.settings et al): null
08-16 16:52:35.876 1147 2952 E UserRestrictionsUtils: Unknown restriction queried by uid 1000 (com.android.settings et al): null
08-16 16:52:35.877 1147 2952 E UserRestrictionsUtils: Unknown restriction queried by uid 1000 (com.android.settings et al): null
08-16 16:52:35.878 1147 2952 E UserRestrictionsUtils: Unknown restriction queried by uid 1000 (com.android.settings et al): null
08-16 16:52:35.879 1147 2952 E UserRestrictionsUtils: Unknown restriction queried by uid 1000 (com.android.settings et al): null
08-16 16:52:35.880 1147 2952 E UserRestrictionsUtils: Unknown restriction queried by uid 1000 (com.android.settings et al): null
08-16 16:52:35.902 1147 2952 E UserRestrictionsUtils: Unknown restriction queried by uid 1000 (com.android.settings et al): null
08-16 16:52:35.908 1147 1224 D AutofillUI: destroySaveUiUiThread(): already destroyed
08-16 16:52:35.908 1147 2952 D AutofillManagerServiceImpl: Reset component for user 0:
08-16 16:52:36.003 1147 1990 I ProcessStatsService: Added stats: 1970-01-01-00-06-37, over +3h0m1s676ms
08-16 16:52:36.076 1147 1179 D PackageManager: Instant App installer not found with android.intent.action.INSTALL_INSTANT_APP_PACKAGE
08-16 16:52:36.076 1147 1179 D PackageManager: Clear ephemeral installer activity
01-01 04:41:38.474 0 0 I binder : 2381:2465 transaction failed 29201/-1, size 0-0 line 3079
01-01 04:41:38.480 0 0 I binder : 2381:2465 transaction failed 29201/-1, size 0-0 line 3079
01-01 04:41:38.501 0 0 W audit : audit_lost=1 audit_rate_limit=5 audit_backlog_limit=64
01-01 04:41:38.501 0 0 E audit : rate limit exceeded
08-16 16:52:36.303 1147 1772 I ProcessStatsService: Added stats: 1970-01-01-00-06-37, over +3h0m1s676ms
08-16 16:52:36.502 1147 2952 I ProcessStatsService: Added stats: 1970-01-01-00-06-37, over +3h0m1s676ms
01-01 04:41:38.706 0 0 D : mv2112_read_status
01-01 04:41:38.707 0 0 D mv2112_update_link: 3.0x901(1G): 0x4
01-01 04:41:38.707 0 0 D mv2112_update_link: 3.0x8109(100M): 0x8
01-01 04:41:38.707 0 0 D mv2112_update_link: link 0x4
01-01 04:41:38.707 0 0 D mv2112_read_status: autoneg is disabled
01-01 04:41:39.234 0 0 I binder : 2381:2465 transaction failed 29201/-1, size 0-0 line 3079
01-01 04:41:39.235 0 0 I binder : 2381:2465 transaction failed 29201/-1, size 0-0 line 3079
01-01 04:41:39.375 0 0 I binder : 2381:2465 transaction failed 29201/-1, size 0-0 line 3079
08-16 16:52:37.236 1147 2952 D PackageManager: Instant App installer not found with android.intent.action.INSTALL_INSTANT_APP_PACKAGE
08-16 16:52:37.236 1147 2952 D PackageManager: Clear ephemeral installer activity
08-16 16:52:37.256 1147 1990 D CompatibilityChangeReporter: Compat change id reported: 168419799; UID 10065; state: DISABLED
08-16 16:52:37.273 1147 1772 D CompatibilityChangeReporter: Compat change id reported: 171306433; UID 10107; state: ENABLED
08-16 16:52:37.492 1147 2952 D CompatibilityChangeReporter: Compat change id reported: 135634846; UID 10142; state: DISABLED
08-16 16:52:37.492 1147 2952 D CompatibilityChangeReporter: Compat change id reported: 177438394; UID 10142; state: DISABLED
08-16 16:52:37.493 1147 2952 D CompatibilityChangeReporter: Compat change id reported: 135772972; UID 10142; state: DISABLED
08-16 16:52:37.493 1147 2952 D CompatibilityChangeReporter: Compat change id reported: 135754954; UID 10142; state: ENABLED
08-16 16:52:37.495 1147 1284 D CompatibilityChangeReporter: Compat change id reported: 143937733; UID 10142; state: ENABLED
01-01 04:41:39.736 0 0 D : mv2112_read_status
01-01 04:41:39.737 0 0 D mv2112_update_link: 3.0x901(1G): 0x4
01-01 04:41:39.737 0 0 D mv2112_update_link: 3.0x8109(100M): 0x8
01-01 04:41:39.737 0 0 D mv2112_update_link: link 0x4
01-01 04:41:39.737 0 0 D mv2112_read_status: autoneg is disabled
08-16 16:52:37.551 1147 1284 W ActivityManager: Slow operation: 64ms so far, now at startProcess: returned from zygote!
08-16 16:52:37.552 1147 1284 W ActivityManager: Slow operation: 64ms so far, now at startProcess: done updating battery stats
08-16 16:52:37.552 1147 1284 W ActivityManager: Slow operation: 64ms so far, now at startProcess: building log message
08-16 16:52:37.552 1147 1284 I ActivityManager: Start proc 4243:com.qualcomm.telephony/u0a142 for broadcast {com.qualcomm.atfwd/com.qualcomm.atfwd.AtFwdAutoboot}
08-16 16:52:37.552 1147 1284 W ActivityManager: Slow operation: 65ms so far, now at startProcess: starting to update pids map
08-16 16:52:37.552 1147 1284 W ActivityManager: Slow operation: 65ms so far, now at startProcess: done updating pids map
08-16 16:52:37.599 1147 2952 I ActivityManager: Process com.qti.ltebc (pid 4183) has died: cch+5 CEM
01-01 04:41:39.796 0 0 I binder : 4243:4243 ioctl 40046210 7fc7d797e4 returned -22
08-16 16:52:37.630 1147 1990 D CompatibilityChangeReporter: Compat change id reported: 168419799; UID 10142; state: DISABLED
08-16 16:52:37.797 1147 1808 D CompatibilityChangeReporter: Compat change id reported: 168419799; UID 10125; state: DISABLED
08-16 16:52:37.814 1147 1990 D CompatibilityChangeReporter: Compat change id reported: 168419799; UID 10108; state: DISABLED
01-01 04:41:40.006 0 0 I binder : 4243:4243 ioctl 40046210 7fc7d79174 returned -22
08-16 16:52:37.828 1147 1808 D CompatibilityChangeReporter: Compat change id reported: 135634846; UID 10139; state: DISABLED
08-16 16:52:37.828 1147 1808 D CompatibilityChangeReporter: Compat change id reported: 177438394; UID 10139; state: DISABLED
08-16 16:52:37.829 1147 1808 D CompatibilityChangeReporter: Compat change id reported: 135772972; UID 10139; state: DISABLED
08-16 16:52:37.829 1147 1808 D CompatibilityChangeReporter: Compat change id reported: 135754954; UID 10139; state: ENABLED
08-16 16:52:37.830 1147 1284 D CompatibilityChangeReporter: Compat change id reported: 143937733; UID 10139; state: ENABLED
08-16 16:52:37.893 1147 1284 W ActivityManager: Slow operation: 66ms so far, now at startProcess: returned from zygote!
08-16 16:52:37.894 1147 1284 W ActivityManager: Slow operation: 66ms so far, now at startProcess: done updating battery stats
08-16 16:52:37.894 1147 1284 W ActivityManager: Slow operation: 67ms so far, now at startProcess: building log message
08-16 16:52:37.894 1147 1284 I ActivityManager: Start proc 4264:com.qualcomm.qct.dlt/u0a139 for broadcast {com.qualcomm.qct.dlt/com.qualcomm.qct.dlt.proximity.ProximityBroadcastReceiver}
08-16 16:52:37.894 1147 1284 W ActivityManager: Slow operation: 67ms so far, now at startProcess: starting to update pids map
08-16 16:52:37.894 1147 1284 W ActivityManager: Slow operation: 67ms so far, now at startProcess: done updating pids map
08-16 16:52:37.928 1147 2887 E TaskPersister: File error accessing recents directory (directory doesn't exist?).
01-01 04:41:40.141 0 0 I : Thread-5 (3854) used greatest stack depth: 9608 bytes left
01-01 04:41:40.155 0 0 I binder : 4264:4264 ioctl 40046210 7fc7d797e4 returned -22
08-16 16:52:37.979 1147 1990 D CompatibilityChangeReporter: Compat change id reported: 168419799; UID 10139; state: DISABLED
01-01 04:41:40.616 0 0 I init : starting service 'vendor.light-hal-2-0'...
01-01 04:41:40.651 0 0 I init : starting service 'qvrd_vndr'...
01-01 04:41:40.653 0 0 I init : Created socket '/dev/socket/qvrservice_vndr', mode 660, user 1000, group 1000
01-01 04:41:40.653 0 0 I init : Created socket '/dev/socket/qvrservice_vndr_camera', mode 660, user 1000, group 1000
01-01 04:41:40.668 0 0 I init : starting service 'sxrd'...
08-16 16:52:38.502 4287 4287 F linker : CANNOT LINK EXECUTABLE "/vendor/bin/hw/sxrservice": library "vendor.qti.hardware.qxr-V1-ndk_platform.so" not found: needed by main executable
01-01 04:41:40.694 0 0 I init : Service 'vendor.light-hal-2-0' (pid 4285) exited with status 0
01-01 04:41:40.694 0 0 I init : Sending signal 9 to service 'vendor.light-hal-2-0' (pid 4285) process group...
01-01 04:41:40.694 0 0 I libprocessgroup: Successfully killed process cgroup uid 1000 pid 4285 in 0ms
08-16 16:52:38.507 4286 4286 F linker : CANNOT LINK EXECUTABLE "/vendor/bin/hw/qvrservice": library "vendor.qti.hardware.qxr-V1-ndk_platform.so" not found: needed by /vendor/lib64/libqvrservice.so in namespace (default)
01-01 04:41:40.706 0 0 I init : Service 'qvrd_vndr' (pid 4286) exited with status 1
01-01 04:41:40.706 0 0 I init : Sending signal 9 to service 'qvrd_vndr' (pid 4286) process group...
01-01 04:41:40.754 0 0 D : mv2112_read_status
01-01 04:41:40.755 0 0 D mv2112_update_link: 3.0x901(1G): 0x4
01-01 04:41:40.755 0 0 D mv2112_update_link: 3.0x8109(100M): 0x8
01-01 04:41:40.755 0 0 D mv2112_update_link: link 0x4
01-01 04:41:40.755 0 0 D mv2112_read_status: autoneg is disabled
08-16 16:52:38.728 1147 2952 D CompatibilityChangeReporter: Compat change id reported: 168419799; UID 10068; state: DISABLED
08-16 16:52:38.737 1147 2952 D CompatibilityChangeReporter: Compat change id reported: 135634846; UID 10095; state: DISABLED
08-16 16:52:38.738 1147 2952 D CompatibilityChangeReporter: Compat change id reported: 177438394; UID 10095; state: DISABLED
08-16 16:52:38.739 1147 2952 D CompatibilityChangeReporter: Compat change id reported: 135772972; UID 10095; state: DISABLED
08-16 16:52:38.740 1147 2952 D CompatibilityChangeReporter: Compat change id reported: 135754954; UID 10095; state: ENABLED
08-16 16:52:38.741 1147 1284 D CompatibilityChangeReporter: Compat change id reported: 143937733; UID 10095; state: ENABLED
08-16 16:52:38.785 1147 1284 I ActivityManager: Start proc 4289:com.qualcomm.qti.lpa/u0a95 for broadcast {com.qualcomm.qti.lpa/com.qualcomm.qti.lpa.UimLpaBootReceiver}
01-01 04:41:41.061 0 0 I binder : 4289:4289 ioctl 40046210 7fc7d797e4 returned -22
08-16 16:52:38.892 1147 2952 D CompatibilityChangeReporter: Compat change id reported: 168419799; UID 10095; state: DISABLED
01-01 04:41:41.268 0 0 I afe_close: port_id = 0xb000
08-16 16:52:39.089 1147 2952 D CompatibilityChangeReporter: Compat change id reported: 135634846; UID 1001; state: DISABLED
08-16 16:52:39.089 1147 2952 D CompatibilityChangeReporter: Compat change id reported: 177438394; UID 1001; state: DISABLED
08-16 16:52:39.090 1147 2952 D CompatibilityChangeReporter: Compat change id reported: 135772972; UID 1001; state: DISABLED
08-16 16:52:39.090 1147 2952 D CompatibilityChangeReporter: Compat change id reported: 135754954; UID 1001; state: ENABLED
08-16 16:52:39.096 1147 2952 I ActivityManager: Killing 3345:com.qualcomm.qti.performancemode/u0a144 (adj 995): empty #31
08-16 16:52:39.156 1147 1284 W ActivityManager: Slow operation: 69ms so far, now at startProcess: returned from zygote!
08-16 16:52:39.157 1147 1284 W ActivityManager: Slow operation: 69ms so far, now at startProcess: done updating battery stats
08-16 16:52:39.157 1147 1284 W ActivityManager: Slow operation: 70ms so far, now at startProcess: building log message
08-16 16:52:39.157 1147 1284 I ActivityManager: Start proc 4306:com.qualcomm.qti.modemtestmode/1001 for broadcast {com.qualcomm.qti.modemtestmode/com.qualcomm.qti.modemtestmode.DefaultReceiver}
08-16 16:52:39.157 1147 1284 W ActivityManager: Slow operation: 70ms so far, now at startProcess: starting to update pids map
08-16 16:52:39.157 1147 1284 W ActivityManager: Slow operation: 70ms so far, now at startProcess: done updating pids map
01-01 04:41:41.415 0 0 I binder : 4306:4306 ioctl 40046210 7fc7d797e4 returned -22
08-16 16:52:39.481 1147 2952 D CompatibilityChangeReporter: Compat change id reported: 135634846; UID 10144; state: DISABLED
08-16 16:52:39.481 1147 2952 D CompatibilityChangeReporter: Compat change id reported: 177438394; UID 10144; state: DISABLED
08-16 16:52:39.482 1147 2952 D CompatibilityChangeReporter: Compat change id reported: 135772972; UID 10144; state: DISABLED
08-16 16:52:39.483 1147 2952 D CompatibilityChangeReporter: Compat change id reported: 135754954; UID 10144; state: ENABLED
08-16 16:52:39.484 1147 1284 D CompatibilityChangeReporter: Compat change id reported: 143937733; UID 10144; state: ENABLED
08-16 16:52:39.553 1147 1284 W ActivityManager: Slow operation: 72ms so far, now at startProcess: returned from zygote!
08-16 16:52:39.553 1147 1284 W ActivityManager: Slow operation: 73ms so far, now at startProcess: done updating battery stats
08-16 16:52:39.553 1147 1284 W ActivityManager: Slow operation: 73ms so far, now at startProcess: building log message
08-16 16:52:39.553 1147 1284 I ActivityManager: Start proc 4324:com.qualcomm.qti.performancemode/u0a144 for broadcast {com.qualcomm.qti.performancemode/com.qualcomm.qti.performancemode.SystemEventReceiver}
08-16 16:52:39.553 1147 1284 W ActivityManager: Slow operation: 73ms so far, now at startProcess: starting to update pids map
08-16 16:52:39.553 1147 1284 W ActivityManager: Slow operation: 73ms so far, now at startProcess: done updating pids map
01-01 04:41:41.778 0 0 D : mv2112_read_status
01-01 04:41:41.779 0 0 D mv2112_update_link: 3.0x901(1G): 0x4
01-01 04:41:41.779 0 0 D mv2112_update_link: 3.0x8109(100M): 0x8
01-01 04:41:41.779 0 0 D mv2112_update_link: link 0x4
01-01 04:41:41.779 0 0 D mv2112_read_status: autoneg is disabled
01-01 04:41:41.803 0 0 I binder : 4324:4324 ioctl 40046210 7fc7d797e4 returned -22
08-16 16:52:39.623 1147 1990 D CompatibilityChangeReporter: Compat change id reported: 168419799; UID 10144; state: DISABLED
01-01 04:41:41.921 0 0 I binder : 4324:4324 ioctl 40046210 7fc7d78784 returned -22
08-16 16:52:39.745 1147 1990 I ActivityManager: Killing 3408:com.qualcomm.qti.smq/u0a67 (adj 995): empty #31
08-16 16:52:39.759 1147 1281 I ActivityManager: Waited long enough for: ServiceRecord{ff79ab0 u0 com.qti.diagservices/.QTIDiagServices}
08-16 16:52:39.769 1147 1990 D CompatibilityChangeReporter: Compat change id reported: 168419799; UID 10134; state: DISABLED
08-16 16:52:39.783 1147 1990 D CompatibilityChangeReporter: Compat change id reported: 135634846; UID 10074; state: DISABLED
08-16 16:52:39.784 1147 1284 D CompatibilityChangeReporter: Compat change id reported: 143937733; UID 10074; state: DISABLED
08-16 16:52:39.827 1147 1284 I ActivityManager: Start proc 4345:com.qualcomm.qti.qms.service.connectionsecurity/u0a74 for broadcast {com.qualcomm.qti.qms.service.connectionsecurity/com.qualcomm.qti.qms.service.connectionsecurity.ConnSecBroadcastReceiver}
01-01 04:41:42.086 0 0 I binder : 4345:4345 ioctl 40046210 ffbd0e78 returned -22
08-16 16:52:39.906 1147 2952 D CompatibilityChangeReporter: Compat change id reported: 168419799; UID 10074; state: DISABLED
08-16 16:52:40.045 1147 2952 D CompatibilityChangeReporter: Compat change id reported: 135634846; UID 10067; state: DISABLED
08-16 16:52:40.045 1147 2952 D CompatibilityChangeReporter: Compat change id reported: 177438394; UID 10067; state: DISABLED
08-16 16:52:40.045 1147 2952 D CompatibilityChangeReporter: Compat change id reported: 135772972; UID 10067; state: DISABLED
08-16 16:52:40.046 1147 2952 D CompatibilityChangeReporter: Compat change id reported: 135754954; UID 10067; state: ENABLED
08-16 16:52:40.047 1147 1284 D CompatibilityChangeReporter: Compat change id reported: 143937733; UID 10067; state: ENABLED
08-16 16:52:40.047 1147 2952 I ActivityManager: Killing 3271:com.android.keychain/1000 (adj 995): empty #31
08-16 16:52:40.112 1147 1284 W ActivityManager: Slow operation: 68ms so far, now at startProcess: returned from zygote!
08-16 16:52:40.113 1147 1284 W ActivityManager: Slow operation: 69ms so far, now at startProcess: done updating battery stats
08-16 16:52:40.113 1147 1284 W ActivityManager: Slow operation: 69ms so far, now at startProcess: building log message
08-16 16:52:40.113 1147 1284 I ActivityManager: Start proc 4362:com.qualcomm.qti.smq/u0a67 for broadcast {com.qualcomm.qti.smq/com.qualcomm.qti.smq.receiver.BootReceiver}
08-16 16:52:40.113 1147 1284 W ActivityManager: Slow operation: 69ms so far, now at startProcess: starting to update pids map
08-16 16:52:40.113 1147 1284 W ActivityManager: Slow operation: 69ms so far, now at startProcess: done updating pids map
01-01 04:41:42.360 0 0 I binder : 4362:4362 ioctl 40046210 7fc7d797e4 returned -22
08-16 16:52:40.182 1147 1990 D CompatibilityChangeReporter: Compat change id reported: 168419799; UID 10067; state: DISABLED
08-16 16:52:40.266 1147 1990 I ActivityManager: Killing 3471:com.android.localtransport/1000 (adj 995): empty #31
08-16 16:52:40.290 1147 2952 D CompatibilityChangeReporter: Compat change id reported: 168419799; UID 1001; state: DISABLED
