08-16 16:54:29.091 1455 4691 D LOWI-9.0.0.87.a: [LOWI-Scan] decode_rsn_wpa_ie: LOWI_ENCRYPTION_TYPE_WPA_PSK
08-16 16:54:29.091 1455 4691 D LOWI-9.0.0.87.a: [LOWI-Scan] is_qcom_ie, bss_age: 0
08-16 16:54:29.091 1455 4691 D LOWI-9.0.0.87.a: [LOWI-Scan] BSS 94:d0:0d:67:64:7e LOWI_PHY_MODE_11AC_VHT80(10), Beacon Interval: 100, LOWI_ENCRYPTION_TYPE_WPA_PSK 11mcRanging: No, ANQP: No, LCI: No, Civic: No, capability(0x1531): ESS Privacy ShortPreamble SpectrumMgmt ShortSlotTime
08-16 16:54:29.091 1455 4691 D LOWI-9.0.0.87.a: [LOWI-Scan] BSS 94:d0:0d:67:64:7e FREQ: 5745, cFreq1[40:80:160] = [5755:5775:0] cFreq2 = 0 Country Code = CN
08-16 16:54:29.091 1455 4691 D LOWI-9.0.0.87.a: [LOWI-Scan] BSS 94:d0:0d:67:64:7e (wlan0) ASSO: NO AddInfo: 0x1, TSF 0, 00:03:09.962, RSSI: -126, CPL: 127, AGE: 1240, SSID , TSFDelta: 0xe37c0eb9, TXRate: 0
08-16 16:54:29.092 1455 4691 D LOWI-9.0.0.87.a: [LOWI-Scan]
08-16 16:54:29.092 1455 4691 D LOWI-9.0.0.87.a: [LOWI-Scan] print_bss_handler: Report Probe TSF 190135753 as it greater than Beacon TSF 190135207
08-16 16:54:29.092 1455 4691 D LOWI-9.0.0.87.a: [LOWI-Scan] decode_rsn_wpa_ie: LOWI_ENCRYPTION_TYPE_WPA_PSK
08-16 16:54:29.092 1455 4691 D LOWI-9.0.0.87.a: [LOWI-Scan] is_qcom_ie, bss_age: 0
08-16 16:54:29.092 1455 4691 D LOWI-9.0.0.87.a: [LOWI-Scan] BSS 34:f7:16:8f:88:0a LOWI_PHY_MODE_11AC_VHT80(10), Beacon Interval: 100, LOWI_ENCRYPTION_TYPE_WPA_PSK 11mcRanging: No, ANQP: No, LCI: No, Civic: No, capability(0x1011): ESS Privacy
08-16 16:54:29.092 1455 4691 D LOWI-9.0.0.87.a: [LOWI-Scan] BSS 34:f7:16:8f:88:0a FREQ: 5805, cFreq1[40:80:160] = [5795:5775:0] cFreq2 = 0 Country Code = CN
08-16 16:54:29.092 1455 4691 D LOWI-9.0.0.87.a: [LOWI-Scan] BSS 34:f7:16:8f:88:0a (wlan0) ASSO: NO AddInfo: 0x0, TSF 0, 00:03:10.135, RSSI: -162, CPL: 127, AGE: 1068, SSID ____________, TSFDelta: 0xd8dbd97c, TXRate: 0
08-16 16:54:29.093 1455 4691 D LOWI-9.0.0.87.a: [LOWI-Scan]
08-16 16:54:29.093 1455 4691 D LOWI-9.0.0.87.a: [LOWI-Scan] print_bss_handler: Report Probe TSF 180430040 as it greater than Beacon TSF 0
08-16 16:54:29.093 1455 4691 D LOWI-9.0.0.87.a: [LOWI-Scan] decode_rsn_wpa_ie: LOWI_ENCRYPTION_TYPE_WPA_PSK
08-16 16:54:29.093 1455 4691 D LOWI-9.0.0.87.a: [LOWI-Scan] is_qcom_ie, bss_age: 0
08-16 16:54:29.093 1455 4691 D LOWI-9.0.0.87.a: [LOWI-Scan] adjust_age:AP AGE upper limit reached. Dont store
08-16 16:54:29.093 1455 4691 D LOWI-9.0.0.87.a: [LOWI-Scan] BSS 54:a7:03:c3:2b:5e LOWI_PHY_MODE_11AC_VHT40_2G(12), Beacon Interval: 100, LOWI_ENCRYPTION_TYPE_WPA_PSK 11mcRanging: No, ANQP: No, LCI: No, Civic: No, capability(0x1411): ESS Privacy ShortSlotTime
08-16 16:54:29.093 1455 4691 D LOWI-9.0.0.87.a: [LOWI-Scan] BSS 54:a7:03:c3:2b:5e FREQ: 2437, cFreq1[40:80:160] = [2427:0:0] cFreq2 = 0 Country Code = CN
08-16 16:54:29.093 1455 4691 D LOWI-9.0.0.87.a: [LOWI-Scan] BSS 54:a7:03:c3:2b:5e (wlan0) ASSO: NO AddInfo: 0x0, TSF 0, 00:03:00.430, RSSI: -150, CPL: 127, AGE: 10772, SSID test666, TSFDelta: 0x4047877e, TXRate: 0
08-16 16:54:29.093 1455 4691 D LOWI-9.0.0.87.a: [LOWI-Scan]
08-16 16:54:29.093 1455 4691 D LOWI-9.0.0.87.a: [LOWI-Scan] print_bss_handler: Report beacon TSF 179850972 as it greater than probe TSF 179850972
08-16 16:54:29.093 1455 4691 D LOWI-9.0.0.87.a: [LOWI-Scan] decode_rsn_wpa_ie: LOWI_ENCRYPTION_TYPE_WPA_PSK
08-16 16:54:29.093 1455 4691 D LOWI-9.0.0.87.a: [LOWI-Scan] is_qcom_ie, bss_age: 0
08-16 16:54:29.093 1455 4691 D LOWI-9.0.0.87.a: [LOWI-Scan] adjust_age:AP AGE upper limit reached. Dont store
08-16 16:54:29.093 1455 4691 D LOWI-9.0.0.87.a: [LOWI-Scan] BSS 86:2a:7d:83:91:7b LOWI_PHY_MODE_11AC_VHT40_2G(12), Beacon Interval: 100, LOWI_ENCRYPTION_TYPE_WPA_PSK 11mcRanging: No, ANQP: No, LCI: No, Civic: No, capability(0x1411): ESS Privacy ShortSlotTime
08-16 16:54:29.093 1455 4691 D LOWI-9.0.0.87.a: [LOWI-Scan] BSS 86:2a:7d:83:91:7b FREQ: 2412, cFreq1[40:80:160] = [2422:0:0] cFreq2 = 0 Country Code = CN
08-16 16:54:29.093 1455 4691 D LOWI-9.0.0.87.a: [LOWI-Scan] BSS 86:2a:7d:83:91:7b (wlan0) ASSO: NO AddInfo: 0x1, TSF 0, 00:02:59.850, RSSI: -110, CPL: 127, AGE: 11352, SSID ________________________________, TSFDelta: 0xbdda892b, TXRate: 0
08-16 16:54:29.094 1455 4691 D LOWI-9.0.0.87.a: [LOWI-Scan]
08-16 16:54:29.094 1455 4691 D LOWI-9.0.0.87.a: [LOWI-Scan] print_bss_handler: Report beacon TSF 170014797 as it greater than probe TSF 170014797
08-16 16:54:29.094 1455 4691 D LOWI-9.0.0.87.a: [LOWI-Scan] decode_rsn_wpa_ie: LOWI_ENCRYPTION_TYPE_WPA_PSK
08-16 16:54:29.094 1455 4691 D LOWI-9.0.0.87.a: [LOWI-Scan] is_qcom_ie, bss_age: 0
08-16 16:54:29.094 1455 4691 D LOWI-9.0.0.87.a: [LOWI-Scan] adjust_age:AP AGE upper limit reached. Dont store
08-16 16:54:29.094 1455 4691 D LOWI-9.0.0.87.a: [LOWI-Scan] BSS 04:8c:16:c4:ee:31 LOWI_PHY_MODE_11AC_VHT40(9), Beacon Interval: 100, LOWI_ENCRYPTION_TYPE_WPA_PSK 11mcRanging: No, ANQP: No, LCI: No, Civic: No, capability(0x1511): ESS Privacy SpectrumMgmt ShortSlotTime
08-16 16:54:29.094 1455 4691 D LOWI-9.0.0.87.a: [LOWI-Scan] BSS 04:8c:16:c4:ee:31 FREQ: 5785, cFreq1[40:80:160] = [5795:0:0] cFreq2 = 0 Country Code = CN
08-16 16:54:29.094 1455 4691 D LOWI-9.0.0.87.a: [LOWI-Scan] BSS 04:8c:16:c4:ee:31 (wlan0) ASSO: NO AddInfo: 0x1, TSF 0, 00:02:50.014, RSSI: -178, CPL: 127, AGE: 21188, SSID thundercomm, TSFDelta: 0x10f1da73, TXRate: 0
08-16 16:54:29.094 1455 4691 D LOWI-9.0.0.87.a: [LOWI-Scan]
08-16 16:54:29.094 1455 4691 D LOWI-9.0.0.87.a: [LOWI-Scan] print_bss_handler: Report beacon TSF 170015804 as it greater than probe TSF 170015804
08-16 16:54:29.094 1455 4691 D LOWI-9.0.0.87.a: [LOWI-Scan] decode_rsn_wpa_ie: LOWI_ENCRYPTION_TYPE_WPA_PSK
08-16 16:54:29.094 1455 4691 D LOWI-9.0.0.87.a: [LOWI-Scan] is_qcom_ie, bss_age: 0
08-16 16:54:29.095 1455 4691 D LOWI-9.0.0.87.a: [LOWI-Scan] adjust_age:AP AGE upper limit reached. Dont store
08-16 16:54:29.095 1455 4691 D LOWI-9.0.0.87.a: [LOWI-Scan] BSS 04:8c:16:c4:ee:34 LOWI_PHY_MODE_11AC_VHT40(9), Beacon Interval: 100, LOWI_ENCRYPTION_TYPE_WPA_PSK 11mcRanging: No, ANQP: No, LCI: No, Civic: No, capability(0x1511): ESS Privacy SpectrumMgmt ShortSlotTime
08-16 16:54:29.095 1455 4691 D LOWI-9.0.0.87.a: [LOWI-Scan] BSS 04:8c:16:c4:ee:34 FREQ: 5785, cFreq1[40:80:160] = [5795:0:0] cFreq2 = 0 Country Code = CN
08-16 16:54:29.095 1455 4691 D LOWI-9.0.0.87.a: [LOWI-Scan] BSS 04:8c:16:c4:ee:34 (wlan0) ASSO: NO AddInfo: 0x1, TSF 0, 00:02:50.015, RSSI: -178, CPL: 127, AGE: 21188, SSID thundersoft, TSFDelta: 0x10f8c769, TXRate: 0
08-16 16:54:29.095 1455 4691 D LOWI-9.0.0.87.a: [LOWI-Scan]
08-16 16:54:29.095 1455 4691 D LOWI-9.0.0.87.a: [LOWI-Scan] print_bss_handler: Report beacon TSF 179917670 as it greater than probe TSF 179917670
08-16 16:54:29.095 1455 4691 D LOWI-9.0.0.87.a: [LOWI-Scan] decode_rsn_wpa_ie: LOWI_ENCRYPTION_TYPE_WPA_PSK
08-16 16:54:29.095 1455 4691 D LOWI-9.0.0.87.a: [LOWI-Scan] is_qcom_ie, bss_age: 0
08-16 16:54:29.095 1455 4691 D LOWI-9.0.0.87.a: [LOWI-Scan] adjust_age:AP AGE upper limit reached. Dont store
08-16 16:54:29.095 1455 4691 D LOWI-9.0.0.87.a: [LOWI-Scan] BSS f4:a4:d6:51:0e:34 LOWI_PHY_MODE_11AC_VHT40(9), Beacon Interval: 100, LOWI_ENCRYPTION_TYPE_WPA_PSK 11mcRanging: No, ANQP: No, LCI: No, Civic: No, capability(0x1511): ESS Privacy SpectrumMgmt ShortSlotTime
08-16 16:54:29.095 1455 4691 D LOWI-9.0.0.87.a: [LOWI-Scan] BSS f4:a4:d6:51:0e:34 FREQ: 5745, cFreq1[40:80:160] = [5755:0:0] cFreq2 = 0 Country Code = CN
08-16 16:54:29.095 1455 4691 D LOWI-9.0.0.87.a: [LOWI-Scan] BSS f4:a4:d6:51:0e:34 (wlan0) ASSO: NO AddInfo: 0x1, TSF 0, 00:02:59.917, RSSI: -178, CPL: 127, AGE: 11284, SSID thundersoft, TSFDelta: 0xc90c55b5, TXRate: 0
08-16 16:54:29.096 1455 4691 D LOWI-9.0.0.87.a: [LOWI-Scan]
08-16 16:54:29.096 1455 4691 D LOWI-9.0.0.87.a: [LOWI-Scan] print_bss_handler: Report beacon TSF 180082475 as it greater than probe TSF 180082475
08-16 16:54:29.096 1455 4691 D LOWI-9.0.0.87.a: [LOWI-Scan] decode_rsn_wpa_ie: LOWI_ENCRYPTION_TYPE_WPA_PSK
08-16 16:54:29.096 1455 4691 D LOWI-9.0.0.87.a: [LOWI-Scan] is_qcom_ie, bss_age: 0
08-16 16:54:29.096 1455 4691 D LOWI-9.0.0.87.a: [LOWI-Scan] adjust_age:AP AGE upper limit reached. Dont store
08-16 16:54:29.096 1455 4691 D LOWI-9.0.0.87.a: [LOWI-Scan] BSS 36:f7:16:af:88:0a LOWI_PHY_MODE_11AC_VHT80(10), Beacon Interval: 100, LOWI_ENCRYPTION_TYPE_WPA_PSK 11mcRanging: No, ANQP: No, LCI: No, Civic: No, capability(0x0011): ESS Privacy
08-16 16:54:29.096 1455 4691 D LOWI-9.0.0.87.a: [LOWI-Scan] BSS 36:f7:16:af:88:0a FREQ: 5805, cFreq1[40:80:160] = [5795:5775:0] cFreq2 = 0 Country Code = CN
08-16 16:54:29.096 1455 4691 D LOWI-9.0.0.87.a: [LOWI-Scan] BSS 36:f7:16:af:88:0a (wlan0) ASSO: NO AddInfo: 0x1, TSF 0, 00:03:00.082, RSSI: -164, CPL: 127, AGE: 11120, SSID , TSFDelta: 0xd935dbc6, TXRate: 0
08-16 16:54:29.096 1455 4691 D LOWI-9.0.0.87.a: [LOWI-Scan]
08-16 16:54:29.096 1455 4691 D LOWI-9.0.0.87.a: [LOWI-Scan] print_bss_handler: Report Probe TSF 180394548 as it greater than Beacon TSF 0
08-16 16:54:29.096 1455 4691 D LOWI-9.0.0.87.a: [LOWI-Scan] decode_rsn_wpa_ie: LOWI_ENCRYPTION_TYPE_WPA_PSK
08-16 16:54:29.096 1455 4691 D LOWI-9.0.0.87.a: [LOWI-Scan] is_qcom_ie, bss_age: 0
08-16 16:54:29.096 1455 4691 D LOWI-9.0.0.87.a: [LOWI-Scan] adjust_age:AP AGE upper limit reached. Dont store
08-16 16:54:29.096 1455 4691 D LOWI-9.0.0.87.a: [LOWI-Scan] BSS bc:54:fc:f0:b4:68 LOWI_PHY_MODE_11AC_VHT40_2G(12), Beacon Interval: 100, LOWI_ENCRYPTION_TYPE_WPA_PSK 11mcRanging: No, ANQP: No, LCI: No, Civic: No, capability(0x0411): ESS Privacy ShortSlotTime
08-16 16:54:29.096 1455 4691 D LOWI-9.0.0.87.a: [LOWI-Scan] BSS bc:54:fc:f0:b4:68 FREQ: 2437, cFreq1[40:80:160] = [2427:0:0] cFreq2 = 0 Country Code = CN
08-16 16:54:29.096 1455 4691 D LOWI-9.0.0.87.a: [LOWI-Scan] BSS bc:54:fc:f0:b4:68 (wlan0) ASSO: NO AddInfo: 0x0, TSF 0, 00:03:00.394, RSSI: -160, CPL: 127, AGE: 10808, SSID kk2.4g, TSFDelta: 0xe832f63f, TXRate: 0
08-16 16:54:29.097 1455 4691 D LOWI-9.0.0.87.a: [LOWI-Scan]
08-16 16:54:29.097 1455 4691 D LOWI-9.0.0.87.a: [LOWI-Scan] print_bss_handler: Report Probe TSF 180430925 as it greater than Beacon TSF 0
08-16 16:54:29.097 1455 4691 D LOWI-9.0.0.87.a: [LOWI-Scan] decode_rsn_wpa_ie: LOWI_ENCRYPTION_TYPE_WPA_PSK
08-16 16:54:29.097 1455 4691 D LOWI-9.0.0.87.a: [LOWI-Scan] is_qcom_ie, bss_age: 0
08-16 16:54:29.097 1455 4691 D LOWI-9.0.0.87.a: [LOWI-Scan] adjust_age:AP AGE upper limit reached. Dont store
08-16 16:54:29.097 1455 4691 D LOWI-9.0.0.87.a: [LOWI-Scan] BSS 9e:97:cc:03:15:34 LOWI_PHY_MODE_11AC_VHT40_2G(12), Beacon Interval: 100, LOWI_ENCRYPTION_TYPE_WPA_PSK 11mcRanging: No, ANQP: No, LCI: No, Civic: No, capability(0x0431): ESS Privacy ShortPreamble ShortSlotTime
08-16 16:54:29.097 1455 4691 D LOWI-9.0.0.87.a: [LOWI-Scan] BSS 9e:97:cc:03:15:34 FREQ: 2437, cFreq1[40:80:160] = [2427:0:0] cFreq2 = 0 Country Code = CN
08-16 16:54:29.097 1455 4691 D LOWI-9.0.0.87.a: [LOWI-Scan] BSS 9e:97:cc:03:15:34 (wlan0) ASSO: NO AddInfo: 0x0, TSF 0, 00:03:00.430, RSSI: -136, CPL: 127, AGE: 10772, SSID SD3_Test, TSFDelta: 0x5a62f785, TXRate: 0
08-16 16:54:29.098 1455 4691 D LOWI-9.0.0.87.a: [LOWI-Scan]
08-16 16:54:29.098 1455 4691 D LOWI-9.0.0.87.a: [LOWI-Scan] print_bss_handler: Report Probe TSF 189848176 as it greater than Beacon TSF 0
08-16 16:54:29.098 1455 4691 D LOWI-9.0.0.87.a: [LOWI-Scan] decode_rsn_wpa_ie: LOWI_ENCRYPTION_TYPE_WPA_PSK
08-16 16:54:29.098 1455 4691 D LOWI-9.0.0.87.a: [LOWI-Scan] is_qcom_ie, bss_age: 0
08-16 16:54:29.098 1455 4691 D LOWI-9.0.0.87.a: [LOWI-Scan] BSS f4:a4:d6:51:0d:30 LOWI_PHY_MODE_11AC_VHT40(9), Beacon Interval: 100, LOWI_ENCRYPTION_TYPE_WPA_PSK 11mcRanging: No, ANQP: No, LCI: No, Civic: No, capability(0x1511): ESS Privacy SpectrumMgmt ShortSlotTime
08-16 16:54:29.098 1455 4691 D LOWI-9.0.0.87.a: [LOWI-Scan] BSS f4:a4:d6:51:0d:30 FREQ: 5220, cFreq1[40:80:160] = [5230:0:0] cFreq2 = 0 Country Code = CN
08-16 16:54:29.098 1455 4691 D LOWI-9.0.0.87.a: [LOWI-Scan] BSS f4:a4:d6:51:0d:30 (wlan0) ASSO: NO AddInfo: 0x0, TSF 0, 00:03:09.848, RSSI: -174, CPL: 127, AGE: 1352, SSID guest, TSFDelta: 0xff52819b, TXRate: 0
08-16 16:54:29.098 1455 4691 D LOWI-9.0.0.87.a: [LOWI-Scan]
08-16 16:54:29.098 1455 4691 D LOWI-9.0.0.87.a: [LOWI-Scan] print_bss_handler: Report Probe TSF 189848696 as it greater than Beacon TSF 0
08-16 16:54:29.098 1455 4691 D LOWI-9.0.0.87.a: [LOWI-Scan] decode_rsn_wpa_ie: LOWI_ENCRYPTION_TYPE_WPA_PSK
08-16 16:54:29.098 1455 4691 D LOWI-9.0.0.87.a: [LOWI-Scan] is_qcom_ie, bss_age: 0
08-16 16:54:29.098 1455 4691 D LOWI-9.0.0.87.a: [LOWI-Scan] BSS f4:a4:d6:51:0d:31 LOWI_PHY_MODE_11AC_VHT40(9), Beacon Interval: 100, LOWI_ENCRYPTION_TYPE_WPA_PSK 11mcRanging: No, ANQP: No, LCI: No, Civic: No, capability(0x1511): ESS Privacy SpectrumMgmt ShortSlotTime
08-16 16:54:29.098 1455 4691 D LOWI-9.0.0.87.a: [LOWI-Scan] BSS f4:a4:d6:51:0d:31 FREQ: 5220, cFreq1[40:80:160] = [5230:0:0] cFreq2 = 0 Country Code = CN
08-16 16:54:29.098 1455 4691 D LOWI-9.0.0.87.a: [LOWI-Scan] BSS f4:a4:d6:51:0d:31 (wlan0) ASSO: NO AddInfo: 0x0, TSF 0, 00:03:09.848, RSSI: -176, CPL: 127, AGE: 1352, SSID thundercomm, TSFDelta: 0xff59b66d, TXRate: 0
08-16 16:54:29.099 1455 4691 D LOWI-9.0.0.87.a: [LOWI-Scan]
08-16 16:54:29.099 1455 4691 D LOWI-9.0.0.87.a: [LOWI-Scan] print_bss_handler: Report Probe TSF 189849226 as it greater than Beacon TSF 0
08-16 16:54:29.099 1455 4691 D LOWI-9.0.0.87.a: [LOWI-Scan] decode_rsn_wpa_ie: LOWI_ENCRYPTION_TYPE_WPA_PSK
08-16 16:54:29.099 1455 4691 D LOWI-9.0.0.87.a: [LOWI-Scan] is_qcom_ie, bss_age: 0
08-16 16:54:29.099 1455 4691 D LOWI-9.0.0.87.a: [LOWI-Scan] BSS f4:a4:d6:51:0d:34 LOWI_PHY_MODE_11AC_VHT40(9), Beacon Interval: 100, LOWI_ENCRYPTION_TYPE_WPA_PSK 11mcRanging: No, ANQP: No, LCI: No, Civic: No, capability(0x1511): ESS Privacy SpectrumMgmt ShortSlotTime
08-16 16:54:29.099 1455 4691 D LOWI-9.0.0.87.a: [LOWI-Scan] BSS f4:a4:d6:51:0d:34 FREQ: 5220, cFreq1[40:80:160] = [5230:0:0] cFreq2 = 0 Country Code = CN
08-16 16:54:29.099 1455 4691 D LOWI-9.0.0.87.a: [LOWI-Scan] BSS f4:a4:d6:51:0d:34 (wlan0) ASSO: NO AddInfo: 0x0, TSF 0, 00:03:09.849, RSSI: -174, CPL: 127, AGE: 1352, SSID thundersoft, TSFDelta: 0xff5e4976, TXRate: 0
08-16 16:54:29.105 1455 4691 D LOWI-9.0.0.87.a: [LOWI-Scan]
08-16 16:54:29.105 1455 4691 D LOWI-9.0.0.87.a: [LOWI-Scan] print_bss_handler: Report beacon TSF 190054910 as it greater than probe TSF 190054910
08-16 16:54:29.105 1455 4691 D LOWI-9.0.0.87.a: [LOWI-Scan] decode_rsn_wpa_ie: LOWI_ENCRYPTION_TYPE_WPA_PSK
08-16 16:54:29.105 1455 4691 D LOWI-9.0.0.87.a: [LOWI-Scan] is_qcom_ie, bss_age: 0
08-16 16:54:29.105 1455 4691 D LOWI-9.0.0.87.a: [LOWI-Scan] BSS ae:74:b1:0a:85:25 LOWI_PHY_MODE_11AC_VHT20(8), Beacon Interval: 100, LOWI_ENCRYPTION_TYPE_WPA_PSK 11mcRanging: No, ANQP: No, LCI: No, Civic: No, capability(0x8331): ESS Privacy ShortPreamble SpectrumMgmt QoS
08-16 16:54:29.105 1455 4691 D LOWI-9.0.0.87.a: [LOWI-Scan] BSS ae:74:b1:0a:85:25 FREQ: 5785, cFreq1[40:80:160] = [5785:0:0] cFreq2 = 0 Country Code =
08-16 16:54:29.105 1455 4691 D LOWI-9.0.0.87.a: [LOWI-Scan] BSS ae:74:b1:0a:85:25 (wlan0) ASSO: NO AddInfo: 0x1, TSF 0, 00:03:10.054, RSSI: -178, CPL: 127, AGE: 1172, SSID lethe, TSFDelta: 0xa2e2077f, TXRate: 0
08-16 16:54:29.105 1455 4691 D LOWI-9.0.0.87.a: [LOWIDiagLog] Log: lowiMeasResult->request: invalid null argument
08-16 16:54:29.105 1455 4691 I LOWI-9.0.0.87.a: [LOWI-Scan] lowi_close_record:Scan done in 131756ms, 60 APs in scan results
08-16 16:54:29.106 1455 4691 D LOWI-9.0.0.87.a: [LOWI-Scan] WipsScanUsingNL: passive scan cached 0, took 9834 ms, err 0
08-16 16:54:29.106 1455 4691 D LOWI-9.0.0.87.a: [LOWI-Scan] lowi_proc_req_passive_scan_with_live_meas - No WLAN Frames to be parsed
08-16 16:54:29.106 1455 4691 D LOWI-9.0.0.87.a: [LOWIScanResultReceiver] Send scan meas to listener
08-16 16:54:29.106 1455 4691 D LOWI-9.0.0.87.a: [LOWIScanResultReceiver] Enter passive listening mode
08-16 16:54:29.106 1455 4691 D LOWI-9.0.0.87.a: [LOWIWifiDriverInterface] getMeasurements - Passive listening mode
08-16 16:54:29.106 1455 4691 D LOWI-9.0.0.87.a: [LOWI-Scan] WipsScanUsingNL:wait -1 sec for netlink message
08-16 16:54:29.106 1455 1475 D LOWI-9.0.0.87.a: [LOWIEventReceiver] handleEvent:FROM:NA, TO:NA, REQ:NA, IREQ:NA, REQ_ID:0, RESP:NA, INFO:NA
08-16 16:54:29.106 1455 1475 D LOWI-9.0.0.87.a: [LOWIBackgroundScanMgr] isRspForBgScanMgr: evt(LOWI_NO_EVT) - not handled
08-16 16:54:29.106 1455 1475 D LOWI-9.0.0.87.a: [LOWIScheduler] manageMsg: NULL results or NULL request in results
08-16 16:54:29.106 1455 1475 D LOWI-9.0.0.87.a: [LOWIController] Measurements received
08-16 16:54:29.106 1455 1475 D LOWI-9.0.0.87.a: [LOWICacheManager] putInCache:Num of Meas to add: 60
08-16 16:54:29.108 1455 1475 D LOWI-9.0.0.87.a: [LOWIController] processMeasurementResults: No current Request. Cache measurements
08-16 16:54:29.108 1455 1475 D LOWI-9.0.0.87.a: [LOWIControllerExtn] sendLOWILpDiscoveryScanResponse: Not a discovery scan response
08-16 16:54:29.153 2381 2381 D WifiDetailsPrefCtrl2: Update UI!
08-16 16:54:29.160 2381 2381 D WifiDetailsPrefCtrl2: Wifi Type 4
08-16 16:54:29.162 2381 2381 D DashboardFragment: Preference key is null in Controller WifiDetailPreferenceController2
01-01 04:43:31.378 0 0 D : mv2112_read_status
01-01 04:43:31.378 0 0 D mv2112_update_link: 3.0x901(1G): 0x4
01-01 04:43:31.378 0 0 D mv2112_update_link: 3.0x8109(100M): 0x8
01-01 04:43:31.378 0 0 D mv2112_update_link: link 0x4
01-01 04:43:31.378 0 0 D mv2112_read_status: autoneg is disabled
01-01 04:43:31.432 0 0 I init : starting service 'vendor.light-hal-2-0'...
01-01 04:43:31.488 0 0 I init : starting service 'qvrd_vndr'...
01-01 04:43:31.491 0 0 I init : Created socket '/dev/socket/qvrservice_vndr', mode 660, user 1000, group 1000
01-01 04:43:31.492 0 0 I init : Created socket '/dev/socket/qvrservice_vndr_camera', mode 660, user 1000, group 1000
01-01 04:43:31.507 0 0 I init : starting service 'sxrd'...
08-16 16:54:29.323 520 520 I hwservicemanager: getTransport: Cannot find entry android.hardware.light@2.0::ILight/default in either framework or device VINTF manifest.
08-16 16:54:29.328 4811 4811 E light : light_open lights keyboard failed: -22
08-16 16:54:29.328 4811 4811 E light : Light passthrough failed to load legacy HAL.
08-16 16:54:29.329 4811 4811 E light : light_open lights buttons failed: -22
08-16 16:54:29.329 4811 4811 E light : Light passthrough failed to load legacy HAL.
08-16 16:54:29.332 4811 4811 E light : light_open lights bluetooth failed: -22
08-16 16:54:29.332 4811 4811 E light : Light passthrough failed to load legacy HAL.
08-16 16:54:29.333 4811 4811 E light : light_open lights wifi failed: -22
08-16 16:54:29.333 4811 4811 E light : Light passthrough failed to load legacy HAL.
08-16 16:54:29.336 520 520 I hwservicemanager: getTransport: Cannot find entry android.hardware.light@2.0::ILight/default in either framework or device VINTF manifest.
08-16 16:54:29.337 4811 4811 E HidlServiceManagement: Service android.hardware.light@2.0::ILight/default must be in VINTF manifest in order to register/get.
08-16 16:54:29.337 4811 4811 E LegacySupport: Could not register service android.hardware.light@2.0::ILight/default (-2147483648).
01-01 04:43:31.532 0 0 I init : Service 'vendor.light-hal-2-0' (pid 4811) exited with status 0
01-01 04:43:31.532 0 0 I init : Sending signal 9 to service 'vendor.light-hal-2-0' (pid 4811) process group...
01-01 04:43:31.532 0 0 I libprocessgroup: Successfully killed process cgroup uid 1000 pid 4811 in 0ms
08-16 16:54:29.369 1147 1990 D CompatibilityInfo: mCompatibilityFlags - 4
08-16 16:54:29.370 1147 1990 D CompatibilityInfo: applicationDensity - 240
08-16 16:54:29.370 1147 1990 D CompatibilityInfo: applicationScale - 1.0
08-16 16:54:29.372 2204 2204 I QImsService: QtiImsExtService : QtiImsExtService created!
08-16 16:54:29.372 2204 2204 E QImsService: QtiImsExtService : QtiImsExtService, ImsService is not yet started retry.
08-16 16:54:29.372 4813 4813 F linker : CANNOT LINK EXECUTABLE "/vendor/bin/hw/sxrservice": library "vendor.qti.hardware.qxr-V1-ndk_platform.so" not found: needed by main executable
01-01 04:43:31.565 0 0 I init : Service 'sxrd' (pid 4813) exited with status 1
08-16 16:54:29.373 2204 2204 E QImsService: QtiImsExtService : QtiImsExtService, ImsService is not yet started retry.
08-16 16:54:29.373 2204 2204 W QImsService: QtiImsExtService : onBind returned null
08-16 16:54:29.374 2335 2335 D QtiImsExtConnector: Attempt to bind QtiImsExt service returned with: true
08-16 16:54:29.374 2335 2335 D QtiImsExtConnector: onNullBinding componentName ComponentInfo{org.codeaurora.ims/org.codeaurora.ims.QtiImsExtService}
08-16 16:54:29.377 4812 4812 F linker : CANNOT LINK EXECUTABLE "/vendor/bin/hw/qvrservice": library "vendor.qti.hardware.qxr-V1-ndk_platform.so" not found: needed by /vendor/lib64/libqvrservice.so in namespace (default)
01-01 04:43:31.565 0 0 I init : Sending signal 9 to service 'sxrd' (pid 4813) process group...
08-16 16:54:29.691 681 4796 I resolv : retrying_poll: 54 retrying_poll timeout
08-16 16:54:29.692 681 4796 D resolv : send_dg: 1
08-16 16:54:29.692 681 4796 I resolv : res_nsend: used send_dg 0 terrno: 110
08-16 16:54:29.692 681 4796 I resolv : res_stats_set_sample: rcode = 255, sec = 0
08-16 16:54:29.692 681 4796 I resolv : res_cache_add_stats_sample_locked: adding sample to stats, next = 20, count = 20
08-16 16:54:29.692 681 4796 D resolv : res_nsend: Querying server (# 1) address = 192.168.1.1:53
08-16 16:54:29.693 681 4796 I resolv : get_timeout: using timeout of 5000 msec
08-16 16:54:29.694 681 4796 I resolv : retrying_poll: 54 retrying_poll
08-16 16:54:29.713 681 4806 I resolv : retrying_poll: 58 retrying_poll timeout
08-16 16:54:29.714 681 4806 D resolv : send_dg: 1
08-16 16:54:29.714 681 4805 I resolv : retrying_poll: 56 retrying_poll timeout
08-16 16:54:29.714 681 4806 I resolv : res_nsend: used send_dg 0 terrno: 110
08-16 16:54:29.714 681 4805 D resolv : send_dg: 1
08-16 16:54:29.714 681 4806 I resolv : res_stats_set_sample: rcode = 255, sec = 0
08-16 16:54:29.714 681 4805 I resolv : res_nsend: used send_dg 0 terrno: 110
08-16 16:54:29.714 681 4806 I resolv : res_cache_add_stats_sample_locked: adding sample to stats, next = 21, count = 21
08-16 16:54:29.714 681 4805 I resolv : res_stats_set_sample: rcode = 255, sec = 0
08-16 16:54:29.714 681 4806 D resolv : res_nsend: Querying server (# 1) address = 192.168.1.1:53
08-16 16:54:29.715 681 4805 I resolv : res_cache_add_stats_sample_locked: adding sample to stats, next = 22, count = 22
08-16 16:54:29.715 681 4805 D resolv : res_nsend: Querying server (# 1) address = 192.168.1.1:53
08-16 16:54:29.715 681 4805 I resolv : get_timeout: using timeout of 5000 msec
08-16 16:54:29.716 681 4805 I resolv : retrying_poll: 56 retrying_poll
08-16 16:54:29.717 681 4806 I resolv : get_timeout: using timeout of 5000 msec
08-16 16:54:29.717 681 4806 I resolv : retrying_poll: 58 retrying_poll
08-16 16:54:29.893 1147 1690 D CompatibilityInfo: mCompatibilityFlags - 4
08-16 16:54:29.893 1147 1690 D CompatibilityInfo: applicationDensity - 240
08-16 16:54:29.893 1147 1690 D CompatibilityInfo: applicationScale - 1.0
08-16 16:54:29.897 2204 2204 I QImsService: QtiImsExtService : QtiImsExtService created!
08-16 16:54:29.898 2204 2204 E QImsService: QtiImsExtService : QtiImsExtService, ImsService is not yet started retry.
08-16 16:54:29.899 2204 2204 E QImsService: QtiImsExtService : QtiImsExtService, ImsService is not yet started retry.
08-16 16:54:29.899 2204 2204 W QImsService: QtiImsExtService : onBind returned null
08-16 16:54:29.901 2335 2335 D QtiImsExtConnector: Attempt to bind QtiImsExt service returned with: true
08-16 16:54:29.902 2335 2335 D QtiImsExtConnector: onNullBinding componentName ComponentInfo{org.codeaurora.ims/org.codeaurora.ims.QtiImsExtService}
01-01 04:43:32.403 0 0 D : mv2112_read_status
01-01 04:43:32.404 0 0 D mv2112_update_link: 3.0x901(1G): 0x4
01-01 04:43:32.405 0 0 D mv2112_update_link: 3.0x8109(100M): 0x8
01-01 04:43:32.405 0 0 D mv2112_update_link: link 0x4
01-01 04:43:32.405 0 0 D mv2112_read_status: autoneg is disabled
08-16 16:54:30.418 1147 2598 D CompatibilityInfo: mCompatibilityFlags - 4
08-16 16:54:30.420 1147 2598 D CompatibilityInfo: applicationDensity - 240
08-16 16:54:30.420 1147 2598 D CompatibilityInfo: applicationScale - 1.0
08-16 16:54:30.424 2204 2204 I QImsService: QtiImsExtService : QtiImsExtService created!
08-16 16:54:30.425 2204 2204 E QImsService: QtiImsExtService : QtiImsExtService, ImsService is not yet started retry.
08-16 16:54:30.426 2204 2204 E QImsService: QtiImsExtService : QtiImsExtService, ImsService is not yet started retry.
08-16 16:54:30.426 2204 2204 W QImsService: QtiImsExtService : onBind returned null
08-16 16:54:30.426 2335 2335 D QtiImsExtConnector: Attempt to bind QtiImsExt service returned with: true
08-16 16:54:30.428 2335 2335 D QtiImsExtConnector: onNullBinding componentName ComponentInfo{org.codeaurora.ims/org.codeaurora.ims.QtiImsExtService}
08-16 16:54:30.808 2381 2408 I OpenGLRenderer: Davey! duration=9223371843944ms; Flags=0, FrameTimelineVsyncId=8944, IntendedVsync=192909922606, Vsync=192909922606, InputEventId=0, HandleInputStart=192911309040, AnimationStart=192911313207, PerformTraversalsStart=192911315082, DrawStart=192911561436, FrameDeadline=192926589272, FrameInterval=192911299926, FrameStartTime=16666666, SyncQueued=192915105447, SyncStart=192915369040, IssueDrawCommandsStart=192916389717, SwapBuffers=192919969613, FrameCompleted=9223372036854775807, DequeueBufferDuration=56250, QueueBufferDuration=4263802, GpuCompleted=9223372036854775807, SwapBuffersCompleted=192934525447, DisplayPresentTime=4295033345,
08-16 16:54:30.939 1147 2598 D CompatibilityInfo: mCompatibilityFlags - 4
08-16 16:54:30.939 1147 2598 D CompatibilityInfo: applicationDensity - 240
08-16 16:54:30.940 1147 2598 D CompatibilityInfo: applicationScale - 1.0
08-16 16:54:30.943 2204 2204 I QImsService: QtiImsExtService : QtiImsExtService created!
08-16 16:54:30.943 2204 2204 E QImsService: QtiImsExtService : QtiImsExtService, ImsService is not yet started retry.
08-16 16:54:30.943 2335 2335 D QtiImsExtConnector: Attempt to bind QtiImsExt service returned with: true
08-16 16:54:30.945 2204 2204 E QImsService: QtiImsExtService : QtiImsExtService, ImsService is not yet started retry.
08-16 16:54:30.945 2204 2204 W QImsService: QtiImsExtService : onBind returned null
08-16 16:54:30.947 2335 2335 D QtiImsExtConnector: onNullBinding componentName ComponentInfo{org.codeaurora.ims/org.codeaurora.ims.QtiImsExtService}
01-01 04:43:33.427 0 0 D : mv2112_read_status
01-01 04:43:33.428 0 0 D mv2112_update_link: 3.0x901(1G): 0x4
01-01 04:43:33.428 0 0 D mv2112_update_link: 3.0x8109(100M): 0x8
01-01 04:43:33.428 0 0 D mv2112_update_link: link 0x4
01-01 04:43:33.428 0 0 D mv2112_read_status: autoneg is disabled
08-16 16:54:31.465 1147 1990 D CompatibilityInfo: mCompatibilityFlags - 4
08-16 16:54:31.466 1147 1990 D CompatibilityInfo: applicationDensity - 240
08-16 16:54:31.466 1147 1990 D CompatibilityInfo: applicationScale - 1.0
08-16 16:54:31.471 2204 2204 I QImsService: QtiImsExtService : QtiImsExtService created!
08-16 16:54:31.471 2204 2204 E QImsService: QtiImsExtService : QtiImsExtService, ImsService is not yet started retry.
08-16 16:54:31.472 2335 2335 D QtiImsExtConnector: Attempt to bind QtiImsExt service returned with: true
08-16 16:54:31.472 2204 2204 E QImsService: QtiImsExtService : QtiImsExtService, ImsService is not yet started retry.
08-16 16:54:31.472 2204 2204 W QImsService: QtiImsExtService : onBind returned null
08-16 16:54:31.473 2335 2335 D QtiImsExtConnector: onNullBinding componentName ComponentInfo{org.codeaurora.ims/org.codeaurora.ims.QtiImsExtService}
08-16 16:54:31.866 681 4810 I resolv : retrying_poll: 61 retrying_poll timeout
08-16 16:54:31.866 681 4810 D resolv : send_dg: 1
08-16 16:54:31.866 681 4810 I resolv : res_nsend: used send_dg 0 terrno: 110
08-16 16:54:31.866 681 4810 I resolv : res_stats_set_sample: rcode = 255, sec = 0
08-16 16:54:31.867 681 4810 I resolv : res_cache_add_stats_sample_locked: adding sample to stats, next = 23, count = 23
08-16 16:54:31.867 681 4810 D resolv : res_nsend: Querying server (# 1) address = 192.168.1.1:53
08-16 16:54:31.870 681 4810 I resolv : get_timeout: using timeout of 5000 msec
08-16 16:54:31.870 681 4810 I resolv : retrying_poll: 61 retrying_poll
08-16 16:54:31.987 1147 1990 D CompatibilityInfo: mCompatibilityFlags - 4
08-16 16:54:31.987 1147 1990 D CompatibilityInfo: applicationDensity - 240
08-16 16:54:31.988 1147 1990 D CompatibilityInfo: applicationScale - 1.0
08-16 16:54:31.991 2204 2204 I QImsService: QtiImsExtService : QtiImsExtService created!
08-16 16:54:31.991 2204 2204 E QImsService: QtiImsExtService : QtiImsExtService, ImsService is not yet started retry.
08-16 16:54:31.992 2335 2335 D QtiImsExtConnector: Attempt to bind QtiImsExt service returned with: true
08-16 16:54:31.992 2204 2204 E QImsService: QtiImsExtService : QtiImsExtService, ImsService is not yet started retry.
08-16 16:54:31.992 2204 2204 W QImsService: QtiImsExtService : onBind returned null
08-16 16:54:31.994 2335 2335 D QtiImsExtConnector: onNullBinding componentName ComponentInfo{org.codeaurora.ims/org.codeaurora.ims.QtiImsExtService}
01-01 04:43:34.451 0 0 D : mv2112_read_status
01-01 04:43:34.451 0 0 D mv2112_update_link: 3.0x901(1G): 0x4
01-01 04:43:34.452 0 0 D mv2112_update_link: 3.0x8109(100M): 0x8
01-01 04:43:34.452 0 0 D mv2112_update_link: link 0x4
01-01 04:43:34.452 0 0 D mv2112_read_status: autoneg is disabled
08-16 16:54:32.507 1147 1990 D CompatibilityInfo: mCompatibilityFlags - 4
08-16 16:54:32.507 1147 1990 D CompatibilityInfo: applicationDensity - 240
08-16 16:54:32.507 1147 1990 D CompatibilityInfo: applicationScale - 1.0
08-16 16:54:32.511 2204 2204 I QImsService: QtiImsExtService : QtiImsExtService created!
08-16 16:54:32.512 2204 2204 E QImsService: QtiImsExtService : QtiImsExtService, ImsService is not yet started retry.
08-16 16:54:32.513 2204 2204 E QImsService: QtiImsExtService : QtiImsExtService, ImsService is not yet started retry.
08-16 16:54:32.513 2335 2335 D QtiImsExtConnector: Attempt to bind QtiImsExt service returned with: true
08-16 16:54:32.513 2204 2204 W QImsService: QtiImsExtService : onBind returned null
08-16 16:54:32.515 2335 2335 D QtiImsExtConnector: onNullBinding componentName ComponentInfo{org.codeaurora.ims/org.codeaurora.ims.QtiImsExtService}
08-16 16:54:33.025 1147 1690 D CompatibilityInfo: mCompatibilityFlags - 4
08-16 16:54:33.026 1147 1690 D CompatibilityInfo: applicationDensity - 240
08-16 16:54:33.026 1147 1690 D CompatibilityInfo: applicationScale - 1.0
08-16 16:54:33.029 2204 2204 I QImsService: QtiImsExtService : QtiImsExtService created!
08-16 16:54:33.029 2204 2204 E QImsService: QtiImsExtService : QtiImsExtService, ImsService is not yet started retry.
08-16 16:54:33.029 2204 2204 E QImsService: QtiImsExtService : QtiImsExtService, ImsService is not yet started retry.
08-16 16:54:33.030 2204 2204 W QImsService: QtiImsExtService : onBind returned null
08-16 16:54:33.031 2335 2335 D QtiImsExtConnector: Attempt to bind QtiImsExt service returned with: true
08-16 16:54:33.031 2335 2335 D QtiImsExtConnector: onNullBinding componentName ComponentInfo{org.codeaurora.ims/org.codeaurora.ims.QtiImsExtService}
01-01 04:43:35.475 0 0 D : mv2112_read_status
01-01 04:43:35.475 0 0 D mv2112_update_link: 3.0x901(1G): 0x4
01-01 04:43:35.476 0 0 D mv2112_update_link: 3.0x8109(100M): 0x8
01-01 04:43:35.476 0 0 D mv2112_update_link: link 0x4
01-01 04:43:35.476 0 0 D mv2112_read_status: autoneg is disabled
01-01 04:43:35.623 0 0 D BUG : MAX_LOCKDEP_CHAINS too low!
01-01 04:43:35.627 0 0 D : turning off the locking correctness validator.
01-01 04:43:35.633 0 0 D : Please attach the output of /proc/lock_stat to the bug report
01-01 04:43:35.640 0 0 I : CPU: 1 PID: 1551 Comm: msm_irqbalance Tainted: G S W O 4.19.157+ #1
01-01 04:43:35.649 0 0 I Hardware name: Qualcomm Technologies, Inc. kona MTP-RmPM8150b (DT)
01-01 04:43:35.656 0 0 I Call trace:
01-01 04:43:35.659 0 0 I : dump_backtrace+0x0/0x258
01-01 04:43:35.662 0 0 I : show_stack+0x20/0x30
01-01 04:43:35.666 0 0 I : dump_stack+0xd8/0x12c
01-01 04:43:35.669 0 0 I : __lock_acquire+0x1df8/0x1e58
01-01 04:43:35.673 0 0 I : lock_acquire+0x1cc/0x218
01-01 04:43:35.677 0 0 I : ktime_get+0x64/0x110
01-01 04:43:35.681 0 0 I : sched_ktime_clock+0x20/0x38
01-01 04:43:35.685 0 0 I : __schedule+0x940/0x1160
01-01 04:43:35.688 0 0 I : preempt_schedule_common+0xa4/0xf0
01-01 04:43:35.693 0 0 I : preempt_schedule+0x2c/0x38
01-01 04:43:35.697 0 0 I : _raw_spin_unlock_irq+0x64/0x68
01-01 04:43:35.701 0 0 I : kernfs_fop_open+0x268/0x3a0
01-01 04:43:35.705 0 0 I : do_dentry_open+0x1ac/0x320
01-01 04:43:35.709 0 0 I : vfs_open+0x34/0x40
01-01 04:43:35.713 0 0 I : path_openat+0x964/0x14c0
08-16 16:54:33.553 1147 1690 D CompatibilityInfo: mCompatibilityFlags - 4
01-01 04:43:35.716 0 0 I : do_filp_open+0x80/0x128
08-16 16:54:33.553 1147 1690 D CompatibilityInfo: applicationDensity - 240
01-01 04:43:35.720 0 0 I : do_sys_open+0x140/0x250
08-16 16:54:33.553 1147 1690 D CompatibilityInfo: applicationScale - 1.0
01-01 04:43:35.724 0 0 I : __arm64_sys_openat+0x2c/0x38
01-01 04:43:35.728 0 0 I : el0_svc_common+0xa4/0x190
01-01 04:43:35.732 0 0 I : el0_svc_handler+0x6c/0x88
01-01 04:43:35.736 0 0 I : el0_svc+0x8/0xc
08-16 16:54:33.555 2204 2204 I QImsService: QtiImsExtService : QtiImsExtService created!
08-16 16:54:33.555 2204 2204 E QImsService: QtiImsExtService : QtiImsExtService, ImsService is not yet started retry.
08-16 16:54:33.556 2204 2204 E QImsService: QtiImsExtService : QtiImsExtService, ImsService is not yet started retry.
08-16 16:54:33.556 2204 2204 W QImsService: QtiImsExtService : onBind returned null
08-16 16:54:33.556 2335 2335 D QtiImsExtConnector: Attempt to bind QtiImsExt service returned with: true
08-16 16:54:33.557 2335 2335 D QtiImsExtConnector: onNullBinding componentName ComponentInfo{org.codeaurora.ims/org.codeaurora.ims.QtiImsExtService}
08-16 16:54:34.064 1147 1178 D CompatibilityInfo: mCompatibilityFlags - 4
08-16 16:54:34.064 1147 1178 D CompatibilityInfo: applicationDensity - 240
08-16 16:54:34.064 1147 1178 D CompatibilityInfo: applicationScale - 1.0
08-16 16:54:34.067 2204 2204 I QImsService: QtiImsExtService : QtiImsExtService created!
08-16 16:54:34.067 2204 2204 E QImsService: QtiImsExtService : QtiImsExtService, ImsService is not yet started retry.
08-16 16:54:34.068 2335 2335 D QtiImsExtConnector: Attempt to bind QtiImsExt service returned with: true
08-16 16:54:34.068 2204 2204 E QImsService: QtiImsExtService : QtiImsExtService, ImsService is not yet started retry.
08-16 16:54:34.068 2204 2204 W QImsService: QtiImsExtService : onBind returned null
08-16 16:54:34.070 2335 2335 D QtiImsExtConnector: onNullBinding componentName ComponentInfo{org.codeaurora.ims/org.codeaurora.ims.QtiImsExtService}
01-01 04:43:36.478 0 0 I init : starting service 'vendor.light-hal-2-0'...
01-01 04:43:36.502 0 0 D : mv2112_read_status
01-01 04:43:36.505 0 0 D mv2112_update_link: 3.0x901(1G): 0x4
01-01 04:43:36.511 0 0 D mv2112_update_link: 3.0x8109(100M): 0x8
01-01 04:43:36.516 0 0 D mv2112_update_link: link 0x4
01-01 04:43:36.520 0 0 D mv2112_read_status: autoneg is disabled
01-01 04:43:36.538 0 0 I init : starting service 'qvrd_vndr'...
01-01 04:43:36.545 0 0 I init : Created socket '/dev/socket/qvrservice_vndr', mode 660, user 1000, group 1000
01-01 04:43:36.555 0 0 I init : Created socket '/dev/socket/qvrservice_vndr_camera', mode 660, user 1000, group 1000
08-16 16:54:34.374 520 520 I hwservicemanager: getTransport: Cannot find entry android.hardware.light@2.0::ILight/default in either framework or device VINTF manifest.
08-16 16:54:34.378 4814 4814 E light : light_open lights keyboard failed: -22
08-16 16:54:34.378 4814 4814 E light : Light passthrough failed to load legacy HAL.
08-16 16:54:34.379 4814 4814 E light : light_open lights buttons failed: -22
08-16 16:54:34.379 4814 4814 E light : Light passthrough failed to load legacy HAL.
08-16 16:54:34.381 4814 4814 E light : light_open lights bluetooth failed: -22
08-16 16:54:34.381 4814 4814 E light : Light passthrough failed to load legacy HAL.
08-16 16:54:34.382 4814 4814 E light : light_open lights wifi failed: -22
08-16 16:54:34.382 4814 4814 E light : Light passthrough failed to load legacy HAL.
08-16 16:54:34.385 520 520 I hwservicemanager: getTransport: Cannot find entry android.hardware.light@2.0::ILight/default in either framework or device VINTF manifest.
08-16 16:54:34.387 4814 4814 E HidlServiceManagement: Service android.hardware.light@2.0::ILight/default must be in VINTF manifest in order to register/get.
08-16 16:54:34.387 4814 4814 E LegacySupport: Could not register service android.hardware.light@2.0::ILight/default (-2147483648).
01-01 04:43:36.579 0 0 I init : starting service 'sxrd'...
01-01 04:43:36.592 0 0 I init : Service 'vendor.light-hal-2-0' (pid 4814) exited with status 0
01-01 04:43:36.600 0 0 I init : Sending signal 9 to service 'vendor.light-hal-2-0' (pid 4814) process group...
01-01 04:43:36.609 0 0 I libprocessgroup: Successfully killed process cgroup uid 1000 pid 4814 in 0ms
08-16 16:54:34.426 4816 4816 F linker : CANNOT LINK EXECUTABLE "/vendor/bin/hw/sxrservice": library "vendor.qti.hardware.qxr-V1-ndk_platform.so" not found: needed by main executable
08-16 16:54:34.429 4815 4815 F linker : CANNOT LINK EXECUTABLE "/vendor/bin/hw/qvrservice": library "vendor.qti.hardware.qxr-V1-ndk_platform.so" not found: needed by /vendor/lib64/libqvrservice.so in namespace (default)
01-01 04:43:36.620 0 0 I init : Service 'sxrd' (pid 4816) exited with status 1
01-01 04:43:36.626 0 0 I init : Sending signal 9 to service 'sxrd' (pid 4816) process group...
08-16 16:54:34.582 1147 1690 D CompatibilityInfo: mCompatibilityFlags - 4
08-16 16:54:34.583 1147 1690 D CompatibilityInfo: applicationDensity - 240
08-16 16:54:34.583 1147 1690 D CompatibilityInfo: applicationScale - 1.0
08-16 16:54:34.587 2204 2204 I QImsService: QtiImsExtService : QtiImsExtService created!
08-16 16:54:34.587 2204 2204 E QImsService: QtiImsExtService : QtiImsExtService, ImsService is not yet started retry.
08-16 16:54:34.588 2204 2204 E QImsService: QtiImsExtService : QtiImsExtService, ImsService is not yet started retry.
08-16 16:54:34.588 2204 2204 W QImsService: QtiImsExtService : onBind returned null
08-16 16:54:34.588 2335 2335 D QtiImsExtConnector: Attempt to bind QtiImsExt service returned with: true
08-16 16:54:34.589 2335 2335 D QtiImsExtConnector: onNullBinding componentName ComponentInfo{org.codeaurora.ims/org.codeaurora.ims.QtiImsExtService}
08-16 16:54:34.699 681 4796 I resolv : retrying_poll: 54 retrying_poll timeout
08-16 16:54:34.699 681 4796 D resolv : send_dg: 1
08-16 16:54:34.700 681 4796 I resolv : res_nsend: used send_dg 0 terrno: 110
08-16 16:54:34.700 681 4796 D resolv : doQuery: rcode=0, ancount=0
08-16 16:54:34.700 681 4795 I resolv : resolv_populate_res_for_net: netid=102
08-16 16:54:34.703 2067 4790 D NetworkMonitor/102: PROBE_FALLBACK http://www.google.com/gen_204 Probe failed with exception java.net.UnknownHostException: Unable to resolve host "www.google.com": No address associated with hostname
08-16 16:54:34.721 681 4805 I resolv : retrying_poll: 56 retrying_poll timeout
08-16 16:54:34.722 681 4805 D resolv : send_dg: 1
08-16 16:54:34.722 681 4805 I resolv : res_nsend: used send_dg 0 terrno: 110
08-16 16:54:34.722 681 4806 I resolv : retrying_poll: 58 retrying_poll timeout
08-16 16:54:34.722 681 4806 D resolv : send_dg: 1
08-16 16:54:34.722 681 4805 D resolv : doQuery: rcode=0, ancount=0
08-16 16:54:34.722 681 4806 I resolv : res_nsend: used send_dg 0 terrno: 110
08-16 16:54:34.723 681 4806 D resolv : doQuery: rcode=0, ancount=0
08-16 16:54:34.723 681 4803 I resolv : resolv_populate_res_for_net: netid=102
08-16 16:54:34.724 681 4804 I resolv : resolv_populate_res_for_net: netid=102
08-16 16:54:34.727 2067 4792 D NetworkMonitor/102: PROBE_HTTP http://connectivitycheck.gstatic.com/generate_204 Probe failed with exception java.net.UnknownHostException: Unable to resolve host "connectivitycheck.gstatic.com": No address associated with hostname
08-16 16:54:34.728 2067 4791 D NetworkMonitor/102: PROBE_HTTPS https://www.google.com/generate_204 Probe failed with exception java.net.UnknownHostException: Unable to resolve host "www.google.com": No address associated with hostname
08-16 16:54:34.730 2067 4790 D NetworkMonitor/102: isCaptivePortal: isSuccessful()=false isPortal()=false RedirectUrl=null isPartialConnectivity()=false Time=20148ms
08-16 16:54:34.734 1147 1717 D ConnectivityService: [102 WIFI] validation failed
08-16 16:54:35.101 1147 1178 D CompatibilityInfo: mCompatibilityFlags - 4
08-16 16:54:35.101 1147 1178 D CompatibilityInfo: applicationDensity - 240
08-16 16:54:35.101 1147 1178 D CompatibilityInfo: applicationScale - 1.0
08-16 16:54:35.104 2204 2204 I QImsService: QtiImsExtService : QtiImsExtService created!
08-16 16:54:35.104 2204 2204 E QImsService: QtiImsExtService : QtiImsExtService, ImsService is not yet started retry.
08-16 16:54:35.105 2204 2204 E QImsService: QtiImsExtService : QtiImsExtService, ImsService is not yet started retry.
08-16 16:54:35.105 2204 2204 W QImsService: QtiImsExtService : onBind returned null
08-16 16:54:35.105 2335 2335 D QtiImsExtConnector: Attempt to bind QtiImsExt service returned with: true
08-16 16:54:35.106 2335 2335 D QtiImsExtConnector: onNullBinding componentName ComponentInfo{org.codeaurora.ims/org.codeaurora.ims.QtiImsExtService}
01-01 04:43:37.554 0 0 D : mv2112_read_status
01-01 04:43:37.557 0 0 D mv2112_update_link: 3.0x901(1G): 0x4
01-01 04:43:37.563 0 0 D mv2112_update_link: 3.0x8109(100M): 0x8
01-01 04:43:37.568 0 0 D mv2112_update_link: link 0x4
01-01 04:43:37.572 0 0 D mv2112_read_status: autoneg is disabled
08-16 16:54:35.616 1147 1990 D CompatibilityInfo: mCompatibilityFlags - 4
08-16 16:54:35.616 1147 1990 D CompatibilityInfo: applicationDensity - 240
08-16 16:54:35.616 1147 1990 D CompatibilityInfo: applicationScale - 1.0
08-16 16:54:35.619 2204 2204 I QImsService: QtiImsExtService : QtiImsExtService created!
08-16 16:54:35.620 2204 2204 E QImsService: QtiImsExtService : QtiImsExtService, ImsService is not yet started retry.
08-16 16:54:35.620 2335 2335 D QtiImsExtConnector: Attempt to bind QtiImsExt service returned with: true
08-16 16:54:35.621 2204 2204 E QImsService: QtiImsExtService : QtiImsExtService, ImsService is not yet started retry.
08-16 16:54:35.621 2204 2204 W QImsService: QtiImsExtService : onBind returned null
08-16 16:54:35.622 2335 2335 D QtiImsExtConnector: onNullBinding componentName ComponentInfo{org.codeaurora.ims/org.codeaurora.ims.QtiImsExtService}
08-16 16:54:36.131 1147 1990 D CompatibilityInfo: mCompatibilityFlags - 4
08-16 16:54:36.131 1147 1990 D CompatibilityInfo: applicationDensity - 240
08-16 16:54:36.132 1147 1990 D CompatibilityInfo: applicationScale - 1.0
08-16 16:54:36.135 2335 2335 D QtiImsExtConnector: Attempt to bind QtiImsExt service returned with: true
08-16 16:54:36.136 2204 2204 I QImsService: QtiImsExtService : QtiImsExtService created!
08-16 16:54:36.136 2204 2204 E QImsService: QtiImsExtService : QtiImsExtService, ImsService is not yet started retry.
08-16 16:54:36.137 2204 2204 E QImsService: QtiImsExtService : QtiImsExtService, ImsService is not yet started retry.
08-16 16:54:36.137 2204 2204 W QImsService: QtiImsExtService : onBind returned null
08-16 16:54:36.139 2335 2335 D QtiImsExtConnector: onNullBinding componentName ComponentInfo{org.codeaurora.ims/org.codeaurora.ims.QtiImsExtService}
08-16 16:54:36.139 1836 4123 I OpenGLRenderer: Davey! duration=9223371838606ms; Flags=0, FrameTimelineVsyncId=8984, IntendedVsync=198247707849, Vsync=198247707849, InputEventId=0, HandleInputStart=198248608778, AnimationStart=198248611434, PerformTraversalsStart=198248613309, DrawStart=198254563309, FrameDeadline=198281041181, FrameInterval=198248598517, FrameStartTime=16666666, SyncQueued=198254836382, SyncStart=198255154195, IssueDrawCommandsStart=198255695288, SwapBuffers=198257191382, FrameCompleted=9223372036854775807, DequeueBufferDuration=49271, QueueBufferDuration=1812448, GpuCompleted=9223372036854775807, SwapBuffersCompleted=198260280861, DisplayPresentTime=0,
01-01 04:43:38.578 0 0 D : mv2112_read_status
01-01 04:43:38.582 0 0 D mv2112_update_link: 3.0x901(1G): 0x4
01-01 04:43:38.587 0 0 D mv2112_update_link: 3.0x8109(100M): 0x8
01-01 04:43:38.592 0 0 D mv2112_update_link: link 0x4
01-01 04:43:38.597 0 0 D mv2112_read_status: autoneg is disabled
08-16 16:54:36.652 1147 1990 D CompatibilityInfo: mCompatibilityFlags - 4
08-16 16:54:36.652 1147 1990 D CompatibilityInfo: applicationDensity - 240
08-16 16:54:36.652 1147 1990 D CompatibilityInfo: applicationScale - 1.0
08-16 16:54:36.655 2204 2204 I QImsService: QtiImsExtService : QtiImsExtService created!
08-16 16:54:36.655 2204 2204 E QImsService: QtiImsExtService : QtiImsExtService, ImsService is not yet started retry.
08-16 16:54:36.656 2204 2204 E QImsService: QtiImsExtService : QtiImsExtService, ImsService is not yet started retry.
08-16 16:54:36.656 2204 2204 W QImsService: QtiImsExtService : onBind returned null
08-16 16:54:36.657 2335 2335 D QtiImsExtConnector: Attempt to bind QtiImsExt service returned with: true
08-16 16:54:36.658 2335 2335 D QtiImsExtConnector: onNullBinding componentName ComponentInfo{org.codeaurora.ims/org.codeaurora.ims.QtiImsExtService}
08-16 16:54:36.779 681 4820 D resolv : ResNSendHandler::run: 0 / {102 983142 102 983142 1073 1}
08-16 16:54:36.779 681 4820 I resolv : resolv_populate_res_for_net: netid=102
08-16 16:54:36.779 681 4820 D resolv : res_nsend
08-16 16:54:36.780 681 4820 I resolv : resolv_cache_lookup: lookup
08-16 16:54:36.780 681 4820 I resolv : resolv_cache_lookup: NOT IN CACHE
08-16 16:54:36.780 681 4820 I resolv : resolv_populate_res_for_net: netid=102
08-16 16:54:36.780 681 4820 I resolv : res_stats_usable_server: NS stats: S 0 + E 0 + T 24 + I 0 = 24, rtt = -1, min_samples = 8
08-16 16:54:36.780 681 4820 I resolv : res_stats_usable_server: success rate 0
08-16 16:54:36.780 681 4820 I resolv : res_stats_usable_server: too many resolution errors, ignoring server
08-16 16:54:36.780 681 4821 D resolv : ResNSendHandler::run: 0 / {102 983142 102 983142 1073 1}
08-16 16:54:36.780 681 4820 D resolv : res_nsend: Querying server (# 1) address = 192.168.1.1:53
08-16 16:54:36.780 681 4821 I resolv : resolv_populate_res_for_net: netid=102
08-16 16:54:36.780 681 4821 D resolv : res_nsend
08-16 16:54:36.780 681 4821 I resolv : resolv_cache_lookup: lookup
08-16 16:54:36.780 681 4821 I resolv : resolv_cache_lookup: NOT IN CACHE
08-16 16:54:36.781 681 4821 I resolv : resolv_populate_res_for_net: netid=102
08-16 16:54:36.781 681 4821 I resolv : res_stats_usable_server: NS stats: S 0 + E 0 + T 24 + I 0 = 24, rtt = -1, min_samples = 8
08-16 16:54:36.781 681 4821 I resolv : res_stats_usable_server: success rate 0
08-16 16:54:36.781 681 4821 I resolv : res_stats_usable_server: too many resolution errors, ignoring server
08-16 16:54:36.781 681 4821 D resolv : res_nsend: Querying server (# 1) address = 192.168.1.1:53
08-16 16:54:36.782 681 4820 D resolv : send_dg: new DG socket
08-16 16:54:36.783 681 4821 D resolv : send_dg: new DG socket
08-16 16:54:36.783 681 4820 I resolv : get_timeout: using timeout of 5000 msec
08-16 16:54:36.784 681 4821 I resolv : get_timeout: using timeout of 5000 msec
08-16 16:54:36.784 681 4821 I resolv : retrying_poll: 56 retrying_poll
08-16 16:54:36.784 681 4820 I resolv : retrying_poll: 55 retrying_poll
08-16 16:54:36.876 681 4810 I resolv : retrying_poll: 61 retrying_poll timeout
08-16 16:54:36.876 681 4810 D resolv : send_dg: 1
08-16 16:54:36.876 681 4810 I resolv : res_nsend: used send_dg 0 terrno: 110
08-16 16:54:36.877 681 4810 D resolv : doQuery: rcode=0, ancount=0
08-16 16:54:36.877 681 4809 I resolv : resolv_populate_res_for_net: netid=102
08-16 16:54:36.882 3235 4808 W Shark_TcpParallelConnector: [shark_w] doConnect(), UnknownHostException on task: 0 java.net.UnknownHostException: Unable to resolve host "tmfmazu-wangka.m.qq.com": No address associated with hostname
08-16 16:54:36.882 3235 4808 W Shark_TcpParallelConnector: java.net.UnknownHostException: Unable to resolve host "tmfmazu-wangka.m.qq.com": No address associated with hostname
08-16 16:54:36.882 3235 4808 W Shark_TcpParallelConnector: at java.net.Inet6AddressImpl.lookupHostByName(Inet6AddressImpl.java:156)
08-16 16:54:36.882 3235 4808 W Shark_TcpParallelConnector: at java.net.Inet6AddressImpl.lookupAllHostAddr(Inet6AddressImpl.java:103)
08-16 16:54:36.882 3235 4808 W Shark_TcpParallelConnector: at java.net.InetAddress.getByName(InetAddress.java:1106)
08-16 16:54:36.882 3235 4808 W Shark_TcpParallelConnector: at kcsdkint.mz.a(Unknown Source:110)
08-16 16:54:36.882 3235 4808 W Shark_TcpParallelConnector: at kcsdkint.mz$2.a(Unknown Source:5)
08-16 16:54:36.882 3235 4808 W Shark_TcpParallelConnector: at kcsdkint.mh.run(Unknown Source:0)
08-16 16:54:36.882 3235 4808 W Shark_TcpParallelConnector: at java.lang.Thread.run(Thread.java:920)
08-16 16:54:36.882 3235 4808 W Shark_TcpParallelConnector: Caused by: android.system.GaiException: android_getaddrinfo failed: EAI_NODATA (No address associated with hostname)
08-16 16:54:36.882 3235 4808 W Shark_TcpParallelConnector: at libcore.io.Linux.android_getaddrinfo(Native Method)
08-16 16:54:36.882 3235 4808 W Shark_TcpParallelConnector: at libcore.io.ForwardingOs.android_getaddrinfo(ForwardingOs.java:136)
08-16 16:54:36.882 3235 4808 W Shark_TcpParallelConnector: at libcore.io.BlockGuardOs.android_getaddrinfo(BlockGuardOs.java:221)
08-16 16:54:36.882 3235 4808 W Shark_TcpParallelConnector: at libcore.io.ForwardingOs.android_getaddrinfo(ForwardingOs.java:136)
08-16 16:54:36.882 3235 4808 W Shark_TcpParallelConnector: at java.net.Inet6AddressImpl.lookupHostByName(Inet6AddressImpl.java:135)
08-16 16:54:36.882 3235 4808 W Shark_TcpParallelConnector: ... 6 more
08-16 16:54:37.169 1147 1990 D CompatibilityInfo: mCompatibilityFlags - 4
