08-16 16:52:15.848 1836 1836 D SystemUIBootTiming: StartServicescom.android.systemui.biometrics.AuthController took to complete: 9ms
08-16 16:52:15.849 1836 1836 D SystemUIBootTiming: StartServicescom.android.systemui.SliceBroadcastRelayHandler took to complete: 0ms
08-16 16:52:15.851 1836 1836 D SystemUIBootTiming: StartServicescom.android.systemui.statusbar.notification.InstantAppNotifier took to complete: 2ms
08-16 16:52:15.856 1836 1836 D SystemUIBootTiming: StartServicescom.android.systemui.theme.ThemeOverlayController took to complete: 6ms
08-16 16:52:15.858 1147 1226 I ActivityManagerTiming: FinishBooting
08-16 16:52:15.859 1836 1836 D SystemUIBootTiming: StartServicescom.android.systemui.accessibility.WindowMagnification took to complete: 3ms
08-16 16:52:15.863 1147 1226 W KeyguardServiceDelegate: onScreenTurningOn(): no keyguard service!
01-01 04:41:18.051 0 0 E : the code is fine but needs lockdep annotation.
01-01 04:41:18.052 0 0 I [kworke][0x50c4a9ec][16:52:15.860621] wlan: [82:I:HIF] Initializing Runtime PM wakelock &vdev->vdev_set_key_runtime_wakelock
01-01 04:41:18.054 0 0 I msm_vidc: high: 00000001: ....e: Opening video instance: fffffffb172d8000, 0
01-01 04:41:18.057 0 0 I : CPU: 7 PID: 337 Comm: kworker/u16:14 Tainted: G S W O 4.19.157+ #1
01-01 04:41:18.057 0 0 I Hardware name: Qualcomm Technologies, Inc. kona MTP-RmPM8150b (DT)
01-01 04:41:18.057 0 0 I Workqueue: events_unbound ion_system_secure_heap_prefetch_work
01-01 04:41:18.057 0 0 I Call trace:
01-01 04:41:18.057 0 0 I : dump_backtrace+0x0/0x258
01-01 04:41:18.057 0 0 I : show_stack+0x20/0x30
01-01 04:41:18.057 0 0 I : dump_stack+0xd8/0x12c
01-01 04:41:18.057 0 0 I : register_lock_class+0x4d0/0x5c8
01-01 04:41:18.057 0 0 I : __lock_acquire+0xbc/0x1e58
01-01 04:41:18.057 0 0 I : lock_acquire+0x1cc/0x218
01-01 04:41:18.057 0 0 I : _raw_spin_lock_irqsave+0x54/0x98
01-01 04:41:18.057 0 0 I : ion_system_secure_heap_prefetch_work+0x94/0x2c0
01-01 04:41:18.057 0 0 I : process_one_work+0x38c/0x660
01-01 04:41:18.057 0 0 I : worker_thread+0x268/0x4b8
01-01 04:41:18.057 0 0 I : kthread+0x140/0x150
01-01 04:41:18.057 0 0 I : ret_from_fork+0x10/0x1c
08-16 16:52:15.867 1147 1225 I DropBoxManagerService: add tag=system_app_strictmode isTagEnabled=true flags=0x2
08-16 16:52:15.872 1147 1225 I DropBoxManagerService: add tag=system_app_strictmode isTagEnabled=true flags=0x2
01-01 04:41:18.059 0 0 E : INFO: trying to register non-static key.
01-01 04:41:18.061 0 0 I [kworke][0x50c77931][16:52:15.870210] wlan: [82:I:HIF] Initializing Runtime PM wakelock &vdev->vdev_set_key_runtime_wakelock
01-01 04:41:18.064 0 0 E : the code is fine but needs lockdep annotation.
01-01 04:41:18.064 0 0 I : CPU: 7 PID: 337 Comm: kworker/u16:14 Tainted: G S W O 4.19.157+ #1
01-01 04:41:18.064 0 0 I Hardware name: Qualcomm Technologies, Inc. kona MTP-RmPM8150b (DT)
01-01 04:41:18.064 0 0 I Workqueue: events_unbound ion_system_secure_heap_prefetch_work
01-01 04:41:18.064 0 0 I Call trace:
01-01 04:41:18.064 0 0 I : dump_backtrace+0x0/0x258
01-01 04:41:18.064 0 0 I : show_stack+0x20/0x30
01-01 04:41:18.064 0 0 I : dump_stack+0xd8/0x12c
01-01 04:41:18.064 0 0 I : register_lock_class+0x4d0/0x5c8
01-01 04:41:18.064 0 0 I : __lock_acquire+0xbc/0x1e58
01-01 04:41:18.064 0 0 I : lock_acquire+0x1cc/0x218
01-01 04:41:18.064 0 0 I : _raw_spin_lock_irqsave+0x54/0x98
01-01 04:41:18.064 0 0 I : ion_system_secure_heap_prefetch_work+0x94/0x2c0
01-01 04:41:18.064 0 0 I : process_one_work+0x38c/0x660
01-01 04:41:18.064 0 0 I : worker_thread+0x268/0x4b8
01-01 04:41:18.064 0 0 I : kthread+0x140/0x150
01-01 04:41:18.064 0 0 I : ret_from_fork+0x10/0x1c
01-01 04:41:18.066 0 0 E : INFO: trying to register non-static key.
08-16 16:52:15.875 1147 1225 I DropBoxManagerService: add tag=system_app_strictmode isTagEnabled=true flags=0x2
08-16 16:52:15.877 1836 1836 D SystemUIBootTiming: StartServicescom.android.systemui.accessibility.SystemActions took to complete: 17ms
08-16 16:52:15.878 1836 1836 D SystemUIBootTiming: StartServicescom.android.systemui.toast.ToastUI took to complete: 0ms
08-16 16:52:15.878 1147 1225 I DropBoxManagerService: add tag=system_app_strictmode isTagEnabled=true flags=0x2
08-16 16:52:15.879 1836 1836 D SystemUIBootTiming: StartServicescom.android.systemui.wmshell.WMShell took to complete: 1ms
01-01 04:41:18.071 0 0 I [kworke][0x50ca97e3][16:52:15.880860] wlan: [82:I:HIF] Initializing Runtime PM wakelock &vdev->vdev_set_key_runtime_wakelock
01-01 04:41:18.075 0 0 E : the code is fine but needs lockdep annotation.
01-01 04:41:18.075 0 0 I : CPU: 7 PID: 337 Comm: kworker/u16:14 Tainted: G S W O 4.19.157+ #1
01-01 04:41:18.075 0 0 I Hardware name: Qualcomm Technologies, Inc. kona MTP-RmPM8150b (DT)
01-01 04:41:18.075 0 0 I Workqueue: events_unbound ion_system_secure_heap_prefetch_work
01-01 04:41:18.075 0 0 I Call trace:
01-01 04:41:18.075 0 0 I : dump_backtrace+0x0/0x258
01-01 04:41:18.075 0 0 I : show_stack+0x20/0x30
01-01 04:41:18.075 0 0 I : dump_stack+0xd8/0x12c
01-01 04:41:18.075 0 0 I : register_lock_class+0x4d0/0x5c8
01-01 04:41:18.075 0 0 I : __lock_acquire+0xbc/0x1e58
01-01 04:41:18.075 0 0 I : lock_acquire+0x1cc/0x218
01-01 04:41:18.075 0 0 I : _raw_spin_lock_irqsave+0x54/0x98
01-01 04:41:18.075 0 0 I : ion_system_secure_heap_prefetch_work+0x94/0x2c0
01-01 04:41:18.075 0 0 I : process_one_work+0x38c/0x660
01-01 04:41:18.075 0 0 I : worker_thread+0x268/0x4b8
01-01 04:41:18.075 0 0 I : kthread+0x140/0x150
01-01 04:41:18.075 0 0 I : ret_from_fork+0x10/0x1c
01-01 04:41:18.081 0 0 E : INFO: trying to register non-static key.
08-16 16:52:15.883 1147 1284 W ActivityManager: Slow operation: 148ms so far, now at startProcess: returned from zygote!
08-16 16:52:15.884 1147 1284 W ActivityManager: Slow operation: 149ms so far, now at startProcess: done updating battery stats
08-16 16:52:15.884 1147 1284 W ActivityManager: Slow operation: 149ms so far, now at startProcess: building log message
08-16 16:52:15.884 1147 1284 I ActivityManager: Start proc 2505:com.qualcomm.qti.qccauthmgr/u0a136 for content provider {com.qualcomm.qti.qccauthmgr/com.qualcomm.qti.qccauthmgr.providers.SMQContentProvider}
08-16 16:52:15.884 1147 1284 W ActivityManager: Slow operation: 149ms so far, now at startProcess: starting to update pids map
08-16 16:52:15.886 1147 1284 W ActivityManager: Slow operation: 150ms so far, now at startProcess: done updating pids map
08-16 16:52:15.898 1836 1836 D SystemUIBootTiming: StartServices took to complete: 1385ms
01-01 04:41:18.085 0 0 I [kworke][0x50ceb043][16:52:15.894838] wlan: [82:I:HIF] Initializing Runtime PM wakelock &vdev->vdev_set_key_runtime_wakelock
01-01 04:41:18.086 0 0 E : the code is fine but needs lockdep annotation.
01-01 04:41:18.086 0 0 I : CPU: 7 PID: 337 Comm: kworker/u16:14 Tainted: G S W O 4.19.157+ #1
01-01 04:41:18.086 0 0 I Hardware name: Qualcomm Technologies, Inc. kona MTP-RmPM8150b (DT)
01-01 04:41:18.086 0 0 I Workqueue: events_unbound ion_system_secure_heap_prefetch_work
01-01 04:41:18.086 0 0 I Call trace:
01-01 04:41:18.086 0 0 I : dump_backtrace+0x0/0x258
01-01 04:41:18.086 0 0 I : show_stack+0x20/0x30
01-01 04:41:18.086 0 0 I : dump_stack+0xd8/0x12c
01-01 04:41:18.086 0 0 I : register_lock_class+0x4d0/0x5c8
01-01 04:41:18.086 0 0 I : __lock_acquire+0xbc/0x1e58
01-01 04:41:18.086 0 0 I : lock_acquire+0x1cc/0x218
01-01 04:41:18.086 0 0 I : _raw_spin_lock_irqsave+0x54/0x98
01-01 04:41:18.086 0 0 I : ion_system_secure_heap_prefetch_work+0x94/0x2c0
01-01 04:41:18.086 0 0 I : process_one_work+0x38c/0x660
01-01 04:41:18.086 0 0 I : worker_thread+0x268/0x4b8
01-01 04:41:18.086 0 0 I : kthread+0x140/0x150
01-01 04:41:18.086 0 0 I : ret_from_fork+0x10/0x1c
01-01 04:41:18.091 0 0 E : INFO: trying to register non-static key.
01-01 04:41:18.092 0 0 I msm_vidc: high: 00000001: h265e: Closed video instance: fffffffb172d8000
01-01 04:41:18.095 0 0 I [kworke][0x50d1a423][16:52:15.904916] wlan: [82:I:HIF] Initializing Runtime PM wakelock &wma_handle->wmi_cmd_rsp_runtime_lock
01-01 04:41:18.095 0 0 I [kworke][0x50d1a8a3][16:52:15.904976] wlan: [82:I:HIF] Initializing Runtime PM wakelock &wma_handle->sap_prevent_runtime_pm_lock
01-01 04:41:18.097 0 0 E : the code is fine but needs lockdep annotation.
01-01 04:41:18.097 0 0 I : CPU: 7 PID: 337 Comm: kworker/u16:14 Tainted: G S W O 4.19.157+ #1
01-01 04:41:18.097 0 0 I Hardware name: Qualcomm Technologies, Inc. kona MTP-RmPM8150b (DT)
01-01 04:41:18.097 0 0 I Workqueue: events_unbound ion_system_secure_heap_prefetch_work
01-01 04:41:18.097 0 0 I Call trace:
01-01 04:41:18.097 0 0 I : dump_backtrace+0x0/0x258
01-01 04:41:18.097 0 0 I : show_stack+0x20/0x30
01-01 04:41:18.097 0 0 I : dump_stack+0xd8/0x12c
01-01 04:41:18.097 0 0 I : register_lock_class+0x4d0/0x5c8
01-01 04:41:18.097 0 0 I : __lock_acquire+0xbc/0x1e58
01-01 04:41:18.097 0 0 I : lock_acquire+0x1cc/0x218
01-01 04:41:18.097 0 0 I : _raw_spin_lock_irqsave+0x54/0x98
01-01 04:41:18.097 0 0 I : ion_system_secure_heap_prefetch_work+0x94/0x2c0
01-01 04:41:18.097 0 0 I : process_one_work+0x38c/0x660
01-01 04:41:18.097 0 0 I : worker_thread+0x268/0x4b8
01-01 04:41:18.097 0 0 I : kthread+0x140/0x150
01-01 04:41:18.097 0 0 I : ret_from_fork+0x10/0x1c
01-01 04:41:18.102 0 0 E : INFO: trying to register non-static key.
01-01 04:41:18.108 0 0 E : the code is fine but needs lockdep annotation.
01-01 04:41:18.112 0 0 I binder : 2335:2335 ioctl 40046210 7fc7d775c4 returned -22
01-01 04:41:18.114 0 0 I : CPU: 7 PID: 337 Comm: kworker/u16:14 Tainted: G S W O 4.19.157+ #1
01-01 04:41:18.114 0 0 I Hardware name: Qualcomm Technologies, Inc. kona MTP-RmPM8150b (DT)
01-01 04:41:18.114 0 0 I Workqueue: events_unbound ion_system_secure_heap_prefetch_work
01-01 04:41:18.114 0 0 I Call trace:
01-01 04:41:18.114 0 0 I : dump_backtrace+0x0/0x258
01-01 04:41:18.114 0 0 I : show_stack+0x20/0x30
01-01 04:41:18.114 0 0 I : dump_stack+0xd8/0x12c
01-01 04:41:18.114 0 0 I : register_lock_class+0x4d0/0x5c8
01-01 04:41:18.114 0 0 I : __lock_acquire+0xbc/0x1e58
01-01 04:41:18.114 0 0 I : lock_acquire+0x1cc/0x218
01-01 04:41:18.114 0 0 I : _raw_spin_lock_irqsave+0x54/0x98
01-01 04:41:18.114 0 0 I : ion_system_secure_heap_prefetch_work+0x94/0x2c0
01-01 04:41:18.114 0 0 I : process_one_work+0x38c/0x660
01-01 04:41:18.114 0 0 I : worker_thread+0x268/0x4b8
01-01 04:41:18.114 0 0 I : kthread+0x140/0x150
01-01 04:41:18.114 0 0 I : ret_from_fork+0x10/0x1c
01-01 04:41:18.116 0 0 E : INFO: trying to register non-static key.
01-01 04:41:18.121 0 0 E : the code is fine but needs lockdep annotation.
01-01 04:41:18.127 0 0 I : CPU: 7 PID: 337 Comm: kworker/u16:14 Tainted: G S W O 4.19.157+ #1
01-01 04:41:18.127 0 0 I Hardware name: Qualcomm Technologies, Inc. kona MTP-RmPM8150b (DT)
01-01 04:41:18.127 0 0 I Workqueue: events_unbound ion_system_secure_heap_prefetch_work
01-01 04:41:18.127 0 0 I Call trace:
01-01 04:41:18.127 0 0 I : dump_backtrace+0x0/0x258
01-01 04:41:18.127 0 0 I : show_stack+0x20/0x30
01-01 04:41:18.127 0 0 I : dump_stack+0xd8/0x12c
01-01 04:41:18.127 0 0 I : register_lock_class+0x4d0/0x5c8
01-01 04:41:18.127 0 0 I : __lock_acquire+0xbc/0x1e58
01-01 04:41:18.127 0 0 I : lock_acquire+0x1cc/0x218
01-01 04:41:18.127 0 0 I : _raw_spin_lock_irqsave+0x54/0x98
01-01 04:41:18.127 0 0 I : ion_system_secure_heap_prefetch_work+0x94/0x2c0
01-01 04:41:18.127 0 0 I : process_one_work+0x38c/0x660
01-01 04:41:18.127 0 0 I : worker_thread+0x268/0x4b8
01-01 04:41:18.127 0 0 I : kthread+0x140/0x150
01-01 04:41:18.127 0 0 I : ret_from_fork+0x10/0x1c
01-01 04:41:18.146 0 0 E [kworke][0x50e07524][16:52:15.955489] wlan: [82:E:QDF] htc_wait_target: 684: Target Ready! TX resource : 1 size:2176, MaxMsgsPerHTCBundle = 1
01-01 04:41:18.161 0 0 E [kworke][0x50e4eda8][16:52:15.970751] wlan: [82:E:QDF] htc_setup_target_buffer_assignments: 576: SVS Index : 1 TX : 0x100 : alloc:1
01-01 04:41:18.163 0 0 E : INFO: trying to register non-static key.
01-01 04:41:18.175 0 0 D cnss : Assign MSI to user: DP, num_vectors: 18, user_base_data: 814, base_vector: 14
01-01 04:41:18.180 0 0 E : the code is fine but needs lockdep annotation.
01-01 04:41:18.180 0 0 I : CPU: 7 PID: 337 Comm: kworker/u16:14 Tainted: G S W O 4.19.157+ #1
01-01 04:41:18.180 0 0 I Hardware name: Qualcomm Technologies, Inc. kona MTP-RmPM8150b (DT)
01-01 04:41:18.180 0 0 I Workqueue: events_unbound ion_system_secure_heap_prefetch_work
01-01 04:41:18.180 0 0 I Call trace:
01-01 04:41:18.180 0 0 I : dump_backtrace+0x0/0x258
01-01 04:41:18.180 0 0 I : show_stack+0x20/0x30
01-01 04:41:18.180 0 0 I : dump_stack+0xd8/0x12c
01-01 04:41:18.180 0 0 I : register_lock_class+0x4d0/0x5c8
01-01 04:41:18.180 0 0 I : __lock_acquire+0xbc/0x1e58
01-01 04:41:18.180 0 0 I : lock_acquire+0x1cc/0x218
01-01 04:41:18.180 0 0 I : _raw_spin_lock_irqsave+0x54/0x98
01-01 04:41:18.180 0 0 I : ion_system_secure_heap_prefetch_work+0x94/0x2c0
01-01 04:41:18.180 0 0 I : process_one_work+0x38c/0x660
01-01 04:41:18.180 0 0 I : worker_thread+0x268/0x4b8
01-01 04:41:18.184 0 0 I msm_vidc: high: 00000001: ....e: Opening video instance: fffffffa8ef10000, 0
01-01 04:41:18.185 0 0 I : kthread+0x140/0x150
01-01 04:41:18.185 0 0 I : ret_from_fork+0x10/0x1c
01-01 04:41:18.188 0 0 E : INFO: trying to register non-static key.
01-01 04:41:18.191 0 0 I [kworke][0x50edb1ec][16:52:16.000674] wlan: [82:I:HIF] +hif_update_pipe_callback pipeid 5
01-01 04:41:18.192 0 0 I binder : 2505:2505 ioctl 40046210 7fc7d797e4 returned -22
01-01 04:41:18.193 0 0 E : the code is fine but needs lockdep annotation.
01-01 04:41:18.193 0 0 I : CPU: 7 PID: 337 Comm: kworker/u16:14 Tainted: G S W O 4.19.157+ #1
01-01 04:41:18.193 0 0 I Hardware name: Qualcomm Technologies, Inc. kona MTP-RmPM8150b (DT)
01-01 04:41:18.199 0 0 I Workqueue: events_unbound ion_system_secure_heap_prefetch_work
01-01 04:41:18.199 0 0 I Call trace:
01-01 04:41:18.199 0 0 I : dump_backtrace+0x0/0x258
01-01 04:41:18.199 0 0 I : show_stack+0x20/0x30
01-01 04:41:18.199 0 0 I : dump_stack+0xd8/0x12c
01-01 04:41:18.199 0 0 I : register_lock_class+0x4d0/0x5c8
01-01 04:41:18.199 0 0 I : __lock_acquire+0xbc/0x1e58
01-01 04:41:18.199 0 0 I : lock_acquire+0x1cc/0x218
01-01 04:41:18.199 0 0 I : _raw_spin_lock_irqsave+0x54/0x98
01-01 04:41:18.199 0 0 I : ion_system_secure_heap_prefetch_work+0x94/0x2c0
01-01 04:41:18.199 0 0 I : process_one_work+0x38c/0x660
01-01 04:41:18.199 0 0 I : worker_thread+0x268/0x4b8
01-01 04:41:18.199 0 0 I : kthread+0x140/0x150
01-01 04:41:18.199 0 0 I : ret_from_fork+0x10/0x1c
01-01 04:41:18.201 0 0 E : INFO: trying to register non-static key.
01-01 04:41:18.206 0 0 E : the code is fine but needs lockdep annotation.
01-01 04:41:18.208 0 0 I [kworke][0x50f2a085][16:52:16.017510] wlan: [82:I:HIF] -hif_update_pipe_callback
01-01 04:41:18.212 0 0 I : CPU: 7 PID: 337 Comm: kworker/u16:14 Tainted: G S W O 4.19.157+ #1
01-01 04:41:18.212 0 0 I Hardware name: Qualcomm Technologies, Inc. kona MTP-RmPM8150b (DT)
01-01 04:41:18.212 0 0 I Workqueue: events_unbound ion_system_secure_heap_prefetch_work
01-01 04:41:18.212 0 0 I Call trace:
01-01 04:41:18.212 0 0 I : dump_backtrace+0x0/0x258
01-01 04:41:18.212 0 0 I : show_stack+0x20/0x30
01-01 04:41:18.212 0 0 I : dump_stack+0xd8/0x12c
01-01 04:41:18.212 0 0 I : register_lock_class+0x4d0/0x5c8
01-01 04:41:18.212 0 0 I : __lock_acquire+0xbc/0x1e58
01-01 04:41:18.212 0 0 I : lock_acquire+0x1cc/0x218
01-01 04:41:18.212 0 0 I : _raw_spin_lock_irqsave+0x54/0x98
01-01 04:41:18.212 0 0 I : ion_system_secure_heap_prefetch_work+0x94/0x2c0
01-01 04:41:18.212 0 0 I : process_one_work+0x38c/0x660
01-01 04:41:18.212 0 0 I : worker_thread+0x268/0x4b8
01-01 04:41:18.212 0 0 I : kthread+0x140/0x150
01-01 04:41:18.212 0 0 I : ret_from_fork+0x10/0x1c
01-01 04:41:18.212 0 0 D cnss : Assign MSI to user: DP, num_vectors: 18, user_base_data: 814, base_vector: 14
08-16 16:52:16.028 1147 1994 D CompatibilityChangeReporter: Compat change id reported: 168419799; UID 10136; state: DISABLED
01-01 04:41:18.218 0 0 E [kworke][0x50f5aba7][16:52:16.027896] wlan: [82:E:DP] dp_srng_get_str_from_hal_ring_type: 7726: Invalid ring type
01-01 04:41:18.223 0 0 E : INFO: trying to register non-static key.
01-01 04:41:18.230 0 0 D cnss : Assign MSI to user: DP, num_vectors: 18, user_base_data: 814, base_vector: 14
01-01 04:41:18.235 0 0 E : the code is fine but needs lockdep annotation.
01-01 04:41:18.235 0 0 I : CPU: 7 PID: 337 Comm: kworker/u16:14 Tainted: G S W O 4.19.157+ #1
01-01 04:41:18.235 0 0 I Hardware name: Qualcomm Technologies, Inc. kona MTP-RmPM8150b (DT)
01-01 04:41:18.235 0 0 I Workqueue: events_unbound ion_system_secure_heap_prefetch_work
01-01 04:41:18.235 0 0 I Call trace:
01-01 04:41:18.235 0 0 I : dump_backtrace+0x0/0x258
01-01 04:41:18.235 0 0 I : show_stack+0x20/0x30
01-01 04:41:18.235 0 0 I : dump_stack+0xd8/0x12c
01-01 04:41:18.235 0 0 I : register_lock_class+0x4d0/0x5c8
01-01 04:41:18.235 0 0 I : __lock_acquire+0xbc/0x1e58
01-01 04:41:18.235 0 0 I : lock_acquire+0x1cc/0x218
01-01 04:41:18.235 0 0 I : _raw_spin_lock_irqsave+0x54/0x98
01-01 04:41:18.235 0 0 I : ion_system_secure_heap_prefetch_work+0x94/0x2c0
01-01 04:41:18.235 0 0 I : process_one_work+0x38c/0x660
01-01 04:41:18.235 0 0 I : worker_thread+0x268/0x4b8
01-01 04:41:18.235 0 0 I : kthread+0x140/0x150
01-01 04:41:18.235 0 0 I : ret_from_fork+0x10/0x1c
01-01 04:41:18.241 0 0 D cnss : Assign MSI to user: DP, num_vectors: 18, user_base_data: 814, base_vector: 14
01-01 04:41:18.244 0 0 D cnss : Assign MSI to user: DP, num_vectors: 18, user_base_data: 814, base_vector: 14
01-01 04:41:18.244 0 0 D cnss : Assign MSI to user: DP, num_vectors: 18, user_base_data: 814, base_vector: 14
01-01 04:41:18.244 0 0 D cnss : Assign MSI to user: DP, num_vectors: 18, user_base_data: 814, base_vector: 14
01-01 04:41:18.244 0 0 D cnss : Assign MSI to user: DP, num_vectors: 18, user_base_data: 814, base_vector: 14
01-01 04:41:18.244 0 0 D cnss : Assign MSI to user: DP, num_vectors: 18, user_base_data: 814, base_vector: 14
01-01 04:41:18.244 0 0 D cnss : Assign MSI to user: DP, num_vectors: 18, user_base_data: 814, base_vector: 14
01-01 04:41:18.244 0 0 E : INFO: trying to register non-static key.
01-01 04:41:18.244 0 0 I [kworke][0x50fd4794][16:52:16.053869] wlan: [82:I:DP] dp_tx_soc_attach Tx Desc Alloc num_pool = 4, descs = 4096
01-01 04:41:18.247 0 0 I msm_vidc: high: 00000001: h265e: Closed video instance: fffffffa8ef10000
01-01 04:41:18.249 0 0 E : the code is fine but needs lockdep annotation.
01-01 04:41:18.249 0 0 I : CPU: 7 PID: 337 Comm: kworker/u16:14 Tainted: G S W O 4.19.157+ #1
01-01 04:41:18.249 0 0 I Hardware name: Qualcomm Technologies, Inc. kona MTP-RmPM8150b (DT)
01-01 04:41:18.249 0 0 I Workqueue: events_unbound ion_system_secure_heap_prefetch_work
01-01 04:41:18.249 0 0 I Call trace:
01-01 04:41:18.249 0 0 I : dump_backtrace+0x0/0x258
01-01 04:41:18.249 0 0 I : show_stack+0x20/0x30
01-01 04:41:18.249 0 0 I : dump_stack+0xd8/0x12c
01-01 04:41:18.249 0 0 I : register_lock_class+0x4d0/0x5c8
01-01 04:41:18.249 0 0 I : __lock_acquire+0xbc/0x1e58
01-01 04:41:18.249 0 0 I : lock_acquire+0x1cc/0x218
01-01 04:41:18.249 0 0 I : _raw_spin_lock_irqsave+0x54/0x98
01-01 04:41:18.249 0 0 I : ion_system_secure_heap_prefetch_work+0x94/0x2c0
01-01 04:41:18.249 0 0 I : process_one_work+0x38c/0x660
01-01 04:41:18.249 0 0 I : worker_thread+0x268/0x4b8
01-01 04:41:18.249 0 0 I : kthread+0x140/0x150
01-01 04:41:18.249 0 0 I : ret_from_fork+0x10/0x1c
01-01 04:41:18.257 0 0 I [kworke][0x5100e1be][16:52:16.066164] wlan: [82:I:DP] dp_tx_soc_attach MSDU Ext Desc Alloc 4, descs = 4096
01-01 04:41:18.257 0 0 I [kworke][0x5101014c][16:52:16.066585] wlan: [82:I:DP] dp_tx_soc_attach HAL Tx init Success
01-01 04:41:18.257 0 0 D cnss : Assign MSI to user: DP, num_vectors: 18, user_base_data: 814, base_vector: 14
01-01 04:41:18.257 0 0 D cnss : Assign MSI to user: DP, num_vectors: 18, user_base_data: 814, base_vector: 14
01-01 04:41:18.257 0 0 I [kworke][0x51011900][16:52:16.066901] wlan: [82:I:DP] dp_soc_cmn_setup: 3274: num_reo_dest_rings 4
01-01 04:41:18.257 0 0 D cnss : Assign MSI to user: DP, num_vectors: 18, user_base_data: 814, base_vector: 14
01-01 04:41:18.258 0 0 D cnss : Assign MSI to user: DP, num_vectors: 18, user_base_data: 814, base_vector: 14
01-01 04:41:18.258 0 0 D cnss : Assign MSI to user: DP, num_vectors: 18, user_base_data: 814, base_vector: 14
01-01 04:41:18.258 0 0 D cnss : Assign MSI to user: DP, num_vectors: 18, user_base_data: 814, base_vector: 14
01-01 04:41:18.258 0 0 D cnss : Assign MSI to user: DP, num_vectors: 18, user_base_data: 814, base_vector: 14
01-01 04:41:18.258 0 0 D cnss : Assign MSI to user: DP, num_vectors: 18, user_base_data: 814, base_vector: 14
01-01 04:41:18.258 0 0 D cnss : Assign MSI to user: DP, num_vectors: 18, user_base_data: 814, base_vector: 14
01-01 04:41:18.258 0 0 D cnss : Assign MSI to user: DP, num_vectors: 18, user_base_data: 814, base_vector: 14
01-01 04:41:18.258 0 0 D cnss : Assign MSI to user: DP, num_vectors: 18, user_base_data: 814, base_vector: 14
01-01 04:41:18.258 0 0 D cnss : Assign MSI to user: DP, num_vectors: 18, user_base_data: 814, base_vector: 14
01-01 04:41:18.259 0 0 D cnss : Assign MSI to user: DP, num_vectors: 18, user_base_data: 814, base_vector: 14
01-01 04:41:18.259 0 0 I [kworke][0x510180d6][16:52:16.068285] wlan: [82:I:HAL] hal_reo_set_err_dst_remap_6390: 1024: HWIO_REO_R0_ERROR_DESTINATION_MAPPING_IX_0 0x28005b6d
01-01 04:41:18.259 0 0 D cnss : Assign MSI to user: DP, num_vectors: 18, user_base_data: 814, base_vector: 14
01-01 04:41:18.259 0 0 D cnss : Assign MSI to user: DP, num_vectors: 18, user_base_data: 814, base_vector: 14
01-01 04:41:18.259 0 0 D cnss : Assign MSI to user: DP, num_vectors: 18, user_base_data: 814, base_vector: 14
01-01 04:41:18.259 0 0 D cnss : Assign MSI to user: DP, num_vectors: 18, user_base_data: 814, base_vector: 14
01-01 04:41:18.259 0 0 D cnss : Assign MSI to user: DP, num_vectors: 18, user_base_data: 814, base_vector: 14
01-01 04:41:18.259 0 0 D cnss : Assign MSI to user: DP, num_vectors: 18, user_base_data: 814, base_vector: 14
01-01 04:41:18.262 0 0 E : INFO: trying to register non-static key.
01-01 04:41:18.267 0 0 E : the code is fine but needs lockdep annotation.
01-01 04:41:18.273 0 0 I : CPU: 7 PID: 337 Comm: kworker/u16:14 Tainted: G S W O 4.19.157+ #1
01-01 04:41:18.273 0 0 I Hardware name: Qualcomm Technologies, Inc. kona MTP-RmPM8150b (DT)
01-01 04:41:18.273 0 0 I Workqueue: events_unbound ion_system_secure_heap_prefetch_work
01-01 04:41:18.273 0 0 I Call trace:
01-01 04:41:18.273 0 0 I : dump_backtrace+0x0/0x258
01-01 04:41:18.273 0 0 I : show_stack+0x20/0x30
01-01 04:41:18.273 0 0 I : dump_stack+0xd8/0x12c
01-01 04:41:18.273 0 0 I : register_lock_class+0x4d0/0x5c8
01-01 04:41:18.273 0 0 I : __lock_acquire+0xbc/0x1e58
01-01 04:41:18.273 0 0 I : lock_acquire+0x1cc/0x218
01-01 04:41:18.273 0 0 I : _raw_spin_lock_irqsave+0x54/0x98
01-01 04:41:18.273 0 0 I : ion_system_secure_heap_prefetch_work+0x94/0x2c0
01-01 04:41:18.273 0 0 I : process_one_work+0x38c/0x660
01-01 04:41:18.273 0 0 I : worker_thread+0x268/0x4b8
01-01 04:41:18.273 0 0 I : kthread+0x140/0x150
01-01 04:41:18.273 0 0 I : ret_from_fork+0x10/0x1c
08-16 16:52:16.081 1147 2438 D CompatibilityChangeReporter: Compat change id reported: 124107808; UID 1001; state: ENABLED
01-01 04:41:18.282 0 0 E : INFO: trying to register non-static key.
01-01 04:41:18.287 0 0 E : the code is fine but needs lockdep annotation.
01-01 04:41:18.293 0 0 I : CPU: 7 PID: 337 Comm: kworker/u16:14 Tainted: G S W O 4.19.157+ #1
01-01 04:41:18.293 0 0 I Hardware name: Qualcomm Technologies, Inc. kona MTP-RmPM8150b (DT)
01-01 04:41:18.293 0 0 I Workqueue: events_unbound ion_system_secure_heap_prefetch_work
01-01 04:41:18.293 0 0 I Call trace:
01-01 04:41:18.293 0 0 I : dump_backtrace+0x0/0x258
01-01 04:41:18.293 0 0 I : show_stack+0x20/0x30
01-01 04:41:18.293 0 0 I : dump_stack+0xd8/0x12c
01-01 04:41:18.293 0 0 I : register_lock_class+0x4d0/0x5c8
01-01 04:41:18.293 0 0 I : __lock_acquire+0xbc/0x1e58
01-01 04:41:18.293 0 0 I : lock_acquire+0x1cc/0x218
01-01 04:41:18.293 0 0 I : _raw_spin_lock_irqsave+0x54/0x98
01-01 04:41:18.293 0 0 I : ion_system_secure_heap_prefetch_work+0x94/0x2c0
01-01 04:41:18.293 0 0 I : process_one_work+0x38c/0x660
01-01 04:41:18.293 0 0 I : worker_thread+0x268/0x4b8
01-01 04:41:18.293 0 0 I : kthread+0x140/0x150
01-01 04:41:18.293 0 0 I : ret_from_fork+0x10/0x1c
01-01 04:41:18.302 0 0 E : INFO: trying to register non-static key.
08-16 16:52:16.113 1147 1225 I DropBoxManagerService: add tag=system_app_strictmode isTagEnabled=true flags=0x2
01-01 04:41:18.307 0 0 E : the code is fine but needs lockdep annotation.
01-01 04:41:18.313 0 0 I : CPU: 7 PID: 337 Comm: kworker/u16:14 Tainted: G S W O 4.19.157+ #1
01-01 04:41:18.313 0 0 I Hardware name: Qualcomm Technologies, Inc. kona MTP-RmPM8150b (DT)
01-01 04:41:18.313 0 0 I Workqueue: events_unbound ion_system_secure_heap_prefetch_work
01-01 04:41:18.313 0 0 I Call trace:
01-01 04:41:18.313 0 0 I : dump_backtrace+0x0/0x258
01-01 04:41:18.313 0 0 I : show_stack+0x20/0x30
01-01 04:41:18.313 0 0 I : dump_stack+0xd8/0x12c
01-01 04:41:18.313 0 0 I : register_lock_class+0x4d0/0x5c8
01-01 04:41:18.313 0 0 I : __lock_acquire+0xbc/0x1e58
01-01 04:41:18.313 0 0 I : lock_acquire+0x1cc/0x218
01-01 04:41:18.313 0 0 I : _raw_spin_lock_irqsave+0x54/0x98
01-01 04:41:18.313 0 0 I : ion_system_secure_heap_prefetch_work+0x94/0x2c0
01-01 04:41:18.313 0 0 I : process_one_work+0x38c/0x660
01-01 04:41:18.313 0 0 I : worker_thread+0x268/0x4b8
01-01 04:41:18.313 0 0 I : kthread+0x140/0x150
01-01 04:41:18.313 0 0 I : ret_from_fork+0x10/0x1c
01-01 04:41:18.323 0 0 E : INFO: trying to register non-static key.
08-16 16:52:16.129 1147 1225 I DropBoxManagerService: add tag=system_app_strictmode isTagEnabled=true flags=0x2
08-16 16:52:16.133 1147 2438 D CompatibilityChangeReporter: Compat change id reported: 168419799; UID 10093; state: DISABLED
08-16 16:52:16.141 1147 1225 I DropBoxManagerService: add tag=system_app_strictmode isTagEnabled=true flags=0x2
01-01 04:41:18.328 0 0 E : the code is fine but needs lockdep annotation.
01-01 04:41:18.334 0 0 I : CPU: 7 PID: 337 Comm: kworker/u16:14 Tainted: G S W O 4.19.157+ #1
01-01 04:41:18.334 0 0 I Hardware name: Qualcomm Technologies, Inc. kona MTP-RmPM8150b (DT)
01-01 04:41:18.334 0 0 I Workqueue: events_unbound ion_system_secure_heap_prefetch_work
01-01 04:41:18.334 0 0 I Call trace:
01-01 04:41:18.334 0 0 I : dump_backtrace+0x0/0x258
01-01 04:41:18.334 0 0 I : show_stack+0x20/0x30
01-01 04:41:18.334 0 0 I : dump_stack+0xd8/0x12c
01-01 04:41:18.334 0 0 I : register_lock_class+0x4d0/0x5c8
01-01 04:41:18.334 0 0 I : __lock_acquire+0xbc/0x1e58
01-01 04:41:18.334 0 0 I : lock_acquire+0x1cc/0x218
01-01 04:41:18.334 0 0 I : _raw_spin_lock_irqsave+0x54/0x98
01-01 04:41:18.334 0 0 I : ion_system_secure_heap_prefetch_work+0x94/0x2c0
01-01 04:41:18.334 0 0 I : process_one_work+0x38c/0x660
01-01 04:41:18.334 0 0 I : worker_thread+0x268/0x4b8
01-01 04:41:18.334 0 0 I : kthread+0x140/0x150
01-01 04:41:18.334 0 0 I : ret_from_fork+0x10/0x1c
01-01 04:41:18.345 0 0 E : INFO: trying to register non-static key.
01-01 04:41:18.346 0 0 I binder : 1836:2066 ioctl 40046210 7b428a71f4 returned -22
01-01 04:41:18.350 0 0 E : the code is fine but needs lockdep annotation.
01-01 04:41:18.350 0 0 I : CPU: 7 PID: 337 Comm: kworker/u16:14 Tainted: G S W O 4.19.157+ #1
01-01 04:41:18.350 0 0 I Hardware name: Qualcomm Technologies, Inc. kona MTP-RmPM8150b (DT)
01-01 04:41:18.350 0 0 I Workqueue: events_unbound ion_system_secure_heap_prefetch_work
01-01 04:41:18.350 0 0 I Call trace:
01-01 04:41:18.350 0 0 I : dump_backtrace+0x0/0x258
01-01 04:41:18.350 0 0 I : show_stack+0x20/0x30
01-01 04:41:18.350 0 0 I : dump_stack+0xd8/0x12c
01-01 04:41:18.350 0 0 I : register_lock_class+0x4d0/0x5c8
01-01 04:41:18.350 0 0 I : __lock_acquire+0xbc/0x1e58
01-01 04:41:18.350 0 0 I : lock_acquire+0x1cc/0x218
01-01 04:41:18.350 0 0 I : _raw_spin_lock_irqsave+0x54/0x98
01-01 04:41:18.350 0 0 I : ion_system_secure_heap_prefetch_work+0x94/0x2c0
01-01 04:41:18.350 0 0 I : process_one_work+0x38c/0x660
01-01 04:41:18.350 0 0 I : worker_thread+0x268/0x4b8
01-01 04:41:18.350 0 0 I : kthread+0x140/0x150
01-01 04:41:18.350 0 0 I : ret_from_fork+0x10/0x1c
08-16 16:52:16.161 1147 2438 D CompatibilityChangeReporter: Compat change id reported: 135634846; UID 10131; state: DISABLED
08-16 16:52:16.161 1147 2438 D CompatibilityChangeReporter: Compat change id reported: 177438394; UID 10131; state: DISABLED
08-16 16:52:16.161 1147 2438 D CompatibilityChangeReporter: Compat change id reported: 135772972; UID 10131; state: DISABLED
08-16 16:52:16.161 1147 2438 D CompatibilityChangeReporter: Compat change id reported: 135754954; UID 10131; state: ENABLED
08-16 16:52:16.162 1147 1284 D CompatibilityChangeReporter: Compat change id reported: 143937733; UID 10131; state: ENABLED
01-01 04:41:18.365 0 0 E : INFO: trying to register non-static key.
01-01 04:41:18.370 0 0 E : the code is fine but needs lockdep annotation.
01-01 04:41:18.375 0 0 I : CPU: 7 PID: 337 Comm: kworker/u16:14 Tainted: G S W O 4.19.157+ #1
01-01 04:41:18.375 0 0 I Hardware name: Qualcomm Technologies, Inc. kona MTP-RmPM8150b (DT)
01-01 04:41:18.375 0 0 I Workqueue: events_unbound ion_system_secure_heap_prefetch_work
01-01 04:41:18.375 0 0 I Call trace:
01-01 04:41:18.375 0 0 I : dump_backtrace+0x0/0x258
01-01 04:41:18.375 0 0 I : show_stack+0x20/0x30
01-01 04:41:18.375 0 0 I : dump_stack+0xd8/0x12c
01-01 04:41:18.375 0 0 I : register_lock_class+0x4d0/0x5c8
01-01 04:41:18.375 0 0 I : __lock_acquire+0xbc/0x1e58
01-01 04:41:18.375 0 0 I : lock_acquire+0x1cc/0x218
01-01 04:41:18.375 0 0 I : _raw_spin_lock_irqsave+0x54/0x98
01-01 04:41:18.375 0 0 I : ion_system_secure_heap_prefetch_work+0x94/0x2c0
01-01 04:41:18.375 0 0 I : process_one_work+0x38c/0x660
01-01 04:41:18.375 0 0 I : worker_thread+0x268/0x4b8
01-01 04:41:18.375 0 0 I : kthread+0x140/0x150
01-01 04:41:18.375 0 0 I : ret_from_fork+0x10/0x1c
01-01 04:41:18.383 0 0 I binder : 2029:2029 ioctl 40046210 7fc7d79124 returned -22
01-01 04:41:18.390 0 0 E : INFO: trying to register non-static key.
01-01 04:41:18.395 0 0 E : the code is fine but needs lockdep annotation.
01-01 04:41:18.401 0 0 I : CPU: 7 PID: 337 Comm: kworker/u16:14 Tainted: G S W O 4.19.157+ #1
01-01 04:41:18.401 0 0 I Hardware name: Qualcomm Technologies, Inc. kona MTP-RmPM8150b (DT)
01-01 04:41:18.401 0 0 I Workqueue: events_unbound ion_system_secure_heap_prefetch_work
01-01 04:41:18.401 0 0 I Call trace:
01-01 04:41:18.401 0 0 I : dump_backtrace+0x0/0x258
01-01 04:41:18.401 0 0 I : show_stack+0x20/0x30
01-01 04:41:18.401 0 0 I : dump_stack+0xd8/0x12c
01-01 04:41:18.401 0 0 I : register_lock_class+0x4d0/0x5c8
01-01 04:41:18.401 0 0 I : __lock_acquire+0xbc/0x1e58
01-01 04:41:18.401 0 0 I : lock_acquire+0x1cc/0x218
01-01 04:41:18.401 0 0 I : _raw_spin_lock_irqsave+0x54/0x98
01-01 04:41:18.401 0 0 I : ion_system_secure_heap_prefetch_work+0x94/0x2c0
01-01 04:41:18.401 0 0 I : process_one_work+0x38c/0x660
01-01 04:41:18.401 0 0 I : worker_thread+0x268/0x4b8
01-01 04:41:18.401 0 0 I : kthread+0x140/0x150
01-01 04:41:18.401 0 0 I : ret_from_fork+0x10/0x1c
01-01 04:41:18.413 0 0 E : INFO: trying to register non-static key.
01-01 04:41:18.418 0 0 E : the code is fine but needs lockdep annotation.
01-01 04:41:18.424 0 0 I : CPU: 7 PID: 337 Comm: kworker/u16:14 Tainted: G S W O 4.19.157+ #1
01-01 04:41:18.424 0 0 I Hardware name: Qualcomm Technologies, Inc. kona MTP-RmPM8150b (DT)
01-01 04:41:18.424 0 0 I Workqueue: events_unbound ion_system_secure_heap_prefetch_work
01-01 04:41:18.424 0 0 I Call trace:
01-01 04:41:18.424 0 0 I : dump_backtrace+0x0/0x258
01-01 04:41:18.424 0 0 I : show_stack+0x20/0x30
01-01 04:41:18.424 0 0 I : dump_stack+0xd8/0x12c
01-01 04:41:18.424 0 0 I : register_lock_class+0x4d0/0x5c8
01-01 04:41:18.424 0 0 I : __lock_acquire+0xbc/0x1e58
01-01 04:41:18.424 0 0 I : lock_acquire+0x1cc/0x218
01-01 04:41:18.424 0 0 I : _raw_spin_lock_irqsave+0x54/0x98
01-01 04:41:18.424 0 0 I : ion_system_secure_heap_prefetch_work+0x94/0x2c0
01-01 04:41:18.424 0 0 I : process_one_work+0x38c/0x660
01-01 04:41:18.424 0 0 I : worker_thread+0x268/0x4b8
01-01 04:41:18.424 0 0 I : kthread+0x140/0x150
01-01 04:41:18.424 0 0 I : ret_from_fork+0x10/0x1c
08-16 16:52:16.242 1147 1284 W ActivityManager: Slow operation: 82ms so far, now at startProcess: returned from zygote!
08-16 16:52:16.242 1147 1284 W ActivityManager: Slow operation: 82ms so far, now at startProcess: done updating battery stats
08-16 16:52:16.243 1147 1284 W ActivityManager: Slow operation: 82ms so far, now at startProcess: building log message
08-16 16:52:16.243 1147 1284 I ActivityManager: Start proc 2547:com.android.smspush/u0a131 for service {com.android.smspush/com.android.smspush.WapPushManager}
08-16 16:52:16.243 1147 1284 W ActivityManager: Slow operation: 83ms so far, now at startProcess: starting to update pids map
08-16 16:52:16.244 1147 1284 W ActivityManager: Slow operation: 84ms so far, now at startProcess: done updating pids map
01-01 04:41:18.439 0 0 E : INFO: trying to register non-static key.
01-01 04:41:18.444 0 0 E : the code is fine but needs lockdep annotation.
01-01 04:41:18.450 0 0 I : CPU: 7 PID: 337 Comm: kworker/u16:14 Tainted: G S W O 4.19.157+ #1
01-01 04:41:18.450 0 0 I Hardware name: Qualcomm Technologies, Inc. kona MTP-RmPM8150b (DT)
01-01 04:41:18.450 0 0 I Workqueue: events_unbound ion_system_secure_heap_prefetch_work
01-01 04:41:18.450 0 0 I Call trace:
01-01 04:41:18.450 0 0 I : dump_backtrace+0x0/0x258
01-01 04:41:18.450 0 0 I : show_stack+0x20/0x30
01-01 04:41:18.450 0 0 I : dump_stack+0xd8/0x12c
01-01 04:41:18.450 0 0 I : register_lock_class+0x4d0/0x5c8
01-01 04:41:18.450 0 0 I : __lock_acquire+0xbc/0x1e58
01-01 04:41:18.450 0 0 I : lock_acquire+0x1cc/0x218
01-01 04:41:18.450 0 0 I : _raw_spin_lock_irqsave+0x54/0x98
01-01 04:41:18.450 0 0 I : ion_system_secure_heap_prefetch_work+0x94/0x2c0
01-01 04:41:18.450 0 0 I : process_one_work+0x38c/0x660
01-01 04:41:18.450 0 0 I : worker_thread+0x268/0x4b8
01-01 04:41:18.450 0 0 I : kthread+0x140/0x150
01-01 04:41:18.450 0 0 I : ret_from_fork+0x10/0x1c
08-16 16:52:16.258 1147 2438 D CompatibilityChangeReporter: Compat change id reported: 171306433; UID 1000; state: ENABLED
01-01 04:41:18.460 0 0 E : INFO: trying to register non-static key.
01-01 04:41:18.465 0 0 E : the code is fine but needs lockdep annotation.
01-01 04:41:18.470 0 0 I : CPU: 7 PID: 337 Comm: kworker/u16:14 Tainted: G S W O 4.19.157+ #1
01-01 04:41:18.470 0 0 I Hardware name: Qualcomm Technologies, Inc. kona MTP-RmPM8150b (DT)
01-01 04:41:18.470 0 0 I Workqueue: events_unbound ion_system_secure_heap_prefetch_work
01-01 04:41:18.470 0 0 I Call trace:
01-01 04:41:18.470 0 0 I : dump_backtrace+0x0/0x258
01-01 04:41:18.470 0 0 I : show_stack+0x20/0x30
01-01 04:41:18.470 0 0 I : dump_stack+0xd8/0x12c
01-01 04:41:18.470 0 0 I : register_lock_class+0x4d0/0x5c8
01-01 04:41:18.470 0 0 I : __lock_acquire+0xbc/0x1e58
01-01 04:41:18.470 0 0 I : lock_acquire+0x1cc/0x218
01-01 04:41:18.470 0 0 I : _raw_spin_lock_irqsave+0x54/0x98
01-01 04:41:18.470 0 0 I : ion_system_secure_heap_prefetch_work+0x94/0x2c0
01-01 04:41:18.470 0 0 I : process_one_work+0x38c/0x660
01-01 04:41:18.470 0 0 I : worker_thread+0x268/0x4b8
01-01 04:41:18.470 0 0 I : kthread+0x140/0x150
01-01 04:41:18.470 0 0 I : ret_from_fork+0x10/0x1c
08-16 16:52:16.304 1836 2224 W ActivityThread: Failed to find provider info for com.android.contacts (user not unlocked)
01-01 04:41:18.488 0 0 E : INFO: trying to register non-static key.
01-01 04:41:18.493 0 0 E : the code is fine but needs lockdep annotation.
01-01 04:41:18.499 0 0 I : CPU: 7 PID: 337 Comm: kworker/u16:14 Tainted: G S W O 4.19.157+ #1
01-01 04:41:18.499 0 0 I Hardware name: Qualcomm Technologies, Inc. kona MTP-RmPM8150b (DT)
01-01 04:41:18.499 0 0 I Workqueue: events_unbound ion_system_secure_heap_prefetch_work
01-01 04:41:18.499 0 0 I Call trace:
01-01 04:41:18.499 0 0 I : dump_backtrace+0x0/0x258
01-01 04:41:18.499 0 0 I : show_stack+0x20/0x30
01-01 04:41:18.499 0 0 I : dump_stack+0xd8/0x12c
01-01 04:41:18.499 0 0 I : register_lock_class+0x4d0/0x5c8
01-01 04:41:18.499 0 0 I : __lock_acquire+0xbc/0x1e58
01-01 04:41:18.499 0 0 I : lock_acquire+0x1cc/0x218
01-01 04:41:18.499 0 0 I : _raw_spin_lock_irqsave+0x54/0x98
01-01 04:41:18.499 0 0 I : ion_system_secure_heap_prefetch_work+0x94/0x2c0
01-01 04:41:18.499 0 0 I : process_one_work+0x38c/0x660
01-01 04:41:18.499 0 0 I : worker_thread+0x268/0x4b8
01-01 04:41:18.499 0 0 I : kthread+0x140/0x150
01-01 04:41:18.499 0 0 I : ret_from_fork+0x10/0x1c
01-01 04:41:18.514 0 0 I binder : 2547:2547 ioctl 40046210 7fc7d797e4 returned -22
01-01 04:41:18.514 0 0 I msm_vidc: high: 00000001: ....e: Opening video instance: fffffffa81468000, 0
01-01 04:41:18.515 0 0 E : INFO: trying to register non-static key.
01-01 04:41:18.516 0 0 I msm_vidc: err : 00000001: ....e: msm_vidc_comm_update_ctrl: failed: control name Ltr Count, min 0, max 0, step 0, default_value 0
01-01 04:41:18.520 0 0 E : the code is fine but needs lockdep annotation.
01-01 04:41:18.520 0 0 I : CPU: 6 PID: 337 Comm: kworker/u16:14 Tainted: G S W O 4.19.157+ #1
01-01 04:41:18.520 0 0 I Hardware name: Qualcomm Technologies, Inc. kona MTP-RmPM8150b (DT)
01-01 04:41:18.520 0 0 I Workqueue: events_unbound ion_system_secure_heap_prefetch_work
01-01 04:41:18.520 0 0 I Call trace:
01-01 04:41:18.520 0 0 I : dump_backtrace+0x0/0x258
01-01 04:41:18.520 0 0 I : show_stack+0x20/0x30
01-01 04:41:18.520 0 0 I : dump_stack+0xd8/0x12c
01-01 04:41:18.520 0 0 I : register_lock_class+0x4d0/0x5c8
01-01 04:41:18.520 0 0 I : __lock_acquire+0xbc/0x1e58
01-01 04:41:18.520 0 0 I : lock_acquire+0x1cc/0x218
01-01 04:41:18.520 0 0 I : _raw_spin_lock_irqsave+0x54/0x98
01-01 04:41:18.520 0 0 I : ion_system_secure_heap_prefetch_work+0x94/0x2c0
01-01 04:41:18.520 0 0 I : process_one_work+0x38c/0x660
01-01 04:41:18.520 0 0 I : worker_thread+0x268/0x4b8
01-01 04:41:18.520 0 0 I : kthread+0x140/0x150
01-01 04:41:18.520 0 0 I : ret_from_fork+0x10/0x1c
08-16 16:52:16.342 1147 2474 D CompatibilityChangeReporter: Compat change id reported: 168419799; UID 10131; state: DISABLED
01-01 04:41:18.529 0 0 E : INFO: trying to register non-static key.
01-01 04:41:18.532 0 0 E bt_ioctl: BT_CMD_PWR_CTRL pwr_cntrl:2
01-01 04:41:18.534 0 0 E : the code is fine but needs lockdep annotation.
01-01 04:41:18.534 0 0 I : CPU: 6 PID: 337 Comm: kworker/u16:14 Tainted: G S W O 4.19.157+ #1
01-01 04:41:18.534 0 0 I Hardware name: Qualcomm Technologies, Inc. kona MTP-RmPM8150b (DT)
01-01 04:41:18.534 0 0 I Workqueue: events_unbound ion_system_secure_heap_prefetch_work
01-01 04:41:18.534 0 0 I Call trace:
01-01 04:41:18.534 0 0 I : dump_backtrace+0x0/0x258
01-01 04:41:18.534 0 0 I : show_stack+0x20/0x30
01-01 04:41:18.534 0 0 I : dump_stack+0xd8/0x12c
01-01 04:41:18.534 0 0 I : register_lock_class+0x4d0/0x5c8
01-01 04:41:18.534 0 0 I : __lock_acquire+0xbc/0x1e58
01-01 04:41:18.534 0 0 I : lock_acquire+0x1cc/0x218
01-01 04:41:18.534 0 0 I : _raw_spin_lock_irqsave+0x54/0x98
01-01 04:41:18.534 0 0 I : ion_system_secure_heap_prefetch_work+0x94/0x2c0
01-01 04:41:18.534 0 0 I : process_one_work+0x38c/0x660
01-01 04:41:18.534 0 0 I : worker_thread+0x268/0x4b8
01-01 04:41:18.534 0 0 I : kthread+0x140/0x150
01-01 04:41:18.534 0 0 I : ret_from_fork+0x10/0x1c
01-01 04:41:18.544 0 0 E : INFO: trying to register non-static key.
01-01 04:41:18.545 0 0 E bt_vreg_unvote: vreg_unvote successful for : qca,bt-vdd-rfa2
01-01 04:41:18.550 0 0 E : the code is fine but needs lockdep annotation.
01-01 04:41:18.550 0 0 I : CPU: 6 PID: 337 Comm: kworker/u16:14 Tainted: G S W O 4.19.157+ #1
01-01 04:41:18.550 0 0 I Hardware name: Qualcomm Technologies, Inc. kona MTP-RmPM8150b (DT)
01-01 04:41:18.550 0 0 I Workqueue: events_unbound ion_system_secure_heap_prefetch_work
01-01 04:41:18.550 0 0 I Call trace:
01-01 04:41:18.550 0 0 I : dump_backtrace+0x0/0x258
01-01 04:41:18.550 0 0 I : show_stack+0x20/0x30
01-01 04:41:18.550 0 0 I : dump_stack+0xd8/0x12c
01-01 04:41:18.550 0 0 I : register_lock_class+0x4d0/0x5c8
01-01 04:41:18.550 0 0 I : __lock_acquire+0xbc/0x1e58
01-01 04:41:18.550 0 0 I : lock_acquire+0x1cc/0x218
01-01 04:41:18.550 0 0 I : _raw_spin_lock_irqsave+0x54/0x98
01-01 04:41:18.550 0 0 I : ion_system_secure_heap_prefetch_work+0x94/0x2c0
01-01 04:41:18.550 0 0 I : process_one_work+0x38c/0x660
01-01 04:41:18.550 0 0 I : worker_thread+0x268/0x4b8
01-01 04:41:18.550 0 0 I : kthread+0x140/0x150
01-01 04:41:18.550 0 0 I : ret_from_fork+0x10/0x1c
01-01 04:41:18.550 0 0 E : INFO: trying to register non-static key.
01-01 04:41:18.550 0 0 E : the code is fine but needs lockdep annotation.
01-01 04:41:18.550 0 0 I : CPU: 6 PID: 337 Comm: kworker/u16:14 Tainted: G S W O 4.19.157+ #1
01-01 04:41:18.550 0 0 I Hardware name: Qualcomm Technologies, Inc. kona MTP-RmPM8150b (DT)
01-01 04:41:18.550 0 0 I Workqueue: events_unbound ion_system_secure_heap_prefetch_work
01-01 04:41:18.550 0 0 I Call trace:
01-01 04:41:18.550 0 0 I : dump_backtrace+0x0/0x258
01-01 04:41:18.550 0 0 I : show_stack+0x20/0x30
01-01 04:41:18.550 0 0 I : dump_stack+0xd8/0x12c
01-01 04:41:18.550 0 0 I : register_lock_class+0x4d0/0x5c8
01-01 04:41:18.550 0 0 I : __lock_acquire+0xbc/0x1e58
01-01 04:41:18.550 0 0 I : lock_acquire+0x1cc/0x218
01-01 04:41:18.550 0 0 I : _raw_spin_lock_irqsave+0x54/0x98
01-01 04:41:18.550 0 0 I : ion_system_secure_heap_prefetch_work+0x48/0x2c0
01-01 04:41:18.550 0 0 I : process_one_work+0x38c/0x660
01-01 04:41:18.550 0 0 I : worker_thread+0x33c/0x4b8
01-01 04:41:18.550 0 0 I : kthread+0x140/0x150
01-01 04:41:18.550 0 0 I : ret_from_fork+0x10/0x1c
08-16 16:52:16.360 1836 2224 W ActivityThread: Failed to find provider info for com.android.contacts (user not unlocked)
08-16 16:52:16.363 1836 2188 W ActivityThread: Failed to find provider info for com.android.contacts (user not unlocked)
01-01 04:41:18.574 0 0 E bt_vreg_unvote: vreg_unvote successful for : qca,bt-vdd-rfa1
01-01 04:41:18.576 0 0 I msm_vidc: high: 00000001: vp8e: Closed video instance: fffffffa81468000
01-01 04:41:18.582 0 0 E bt_vreg_unvote: vreg_unvote successful for : qca,bt-vdd-dig
01-01 04:41:18.584 0 0 I [kworke][0x5160de9c][16:52:16.393802] wlan: [82:I:DP] Peer pool init
01-01 04:41:18.588 0 0 E bt_vreg_unvote: vreg_unvote successful for : qca,bt-vdd-aon
01-01 04:41:18.589 0 0 W [kworke][0x51621f6c][16:52:16.398080] wlan: [82:W:DP] dp_rx_pdev_mon_attach: pdev attach id=0
08-16 16:52:16.408 1147 2438 D CompatibilityChangeReporter: Compat change id reported: 182478738; UID 1001; state: ENABLED
08-16 16:52:16.432 1147 1225 I DropBoxManagerService: add tag=system_app_strictmode isTagEnabled=true flags=0x2
01-01 04:41:18.627 0 0 D cnss : Assign MSI to user: DP, num_vectors: 18, user_base_data: 814, base_vector: 14
01-01 04:41:18.627 0 0 D cnss : Get IRQ number 426 for vector index 14
01-01 04:41:18.627 0 0 D cnss : Assign MSI to user: DP, num_vectors: 18, user_base_data: 814, base_vector: 14
01-01 04:41:18.627 0 0 D cnss : Get IRQ number 427 for vector index 15
01-01 04:41:18.627 0 0 D cnss : Assign MSI to user: DP, num_vectors: 18, user_base_data: 814, base_vector: 14
01-01 04:41:18.627 0 0 D cnss : Get IRQ number 428 for vector index 16
01-01 04:41:18.627 0 0 D cnss : Assign MSI to user: DP, num_vectors: 18, user_base_data: 814, base_vector: 14
01-01 04:41:18.627 0 0 D cnss : Get IRQ number 429 for vector index 17
01-01 04:41:18.627 0 0 D cnss : Assign MSI to user: DP, num_vectors: 18, user_base_data: 814, base_vector: 14
01-01 04:41:18.628 0 0 D cnss : Assign MSI to user: DP, num_vectors: 18, user_base_data: 814, base_vector: 14
01-01 04:41:18.628 0 0 D cnss : Get IRQ number 431 for vector index 19
01-01 04:41:18.628 0 0 D cnss : Assign MSI to user: DP, num_vectors: 18, user_base_data: 814, base_vector: 14
01-01 04:41:18.628 0 0 D cnss : Get IRQ number 432 for vector index 20
08-16 16:52:16.442 1147 1225 I DropBoxManagerService: add tag=system_app_strictmode isTagEnabled=true flags=0x2
08-16 16:52:16.448 1147 1225 I DropBoxManagerService: add tag=system_app_strictmode isTagEnabled=true flags=0x2
08-16 16:52:16.448 1147 1225 I DropBoxManagerService: add tag=system_app_strictmode isTagEnabled=true flags=0x2
01-01 04:41:18.639 0 0 E [kworke][0x5170df46][16:52:16.448424] wlan: [82:E:HIF] hif_pci_ce_irq_set_affinity_hint: 3708: Unable to set cpu mask for offline CPU 0
01-01 04:41:18.669 0 0 I [kworke][0x5179c3de][16:52:16.478779] wlan: [337:I:WMA] wma_rx_service_ready_event: Firmware build version : 101a0521
01-01 04:41:18.669 0 0 I [kworke][0x5179c589][16:52:16.478801] wlan: [337:I:WMA] wma_rx_service_ready_event: Board id: 0, Board version: 8 0 0 0 6
01-01 04:41:18.676 0 0 I [kworke][0x517bce0d][16:52:16.485741] wlan: [337:I:WMA] wma_is_dbs_mandatory: 5417: MAC0 does not support both bands 2 DBS is mandatory
01-01 04:41:18.676 0 0 E [kworke][0x517bd92e][16:52:16.485890] wlan: [337:E:QDF] copy_fw_abi_version_tlv: 6979: copy_fw_abi_version_tlv: INIT_CMD version: 1, 0, 0x5f414351, 0x4c4d, 0x0, 0x0
08-16 16:52:16.573 1147 1147 D BluetoothManagerService: Bluetooth Adapter address changed to 22:22:C8:96:9F:72
08-16 16:52:16.574 1147 1147 D BluetoothManagerService: Stored Bluetoothaddress: 22:22:C8:96:9F:72
08-16 16:52:16.576 1147 1147 D BluetoothManagerService: Bluetooth Adapter name changed to QCOM-BTD by android
08-16 16:52:16.576 1147 1147 D BluetoothManagerService: Stored Bluetooth name: QCOM-BTD
08-16 16:52:16.628 1147 1147 D BluetoothManagerService: Bluetooth Adapter address changed to 22:22:C8:96:9F:72
08-16 16:52:16.628 1147 1147 D BluetoothManagerService: Stored Bluetoothaddress: 22:22:C8:96:9F:72
08-16 16:52:16.638 1147 1225 D BluetoothManagerService: MESSAGE_BLUETOOTH_STATE_CHANGE: BLE_TURNING_ON > BLE_ON
08-16 16:52:16.638 1147 1225 D BluetoothManagerService: Bluetooth is in LE only mode
08-16 16:52:16.639 1147 1225 D BluetoothManagerService: Binding Bluetooth GATT service
08-16 16:52:16.640 1147 1225 D BluetoothManagerService: Sending BLE State Change: BLE_TURNING_ON > BLE_ON
08-16 16:52:16.640 1147 1147 D CompanionDeviceManagerService: Received BT state transition broadcast: BLE_TURNING_ON -> BLE_ON
08-16 16:52:16.641 1147 1147 I CompanionDeviceManagerService: startBleScan()
08-16 16:52:16.641 1147 1147 I CompanionDeviceManagerService: Read associations from disk: {0=[]}
08-16 16:52:16.641 1147 1147 D BluetoothManagerService: BluetoothServiceConnection: com.android.bluetooth.gatt.GattService
08-16 16:52:16.641 1147 1225 D BluetoothManagerService: MESSAGE_BLUETOOTH_SERVICE_CONNECTED: 2
08-16 16:52:16.642 1147 1225 D BluetoothManagerService: continueFromBleOnState()
08-16 16:52:16.645 1147 1225 D BluetoothManagerService: Persisting Bluetooth Setting: 1
08-16 16:52:16.650 1147 1225 D BluetoothManagerService: MESSAGE_BLUETOOTH_STATE_CHANGE: BLE_ON > TURNING_ON
08-16 16:52:16.650 1147 1225 D BluetoothManagerService: Sending BLE State Change: BLE_ON > TURNING_ON
08-16 16:52:16.650 1147 2598 D CompatibilityChangeReporter: Compat change id reported: 168419799; UID 10122; state: DISABLED
08-16 16:52:16.655 1147 1225 D BluetoothManagerService: Sending State Change: OFF > TURNING_ON
08-16 16:52:16.655 1147 1147 D CompanionDeviceManagerService: Received BT state transition broadcast: BLE_ON -> TURNING_ON
08-16 16:52:16.660 1147 1281 D CompatibilityChangeReporter: Compat change id reported: 168419799; UID 10126; state: DISABLED
08-16 16:52:16.714 2335 2624 W ActivityThread: Failed to find provider info for com.android.contacts (user not unlocked)
01-01 04:41:18.881 0 0 E [kworke][0x51b7f113][16:52:16.691010] wlan: [333:E:QDF] ready_extract_init_status_tlv: 8884: ready_extract_init_status_tlv:0
01-01 04:41:18.896 0 0 E [kworke][0x51bc1f35][16:52:16.705279] wlan: [333:E:QDF] cds_get_context: 1486: Module ID 65 context is Null
01-01 04:41:18.908 0 0 F [kworke][0x51bfc49f][16:52:16.717724] wlan: [333:F:DP] cdp_ipa_set_uc_tx_partition_base invalid instance
01-01 04:41:18.919 0 0 I [kworke][0x51c2fc1f][16:52:16.728703] wlan: [333:I:WMA] wma_he_update_tgt_services: 996: 11ax is enabled
08-16 16:52:16.729 1147 2438 D BluetoothManagerService: Creating new ProfileServiceConnections object for profile: 1
08-16 16:52:16.729 1147 2438 D BluetoothManagerService: Unable to bindService while Bluetooth is disabled
01-01 04:41:18.923 0 0 I [kworke][0x51c4206d][16:52:16.732600] wlan: [333:I:HIF] Initializing Runtime PM wakelock &mgmt_txrx_pdev_ctx->wakelock_tx_runtime_cmp
01-01 04:41:18.924 0 0 I [kworke][0x51c47bb9][16:52:16.733817] wlan: [333:I:dfs] WLAN_DEBUG_DFS_ALWAYS : wlan_dfs_pdev_obj_create_notification: 421: dfs_offload 1
01-01 04:41:18.924 0 0 I [kworke][0x51c47e06][16:52:16.733848] wlan: [333:I:SPECTRAL] null_get_capability: 1715: SPECTRAL : get_capability not registered
01-01 04:41:18.924 0 0 I [kworke][0x51c47e82][16:52:16.733854] wlan: [333:I:SPECTRAL] target_if_pdev_spectral_init: 2249: HAL_CAP_PHYDIAG : Capable
01-01 04:41:18.924 0 0 I [kworke][0x51c47efd][16:52:16.733860] wlan: [333:I:SPECTRAL] null_get_capability: 1715: SPECTRAL : get_capability not registered
01-01 04:41:18.924 0 0 I [kworke][0x51c47f72][16:52:16.733867] wlan: [333:I:SPECTRAL] target_if_pdev_spectral_init: 2253: HAL_CAP_RADAR : Capable
01-01 04:41:18.924 0 0 I [kworke][0x51c47fe6][16:52:16.733873] wlan: [333:I:SPECTRAL] null_get_capability: 1715: SPECTRAL : get_capability not registered
01-01 04:41:18.924 0 0 I [kworke][0x51c48075][16:52:16.733880] wlan: [333:I:SPECTRAL] target_if_pdev_spectral_init: 2258: HAL_CAP_SPECTRAL_SCAN : Capable
01-01 04:41:18.924 0 0 I [kworke][0x51c48121][16:52:16.733889] wlan: [333:I:SPECTRAL] null_get_tsf64: 1703: SPECTRAL : get_tsf64 not registered
01-01 04:41:18.924 0 0 I [kworke][0x51c482d5][16:52:16.733912] wlan: [333:I:GREEN_AP] wlan_green_ap_pdev_obj_create_notification: 106: Green AP creation successful, green ap ctx: fffffffb1d8460e8, pdev: fffffffa8b0fa8e8
