01-01 04:41:08.302 0 0 I qcom,camera ac50000.qcom,cci: qcom,cam-sensor3: Linked as a consumer to regulator.86
01-01 04:41:08.307 0 0 I qcom,camera ac50000.qcom,cci: qcom,cam-sensor3: Linked as a consumer to regulator.57
01-01 04:41:08.308 0 0 I qcom,camera ac50000.qcom,cci: qcom,cam-sensor3: Linked as a consumer to regulator.77
01-01 04:41:08.336 0 0 I CAM_ERR : CAM-CCI: cam_cci_irq: 264 Base:ffffff801a035000, M1_Q1 NACK ERROR: 0x40000000
01-01 04:41:08.337 0 0 I CAM_ERR : CAM-CCI: cam_cci_read: 1306 ERROR with Slave 0x20:
01-01 04:41:08.337 0 0 I CAM_ERR : CAM-CCI: cam_cci_read_bytes: 1561 failed to read rc:-22
01-01 04:41:08.337 0 0 I CAM_ERR : CAM-SENSOR: cam_cci_i2c_read: 35 rc = -22
01-01 04:41:08.337 0 0 I CAM_WARN: CAM-SENSOR: cam_sensor_match_id: 769 read id: 0x0 expected id 0x9281:
01-01 04:41:08.337 0 0 I qcom,camera ac50000.qcom,cci: qcom,cam-sensor3: Dropping the link to regulator.77
01-01 04:41:08.341 0 0 I qcom,camera ac50000.qcom,cci: qcom,cam-sensor3: Dropping the link to regulator.57
01-01 04:41:08.341 0 0 I qcom,camera ac50000.qcom,cci: qcom,cam-sensor3: Dropping the link to regulator.86
01-01 04:41:08.373 0 0 I qcom,camera ac4f000.qcom,cci: qcom,cam-sensor0: Linked as a consumer to regulator.55
01-01 04:41:08.377 0 0 I qcom,camera ac4f000.qcom,cci: qcom,cam-sensor0: Linked as a consumer to regulator.52
01-01 04:41:08.379 0 0 I qcom,camera ac4f000.qcom,cci: qcom,cam-sensor0: Linked as a consumer to regulator.57
01-01 04:41:08.380 0 0 I qcom,camera ac4f000.qcom,cci: qcom,cam-sensor0: Linked as a consumer to regulator.77
01-01 04:41:08.405 0 0 I CAM_ERR : CAM-CCI: cam_cci_irq: 238 Base:ffffff801a02d000, M0_Q1 NACK ERROR: 0x10000000
01-01 04:41:08.405 0 0 I CAM_ERR : CAM-CCI: cam_cci_read: 1306 ERROR with Slave 0xc0:
01-01 04:41:08.405 0 0 I CAM_ERR : CAM-CCI: cam_cci_read_bytes: 1561 failed to read rc:-22
01-01 04:41:08.405 0 0 I CAM_ERR : CAM-SENSOR: cam_cci_i2c_read: 35 rc = -22
01-01 04:41:08.405 0 0 I CAM_WARN: CAM-SENSOR: cam_sensor_match_id: 769 read id: 0x0 expected id 0x9281:
01-01 04:41:08.405 0 0 I qcom,camera ac4f000.qcom,cci: qcom,cam-sensor0: Dropping the link to regulator.77
01-01 04:41:08.409 0 0 I qcom,camera ac4f000.qcom,cci: qcom,cam-sensor0: Dropping the link to regulator.57
01-01 04:41:08.410 0 0 I qcom,camera ac4f000.qcom,cci: qcom,cam-sensor0: Dropping the link to regulator.52
01-01 04:41:08.410 0 0 I qcom,camera ac4f000.qcom,cci: qcom,cam-sensor0: Dropping the link to regulator.55
01-01 04:41:08.447 0 0 I qcom,camera ac4f000.qcom,cci: qcom,cam-sensor5: Linked as a consumer to regulator.56
01-01 04:41:08.452 0 0 I qcom,camera ac4f000.qcom,cci: qcom,cam-sensor5: Linked as a consumer to regulator.53
01-01 04:41:08.456 0 0 I qcom,camera ac4f000.qcom,cci: qcom,cam-sensor5: Linked as a consumer to regulator.57
01-01 04:41:08.457 0 0 I qcom,camera ac4f000.qcom,cci: qcom,cam-sensor5: Linked as a consumer to regulator.77
01-01 04:41:07.876 1205 1205 I gsid : no DSU: No such file or directory
01-01 04:41:08.486 0 0 I CAM_ERR : CAM-CCI: cam_cci_irq: 264 Base:ffffff801a02d000, M1_Q1 NACK ERROR: 0x40000000
01-01 04:41:08.486 0 0 I CAM_ERR : CAM-CCI: cam_cci_read: 1306 ERROR with Slave 0xc0:
01-01 04:41:08.486 0 0 I CAM_ERR : CAM-CCI: cam_cci_read_bytes: 1561 failed to read rc:-22
01-01 04:41:08.486 0 0 I CAM_ERR : CAM-SENSOR: cam_cci_i2c_read: 35 rc = -22
01-01 04:41:08.486 0 0 I CAM_WARN: CAM-SENSOR: cam_sensor_match_id: 769 read id: 0x0 expected id 0x9281:
01-01 04:41:08.487 0 0 I qcom,camera ac4f000.qcom,cci: qcom,cam-sensor5: Dropping the link to regulator.77
01-01 04:41:08.492 0 0 I qcom,camera ac4f000.qcom,cci: qcom,cam-sensor5: Dropping the link to regulator.57
01-01 04:41:08.492 0 0 I qcom,camera ac4f000.qcom,cci: qcom,cam-sensor5: Dropping the link to regulator.53
01-01 04:41:08.493 0 0 I qcom,camera ac4f000.qcom,cci: qcom,cam-sensor5: Dropping the link to regulator.56
01-01 04:41:08.531 0 0 I qcom,camera ac50000.qcom,cci: qcom,cam-sensor2: Linked as a consumer to regulator.57
01-01 04:41:08.534 0 0 I qcom,camera ac50000.qcom,cci: qcom,cam-sensor2: Linked as a consumer to regulator.56
01-01 04:41:08.535 0 0 I qcom,camera ac50000.qcom,cci: qcom,cam-sensor2: Linked as a consumer to regulator.54
01-01 04:41:08.564 0 0 I qcom,camera ac50000.qcom,cci: qcom,cam-sensor2: Linked as a consumer to regulator.77
01-01 04:41:08.581 0 0 I CAM_ERR : CAM-CCI: cam_cci_irq: 238 Base:ffffff801a035000, M0_Q1 NACK ERROR: 0x10000000
01-01 04:41:08.581 0 0 I CAM_ERR : CAM-CCI: cam_cci_read: 1306 ERROR with Slave 0x20:
01-01 04:41:08.581 0 0 I CAM_ERR : CAM-CCI: cam_cci_read_bytes: 1561 failed to read rc:-22
01-01 04:41:08.581 0 0 I CAM_ERR : CAM-SENSOR: cam_cci_i2c_read: 35 rc = -22
01-01 04:41:08.581 0 0 I CAM_WARN: CAM-SENSOR: cam_sensor_match_id: 769 read id: 0x0 expected id 0x885a:
01-01 04:41:08.584 0 0 I qcom,camera ac50000.qcom,cci: qcom,cam-sensor2: Dropping the link to regulator.77
01-01 04:41:08.592 0 0 I qcom,camera ac50000.qcom,cci: qcom,cam-sensor2: Dropping the link to regulator.54
01-01 04:41:08.592 0 0 I qcom,camera ac50000.qcom,cci: qcom,cam-sensor2: Dropping the link to regulator.56
01-01 04:41:08.593 0 0 I qcom,camera ac50000.qcom,cci: qcom,cam-sensor2: Dropping the link to regulator.57
01-01 04:41:08.629 0 0 I qcom,camera ac4f000.qcom,cci: qcom,cam-sensor0: Linked as a consumer to regulator.55
01-01 04:41:08.631 0 0 I qcom,camera ac4f000.qcom,cci: qcom,cam-sensor0: Linked as a consumer to regulator.52
01-01 04:41:08.632 0 0 I qcom,camera ac4f000.qcom,cci: qcom,cam-sensor0: Linked as a consumer to regulator.57
01-01 04:41:08.634 0 0 I qcom,camera ac4f000.qcom,cci: qcom,cam-sensor0: Linked as a consumer to regulator.77
01-01 04:41:08.653 0 0 I CAM_ERR : CAM-CCI: cam_cci_irq: 238 Base:ffffff801a02d000, M0_Q1 NACK ERROR: 0x10000000
01-01 04:41:08.653 0 0 I CAM_ERR : CAM-CCI: cam_cci_read: 1306 ERROR with Slave 0x20:
01-01 04:41:08.653 0 0 I CAM_ERR : CAM-CCI: cam_cci_read_bytes: 1561 failed to read rc:-22
01-01 04:41:08.653 0 0 I CAM_ERR : CAM-SENSOR: cam_cci_i2c_read: 35 rc = -22
01-01 04:41:08.653 0 0 I CAM_WARN: CAM-SENSOR: cam_sensor_match_id: 769 read id: 0x0 expected id 0x362:
01-01 04:41:08.653 0 0 I qcom,camera ac4f000.qcom,cci: qcom,cam-sensor0: Dropping the link to regulator.77
01-01 04:41:08.658 0 0 I qcom,camera ac4f000.qcom,cci: qcom,cam-sensor0: Dropping the link to regulator.57
01-01 04:41:08.659 0 0 I qcom,camera ac4f000.qcom,cci: qcom,cam-sensor0: Dropping the link to regulator.52
01-01 04:41:08.659 0 0 I qcom,camera ac4f000.qcom,cci: qcom,cam-sensor0: Dropping the link to regulator.55
01-01 04:41:08.699 0 0 I qcom,camera ac50000.qcom,cci: qcom,cam-sensor3: Linked as a consumer to regulator.86
01-01 04:41:08.703 0 0 I qcom,camera ac50000.qcom,cci: qcom,cam-sensor3: Linked as a consumer to regulator.57
01-01 04:41:08.705 0 0 I qcom,camera ac50000.qcom,cci: qcom,cam-sensor3: Linked as a consumer to regulator.77
01-01 04:41:08.731 0 0 I CAM_ERR : CAM-CCI: cam_cci_irq: 264 Base:ffffff801a035000, M1_Q1 NACK ERROR: 0x40000000
01-01 04:41:08.731 0 0 I CAM_ERR : CAM-CCI: cam_cci_read: 1306 ERROR with Slave 0xc0:
01-01 04:41:08.731 0 0 I CAM_ERR : CAM-CCI: cam_cci_read_bytes: 1561 failed to read rc:-22
01-01 04:41:08.731 0 0 I CAM_ERR : CAM-SENSOR: cam_cci_i2c_read: 35 rc = -22
01-01 04:41:08.731 0 0 I CAM_WARN: CAM-SENSOR: cam_sensor_match_id: 769 read id: 0x0 expected id 0x9281:
01-01 04:41:08.135 1147 1147 D SystemServerTiming: InitBeforeStartServices took to complete: 808ms
01-01 04:41:08.135 1147 1147 I SystemServerTiming: StartServices
01-01 04:41:08.136 1147 1147 I SystemServerTiming: startBootstrapServices
01-01 04:41:08.136 1147 1147 I SystemServerTiming: StartWatchdog
01-01 04:41:08.732 0 0 I qcom,camera ac50000.qcom,cci: qcom,cam-sensor3: Dropping the link to regulator.77
01-01 04:41:08.737 0 0 I qcom,camera ac50000.qcom,cci: qcom,cam-sensor3: Dropping the link to regulator.57
01-01 04:41:08.737 0 0 I qcom,camera ac50000.qcom,cci: qcom,cam-sensor3: Dropping the link to regulator.86
01-01 04:41:08.160 1147 1147 D SystemServerTiming: StartWatchdog took to complete: 24ms
01-01 04:41:08.160 1147 1147 I SystemServer: Reading configuration...
01-01 04:41:08.160 1147 1147 I SystemServerTiming: ReadingSystemConfig
01-01 04:41:08.160 1147 1147 D SystemServerTiming: ReadingSystemConfig took to complete: 1ms
01-01 04:41:08.160 1147 1147 I SystemServerTiming: PlatformCompat
01-01 04:41:08.162 1147 1230 I SystemServerTimingAsync: InitThreadPoolExec:ReadingSystemConfig
01-01 04:41:08.162 1147 1230 D SystemServerInitThreadPool: Started executing ReadingSystemConfig
01-01 04:41:08.170 1147 1230 I SystemConfig: Reading permissions from /system/etc/sysconfig/framework-sysconfig.xml
01-01 04:41:08.172 1147 1230 I SystemConfig: Reading permissions from /system/etc/sysconfig/hiddenapi-package-whitelist.xml
01-01 04:41:08.173 1147 1147 D CompatConfig: Found a config file: /system/etc/compatconfig/calendar-provider-compat-config.xml
01-01 04:41:08.174 1147 1230 I SystemConfig: Reading permissions from /system/etc/sysconfig/preinstalled-packages-platform.xml
01-01 04:41:08.175 1147 1147 D CompatConfig: Adding: com.android.server.compat.config.Change@7963d4c
01-01 04:41:08.175 1147 1230 I SystemConfig: Reading permissions from /system/etc/sysconfig/preinstalled-packages-com.android.providers.media.module.xml
01-01 04:41:08.177 1147 1230 I SystemConfig: Reading permissions from /system/etc/sysconfig/preinstalled-packages-platform-full-base.xml
01-01 04:41:08.772 0 0 I qcom,camera ac50000.qcom,cci: qcom,cam-sensor2: Linked as a consumer to regulator.57
01-01 04:41:08.773 0 0 I qcom,camera ac50000.qcom,cci: qcom,cam-sensor2: Linked as a consumer to regulator.56
01-01 04:41:08.178 1147 1230 I SystemConfig: Reading permissions from /system/etc/sysconfig/qti_whitelist.xml
01-01 04:41:08.182 1147 1147 D CompatConfig: Found a config file: /system/etc/compatconfig/framework-platform-compat-config.xml
01-01 04:41:08.778 0 0 I qcom,camera ac50000.qcom,cci: qcom,cam-sensor2: Linked as a consumer to regulator.54
01-01 04:41:08.185 1147 1147 D CompatConfig: Adding: com.android.server.compat.config.Change@e809211
01-01 04:41:08.186 1147 1147 D CompatConfig: Adding: com.android.server.compat.config.Change@f383977
01-01 04:41:08.187 1147 1147 D CompatConfig: Adding: com.android.server.compat.config.Change@57ce9e4
01-01 04:41:08.187 1147 1230 I SystemConfig: Reading permissions from /system/etc/permissions/android.test.runner.xml
01-01 04:41:08.189 1147 1230 I SystemConfig: Reading permissions from /system/etc/permissions/com.android.documentsui.xml
01-01 04:41:08.192 1147 1230 I SystemConfig: Reading permissions from /system/etc/permissions/org.apache.http.legacy.xml
01-01 04:41:08.193 1147 1230 I SystemConfig: Reading permissions from /system/etc/permissions/com.android.networkstack.tethering.xml
01-01 04:41:08.195 1147 1230 I SystemConfig: Reading permissions from /system/etc/permissions/android.software.webview.xml
01-01 04:41:08.197 1147 1230 I SystemConfig: Reading permissions from /system/etc/permissions/android.software.live_wallpaper.xml
01-01 04:41:08.198 1147 1230 I SystemConfig: Reading permissions from /system/etc/permissions/com.android.future.usb.accessory.xml
01-01 04:41:08.199 1147 1230 I SystemConfig: Reading permissions from /system/etc/permissions/com.android.networkstack.xml
01-01 04:41:08.201 1147 1230 I SystemConfig: Reading permissions from /system/etc/permissions/android.test.mock.xml
01-01 04:41:08.787 0 0 E wlan : Loading driver v5.2.022.10G +TIMER_MANAGER +MEMORY_DEBUG +PANIC_ON_BUG; 2022-08-17T02:40:51Z; cld:; cmn:;
01-01 04:41:08.203 1147 1230 I SystemConfig: Reading permissions from /system/etc/permissions/com.android.media.remotedisplay.xml
01-01 04:41:08.205 1147 1230 I SystemConfig: Reading permissions from /system/etc/permissions/uimremoteserver.xml
01-01 04:41:08.206 1147 1230 I SystemConfig: Reading permissions from /system/etc/permissions/com.android.nfc_extras.xml
01-01 04:41:08.806 0 0 I qcom,camera ac50000.qcom,cci: qcom,cam-sensor2: Linked as a consumer to regulator.77
01-01 04:41:08.211 1147 1147 D CompatConfig: Adding: com.android.server.compat.config.Change@adc4968
01-01 04:41:08.212 1147 1147 D CompatConfig: Adding: com.android.server.compat.config.Change@c992181
01-01 04:41:08.212 1147 1147 D CompatConfig: Adding: com.android.server.compat.config.Change@2ec226
01-01 04:41:08.213 1147 1147 D CompatConfig: Adding: com.android.server.compat.config.Change@2746e67
01-01 04:41:08.214 1147 1147 D CompatConfig: Adding: com.android.server.compat.config.Change@fe09414
01-01 04:41:08.214 1147 1230 I SystemConfig: Reading permissions from /system/etc/permissions/privapp-permissions-qti.xml
01-01 04:41:08.215 1147 1147 D CompatConfig: Adding: com.android.server.compat.config.Change@cb4dab2
01-01 04:41:08.215 1147 1147 D CompatConfig: Adding: com.android.server.compat.config.Change@b4f8a03
01-01 04:41:08.216 1147 1147 D CompatConfig: Adding: com.android.server.compat.config.Change@e3cdd80
01-01 04:41:08.216 1147 1230 I SystemConfig: Reading permissions from /system/etc/permissions/uimremoteclient.xml
01-01 04:41:08.217 1147 1147 D CompatConfig: Adding: com.android.server.compat.config.Change@311effe
01-01 04:41:08.218 1147 1147 D CompatConfig: Adding: com.android.server.compat.config.Change@236c35f
01-01 04:41:08.218 1147 1230 I SystemConfig: Reading permissions from /system/etc/permissions/privapp-permissions-platform.xml
01-01 04:41:08.219 1147 1147 D CompatConfig: Adding: com.android.server.compat.config.Change@df75e75
01-01 04:41:08.219 1147 1147 D CompatConfig: Adding: com.android.server.compat.config.Change@4990e0a
01-01 04:41:08.220 1147 1147 D CompatConfig: Adding: com.android.server.compat.config.Change@d2e367b
01-01 04:41:08.221 1147 1147 D CompatConfig: Adding: com.android.server.compat.config.Change@f68dc98
01-01 04:41:08.222 1147 1147 D CompatConfig: Adding: com.android.server.compat.config.Change@86c6cf1
01-01 04:41:08.223 1147 1230 I SystemConfig: Reading permissions from /system/etc/permissions/com.android.mediadrm.signer.xml
01-01 04:41:08.223 1147 1147 D CompatConfig: Adding: com.android.server.compat.config.Change@45fbf57
01-01 04:41:08.225 1147 1230 I SystemConfig: Reading permissions from /system/etc/permissions/android.software.freeform_window_management.xml
01-01 04:41:08.227 1147 1230 I SystemConfig: Reading permissions from /system/etc/permissions/android.test.base.xml
01-01 04:41:08.228 1147 1230 I SystemConfig: Reading permissions from /system/etc/permissions/com.android.location.provider.xml
01-01 04:41:08.824 0 0 I CAM_ERR : CAM-CCI: cam_cci_irq: 238 Base:ffffff801a035000, M0_Q1 NACK ERROR: 0x10000000
01-01 04:41:08.825 0 0 I CAM_ERR : CAM-CCI: cam_cci_read: 1306 ERROR with Slave 0x6c:
01-01 04:41:08.825 0 0 I CAM_ERR : CAM-CCI: cam_cci_read_bytes: 1561 failed to read rc:-22
01-01 04:41:08.825 0 0 I CAM_ERR : CAM-SENSOR: cam_cci_i2c_read: 35 rc = -22
01-01 04:41:08.825 0 0 I CAM_WARN: CAM-SENSOR: cam_sensor_match_id: 769 read id: 0x0 expected id 0x885a:
01-01 04:41:08.825 0 0 I qcom,camera ac50000.qcom,cci: qcom,cam-sensor2: Dropping the link to regulator.77
01-01 04:41:08.231 1147 1230 I SystemConfig: Reading permissions from /system/etc/permissions/javax.obex.xml
01-01 04:41:08.232 1147 1230 I SystemConfig: Reading permissions from /system/etc/permissions/platform.xml
01-01 04:41:08.236 1147 1147 D CompatConfig: Adding: com.android.server.compat.config.Change@10ac929
01-01 04:41:08.237 1147 1147 D CompatConfig: Adding: com.android.server.compat.config.Change@99854ae
01-01 04:41:08.238 1147 1147 D CompatConfig: Adding: com.android.server.compat.config.Change@c3d424f
01-01 04:41:08.238 1147 1147 D CompatConfig: Adding: com.android.server.compat.config.Change@8637ddc
01-01 04:41:08.239 1147 1147 D CompatConfig: Adding: com.android.server.compat.config.Change@6ddcee5
01-01 04:41:08.240 1147 1147 D CompatConfig: Adding: com.android.server.compat.config.Change@b990dba
01-01 04:41:08.240 1147 1147 D CompatConfig: Adding: com.android.server.compat.config.Change@a35b46b
01-01 04:41:08.241 1147 1147 D CompatConfig: Adding: com.android.server.compat.config.Change@b989bc8
01-01 04:41:08.242 1147 1147 D CompatConfig: Adding: com.android.server.compat.config.Change@4217461
01-01 04:41:08.242 1147 1147 D CompatConfig: Adding: com.android.server.compat.config.Change@cf92c47
01-01 04:41:08.243 1147 1230 I SystemConfig: Reading permissions from /vendor/etc/permissions/android.hardware.camera.flash-autofocus.xml
01-01 04:41:08.243 1147 1147 D CompatConfig: Adding: com.android.server.compat.config.Change@77fac74
01-01 04:41:08.244 1147 1147 D CompatConfig: Adding: com.android.server.compat.config.Change@d9ff59d
01-01 04:41:08.244 1147 1230 I SystemConfig: Reading permissions from /vendor/etc/permissions/android.software.midi.xml
01-01 04:41:08.245 1147 1147 D CompatConfig: Adding: com.android.server.compat.config.Change@b9245e3
01-01 04:41:08.828 0 0 E ipa3_uc_reg_rdyCB: 2973 bad parm. inout=0000000000000000
01-01 04:41:08.833 0 0 I qcom,camera ac50000.qcom,cci: qcom,cam-sensor2: Dropping the link to regulator.54
01-01 04:41:08.834 0 0 I : wlan_hdd_state wlan major(475) initialized
01-01 04:41:08.834 0 0 D cnss : Start to wait for calibration to complete
01-01 04:41:08.841 0 0 I qcom,camera ac50000.qcom,cci: qcom,cam-sensor2: Dropping the link to regulator.56
01-01 04:41:08.841 0 0 I qcom,camera ac50000.qcom,cci: qcom,cam-sensor2: Dropping the link to regulator.57
01-01 04:41:08.246 1147 1147 D CompatConfig: Adding: com.android.server.compat.config.Change@f251be0
01-01 04:41:08.247 1147 1230 I SystemConfig: Reading permissions from /vendor/etc/permissions/android.hardware.wifi.rtt.xml
01-01 04:41:08.247 1147 1147 D CompatConfig: Adding: com.android.server.compat.config.Change@99455e
01-01 04:41:08.248 1147 1147 D CompatConfig: Adding: com.android.server.compat.config.Change@9195d3f
01-01 04:41:08.248 1147 1230 I SystemConfig: Reading permissions from /vendor/etc/permissions/android.hardware.telephony.gsm.xml
01-01 04:41:08.249 1147 1230 I SystemConfig: Reading permissions from /vendor/etc/permissions/qti_fingerprint_interface.xml
01-01 04:41:08.249 1147 1147 D CompatConfig: Adding: com.android.server.compat.config.Change@1393b55
01-01 04:41:08.251 1147 1147 D CompatConfig: Adding: com.android.server.compat.config.Change@7d08e5b
01-01 04:41:08.251 1147 1230 I SystemConfig: Reading permissions from /vendor/etc/permissions/android.hardware.nfc.hce.xml
01-01 04:41:08.252 1147 1230 I SystemConfig: Reading permissions from /vendor/etc/permissions/vendor.qti.hardware.factory.xml
01-01 04:41:08.253 1147 1230 I SystemConfig: Reading permissions from /vendor/etc/permissions/android.hardware.se.omapi.ese.xml
01-01 04:41:08.254 1147 1230 I SystemConfig: Reading permissions from /vendor/etc/permissions/android.hardware.wifi.xml
01-01 04:41:08.256 1147 1230 I SystemConfig: Reading permissions from /vendor/etc/permissions/android.hardware.vulkan.version-1_1.xml
01-01 04:41:08.258 1147 1147 D CompatConfig: Adding: com.android.server.compat.config.Change@38e800d
01-01 04:41:08.259 1147 1230 I SystemConfig: Reading permissions from /vendor/etc/permissions/android.hardware.nfc.hcef.xml
01-01 04:41:08.260 1147 1147 D CompatConfig: Adding: com.android.server.compat.config.Change@4906dd3
01-01 04:41:08.264 1147 1230 I SystemConfig: Reading permissions from /vendor/etc/permissions/android.hardware.camera.front.xml
01-01 04:41:08.265 1147 1230 I SystemConfig: Reading permissions from /vendor/etc/permissions/android.hardware.sensor.stepdetector.xml
01-01 04:41:08.267 1147 1230 I SystemConfig: Reading permissions from /vendor/etc/permissions/android.hardware.sensor.compass.xml
01-01 04:41:08.267 1147 1147 D CompatConfig: Adding: com.android.server.compat.config.Change@76a142f
01-01 04:41:08.268 1147 1230 I SystemConfig: Reading permissions from /vendor/etc/permissions/android.hardware.nfc.xml
01-01 04:41:08.268 1147 1147 D CompatConfig: Adding: com.android.server.compat.config.Change@240a3c5
01-01 04:41:08.272 1147 1230 I SystemConfig: Reading permissions from /vendor/etc/permissions/android.hardware.sensor.relative_humidity.xml
01-01 04:41:08.273 1147 1147 D CompatConfig: Adding: com.android.server.compat.config.Change@f8dc44b
01-01 04:41:08.275 1147 1230 I SystemConfig: Reading permissions from /vendor/etc/permissions/android.hardware.telephony.ims.xml
01-01 04:41:08.275 1147 1147 D CompatConfig: Adding: com.android.server.compat.config.Change@a8cb741
01-01 04:41:08.276 1147 1147 D CompatConfig: Adding: com.android.server.compat.config.Change@b0604e6
01-01 04:41:08.276 1147 1230 I SystemConfig: Reading permissions from /vendor/etc/permissions/android.hardware.nfc.ese.xml
01-01 04:41:08.277 1147 1147 D CompatConfig: Adding: com.android.server.compat.config.Change@dd274d4
01-01 04:41:08.278 1147 1230 I SystemConfig: Reading permissions from /vendor/etc/permissions/android.hardware.camera.raw.xml
01-01 04:41:08.279 1147 1147 D CompatConfig: Adding: com.android.server.compat.config.Change@f9d8972
01-01 04:41:08.280 1147 1230 I SystemConfig: Reading permissions from /vendor/etc/permissions/android.hardware.nfc.uicc.xml
01-01 04:41:08.280 1147 1147 D CompatConfig: Adding: com.android.server.compat.config.Change@e4c0a40
01-01 04:41:08.281 1147 1230 I SystemConfig: Reading permissions from /vendor/etc/permissions/android.hardware.light.xml
01-01 04:41:08.281 1147 1147 D CompatConfig: Adding: com.android.server.compat.config.Change@bb6cabe
01-01 04:41:08.282 1147 1230 I SystemConfig: Reading permissions from /vendor/etc/permissions/android.hardware.fingerprint.xml
01-01 04:41:08.283 1147 1147 D CompatConfig: Adding: com.android.server.compat.config.Change@78a6c
01-01 04:41:08.284 1147 1230 I SystemConfig: Reading permissions from /vendor/etc/permissions/android.hardware.wifi.direct.xml
01-01 04:41:08.284 1147 1147 D CompatConfig: Adding: com.android.server.compat.config.Change@90d4ca
01-01 04:41:08.874 0 0 E msm-dai-fe soc: qcom,msm-dai-fe: ASoC: no sink widget found for AUXPCM_DL_HL
01-01 04:41:08.875 0 0 I qcom,camera ac4f000.qcom,cci: qcom,cam-sensor4: Linked as a consumer to regulator.55
01-01 04:41:08.883 0 0 E msm-dai-fe soc: qcom,msm-dai-fe: ASoC: Failed to add route AUXPCM_HOSTLESS Playback -> direct -> AUXPCM_DL_HL
01-01 04:41:08.285 1147 1147 D CompatConfig: Adding: com.android.server.compat.config.Change@cbc563b
01-01 04:41:08.286 1147 1230 I SystemConfig: Reading permissions from /vendor/etc/permissions/android.hardware.sensor.accelerometer.xml
01-01 04:41:08.288 1147 1230 I SystemConfig: Reading permissions from /vendor/etc/permissions/android.hardware.se.omapi.uicc.xml
01-01 04:41:08.290 1147 1230 I SystemConfig: Reading permissions from /vendor/etc/permissions/android.hardware.vulkan.level-1.xml
01-01 04:41:08.883 0 0 E msm-dai-fe soc: qcom,msm-dai-fe: ASoC: no source widget found for AUXPCM_UL_HL
01-01 04:41:08.291 1147 1230 I SystemConfig: Reading permissions from /vendor/etc/permissions/android.software.sip.voip.xml
01-01 04:41:08.888 0 0 I binder : 1238:1238 ioctl 40046210 fffbbeb8 returned -22
01-01 04:41:08.294 1147 1147 D CompatConfig: Adding: com.android.server.compat.config.Change@2e6bb04
01-01 04:41:08.294 1147 1230 I SystemConfig: Reading permissions from /vendor/etc/permissions/android.hardware.sensor.barometer.xml
01-01 04:41:08.294 1147 1147 D CompatConfig: Adding: com.android.server.compat.config.Change@1873322
01-01 04:41:08.295 1147 1147 D CompatConfig: Adding: com.android.server.compat.config.Change@67151b3
01-01 04:41:08.295 1147 1230 I SystemConfig: Reading permissions from /vendor/etc/permissions/android.hardware.telephony.cdma.xml
01-01 04:41:08.296 1147 1230 I SystemConfig: Reading permissions from /vendor/etc/permissions/android.hardware.sensor.stepcounter.xml
01-01 04:41:08.297 1147 1147 D CompatConfig: Adding: com.android.server.compat.config.Change@1895f6e
01-01 04:41:08.299 1147 1230 I SystemConfig: Reading permissions from /vendor/etc/permissions/android.software.ipsec_tunnels.xml
01-01 04:41:08.299 1147 1147 D CompatConfig: Adding: com.android.server.compat.config.Change@838669c
01-01 04:41:08.299 1147 1147 D CompatConfig: Adding: com.android.server.compat.config.Change@7ef68a5
01-01 04:41:08.300 1147 1230 I SystemConfig: Reading permissions from /vendor/etc/permissions/android.software.device_id_attestation.xml
01-01 04:41:08.300 1147 1147 D CompatConfig: Adding: com.android.server.compat.config.Change@c6b442b
01-01 04:41:08.301 1147 1147 D CompatConfig: Found a config file: /system/etc/compatconfig/documents-ui-compat-config.xml
01-01 04:41:08.301 1147 1230 I SystemConfig: Reading permissions from /vendor/etc/permissions/android.software.verified_boot.xml
01-01 04:41:08.304 1147 1147 D CompatConfig: Adding: com.android.server.compat.config.Change@de9ee46
01-01 04:41:08.305 1147 1147 D CompatConfig: Found a config file: /system/etc/compatconfig/services-platform-compat-config.xml
01-01 04:41:08.898 0 0 I qcom,camera ac4f000.qcom,cci: qcom,cam-sensor4: Linked as a consumer to regulator.52
01-01 04:41:08.903 0 0 E msm-dai-fe soc: qcom,msm-dai-fe: ASoC: Failed to add route AUXPCM_UL_HL -> direct -> AUXPCM_HOSTLESS Capture
01-01 04:41:08.306 1147 1230 I SystemConfig: Reading permissions from /vendor/etc/permissions/android.hardware.camera.full.xml
01-01 04:41:08.307 1147 1147 D CompatConfig: Adding: com.android.server.compat.config.Change@93075d
01-01 04:41:08.308 1147 1230 I SystemConfig: Reading permissions from /vendor/etc/permissions/android.hardware.usb.host.xml
01-01 04:41:08.309 1147 1147 D CompatConfig: Adding: com.android.server.compat.config.Change@5720da3
01-01 04:41:08.310 1147 1147 D CompatConfig: Adding: com.android.server.compat.config.Change@c9a8a0
01-01 04:41:08.310 1147 1147 D CompatConfig: Adding: com.android.server.compat.config.Change@2fdbc59
01-01 04:41:08.310 1147 1230 I SystemConfig: Reading permissions from /vendor/etc/permissions/android.hardware.sensor.gyroscope.xml
01-01 04:41:08.311 1147 1147 D CompatConfig: Adding: com.android.server.compat.config.Change@38de0ff
01-01 04:41:08.312 1147 1230 I SystemConfig: Reading permissions from /vendor/etc/permissions/android.hardware.sensor.ambient_temperature.xml
01-01 04:41:08.313 1147 1147 D CompatConfig: Adding: com.android.server.compat.config.Change@1c4c515
01-01 04:41:08.314 1147 1230 I SystemConfig: Reading permissions from /vendor/etc/permissions/android.hardware.wifi.aware.xml
01-01 04:41:08.916 0 0 I qcom,camera ac4f000.qcom,cci: qcom,cam-sensor4: Linked as a consumer to regulator.57
01-01 04:41:08.917 0 0 I qcom,camera ac4f000.qcom,cci: qcom,cam-sensor4: Linked as a consumer to regulator.77
01-01 04:41:08.322 1147 1230 I SystemConfig: Reading permissions from /vendor/etc/permissions/android.hardware.vulkan.compute-0.xml
01-01 04:41:08.324 1147 1230 I SystemConfig: Reading permissions from /vendor/etc/permissions/android.hardware.audio.pro.xml
01-01 04:41:08.327 1147 1230 I SystemConfig: Reading permissions from /vendor/etc/permissions/android.hardware.opengles.aep.xml
01-01 04:41:08.329 1147 1230 I SystemConfig: Reading permissions from /vendor/etc/permissions/com.nxp.mifare.xml
01-01 04:41:08.920 0 0 E msm-auxpcm-dev soc: qcom,msm-pri-auxpcm: ASoC: no source widget found for AUX_PCM_RX
01-01 04:41:08.926 0 0 I CAM_ERR : CAM-CCI: cam_cci_irq: 238 Base:ffffff801a02d000, M0_Q1 NACK ERROR: 0x10000000
01-01 04:41:08.929 0 0 E msm-auxpcm-dev soc: qcom,msm-pri-auxpcm: ASoC: Failed to add route AUX_PCM_RX -> direct -> AUX PCM Playback
01-01 04:41:08.332 1239 1239 I iorapd : iorapd (the prefetchening) firing up
01-01 04:41:08.334 1147 1230 I SystemConfig: Reading permissions from /vendor/etc/permissions/android.hardware.sensor.proximity.xml
01-01 04:41:08.335 1147 1230 I SystemConfig: Reading permissions from /vendor/etc/permissions/android.hardware.sensor.hifi_sensors.xml
01-01 04:41:08.337 1147 1147 D CompatConfig: Adding: com.android.server.compat.config.Change@d4981cd
01-01 04:41:08.338 1147 1230 I SystemConfig: Reading permissions from /vendor/etc/permissions/vendor-qti-hardware-sensorscalibrate.xml
01-01 04:41:08.338 1147 1147 D CompatConfig: Adding: com.android.server.compat.config.Change@cd1a593
01-01 04:41:08.338 1239 1239 I iorapd : Opened existing database at '/data/misc/iorapd/sqlite.db'
01-01 04:41:08.339 1147 1230 I SystemConfig: Reading permissions from /vendor/etc/permissions/android.hardware.bluetooth.xml
01-01 04:41:08.339 1147 1147 D CompatConfig: Adding: com.android.server.compat.config.Change@796dc9
01-01 04:41:08.339 1239 1239 W iorapd : Reconnect to package manager service: 1 times
01-01 04:41:08.339 1147 1147 D CompatConfig: Adding: com.android.server.compat.config.Change@59d2cce
01-01 04:41:08.340 1147 1230 I SystemConfig: Reading permissions from /vendor/etc/permissions/handheld_core_hardware.xml
01-01 04:41:08.931 0 0 I CAM_ERR : CAM-CCI: cam_cci_read: 1306 ERROR with Slave 0x34:
01-01 04:41:08.937 0 0 I binder : 1239:1239 ioctl 40046210 7fe5841f64 returned -22
01-01 04:41:08.340 1147 1147 D CompatConfig: Adding: com.android.server.compat.config.Change@4a362fc
01-01 04:41:08.341 1147 1147 D CompatConfig: Adding: com.android.server.compat.config.Change@ca21d85
01-01 04:41:08.341 1147 1230 I SystemConfig: Reading permissions from /vendor/etc/permissions/android.hardware.bluetooth_le.xml
01-01 04:41:08.341 1147 1147 D CompatConfig: Adding: com.android.server.compat.config.Change@46340b
01-01 04:41:08.342 1147 1147 D CompatConfig: Adding: com.android.server.compat.config.Change@d41b2e8
01-01 04:41:08.342 1147 1230 I SystemConfig: Reading permissions from /vendor/etc/permissions/android.hardware.wifi.passpoint.xml
01-01 04:41:08.941 0 0 I CAM_ERR : CAM-CCI: cam_cci_read_bytes: 1561 failed to read rc:-22
01-01 04:41:08.941 0 0 I CAM_ERR : CAM-SENSOR: cam_cci_i2c_read: 35 rc = -22
01-01 04:41:08.941 0 0 I CAM_WARN: CAM-SENSOR: cam_sensor_match_id: 769 read id: 0x0 expected id 0x586:
01-01 04:41:08.941 0 0 E msm-auxpcm-dev soc: qcom,msm-pri-auxpcm: ASoC: no sink widget found for AUX_PCM_TX
01-01 04:41:08.944 0 0 I qcom,camera ac4f000.qcom,cci: qcom,cam-sensor4: Dropping the link to regulator.77
01-01 04:41:08.342 1147 1147 D CompatConfig: Adding: com.android.server.compat.config.Change@3e07a6
01-01 04:41:08.343 1147 1230 I SystemConfig: Reading permissions from /vendor/etc/permissions/android.hardware.location.gps.xml
01-01 04:41:08.343 1147 1147 D CompatConfig: Adding: com.android.server.compat.config.Change@f31594
01-01 04:41:08.344 1147 1147 D CompatConfig: Adding: com.android.server.compat.config.Change@c8b783d
01-01 04:41:08.344 1147 1230 I SystemConfig: Reading permissions from /vendor/etc/permissions/android.hardware.usb.accessory.xml
01-01 04:41:08.344 1147 1147 D CompatConfig: Adding: com.android.server.compat.config.Change@fff1983
01-01 04:41:08.345 1147 1230 I SystemConfig: Reading permissions from /vendor/etc/permissions/android.hardware.touchscreen.multitouch.jazzhand.xml
01-01 04:41:08.345 1147 1147 D CompatConfig: Adding: com.android.server.compat.config.Change@3bc5b39
01-01 04:41:08.346 1147 1230 I SystemConfig: Reading permissions from /vendor/etc/permissions/android.hardware.audio.low_latency.xml
01-01 04:41:08.346 1147 1147 D CompatConfig: Adding: com.android.server.compat.config.Change@70fcadf
01-01 04:41:08.347 1147 1147 D CompatConfig: Adding: com.android.server.compat.config.Change@903832c
01-01 04:41:08.347 1147 1230 I SystemConfig: Reading permissions from /vendor/etc/permissions/android.software.vulkan.deqp.level.xml
01-01 04:41:08.347 1147 1147 D CompatConfig: Adding: com.android.server.compat.config.Change@d0d5b8a
01-01 04:41:08.348 1147 1230 I SystemConfig: Reading permissions from /vendor/etc/permissions/android.hardware.sensor.light.xml
01-01 04:41:08.348 1147 1147 D CompatConfig: Adding: com.android.server.compat.config.Change@8bba618
01-01 04:41:08.349 1147 1147 D CompatConfig: Adding: com.android.server.compat.config.Change@3113871
01-01 04:41:08.349 1147 1147 D CompatConfig: Adding: com.android.server.compat.config.Change@5eda656
01-01 04:41:08.351 1147 1147 D CompatConfig: Adding: com.android.server.compat.config.Change@b6236d7
01-01 04:41:08.352 1147 1147 D CompatConfig: Adding: com.android.server.compat.config.Change@6d10bc4
01-01 04:41:08.354 1147 1147 D CompatConfig: Adding: com.android.server.compat.config.Change@ab5d1e2
01-01 04:41:08.354 1147 1230 I SystemConfig: Reading permissions from /vendor/etc/permissions/com.android.nfc_extras.xml
01-01 04:41:08.355 1147 1147 D CompatConfig: Adding: com.android.server.compat.config.Change@c296973
01-01 04:41:08.356 1147 1147 D CompatConfig: Adding: com.android.server.compat.config.Change@db52030
01-01 04:41:08.358 1147 1230 I SystemConfig: Reading permissions from /product/etc/sysconfig/preinstalled-packages-platform-handheld-product.xml
01-01 04:41:08.359 1147 1230 I SystemConfig: Reading permissions from /product/etc/sysconfig/preinstalled-packages-platform-overlays.xml
01-01 04:41:08.362 1147 1147 D CompatConfig: Adding: com.android.server.compat.config.Change@32729cf
01-01 04:41:08.363 1147 1147 D CompatConfig: Adding: com.android.server.compat.config.Change@b840f5c
01-01 04:41:08.364 1147 1230 I SystemConfig: Reading permissions from /product/etc/permissions/vendor.qti.hardware.data.connection-V1.1-java.xml
01-01 04:41:08.950 0 0 E msm-auxpcm-dev soc: qcom,msm-pri-auxpcm: ASoC: Failed to add route AUX PCM Capture -> direct -> AUX_PCM_TX
01-01 04:41:08.950 0 0 I qcom,camera ac4f000.qcom,cci: qcom,cam-sensor4: Dropping the link to regulator.57
01-01 04:41:08.365 1147 1147 D CompatConfig: Adding: com.android.server.compat.config.Change@e7bbb3a
01-01 04:41:08.365 1147 1230 I SystemConfig: Reading permissions from /product/etc/permissions/com.android.settings.intelligence.xml
01-01 04:41:08.366 1147 1147 D CompatConfig: Adding: com.android.server.compat.config.Change@1f0c548
01-01 04:41:08.366 1147 1230 I SystemConfig: Reading permissions from /product/etc/permissions/com.android.contacts.xml
01-01 04:41:08.367 1147 1147 D CompatConfig: Adding: com.android.server.compat.config.Change@dda5106
01-01 04:41:08.368 1147 1230 I SystemConfig: Reading permissions from /product/etc/permissions/UimService.xml
01-01 04:41:08.368 1147 1147 D CompatConfig: Adding: com.android.server.compat.config.Change@8f0edf4
01-01 04:41:08.369 1147 1147 D CompatConfig: Adding: com.android.server.compat.config.Change@a3a7792
01-01 04:41:08.369 1147 1230 I SystemConfig: Reading permissions from /product/etc/permissions/com.android.imsserviceentitlement.xml
01-01 04:41:08.369 1147 1147 D CompatConfig: Adding: com.android.server.compat.config.Change@83f9563
01-01 04:41:08.370 1147 1147 D CompatConfig: Adding: com.android.server.compat.config.Change@28f560
01-01 04:41:08.370 1147 1230 I SystemConfig: Reading permissions from /product/etc/permissions/UimGbaManager.xml
01-01 04:41:08.377 1147 1147 D CompatConfig: Adding: com.android.server.compat.config.Change@f047ade
01-01 04:41:08.378 1147 1230 I SystemConfig: Reading permissions from /product/etc/permissions/qti_telephony_utils_prd.xml
01-01 04:41:08.378 1147 1147 D CompatConfig: Adding: com.android.server.compat.config.Change@b18078c
01-01 04:41:08.379 1147 1147 D CompatConfig: Adding: com.android.server.compat.config.Change@dd00ed5
01-01 04:41:08.379 1147 1147 D CompatConfig: Adding: com.android.server.compat.config.Change@3d966ea
01-01 04:41:08.380 1147 1230 I SystemConfig: Reading permissions from /product/etc/permissions/vendor.qti.hardware.data.connection-V1.0-java.xml
01-01 04:41:08.380 1147 1147 D CompatConfig: Adding: com.android.server.compat.config.Change@4041078
01-01 04:41:08.381 1147 1147 D CompatConfig: Adding: com.android.server.compat.config.Change@78fc351
01-01 04:41:08.381 1147 1230 I SystemConfig: Reading permissions from /product/etc/permissions/com.android.dialer.xml
01-01 04:41:08.382 1147 1147 D CompatConfig: Adding: com.android.server.compat.config.Change@493ecb7
01-01 04:41:08.382 1147 1230 I SystemConfig: Reading permissions from /product/etc/permissions/qti_telephony_hidl_wrapper_prd.xml
01-01 04:41:08.382 1147 1147 D CompatConfig: Adding: com.android.server.compat.config.Change@abc438d
01-01 04:41:08.383 1147 1147 D CompatConfig: Adding: com.android.server.compat.config.Change@acbe942
01-01 04:41:08.384 1147 1230 I SystemConfig: Reading permissions from /product/etc/permissions/lpa.xml
01-01 04:41:08.385 1147 1230 I SystemConfig: Reading permissions from /product/etc/permissions/RemoteSimlockManager.xml
01-01 04:41:08.962 0 0 E msm-auxpcm-dev soc: qcom,msm-sec-auxpcm: ASoC: no source widget found for SEC_AUX_PCM_RX
01-01 04:41:08.962 0 0 I qcom,camera ac4f000.qcom,cci: qcom,cam-sensor4: Dropping the link to regulator.52
01-01 04:41:08.972 0 0 E msm-auxpcm-dev soc: qcom,msm-sec-auxpcm: ASoC: Failed to add route SEC_AUX_PCM_RX -> direct -> Sec AUX PCM Playback
01-01 04:41:08.972 0 0 I qcom,camera ac4f000.qcom,cci: qcom,cam-sensor4: Dropping the link to regulator.55
01-01 04:41:08.387 1147 1230 I SystemConfig: Reading permissions from /product/etc/permissions/UimGba.xml
01-01 04:41:08.388 1147 1230 I SystemConfig: Reading permissions from /product/etc/permissions/privapp-permissions-soundrecorder.xml
01-01 04:41:08.390 1147 1230 I SystemConfig: Reading permissions from /product/etc/permissions/extphonelib_product.xml
01-01 04:41:08.390 1147 1147 D CompatConfig: Adding: com.android.server.compat.config.Change@9726bbc
01-01 04:41:08.391 1147 1147 D CompatConfig: Adding: com.android.server.compat.config.Change@1f35745
01-01 04:41:08.391 1147 1147 D CompatConfig: Adding: com.android.server.compat.config.Change@d915e9a
01-01 04:41:08.392 1147 1230 I SystemConfig: Reading permissions from /product/etc/permissions/telephony_product_privapp-permissions-qti.xml
01-01 04:41:08.392 1147 1147 D CompatConfig: Adding: com.android.server.compat.config.Change@8d887a8
01-01 04:41:08.393 1147 1147 D CompatConfig: Found a config file: /system/etc/compatconfig/icu4j-platform-compat-config.xml
01-01 04:41:08.394 1147 1230 I SystemConfig: Reading permissions from /product/etc/permissions/com.qti.snapdragon.sdk.display.xml
01-01 04:41:08.395 1147 1147 D CompatConfig: Adding: com.android.server.compat.config.Change@8c371a7
01-01 04:41:08.395 1147 1230 I SystemConfig: Reading permissions from /product/etc/permissions/RemoteSimlock.xml
01-01 04:41:08.396 1147 1230 I SystemConfig: Reading permissions from /product/etc/permissions/ims_ext_common.xml
01-01 04:41:08.397 1147 1147 D CompatConfig: Found a config file: /system/system_ext/etc/compatconfig/settings-platform-compat-config.xml
01-01 04:41:08.398 1147 1147 D CompatConfig: Adding: com.android.server.compat.config.Change@cab8143
01-01 04:41:08.399 1147 1230 I SystemConfig: Reading permissions from /system_ext/etc/sysconfig/qti_whitelist_system_ext.xml
01-01 04:41:08.400 1147 1230 I SystemConfig: Reading permissions from /system_ext/etc/sysconfig/qti_telephony_system_packages_config.xml
01-01 04:41:08.402 1147 1230 I SystemConfig: Reading permissions from /system_ext/etc/permissions/privapp-permissions-qti-system-ext.xml
01-01 04:41:08.406 1147 1230 I SystemConfig: Reading permissions from /system_ext/etc/permissions/com.android.settings.xml
01-01 04:41:08.985 0 0 E msm-auxpcm-dev soc: qcom,msm-sec-auxpcm: ASoC: no sink widget found for SEC_AUX_PCM_TX
01-01 04:41:08.994 0 0 E msm-auxpcm-dev soc: qcom,msm-sec-auxpcm: ASoC: Failed to add route Sec AUX PCM Capture -> direct -> SEC_AUX_PCM_TX
01-01 04:41:09.007 0 0 E msm-auxpcm-dev soc: qcom,msm-tert-auxpcm: ASoC: no source widget found for TERT_AUX_PCM_RX
01-01 04:41:08.409 1147 1147 D CompatConfig: No directory /apex/com.android.vndk.v30/etc/compatconfig, skipping
01-01 04:41:08.409 1147 1147 D CompatConfig: No directory /apex/com.android.wifi/etc/compatconfig, skipping
01-01 04:41:08.410 1147 1147 D CompatConfig: No directory /apex/com.android.vndk.v31/etc/compatconfig, skipping
01-01 04:41:08.410 1147 1147 D CompatConfig: No directory /apex/com.android.tzdata/etc/compatconfig, skipping
01-01 04:41:08.411 1147 1147 D CompatConfig: No directory /apex/com.android.tethering/etc/compatconfig, skipping
01-01 04:41:08.411 1147 1147 D CompatConfig: No directory /apex/com.android.sdkext/etc/compatconfig, skipping
01-01 04:41:08.411 1147 1230 I SystemConfig: Reading permissions from /system_ext/etc/permissions/com.qualcomm.qti.imscmservice-V2.0-java.xml
01-01 04:41:08.412 1147 1147 D CompatConfig: No directory /apex/com.android.scheduling/etc/compatconfig, skipping
01-01 04:41:08.412 1147 1147 D CompatConfig: No directory /apex/com.android.runtime/etc/compatconfig, skipping
01-01 04:41:08.413 1147 1147 D CompatConfig: No directory /apex/com.android.resolv/etc/compatconfig, skipping
01-01 04:41:08.413 1147 1230 I SystemConfig: Reading permissions from /system_ext/etc/permissions/privapp-permissions-mms.xml
01-01 04:41:08.413 1147 1147 D CompatConfig: No directory /apex/com.android.permission/etc/compatconfig, skipping
01-01 04:41:08.414 1147 1147 D CompatConfig: No directory /apex/com.android.os.statsd/etc/compatconfig, skipping
01-01 04:41:08.414 1147 1147 D CompatConfig: No directory /apex/com.android.neuralnetworks/etc/compatconfig, skipping
01-01 04:41:08.415 1147 1230 I SystemConfig: Reading permissions from /system_ext/etc/permissions/telephony_system-ext_privapp-permissions-qti.xml
01-01 04:41:08.419 1147 1147 D CompatConfig: Found a config file: /apex/com.android.mediaprovider/etc/compatconfig/media-provider-platform-compat-config.xml
01-01 04:41:08.422 1147 1230 I SystemConfig: Reading permissions from /system_ext/etc/permissions/com.android.carrierconfig.xml
01-01 04:41:08.424 1147 1230 I SystemConfig: Reading permissions from /system_ext/etc/permissions/qcrilhook.xml
01-01 04:41:08.426 1147 1230 I SystemConfig: Reading permissions from /system_ext/etc/permissions/privapp-permissions-com.qualcomm.location.xml
01-01 04:41:08.426 1147 1147 D CompatConfig: Adding: com.android.server.compat.config.Change@7161297
01-01 04:41:09.017 0 0 E msm-auxpcm-dev soc: qcom,msm-tert-auxpcm: ASoC: Failed to add route TERT_AUX_PCM_RX -> direct -> Tert AUX PCM Playback
01-01 04:41:09.024 0 0 I qcom,camera ac4f000.qcom,cci: qcom,cam-sensor4: Linked as a consumer to regulator.55
01-01 04:41:09.029 0 0 E msm-auxpcm-dev soc: qcom,msm-tert-auxpcm: ASoC: no sink widget found for TERT_AUX_PCM_TX
01-01 04:41:08.432 1147 1230 I SystemConfig: Reading permissions from /system_ext/etc/permissions/android.software.verified_boot.xml
01-01 04:41:08.433 1147 1147 D CompatConfig: Adding: com.android.server.compat.config.Change@4a68c6d
01-01 04:41:08.434 1147 1230 I SystemConfig: Reading permissions from /system_ext/etc/permissions/com.qualcomm.qti.imscmservice-V2.2-java.xml
01-01 04:41:09.034 0 0 I qcom,camera ac4f000.qcom,cci: qcom,cam-sensor4: Linked as a consumer to regulator.52
01-01 04:41:08.435 1147 1147 D CompatConfig: Adding: com.android.server.compat.config.Change@39f4133
01-01 04:41:08.435 1147 1147 D CompatConfig: Adding: com.android.server.compat.config.Change@11e7cf0
01-01 04:41:08.436 1147 1230 I SystemConfig: Reading permissions from /system_ext/etc/permissions/audiosphere.xml
01-01 04:41:08.436 1147 1147 D CompatConfig: Adding: com.android.server.compat.config.Change@65b4ee
01-01 04:41:08.437 1147 1147 D CompatConfig: Adding: com.android.server.compat.config.Change@682bd8f
01-01 04:41:08.438 1147 1147 D CompatConfig: Adding: com.android.server.compat.config.Change@706781c
01-01 04:41:08.439 1147 1147 D CompatConfig: No directory /apex/com.android.media.swcodec/etc/compatconfig, skipping
01-01 04:41:08.439 1147 1147 D CompatConfig: No directory /apex/com.android.media/etc/compatconfig, skipping
01-01 04:41:08.439 1147 1147 D CompatConfig: No directory /apex/com.android.ipsec/etc/compatconfig, skipping
01-01 04:41:08.439 1147 1147 D CompatConfig: No directory /apex/com.android.i18n/etc/compatconfig, skipping
01-01 04:41:08.439 1147 1147 D CompatConfig: No directory /apex/com.android.extservices/etc/compatconfig, skipping
01-01 04:41:08.439 1147 1147 D CompatConfig: No directory /apex/com.android.conscrypt/etc/compatconfig, skipping
01-01 04:41:08.440 1147 1147 D CompatConfig: No directory /apex/com.android.cellbroadcast/etc/compatconfig, skipping
01-01 04:41:08.442 1147 1147 D CompatConfig: Found a config file: /apex/com.android.art/etc/compatconfig/libcore-platform-compat-config.xml
01-01 04:41:08.442 1147 1230 I SystemConfig: Reading permissions from /system_ext/etc/permissions/extphonelib.xml
01-01 04:41:08.443 1147 1230 I SystemConfig: Reading permissions from /system_ext/etc/permissions/com.qti.media.secureprocessor.xml
01-01 04:41:08.444 1147 1147 D CompatConfig: Adding: com.android.server.compat.config.Change@c10fa08
01-01 04:41:08.445 1147 1230 I SystemConfig: Reading permissions from /system_ext/etc/permissions/embms.xml
01-01 04:41:08.447 1147 1147 D CompatConfig: Adding: com.android.server.compat.config.Change@64b73c6
01-01 04:41:08.448 1147 1147 D CompatConfig: Adding: com.android.server.compat.config.Change@c8acf87
01-01 04:41:08.448 1147 1230 I SystemConfig: Reading permissions from /system_ext/etc/permissions/dpmapi.xml
01-01 04:41:09.039 0 0 E msm-auxpcm-dev soc: qcom,msm-tert-auxpcm: ASoC: Failed to add route Tert AUX PCM Capture -> direct -> TERT_AUX_PCM_TX
01-01 04:41:09.044 0 0 I qcom,camera ac4f000.qcom,cci: qcom,cam-sensor4: Linked as a consumer to regulator.57
01-01 04:41:08.455 1147 1230 I SystemConfig: Reading permissions from /system_ext/etc/permissions/com.qti.dpmframework.xml
01-01 04:41:08.456 1147 1230 I SystemConfig: Reading permissions from /system_ext/etc/permissions/vendor.qti.ims.rcsservice.xml
01-01 04:41:08.463 1147 1147 D CompatConfig: Adding: com.android.server.compat.config.Change@7badd23
01-01 04:41:08.464 1147 1147 D CompatConfig: Adding: com.android.server.compat.config.Change@6030220
01-01 04:41:09.052 0 0 E msm-auxpcm-dev soc: qcom,msm-quat-auxpcm: ASoC: no source widget found for QUAT_AUX_PCM_RX
01-01 04:41:09.054 0 0 I qcom,camera ac4f000.qcom,cci: qcom,cam-sensor4: Linked as a consumer to regulator.77
01-01 04:41:09.062 0 0 E msm-auxpcm-dev soc: qcom,msm-quat-auxpcm: ASoC: Failed to add route QUAT_AUX_PCM_RX -> direct -> Quat AUX PCM Playback
01-01 04:41:08.465 1147 1147 D CompatConfig: No directory /apex/com.android.appsearch/etc/compatconfig, skipping
01-01 04:41:08.465 1147 1147 D CompatConfig: No directory /apex/com.android.adbd/etc/compatconfig, skipping
01-01 04:41:08.468 1147 1147 D SystemServerTiming: PlatformCompat took to complete: 307ms
01-01 04:41:08.468 1147 1147 I SystemServerTiming: StartFileIntegrityService
01-01 04:41:08.468 1147 1147 I SystemServiceManager: Starting com.android.server.security.FileIntegrityService
01-01 04:41:08.468 1147 1230 I SystemConfig: Reading permissions from /system_ext/etc/permissions/qti_telephony_utils.xml
01-01 04:41:08.470 1147 1230 I SystemConfig: Reading permissions from /system_ext/etc/permissions/com.android.systemui.xml
01-01 04:41:08.473 1147 1230 I SystemConfig: Reading permissions from /system_ext/etc/permissions/com.android.launcher3.xml
01-01 04:41:09.067 0 0 I binder : 1260:1260 ioctl 40046210 7fc44e22a4 returned -22
01-01 04:41:08.478 1147 1230 I SystemConfig: Reading permissions from /system_ext/etc/permissions/com.qualcomm.qti.izattools.xml
01-01 04:41:08.479 1147 1147 D SystemServerTiming: StartFileIntegrityService took to complete: 11ms
01-01 04:41:08.479 1147 1147 I SystemServerTiming: StartInstaller
01-01 04:41:08.479 1147 1147 I SystemServiceManager: Starting com.android.server.pm.Installer
01-01 04:41:08.480 1147 1147 W Installer: installd not found; trying again
01-01 04:41:08.480 1147 1230 I SystemConfig: Reading permissions from /system_ext/etc/permissions/com.qti.location.sdk.xml
01-01 04:41:08.481 1147 1230 I SystemConfig: Reading permissions from /system_ext/etc/permissions/wfd-system-ext-privapp-permissions-qti.xml
01-01 04:41:08.483 1147 1230 I SystemConfig: Reading permissions from /system_ext/etc/permissions/com.qualcomm.location.xml
01-01 04:41:08.484 1147 1147 D SystemServerTiming: StartInstaller took to complete: 5ms
01-01 04:41:08.484 1147 1147 I SystemServerTiming: DeviceIdentifiersPolicyService
01-01 04:41:08.484 1147 1147 I SystemServiceManager: Starting com.android.server.os.DeviceIdentifiersPolicyService
01-01 04:41:08.484 1147 1230 I SystemConfig: Reading permissions from /system_ext/etc/permissions/com.qualcomm.qti.imscmservice-V2.1-java.xml
01-01 04:41:08.484 1147 1147 D SystemServerTiming: DeviceIdentifiersPolicyService took to complete: 1ms
01-01 04:41:08.485 1147 1147 I SystemServerTiming: UriGrantsManagerService
01-01 04:41:08.485 1147 1147 I SystemServiceManager: Starting com.android.server.uri.UriGrantsManagerService$Lifecycle
01-01 04:41:08.485 1147 1147 D SystemServerTiming: UriGrantsManagerService took to complete: 1ms
01-01 04:41:08.485 1147 1147 I SystemServerTiming: StartPowerStatsService
01-01 04:41:08.486 1147 1147 I SystemServiceManager: Starting com.android.server.powerstats.PowerStatsService
01-01 04:41:08.486 1147 1230 I SystemConfig: Reading permissions from /system_ext/etc/permissions/com.android.provision.xml
01-01 04:41:08.488 1147 1230 I SystemConfig: Reading permissions from /system_ext/etc/permissions/com.nxp.nfc.nq.xml
01-01 04:41:08.496 1147 1230 I SystemConfig: Reading permissions from /system_ext/etc/permissions/embms-noship_product_privapp_permissions_qti.xml
01-01 04:41:09.075 0 0 E msm-auxpcm-dev soc: qcom,msm-quat-auxpcm: ASoC: no sink widget found for QUAT_AUX_PCM_TX
01-01 04:41:09.085 0 0 E msm-auxpcm-dev soc: qcom,msm-quat-auxpcm: ASoC: Failed to add route Quat AUX PCM Capture -> direct -> QUAT_AUX_PCM_TX
01-01 04:41:09.087 0 0 I binder : 1147:1147 ioctl 40046210 7fc7d79224 returned -22
01-01 04:41:09.089 0 0 I CAM_ERR : CAM-CCI: cam_cci_irq: 238 Base:ffffff801a02d000, M0_Q1 NACK ERROR: 0x10000000
01-01 04:41:09.092 0 0 I CAM_ERR : CAM-CCI: cam_cci_read: 1306 ERROR with Slave 0xc0:
