01-01 04:41:09.092 0 0 I CAM_ERR : CAM-CCI: cam_cci_read_bytes: 1561 failed to read rc:-22
01-01 04:41:09.092 0 0 I CAM_ERR : CAM-SENSOR: cam_cci_i2c_read: 35 rc = -22
01-01 04:41:09.092 0 0 I CAM_WARN: CAM-SENSOR: cam_sensor_match_id: 769 read id: 0x0 expected id 0x9281:
01-01 04:41:09.093 0 0 I qcom,camera ac4f000.qcom,cci: qcom,cam-sensor4: Dropping the link to regulator.77
01-01 04:41:08.498 1147 1230 I SystemConfig: Reading permissions from /system_ext/etc/permissions/qti_supplicant_interface.xml
01-01 04:41:08.500 1147 1230 I SystemConfig: Reading permissions from /system_ext/etc/permissions/izat.xt.srv.xml
01-01 04:41:08.503 1147 1230 I SystemConfig: Reading permissions from /system_ext/etc/permissions/com.qualcomm.qti.imscmservice.xml
01-01 04:41:08.504 1147 1147 D SystemServerTiming: StartPowerStatsService took to complete: 18ms
01-01 04:41:08.504 1147 1147 I SystemServerTiming: StartIStatsService
01-01 04:41:08.505 1147 1230 I SystemConfig: Reading permissions from /system_ext/etc/permissions/com.android.storagemanager.xml
01-01 04:41:08.506 1147 1230 I SystemConfig: Reading permissions from /system_ext/etc/permissions/qti_permissions.xml
01-01 04:41:08.508 1147 1230 I SystemConfig: Reading permissions from /system_ext/etc/permissions/com.qualcomm.qmapbridge.xml
01-01 04:41:08.510 1147 1230 I SystemConfig: Reading permissions from /system_ext/etc/permissions/qti_libpermissions.xml
01-01 04:41:09.098 0 0 I qcom,camera ac4f000.qcom,cci: qcom,cam-sensor4: Dropping the link to regulator.57
01-01 04:41:09.098 0 0 E msm-auxpcm-dev soc: qcom,msm-quin-auxpcm: ASoC: no source widget found for QUIN_AUX_PCM_RX
01-01 04:41:09.098 0 0 I qcom,camera ac4f000.qcom,cci: qcom,cam-sensor4: Dropping the link to regulator.52
01-01 04:41:09.108 0 0 E msm-auxpcm-dev soc: qcom,msm-quin-auxpcm: ASoC: Failed to add route QUIN_AUX_PCM_RX -> direct -> Quin AUX PCM Playback
01-01 04:41:09.109 0 0 I qcom,camera ac4f000.qcom,cci: qcom,cam-sensor4: Dropping the link to regulator.55
01-01 04:41:08.513 1147 1147 D SystemServerTiming: StartIStatsService took to complete: 9ms
01-01 04:41:08.513 1147 1147 I SystemServerTiming: MemtrackProxyService
01-01 04:41:08.514 1147 1230 I SystemConfig: Reading permissions from /system_ext/etc/permissions/privapp-permissions-aptxals.xml
01-01 04:41:08.515 1147 1230 I SystemConfig: Reading permissions from /system_ext/etc/permissions/qti_telephony_hidl_wrapper.xml
01-01 04:41:08.516 1147 1230 I SystemConfig: Reading permissions from /system_ext/etc/permissions/com.android.emergency.xml
01-01 04:41:08.520 1147 1147 D SystemServerTiming: MemtrackProxyService took to complete: 7ms
01-01 04:41:08.520 1147 1147 I SystemServerTiming: StartActivityManager
01-01 04:41:08.520 1147 1147 I SystemServiceManager: Starting com.android.server.wm.ActivityTaskManagerService$Lifecycle
01-01 04:41:08.522 1147 1230 I SystemConfig: Reading permissions from /apex/com.android.ipsec/etc/permissions/android.net.ipsec.ike.xml
01-01 04:41:08.526 1147 1230 D SystemConfig: readAllPermissions took to complete: 363ms
01-01 04:41:08.526 1147 1230 D SystemServerInitThreadPool: Finished executing ReadingSystemConfig
01-01 04:41:08.526 1147 1230 D SystemServerTimingAsync: InitThreadPoolExec:ReadingSystemConfig took to complete: 365ms
01-01 04:41:09.121 0 0 E msm-auxpcm-dev soc: qcom,msm-quin-auxpcm: ASoC: no sink widget found for QUIN_AUX_PCM_TX
01-01 04:41:08.532 1147 1147 I SystemServiceManager: Starting com.android.server.am.ActivityManagerService$Lifecycle
01-01 04:41:08.545 1147 1147 I ActivityManager: Memory class: 512
01-01 04:41:09.130 0 0 E msm-auxpcm-dev soc: qcom,msm-quin-auxpcm: ASoC: Failed to add route Quin AUX PCM Capture -> direct -> QUIN_AUX_PCM_TX
01-01 04:41:09.143 0 0 E msm-auxpcm-dev soc: qcom,msm-sen-auxpcm: ASoC: no source widget found for SEN_AUX_PCM_RX
01-01 04:41:08.556 1147 1281 I Binder : Setting heavy hitter watcher config: false, 0, 0.0
01-01 04:41:09.153 0 0 E msm-auxpcm-dev soc: qcom,msm-sen-auxpcm: ASoC: Failed to add route SEN_AUX_PCM_RX -> direct -> Sen AUX PCM Playback
01-01 04:41:09.166 0 0 E msm-auxpcm-dev soc: qcom,msm-sen-auxpcm: ASoC: no sink widget found for SEN_AUX_PCM_TX
01-01 04:41:09.175 0 0 E msm-auxpcm-dev soc: qcom,msm-sen-auxpcm: ASoC: Failed to add route Sen AUX PCM Capture -> direct -> SEN_AUX_PCM_TX
01-01 04:41:09.175 0 0 I qcom,camera ac50000.qcom,cci: qcom,cam-sensor2: Linked as a consumer to regulator.56
01-01 04:41:09.186 0 0 I binder : 1273:1273 ioctl 40046210 7fcdc22164 returned -22
01-01 04:41:09.188 0 0 W msm-dai-q6-hdmi soc: qcom,msm-dai-q6-dp: DAI driver id is not set
01-01 04:41:09.192 0 0 I qcom,camera ac50000.qcom,cci: qcom,cam-sensor2: Linked as a consumer to regulator.54
01-01 04:41:08.599 1279 1279 I installd: installd firing up
01-01 04:41:09.198 0 0 I qcom,camera ac50000.qcom,cci: qcom,cam-sensor2: Linked as a consumer to regulator.57
01-01 04:41:09.200 0 0 I qcom,camera ac50000.qcom,cci: qcom,cam-sensor2: Linked as a consumer to regulator.77
01-01 04:41:09.201 0 0 I binder : 1279:1279 ioctl 40046210 7ff5b6d254 returned -22
01-01 04:41:08.618 1147 1147 D BatteryStatsImpl: Reading daily items from /data/system/batterystats-daily.xml
01-01 04:41:09.216 0 0 I binder : 1277:1277 ioctl 40046210 7ff3abfc14 returned -22
01-01 04:41:09.233 0 0 I CAM_ERR : CAM-CCI: cam_cci_irq: 238 Base:ffffff801a035000, M0_Q1 NACK ERROR: 0x10000000
01-01 04:41:09.233 0 0 I CAM_ERR : CAM-CCI: cam_cci_read: 1306 ERROR with Slave 0x20:
01-01 04:41:09.233 0 0 I CAM_ERR : CAM-CCI: cam_cci_read_bytes: 1561 failed to read rc:-22
01-01 04:41:09.233 0 0 I CAM_ERR : CAM-SENSOR: cam_cci_i2c_read: 35 rc = -22
01-01 04:41:09.233 0 0 I CAM_WARN: CAM-SENSOR: cam_sensor_match_id: 769 read id: 0x0 expected id 0x9281:
01-01 04:41:09.234 0 0 I qcom,camera ac50000.qcom,cci: qcom,cam-sensor2: Dropping the link to regulator.77
01-01 04:41:09.238 0 0 I qcom,camera ac50000.qcom,cci: qcom,cam-sensor2: Dropping the link to regulator.57
01-01 04:41:09.239 0 0 I qcom,camera ac50000.qcom,cci: qcom,cam-sensor2: Dropping the link to regulator.54
01-01 04:41:09.239 0 0 I qcom,camera ac50000.qcom,cci: qcom,cam-sensor2: Dropping the link to regulator.56
01-01 04:41:08.650 1147 1299 I KernelCpuUidFreqTimeReader: mPerClusterTimesAvailable=false
01-01 04:41:09.253 0 0 I binder : 1287:1287 ioctl 40046210 7ffc51e064 returned -22
01-01 04:41:08.672 1147 1299 E KernelCpuSpeedReader: Failed to read cpu-freq: /sys/devices/system/cpu/cpu4/cpufreq/stats/time_in_state: open failed: ENOENT (No such file or directory)
01-01 04:41:08.673 1147 1299 E KernelCpuSpeedReader: Failed to read cpu-freq: /sys/devices/system/cpu/cpu0/cpufreq/stats/time_in_state: open failed: ENOENT (No such file or directory)
01-01 04:41:09.292 0 0 I qcom,camera ac4f000.qcom,cci: qcom,cam-sensor0: Linked as a consumer to regulator.55
01-01 04:41:09.299 0 0 I qcom,camera ac4f000.qcom,cci: qcom,cam-sensor0: Linked as a consumer to regulator.52
01-01 04:41:09.308 0 0 I qcom,camera ac4f000.qcom,cci: qcom,cam-sensor0: Linked as a consumer to regulator.57
01-01 04:41:09.314 0 0 I qcom,camera ac4f000.qcom,cci: qcom,cam-sensor0: Linked as a consumer to regulator.77
01-01 04:41:08.748 1147 1299 W KernelMemoryBandwidthStats: No kernel memory bandwidth stats available
01-01 04:41:09.350 0 0 I CAM_ERR : CAM-CCI: cam_cci_irq: 238 Base:ffffff801a02d000, M0_Q1 NACK ERROR: 0x10000000
01-01 04:41:09.350 0 0 I CAM_ERR : CAM-CCI: cam_cci_read: 1306 ERROR with Slave 0x34:
01-01 04:41:09.350 0 0 I CAM_ERR : CAM-CCI: cam_cci_read_bytes: 1561 failed to read rc:-22
01-01 04:41:09.350 0 0 I CAM_ERR : CAM-SENSOR: cam_cci_i2c_read: 35 rc = -22
01-01 04:41:09.350 0 0 I CAM_WARN: CAM-SENSOR: cam_sensor_match_id: 769 read id: 0x0 expected id 0x563:
01-01 04:41:09.350 0 0 W swr-wcd wsa_swr_ctrl: DMA mask not set
01-01 04:41:09.352 0 0 I qcom,camera ac4f000.qcom,cci: qcom,cam-sensor0: Dropping the link to regulator.77
01-01 04:41:09.355 0 0 W swr-wcd rx_swr_ctrl: DMA mask not set
01-01 04:41:09.358 0 0 I qcom,camera ac4f000.qcom,cci: qcom,cam-sensor0: Dropping the link to regulator.57
01-01 04:41:09.380 0 0 I qcom,camera ac4f000.qcom,cci: qcom,cam-sensor0: Dropping the link to regulator.52
01-01 04:41:09.381 0 0 I qcom,camera ac4f000.qcom,cci: qcom,cam-sensor0: Dropping the link to regulator.55
01-01 04:41:09.403 0 0 I binder : 1304:1304 ioctl 40046210 7fcae5c984 returned -22
01-01 04:41:09.424 0 0 I binder : 1313:1313 ioctl 40046210 7feb225764 returned -22
01-01 04:41:09.434 0 0 I binder : 1308:1308 ioctl 40046210 7ff43f1064 returned -22
01-01 04:41:08.834 1308 1308 I wificond: wificond is starting up...
01-01 04:41:09.445 0 0 I binder : 1308:1308 ioctl 40046210 7ff43f0fe4 returned -22
01-01 04:41:09.446 0 0 I qcom,camera ac4f000.qcom,cci: qcom,cam-sensor0: Linked as a consumer to regulator.55
01-01 04:41:08.851 1308 1308 I HidlServiceManagement: Registered android.system.wifi.keystore@1.0::IKeystore/default
01-01 04:41:09.455 0 0 I qcom,camera ac4f000.qcom,cci: qcom,cam-sensor0: Linked as a consumer to regulator.52
01-01 04:41:09.456 0 0 E swr-wcd rx_swr_ctrl: swrm_get_logical_dev_num: device 0xd01170224 is not ready
01-01 04:41:09.459 0 0 I qcom,camera ac4f000.qcom,cci: qcom,cam-sensor0: Linked as a consumer to regulator.57
01-01 04:41:09.475 0 0 I qcom,camera ac4f000.qcom,cci: qcom,cam-sensor0: Linked as a consumer to regulator.77
01-01 04:41:09.487 0 0 I CAM_ERR : CAM-CCI: cam_cci_irq: 238 Base:ffffff801a02d000, M0_Q1 NACK ERROR: 0x10000000
01-01 04:41:09.487 0 0 E swr_get_logical_dev_num: Error -22 to get logical addr for device d01170224
01-01 04:41:09.487 0 0 I CAM_ERR : CAM-CCI: cam_cci_read: 1306 ERROR with Slave 0x34:
01-01 04:41:09.496 0 0 E swr-wcd wsa_swr_ctrl: swrm_get_logical_dev_num: device 0x1020170211 is not ready
01-01 04:41:09.496 0 0 E swr_get_logical_dev_num: Error -22 to get logical addr for device 1020170211
01-01 04:41:09.498 0 0 W wsa881x : probe of wsa881x.1020170211 failed with error -22
01-01 04:41:09.506 0 0 I CAM_ERR : CAM-CCI: cam_cci_read_bytes: 1561 failed to read rc:-22
01-01 04:41:09.515 0 0 I CAM_ERR : CAM-SENSOR: cam_cci_i2c_read: 35 rc = -22
01-01 04:41:09.515 0 0 I CAM_WARN: CAM-SENSOR: cam_sensor_match_id: 769 read id: 0x0 expected id 0x519:
01-01 04:41:09.518 0 0 I qcom,camera ac4f000.qcom,cci: qcom,cam-sensor0: Dropping the link to regulator.77
01-01 04:41:09.522 0 0 I qcom,camera ac4f000.qcom,cci: qcom,cam-sensor0: Dropping the link to regulator.57
01-01 04:41:09.522 0 0 I qcom,camera ac4f000.qcom,cci: qcom,cam-sensor0: Dropping the link to regulator.52
01-01 04:41:09.524 0 0 I qcom,camera ac4f000.qcom,cci: qcom,cam-sensor0: Dropping the link to regulator.55
01-01 04:41:09.524 0 0 E swr-wcd rx_swr_ctrl: swrm_get_logical_dev_num: device 0xd01170224 is not ready
01-01 04:41:09.539 0 0 I binder : 1282:1282 ioctl 40046210 7fcac32dc4 returned -22
01-01 04:41:09.543 0 0 E swr_get_logical_dev_num: Error -22 to get logical addr for device d01170224
01-01 04:41:08.974 1147 1147 I IntentFirewall: Read new rules (A:0 B:0 S:0)
01-01 04:41:09.567 0 0 E swr-wcd wsa_swr_ctrl: swrm_get_logical_dev_num: device 0x1020170212 is not ready
01-01 04:41:09.569 0 0 I qcom,camera ac50000.qcom,cci: qcom,cam-sensor3: Linked as a consumer to regulator.57
01-01 04:41:08.997 1147 1147 D AppOps : AppOpsService published
01-01 04:41:09.579 0 0 E swr-wcd rx_swr_ctrl: swrm_get_logical_dev_num: device 0xd01170224 is not ready
01-01 04:41:09.593 0 0 I qcom,camera ac50000.qcom,cci: qcom,cam-sensor3: Linked as a consumer to regulator.86
01-01 04:41:09.595 0 0 E swr_get_logical_dev_num: Error -22 to get logical addr for device 1020170212
01-01 04:41:09.006 1147 1147 D SystemServerTiming: StartActivityManager took to complete: 486ms
01-01 04:41:09.006 1147 1147 I SystemServerTiming: StartDataLoaderManagerService
01-01 04:41:09.006 1147 1147 I SystemServiceManager: Starting com.android.server.pm.DataLoaderManagerService
01-01 04:41:09.604 0 0 E swr_get_logical_dev_num: Error -22 to get logical addr for device d01170224
01-01 04:41:09.023 1147 1147 D SystemServerTiming: StartDataLoaderManagerService took to complete: 17ms
01-01 04:41:09.023 1147 1147 I SystemServerTiming: StartIncrementalService
01-01 04:41:09.621 0 0 W wsa881x : probe of wsa881x.1020170212 failed with error -22
01-01 04:41:09.622 0 0 I qcom,camera ac50000.qcom,cci: qcom,cam-sensor3: Linked as a consumer to regulator.77
01-01 04:41:09.032 1147 1147 D SystemServerTiming: StartIncrementalService took to complete: 8ms
01-01 04:41:09.032 1147 1147 I SystemServerTiming: StartPowerManager
01-01 04:41:09.032 1147 1147 I SystemServiceManager: Starting com.android.server.power.PowerManagerService
01-01 04:41:09.628 0 0 E swr-wcd rx_swr_ctrl: swrm_get_logical_dev_num: device 0xd01170224 is not ready
01-01 04:41:09.639 0 0 I CAM_ERR : CAM-CCI: cam_cci_irq: 264 Base:ffffff801a035000, M1_Q1 NACK ERROR: 0x40000000
01-01 04:41:09.639 0 0 I CAM_ERR : CAM-CCI: cam_cci_read: 1306 ERROR with Slave 0x20:
01-01 04:41:09.639 0 0 I CAM_ERR : CAM-CCI: cam_cci_read_bytes: 1561 failed to read rc:-22
01-01 04:41:09.639 0 0 I CAM_ERR : CAM-SENSOR: cam_cci_i2c_read: 35 rc = -22
01-01 04:41:09.639 0 0 I CAM_WARN: CAM-SENSOR: cam_sensor_match_id: 769 read id: 0x0 expected id 0x885a:
01-01 04:41:09.639 0 0 I qcom,camera ac50000.qcom,cci: qcom,cam-sensor3: Dropping the link to regulator.77
01-01 04:41:09.646 0 0 I qcom,camera ac50000.qcom,cci: qcom,cam-sensor3: Dropping the link to regulator.86
01-01 04:41:09.647 0 0 I qcom,camera ac50000.qcom,cci: qcom,cam-sensor3: Dropping the link to regulator.57
01-01 04:41:09.648 0 0 E swr_get_logical_dev_num: Error -22 to get logical addr for device d01170224
01-01 04:41:09.657 0 0 E swr-wcd wsa_swr_ctrl: swrm_get_logical_dev_num: device 0x1021170213 is not ready
01-01 04:41:09.675 0 0 E swr_get_logical_dev_num: Error -22 to get logical addr for device 1021170213
01-01 04:41:09.691 0 0 E swr-wcd rx_swr_ctrl: swrm_get_logical_dev_num: device 0xd01170224 is not ready
01-01 04:41:09.702 0 0 W wsa881x : probe of wsa881x.1021170213 failed with error -22
01-01 04:41:09.707 0 0 I qcom,camera ac4f000.qcom,cci: qcom,cam-sensor1: Linked as a consumer to regulator.56
01-01 04:41:09.707 0 0 I binder : 1297:1297 ioctl 40046210 ff89d828 returned -22
01-01 04:41:09.116 1147 1179 W android.permission.PermissionManager: Missing ActivityManager; assuming 1013 does not hold android.permission.UPDATE_DEVICE_STATS
01-01 04:41:09.711 0 0 E swr_get_logical_dev_num: Error -22 to get logical addr for device d01170224
01-01 04:41:09.715 0 0 I qcom,camera ac4f000.qcom,cci: qcom,cam-sensor1: Linked as a consumer to regulator.53
01-01 04:41:09.132 1340 1340 I imsrcsd : Uce Service HAL is starting up...
01-01 04:41:09.135 1147 1147 D SystemServerTiming: StartPowerManager took to complete: 103ms
01-01 04:41:09.135 1147 1147 I SystemServerTiming: StartThermalManager
01-01 04:41:09.135 1147 1179 W android.permission.PermissionManager: Missing ActivityManager; assuming 1013 does not hold android.permission.UPDATE_DEVICE_STATS
01-01 04:41:09.135 1147 1147 I SystemServiceManager: Starting com.android.server.power.ThermalManagerService
01-01 04:41:09.136 1340 1340 I imsrcsd : Uce Service HAL loading imsrcsbaseimpl
01-01 04:41:09.138 1147 1147 D SystemServerTiming: StartThermalManager took to complete: 3ms
01-01 04:41:09.138 1147 1147 I SystemServerTiming: StartHintManager
01-01 04:41:09.138 1147 1147 I SystemServiceManager: Starting com.android.server.power.hint.HintManagerService
01-01 04:41:09.732 0 0 E wcd938x_codec wcd938x-codec: wcd938x_bind: Slave bind failed, ret = -517
01-01 04:41:09.735 0 0 I binder : 1297:1297 ioctl 40046210 ff89d810 returned -22
01-01 04:41:09.741 0 0 E swr-wcd wsa_swr_ctrl: swrm_get_logical_dev_num: device 0x1021170214 is not ready
01-01 04:41:09.142 1147 1147 D SystemServerTiming: StartHintManager took to complete: 4ms
01-01 04:41:09.142 1147 1147 I SystemServerTiming: InitPowerManagement
01-01 04:41:09.744 0 0 I qcom,camera ac4f000.qcom,cci: qcom,cam-sensor1: Linked as a consumer to regulator.57
01-01 04:41:09.153 1147 1147 D SystemServerTiming: InitPowerManagement took to complete: 11ms
01-01 04:41:09.153 1147 1147 I SystemServerTiming: StartRecoverySystemService
01-01 04:41:09.153 1147 1147 I SystemServiceManager: Starting com.android.server.recoverysystem.RecoverySystemService$Lifecycle
01-01 04:41:09.755 0 0 I qcom,camera ac4f000.qcom,cci: qcom,cam-sensor1: Linked as a consumer to regulator.77
01-01 04:41:09.156 1147 1147 D SystemServerTiming: StartRecoverySystemService took to complete: 2ms
01-01 04:41:09.156 1147 1147 I PackageWatchdog: Syncing state, reason: added new observer
01-01 04:41:09.156 1147 1147 I PackageWatchdog: Not pruning observers, elapsed time: 0ms
01-01 04:41:09.156 1147 1147 I PackageWatchdog: Cancelling state sync, nothing to sync
01-01 04:41:09.157 1147 1265 I PackageWatchdog: Saving observer state to file
01-01 04:41:09.160 1147 1147 I SystemServerTiming: StartLightsService
01-01 04:41:09.160 1147 1147 I SystemServiceManager: Starting com.android.server.lights.LightsService
01-01 04:41:09.167 1147 1147 D SystemServerTiming: StartLightsService took to complete: 7ms
01-01 04:41:09.167 1147 1147 I SystemServerTiming: StartSidekickService
01-01 04:41:09.167 1147 1147 D SystemServerTiming: StartSidekickService took to complete: 0ms
01-01 04:41:09.167 1147 1147 I SystemServerTiming: StartDisplayManager
01-01 04:41:09.167 1147 1147 I SystemServiceManager: Starting com.android.server.display.DisplayManagerService
01-01 04:41:09.764 0 0 E swr_get_logical_dev_num: Error -22 to get logical addr for device 1021170214
01-01 04:41:09.789 0 0 I CAM_ERR : CAM-CCI: cam_cci_irq: 264 Base:ffffff801a02d000, M1_Q1 NACK ERROR: 0x40000000
01-01 04:41:09.789 0 0 I CAM_ERR : CAM-CCI: cam_cci_read: 1306 ERROR with Slave 0xc0:
01-01 04:41:09.790 0 0 I CAM_ERR : CAM-CCI: cam_cci_read_bytes: 1561 failed to read rc:-22
01-01 04:41:09.790 0 0 I CAM_ERR : CAM-SENSOR: cam_cci_i2c_read: 35 rc = -22
01-01 04:41:09.790 0 0 I CAM_WARN: CAM-SENSOR: cam_sensor_match_id: 769 read id: 0x0 expected id 0x6710:
01-01 04:41:09.790 0 0 W wsa881x : probe of wsa881x.1021170214 failed with error -22
01-01 04:41:09.790 0 0 I qcom,camera ac4f000.qcom,cci: qcom,cam-sensor1: Dropping the link to regulator.77
01-01 04:41:09.802 0 0 I qcom,camera ac4f000.qcom,cci: qcom,cam-sensor1: Dropping the link to regulator.57
01-01 04:41:09.216 1147 1226 I DisplayDeviceRepository: Display device added: DisplayDeviceInfo{"Built-in Screen": uniqueId="local:4630946370410392961", 2380 x 1020, modeId 1, defaultModeId 1, supportedModes [{id=1, width=2380, height=1020, fps=60.000004, alternativeRefreshRates=[]}], colorMode 0, supportedColorModes [0], hdrCapabilities HdrCapabilities{mSupportedHdrTypes=[2, 3, 4], mMaxLuminance=500.0, mMaxAverageLuminance=500.0, mMinLuminance=0.0}, allmSupported false, gameContentTypeSupported false, density 240, 319.851 x 319.851 dpi, appVsyncOff 1000000, presDeadline 16666666, touch INTERNAL, rotation 0, type INTERNAL, address {port=129, model=0x40446d3026322d}, deviceProductInfo DeviceProductInfo{name=, manufacturerPnpId=QCM, productId=1, modelYear=null, manufactureDate=ManufactureDate{week=27, year=2006}, connectionToSinkType=0}, state UNKNOWN, frameRateOverride , brightnessMinimum 0.0, brightnessMaximum 1.0, brightnessDefault 0.39763778, FLAG_DEFAULT_DISPLAY, FLAG_ROTATES_WITH_CONTENT, FLAG_SECURE, FLAG_SUPPORTS_PROTECTED_BUFFERS}
01-01 04:41:09.802 0 0 I qcom,camera ac4f000.qcom,cci: qcom,cam-sensor1: Dropping the link to regulator.53
01-01 04:41:09.803 0 0 I qcom,camera ac4f000.qcom,cci: qcom,cam-sensor1: Dropping the link to regulator.56
01-01 04:41:09.237 1147 1147 W SystemServiceManager: Service com.android.server.display.DisplayManagerService took 54 ms in onStart
01-01 04:41:09.237 1147 1147 D SystemServerTiming: StartDisplayManager took to complete: 70ms
01-01 04:41:09.237 1147 1147 I SystemServerTiming: WaitForDisplay
01-01 04:41:09.237 1147 1147 I SystemServiceManager: Starting phase 100
01-01 04:41:09.237 1147 1147 I SystemServerTiming: OnBootPhase_100
01-01 04:41:09.237 1147 1147 I SystemServerTiming: OnBootPhase_100_com.android.server.security.FileIntegrityService
01-01 04:41:09.238 1147 1147 D SystemServerTiming: OnBootPhase_100_com.android.server.security.FileIntegrityService took to complete: 0ms
01-01 04:41:09.238 1147 1147 I SystemServerTiming: OnBootPhase_100_com.android.server.pm.Installer
01-01 04:41:09.238 1147 1147 D SystemServerTiming: OnBootPhase_100_com.android.server.pm.Installer took to complete: 0ms
01-01 04:41:09.238 1147 1147 I SystemServerTiming: OnBootPhase_100_com.android.server.os.DeviceIdentifiersPolicyService
01-01 04:41:09.238 1147 1147 D SystemServerTiming: OnBootPhase_100_com.android.server.os.DeviceIdentifiersPolicyService took to complete: 0ms
01-01 04:41:09.238 1147 1147 I SystemServerTiming: OnBootPhase_100_com.android.server.uri.UriGrantsManagerService$Lifecycle
01-01 04:41:09.238 1147 1147 D SystemServerTiming: OnBootPhase_100_com.android.server.uri.UriGrantsManagerService$Lifecycle took to complete: 0ms
01-01 04:41:09.238 1147 1147 I SystemServerTiming: OnBootPhase_100_com.android.server.powerstats.PowerStatsService
01-01 04:41:09.238 1147 1147 D SystemServerTiming: OnBootPhase_100_com.android.server.powerstats.PowerStatsService took to complete: 0ms
01-01 04:41:09.238 1147 1147 I SystemServerTiming: OnBootPhase_100_com.android.server.wm.ActivityTaskManagerService$Lifecycle
01-01 04:41:09.238 1147 1147 D SystemServerTiming: OnBootPhase_100_com.android.server.wm.ActivityTaskManagerService$Lifecycle took to complete: 0ms
01-01 04:41:09.238 1147 1147 I SystemServerTiming: OnBootPhase_100_com.android.server.am.ActivityManagerService$Lifecycle
01-01 04:41:09.238 1147 1147 D SystemServerTiming: OnBootPhase_100_com.android.server.am.ActivityManagerService$Lifecycle took to complete: 0ms
01-01 04:41:09.238 1147 1147 I SystemServerTiming: OnBootPhase_100_com.android.server.pm.DataLoaderManagerService
01-01 04:41:09.238 1147 1147 D SystemServerTiming: OnBootPhase_100_com.android.server.pm.DataLoaderManagerService took to complete: 0ms
01-01 04:41:09.238 1147 1147 I SystemServerTiming: OnBootPhase_100_com.android.server.power.PowerManagerService
01-01 04:41:09.238 1147 1226 I LogicalDisplayMapper: Applying layout: [{addr: {port=129, model=0x40446d3026322d}, dispId: 0(ON)}], Previous layout: null
01-01 04:41:09.239 1147 1147 D SystemServerTiming: OnBootPhase_100_com.android.server.power.PowerManagerService took to complete: 0ms
01-01 04:41:09.239 1147 1147 I SystemServerTiming: OnBootPhase_100_com.android.server.power.ThermalManagerService
01-01 04:41:09.239 1147 1147 D SystemServerTiming: OnBootPhase_100_com.android.server.power.ThermalManagerService took to complete: 0ms
01-01 04:41:09.239 1147 1147 I SystemServerTiming: OnBootPhase_100_com.android.server.power.hint.HintManagerService
01-01 04:41:09.239 1147 1147 D SystemServerTiming: OnBootPhase_100_com.android.server.power.hint.HintManagerService took to complete: 0ms
01-01 04:41:09.239 1147 1147 I SystemServerTiming: OnBootPhase_100_com.android.server.recoverysystem.RecoverySystemService$Lifecycle
01-01 04:41:09.239 1147 1147 D SystemServerTiming: OnBootPhase_100_com.android.server.recoverysystem.RecoverySystemService$Lifecycle took to complete: 0ms
01-01 04:41:09.239 1147 1147 I SystemServerTiming: OnBootPhase_100_com.android.server.lights.LightsService
01-01 04:41:09.239 1147 1147 D SystemServerTiming: OnBootPhase_100_com.android.server.lights.LightsService took to complete: 0ms
01-01 04:41:09.239 1147 1147 I SystemServerTiming: OnBootPhase_100_com.android.server.display.DisplayManagerService
01-01 04:41:09.258 1147 1226 I LogicalDisplayMapper: Adding new display: 0: DisplayInfo{"Built-in Screen", displayId 0", displayGroupId -1, FLAG_SECURE, FLAG_SUPPORTS_PROTECTED_BUFFERS, FLAG_TRUSTED, real 2380 x 1020, largest app 2380 x 1020, smallest app 2380 x 1020, appVsyncOff 1000000, presDeadline 16666666, mode 1, defaultMode 1, modes [{id=1, width=2380, height=1020, fps=60.000004, alternativeRefreshRates=[]}], hdrCapabilities HdrCapabilities{mSupportedHdrTypes=[2, 3, 4], mMaxLuminance=500.0, mMaxAverageLuminance=500.0, mMinLuminance=0.0}, userDisabledHdrTypes [], minimalPostProcessingSupported false, rotation 0, state UNKNOWN, type INTERNAL, uniqueId "local:4630946370410392961", app 2380 x 1020, density 240 (319.851 x 319.851) dpi, layerStack 0, colorMode 0, supportedColorModes [0], address {port=129, model=0x40446d3026322d}, deviceProductInfo DeviceProductInfo{name=, manufacturerPnpId=QCM, productId=1, modelYear=null, manufactureDate=ManufactureDate{week=27, year=2006}, connectionToSinkType=0}, removeMode 0, refreshRateOverride 0.0, brightnessMinimum 0.0, brightnessMaximum 1.0, brightnessDefault 0.39763778}
01-01 04:41:09.859 0 0 I qcom,camera ac50000.qcom,cci: qcom,cam-sensor2: Linked as a consumer to regulator.56
01-01 04:41:09.260 1147 1226 I LogicalDisplayMapper: Setting new display group 0 for display 0, from previous group: null
01-01 04:41:09.869 0 0 I qcom,camera ac50000.qcom,cci: qcom,cam-sensor2: Linked as a consumer to regulator.57
01-01 04:41:09.871 0 0 I qcom,camera ac50000.qcom,cci: qcom,cam-sensor2: Linked as a consumer to regulator.54
01-01 04:41:09.268 1147 1226 E DisplayDeviceConfig: requesting nits when no mapping exists.
01-01 04:41:09.278 1147 1226 E DisplayDeviceConfig: requesting nits when no mapping exists.
01-01 04:41:09.281 1147 1147 D SystemServerTiming: OnBootPhase_100_com.android.server.display.DisplayManagerService took to complete: 43ms
01-01 04:41:09.281 1147 1147 D SystemServerTiming: OnBootPhase_100 took to complete: 44ms
01-01 04:41:09.282 1147 1147 D SystemServerTiming: WaitForDisplay took to complete: 45ms
01-01 04:41:09.282 1147 1147 I SystemServerTiming: StartDomainVerificationService
01-01 04:41:09.897 0 0 I qcom,camera ac50000.qcom,cci: qcom,cam-sensor2: Linked as a consumer to regulator.77
01-01 04:41:09.914 0 0 I CAM_ERR : CAM-CCI: cam_cci_irq: 238 Base:ffffff801a035000, M0_Q1 NACK ERROR: 0x10000000
01-01 04:41:09.914 0 0 I CAM_ERR : CAM-CCI: cam_cci_read: 1306 ERROR with Slave 0x20:
01-01 04:41:09.914 0 0 I CAM_ERR : CAM-CCI: cam_cci_read_bytes: 1561 failed to read rc:-22
01-01 04:41:09.914 0 0 I CAM_ERR : CAM-SENSOR: cam_cci_i2c_read: 35 rc = -22
01-01 04:41:09.914 0 0 I CAM_WARN: CAM-SENSOR: cam_sensor_match_id: 769 read id: 0x0 expected id 0x3841:
01-01 04:41:09.915 0 0 I qcom,camera ac50000.qcom,cci: qcom,cam-sensor2: Dropping the link to regulator.77
01-01 04:41:09.920 0 0 I qcom,camera ac50000.qcom,cci: qcom,cam-sensor2: Dropping the link to regulator.54
01-01 04:41:09.921 0 0 I qcom,camera ac50000.qcom,cci: qcom,cam-sensor2: Dropping the link to regulator.57
01-01 04:41:09.921 0 0 I qcom,camera ac50000.qcom,cci: qcom,cam-sensor2: Dropping the link to regulator.56
01-01 04:41:09.989 0 0 I qcom,camera ac4f000.qcom,cci: qcom,cam-sensor5: Linked as a consumer to regulator.56
01-01 04:41:09.289 1147 1226 I DisplayDeviceRepository: Display device changed state: "Built-in Screen", ON
01-01 04:41:09.294 1147 1147 D SystemServerTiming: StartDomainVerificationService took to complete: 12ms
01-01 04:41:09.294 1147 1147 I SystemServerTiming: StartPackageManagerService
01-01 04:41:09.294 1147 1147 I Watchdog: Pausing HandlerChecker: main thread for reason: packagemanagermain. Pause count: 1
01-01 04:41:09.310 1147 1147 I PackageManagerTiming: create package manager
01-01 04:41:09.330 1147 1147 I PackageManagerTiming: readListOfPackagesToBeDisabled
01-01 04:41:09.331 1147 1147 D PackageManagerTiming: readListOfPackagesToBeDisabled took to complete: 0ms
01-01 04:41:09.331 1147 1147 I PackageManagerTiming: createSubComponents
01-01 04:41:09.335 1340 1340 I imsrcsd : Starting Service for First Time imsbaseimpl
01-01 04:41:09.345 1340 1340 I imsrcsd : Interface com.qualcomm.qti.uceservice@2.3::IUceService com.qualcomm.qti.uceservice is found in manifest
01-01 04:41:09.359 1340 1340 I HidlServiceManagement: Registered com.qualcomm.qti.uceservice@2.3::IUceService/com.qualcomm.qti.uceservice (start delay of 348ms)
01-01 04:41:09.371 1340 1340 I imsrcsd : Interface com.qualcomm.qti.imscmservice@2.2::IImsCmService qti.ims.connectionmanagerservice is found in manifest
01-01 04:41:09.993 0 0 I qcom,camera ac4f000.qcom,cci: qcom,cam-sensor5: Linked as a consumer to regulator.53
01-01 04:41:09.381 1340 1340 I HidlServiceManagement: Registered com.qualcomm.qti.imscmservice@2.2::IImsCmService/qti.ims.connectionmanagerservice (start delay of 369ms)
01-01 04:41:09.389 1340 1340 I imsrcsd : Interface vendor.qti.ims.factory@1.1::IImsFactory default is not found in manifest
01-01 04:41:09.396 1340 1340 I imsrcsd : Interface vendor.qti.ims.factory@1.0::IImsFactory default is found in manifest
01-01 04:41:09.398 1340 1340 I HidlServiceManagement: Registered vendor.qti.ims.factory@1.0::IImsFactory/default (start delay of 386ms)
01-01 04:41:09.997 0 0 I qcom,camera ac4f000.qcom,cci: qcom,cam-sensor5: Linked as a consumer to regulator.57
01-01 04:41:10.000 0 0 I qcom,camera ac4f000.qcom,cci: qcom,cam-sensor5: Linked as a consumer to regulator.77
01-01 04:41:09.410 1340 1340 I imsrcsd : Interface vendor.qti.ims.callinfo@1.0::IService default is found in manifest
01-01 04:41:09.422 1340 1340 I HidlServiceManagement: Registered vendor.qti.ims.callinfo@1.0::IService/default (start delay of 410ms)
01-01 04:41:09.422 1340 1340 I imsrcsd : ImsRcsBaseImpl ImsCallInfo After Registering Service
01-01 04:41:09.425 1147 1147 D PackageManagerTiming: createSubComponents took to complete: 94ms
01-01 04:41:09.426 1147 1147 I PackageManagerTiming: addSharedUsers
01-01 04:41:09.426 1147 1147 D PackageManagerTiming: addSharedUsers took to complete: 0ms
01-01 04:41:09.428 1147 1147 I PackageManagerTiming: get system config
01-01 04:41:09.428 1147 1147 D PackageManagerTiming: get system config took to complete: 0ms
01-01 04:41:10.039 0 0 I CAM_ERR : CAM-CCI: cam_cci_irq: 264 Base:ffffff801a02d000, M1_Q1 NACK ERROR: 0x40000000
01-01 04:41:09.444 1147 1147 D PackageManager: Directories scanned as system partitions: [/system:0, /vendor:524288, /odm:4194304, /oem:262144, /product:1048576, /system_ext:2097152, /apex/com.android.vndk.v30:8388608, /apex/com.android.wifi:8388608, /apex/com.android.vndk.v31:8388608, /apex/com.android.tzdata:8388608, /apex/com.android.tethering:8388608, /apex/com.android.sdkext:8388608, /apex/com.android.scheduling:8388608, /apex/com.android.runtime:8388608, /apex/com.android.resolv:8388608, /apex/com.android.permission:8388608, /apex/com.android.os.statsd:8388608, /apex/com.android.neuralnetworks:8388608, /apex/com.android.mediaprovider:8388608, /apex/com.android.media.swcodec:8388608, /apex/com.android.media:8388608, /apex/com.android.ipsec:8388608, /apex/com.android.i18n:8388608, /apex/com.android.extservices:8388608, /apex/com.android.conscrypt:8388608, /apex/com.android.cellbroadcast:8388608, /apex/com.android.art:8388608, /apex/com.android.appsearch:8388608, /apex/com.android.adbd:8388608]
01-01 04:41:10.040 0 0 I CAM_ERR : CAM-CCI: cam_cci_read: 1306 ERROR with Slave 0xc0:
01-01 04:41:10.040 0 0 I CAM_ERR : CAM-CCI: cam_cci_read_bytes: 1561 failed to read rc:-22
01-01 04:41:10.040 0 0 I CAM_ERR : CAM-SENSOR: cam_cci_i2c_read: 35 rc = -22
01-01 04:41:10.040 0 0 I CAM_WARN: CAM-SENSOR: cam_sensor_match_id: 769 read id: 0x0 expected id 0x6710:
01-01 04:41:10.040 0 0 I qcom,camera ac4f000.qcom,cci: qcom,cam-sensor5: Dropping the link to regulator.77
01-01 04:41:10.052 0 0 I qcom,camera ac4f000.qcom,cci: qcom,cam-sensor5: Dropping the link to regulator.57
01-01 04:41:10.052 0 0 I qcom,camera ac4f000.qcom,cci: qcom,cam-sensor5: Dropping the link to regulator.53
01-01 04:41:10.053 0 0 I qcom,camera ac4f000.qcom,cci: qcom,cam-sensor5: Dropping the link to regulator.56
01-01 04:41:10.101 0 0 I qcom,camera ac50000.qcom,cci: qcom,cam-sensor3: Linked as a consumer to regulator.57
01-01 04:41:10.117 0 0 I qcom,camera ac50000.qcom,cci: qcom,cam-sensor3: Linked as a consumer to regulator.86
01-01 04:41:10.132 0 0 I qcom,camera ac50000.qcom,cci: qcom,cam-sensor3: Linked as a consumer to regulator.77
01-01 04:41:09.462 1147 1147 D SELinuxMMAC: Using policy file /system/etc/selinux/plat_mac_permissions.xml
01-01 04:41:09.465 1147 1147 D SELinuxMMAC: Using policy file /system_ext/etc/selinux/system_ext_mac_permissions.xml
01-01 04:41:09.467 1147 1147 D SELinuxMMAC: Using policy file /product/etc/selinux/product_mac_permissions.xml
01-01 04:41:09.468 1147 1147 D SELinuxMMAC: Using policy file /vendor/etc/selinux/vendor_mac_permissions.xml
01-01 04:41:09.470 1147 1147 D SELinuxMMAC: Using policy file /odm/etc/selinux/odm_mac_permissions.xml
01-01 04:41:09.471 1147 1147 I PackageManagerTiming: loadFallbacks
01-01 04:41:09.476 1147 1147 D PackageManagerTiming: loadFallbacks took to complete: 5ms
01-01 04:41:09.477 1147 1147 I PackageManagerTiming: read user settings
01-01 04:41:09.490 1147 1338 W ProcessCpuTracker: Failed to stat(/proc/1331): android.system.ErrnoException: stat failed: ENOENT (No such file or directory)
01-01 04:41:09.490 1147 1338 W ProcessCpuTracker: Skipping unknown process pid 1331
01-01 04:41:09.491 1147 1338 W ProcessCpuTracker: Failed to stat(/proc/1333): android.system.ErrnoException: stat failed: ENOENT (No such file or directory)
01-01 04:41:09.491 1147 1338 W ProcessCpuTracker: Skipping unknown process pid 1333
01-01 04:41:09.492 1147 1338 W ProcessCpuTracker: Failed to stat(/proc/1335): android.system.ErrnoException: stat failed: ENOENT (No such file or directory)
01-01 04:41:09.492 1147 1338 W ProcessCpuTracker: Skipping unknown process pid 1335
01-01 04:41:09.615 1147 1147 W android.permission.PermissionManager: Missing ActivityManager; assuming 1000 holds android.permission.SET_PREFERRED_APPLICATIONS
01-01 04:41:09.622 1147 1147 W android.permission.PermissionManager: Missing ActivityManager; assuming 1000 holds android.permission.SET_PREFERRED_APPLICATIONS
01-01 04:41:09.623 1147 1147 W android.permission.PermissionManager: Missing ActivityManager; assuming 1000 holds android.permission.SET_PREFERRED_APPLICATIONS
01-01 04:41:09.623 1147 1147 W android.permission.PermissionManager: Missing ActivityManager; assuming 1000 holds android.permission.SET_PREFERRED_APPLICATIONS
01-01 04:41:09.624 1147 1147 W android.permission.PermissionManager: Missing ActivityManager; assuming 1000 holds android.permission.SET_PREFERRED_APPLICATIONS
01-01 04:41:09.624 1147 1147 W android.permission.PermissionManager: Missing ActivityManager; assuming 1000 holds android.permission.SET_PREFERRED_APPLICATIONS
01-01 04:41:09.626 1147 1147 W android.permission.PermissionManager: Missing ActivityManager; assuming 1000 holds android.permission.SET_PREFERRED_APPLICATIONS
01-01 04:41:09.630 1147 1147 W android.permission.PermissionManager: Missing ActivityManager; assuming 1000 holds android.permission.SET_PREFERRED_APPLICATIONS
01-01 04:41:09.631 1147 1147 W android.permission.PermissionManager: Missing ActivityManager; assuming 1000 holds android.permission.SET_PREFERRED_APPLICATIONS
01-01 04:41:09.632 1147 1147 W android.permission.PermissionManager: Missing ActivityManager; assuming 1000 holds android.permission.SET_PREFERRED_APPLICATIONS
01-01 04:41:09.632 1147 1147 W android.permission.PermissionManager: Missing ActivityManager; assuming 1000 holds android.permission.SET_PREFERRED_APPLICATIONS
01-01 04:41:09.633 1147 1147 W android.permission.PermissionManager: Missing ActivityManager; assuming 1000 holds android.permission.SET_PREFERRED_APPLICATIONS
01-01 04:41:09.634 1147 1147 W android.permission.PermissionManager: Missing ActivityManager; assuming 1000 holds android.permission.SET_PREFERRED_APPLICATIONS
01-01 04:41:09.634 1147 1147 W android.permission.PermissionManager: Missing ActivityManager; assuming 1000 holds android.permission.SET_PREFERRED_APPLICATIONS
01-01 04:41:09.635 1147 1147 W android.permission.PermissionManager: Missing ActivityManager; assuming 1000 holds android.permission.SET_PREFERRED_APPLICATIONS
01-01 04:41:09.636 1147 1147 W android.permission.PermissionManager: Missing ActivityManager; assuming 1000 holds android.permission.SET_PREFERRED_APPLICATIONS
01-01 04:41:09.636 1147 1147 W android.permission.PermissionManager: Missing ActivityManager; assuming 1000 holds android.permission.SET_PREFERRED_APPLICATIONS
01-01 04:41:09.640 1147 1147 W android.permission.PermissionManager: Missing ActivityManager; assuming 1000 holds android.permission.SET_PREFERRED_APPLICATIONS
01-01 04:41:09.641 1147 1147 W android.permission.PermissionManager: Missing ActivityManager; assuming 1000 holds android.permission.SET_PREFERRED_APPLICATIONS
01-01 04:41:09.643 1147 1147 W android.permission.PermissionManager: Missing ActivityManager; assuming 1000 holds android.permission.SET_PREFERRED_APPLICATIONS
01-01 04:41:10.226 0 0 E bolero-codec soc: qcom,msm-audio-apr:qcom,q6core-audio:bolero-cdc: ASoC: unknown pin WSA AIF VI
01-01 04:41:09.645 1147 1147 W android.permission.PermissionManager: Missing ActivityManager; assuming 1000 holds android.permission.SET_PREFERRED_APPLICATIONS
01-01 04:41:09.648 1147 1147 W android.permission.PermissionManager: Missing ActivityManager; assuming 1000 holds android.permission.SET_PREFERRED_APPLICATIONS
01-01 04:41:09.649 1147 1147 W android.permission.PermissionManager: Missing ActivityManager; assuming 1000 holds android.permission.SET_PREFERRED_APPLICATIONS
01-01 04:41:09.650 1147 1147 W android.permission.PermissionManager: Missing ActivityManager; assuming 1000 holds android.permission.SET_PREFERRED_APPLICATIONS
01-01 04:41:09.654 1147 1147 W android.permission.PermissionManager: Missing ActivityManager; assuming 1000 holds android.permission.SET_PREFERRED_APPLICATIONS
01-01 04:41:09.655 1147 1147 W android.permission.PermissionManager: Missing ActivityManager; assuming 1000 holds android.permission.SET_PREFERRED_APPLICATIONS
01-01 04:41:09.656 1147 1147 W android.permission.PermissionManager: Missing ActivityManager; assuming 1000 holds android.permission.SET_PREFERRED_APPLICATIONS
01-01 04:41:09.657 1147 1147 W android.permission.PermissionManager: Missing ActivityManager; assuming 1000 holds android.permission.SET_PREFERRED_APPLICATIONS
01-01 04:41:09.658 1147 1147 W android.permission.PermissionManager: Missing ActivityManager; assuming 1000 holds android.permission.SET_PREFERRED_APPLICATIONS
01-01 04:41:09.661 1147 1147 W android.permission.PermissionManager: Missing ActivityManager; assuming 1000 holds android.permission.SET_PREFERRED_APPLICATIONS
01-01 04:41:09.663 1147 1147 W android.permission.PermissionManager: Missing ActivityManager; assuming 1000 holds android.permission.SET_PREFERRED_APPLICATIONS
01-01 04:41:09.664 1147 1147 W android.permission.PermissionManager: Missing ActivityManager; assuming 1000 holds android.permission.SET_PREFERRED_APPLICATIONS
01-01 04:41:09.664 1147 1147 W android.permission.PermissionManager: Missing ActivityManager; assuming 1000 holds android.permission.SET_PREFERRED_APPLICATIONS
01-01 04:41:09.665 1147 1147 W android.permission.PermissionManager: Missing ActivityManager; assuming 1000 holds android.permission.SET_PREFERRED_APPLICATIONS
01-01 04:41:09.665 1147 1147 W android.permission.PermissionManager: Missing ActivityManager; assuming 1000 holds android.permission.SET_PREFERRED_APPLICATIONS
01-01 04:41:10.262 0 0 I CAM_ERR : CAM-CCI: cam_cci_irq: 264 Base:ffffff801a035000, M1_Q1 NACK ERROR: 0x40000000
01-01 04:41:10.262 0 0 I CAM_ERR : CAM-CCI: cam_cci_read: 1306 ERROR with Slave 0x7a:
01-01 04:41:10.262 0 0 I CAM_ERR : CAM-CCI: cam_cci_read_bytes: 1561 failed to read rc:-22
01-01 04:41:10.263 0 0 I CAM_ERR : CAM-SENSOR: cam_cci_i2c_read: 35 rc = -22
01-01 04:41:10.263 0 0 I CAM_WARN: CAM-SENSOR: cam_sensor_match_id: 769 read id: 0x0 expected id 0x30:
01-01 04:41:09.666 1147 1147 W android.permission.PermissionManager: Missing ActivityManager; assuming 1000 holds android.permission.SET_PREFERRED_APPLICATIONS
01-01 04:41:09.673 1147 1147 W android.permission.PermissionManager: Missing ActivityManager; assuming 1000 holds android.permission.SET_PREFERRED_APPLICATIONS
01-01 04:41:09.676 1147 1147 W android.permission.PermissionManager: Missing ActivityManager; assuming 1000 holds android.permission.SET_PREFERRED_APPLICATIONS
01-01 04:41:09.676 1147 1147 W android.permission.PermissionManager: Missing ActivityManager; assuming 1000 holds android.permission.SET_PREFERRED_APPLICATIONS
01-01 04:41:09.677 1147 1147 W android.permission.PermissionManager: Missing ActivityManager; assuming 1000 holds android.permission.SET_PREFERRED_APPLICATIONS
01-01 04:41:09.678 1147 1147 W android.permission.PermissionManager: Missing ActivityManager; assuming 1000 holds android.permission.SET_PREFERRED_APPLICATIONS
01-01 04:41:09.678 1147 1147 W android.permission.PermissionManager: Missing ActivityManager; assuming 1000 holds android.permission.SET_PREFERRED_APPLICATIONS
01-01 04:41:10.265 0 0 I qcom,camera ac50000.qcom,cci: qcom,cam-sensor3: Dropping the link to regulator.77
01-01 04:41:10.276 0 0 I qcom,camera ac50000.qcom,cci: qcom,cam-sensor3: Dropping the link to regulator.86
01-01 04:41:10.276 0 0 I qcom,camera ac50000.qcom,cci: qcom,cam-sensor3: Dropping the link to regulator.57
01-01 04:41:09.679 1147 1147 W android.permission.PermissionManager: Missing ActivityManager; assuming 1000 holds android.permission.SET_PREFERRED_APPLICATIONS
01-01 04:41:09.679 1147 1147 W android.permission.PermissionManager: Missing ActivityManager; assuming 1000 holds android.permission.SET_PREFERRED_APPLICATIONS
01-01 04:41:09.680 1147 1147 W android.permission.PermissionManager: Missing ActivityManager; assuming 1000 holds android.permission.SET_PREFERRED_APPLICATIONS
01-01 04:41:09.680 1147 1147 W android.permission.PermissionManager: Missing ActivityManager; assuming 1000 holds android.permission.SET_PREFERRED_APPLICATIONS
01-01 04:41:09.680 1147 1147 W android.permission.PermissionManager: Missing ActivityManager; assuming 1000 holds android.permission.SET_PREFERRED_APPLICATIONS
01-01 04:41:09.681 1147 1147 W android.permission.PermissionManager: Missing ActivityManager; assuming 1000 holds android.permission.SET_PREFERRED_APPLICATIONS
01-01 04:41:09.681 1147 1147 W android.permission.PermissionManager: Missing ActivityManager; assuming 1000 holds android.permission.SET_PREFERRED_APPLICATIONS
01-01 04:41:09.682 1147 1147 W android.permission.PermissionManager: Missing ActivityManager; assuming 1000 holds android.permission.SET_PREFERRED_APPLICATIONS
01-01 04:41:09.682 1147 1147 W android.permission.PermissionManager: Missing ActivityManager; assuming 1000 holds android.permission.SET_PREFERRED_APPLICATIONS
01-01 04:41:09.683 1147 1147 W android.permission.PermissionManager: Missing ActivityManager; assuming 1000 holds android.permission.SET_PREFERRED_APPLICATIONS
01-01 04:41:09.683 1147 1147 W android.permission.PermissionManager: Missing ActivityManager; assuming 1000 holds android.permission.SET_PREFERRED_APPLICATIONS
01-01 04:41:09.684 1147 1147 W android.permission.PermissionManager: Missing ActivityManager; assuming 1000 holds android.permission.SET_PREFERRED_APPLICATIONS
01-01 04:41:09.684 1147 1147 W android.permission.PermissionManager: Missing ActivityManager; assuming 1000 holds android.permission.SET_PREFERRED_APPLICATIONS
01-01 04:41:09.685 1147 1147 W android.permission.PermissionManager: Missing ActivityManager; assuming 1000 holds android.permission.SET_PREFERRED_APPLICATIONS
01-01 04:41:09.685 1147 1147 W android.permission.PermissionManager: Missing ActivityManager; assuming 1000 holds android.permission.SET_PREFERRED_APPLICATIONS
01-01 04:41:09.685 1147 1147 W android.permission.PermissionManager: Missing ActivityManager; assuming 1000 holds android.permission.SET_PREFERRED_APPLICATIONS
01-01 04:41:09.686 1147 1147 W android.permission.PermissionManager: Missing ActivityManager; assuming 1000 holds android.permission.SET_PREFERRED_APPLICATIONS
01-01 04:41:09.686 1147 1147 W android.permission.PermissionManager: Missing ActivityManager; assuming 1000 holds android.permission.SET_PREFERRED_APPLICATIONS
01-01 04:41:09.686 1147 1147 W android.permission.PermissionManager: Missing ActivityManager; assuming 1000 holds android.permission.SET_PREFERRED_APPLICATIONS
01-01 04:41:09.687 1147 1147 W android.permission.PermissionManager: Missing ActivityManager; assuming 1000 holds android.permission.SET_PREFERRED_APPLICATIONS
01-01 04:41:09.687 1147 1147 W android.permission.PermissionManager: Missing ActivityManager; assuming 1000 holds android.permission.SET_PREFERRED_APPLICATIONS
01-01 04:41:09.688 1147 1147 W android.permission.PermissionManager: Missing ActivityManager; assuming 1000 holds android.permission.SET_PREFERRED_APPLICATIONS
01-01 04:41:09.689 1147 1147 W android.permission.PermissionManager: Missing ActivityManager; assuming 1000 holds android.permission.SET_PREFERRED_APPLICATIONS
01-01 04:41:09.689 1147 1147 W android.permission.PermissionManager: Missing ActivityManager; assuming 1000 holds android.permission.SET_PREFERRED_APPLICATIONS
01-01 04:41:09.690 1147 1147 W android.permission.PermissionManager: Missing ActivityManager; assuming 1000 holds android.permission.SET_PREFERRED_APPLICATIONS
01-01 04:41:09.690 1147 1147 W android.permission.PermissionManager: Missing ActivityManager; assuming 1000 holds android.permission.SET_PREFERRED_APPLICATIONS
01-01 04:41:09.691 1147 1147 W android.permission.PermissionManager: Missing ActivityManager; assuming 1000 holds android.permission.SET_PREFERRED_APPLICATIONS
01-01 04:41:09.691 1147 1147 W android.permission.PermissionManager: Missing ActivityManager; assuming 1000 holds android.permission.SET_PREFERRED_APPLICATIONS
01-01 04:41:09.692 1147 1147 W android.permission.PermissionManager: Missing ActivityManager; assuming 1000 holds android.permission.SET_PREFERRED_APPLICATIONS
01-01 04:41:09.692 1147 1147 W android.permission.PermissionManager: Missing ActivityManager; assuming 1000 holds android.permission.SET_PREFERRED_APPLICATIONS
01-01 04:41:09.692 1147 1147 W android.permission.PermissionManager: Missing ActivityManager; assuming 1000 holds android.permission.SET_PREFERRED_APPLICATIONS
01-01 04:41:09.693 1147 1147 W android.permission.PermissionManager: Missing ActivityManager; assuming 1000 holds android.permission.SET_PREFERRED_APPLICATIONS
01-01 04:41:10.297 0 0 I binder : 1394:1394 ioctl 40046210 7fea1f0784 returned -22
01-01 04:41:10.299 0 0 I cnss-daemon: NL group_id 10, cnss_nl.family_id 28
01-01 04:41:09.693 1147 1147 W android.permission.PermissionManager: Missing ActivityManager; assuming 1000 holds android.permission.SET_PREFERRED_APPLICATIONS
01-01 04:41:09.694 1147 1147 W android.permission.PermissionManager: Missing ActivityManager; assuming 1000 holds android.permission.SET_PREFERRED_APPLICATIONS
01-01 04:41:09.695 1147 1147 W android.permission.PermissionManager: Missing ActivityManager; assuming 1000 holds android.permission.SET_PREFERRED_APPLICATIONS
01-01 04:41:09.695 1147 1147 W android.permission.PermissionManager: Missing ActivityManager; assuming 1000 holds android.permission.SET_PREFERRED_APPLICATIONS
01-01 04:41:09.695 1147 1147 W android.permission.PermissionManager: Missing ActivityManager; assuming 1000 holds android.permission.SET_PREFERRED_APPLICATIONS
01-01 04:41:09.696 1147 1147 W android.permission.PermissionManager: Missing ActivityManager; assuming 1000 holds android.permission.SET_PREFERRED_APPLICATIONS
01-01 04:41:09.696 1147 1147 W android.permission.PermissionManager: Missing ActivityManager; assuming 1000 holds android.permission.SET_PREFERRED_APPLICATIONS
01-01 04:41:09.697 1147 1147 W android.permission.PermissionManager: Missing ActivityManager; assuming 1000 holds android.permission.SET_PREFERRED_APPLICATIONS
01-01 04:41:09.697 1147 1147 W android.permission.PermissionManager: Missing ActivityManager; assuming 1000 holds android.permission.SET_PREFERRED_APPLICATIONS
01-01 04:41:09.698 1147 1147 W android.permission.PermissionManager: Missing ActivityManager; assuming 1000 holds android.permission.SET_PREFERRED_APPLICATIONS
01-01 04:41:09.698 1147 1147 W android.permission.PermissionManager: Missing ActivityManager; assuming 1000 holds android.permission.SET_PREFERRED_APPLICATIONS
01-01 04:41:09.699 1147 1147 W android.permission.PermissionManager: Missing ActivityManager; assuming 1000 holds android.permission.SET_PREFERRED_APPLICATIONS
01-01 04:41:09.699 1147 1147 W android.permission.PermissionManager: Missing ActivityManager; assuming 1000 holds android.permission.SET_PREFERRED_APPLICATIONS
01-01 04:41:09.700 1147 1147 W android.permission.PermissionManager: Missing ActivityManager; assuming 1000 holds android.permission.SET_PREFERRED_APPLICATIONS
01-01 04:41:09.700 1147 1147 W android.permission.PermissionManager: Missing ActivityManager; assuming 1000 holds android.permission.SET_PREFERRED_APPLICATIONS
01-01 04:41:09.700 1147 1147 W android.permission.PermissionManager: Missing ActivityManager; assuming 1000 holds android.permission.SET_PREFERRED_APPLICATIONS
01-01 04:41:09.701 1147 1147 W android.permission.PermissionManager: Missing ActivityManager; assuming 1000 holds android.permission.SET_PREFERRED_APPLICATIONS
01-01 04:41:09.707 1147 1147 W android.permission.PermissionManager: Missing ActivityManager; assuming 1000 holds android.permission.SET_PREFERRED_APPLICATIONS
01-01 04:41:09.708 1147 1147 W android.permission.PermissionManager: Missing ActivityManager; assuming 1000 holds android.permission.SET_PREFERRED_APPLICATIONS
01-01 04:41:09.708 1147 1147 W android.permission.PermissionManager: Missing ActivityManager; assuming 1000 holds android.permission.SET_PREFERRED_APPLICATIONS
01-01 04:41:09.709 1147 1147 W android.permission.PermissionManager: Missing ActivityManager; assuming 1000 holds android.permission.SET_PREFERRED_APPLICATIONS
