08-16 16:52:12.315 1153 1153 D SystemServerTiming: OnBootPhase_500_com.android.server.appwidget.AppWidgetService took to complete: 0ms
08-16 16:52:12.315 1153 1153 I SystemServerTiming: OnBootPhase_500_com.android.server.voiceinteraction.VoiceInteractionManagerService
08-16 16:52:12.315 1153 1153 D SystemServerTiming: OnBootPhase_500_com.android.server.voiceinteraction.VoiceInteractionManagerService took to complete: 0ms
08-16 16:52:12.315 1153 1153 I SystemServerTiming: OnBootPhase_500_com.android.server.apphibernation.AppHibernationService
08-16 16:52:12.316 1153 1153 D SystemServerTiming: OnBootPhase_500_com.android.server.apphibernation.AppHibernationService took to complete: 0ms
08-16 16:52:12.316 1153 1153 I SystemServerTiming: OnBootPhase_500_com.android.server.GestureLauncherService
08-16 16:52:12.316 1153 1153 D SystemServerTiming: OnBootPhase_500_com.android.server.GestureLauncherService took to complete: 0ms
08-16 16:52:12.316 1153 1153 I SystemServerTiming: OnBootPhase_500_com.android.server.SensorNotificationService
08-16 16:52:12.316 1153 1153 D SystemServerTiming: OnBootPhase_500_com.android.server.SensorNotificationService took to complete: 0ms
08-16 16:52:12.316 1153 1153 I SystemServerTiming: OnBootPhase_500_com.android.server.emergency.EmergencyAffordanceService
08-16 16:52:12.316 1153 1153 D SystemServerTiming: OnBootPhase_500_com.android.server.emergency.EmergencyAffordanceService took to complete: 0ms
08-16 16:52:12.316 1153 1153 I SystemServerTiming: OnBootPhase_500_com.android.server.blob.BlobStoreManagerService
08-16 16:52:12.316 1153 1153 D SystemServerTiming: OnBootPhase_500_com.android.server.blob.BlobStoreManagerService took to complete: 0ms
08-16 16:52:12.316 1153 1153 I SystemServerTiming: OnBootPhase_500_com.android.server.dreams.DreamManagerService
08-16 16:52:12.316 1153 1153 D SystemServerTiming: OnBootPhase_500_com.android.server.dreams.DreamManagerService took to complete: 0ms
08-16 16:52:12.316 1153 1153 I SystemServerTiming: OnBootPhase_500_com.android.server.print.PrintManagerService
08-16 16:52:12.316 1153 1153 D SystemServerTiming: OnBootPhase_500_com.android.server.print.PrintManagerService took to complete: 0ms
08-16 16:52:12.316 1153 1153 I SystemServerTiming: OnBootPhase_500_com.android.server.companion.CompanionDeviceManagerService
08-16 16:52:12.317 1153 1153 I CompanionDeviceManagerService: initBleScanning()
08-16 16:52:12.317 1153 1153 D SystemServerTiming: OnBootPhase_500_com.android.server.companion.CompanionDeviceManagerService took to complete: 1ms
08-16 16:52:12.318 1153 1153 I SystemServerTiming: OnBootPhase_500_com.android.server.restrictions.RestrictionsManagerService
08-16 16:52:12.318 1153 1153 D SystemServerTiming: OnBootPhase_500_com.android.server.restrictions.RestrictionsManagerService took to complete: 0ms
08-16 16:52:12.318 1153 1153 I SystemServerTiming: OnBootPhase_500_com.android.server.media.MediaSessionService
08-16 16:52:12.318 1153 1153 D SystemServerTiming: OnBootPhase_500_com.android.server.media.MediaSessionService took to complete: 0ms
08-16 16:52:12.318 1153 1153 I SystemServerTiming: OnBootPhase_500_com.android.server.media.MediaResourceMonitorService
08-16 16:52:12.318 1153 1153 D SystemServerTiming: OnBootPhase_500_com.android.server.media.MediaResourceMonitorService took to complete: 0ms
08-16 16:52:12.318 1153 1153 I SystemServerTiming: OnBootPhase_500_com.android.server.biometrics.sensors.fingerprint.FingerprintService
08-16 16:52:12.318 1153 1153 D SystemServerTiming: OnBootPhase_500_com.android.server.biometrics.sensors.fingerprint.FingerprintService took to complete: 0ms
08-16 16:52:12.318 1153 1153 I SystemServerTiming: OnBootPhase_500_com.android.server.biometrics.BiometricService
08-16 16:52:12.318 1153 1153 D SystemServerTiming: OnBootPhase_500_com.android.server.biometrics.BiometricService took to complete: 0ms
08-16 16:52:12.318 1153 1153 I SystemServerTiming: OnBootPhase_500_com.android.server.biometrics.AuthService
08-16 16:52:12.318 1153 1153 D SystemServerTiming: OnBootPhase_500_com.android.server.biometrics.AuthService took to complete: 0ms
08-16 16:52:12.318 1153 1153 I SystemServerTiming: OnBootPhase_500_com.android.server.pm.ShortcutService$Lifecycle
08-16 16:52:12.318 1153 1153 D SystemServerTiming: OnBootPhase_500_com.android.server.pm.ShortcutService$Lifecycle took to complete: 0ms
08-16 16:52:12.318 1153 1153 I SystemServerTiming: OnBootPhase_500_com.android.server.pm.LauncherAppsService
08-16 16:52:12.318 1153 1153 D SystemServerTiming: OnBootPhase_500_com.android.server.pm.LauncherAppsService took to complete: 0ms
08-16 16:52:12.318 1153 1153 I SystemServerTiming: OnBootPhase_500_com.android.server.pm.CrossProfileAppsService
08-16 16:52:12.318 1153 1153 D SystemServerTiming: OnBootPhase_500_com.android.server.pm.CrossProfileAppsService took to complete: 0ms
08-16 16:52:12.318 1153 1153 I SystemServerTiming: OnBootPhase_500_com.android.server.people.PeopleService
08-16 16:52:12.319 1153 1153 D SystemServerTiming: OnBootPhase_500_com.android.server.people.PeopleService took to complete: 0ms
08-16 16:52:12.319 1153 1153 I SystemServerTiming: OnBootPhase_500_com.android.server.media.metrics.MediaMetricsManagerService
08-16 16:52:12.319 1153 1153 D SystemServerTiming: OnBootPhase_500_com.android.server.media.metrics.MediaMetricsManagerService took to complete: 0ms
08-16 16:52:12.319 1153 1153 I SystemServerTiming: OnBootPhase_500_com.android.server.media.projection.MediaProjectionManagerService
08-16 16:52:12.319 1153 1153 D SystemServerTiming: OnBootPhase_500_com.android.server.media.projection.MediaProjectionManagerService took to complete: 0ms
08-16 16:52:12.319 1153 1153 I SystemServerTiming: OnBootPhase_500_com.android.server.slice.SliceManagerService$Lifecycle
08-16 16:52:12.319 1153 1153 D SystemServerTiming: OnBootPhase_500_com.android.server.slice.SliceManagerService$Lifecycle took to complete: 0ms
08-16 16:52:12.319 1153 1153 I SystemServerTiming: OnBootPhase_500_com.android.server.stats.StatsCompanion$Lifecycle
08-16 16:52:12.319 1153 1153 D SystemServerTiming: OnBootPhase_500_com.android.server.stats.StatsCompanion$Lifecycle took to complete: 0ms
08-16 16:52:12.319 1153 1153 I SystemServerTiming: OnBootPhase_500_com.android.server.scheduling.RebootReadinessManagerService$Lifecycle
08-16 16:52:12.319 1153 1153 D SystemServerTiming: OnBootPhase_500_com.android.server.scheduling.RebootReadinessManagerService$Lifecycle took to complete: 0ms
08-16 16:52:12.319 1153 1153 I SystemServerTiming: OnBootPhase_500_com.android.server.stats.pull.StatsPullAtomService
08-16 16:52:12.319 1153 1153 D SystemServerTiming: OnBootPhase_500_com.android.server.stats.pull.StatsPullAtomService took to complete: 0ms
08-16 16:52:12.319 1153 1153 I SystemServerTiming: OnBootPhase_500_com.android.server.incident.IncidentCompanionService
08-16 16:52:12.320 1153 1153 D SystemServerTiming: OnBootPhase_500_com.android.server.incident.IncidentCompanionService took to complete: 0ms
08-16 16:52:12.320 1153 1153 I SystemServerTiming: OnBootPhase_500_com.android.server.MmsServiceBroker
08-16 16:52:12.320 1153 1153 D SystemServerTiming: OnBootPhase_500_com.android.server.MmsServiceBroker took to complete: 0ms
08-16 16:52:12.320 1153 1153 I SystemServerTiming: OnBootPhase_500_com.android.server.autofill.AutofillManagerService
08-16 16:52:12.320 1153 1153 D SystemServerTiming: OnBootPhase_500_com.android.server.autofill.AutofillManagerService took to complete: 0ms
08-16 16:52:12.320 1153 1153 I SystemServerTiming: OnBootPhase_500_com.android.server.clipboard.ClipboardService
08-16 16:52:12.320 1153 1153 D SystemServerTiming: OnBootPhase_500_com.android.server.clipboard.ClipboardService took to complete: 0ms
08-16 16:52:12.320 1153 1153 I SystemServerTiming: OnBootPhase_500_com.android.server.appbinding.AppBindingService$Lifecycle
08-16 16:52:12.320 1153 1153 D SystemServerTiming: OnBootPhase_500_com.android.server.appbinding.AppBindingService$Lifecycle took to complete: 0ms
08-16 16:52:12.320 1153 1153 I SystemServerTiming: OnBootPhase_500_com.android.server.tracing.TracingServiceProxy
08-16 16:52:12.320 1153 1153 D SystemServerTiming: OnBootPhase_500_com.android.server.tracing.TracingServiceProxy took to complete: 0ms
08-16 16:52:12.320 1153 1153 D SystemServerTiming: OnBootPhase_500 took to complete: 240ms
08-16 16:52:12.320 1153 1153 D SystemServerTiming: StartBootPhaseSystemServicesReady took to complete: 240ms
08-16 16:52:12.320 1153 1153 I SystemServerTiming: MakeWindowManagerServiceReady
08-16 16:52:12.323 1153 1153 D SystemServerTiming: MakeWindowManagerServiceReady took to complete: 2ms
01-01 05:04:08.226 0 0 D cnss : Posting event: REGISTER_DRIVER(7)-sync, state: 0x20009 flags: 0x5
08-16 16:52:12.327 1153 1153 I SystemServerTiming: MakePowerManagerServiceReady
08-16 16:52:12.328 1153 1153 I AttentionDetector: readValuesFromDeviceConfig():
08-16 16:52:12.328 1153 1153 I AttentionDetector: mMaximumExtensionMillis=900000
08-16 16:52:12.328 1153 1153 I AttentionDetector: mPreDimCheckDurationMillis=2000
08-16 16:52:12.328 1153 1153 I AttentionDetector: mRequestedPostDimTimeoutMillis=0
01-01 05:04:08.226 0 0 D cnss : Processing driver event: COLD_BOOT_CAL_DONE(6), state: 0x20001
01-01 05:04:08.226 0 0 D cnss : Processing driver event: SERVER_EXIT(1), state: 0x20001
01-01 05:04:08.226 0 0 I cnss : QMI WLFW service disconnected, state: 0x20000
08-16 16:52:12.337 1153 1153 E DisplayPowerController[0]: failed to set up display white-balance: java.lang.IllegalStateException: cannot find light sensor
08-16 16:52:12.339 1153 1153 W DisplayPowerController[0]: Screen brightness nits configuration is unavailable; falling back
01-01 05:04:08.239 0 0 D cnss : Processing driver event: REGISTER_DRIVER-sync(7), state: 0x0
01-01 05:04:08.239 0 0 D cnss : Regulator vdd-wlan-io is being enabled
01-01 05:04:08.239 0 0 D cnss : Regulator wlan-ant-switch is being enabled
01-01 05:04:08.244 0 0 D cnss : Regulator vdd-wlan-aon is being enabled
01-01 05:04:08.244 0 0 D cnss : Regulator vdd-wlan-dig is being enabled
01-01 05:04:08.245 0 0 D cnss : Regulator vdd-wlan-rfa1 is being enabled
01-01 05:04:08.246 0 0 D cnss : Regulator vdd-wlan-rfa2 is being enabled
01-01 05:04:08.247 0 0 D cnss : BT_EN_GPIO State: Off. Delay WLAN_GPIO enable
08-16 16:52:12.351 1153 1319 I HealthServiceWrapper: health: HealthServiceWrapper listening to instance default
08-16 16:52:12.355 1153 1248 D CompatibilityChangeReporter: Compat change id reported: 168419799; UID 1000; state: DISABLED
08-16 16:52:12.357 1153 1319 D StatsPullAtomService: Registering pullers with statsd
08-16 16:52:12.360 1153 1153 I FaceDownDetector: readValuesFromDeviceConfig():
08-16 16:52:12.360 1153 1153 I FaceDownDetector: mAccelerationThreshold=0.2
08-16 16:52:12.360 1153 1153 I FaceDownDetector: mZAccelerationThreshold=-9.5
08-16 16:52:12.360 1153 1153 I FaceDownDetector: mTimeThreshold=PT1S
08-16 16:52:12.360 1153 1153 I FaceDownDetector: mIsEnabled=true
08-16 16:52:12.362 1153 1319 I StatsPullAtomService: register thermal listener successfully
08-16 16:52:12.362 1153 1435 W KeyguardServiceDelegate: onScreenTurningOn(): no keyguard service!
08-16 16:52:12.363 1153 1153 I ScreenUndimDetector: readValuesFromDeviceConfig():
08-16 16:52:12.363 1153 1153 I ScreenUndimDetector: mKeepScreenOnForMillis=600000
08-16 16:52:12.363 1153 1153 I ScreenUndimDetector: mKeepScreenOnNotificationEnabled=true
08-16 16:52:12.363 1153 1153 I ScreenUndimDetector: mUndimsRequired=2
08-16 16:52:12.364 1153 1342 E KernelCpuSpeedReader: Failed to read cpu-freq: /sys/devices/system/cpu/cpu4/cpufreq/stats/time_in_state: open failed: ENOENT (No such file or directory)
08-16 16:52:12.365 1153 1342 E KernelCpuSpeedReader: Failed to read cpu-freq: /sys/devices/system/cpu/cpu0/cpufreq/stats/time_in_state: open failed: ENOENT (No such file or directory)
08-16 16:52:12.365 1153 1435 V DisplayPowerController[0]: Brightness [0.39763778] reason changing to: 'override', previous reason: '0'.
08-16 16:52:12.367 1153 1153 D SystemServerTiming: MakePowerManagerServiceReady took to complete: 39ms
08-16 16:52:12.367 1153 1153 I SystemServerTiming: StartPermissionPolicyService
08-16 16:52:12.367 1153 1153 I SystemServiceManager: Starting com.android.server.policy.PermissionPolicyService
08-16 16:52:12.370 1153 1153 D SystemServerTiming: StartPermissionPolicyService took to complete: 3ms
08-16 16:52:12.370 1153 1153 I SystemServerTiming: MakePackageManagerServiceReady
08-16 16:52:12.382 1153 1153 I commit_sys_config_file: [package-session,3]
08-16 16:52:12.383 1153 1153 V UserDataPreparer: Found /data/user_de/0 with serial number 0
08-16 16:52:12.383 1153 1153 V UserDataPreparer: Found /data/user/0 with serial number 0
08-16 16:52:12.384 1153 1153 V UserDataPreparer: Found /data/system_de/0 with serial number 0
08-16 16:52:12.384 1153 1153 V UserDataPreparer: Found /data/system_ce/0 with serial number 0
08-16 16:52:12.384 1153 1153 V UserDataPreparer: Found /data/misc_ce/0 with serial number 0
08-16 16:52:12.386 1153 1153 I PackageManager: Permission ownership changed. Updating all permissions.
08-16 16:52:12.425 1153 1480 E DefaultPermGrantPolicy: Package not found: com.qualcomm.qti.cne
08-16 16:52:12.428 1153 1803 I DropBoxManagerService: add tag=system_server_wtf isTagEnabled=true flags=0x2
08-16 16:52:12.428 1153 1802 I DropBoxManagerService: add tag=system_server_wtf isTagEnabled=true flags=0x2
08-16 16:52:12.429 1153 1153 D StagingManagerTiming: restoreSessions took to complete: 2ms
08-16 16:52:12.429 1153 1153 D SystemServerTiming: MakePackageManagerServiceReady took to complete: 59ms
08-16 16:52:12.429 1153 1153 I SystemServerTiming: MakeDisplayManagerServiceReady
08-16 16:52:12.431 1153 1251 E DisplayModeDirector: Asked about unknown display, returning empty display mode specs!(id=0)
08-16 16:52:12.431 1153 1251 E DisplayModeDirector: Asked about unknown display, returning empty display mode specs!(id=0)
08-16 16:52:12.435 1153 1153 D SystemServerTiming: MakeDisplayManagerServiceReady took to complete: 6ms
08-16 16:52:12.435 1153 1153 I SystemServerTiming: StartDeviceSpecificServices
08-16 16:52:12.435 1153 1153 D SystemServerTiming: StartDeviceSpecificServices took to complete: 0ms
08-16 16:52:12.435 1153 1153 I SystemServerTiming: GameManagerService
08-16 16:52:12.435 1153 1153 I SystemServiceManager: Starting com.android.server.app.GameManagerService$Lifecycle
08-16 16:52:12.439 1153 1153 D SystemServerTiming: GameManagerService took to complete: 4ms
08-16 16:52:12.439 1153 1153 I SystemServerTiming: StartBootPhaseDeviceSpecificServicesReady
08-16 16:52:12.439 1153 1153 I SystemServiceManager: Starting phase 520
08-16 16:52:12.439 1153 1153 I SystemServerTiming: OnBootPhase_520
08-16 16:52:12.439 1153 1153 I SystemServerTiming: OnBootPhase_520_com.android.server.security.FileIntegrityService
08-16 16:52:12.439 1153 1153 D SystemServerTiming: OnBootPhase_520_com.android.server.security.FileIntegrityService took to complete: 0ms
08-16 16:52:12.439 1153 1153 I SystemServerTiming: OnBootPhase_520_com.android.server.pm.Installer
08-16 16:52:12.439 1153 1153 D SystemServerTiming: OnBootPhase_520_com.android.server.pm.Installer took to complete: 0ms
08-16 16:52:12.439 1153 1153 I SystemServerTiming: OnBootPhase_520_com.android.server.os.DeviceIdentifiersPolicyService
08-16 16:52:12.439 1153 1153 D SystemServerTiming: OnBootPhase_520_com.android.server.os.DeviceIdentifiersPolicyService took to complete: 0ms
08-16 16:52:12.439 1153 1153 I SystemServerTiming: OnBootPhase_520_com.android.server.uri.UriGrantsManagerService$Lifecycle
08-16 16:52:12.439 1153 1153 D SystemServerTiming: OnBootPhase_520_com.android.server.uri.UriGrantsManagerService$Lifecycle took to complete: 0ms
08-16 16:52:12.439 1153 1153 I SystemServerTiming: OnBootPhase_520_com.android.server.powerstats.PowerStatsService
08-16 16:52:12.439 1153 1153 D SystemServerTiming: OnBootPhase_520_com.android.server.powerstats.PowerStatsService took to complete: 0ms
08-16 16:52:12.439 1153 1153 I SystemServerTiming: OnBootPhase_520_com.android.server.wm.ActivityTaskManagerService$Lifecycle
08-16 16:52:12.439 1153 1153 D SystemServerTiming: OnBootPhase_520_com.android.server.wm.ActivityTaskManagerService$Lifecycle took to complete: 0ms
08-16 16:52:12.439 1153 1153 I SystemServerTiming: OnBootPhase_520_com.android.server.am.ActivityManagerService$Lifecycle
08-16 16:52:12.439 1153 1153 D SystemServerTiming: OnBootPhase_520_com.android.server.am.ActivityManagerService$Lifecycle took to complete: 0ms
08-16 16:52:12.440 1153 1153 I SystemServerTiming: OnBootPhase_520_com.android.server.pm.DataLoaderManagerService
08-16 16:52:12.440 1153 1153 D SystemServerTiming: OnBootPhase_520_com.android.server.pm.DataLoaderManagerService took to complete: 0ms
08-16 16:52:12.440 1153 1153 I SystemServerTiming: OnBootPhase_520_com.android.server.power.PowerManagerService
08-16 16:52:12.440 1153 1153 D SystemServerTiming: OnBootPhase_520_com.android.server.power.PowerManagerService took to complete: 0ms
08-16 16:52:12.440 1153 1153 I SystemServerTiming: OnBootPhase_520_com.android.server.power.ThermalManagerService
08-16 16:52:12.440 1153 1153 D SystemServerTiming: OnBootPhase_520_com.android.server.power.ThermalManagerService took to complete: 0ms
08-16 16:52:12.440 1153 1153 I SystemServerTiming: OnBootPhase_520_com.android.server.power.hint.HintManagerService
08-16 16:52:12.440 1153 1153 D SystemServerTiming: OnBootPhase_520_com.android.server.power.hint.HintManagerService took to complete: 0ms
08-16 16:52:12.440 1153 1153 I SystemServerTiming: OnBootPhase_520_com.android.server.recoverysystem.RecoverySystemService$Lifecycle
08-16 16:52:12.440 1153 1153 D SystemServerTiming: OnBootPhase_520_com.android.server.recoverysystem.RecoverySystemService$Lifecycle took to complete: 0ms
08-16 16:52:12.440 1153 1153 I SystemServerTiming: OnBootPhase_520_com.android.server.lights.LightsService
08-16 16:52:12.440 1153 1153 D SystemServerTiming: OnBootPhase_520_com.android.server.lights.LightsService took to complete: 0ms
08-16 16:52:12.440 1153 1153 I SystemServerTiming: OnBootPhase_520_com.android.server.display.DisplayManagerService
08-16 16:52:12.440 1153 1153 D SystemServerTiming: OnBootPhase_520_com.android.server.display.DisplayManagerService took to complete: 0ms
08-16 16:52:12.440 1153 1153 I SystemServerTiming: OnBootPhase_520_com.android.server.pm.verify.domain.DomainVerificationService
08-16 16:52:12.440 1153 1153 D SystemServerTiming: OnBootPhase_520_com.android.server.pm.verify.domain.DomainVerificationService took to complete: 0ms
08-16 16:52:12.440 1153 1153 I SystemServerTiming: OnBootPhase_520_com.android.server.pm.PackageInstallerService$Lifecycle
08-16 16:52:12.440 1153 1153 D SystemServerTiming: OnBootPhase_520_com.android.server.pm.PackageInstallerService$Lifecycle took to complete: 0ms
08-16 16:52:12.440 1153 1153 I SystemServerTiming: OnBootPhase_520_com.android.server.pm.UserManagerService$LifeCycle
08-16 16:52:12.440 1153 1153 D SystemServerTiming: OnBootPhase_520_com.android.server.pm.UserManagerService$LifeCycle took to complete: 0ms
08-16 16:52:12.441 1153 1153 I SystemServerTiming: OnBootPhase_520_com.android.server.om.OverlayManagerService
08-16 16:52:12.441 1153 1153 D SystemServerTiming: OnBootPhase_520_com.android.server.om.OverlayManagerService took to complete: 0ms
08-16 16:52:12.441 1153 1153 I SystemServerTiming: OnBootPhase_520_com.android.server.SensorPrivacyService
08-16 16:52:12.441 1153 1153 D SystemServerTiming: OnBootPhase_520_com.android.server.SensorPrivacyService took to complete: 0ms
08-16 16:52:12.441 1153 1153 I SystemServerTiming: OnBootPhase_520_com.android.server.sensors.SensorService
08-16 16:52:12.441 1153 1153 D SystemServerTiming: OnBootPhase_520_com.android.server.sensors.SensorService took to complete: 0ms
08-16 16:52:12.441 1153 1153 I SystemServerTiming: OnBootPhase_520_com.android.server.SystemConfigService
08-16 16:52:12.441 1153 1153 D SystemServerTiming: OnBootPhase_520_com.android.server.SystemConfigService took to complete: 0ms
08-16 16:52:12.441 1153 1153 I SystemServerTiming: OnBootPhase_520_com.android.server.BatteryService
08-16 16:52:12.441 1153 1153 D SystemServerTiming: OnBootPhase_520_com.android.server.BatteryService took to complete: 0ms
08-16 16:52:12.441 1153 1153 I SystemServerTiming: OnBootPhase_520_com.android.server.usage.UsageStatsService
08-16 16:52:12.441 1153 1153 D SystemServerTiming: OnBootPhase_520_com.android.server.usage.UsageStatsService took to complete: 0ms
08-16 16:52:12.441 1153 1153 I SystemServerTiming: OnBootPhase_520_com.android.server.webkit.WebViewUpdateService
08-16 16:52:12.441 1153 1153 D SystemServerTiming: OnBootPhase_520_com.android.server.webkit.WebViewUpdateService took to complete: 0ms
08-16 16:52:12.441 1153 1153 I SystemServerTiming: OnBootPhase_520_com.android.server.CachedDeviceStateService
08-16 16:52:12.441 1153 1153 D SystemServerTiming: OnBootPhase_520_com.android.server.CachedDeviceStateService took to complete: 0ms
08-16 16:52:12.441 1153 1153 I SystemServerTiming: OnBootPhase_520_com.android.server.BinderCallsStatsService$LifeCycle
08-16 16:52:12.441 1153 1153 D SystemServerTiming: OnBootPhase_520_com.android.server.BinderCallsStatsService$LifeCycle took to complete: 0ms
08-16 16:52:12.441 1153 1153 I SystemServerTiming: OnBootPhase_520_com.android.server.LooperStatsService$Lifecycle
08-16 16:52:12.441 1153 1153 D SystemServerTiming: OnBootPhase_520_com.android.server.LooperStatsService$Lifecycle took to complete: 0ms
08-16 16:52:12.442 1153 1153 I SystemServerTiming: OnBootPhase_520_com.android.server.rollback.RollbackManagerService
08-16 16:52:12.442 1153 1153 D SystemServerTiming: OnBootPhase_520_com.android.server.rollback.RollbackManagerService took to complete: 0ms
08-16 16:52:12.442 1153 1153 I SystemServerTiming: OnBootPhase_520_com.android.server.os.NativeTombstoneManagerService
08-16 16:52:12.442 1153 1153 D SystemServerTiming: OnBootPhase_520_com.android.server.os.NativeTombstoneManagerService took to complete: 0ms
08-16 16:52:12.442 1153 1153 I SystemServerTiming: OnBootPhase_520_com.android.server.os.BugreportManagerService
08-16 16:52:12.442 1153 1153 D SystemServerTiming: OnBootPhase_520_com.android.server.os.BugreportManagerService took to complete: 0ms
08-16 16:52:12.442 1153 1153 I SystemServerTiming: OnBootPhase_520_com.android.server.gpu.GpuService
08-16 16:52:12.442 1153 1153 D SystemServerTiming: OnBootPhase_520_com.android.server.gpu.GpuService took to complete: 0ms
08-16 16:52:12.442 1153 1153 I SystemServerTiming: OnBootPhase_520_com.android.server.security.KeyChainSystemService
08-16 16:52:12.442 1153 1153 D SystemServerTiming: OnBootPhase_520_com.android.server.security.KeyChainSystemService took to complete: 0ms
08-16 16:52:12.442 1153 1153 I SystemServerTiming: OnBootPhase_520_com.android.server.telecom.TelecomLoaderService
08-16 16:52:12.442 1153 1153 D SystemServerTiming: OnBootPhase_520_com.android.server.telecom.TelecomLoaderService took to complete: 0ms
08-16 16:52:12.442 1153 1153 I SystemServerTiming: OnBootPhase_520_com.android.server.accounts.AccountManagerService$Lifecycle
08-16 16:52:12.442 1153 1153 D SystemServerTiming: OnBootPhase_520_com.android.server.accounts.AccountManagerService$Lifecycle took to complete: 0ms
08-16 16:52:12.442 1153 1153 I SystemServerTiming: OnBootPhase_520_com.android.server.content.ContentService$Lifecycle
08-16 16:52:12.442 1153 1153 D SystemServerTiming: OnBootPhase_520_com.android.server.content.ContentService$Lifecycle took to complete: 0ms
08-16 16:52:12.443 1153 1153 I SystemServerTiming: OnBootPhase_520_com.android.server.DropBoxManagerService
08-16 16:52:12.443 1153 1153 D SystemServerTiming: OnBootPhase_520_com.android.server.DropBoxManagerService took to complete: 0ms
08-16 16:52:12.443 1153 1153 I SystemServerTiming: OnBootPhase_520_com.android.role.RoleService
08-16 16:52:12.443 1153 1153 D SystemServerTiming: OnBootPhase_520_com.android.role.RoleService took to complete: 0ms
08-16 16:52:12.443 1153 1153 I SystemServerTiming: OnBootPhase_520_com.android.server.vibrator.VibratorManagerService$Lifecycle
08-16 16:52:12.443 1153 1153 D SystemServerTiming: OnBootPhase_520_com.android.server.vibrator.VibratorManagerService$Lifecycle took to complete: 0ms
08-16 16:52:12.443 1153 1153 I SystemServerTiming: OnBootPhase_520_com.android.server.alarm.AlarmManagerService
08-16 16:52:12.443 1153 1153 D SystemServerTiming: OnBootPhase_520_com.android.server.alarm.AlarmManagerService took to complete: 0ms
08-16 16:52:12.443 1153 1153 I SystemServerTiming: OnBootPhase_520_com.android.server.devicestate.DeviceStateManagerService
08-16 16:52:12.443 1153 1153 D SystemServerTiming: OnBootPhase_520_com.android.server.devicestate.DeviceStateManagerService took to complete: 0ms
08-16 16:52:12.443 1153 1153 I SystemServerTiming: OnBootPhase_520_com.android.server.camera.CameraServiceProxy
08-16 16:52:12.443 1153 1153 D SystemServerTiming: OnBootPhase_520_com.android.server.camera.CameraServiceProxy took to complete: 0ms
08-16 16:52:12.443 1153 1153 I SystemServerTiming: OnBootPhase_520_com.android.server.BluetoothService
08-16 16:52:12.443 1153 1153 D SystemServerTiming: OnBootPhase_520_com.android.server.BluetoothService took to complete: 0ms
08-16 16:52:12.443 1153 1153 I SystemServerTiming: OnBootPhase_520_com.android.server.connectivity.IpConnectivityMetrics
08-16 16:52:12.443 1153 1153 D SystemServerTiming: OnBootPhase_520_com.android.server.connectivity.IpConnectivityMetrics took to complete: 0ms
08-16 16:52:12.443 1153 1153 I SystemServerTiming: OnBootPhase_520_com.android.server.net.watchlist.NetworkWatchlistService$Lifecycle
08-16 16:52:12.443 1153 1153 D SystemServerTiming: OnBootPhase_520_com.android.server.net.watchlist.NetworkWatchlistService$Lifecycle took to complete: 0ms
08-16 16:52:12.443 1153 1153 I SystemServerTiming: OnBootPhase_520_com.android.server.PinnerService
08-16 16:52:12.444 1153 1153 D SystemServerTiming: OnBootPhase_520_com.android.server.PinnerService took to complete: 0ms
08-16 16:52:12.444 1153 1153 I SystemServerTiming: OnBootPhase_520_com.google.android.startop.iorap.IorapForwardingService
08-16 16:52:12.444 1153 1153 D SystemServerTiming: OnBootPhase_520_com.google.android.startop.iorap.IorapForwardingService took to complete: 0ms
08-16 16:52:12.444 1153 1153 I SystemServerTiming: OnBootPhase_520_com.android.server.ActivityTriggerService
08-16 16:52:12.444 1153 1153 D SystemServerTiming: OnBootPhase_520_com.android.server.ActivityTriggerService took to complete: 0ms
08-16 16:52:12.444 1153 1153 I SystemServerTiming: OnBootPhase_520_com.android.server.integrity.AppIntegrityManagerService
08-16 16:52:12.444 1153 1153 D SystemServerTiming: OnBootPhase_520_com.android.server.integrity.AppIntegrityManagerService took to complete: 0ms
08-16 16:52:12.444 1153 1153 I SystemServerTiming: OnBootPhase_520_com.android.server.inputmethod.InputMethodManagerService$Lifecycle
08-16 16:52:12.444 1153 1153 D SystemServerTiming: OnBootPhase_520_com.android.server.inputmethod.InputMethodManagerService$Lifecycle took to complete: 0ms
08-16 16:52:12.444 1153 1153 I SystemServerTiming: OnBootPhase_520_com.android.server.accessibility.AccessibilityManagerService$Lifecycle
08-16 16:52:12.444 1153 1153 D SystemServerTiming: OnBootPhase_520_com.android.server.accessibility.AccessibilityManagerService$Lifecycle took to complete: 0ms
08-16 16:52:12.444 1153 1153 I SystemServerTiming: OnBootPhase_520_com.android.server.StorageManagerService$Lifecycle
08-16 16:52:12.444 1153 1153 D SystemServerTiming: OnBootPhase_520_com.android.server.StorageManagerService$Lifecycle took to complete: 0ms
08-16 16:52:12.444 1153 1153 I SystemServerTiming: OnBootPhase_520_com.android.server.usage.StorageStatsService$Lifecycle
08-16 16:52:12.444 1153 1153 D SystemServerTiming: OnBootPhase_520_com.android.server.usage.StorageStatsService$Lifecycle took to complete: 0ms
08-16 16:52:12.444 1153 1153 I SystemServerTiming: OnBootPhase_520_com.android.server.UiModeManagerService
08-16 16:52:12.445 1153 1153 D SystemServerTiming: OnBootPhase_520_com.android.server.UiModeManagerService took to complete: 0ms
08-16 16:52:12.445 1153 1153 I SystemServerTiming: OnBootPhase_520_com.android.server.locksettings.LockSettingsService$Lifecycle
08-16 16:52:12.445 1153 1153 D SystemServerTiming: OnBootPhase_520_com.android.server.locksettings.LockSettingsService$Lifecycle took to complete: 0ms
08-16 16:52:12.445 1153 1153 I SystemServerTiming: OnBootPhase_520_com.android.server.PersistentDataBlockService
08-16 16:52:12.445 1153 1153 D SystemServerTiming: OnBootPhase_520_com.android.server.PersistentDataBlockService took to complete: 0ms
08-16 16:52:12.445 1153 1153 I SystemServerTiming: OnBootPhase_520_com.android.server.testharness.TestHarnessModeService
08-16 16:52:12.445 1153 1153 D SystemServerTiming: OnBootPhase_520_com.android.server.testharness.TestHarnessModeService took to complete: 0ms
08-16 16:52:12.445 1153 1153 I SystemServerTiming: OnBootPhase_520_com.android.server.oemlock.OemLockService
08-16 16:52:12.445 1153 1153 D SystemServerTiming: OnBootPhase_520_com.android.server.oemlock.OemLockService took to complete: 0ms
08-16 16:52:12.445 1153 1153 I SystemServerTiming: OnBootPhase_520_com.android.server.DeviceIdleController
08-16 16:52:12.445 1153 1153 D SystemServerTiming: OnBootPhase_520_com.android.server.DeviceIdleController took to complete: 0ms
08-16 16:52:12.445 1153 1153 I SystemServerTiming: OnBootPhase_520_com.android.server.devicepolicy.DevicePolicyManagerService$Lifecycle
08-16 16:52:12.445 1153 1153 D SystemServerTiming: OnBootPhase_520_com.android.server.devicepolicy.DevicePolicyManagerService$Lifecycle took to complete: 0ms
08-16 16:52:12.445 1153 1153 I SystemServerTiming: OnBootPhase_520_com.android.server.texttospeech.TextToSpeechManagerService
08-16 16:52:12.445 1153 1153 D SystemServerTiming: OnBootPhase_520_com.android.server.texttospeech.TextToSpeechManagerService took to complete: 0ms
08-16 16:52:12.445 1153 1153 I SystemServerTiming: OnBootPhase_520_com.android.server.speech.SpeechRecognitionManagerService
08-16 16:52:12.445 1153 1153 D SystemServerTiming: OnBootPhase_520_com.android.server.speech.SpeechRecognitionManagerService took to complete: 0ms
08-16 16:52:12.446 1153 1153 I SystemServerTiming: OnBootPhase_520_com.android.server.searchui.SearchUiManagerService
08-16 16:52:12.446 1153 1153 D SystemServerTiming: OnBootPhase_520_com.android.server.searchui.SearchUiManagerService took to complete: 0ms
08-16 16:52:12.446 1153 1153 I SystemServerTiming: OnBootPhase_520_com.android.server.smartspace.SmartspaceManagerService
08-16 16:52:12.446 1153 1153 D SystemServerTiming: OnBootPhase_520_com.android.server.smartspace.SmartspaceManagerService took to complete: 0ms
08-16 16:52:12.446 1153 1153 I SystemServerTiming: OnBootPhase_520_com.android.server.graphics.fonts.FontManagerService$Lifecycle
08-16 16:52:12.446 1153 1153 D SystemServerTiming: OnBootPhase_520_com.android.server.graphics.fonts.FontManagerService$Lifecycle took to complete: 0ms
08-16 16:52:12.446 1153 1153 I SystemServerTiming: OnBootPhase_520_com.android.server.textservices.TextServicesManagerService$Lifecycle
08-16 16:52:12.446 1153 1153 D SystemServerTiming: OnBootPhase_520_com.android.server.textservices.TextServicesManagerService$Lifecycle took to complete: 0ms
08-16 16:52:12.446 1153 1153 I SystemServerTiming: OnBootPhase_520_com.android.server.textclassifier.TextClassificationManagerService$Lifecycle
08-16 16:52:12.446 1153 1153 D SystemServerTiming: OnBootPhase_520_com.android.server.textclassifier.TextClassificationManagerService$Lifecycle took to complete: 0ms
08-16 16:52:12.446 1153 1153 I SystemServerTiming: OnBootPhase_520_com.android.server.NetworkScoreService$Lifecycle
08-16 16:52:12.446 1153 1153 D SystemServerTiming: OnBootPhase_520_com.android.server.NetworkScoreService$Lifecycle took to complete: 0ms
08-16 16:52:12.446 1153 1153 I SystemServerTiming: OnBootPhase_520_com.android.server.wifi.WifiService
08-16 16:52:12.446 1153 1153 D SystemServerTiming: OnBootPhase_520_com.android.server.wifi.WifiService took to complete: 0ms
08-16 16:52:12.446 1153 1153 I SystemServerTiming: OnBootPhase_520_com.android.server.wifi.scanner.WifiScanningService
08-16 16:52:12.446 1153 1153 D SystemServerTiming: OnBootPhase_520_com.android.server.wifi.scanner.WifiScanningService took to complete: 0ms
08-16 16:52:12.447 1153 1153 I SystemServerTiming: OnBootPhase_520_com.android.server.wifi.rtt.RttService
08-16 16:52:12.447 1153 1153 D SystemServerTiming: OnBootPhase_520_com.android.server.wifi.rtt.RttService took to complete: 0ms
08-16 16:52:12.447 1153 1153 I SystemServerTiming: OnBootPhase_520_com.android.server.wifi.aware.WifiAwareService
08-16 16:52:12.447 1153 1153 D SystemServerTiming: OnBootPhase_520_com.android.server.wifi.aware.WifiAwareService took to complete: 0ms
08-16 16:52:12.447 1153 1153 I SystemServerTiming: OnBootPhase_520_com.android.server.wifi.p2p.WifiP2pService
08-16 16:52:12.447 1153 1153 D SystemServerTiming: OnBootPhase_520_com.android.server.wifi.p2p.WifiP2pService took to complete: 0ms
08-16 16:52:12.447 1153 1153 I SystemServerTiming: OnBootPhase_520_com.android.server.ethernet.EthernetService
08-16 16:52:12.447 1153 1153 D SystemServerTiming: OnBootPhase_520_com.android.server.ethernet.EthernetService took to complete: 0ms
08-16 16:52:12.447 1153 1153 I SystemServerTiming: OnBootPhase_520_com.android.server.ConnectivityServiceInitializer
08-16 16:52:12.448 1153 1153 D SystemServerTiming: OnBootPhase_520_com.android.server.ConnectivityServiceInitializer took to complete: 0ms
08-16 16:52:12.448 1153 1153 I SystemServerTiming: OnBootPhase_520_com.android.server.notification.NotificationManagerService
08-16 16:52:12.448 1153 1153 D SystemServerTiming: OnBootPhase_520_com.android.server.notification.NotificationManagerService took to complete: 0ms
08-16 16:52:12.448 1153 1153 I SystemServerTiming: OnBootPhase_520_com.android.server.storage.DeviceStorageMonitorService
08-16 16:52:12.448 1153 1153 D SystemServerTiming: OnBootPhase_520_com.android.server.storage.DeviceStorageMonitorService took to complete: 0ms
08-16 16:52:12.448 1153 1153 I SystemServerTiming: OnBootPhase_520_com.android.server.location.LocationManagerService$Lifecycle
08-16 16:52:12.449 1153 1153 D SystemServerTiming: OnBootPhase_520_com.android.server.location.LocationManagerService$Lifecycle took to complete: 0ms
08-16 16:52:12.449 1153 1153 I SystemServerTiming: OnBootPhase_520_com.android.server.timedetector.TimeDetectorService$Lifecycle
08-16 16:52:12.449 1153 1153 D SystemServerTiming: OnBootPhase_520_com.android.server.timedetector.TimeDetectorService$Lifecycle took to complete: 0ms
08-16 16:52:12.449 1153 1153 I SystemServerTiming: OnBootPhase_520_com.android.server.timezonedetector.TimeZoneDetectorService$Lifecycle
08-16 16:52:12.449 1153 1153 D SystemServerTiming: OnBootPhase_520_com.android.server.timezonedetector.TimeZoneDetectorService$Lifecycle took to complete: 0ms
08-16 16:52:12.449 1153 1153 I SystemServerTiming: OnBootPhase_520_com.android.server.timezonedetector.location.LocationTimeZoneManagerService$Lifecycle
08-16 16:52:12.449 1153 1153 D SystemServerTiming: OnBootPhase_520_com.android.server.timezonedetector.location.LocationTimeZoneManagerService$Lifecycle took to complete: 0ms
08-16 16:52:12.450 1153 1153 I SystemServerTiming: OnBootPhase_520_com.android.server.search.SearchManagerService$Lifecycle
08-16 16:52:12.450 1153 1153 D SystemServerTiming: OnBootPhase_520_com.android.server.search.SearchManagerService$Lifecycle took to complete: 0ms
08-16 16:52:12.450 1153 1153 I SystemServerTiming: OnBootPhase_520_com.android.server.wallpaper.WallpaperManagerService$Lifecycle
08-16 16:52:12.450 1153 1153 D SystemServerTiming: OnBootPhase_520_com.android.server.wallpaper.WallpaperManagerService$Lifecycle took to complete: 0ms
08-16 16:52:12.450 1153 1153 I SystemServerTiming: OnBootPhase_520_com.android.server.audio.AudioService$Lifecycle
08-16 16:52:12.450 1153 1153 D SystemServerTiming: OnBootPhase_520_com.android.server.audio.AudioService$Lifecycle took to complete: 0ms
08-16 16:52:12.451 1153 1153 I SystemServerTiming: OnBootPhase_520_com.android.server.soundtrigger_middleware.SoundTriggerMiddlewareService$Lifecycle
08-16 16:52:12.451 1153 1153 D SystemServerTiming: OnBootPhase_520_com.android.server.soundtrigger_middleware.SoundTriggerMiddlewareService$Lifecycle took to complete: 0ms
08-16 16:52:12.451 1153 1153 I SystemServerTiming: OnBootPhase_520_com.android.server.DockObserver
08-16 16:52:12.451 1153 1153 D SystemServerTiming: OnBootPhase_520_com.android.server.DockObserver took to complete: 0ms
08-16 16:52:12.452 1153 1153 I SystemServerTiming: OnBootPhase_520_com.android.server.midi.MidiService$Lifecycle
08-16 16:52:12.452 1153 1153 D SystemServerTiming: OnBootPhase_520_com.android.server.midi.MidiService$Lifecycle took to complete: 0ms
08-16 16:52:12.452 1153 1153 I SystemServerTiming: OnBootPhase_520_com.android.server.adb.AdbService$Lifecycle
08-16 16:52:12.452 1153 1153 D SystemServerTiming: OnBootPhase_520_com.android.server.adb.AdbService$Lifecycle took to complete: 0ms
08-16 16:52:12.452 1153 1153 I SystemServerTiming: OnBootPhase_520_com.android.server.usb.UsbService$Lifecycle
08-16 16:52:12.452 1153 1153 D SystemServerTiming: OnBootPhase_520_com.android.server.usb.UsbService$Lifecycle took to complete: 0ms
08-16 16:52:12.452 1153 1153 I SystemServerTiming: OnBootPhase_520_com.android.server.twilight.TwilightService
08-16 16:52:12.452 1153 1153 D SystemServerTiming: OnBootPhase_520_com.android.server.twilight.TwilightService took to complete: 0ms
08-16 16:52:12.452 1153 1153 I SystemServerTiming: OnBootPhase_520_com.android.server.display.color.ColorDisplayService
08-16 16:52:12.452 1153 1153 D SystemServerTiming: OnBootPhase_520_com.android.server.display.color.ColorDisplayService took to complete: 0ms
08-16 16:52:12.452 1153 1153 I SystemServerTiming: OnBootPhase_520_com.android.server.job.JobSchedulerService
08-16 16:52:12.452 1153 1153 D SystemServerTiming: OnBootPhase_520_com.android.server.job.JobSchedulerService took to complete: 0ms
08-16 16:52:12.452 1153 1153 I SystemServerTiming: OnBootPhase_520_com.android.server.soundtrigger.SoundTriggerService
08-16 16:52:12.452 1153 1153 D SoundTriggerService: onBootPhase: 520 : false
08-16 16:52:12.452 1153 1153 D SystemServerTiming: OnBootPhase_520_com.android.server.soundtrigger.SoundTriggerService took to complete: 0ms
08-16 16:52:12.452 1153 1153 I SystemServerTiming: OnBootPhase_520_com.android.server.trust.TrustManagerService
08-16 16:52:12.452 1153 1153 D SystemServerTiming: OnBootPhase_520_com.android.server.trust.TrustManagerService took to complete: 0ms
08-16 16:52:12.452 1153 1153 I SystemServerTiming: OnBootPhase_520_com.android.server.backup.BackupManagerService$Lifecycle
08-16 16:52:12.453 1153 1153 D SystemServerTiming: OnBootPhase_520_com.android.server.backup.BackupManagerService$Lifecycle took to complete: 0ms
08-16 16:52:12.453 1153 1153 I SystemServerTiming: OnBootPhase_520_com.android.server.appwidget.AppWidgetService
08-16 16:52:12.453 1153 1153 D SystemServerTiming: OnBootPhase_520_com.android.server.appwidget.AppWidgetService took to complete: 0ms
08-16 16:52:12.453 1153 1153 I SystemServerTiming: OnBootPhase_520_com.android.server.voiceinteraction.VoiceInteractionManagerService
08-16 16:52:12.453 1153 1153 D SystemServerTiming: OnBootPhase_520_com.android.server.voiceinteraction.VoiceInteractionManagerService took to complete: 0ms
08-16 16:52:12.453 1153 1153 I SystemServerTiming: OnBootPhase_520_com.android.server.apphibernation.AppHibernationService
08-16 16:52:12.453 1153 1153 D SystemServerTiming: OnBootPhase_520_com.android.server.apphibernation.AppHibernationService took to complete: 0ms
08-16 16:52:12.453 1153 1153 I SystemServerTiming: OnBootPhase_520_com.android.server.GestureLauncherService
08-16 16:52:12.453 1153 1153 D SystemServerTiming: OnBootPhase_520_com.android.server.GestureLauncherService took to complete: 0ms
08-16 16:52:12.453 1153 1153 I SystemServerTiming: OnBootPhase_520_com.android.server.SensorNotificationService
08-16 16:52:12.453 1153 1153 D SystemServerTiming: OnBootPhase_520_com.android.server.SensorNotificationService took to complete: 0ms
08-16 16:52:12.453 1153 1153 I SystemServerTiming: OnBootPhase_520_com.android.server.emergency.EmergencyAffordanceService
08-16 16:52:12.453 1153 1153 D SystemServerTiming: OnBootPhase_520_com.android.server.emergency.EmergencyAffordanceService took to complete: 0ms
08-16 16:52:12.453 1153 1153 I SystemServerTiming: OnBootPhase_520_com.android.server.blob.BlobStoreManagerService
08-16 16:52:12.453 1153 1153 D SystemServerTiming: OnBootPhase_520_com.android.server.blob.BlobStoreManagerService took to complete: 0ms
08-16 16:52:12.453 1153 1153 I SystemServerTiming: OnBootPhase_520_com.android.server.dreams.DreamManagerService
08-16 16:52:12.453 1153 1153 D SystemServerTiming: OnBootPhase_520_com.android.server.dreams.DreamManagerService took to complete: 0ms
08-16 16:52:12.453 1153 1153 I SystemServerTiming: OnBootPhase_520_com.android.server.print.PrintManagerService
08-16 16:52:12.453 1153 1153 D SystemServerTiming: OnBootPhase_520_com.android.server.print.PrintManagerService took to complete: 0ms
01-01 05:04:08.351 0 0 D cnss : Assert WLAN_EN GPIO successfully
01-01 05:04:08.351 0 0 D cnss : Resuming PCI link
01-01 05:04:08.351 0 0 I msm_pcie_enable: PCIe: Assert the reset of endpoint of RC0.
08-16 16:52:12.454 1153 1153 I SystemServerTiming: OnBootPhase_520_com.android.server.companion.CompanionDeviceManagerService
08-16 16:52:12.454 1153 1153 D SystemServerTiming: OnBootPhase_520_com.android.server.companion.CompanionDeviceManagerService took to complete: 0ms
08-16 16:52:12.454 1153 1153 I SystemServerTiming: OnBootPhase_520_com.android.server.restrictions.RestrictionsManagerService
08-16 16:52:12.454 1153 1153 D SystemServerTiming: OnBootPhase_520_com.android.server.restrictions.RestrictionsManagerService took to complete: 0ms
08-16 16:52:12.454 1153 1153 I SystemServerTiming: OnBootPhase_520_com.android.server.media.MediaSessionService
08-16 16:52:12.454 1153 1153 D SystemServerTiming: OnBootPhase_520_com.android.server.media.MediaSessionService took to complete: 0ms
08-16 16:52:12.454 1153 1153 I SystemServerTiming: OnBootPhase_520_com.android.server.media.MediaResourceMonitorService
08-16 16:52:12.454 1153 1153 D SystemServerTiming: OnBootPhase_520_com.android.server.media.MediaResourceMonitorService took to complete: 0ms
08-16 16:52:12.454 1153 1153 I SystemServerTiming: OnBootPhase_520_com.android.server.biometrics.sensors.fingerprint.FingerprintService
08-16 16:52:12.454 1153 1153 D SystemServerTiming: OnBootPhase_520_com.android.server.biometrics.sensors.fingerprint.FingerprintService took to complete: 0ms
08-16 16:52:12.454 1153 1153 I SystemServerTiming: OnBootPhase_520_com.android.server.biometrics.BiometricService
08-16 16:52:12.454 1153 1153 D SystemServerTiming: OnBootPhase_520_com.android.server.biometrics.BiometricService took to complete: 0ms
08-16 16:52:12.454 1153 1153 I SystemServerTiming: OnBootPhase_520_com.android.server.biometrics.AuthService
08-16 16:52:12.454 1153 1153 D SystemServerTiming: OnBootPhase_520_com.android.server.biometrics.AuthService took to complete: 0ms
08-16 16:52:12.454 1153 1153 I SystemServerTiming: OnBootPhase_520_com.android.server.pm.ShortcutService$Lifecycle
08-16 16:52:12.454 1153 1153 D SystemServerTiming: OnBootPhase_520_com.android.server.pm.ShortcutService$Lifecycle took to complete: 0ms
08-16 16:52:12.455 1153 1153 I SystemServerTiming: OnBootPhase_520_com.android.server.pm.LauncherAppsService
08-16 16:52:12.455 1153 1153 D SystemServerTiming: OnBootPhase_520_com.android.server.pm.LauncherAppsService took to complete: 0ms
08-16 16:52:12.455 1153 1153 I SystemServerTiming: OnBootPhase_520_com.android.server.pm.CrossProfileAppsService
08-16 16:52:12.455 1153 1153 D SystemServerTiming: OnBootPhase_520_com.android.server.pm.CrossProfileAppsService took to complete: 0ms
08-16 16:52:12.455 1153 1153 I SystemServerTiming: OnBootPhase_520_com.android.server.people.PeopleService
08-16 16:52:12.455 1153 1153 D SystemServerTiming: OnBootPhase_520_com.android.server.people.PeopleService took to complete: 0ms
08-16 16:52:12.455 1153 1153 I SystemServerTiming: OnBootPhase_520_com.android.server.media.metrics.MediaMetricsManagerService
08-16 16:52:12.455 1153 1153 D SystemServerTiming: OnBootPhase_520_com.android.server.media.metrics.MediaMetricsManagerService took to complete: 0ms
08-16 16:52:12.455 1153 1153 I SystemServerTiming: OnBootPhase_520_com.android.server.media.projection.MediaProjectionManagerService
08-16 16:52:12.455 1153 1153 D SystemServerTiming: OnBootPhase_520_com.android.server.media.projection.MediaProjectionManagerService took to complete: 0ms
08-16 16:52:12.455 1153 1153 I SystemServerTiming: OnBootPhase_520_com.android.server.slice.SliceManagerService$Lifecycle
08-16 16:52:12.455 1153 1153 D SystemServerTiming: OnBootPhase_520_com.android.server.slice.SliceManagerService$Lifecycle took to complete: 0ms
08-16 16:52:12.455 1153 1153 I SystemServerTiming: OnBootPhase_520_com.android.server.stats.StatsCompanion$Lifecycle
08-16 16:52:12.455 1153 1153 D SystemServerTiming: OnBootPhase_520_com.android.server.stats.StatsCompanion$Lifecycle took to complete: 0ms
08-16 16:52:12.455 1153 1153 I SystemServerTiming: OnBootPhase_520_com.android.server.scheduling.RebootReadinessManagerService$Lifecycle
08-16 16:52:12.455 1153 1153 D SystemServerTiming: OnBootPhase_520_com.android.server.scheduling.RebootReadinessManagerService$Lifecycle took to complete: 0ms
08-16 16:52:12.455 1153 1153 I SystemServerTiming: OnBootPhase_520_com.android.server.stats.pull.StatsPullAtomService
08-16 16:52:12.455 1153 1153 D SystemServerTiming: OnBootPhase_520_com.android.server.stats.pull.StatsPullAtomService took to complete: 0ms
01-01 05:04:08.355 0 0 I msm_pcie_enable: PCIe: RC0: PCIE20_PARF_INT_ALL_MASK: 0x7f80d202
08-16 16:52:12.456 1153 1153 I SystemServerTiming: OnBootPhase_520_com.android.server.incident.IncidentCompanionService
08-16 16:52:12.456 1153 1153 D SystemServerTiming: OnBootPhase_520_com.android.server.incident.IncidentCompanionService took to complete: 0ms
08-16 16:52:12.456 1153 1153 I SystemServerTiming: OnBootPhase_520_com.android.server.MmsServiceBroker
08-16 16:52:12.456 1153 1153 D SystemServerTiming: OnBootPhase_520_com.android.server.MmsServiceBroker took to complete: 0ms
08-16 16:52:12.456 1153 1153 I SystemServerTiming: OnBootPhase_520_com.android.server.autofill.AutofillManagerService
08-16 16:52:12.456 1153 1153 D SystemServerTiming: OnBootPhase_520_com.android.server.autofill.AutofillManagerService took to complete: 0ms
08-16 16:52:12.456 1153 1153 I SystemServerTiming: OnBootPhase_520_com.android.server.clipboard.ClipboardService
08-16 16:52:12.456 1153 1153 D SystemServerTiming: OnBootPhase_520_com.android.server.clipboard.ClipboardService took to complete: 0ms
08-16 16:52:12.456 1153 1153 I SystemServerTiming: OnBootPhase_520_com.android.server.appbinding.AppBindingService$Lifecycle
08-16 16:52:12.456 1153 1153 D SystemServerTiming: OnBootPhase_520_com.android.server.appbinding.AppBindingService$Lifecycle took to complete: 0ms
08-16 16:52:12.456 1153 1153 I SystemServerTiming: OnBootPhase_520_com.android.server.tracing.TracingServiceProxy
08-16 16:52:12.456 1153 1153 D SystemServerTiming: OnBootPhase_520_com.android.server.tracing.TracingServiceProxy took to complete: 0ms
08-16 16:52:12.456 1153 1153 I SystemServerTiming: OnBootPhase_520_com.android.server.policy.PermissionPolicyService
08-16 16:52:12.456 1153 1153 D SystemServerTiming: OnBootPhase_520_com.android.server.policy.PermissionPolicyService took to complete: 0ms
08-16 16:52:12.456 1153 1153 I SystemServerTiming: OnBootPhase_520_com.android.server.pm.StagingManager$Lifecycle
08-16 16:52:12.456 1153 1153 D SystemServerTiming: OnBootPhase_520_com.android.server.pm.StagingManager$Lifecycle took to complete: 0ms
08-16 16:52:12.456 1153 1153 I SystemServerTiming: OnBootPhase_520_com.android.server.app.GameManagerService$Lifecycle
08-16 16:52:12.457 1153 1153 D SystemServerTiming: OnBootPhase_520_com.android.server.app.GameManagerService$Lifecycle took to complete: 0ms
08-16 16:52:12.457 1153 1153 D SystemServerTiming: OnBootPhase_520 took to complete: 18ms
08-16 16:52:12.457 1153 1153 D SystemServerTiming: StartBootPhaseDeviceSpecificServicesReady took to complete: 18ms
08-16 16:52:12.457 1153 1153 I SystemServerTiming: AppSearchManagerService
01-01 05:04:08.358 0 0 I pcie_phy_init: PCIe RC0 PHY is ready!
01-01 05:04:08.368 0 0 I msm_pcie_enable: PCIe: Release the reset of endpoint of RC0.
01-01 05:04:08.384 0 0 I msm_pcie_link_train: PCIe RC0 link initialized
01-01 05:04:08.398 0 0 I cnss_pci 0000: 01:00.0: enabling device (0000 -> 0002)
08-16 16:52:12.503 1153 1153 I SystemServiceManager: Starting com.android.server.appsearch.AppSearchManagerService
01-01 05:04:08.399 0 0 D cnss : Config PCIe remap window register to 0x4000003f
01-01 05:04:08.399 0 0 D cnss : Read register offset 0x1f8031c, val = 0x6
01-01 05:04:08.399 0 0 D cnss : Write val 0x2 to register offset 0x1f8031c
01-01 05:04:08.399 0 0 D cnss : Setting MHI state: INIT(0)
01-01 05:04:08.400 0 0 D cnss : Setting MHI state: POWER_ON(2)
01-01 05:04:08.404 0 0 W cnss_pci 0000: 01:00.0: Falling back to syfs fallback for: qca6390/amss20.bin
08-16 16:52:12.513 1153 1153 D SystemServerTiming: AppSearchManagerService took to complete: 56ms
08-16 16:52:12.513 1153 1153 I SystemServerTiming: StartMediaCommunicationService
08-16 16:52:12.514 1153 1153 I SystemServiceManager: Starting com.android.server.media.MediaCommunicationService
08-16 16:52:12.516 1153 1153 D SystemServerTiming: StartMediaCommunicationService took to complete: 4ms
