01-01 05:04:04.640 0 0 W cnss2 b0000000.qcom,cnss-qca6390: Falling back to syfs fallback for: qca6390/regdb.bin
01-01 05:04:04.643 0 0 E swr-wcd rx_swr_ctrl: swrm_get_logical_dev_num: device 0xd01170224 is not ready
01-01 05:04:03.906 1153 1153 W android.permission.PermissionManager: Missing ActivityManager; assuming 1000 holds android.permission.SET_PREFERRED_APPLICATIONS
01-01 05:04:03.907 1153 1153 W android.permission.PermissionManager: Missing ActivityManager; assuming 1000 holds android.permission.SET_PREFERRED_APPLICATIONS
01-01 05:04:03.908 1153 1153 W android.permission.PermissionManager: Missing ActivityManager; assuming 1000 holds android.permission.SET_PREFERRED_APPLICATIONS
01-01 05:04:03.908 1153 1153 W android.permission.PermissionManager: Missing ActivityManager; assuming 1000 holds android.permission.SET_PREFERRED_APPLICATIONS
01-01 05:04:03.908 1153 1153 W android.permission.PermissionManager: Missing ActivityManager; assuming 1000 holds android.permission.SET_PREFERRED_APPLICATIONS
01-01 05:04:03.909 1153 1153 W android.permission.PermissionManager: Missing ActivityManager; assuming 1000 holds android.permission.SET_PREFERRED_APPLICATIONS
01-01 05:04:03.909 1153 1153 W android.permission.PermissionManager: Missing ActivityManager; assuming 1000 holds android.permission.SET_PREFERRED_APPLICATIONS
01-01 05:04:03.910 1153 1153 W android.permission.PermissionManager: Missing ActivityManager; assuming 1000 holds android.permission.SET_PREFERRED_APPLICATIONS
01-01 05:04:03.910 1153 1153 W android.permission.PermissionManager: Missing ActivityManager; assuming 1000 holds android.permission.SET_PREFERRED_APPLICATIONS
01-01 05:04:03.910 1153 1153 W android.permission.PermissionManager: Missing ActivityManager; assuming 1000 holds android.permission.SET_PREFERRED_APPLICATIONS
01-01 05:04:03.911 1153 1153 W android.permission.PermissionManager: Missing ActivityManager; assuming 1000 holds android.permission.SET_PREFERRED_APPLICATIONS
01-01 05:04:03.911 1153 1153 W android.permission.PermissionManager: Missing ActivityManager; assuming 1000 holds android.permission.SET_PREFERRED_APPLICATIONS
01-01 05:04:03.912 1153 1153 W android.permission.PermissionManager: Missing ActivityManager; assuming 1000 holds android.permission.SET_PREFERRED_APPLICATIONS
01-01 05:04:03.912 1153 1153 W android.permission.PermissionManager: Missing ActivityManager; assuming 1000 holds android.permission.SET_PREFERRED_APPLICATIONS
01-01 05:04:03.913 1153 1153 W android.permission.PermissionManager: Missing ActivityManager; assuming 1000 holds android.permission.SET_PREFERRED_APPLICATIONS
01-01 05:04:03.914 1153 1153 W android.permission.PermissionManager: Missing ActivityManager; assuming 1000 holds android.permission.SET_PREFERRED_APPLICATIONS
01-01 05:04:03.914 1153 1153 W android.permission.PermissionManager: Missing ActivityManager; assuming 1000 holds android.permission.SET_PREFERRED_APPLICATIONS
01-01 05:04:03.915 1153 1153 W android.permission.PermissionManager: Missing ActivityManager; assuming 1000 holds android.permission.SET_PREFERRED_APPLICATIONS
01-01 05:04:04.650 0 0 I ueventd : firmware: loading 'qca6390/regdb.bin' for '/devices/platform/soc/b0000000.qcom,cnss-qca6390/firmware/qca6390!regdb.bin'
01-01 05:04:04.652 0 0 E swr_get_logical_dev_num: Error -22 to get logical addr for device d01170224
01-01 05:04:04.659 0 0 E ueventd : firmware: could not find firmware for qca6390/regdb.bin
01-01 05:04:03.917 1153 1153 W android.permission.PermissionManager: Missing ActivityManager; assuming 1000 holds android.permission.SET_PREFERRED_APPLICATIONS
01-01 05:04:03.918 1153 1153 W android.permission.PermissionManager: Missing ActivityManager; assuming 1000 holds android.permission.SET_PREFERRED_APPLICATIONS
01-01 05:04:03.918 1153 1153 W android.permission.PermissionManager: Missing ActivityManager; assuming 1000 holds android.permission.SET_PREFERRED_APPLICATIONS
01-01 05:04:03.919 1153 1153 W android.permission.PermissionManager: Missing ActivityManager; assuming 1000 holds android.permission.SET_PREFERRED_APPLICATIONS
01-01 05:04:03.919 1153 1153 W android.permission.PermissionManager: Missing ActivityManager; assuming 1000 holds android.permission.SET_PREFERRED_APPLICATIONS
01-01 05:04:03.919 1153 1153 W android.permission.PermissionManager: Missing ActivityManager; assuming 1000 holds android.permission.SET_PREFERRED_APPLICATIONS
01-01 05:04:03.920 1153 1153 W android.permission.PermissionManager: Missing ActivityManager; assuming 1000 holds android.permission.SET_PREFERRED_APPLICATIONS
01-01 05:04:03.920 1153 1153 W android.permission.PermissionManager: Missing ActivityManager; assuming 1000 holds android.permission.SET_PREFERRED_APPLICATIONS
01-01 05:04:03.920 1153 1153 W android.permission.PermissionManager: Missing ActivityManager; assuming 1000 holds android.permission.SET_PREFERRED_APPLICATIONS
01-01 05:04:03.921 1153 1153 W android.permission.PermissionManager: Missing ActivityManager; assuming 1000 holds android.permission.SET_PREFERRED_APPLICATIONS
01-01 05:04:03.921 1153 1153 W android.permission.PermissionManager: Missing ActivityManager; assuming 1000 holds android.permission.SET_PREFERRED_APPLICATIONS
01-01 05:04:03.922 1153 1153 W android.permission.PermissionManager: Missing ActivityManager; assuming 1000 holds android.permission.SET_PREFERRED_APPLICATIONS
01-01 05:04:03.922 1153 1153 W android.permission.PermissionManager: Missing ActivityManager; assuming 1000 holds android.permission.SET_PREFERRED_APPLICATIONS
01-01 05:04:03.922 1153 1153 W android.permission.PermissionManager: Missing ActivityManager; assuming 1000 holds android.permission.SET_PREFERRED_APPLICATIONS
01-01 05:04:03.923 1153 1153 W android.permission.PermissionManager: Missing ActivityManager; assuming 1000 holds android.permission.SET_PREFERRED_APPLICATIONS
01-01 05:04:03.923 1153 1153 W android.permission.PermissionManager: Missing ActivityManager; assuming 1000 holds android.permission.SET_PREFERRED_APPLICATIONS
01-01 05:04:03.923 1153 1153 W android.permission.PermissionManager: Missing ActivityManager; assuming 1000 holds android.permission.SET_PREFERRED_APPLICATIONS
01-01 05:04:03.924 1153 1153 W android.permission.PermissionManager: Missing ActivityManager; assuming 1000 holds android.permission.SET_PREFERRED_APPLICATIONS
01-01 05:04:03.924 1153 1153 W android.permission.PermissionManager: Missing ActivityManager; assuming 1000 holds android.permission.SET_PREFERRED_APPLICATIONS
01-01 05:04:03.925 1153 1153 W android.permission.PermissionManager: Missing ActivityManager; assuming 1000 holds android.permission.SET_PREFERRED_APPLICATIONS
01-01 05:04:03.925 1153 1153 W android.permission.PermissionManager: Missing ActivityManager; assuming 1000 holds android.permission.SET_PREFERRED_APPLICATIONS
01-01 05:04:03.925 1153 1153 W android.permission.PermissionManager: Missing ActivityManager; assuming 1000 holds android.permission.SET_PREFERRED_APPLICATIONS
01-01 05:04:03.926 1153 1153 W android.permission.PermissionManager: Missing ActivityManager; assuming 1000 holds android.permission.SET_PREFERRED_APPLICATIONS
01-01 05:04:03.928 1153 1153 W android.permission.PermissionManager: Missing ActivityManager; assuming 1000 holds android.permission.SET_PREFERRED_APPLICATIONS
01-01 05:04:03.928 1153 1153 W android.permission.PermissionManager: Missing ActivityManager; assuming 1000 holds android.permission.SET_PREFERRED_APPLICATIONS
01-01 05:04:03.929 1153 1153 W android.permission.PermissionManager: Missing ActivityManager; assuming 1000 holds android.permission.SET_PREFERRED_APPLICATIONS
01-01 05:04:03.929 1153 1153 W android.permission.PermissionManager: Missing ActivityManager; assuming 1000 holds android.permission.SET_PREFERRED_APPLICATIONS
01-01 05:04:03.930 1153 1153 W android.permission.PermissionManager: Missing ActivityManager; assuming 1000 holds android.permission.SET_PREFERRED_APPLICATIONS
01-01 05:04:03.930 1153 1153 W android.permission.PermissionManager: Missing ActivityManager; assuming 1000 holds android.permission.SET_PREFERRED_APPLICATIONS
01-01 05:04:03.931 1153 1153 W android.permission.PermissionManager: Missing ActivityManager; assuming 1000 holds android.permission.SET_PREFERRED_APPLICATIONS
01-01 05:04:03.931 1153 1153 W android.permission.PermissionManager: Missing ActivityManager; assuming 1000 holds android.permission.SET_PREFERRED_APPLICATIONS
01-01 05:04:03.932 1153 1153 W android.permission.PermissionManager: Missing ActivityManager; assuming 1000 holds android.permission.SET_PREFERRED_APPLICATIONS
01-01 05:04:03.935 1153 1153 W android.permission.PermissionManager: Missing ActivityManager; assuming 1000 holds android.permission.SET_PREFERRED_APPLICATIONS
01-01 05:04:03.937 1153 1153 W android.permission.PermissionManager: Missing ActivityManager; assuming 1000 holds android.permission.SET_PREFERRED_APPLICATIONS
01-01 05:04:03.938 1153 1153 W android.permission.PermissionManager: Missing ActivityManager; assuming 1000 holds android.permission.SET_PREFERRED_APPLICATIONS
01-01 05:04:03.938 1153 1153 W android.permission.PermissionManager: Missing ActivityManager; assuming 1000 holds android.permission.SET_PREFERRED_APPLICATIONS
01-01 05:04:03.939 1153 1153 W android.permission.PermissionManager: Missing ActivityManager; assuming 1000 holds android.permission.SET_PREFERRED_APPLICATIONS
01-01 05:04:04.662 0 0 E swr-wcd rx_swr_ctrl: swrm_get_logical_dev_num: device 0xd01170224 is not ready
01-01 05:04:04.668 0 0 E ueventd : firmware: attempted /etc/firmware/qca6390/regdb.bin, open failed: No such file or directory
01-01 05:04:04.676 0 0 E swr_get_logical_dev_num: Error -22 to get logical addr for device d01170224
01-01 05:04:04.677 0 0 E swr-wcd rx_swr_ctrl: swrm_get_logical_dev_num: device 0xd01170224 is not ready
01-01 05:04:03.940 1153 1153 W android.permission.PermissionManager: Missing ActivityManager; assuming 1000 holds android.permission.SET_PREFERRED_APPLICATIONS
01-01 05:04:03.941 1153 1153 W android.permission.PermissionManager: Missing ActivityManager; assuming 1000 holds android.permission.SET_PREFERRED_APPLICATIONS
01-01 05:04:03.941 1153 1153 W android.permission.PermissionManager: Missing ActivityManager; assuming 1000 holds android.permission.SET_PREFERRED_APPLICATIONS
01-01 05:04:03.942 1153 1153 W android.permission.PermissionManager: Missing ActivityManager; assuming 1000 holds android.permission.SET_PREFERRED_APPLICATIONS
01-01 05:04:03.942 1153 1153 W android.permission.PermissionManager: Missing ActivityManager; assuming 1000 holds android.permission.SET_PREFERRED_APPLICATIONS
01-01 05:04:03.943 1153 1153 W android.permission.PermissionManager: Missing ActivityManager; assuming 1000 holds android.permission.SET_PREFERRED_APPLICATIONS
01-01 05:04:03.943 1153 1153 W android.permission.PermissionManager: Missing ActivityManager; assuming 1000 holds android.permission.SET_PREFERRED_APPLICATIONS
01-01 05:04:03.944 1153 1153 W android.permission.PermissionManager: Missing ActivityManager; assuming 1000 holds android.permission.SET_PREFERRED_APPLICATIONS
01-01 05:04:03.944 1153 1153 W android.permission.PermissionManager: Missing ActivityManager; assuming 1000 holds android.permission.SET_PREFERRED_APPLICATIONS
01-01 05:04:03.945 1153 1153 W android.permission.PermissionManager: Missing ActivityManager; assuming 1000 holds android.permission.SET_PREFERRED_APPLICATIONS
01-01 05:04:03.945 1153 1153 W android.permission.PermissionManager: Missing ActivityManager; assuming 1000 holds android.permission.SET_PREFERRED_APPLICATIONS
01-01 05:04:03.945 1153 1153 W android.permission.PermissionManager: Missing ActivityManager; assuming 1000 holds android.permission.SET_PREFERRED_APPLICATIONS
01-01 05:04:03.946 1153 1153 W android.permission.PermissionManager: Missing ActivityManager; assuming 1000 holds android.permission.SET_PREFERRED_APPLICATIONS
01-01 05:04:03.946 1153 1153 W android.permission.PermissionManager: Missing ActivityManager; assuming 1000 holds android.permission.SET_PREFERRED_APPLICATIONS
01-01 05:04:03.946 1153 1153 W android.permission.PermissionManager: Missing ActivityManager; assuming 1000 holds android.permission.SET_PREFERRED_APPLICATIONS
01-01 05:04:03.947 1153 1153 W android.permission.PermissionManager: Missing ActivityManager; assuming 1000 holds android.permission.SET_PREFERRED_APPLICATIONS
01-01 05:04:03.947 1153 1153 W android.permission.PermissionManager: Missing ActivityManager; assuming 1000 holds android.permission.SET_PREFERRED_APPLICATIONS
01-01 05:04:04.686 0 0 I android_work: did not send uevent (0 0 0000000000000000)
01-01 05:04:03.948 1153 1153 W android.permission.PermissionManager: Missing ActivityManager; assuming 1000 holds android.permission.SET_PREFERRED_APPLICATIONS
01-01 05:04:03.948 1153 1153 W android.permission.PermissionManager: Missing ActivityManager; assuming 1000 holds android.permission.SET_PREFERRED_APPLICATIONS
01-01 05:04:03.950 1153 1153 W android.permission.PermissionManager: Missing ActivityManager; assuming 1000 holds android.permission.SET_PREFERRED_APPLICATIONS
01-01 05:04:03.951 1153 1153 W android.permission.PermissionManager: Missing ActivityManager; assuming 1000 holds android.permission.SET_PREFERRED_APPLICATIONS
01-01 05:04:03.951 1153 1153 W android.permission.PermissionManager: Missing ActivityManager; assuming 1000 holds android.permission.SET_PREFERRED_APPLICATIONS
01-01 05:04:03.952 1153 1153 W android.permission.PermissionManager: Missing ActivityManager; assuming 1000 holds android.permission.SET_PREFERRED_APPLICATIONS
01-01 05:04:03.952 1153 1153 W android.permission.PermissionManager: Missing ActivityManager; assuming 1000 holds android.permission.SET_PREFERRED_APPLICATIONS
01-01 05:04:04.690 0 0 E ueventd : firmware: attempted /odm/firmware/qca6390/regdb.bin, open failed: No such file or directory
01-01 05:04:04.696 0 0 E swr_get_logical_dev_num: Error -22 to get logical addr for device d01170224
01-01 05:04:04.698 0 0 I qcom,camera ac4f000.qcom,cci: qcom,cam-sensor5: Linked as a consumer to regulator.56
01-01 05:04:04.701 0 0 I qcom,camera ac4f000.qcom,cci: qcom,cam-sensor5: Linked as a consumer to regulator.57
01-01 05:04:03.953 1153 1153 W android.permission.PermissionManager: Missing ActivityManager; assuming 1000 holds android.permission.SET_PREFERRED_APPLICATIONS
01-01 05:04:03.955 1153 1153 W android.permission.PermissionManager: Missing ActivityManager; assuming 1000 holds android.permission.SET_PREFERRED_APPLICATIONS
01-01 05:04:03.956 1153 1153 W android.permission.PermissionManager: Missing ActivityManager; assuming 1000 holds android.permission.SET_PREFERRED_APPLICATIONS
01-01 05:04:03.956 1153 1153 W android.permission.PermissionManager: Missing ActivityManager; assuming 1000 holds android.permission.SET_PREFERRED_APPLICATIONS
01-01 05:04:03.957 1153 1153 W android.permission.PermissionManager: Missing ActivityManager; assuming 1000 holds android.permission.SET_PREFERRED_APPLICATIONS
01-01 05:04:03.958 1153 1153 W android.permission.PermissionManager: Missing ActivityManager; assuming 1000 holds android.permission.SET_PREFERRED_APPLICATIONS
01-01 05:04:03.959 1153 1153 W android.permission.PermissionManager: Missing ActivityManager; assuming 1000 holds android.permission.SET_PREFERRED_APPLICATIONS
01-01 05:04:04.703 0 0 I qcom,camera ac4f000.qcom,cci: qcom,cam-sensor5: Linked as a consumer to regulator.53
01-01 05:04:03.960 1153 1153 W android.permission.PermissionManager: Missing ActivityManager; assuming 1000 holds android.permission.SET_PREFERRED_APPLICATIONS
01-01 05:04:03.960 1153 1153 W android.permission.PermissionManager: Missing ActivityManager; assuming 1000 holds android.permission.SET_PREFERRED_APPLICATIONS
01-01 05:04:03.961 1153 1153 W android.permission.PermissionManager: Missing ActivityManager; assuming 1000 holds android.permission.SET_PREFERRED_APPLICATIONS
01-01 05:04:03.963 1153 1153 W android.permission.PermissionManager: Missing ActivityManager; assuming 1000 holds android.permission.SET_PREFERRED_APPLICATIONS
01-01 05:04:03.964 1153 1153 W android.permission.PermissionManager: Missing ActivityManager; assuming 1000 holds android.permission.SET_PREFERRED_APPLICATIONS
01-01 05:04:03.964 1153 1153 W android.permission.PermissionManager: Missing ActivityManager; assuming 1000 holds android.permission.SET_PREFERRED_APPLICATIONS
01-01 05:04:03.965 1153 1153 W android.permission.PermissionManager: Missing ActivityManager; assuming 1000 holds android.permission.SET_PREFERRED_APPLICATIONS
01-01 05:04:03.966 1153 1153 W android.permission.PermissionManager: Missing ActivityManager; assuming 1000 holds android.permission.SET_PREFERRED_APPLICATIONS
01-01 05:04:03.966 1153 1153 W android.permission.PermissionManager: Missing ActivityManager; assuming 1000 holds android.permission.SET_PREFERRED_APPLICATIONS
01-01 05:04:03.967 1153 1153 W android.permission.PermissionManager: Missing ActivityManager; assuming 1000 holds android.permission.SET_PREFERRED_APPLICATIONS
01-01 05:04:03.971 1153 1153 W android.permission.PermissionManager: Missing ActivityManager; assuming 1000 holds android.permission.SET_PREFERRED_APPLICATIONS
01-01 05:04:03.972 1153 1153 W android.permission.PermissionManager: Missing ActivityManager; assuming 1000 holds android.permission.SET_PREFERRED_APPLICATIONS
01-01 05:04:03.974 1153 1153 W android.permission.PermissionManager: Missing ActivityManager; assuming 1000 holds android.permission.SET_PREFERRED_APPLICATIONS
01-01 05:04:03.976 1153 1153 W android.permission.PermissionManager: Missing ActivityManager; assuming 1000 holds android.permission.SET_PREFERRED_APPLICATIONS
01-01 05:04:04.705 0 0 E ueventd : firmware: attempted /vendor/firmware/qca6390/regdb.bin, open failed: No such file or directory
01-01 05:04:03.978 1153 1153 W android.permission.PermissionManager: Missing ActivityManager; assuming 1000 holds android.permission.SET_PREFERRED_APPLICATIONS
01-01 05:04:04.715 0 0 E wcd938x_codec wcd938x-codec: wcd938x_bind: Slave bind failed, ret = -517
01-01 05:04:03.980 1153 1153 W android.permission.PermissionManager: Missing ActivityManager; assuming 1000 holds android.permission.SET_PREFERRED_APPLICATIONS
01-01 05:04:03.981 1153 1153 W android.permission.PermissionManager: Missing ActivityManager; assuming 1000 holds android.permission.SET_PREFERRED_APPLICATIONS
01-01 05:04:03.986 1153 1153 W android.permission.PermissionManager: Missing ActivityManager; assuming 1000 holds android.permission.SET_PREFERRED_APPLICATIONS
01-01 05:04:04.723 0 0 W QSEECOM : qseecom_load_app: App (fingerpr) does'nt exist, loading apps for first time
01-01 05:04:04.724 0 0 E ueventd : firmware: attempted /firmware/image/qca6390/regdb.bin, open failed: No such file or directory
01-01 05:04:04.724 0 0 E ueventd : firmware: attempted /vendor/firmware_mnt/image/qca6390/regdb.bin, open failed: No such file or directory
01-01 05:04:04.725 0 0 I ueventd : loading /devices/platform/soc/b0000000.qcom,cnss-qca6390/firmware/qca6390!regdb.bin took 75ms
01-01 05:04:03.987 1153 1153 W android.permission.PermissionManager: Missing ActivityManager; assuming 1000 holds android.permission.SET_PREFERRED_APPLICATIONS
01-01 05:04:03.987 1153 1153 W android.permission.PermissionManager: Missing ActivityManager; assuming 1000 holds android.permission.SET_PREFERRED_APPLICATIONS
01-01 05:04:03.988 1153 1153 W android.permission.PermissionManager: Missing ActivityManager; assuming 1000 holds android.permission.SET_PREFERRED_APPLICATIONS
01-01 05:04:03.989 1153 1153 W android.permission.PermissionManager: Missing ActivityManager; assuming 1000 holds android.permission.SET_PREFERRED_APPLICATIONS
01-01 05:04:03.990 1153 1153 W android.permission.PermissionManager: Missing ActivityManager; assuming 1000 holds android.permission.SET_PREFERRED_APPLICATIONS
01-01 05:04:03.990 1153 1153 W android.permission.PermissionManager: Missing ActivityManager; assuming 1000 holds android.permission.SET_PREFERRED_APPLICATIONS
01-01 05:04:03.991 1153 1153 W android.permission.PermissionManager: Missing ActivityManager; assuming 1000 holds android.permission.SET_PREFERRED_APPLICATIONS
01-01 05:04:03.992 1153 1153 W android.permission.PermissionManager: Missing ActivityManager; assuming 1000 holds android.permission.SET_PREFERRED_APPLICATIONS
01-01 05:04:03.992 1153 1153 W android.permission.PermissionManager: Missing ActivityManager; assuming 1000 holds android.permission.SET_PREFERRED_APPLICATIONS
01-01 05:04:03.993 1153 1153 W android.permission.PermissionManager: Missing ActivityManager; assuming 1000 holds android.permission.SET_PREFERRED_APPLICATIONS
01-01 05:04:03.993 1153 1153 W android.permission.PermissionManager: Missing ActivityManager; assuming 1000 holds android.permission.SET_PREFERRED_APPLICATIONS
01-01 05:04:03.994 1153 1153 W android.permission.PermissionManager: Missing ActivityManager; assuming 1000 holds android.permission.SET_PREFERRED_APPLICATIONS
01-01 05:04:03.995 1153 1153 W android.permission.PermissionManager: Missing ActivityManager; assuming 1000 holds android.permission.SET_PREFERRED_APPLICATIONS
01-01 05:04:03.996 1153 1153 W android.permission.PermissionManager: Missing ActivityManager; assuming 1000 holds android.permission.SET_PREFERRED_APPLICATIONS
01-01 05:04:03.996 1153 1153 W android.permission.PermissionManager: Missing ActivityManager; assuming 1000 holds android.permission.SET_PREFERRED_APPLICATIONS
01-01 05:04:04.725 0 0 I qcom,camera ac4f000.qcom,cci: qcom,cam-sensor5: Linked as a consumer to regulator.77
01-01 05:04:04.725 0 0 E cnss : Failed to load BDF: qca6390/regdb.bin
01-01 05:04:04.725 0 0 D cnss : Sending BDF download message, state: 0xb, type: 1
01-01 05:04:04.725 0 0 D cnss : FW name added with prefix: qca6390/bdwlan.elf
01-01 05:04:04.725 0 0 W cnss2 b0000000.qcom,cnss-qca6390: Falling back to syfs fallback for: qca6390/bdwlan.elf
01-01 05:04:03.997 1153 1153 W android.permission.PermissionManager: Missing ActivityManager; assuming 1000 holds android.permission.SET_PREFERRED_APPLICATIONS
01-01 05:04:03.997 1153 1153 W android.permission.PermissionManager: Missing ActivityManager; assuming 1000 holds android.permission.SET_PREFERRED_APPLICATIONS
01-01 05:04:03.998 1153 1153 W android.permission.PermissionManager: Missing ActivityManager; assuming 1000 holds android.permission.SET_PREFERRED_APPLICATIONS
01-01 05:04:04.743 0 0 I ueventd : firmware: loading 'qca6390/bdwlan.elf' for '/devices/platform/soc/b0000000.qcom,cnss-qca6390/firmware/qca6390!bdwlan.elf'
01-01 05:04:03.999 1153 1153 W android.permission.PermissionManager: Missing ActivityManager; assuming 1000 holds android.permission.SET_PREFERRED_APPLICATIONS
01-01 05:04:04.751 0 0 I CAM_ERR : CAM-CCI: cam_cci_irq: 264 Base:ffffff801a025000, M1_Q1 NACK ERROR: 0x40000000
01-01 05:04:04.751 0 0 I CAM_ERR : CAM-CCI: cam_cci_read: 1306 ERROR with Slave 0x20:
01-01 05:04:04.000 1153 1153 W android.permission.PermissionManager: Missing ActivityManager; assuming 1000 holds android.permission.SET_PREFERRED_APPLICATIONS
01-01 05:04:04.751 0 0 I CAM_ERR : CAM-CCI: cam_cci_read_bytes: 1561 failed to read rc:-22
01-01 05:04:04.751 0 0 I CAM_ERR : CAM-SENSOR: cam_cci_i2c_read: 35 rc = -22
01-01 05:04:04.751 0 0 I CAM_WARN: CAM-SENSOR: cam_sensor_match_id: 769 read id: 0x0 expected id 0x30d5:
01-01 05:04:04.751 0 0 I qcom,camera ac4f000.qcom,cci: qcom,cam-sensor5: Dropping the link to regulator.77
01-01 05:04:04.001 1153 1153 W android.permission.PermissionManager: Missing ActivityManager; assuming 1000 holds android.permission.SET_PREFERRED_APPLICATIONS
01-01 05:04:04.001 1153 1153 W android.permission.PermissionManager: Missing ActivityManager; assuming 1000 holds android.permission.SET_PREFERRED_APPLICATIONS
01-01 05:04:04.009 1153 1153 W android.permission.PermissionManager: Missing ActivityManager; assuming 1000 holds android.permission.SET_PREFERRED_APPLICATIONS
01-01 05:04:04.012 1153 1153 W android.permission.PermissionManager: Missing ActivityManager; assuming 1000 holds android.permission.SET_PREFERRED_APPLICATIONS
01-01 05:04:04.013 1153 1153 W android.permission.PermissionManager: Missing ActivityManager; assuming 1000 holds android.permission.SET_PREFERRED_APPLICATIONS
01-01 05:04:04.018 1153 1153 W android.permission.PermissionManager: Missing ActivityManager; assuming 1000 holds android.permission.SET_PREFERRED_APPLICATIONS
01-01 05:04:04.756 0 0 W subsys-pil-tz soc: qcom,kgsl-hyp: Falling back to syfs fallback for: a650_zap.mdt
01-01 05:04:04.756 0 0 I qcom,camera ac4f000.qcom,cci: qcom,cam-sensor5: Dropping the link to regulator.53
01-01 05:04:04.757 0 0 I qcom,camera ac4f000.qcom,cci: qcom,cam-sensor5: Dropping the link to regulator.57
01-01 05:04:04.757 0 0 I qcom,camera ac4f000.qcom,cci: qcom,cam-sensor5: Dropping the link to regulator.56
01-01 05:04:04.032 1153 1153 W android.permission.PermissionManager: Missing ActivityManager; assuming 1000 holds android.permission.SET_PREFERRED_APPLICATIONS
01-01 05:04:04.033 1153 1153 W android.permission.PermissionManager: Missing ActivityManager; assuming 1000 holds android.permission.SET_PREFERRED_APPLICATIONS
01-01 05:04:04.034 1153 1153 W android.permission.PermissionManager: Missing ActivityManager; assuming 1000 holds android.permission.SET_PREFERRED_APPLICATIONS
01-01 05:04:04.773 0 0 I ueventd : loading /devices/platform/soc/b0000000.qcom,cnss-qca6390/firmware/qca6390!bdwlan.elf took 30ms
01-01 05:04:04.774 0 0 D cnss : Downloading BDF: qca6390/bdwlan.elf, size: 57908
01-01 05:04:04.042 1153 1153 W android.permission.PermissionManager: Missing ActivityManager; assuming 1000 holds android.permission.SET_PREFERRED_APPLICATIONS
01-01 05:04:04.043 1153 1153 W android.permission.PermissionManager: Missing ActivityManager; assuming 1000 holds android.permission.SET_PREFERRED_APPLICATIONS
01-01 05:04:04.043 1153 1153 W android.permission.PermissionManager: Missing ActivityManager; assuming 1000 holds android.permission.SET_PREFERRED_APPLICATIONS
01-01 05:04:04.044 1153 1153 W android.permission.PermissionManager: Missing ActivityManager; assuming 1000 holds android.permission.SET_PREFERRED_APPLICATIONS
01-01 05:04:04.044 1153 1153 W android.permission.PermissionManager: Missing ActivityManager; assuming 1000 holds android.permission.SET_PREFERRED_APPLICATIONS
01-01 05:04:04.045 1153 1153 W android.permission.PermissionManager: Missing ActivityManager; assuming 1000 holds android.permission.SET_PREFERRED_APPLICATIONS
01-01 05:04:04.045 1153 1153 W android.permission.PermissionManager: Missing ActivityManager; assuming 1000 holds android.permission.SET_PREFERRED_APPLICATIONS
01-01 05:04:04.046 1153 1153 W android.permission.PermissionManager: Missing ActivityManager; assuming 1000 holds android.permission.SET_PREFERRED_APPLICATIONS
01-01 05:04:04.046 1153 1153 W android.permission.PermissionManager: Missing ActivityManager; assuming 1000 holds android.permission.SET_PREFERRED_APPLICATIONS
01-01 05:04:04.047 1153 1153 W android.permission.PermissionManager: Missing ActivityManager; assuming 1000 holds android.permission.SET_PREFERRED_APPLICATIONS
01-01 05:04:04.047 1153 1153 W android.permission.PermissionManager: Missing ActivityManager; assuming 1000 holds android.permission.SET_PREFERRED_APPLICATIONS
01-01 05:04:04.048 1153 1153 W android.permission.PermissionManager: Missing ActivityManager; assuming 1000 holds android.permission.SET_PREFERRED_APPLICATIONS
01-01 05:04:04.048 1153 1153 W android.permission.PermissionManager: Missing ActivityManager; assuming 1000 holds android.permission.SET_PREFERRED_APPLICATIONS
01-01 05:04:04.049 1153 1153 W android.permission.PermissionManager: Missing ActivityManager; assuming 1000 holds android.permission.SET_PREFERRED_APPLICATIONS
01-01 05:04:04.049 1153 1153 W android.permission.PermissionManager: Missing ActivityManager; assuming 1000 holds android.permission.SET_PREFERRED_APPLICATIONS
01-01 05:04:04.793 0 0 I qcom,camera ac50000.qcom,cci: qcom,cam-sensor6: Linked as a consumer to regulator.56
01-01 05:04:04.798 0 0 E msm-dwc3 a600000.ssusb: Could not get usb psy
01-01 05:04:04.799 0 0 I subsys-pil-tz soc: qcom,kgsl-hyp: a650_zap: loading from 0x00000000fcf00000 to 0x00000000fcf01000
01-01 05:04:04.799 0 0 I qcom,camera ac50000.qcom,cci: qcom,cam-sensor6: Linked as a consumer to regulator.54
01-01 05:04:04.803 0 0 I qcom,camera ac50000.qcom,cci: qcom,cam-sensor6: Linked as a consumer to regulator.57
01-01 05:04:04.808 0 0 I qcom,camera ac50000.qcom,cci: qcom,cam-sensor6: Linked as a consumer to regulator.77
01-01 05:04:04.819 0 0 I CAM_ERR : CAM-CCI: cam_cci_irq: 238 Base:ffffff801a02d000, M0_Q1 NACK ERROR: 0x10000000
01-01 05:04:04.819 0 0 I CAM_ERR : CAM-CCI: cam_cci_read: 1306 ERROR with Slave 0x34:
01-01 05:04:04.819 0 0 I CAM_ERR : CAM-CCI: cam_cci_read_bytes: 1561 failed to read rc:-22
01-01 05:04:04.819 0 0 I CAM_ERR : CAM-SENSOR: cam_cci_i2c_read: 35 rc = -22
01-01 05:04:04.819 0 0 I CAM_WARN: CAM-SENSOR: cam_sensor_match_id: 769 read id: 0x0 expected id 0x481:
01-01 05:04:04.822 0 0 I qcom,camera ac50000.qcom,cci: qcom,cam-sensor6: Dropping the link to regulator.77
01-01 05:04:04.824 0 0 I qcom,camera ac50000.qcom,cci: qcom,cam-sensor6: Dropping the link to regulator.57
01-01 05:04:04.825 0 0 I qcom,camera ac50000.qcom,cci: qcom,cam-sensor6: Dropping the link to regulator.54
01-01 05:04:04.825 0 0 I qcom,camera ac50000.qcom,cci: qcom,cam-sensor6: Dropping the link to regulator.56
01-01 05:04:04.828 0 0 D cnss : FW name added with prefix: qca6390/m3.bin
01-01 05:04:04.828 0 0 W cnss_pci 0000: 01:00.0: Falling back to syfs fallback for: qca6390/m3.bin
01-01 05:04:04.845 0 0 W QSEECOM : qseecom_load_app: App with id 6 (fingerpr) now loaded
01-01 05:04:04.849 0 0 W subsys-pil-tz soc: qcom,kgsl-hyp: Falling back to syfs fallback for: a650_zap.b02
01-01 05:04:04.851 0 0 D cnss : Sending M3 information message, state: 0xb
01-01 05:04:04.851 0 0 D cnss : M3 memory, va: 0xffffff8020f55000, pa: 0x00000000a1800000, size: 0x411bc
01-01 05:04:04.857 0 0 D cnss : PM relax, state: 0xb, count: 0
01-01 05:04:04.857 0 0 D cnss : Received QMI WLFW FW initialization done indication
01-01 05:04:04.857 0 0 D cnss : Posting event: FW_READY(4), state: 0xb flags: 0x0
01-01 05:04:04.857 0 0 D cnss : PM stay awake, state: 0xb, count: 1
01-01 05:04:04.857 0 0 D cnss : PM relax, state: 0xb, count: 0
01-01 05:04:04.857 0 0 D cnss : PM stay awake, state: 0xb, count: 1
01-01 05:04:04.857 0 0 D cnss : Processing driver event: FW_READY(4), state: 0xb
01-01 05:04:04.857 0 0 D cnss : PCIE Gen speed not setup
01-01 05:04:04.857 0 0 D cnss : Sending antenna switch sync request, state: 0xf
01-01 05:04:04.860 0 0 E cnss : Antenna switch request failed, result: 1, err: 94
01-01 05:04:04.867 0 0 D cnss : Sending mode message, mode: CALIBRATION(7), state: 0xf
01-01 05:04:04.868 0 0 I qcom_rpmh DRV: apps_rsc TCS Busy, retrying RPMH message send: addr=0x30080
01-01 05:04:04.137 1153 1153 W PackageSettings: Missing permission state for package: android.frameworkres.overlay
01-01 05:04:04.138 1153 1153 W PackageSettings: Missing permission state for package: com.android.cts.priv.ctsshim
01-01 05:04:04.138 1153 1153 W PackageSettings: Missing permission state for package: com.android.internal.display.cutout.emulation.corner
01-01 05:04:04.138 1153 1153 W PackageSettings: Missing permission state for package: com.android.internal.display.cutout.emulation.double
01-01 05:04:04.138 1153 1153 W PackageSettings: Missing permission state for package: com.qti.service.colorservice
01-01 05:04:04.138 1153 1153 W PackageSettings: Missing permission state for package: com.android.internal.systemui.navbar.gestural_wide_back
01-01 05:04:04.138 1153 1153 W PackageSettings: Missing permission state for package: com.android.protips
01-01 05:04:04.138 1153 1153 W PackageSettings: Missing permission state for package: com.qualcomm.qti.gpudrivers.kona.api30
01-01 05:04:04.138 1153 1153 W PackageSettings: Missing permission state for package: com.android.htmlviewer
01-01 05:04:04.138 1153 1153 W PackageSettings: Missing permission state for package: com.android.internal.systemui.onehanded.gestural
01-01 05:04:04.138 1153 1153 W PackageSettings: Missing permission state for package: com.qualcomm.qti.optinoverlay
01-01 05:04:04.138 1153 1153 W PackageSettings: Missing permission state for package: android.qvaoverlay.common
01-01 05:04:04.139 1153 1153 W PackageSettings: Missing permission state for package: com.android.simappdialog
01-01 05:04:04.139 1153 1153 W PackageSettings: Missing permission state for package: android.overlay.common
01-01 05:04:04.139 1153 1153 W PackageSettings: Missing permission state for package: com.android.connectivity.resources
01-01 05:04:04.139 1153 1153 W PackageSettings: Missing permission state for package: com.android.internal.display.cutout.emulation.hole
01-01 05:04:04.139 1153 1153 W PackageSettings: Missing permission state for package: com.android.internal.display.cutout.emulation.tall
01-01 05:04:04.139 1153 1153 W PackageSettings: Missing permission state for package: com.android.modulemetadata
01-01 05:04:04.139 1153 1153 W PackageSettings: Missing permission state for package: com.android.internal.systemui.navbar.threebutton
01-01 05:04:04.139 1153 1153 W PackageSettings: Missing permission state for package: android.overlay.target
01-01 05:04:04.139 1153 1153 W PackageSettings: Missing permission state for package: com.android.internal.systemui.navbar.gestural_extra_wide_back
01-01 05:04:04.139 1153 1153 W PackageSettings: Missing permission state for package: com.android.wifi.resources.overlay.common
01-01 05:04:04.139 1153 1153 W PackageSettings: Missing permission state for package: com.android.dreams.basic
01-01 05:04:04.139 1153 1153 W PackageSettings: Missing permission state for package: com.android.settings.overlay.common
01-01 05:04:04.139 1153 1153 W PackageSettings: Missing permission state for package: com.android.cellbroadcastreceiver
01-01 05:04:04.140 1153 1153 W PackageSettings: Missing permission state for package: android.ext.shared
01-01 05:04:04.140 1153 1153 W PackageSettings: Missing permission state for package: com.android.wifi.resources.overlay.target
01-01 05:04:04.140 1153 1153 W PackageSettings: Missing permission state for package: com.android.wifi.resources
01-01 05:04:04.140 1153 1153 W PackageSettings: Missing permission state for package: com.android.phone.overlay.common
01-01 05:04:04.140 1153 1153 W PackageSettings: Missing permission state for package: com.android.carrierconfig.overlay.common
01-01 05:04:04.140 1153 1153 W PackageSettings: Missing permission state for package: com.android.systemui.overlay.common
01-01 05:04:04.140 1153 1153 W PackageSettings: Missing permission state for package: com.qualcomm.qti.biometrics.fingerprint.qfpcalibration
01-01 05:04:04.140 1153 1153 W PackageSettings: Missing permission state for package: com.android.cameraextensions
01-01 05:04:04.140 1153 1153 W PackageSettings: Missing permission state for package: com.android.server.telecom.overlay.common
01-01 05:04:04.140 1153 1153 W PackageSettings: Missing permission state for package: com.qualcomm.qti.remoteSimlockAuth
01-01 05:04:04.140 1153 1153 W PackageSettings: Missing permission state for package: com.android.theme.font.notoserifsource
01-01 05:04:04.140 1153 1153 W PackageSettings: Missing permission state for package: com.android.internal.display.cutout.emulation.waterfall
01-01 05:04:04.140 1153 1153 W PackageSettings: Missing permission state for package: com.android.providers.settings.overlay
01-01 05:04:04.141 1153 1153 W PackageSettings: Missing permission state for package: com.android.bookmarkprovider
01-01 05:04:04.141 1153 1153 W PackageSettings: Missing permission state for package: com.qualcomm.qti.uim
01-01 05:04:04.141 1153 1153 W PackageSettings: Missing permission state for package: com.android.cts.ctsshim
01-01 05:04:04.141 1153 1153 W PackageSettings: Missing permission state for package: com.qualcomm.qti.uimGbaApp
01-01 05:04:04.141 1153 1153 W PackageSettings: Missing permission state for package: com.qualcomm.qti.seccamservice
01-01 05:04:04.141 1153 1153 W PackageSettings: Missing permission state for package: com.qualcomm.qti.xrcb
01-01 05:04:04.141 1153 1153 W PackageSettings: Missing permission state for package: com.android.internal.systemui.navbar.gestural
01-01 05:04:04.141 1153 1153 W PackageSettings: Missing permission state for package: com.android.internal.systemui.navbar.gestural_narrow_back
01-01 05:04:04.876 0 0 W QSEECOM : __qseecom_process_reentrancy: App(6) fingerpr is blocked on listener 11
01-01 05:04:04.876 0 0 W QSEECOM : __qseecom_process_reentrancy_blocked_on_listener: Lsntr 11 in_use 1, block session(1) app(6)
01-01 05:04:04.878 0 0 I subsys-pil-tz soc: qcom,kgsl-hyp: a650_zap: Brought out of reset
01-01 05:04:04.141 1153 1153 W PackageSettings: Missing permission state for package: com.android.cellbroadcastreceiver.overlay.common
01-01 05:04:04.143 1153 1153 W PackageSettings: Missing permission state for shared user: android.uid.log
01-01 05:04:04.143 1153 1153 W PackageSettings: Missing permission state for shared user: android.uid.uwb
01-01 05:04:04.880 0 0 W QSEECOM : __qseecom_process_reentrancy_blocked_on_listener: Lsntr 11 is available, unblock session(1) app(6)
01-01 05:04:04.895 0 0 E msm-dwc3 a600000.ssusb: Could not get usb psy
01-01 05:04:04.901 0 0 W QSEECOM : __qseecom_reentrancy_process_incomplete_cmd: send lsr 11 rsp, but app 6 block on lsr 10
01-01 05:04:04.901 0 0 W QSEECOM : __qseecom_process_reentrancy_blocked_on_listener: Lsntr 10 in_use 1, block session(2) app(6)
01-01 05:04:04.908 0 0 W QSEECOM : __qseecom_process_reentrancy_blocked_on_listener: Lsntr 10 is available, unblock session(2) app(6)
01-01 05:04:04.923 0 0 I binder : 1134:1143 ioctl 40046210 728c41a144 returned -22
01-01 05:04:04.951 0 0 I android_work: sent uevent USB_STATE=CONNECTED
01-01 05:04:04.214 1134 1143 D BootAnimation: BootAnimationShownTiming start time: 51324ms
01-01 05:04:04.228 1153 1153 D PackageManagerTiming: read user settings took to complete: 680ms
01-01 05:04:04.246 1153 1153 I boot_progress_pms_system_scan_start: 51356
01-01 05:04:04.250 1153 1153 D PackageManager: Keeping known cache b7e8b465be774e40852796e7db13a619c5c8447f
01-01 05:04:04.260 1153 1153 W android.permission.PermissionManager: Missing ActivityManager; assuming 1000 holds android.permission.WATCH_APPOPS
01-01 05:04:04.261 1153 1153 W android.permission.PermissionManager: Missing ActivityManager; assuming 1000 holds android.permission.WATCH_APPOPS
01-01 05:04:04.292 1153 1153 D CompatibilityChangeReporter: Compat change id reported: 143539591; UID -1; state: ENABLED
01-01 05:04:05.035 0 0 D cnss : Removing vote for Regulator vdd-wlan-rfa2
01-01 05:04:05.035 0 0 D cnss : Received QMI WLFW pin connect result indication
01-01 05:04:05.035 0 0 D cnss : Pin connect Result: pwr_pin: 0x1 phy_io_pin: 0x0 rf_io_pin: 0x0
01-01 05:04:05.035 0 0 D cnss : Removing vote for Regulator vdd-wlan-rfa1
01-01 05:04:05.035 0 0 D cnss : Removing vote for Regulator vdd-wlan-dig
01-01 05:04:05.035 0 0 D cnss : Removing vote for Regulator vdd-wlan-aon
01-01 05:04:05.035 0 0 D cnss : Removing vote for Regulator vdd-wlan-io
01-01 05:04:05.035 0 0 D cnss : PM relax, state: 0xf, count: 0
01-01 05:04:05.047 0 0 I configfs-gadget gadget: high-speed config #1: b
01-01 05:04:05.054 0 0 E msm-dwc3 a600000.ssusb: Could not get usb psy
01-01 05:04:05.062 0 0 I android_work: sent uevent USB_STATE=CONFIGURED
01-01 05:04:05.074 0 0 W QSEECOM : __qseecom_unload_app: App (6) is unloaded
01-01 05:04:05.075 0 0 D qbt : qbt_release: entry minor_no=0 fd_available=0
01-01 05:04:05.075 0 0 D qbt : qbt_release: Releasing wakelock
01-01 05:04:05.075 0 0 D qbt : qbt_release: exit : fd_available=1
01-01 05:04:05.075 0 0 D qbt : qbt_release: entry minor_no=1 fd_available=1
01-01 05:04:05.075 0 0 D qbt : qbt_release: exit : fd_available=1
01-01 05:04:04.356 1289 1289 W HidlServiceManagement: Waited one second for android.hardware.health@2.0::IHealth/default
01-01 05:04:04.371 1153 1153 D CompatibilityChangeReporter: Compat change id reported: 143539591; UID -1; state: DISABLED
01-01 05:04:04.371 1153 1153 D CompatibilityChangeReporter: Compat change id reported: 168782947; UID -1; state: ENABLED
01-01 05:04:05.093 0 0 E ipa_mpm_vote_unvote_pcie_clk: 1530 MHI not initialized yet
01-01 05:04:05.101 0 0 E ipa_mpm_start_stop_remote_mhip_chan: 1644 MHI not initialized yet, probe in progress
01-01 05:04:04.386 1153 1153 W PackageManager: Failed to parse /system/framework/arm: Missing base APK in /system/framework/arm
01-01 05:04:04.386 1153 1153 W PackageManager: Failed to parse /system/framework/arm64: Missing base APK in /system/framework/arm64
01-01 05:04:04.386 1153 1153 W PackageManager: Failed to parse /system/framework/oat: Missing base APK in /system/framework/oat
01-01 05:04:05.112 0 0 E ipa_mpm_start_stop_mhip_chan: 1736 MHIP probe 1 not initialized
01-01 05:04:05.120 0 0 E ipa3_cfg_ep_ctrl: 4812 pipe setting delay is not supported
01-01 05:04:05.137 0 0 E ipa_usb_notify_cb: Set net_ready_trigger
01-01 05:04:05.147 0 0 E ipa_mpm_vote_unvote_pcie_clk: 1530 MHI not initialized yet
01-01 05:04:05.163 0 0 E ipa_mpm_start_stop_remote_mhip_chan: 1644 MHI not initialized yet, probe in progress
01-01 05:04:04.580 1153 1602 D CompatibilityChangeReporter: Compat change id reported: 150232615; UID -1; state: DISABLED
01-01 05:04:04.584 1153 1153 D CompatibilityChangeReporter: Compat change id reported: 168782947; UID -1; state: DISABLED
01-01 05:04:04.711 1153 1602 W PackageParsing: No actions in intent-filter at /system/app/Bluetooth/Bluetooth.apk Binary XML file line #284
01-01 05:04:04.766 1153 1605 W PackageParsing: No actions in intent-filter at /system/app/CarrierDefaultApp/CarrierDefaultApp.apk Binary XML file line #43
01-01 05:04:05.174 0 0 E ipa_usb_notify_cb: Set net_ready_trigger
01-01 05:04:05.601 0 0 E MAIN_MGR: hvdcp_opti Version: 3:0:0
01-01 05:04:04.899 1153 1153 W PackageManager: Failed to parse /vendor/app/CneApp: Missing base APK in /vendor/app/CneApp/lib/arm64
01-01 05:04:04.903 1621 1621 I auditd : type=1400 audit(0.0:84): avc: denied { read } for comm="hvdcp_opti" name="devices" dev="sysfs" ino=52684 scontext=u:r:vendor_hvdcp:s0 tcontext=u:object_r:sysfs:s0 tclass=dir permissive=0
01-01 05:04:05.645 0 0 E MAIN_MGR: set keepcaps failed!
01-01 05:04:05.651 0 0 E CHG_POLICY_PATH: Failed to get IIO path for MAIN_PSY
01-01 05:04:04.988 1153 1604 W PackageParsing: No actions in intent-filter at /product/priv-app/Contacts/Contacts.apk Binary XML file line #558
01-01 05:04:04.997 1153 1605 W PackageParsing: Unknown element under : meta-data at /product/priv-app/Dialer/Dialer.apk Binary XML file line #115
01-01 05:04:05.080 1153 1603 W PackageParsing: No actions in intent-filter at /product/app/SnapdragonMusic/SnapdragonMusic.apk Binary XML file line #80
01-01 05:04:05.080 1153 1603 W PackageParsing: No actions in intent-filter at /product/app/SnapdragonMusic/SnapdragonMusic.apk Binary XML file line #216
01-01 05:04:05.866 0 0 E diag : In diag_ioctl_set_buffering_mode, invalid peripheral = -22
01-01 05:04:05.235 845 845 I auditd : type=1400 audit(0.0:85): avc: denied { read } for comm="android.hardwar" name="type" dev="sysfs" ino=74193 scontext=u:r:hal_health_default:s0 tcontext=u:object_r:sysfs:s0 tclass=file permissive=0
01-01 05:04:05.978 0 0 W healthd : No battery devices found
01-01 05:04:05.266 0 0 W healthd : battery none chg=
01-01 05:04:05.260 1289 1289 W storaged: health: invalid battery status
01-01 05:04:05.282 0 0 I binder : 1289:1289 ioctl 40046210 7fd8f6a144 returned -22
01-01 05:04:05.308 1153 1602 W PackageParsing: Unknown element under : meta-data at /system_ext/priv-app/QtiDialer/QtiDialer.apk Binary XML file line #119
01-01 05:04:05.340 0 0 E : msm_qti_pp_get_rms_value_control, back not active to query rms be_idx:3
01-01 05:04:05.358 1153 1602 W PackageParsing: Ignoring duplicate uses-permissions/uses-permissions-sdk-m: android.permission.ACCESS_NETWORK_STATE in package: com.android.mms at: Binary XML file line #60
01-01 05:04:05.372 0 0 I core_get_license_status: cmdrsp_license_result.result = 0x15 for module 0x131ff
01-01 05:04:05.373 0 0 E msm_ext_disp_update_audio_ops: Display not found (EXT_DISPLAY_TYPE_DP) ctld (0) stream (0)
01-01 05:04:05.384 0 0 E msm_ext_disp_update_audio_ops: Display not found (EXT_DISPLAY_TYPE_HDMI) ctld (0) stream (0)
01-01 05:04:05.397 0 0 E msm_ext_disp_update_audio_ops: Display not found (EXT_DISPLAY_TYPE_DP) ctld (0) stream (0)
01-01 05:04:05.407 0 0 E msm_ext_disp_update_audio_ops: Display not found (EXT_DISPLAY_TYPE_DP) ctld (0) stream (0)
01-01 05:04:05.423 1153 1603 W PackageParsing: Ignoring duplicate uses-permissions/uses-permissions-sdk-m: android.permission.CONFIGURE_WIFI_DISPLAY in package: com.android.systemui at: Binary XML file line #160
01-01 05:04:05.418 0 0 E msm_ext_disp_update_audio_ops: Display not found (EXT_DISPLAY_TYPE_DP) ctld (0) stream (0)
01-01 05:04:05.428 0 0 E msm-ext-disp-audio-codec-rx soc: qcom,msm-ext-disp:qcom,msm-ext-disp-audio-codec-rx: msm_ext_disp_audio_type_get: get_audio_edid_blk() or get_intf_id is NULL
01-01 05:04:05.445 1153 1603 I PackageParsing: Parse times for '/system_ext/priv-app/SystemUI': parse=253ms, update_cache=2 ms
01-01 05:04:05.445 0 0 E msm_ext_disp_update_audio_ops: Display not found (EXT_DISPLAY_TYPE_DP) ctld (0) stream (0)
01-01 05:04:05.455 0 0 E msm-ext-disp-audio-codec-rx soc: qcom,msm-ext-disp:qcom,msm-ext-disp-audio-codec-rx: msm_ext_disp_audio_type_get: get_audio_edid_blk() or get_intf_id is NULL
01-01 05:04:05.467 0 0 E : msm_qti_pp_get_rms_value_control, back not active to query rms be_idx:3
01-01 05:04:05.471 0 0 E msm_ext_disp_update_audio_ops: Display not found (EXT_DISPLAY_TYPE_DP) ctld (0) stream (0)
01-01 05:04:05.488 0 0 E msm-ext-disp-audio-codec-rx soc: qcom,msm-ext-disp:qcom,msm-ext-disp-audio-codec-rx: msm_ext_disp_audio_type_get: get_audio_edid_blk() or get_intf_id is NULL
01-01 05:04:05.494 0 0 I core_get_license_status: cmdrsp_license_result.result = 0x15 for module 0x131ff
01-01 05:04:05.504 0 0 E msm_ext_disp_update_audio_ops: Display not found (EXT_DISPLAY_TYPE_DP) ctld (0) stream (0)
01-01 05:04:05.506 0 0 E msm-ext-disp-audio-codec-rx soc: qcom,msm-ext-disp:qcom,msm-ext-disp-audio-codec-rx: msm_ext_disp_audio_device_get: invalid dai id: 4
01-01 05:04:05.514 0 0 E msm_ext_disp_update_audio_ops: Display not found (EXT_DISPLAY_TYPE_HDMI) ctld (0) stream (0)
01-01 05:04:05.537 0 0 E msm_ext_disp_update_audio_ops: Display not found (EXT_DISPLAY_TYPE_DP) ctld (0) stream (0)
01-01 05:04:05.547 0 0 E msm_ext_disp_update_audio_ops: Display not found (EXT_DISPLAY_TYPE_DP) ctld (0) stream (0)
01-01 05:04:05.557 0 0 E msm_ext_disp_update_audio_ops: Display not found (EXT_DISPLAY_TYPE_DP) ctld (0) stream (0)
01-01 05:04:05.566 0 0 E msm-ext-disp-audio-codec-rx soc: qcom,msm-ext-disp:qcom,msm-ext-disp-audio-codec-rx: msm_ext_disp_audio_type_get: get_audio_edid_blk() or get_intf_id is NULL
01-01 05:04:05.582 0 0 E msm_ext_disp_update_audio_ops: Display not found (EXT_DISPLAY_TYPE_DP) ctld (0) stream (0)
01-01 05:04:05.590 0 0 E : msm_pcm_volume_ctl_get substream not found
01-01 05:04:05.592 0 0 E msm-ext-disp-audio-codec-rx soc: qcom,msm-ext-disp:qcom,msm-ext-disp-audio-codec-rx: msm_ext_disp_audio_type_get: get_audio_edid_blk() or get_intf_id is NULL
01-01 05:04:05.613 0 0 E msm_ext_disp_update_audio_ops: Display not found (EXT_DISPLAY_TYPE_DP) ctld (0) stream (0)
01-01 05:04:05.623 0 0 E msm-ext-disp-audio-codec-rx soc: qcom,msm-ext-disp:qcom,msm-ext-disp-audio-codec-rx: msm_ext_disp_audio_type_get: get_audio_edid_blk() or get_intf_id is NULL
01-01 05:04:05.640 0 0 E msm-ext-disp-audio-codec-rx soc: qcom,msm-ext-disp:qcom,msm-ext-disp-audio-codec-rx: msm_ext_disp_audio_device_get: invalid dai id: 4
01-01 05:04:05.711 0 0 E : msm_pcm_volume_ctl_get substream not found
01-01 05:04:05.737 0 0 I qcom_rpmh DRV: apps_rsc TCS Busy, retrying RPMH message send: addr=0x30080
01-01 05:04:05.741 0 0 E : [MAX975X:max96755x_drm_notifier_callback] *ERROR* receives EARLY_BLANK:UNBLANK
01-01 05:04:05.750 0 0 I [drm:dsi_display_set_mode] [msm-dsi-info]: mdp_transfer_time_us=0 us
01-01 05:04:05.750 0 0 I [drm:dsi_display_set_mode] [msm-dsi-info]: hactive= 2380,vactive= 1020,fps=60
01-01 05:04:05.750 0 0 I [drm:dsi_ctrl_isr_configure] [msm-dsi-info]: dsi-ctrl-0: IRQ 457 registered
01-01 05:04:05.768 1153 1605 I PackageParsing: Parse times for '/system_ext/priv-app/Settings': parse=502ms, update_cache=4 ms
01-01 05:04:05.831 0 0 E : [MAX975X:max96755x_drm_notifier_callback] *ERROR* receives BLANK:UNBLANK
01-01 05:04:06.125 1153 1153 I PackageManager: Finished scanning system apps. Time: 1879 ms, packageCount: 206 , timePerPackage: 9 , cached: 0
01-01 05:04:06.125 1153 1153 I boot_progress_pms_data_scan_start: 53235
01-01 05:04:06.147 1153 1153 D CompatibilityChangeReporter: Compat change id reported: 133396946; UID -1; state: ENABLED
01-01 05:04:06.161 1153 1153 W PackageManager: Skipping provider name com.antutu.ABenchMark.fileprovider (in package com.antutu.ABenchMark): name already used by com.antutu.ABenchMark
01-01 05:04:06.167 1153 1602 W PackageParsing: Unknown element under : meta-data at /data/app/~~I5lGQTSmHtnHrK0CdxsyXA==/com.tencent.mtt-pU5U2IqCkVJvx1JVNLClXg==/base.apk Binary XML file line #140
01-01 05:04:06.190 1153 1153 D CompatibilityChangeReporter: Compat change id reported: 133396946; UID -1; state: DISABLED
01-01 05:04:06.194 1153 1153 W PackageManager: Skipping provider name com.tencent.mtt.fileProvider (in package com.tencent.mtt): name already used by com.tencent.mtt
01-01 05:04:06.196 1153 1153 I PackageManager: Finished scanning non-system apps. Time: 70 ms, packageCount: 3 , timePerPackage: 23 , cached: 0
