08-16 16:52:19.102 1153 1323 I SystemServerTimingAsync: ssm.onUnlockingUser-0_com.android.server.pm.ShortcutService$Lifecycle
08-16 16:52:19.103 1153 1323 D SystemServerTimingAsync: ssm.onUnlockingUser-0_com.android.server.pm.ShortcutService$Lifecycle took to complete: 1ms
08-16 16:52:19.103 1153 1323 I SystemServerTimingAsync: ssm.onUnlockingUser-0_com.android.server.pm.LauncherAppsService
08-16 16:52:19.103 1153 1323 D SystemServerTimingAsync: ssm.onUnlockingUser-0_com.android.server.pm.LauncherAppsService took to complete: 0ms
08-16 16:52:19.104 1153 1323 I SystemServerTimingAsync: ssm.onUnlockingUser-0_com.android.server.pm.CrossProfileAppsService
08-16 16:52:19.104 1153 1323 D SystemServerTimingAsync: ssm.onUnlockingUser-0_com.android.server.pm.CrossProfileAppsService took to complete: 0ms
08-16 16:52:19.104 1153 1323 I SystemServerTimingAsync: ssm.onUnlockingUser-0_com.android.server.people.PeopleService
08-16 16:52:19.104 1153 1323 D SystemServerTimingAsync: ssm.onUnlockingUser-0_com.android.server.people.PeopleService took to complete: 0ms
08-16 16:52:19.104 1153 1323 I SystemServerTimingAsync: ssm.onUnlockingUser-0_com.android.server.media.metrics.MediaMetricsManagerService
08-16 16:52:19.104 1153 1323 D SystemServerTimingAsync: ssm.onUnlockingUser-0_com.android.server.media.metrics.MediaMetricsManagerService took to complete: 0ms
08-16 16:52:19.104 1153 1323 I SystemServerTimingAsync: ssm.onUnlockingUser-0_com.android.server.media.projection.MediaProjectionManagerService
08-16 16:52:19.104 1153 1323 D SystemServerTimingAsync: ssm.onUnlockingUser-0_com.android.server.media.projection.MediaProjectionManagerService took to complete: 0ms
08-16 16:52:19.104 1153 1323 I SystemServerTimingAsync: ssm.onUnlockingUser-0_com.android.server.slice.SliceManagerService$Lifecycle
08-16 16:52:19.104 1153 1323 D SystemServerTimingAsync: ssm.onUnlockingUser-0_com.android.server.slice.SliceManagerService$Lifecycle took to complete: 0ms
08-16 16:52:19.104 1153 1323 I SystemServerTimingAsync: ssm.onUnlockingUser-0_com.android.server.stats.StatsCompanion$Lifecycle
08-16 16:52:19.104 1816 2848 D BluetoothHidHostService: getConnectionState: 00:1F:20:EB:59:9E
08-16 16:52:19.104 1153 1738 I WifiService: onDriverCountryCodeChanged CN
08-16 16:52:19.104 1153 1323 D SystemServerTimingAsync: ssm.onUnlockingUser-0_com.android.server.stats.StatsCompanion$Lifecycle took to complete: 0ms
08-16 16:52:19.104 1153 1323 I SystemServerTimingAsync: ssm.onUnlockingUser-0_com.android.server.scheduling.RebootReadinessManagerService$Lifecycle
08-16 16:52:19.105 1153 1323 D SystemServerTimingAsync: ssm.onUnlockingUser-0_com.android.server.scheduling.RebootReadinessManagerService$Lifecycle took to complete: 0ms
08-16 16:52:19.105 1153 1323 I SystemServerTimingAsync: ssm.onUnlockingUser-0_com.android.server.stats.pull.StatsPullAtomService
08-16 16:52:19.105 1153 1323 D SystemServerTimingAsync: ssm.onUnlockingUser-0_com.android.server.stats.pull.StatsPullAtomService took to complete: 0ms
08-16 16:52:19.105 1153 1323 I SystemServerTimingAsync: ssm.onUnlockingUser-0_com.android.server.incident.IncidentCompanionService
08-16 16:52:19.105 1153 1323 D SystemServerTimingAsync: ssm.onUnlockingUser-0_com.android.server.incident.IncidentCompanionService took to complete: 0ms
08-16 16:52:19.105 1153 1323 I SystemServerTimingAsync: ssm.onUnlockingUser-0_com.android.server.MmsServiceBroker
08-16 16:52:19.105 1153 1323 D SystemServerTimingAsync: ssm.onUnlockingUser-0_com.android.server.MmsServiceBroker took to complete: 0ms
08-16 16:52:19.105 1153 1323 I SystemServerTimingAsync: ssm.onUnlockingUser-0_com.android.server.autofill.AutofillManagerService
08-16 16:52:19.105 1153 1323 D AutofillManagerServiceImpl: Reset component for user 0:
08-16 16:52:19.105 1153 1248 D AutofillUI: destroySaveUiUiThread(): already destroyed
08-16 16:52:19.105 1153 1738 E ApConfigUtil: Malformed channel value detected: java.lang.NumberFormatException: For input string: ""
08-16 16:52:19.106 1153 1323 D FieldClassificationStrategy: reset(): service is not bound. Do nothing.
08-16 16:52:19.106 1153 1323 D SystemServerTimingAsync: ssm.onUnlockingUser-0_com.android.server.autofill.AutofillManagerService took to complete: 1ms
08-16 16:52:19.106 1153 1323 I SystemServerTimingAsync: ssm.onUnlockingUser-0_com.android.server.clipboard.ClipboardService
08-16 16:52:19.106 1153 1323 D SystemServerTimingAsync: ssm.onUnlockingUser-0_com.android.server.clipboard.ClipboardService took to complete: 0ms
08-16 16:52:19.106 1153 1323 I SystemServerTimingAsync: ssm.onUnlockingUser-0_com.android.server.appbinding.AppBindingService$Lifecycle
08-16 16:52:19.106 1153 1323 D SystemServerTimingAsync: ssm.onUnlockingUser-0_com.android.server.appbinding.AppBindingService$Lifecycle took to complete: 1ms
08-16 16:52:19.106 1153 1323 I SystemServerTimingAsync: ssm.onUnlockingUser-0_com.android.server.tracing.TracingServiceProxy
08-16 16:52:19.106 1153 1323 D SystemServerTimingAsync: ssm.onUnlockingUser-0_com.android.server.tracing.TracingServiceProxy took to complete: 0ms
08-16 16:52:19.107 1153 1323 I SystemServerTimingAsync: ssm.onUnlockingUser-0_com.android.server.policy.PermissionPolicyService
08-16 16:52:19.107 1153 1323 D SystemServerTimingAsync: ssm.onUnlockingUser-0_com.android.server.policy.PermissionPolicyService took to complete: 0ms
08-16 16:52:19.107 1153 1323 I SystemServerTimingAsync: ssm.onUnlockingUser-0_com.android.server.pm.StagingManager$Lifecycle
08-16 16:52:19.107 1153 1323 D SystemServerTimingAsync: ssm.onUnlockingUser-0_com.android.server.pm.StagingManager$Lifecycle took to complete: 0ms
08-16 16:52:19.107 1153 1323 I SystemServerTimingAsync: ssm.onUnlockingUser-0_com.android.server.app.GameManagerService$Lifecycle
08-16 16:52:19.107 1153 1323 D SystemServerTimingAsync: ssm.onUnlockingUser-0_com.android.server.app.GameManagerService$Lifecycle took to complete: 0ms
08-16 16:52:19.107 1153 1323 I SystemServerTimingAsync: ssm.onUnlockingUser-0_com.android.server.appsearch.AppSearchManagerService
08-16 16:52:19.107 1153 1323 D SystemServerTimingAsync: ssm.onUnlockingUser-0_com.android.server.appsearch.AppSearchManagerService took to complete: 1ms
08-16 16:52:19.108 1153 1323 I SystemServerTimingAsync: ssm.onUnlockingUser-0_com.android.server.media.MediaCommunicationService
08-16 16:52:19.108 1153 1323 D SystemServerTimingAsync: ssm.onUnlockingUser-0_com.android.server.media.MediaCommunicationService took to complete: 0ms
08-16 16:52:19.108 1153 1323 D SystemServerTimingAsync: ssm.UnlockingUser-0 took to complete: 154ms
08-16 16:52:19.108 1153 1323 W ActivityManager: UserLifecycleEvent 5 received without an active userJourneySession.
08-16 16:52:19.108 1153 1323 W ActivityManager: UserLifecycleEvent 6 received without an active userJourneySession.
08-16 16:52:19.108 1153 1323 I uc_finish_user_unlocked: 0
08-16 16:52:19.108 1153 1247 I ActivityTaskManager: Loading recents for user 0 into memory.
08-16 16:52:19.108 1153 1323 I ActivityManager: User 0 state changed from RUNNING_UNLOCKING to RUNNING_UNLOCKED
08-16 16:52:19.108 1153 1323 I am_user_state_changed: [0,3]
08-16 16:52:19.108 1153 1178 D TelephonyRegistry: listen ooscl: hasNotifyOpptSubInfoChangedOccurred==false no callback
08-16 16:52:19.109 2373 2373 D ONSProfileSelector: ONSProfileSelector init complete
08-16 16:52:19.110 565 565 D vold : Waiting for sdcardfs to spin up...
08-16 16:52:19.111 1153 1323 D SystemServerTiming: SystemUserUnlock took to complete: 1602ms
08-16 16:52:19.113 1816 2848 D BluetoothHidHostService: getConnectionState: 00:1F:20:EB:59:9E
08-16 16:52:19.114 1816 2596 E bt_btif : bta_dm_acl_change new acl connetion:count = 1
08-16 16:52:19.114 1816 2596 W bt_btif : bta_dm_acl_change info: 0x10
08-16 16:52:19.114 1816 2596 W bt_l2cap: L2CA_SetDesireRole() new:x1, disallow_switch:0
08-16 16:52:19.114 1153 1738 E ApConfigUtil: Malformed channel value detected: java.lang.NumberFormatException: For input string: ""
08-16 16:52:19.114 1816 2124 D bt_btif_dm: remote version info [00:58:76:20:46:3d]: 5, 61, c
08-16 16:52:19.116 1153 1247 I wm_task_created: [21,-1]
08-16 16:52:19.118 1153 1247 I wm_task_created: [18,-1]
08-16 16:52:19.121 1153 1247 I wm_task_created: [19,-1]
08-16 16:52:19.123 1153 1772 I BackupManagerService: Starting service for user: 0
08-16 16:52:19.124 1816 2596 D bt_btm_sec: transport=classic, btm_status=0
08-16 16:52:19.124 1153 1247 I wm_task_created: [50,-1]
08-16 16:52:19.124 683 683 D Zygote : Forked child process 2863
08-16 16:52:19.124 1153 1324 W ActivityManager: Slow operation: 69ms so far, now at startProcess: returned from zygote!
01-01 05:04:15.048 0 0 I binder : 2855:2855 ioctl 40046210 7ffa2db3c4 returned -22
01-01 05:04:15.052 0 0 I : sdcardfs version 2.0
01-01 05:04:15.052 0 0 I sdcardfs: dev_name -> /data/media
01-01 05:04:15.052 0 0 I sdcardfs: options -> fsuid=1023,fsgid=1023,multiuser,derive_gid,default_normal,unshared_obb,mask=6,userid=0,gid=1015
01-01 05:04:15.052 0 0 I sdcardfs: mnt -> ffffffe83c6cece0
01-01 05:04:15.058 0 0 I sdcardfs: mounted on top of /data/media type f2fs
08-16 16:52:19.129 1153 1247 I wm_task_created: [38,-1]
08-16 16:52:19.131 1153 2861 I AppSearchUserInstanceMa: Creating new AppSearch instance at: /data/system_ce/0/appsearch/icing
01-01 05:04:15.066 0 0 I : Remount options were mask=23,gid=9997 for vfsmnt ffffffe8dc5a26e0.
08-16 16:52:19.131 2373 2373 D ONS : service is enable state true
08-16 16:52:19.131 1153 1247 I wm_task_created: [63,-1]
08-16 16:52:19.133 1153 1247 V PackageConfigPersister: loadPackages: empty list files from /data/system_ce/0/package_configs
08-16 16:52:19.136 1153 1323 I am_uid_running: 1027
08-16 16:52:19.138 1153 1323 D CompatibilityChangeReporter: Compat change id reported: 135634846; UID 1027; state: DISABLED
08-16 16:52:19.138 1153 1323 I am_uid_running: 10065
08-16 16:52:19.138 1153 1772 V BackupManagerService: [UserID:0] Starting with transport com.android.localtransport/.LocalTransport
08-16 16:52:19.140 2373 2373 D EmergencyNumberTracker: ACTION_NETWORK_COUNTRY_CHANGED: PhoneId: 0 CountryIso:
08-16 16:52:19.140 2373 2373 I Telephony: Locale change; re-registering phone accounts.
08-16 16:52:19.140 2373 2373 I Telephony: TelecomAccountRegistry: setupAccounts: Found 2 phones. Attempting to register.
08-16 16:52:19.141 2373 2373 I Telephony: setupAccounts: Phone with subscription id: -1 slotId: 0
08-16 16:52:19.141 2373 2373 D Telephony: TelecomAccountRegistry: setupAccounts: skipping invalid subid -1
01-01 05:04:15.067 0 0 I sdcardfs: options - debug:1
08-16 16:52:19.141 2373 2373 I Telephony: setupAccounts: Phone with subscription id: -1 slotId: 1
01-01 05:04:15.067 0 0 I sdcardfs: options - gid:9997
01-01 05:04:15.067 0 0 I sdcardfs: options - mask:23
08-16 16:52:19.141 2373 2373 D Telephony: TelecomAccountRegistry: setupAccounts: skipping invalid subid -1
01-01 05:04:15.068 0 0 I [schedu][0x558c32cf][16:52:19.169417] wlan: [2222:I:OSIF] vdev 0, scan id 40961 type COMPLETED(1) reason COMPLETED(1) scan found 44 bss
01-01 05:04:15.072 0 0 I : Remount options were mask=7,gid=9997 for vfsmnt ffffffe8b72db860.
08-16 16:52:19.141 2373 2373 I Telephony: setupAccounts: adding default
01-01 05:04:15.072 0 0 I sdcardfs: options - debug:1
01-01 05:04:15.072 0 0 I sdcardfs: options - gid:9997
08-16 16:52:19.141 2373 2373 D PhoneUtils: Logical Modem id: phoneId: 0
01-01 05:04:15.072 0 0 I sdcardfs: options - mask:7
08-16 16:52:19.141 2373 2373 D PhoneUtils: Logical Modem id: phoneId: 1
08-16 16:52:19.141 1153 2861 W UnsafeUtil: platform method missing - proto runtime falling back to safer methods: java.lang.NoSuchMethodException: sun.misc.Unsafe.copyMemory [class java.lang.Object, long, class java.lang.Object, long, long]
08-16 16:52:19.141 2373 2373 D PhoneUtils: Returning default phone id
08-16 16:52:19.141 2373 2373 D Phone : isImsRegistered =false
08-16 16:52:19.142 1153 1323 D CompatibilityChangeReporter: Compat change id reported: 135634846; UID 10065; state: DISABLED
01-01 05:04:15.076 0 0 I : Remount options were mask=7,gid=9997 for vfsmnt ffffffe8dc17c2e0.
01-01 05:04:15.076 0 0 I sdcardfs: options - debug:1
01-01 05:04:15.076 0 0 I sdcardfs: options - gid:9997
01-01 05:04:15.076 0 0 I sdcardfs: options - mask:7
01-01 05:04:15.121 0 0 I binder : 2863:2863 ioctl 40046210 7fd93f2444 returned -22
08-16 16:52:19.143 1153 1323 D CompatibilityChangeReporter: Compat change id reported: 177438394; UID 10065; state: DISABLED
08-16 16:52:19.143 1153 1323 D CompatibilityChangeReporter: Compat change id reported: 135772972; UID 10065; state: DISABLED
08-16 16:52:19.143 1153 1323 D CompatibilityChangeReporter: Compat change id reported: 135754954; UID 10065; state: ENABLED
08-16 16:52:19.143 1153 1323 I am_uid_running: 10123
08-16 16:52:19.144 1153 1323 D CompatibilityChangeReporter: Compat change id reported: 135634846; UID 10123; state: DISABLED
08-16 16:52:19.144 1153 1323 D CompatibilityChangeReporter: Compat change id reported: 177438394; UID 10123; state: DISABLED
08-16 16:52:19.144 1153 1323 D CompatibilityChangeReporter: Compat change id reported: 135772972; UID 10123; state: DISABLED
08-16 16:52:19.144 1153 1323 D CompatibilityChangeReporter: Compat change id reported: 135754954; UID 10123; state: DISABLED
08-16 16:52:19.144 1153 1323 I am_uid_running: 10134
08-16 16:52:19.144 1153 1323 D CompatibilityChangeReporter: Compat change id reported: 135634846; UID 10134; state: DISABLED
08-16 16:52:19.145 1153 1323 D CompatibilityChangeReporter: Compat change id reported: 177438394; UID 10134; state: DISABLED
08-16 16:52:19.145 1153 1323 D CompatibilityChangeReporter: Compat change id reported: 135772972; UID 10134; state: DISABLED
08-16 16:52:19.145 1153 1323 D CompatibilityChangeReporter: Compat change id reported: 135754954; UID 10134; state: ENABLED
08-16 16:52:19.145 1153 1323 I am_uid_running: 10137
08-16 16:52:19.144 1458 2658 D LOWI-9.0.0.87.a: [LOWI-Scan] wait_event:Wait done with Cmd 34
08-16 16:52:19.145 1458 2658 D LOWI-9.0.0.87.a: [LOWI-Scan] do_listen_events: Rcvd valid Netlink Cmd 34 Err 0
08-16 16:52:19.145 1153 1323 D CompatibilityChangeReporter: Compat change id reported: 135634846; UID 10137; state: DISABLED
08-16 16:52:19.146 1153 1323 D CompatibilityChangeReporter: Compat change id reported: 177438394; UID 10137; state: DISABLED
08-16 16:52:19.146 1153 1323 D CompatibilityChangeReporter: Compat change id reported: 135772972; UID 10137; state: DISABLED
08-16 16:52:19.146 1153 1323 D CompatibilityChangeReporter: Compat change id reported: 135754954; UID 10137; state: ENABLED
08-16 16:52:19.148 1153 1323 D CompatibilityChangeReporter: Compat change id reported: 135634846; UID 1000; state: DISABLED
08-16 16:52:19.148 1153 1323 D CompatibilityChangeReporter: Compat change id reported: 177438394; UID 1000; state: DISABLED
08-16 16:52:19.148 1153 1323 D CompatibilityChangeReporter: Compat change id reported: 135772972; UID 1000; state: DISABLED
08-16 16:52:19.148 1153 1323 D CompatibilityChangeReporter: Compat change id reported: 135754954; UID 1000; state: DISABLED
08-16 16:52:19.149 1153 1323 V ContentProviderHelper: Installing ContentProviderInfo{name=com.android.launcher3 className=com.android.quickstep.LauncherSearchIndexablesProvider}
08-16 16:52:19.149 1153 1324 W ActivityManager: Slow operation: 94ms so far, now at startProcess: done updating battery stats
08-16 16:52:19.149 2855 2855 I qspmsvc-service: Qspmsvc We're inside the service
01-01 05:04:15.332 0 0 I display_panel_avdd: disabling
08-16 16:52:19.149 1153 1324 I am_proc_start: [0,2863,10125,com.qualcomm.location,broadcast,{com.qualcomm.location/com.qualcomm.location.LocationServiceReceiver}]
08-16 16:52:19.149 1153 1323 V ContentProviderHelper: Installing ContentProviderInfo{name=com.android.launcher3.overview.fileprovider className=androidx.core.content.FileProvider}
08-16 16:52:19.149 1153 1323 V ContentProviderHelper: Installing ContentProviderInfo{name=com.android.launcher3.settings className=com.android.launcher3.LauncherProvider}
08-16 16:52:19.149 1153 1324 W ActivityManager: Slow operation: 94ms so far, now at startProcess: building log message
08-16 16:52:19.149 1153 1324 I ActivityManager: Start proc 2863:com.qualcomm.location/u0a125 for broadcast {com.qualcomm.location/com.qualcomm.location.LocationServiceReceiver}
08-16 16:52:19.149 2855 2855 D ProcessState: Binder ioctl to enable oneway spam detection failed: Invalid argument
08-16 16:52:19.149 1153 1323 V ContentProviderHelper: Installing ContentProviderInfo{name=com.android.launcher3.grid_control className=com.android.launcher3.graphics.GridCustomizationsProvider}
08-16 16:52:19.150 1153 1323 I uc_send_user_broadcast: [0,android.intent.action.USER_UNLOCKED]
08-16 16:52:19.151 1816 2848 D BluetoothHidHostService: getConnectionState: 00:1F:20:D5:AB:67
08-16 16:52:19.150 2853 2853 W sdcard : Device explicitly enabled sdcardfs
08-16 16:52:19.151 682 749 I netd : interfaceSetIPv6PrivacyExtensions(eth0, true) <0.36ms>
08-16 16:52:19.153 1153 1772 D BackupManagerService: [UserID:0] Started thread backup-0
08-16 16:52:19.153 1153 1324 W ActivityManager: Slow operation: 99ms so far, now at startProcess: starting to update pids map
08-16 16:52:19.154 1153 1324 W ActivityManager: Slow operation: 99ms so far, now at startProcess: done updating pids map
08-16 16:52:19.155 1153 1323 I uc_finish_user_unlocked_completed: 0
08-16 16:52:19.156 1153 1323 I ActivityManager: Posting BOOT_COMPLETED user #0
08-16 16:52:19.161 2373 2373 E PhoneSubInfoController: getLine1Number phone is null for Subscription:-1
01-01 05:04:15.348 0 0 I vdd_tof : disabling
08-16 16:52:19.161 2373 2373 D ImsPhone: [0] mCurrentSubscriberUris is null
08-16 16:52:19.161 2373 2373 D Telephony: isEmergencyPreferredAccount: subId=-1, activeData=-1
08-16 16:52:19.161 2373 2373 D Telephony: isEmergencyPreferredAccount: Device does not require preference.
08-16 16:52:19.161 2373 2373 I Telephony: isRttCurrentlySupported -- emergency acct and no device support
08-16 16:52:19.162 2155 2155 I aptxalsApplication: user unlocked
08-16 16:52:19.164 565 565 D vold : Waiting for sdcardfs to spin up...
08-16 16:52:19.164 2155 2155 D aptxalsScreenMonitor: creation complete
08-16 16:52:19.166 1153 1153 V NotificationAssistants: disabling notification assistant for user 0: ComponentInfo{android.ext.services/android.ext.services.notification.Assistant}
08-16 16:52:19.166 1153 1153 D NotificationListeners: Removing active service ComponentInfo{android.ext.services/android.ext.services.notification.Assistant}
08-16 16:52:19.167 2396 2396 D FallbackHome: User unlocked and real home found; let's go!
08-16 16:52:19.170 1153 1323 I ssm_user_unlocked: 0
08-16 16:52:19.170 1153 1323 I SystemServerTimingAsync: ssm.UnlockedUser-0
08-16 16:52:19.170 1153 1323 I SystemServiceManager: Calling onUnlockedUser 0
08-16 16:52:19.170 1153 1323 I SystemServerTimingAsync: ssm.onUnlockedUser-0_com.android.server.security.FileIntegrityService
08-16 16:52:19.170 1153 1323 D SystemServerTimingAsync: ssm.onUnlockedUser-0_com.android.server.security.FileIntegrityService took to complete: 0ms
08-16 16:52:19.170 1153 1323 I SystemServerTimingAsync: ssm.onUnlockedUser-0_com.android.server.pm.Installer
08-16 16:52:19.170 1153 1323 D SystemServerTimingAsync: ssm.onUnlockedUser-0_com.android.server.pm.Installer took to complete: 0ms
08-16 16:52:19.170 1153 1323 I SystemServerTimingAsync: ssm.onUnlockedUser-0_com.android.server.os.DeviceIdentifiersPolicyService
08-16 16:52:19.170 1153 1323 D SystemServerTimingAsync: ssm.onUnlockedUser-0_com.android.server.os.DeviceIdentifiersPolicyService took to complete: 0ms
08-16 16:52:19.170 1153 1323 I SystemServerTimingAsync: ssm.onUnlockedUser-0_com.android.server.uri.UriGrantsManagerService$Lifecycle
08-16 16:52:19.170 1153 1323 D SystemServerTimingAsync: ssm.onUnlockedUser-0_com.android.server.uri.UriGrantsManagerService$Lifecycle took to complete: 0ms
08-16 16:52:19.170 1153 1323 I SystemServerTimingAsync: ssm.onUnlockedUser-0_com.android.server.powerstats.PowerStatsService
08-16 16:52:19.170 1153 1323 D SystemServerTimingAsync: ssm.onUnlockedUser-0_com.android.server.powerstats.PowerStatsService took to complete: 0ms
08-16 16:52:19.170 1153 1323 I SystemServerTimingAsync: ssm.onUnlockedUser-0_com.android.server.wm.ActivityTaskManagerService$Lifecycle
08-16 16:52:19.171 2373 2373 I ImsFeatureBinderRepo: [0] registerForConnectionUpdates, type= MMTEL, conn= ListenerContainer{cb=com.android.ims.FeatureConnector$1@c4ae516}
08-16 16:52:19.172 1816 1845 E HeadsetStateMachine: returning mCurrentState as Connecting
08-16 16:52:19.172 1153 1153 V NotificationAssistants: enabling notification assistant for 0: ComponentInfo{android.ext.services/android.ext.services.notification.Assistant}
08-16 16:52:19.172 1153 1153 V NotificationAssistants: binding: Intent { act=android.service.notification.NotificationAssistantService cmp=android.ext.services/.notification.Assistant (has extras) }
08-16 16:52:19.174 1816 1816 D BluetoothOppFileProvider: Initialized
08-16 16:52:19.177 1153 2442 W StorageManagerService: Reporting emulated;0 unmounted due to system locked
08-16 16:52:19.177 2396 2396 I service_manager_slow: [10,thermalservice]
08-16 16:52:19.179 1153 1323 I LaunchParamsPersister: Didn't find launch param folder for user 0
08-16 16:52:19.180 1153 1179 I wm_finish_activity: [0,252486832,2,com.android.settings/.FallbackHome,app-request]
08-16 16:52:19.181 1153 1179 D ActivityTrigger: ActivityTrigger activityPauseTrigger
08-16 16:52:19.182 1153 1179 I wm_pause_activity: [0,252486832,com.android.settings/.FallbackHome,userLeaving=false,finish]
08-16 16:52:19.183 1816 2596 W bt_l2cap: L2CAP - LCID: 0x0040 st: W4_L2CAP_CON_RSP evt: PEER_CONNECT_RSP
08-16 16:52:19.183 1816 2596 W bt_l2cap: L2CAP - LCID: 0x0040 st: CONFIG evt: UPPER_LAYER_CONFIG_REQ
08-16 16:52:19.183 1816 2596 I bt_stack: [INFO:btsnoop.cc(603)] whitelist_l2c_channel: Whitelisting l2cap channel. conn_handle=2 cid=64:64
08-16 16:52:19.188 1153 2442 D WifiNl80211Manager: Scan result ready event
08-16 16:52:19.188 1153 2442 D WifiNative: Scan result ready event
08-16 16:52:19.188 1153 1323 D SystemServerTimingAsync: ssm.onUnlockedUser-0_com.android.server.wm.ActivityTaskManagerService$Lifecycle took to complete: 18ms
08-16 16:52:19.189 1153 1323 I SystemServerTimingAsync: ssm.onUnlockedUser-0_com.android.server.am.ActivityManagerService$Lifecycle
08-16 16:52:19.189 1153 1323 D SystemServerTimingAsync: ssm.onUnlockedUser-0_com.android.server.am.ActivityManagerService$Lifecycle took to complete: 0ms
08-16 16:52:19.189 1153 1323 I SystemServerTimingAsync: ssm.onUnlockedUser-0_com.android.server.pm.DataLoaderManagerService
08-16 16:52:19.189 1153 1323 D SystemServerTimingAsync: ssm.onUnlockedUser-0_com.android.server.pm.DataLoaderManagerService took to complete: 0ms
08-16 16:52:19.189 1153 1323 I SystemServerTimingAsync: ssm.onUnlockedUser-0_com.android.server.power.PowerManagerService
08-16 16:52:19.189 1153 1323 D SystemServerTimingAsync: ssm.onUnlockedUser-0_com.android.server.power.PowerManagerService took to complete: 0ms
08-16 16:52:19.189 1153 1323 I SystemServerTimingAsync: ssm.onUnlockedUser-0_com.android.server.power.ThermalManagerService
08-16 16:52:19.189 1153 1323 D SystemServerTimingAsync: ssm.onUnlockedUser-0_com.android.server.power.ThermalManagerService took to complete: 0ms
08-16 16:52:19.189 1153 1323 I SystemServerTimingAsync: ssm.onUnlockedUser-0_com.android.server.power.hint.HintManagerService
08-16 16:52:19.190 1153 1323 D SystemServerTimingAsync: ssm.onUnlockedUser-0_com.android.server.power.hint.HintManagerService took to complete: 0ms
08-16 16:52:19.190 1153 1323 I SystemServerTimingAsync: ssm.onUnlockedUser-0_com.android.server.recoverysystem.RecoverySystemService$Lifecycle
08-16 16:52:19.190 1153 1323 D SystemServerTimingAsync: ssm.onUnlockedUser-0_com.android.server.recoverysystem.RecoverySystemService$Lifecycle took to complete: 0ms
08-16 16:52:19.190 1153 1323 I SystemServerTimingAsync: ssm.onUnlockedUser-0_com.android.server.lights.LightsService
08-16 16:52:19.190 1153 1323 D SystemServerTimingAsync: ssm.onUnlockedUser-0_com.android.server.lights.LightsService took to complete: 0ms
08-16 16:52:19.190 1153 1323 I SystemServerTimingAsync: ssm.onUnlockedUser-0_com.android.server.display.DisplayManagerService
08-16 16:52:19.190 1153 1323 D SystemServerTimingAsync: ssm.onUnlockedUser-0_com.android.server.display.DisplayManagerService took to complete: 0ms
08-16 16:52:19.190 1153 1323 I SystemServerTimingAsync: ssm.onUnlockedUser-0_com.android.server.pm.verify.domain.DomainVerificationService
08-16 16:52:19.190 1153 1323 D SystemServerTimingAsync: ssm.onUnlockedUser-0_com.android.server.pm.verify.domain.DomainVerificationService took to complete: 0ms
08-16 16:52:19.190 1153 1323 I SystemServerTimingAsync: ssm.onUnlockedUser-0_com.android.server.pm.PackageInstallerService$Lifecycle
08-16 16:52:19.191 1153 1323 D SystemServerTimingAsync: ssm.onUnlockedUser-0_com.android.server.pm.PackageInstallerService$Lifecycle took to complete: 0ms
08-16 16:52:19.191 1153 1323 I SystemServerTimingAsync: ssm.onUnlockedUser-0_com.android.server.pm.UserManagerService$LifeCycle
08-16 16:52:19.191 1153 1323 D SystemServerTimingAsync: ssm.onUnlockedUser-0_com.android.server.pm.UserManagerService$LifeCycle took to complete: 0ms
08-16 16:52:19.191 2396 2396 I wm_on_top_resumed_lost_called: [252486832,com.android.settings.FallbackHome,topStateChangedWhenResumed]
08-16 16:52:19.191 1153 1323 I SystemServerTimingAsync: ssm.onUnlockedUser-0_com.android.server.om.OverlayManagerService
08-16 16:52:19.192 1153 1323 D SystemServerTimingAsync: ssm.onUnlockedUser-0_com.android.server.om.OverlayManagerService took to complete: 0ms
08-16 16:52:19.192 1153 1323 I SystemServerTimingAsync: ssm.onUnlockedUser-0_com.android.server.SensorPrivacyService
08-16 16:52:19.192 1153 1323 D SystemServerTimingAsync: ssm.onUnlockedUser-0_com.android.server.SensorPrivacyService took to complete: 0ms
08-16 16:52:19.192 1153 1323 I SystemServerTimingAsync: ssm.onUnlockedUser-0_com.android.server.sensors.SensorService
08-16 16:52:19.192 1153 1323 D SystemServerTimingAsync: ssm.onUnlockedUser-0_com.android.server.sensors.SensorService took to complete: 0ms
08-16 16:52:19.192 1153 1323 I SystemServerTimingAsync: ssm.onUnlockedUser-0_com.android.server.SystemConfigService
08-16 16:52:19.192 1816 2596 W bt_l2cap: L2CAP - LCID: 0x0040 st: CONFIG evt: PEER_CONFIG_REQ
08-16 16:52:19.192 1153 1323 D SystemServerTimingAsync: ssm.onUnlockedUser-0_com.android.server.SystemConfigService took to complete: 0ms
08-16 16:52:19.192 1153 1323 I SystemServerTimingAsync: ssm.onUnlockedUser-0_com.android.server.BatteryService
08-16 16:52:19.192 1153 1323 D SystemServerTimingAsync: ssm.onUnlockedUser-0_com.android.server.BatteryService took to complete: 0ms
08-16 16:52:19.192 1153 1323 I SystemServerTimingAsync: ssm.onUnlockedUser-0_com.android.server.usage.UsageStatsService
08-16 16:52:19.192 1153 1323 D SystemServerTimingAsync: ssm.onUnlockedUser-0_com.android.server.usage.UsageStatsService took to complete: 0ms
08-16 16:52:19.192 1153 1323 I SystemServerTimingAsync: ssm.onUnlockedUser-0_com.android.server.webkit.WebViewUpdateService
08-16 16:52:19.193 1153 1323 D SystemServerTimingAsync: ssm.onUnlockedUser-0_com.android.server.webkit.WebViewUpdateService took to complete: 0ms
08-16 16:52:19.193 1153 1323 I SystemServerTimingAsync: ssm.onUnlockedUser-0_com.android.server.CachedDeviceStateService
08-16 16:52:19.193 1816 2596 W bt_l2cap: L2CAP - LCID: 0x0040 st: CONFIG evt: UPPER_LAYER_CONFIG_RSP
08-16 16:52:19.193 1153 1323 D SystemServerTimingAsync: ssm.onUnlockedUser-0_com.android.server.CachedDeviceStateService took to complete: 0ms
08-16 16:52:19.193 1153 1323 I SystemServerTimingAsync: ssm.onUnlockedUser-0_com.android.server.BinderCallsStatsService$LifeCycle
08-16 16:52:19.193 1153 1323 D SystemServerTimingAsync: ssm.onUnlockedUser-0_com.android.server.BinderCallsStatsService$LifeCycle took to complete: 0ms
08-16 16:52:19.193 1153 1323 I SystemServerTimingAsync: ssm.onUnlockedUser-0_com.android.server.LooperStatsService$Lifecycle
08-16 16:52:19.193 1153 1323 D SystemServerTimingAsync: ssm.onUnlockedUser-0_com.android.server.LooperStatsService$Lifecycle took to complete: 0ms
08-16 16:52:19.193 1153 1323 I SystemServerTimingAsync: ssm.onUnlockedUser-0_com.android.server.rollback.RollbackManagerService
08-16 16:52:19.193 1816 2596 W bt_l2cap: L2CAP-Upper layer Config_Rsp,Local CID: 0x0040,Remote CID: 0x0040,PSM: 1,our MTU present:1,our MTU:1024
08-16 16:52:19.193 1153 1323 D SystemServerTimingAsync: ssm.onUnlockedUser-0_com.android.server.rollback.RollbackManagerService took to complete: 0ms
08-16 16:52:19.193 1153 1323 I SystemServerTimingAsync: ssm.onUnlockedUser-0_com.android.server.os.NativeTombstoneManagerService
08-16 16:52:19.193 1153 1323 D SystemServerTimingAsync: ssm.onUnlockedUser-0_com.android.server.os.NativeTombstoneManagerService took to complete: 0ms
08-16 16:52:19.193 1153 1323 I SystemServerTimingAsync: ssm.onUnlockedUser-0_com.android.server.os.BugreportManagerService
08-16 16:52:19.193 1153 1323 D SystemServerTimingAsync: ssm.onUnlockedUser-0_com.android.server.os.BugreportManagerService took to complete: 0ms
08-16 16:52:19.193 1153 1323 I SystemServerTimingAsync: ssm.onUnlockedUser-0_com.android.server.gpu.GpuService
08-16 16:52:19.193 1153 1323 D SystemServerTimingAsync: ssm.onUnlockedUser-0_com.android.server.gpu.GpuService took to complete: 0ms
08-16 16:52:19.193 1153 1323 I SystemServerTimingAsync: ssm.onUnlockedUser-0_com.android.server.security.KeyChainSystemService
08-16 16:52:19.193 1153 1323 D SystemServerTimingAsync: ssm.onUnlockedUser-0_com.android.server.security.KeyChainSystemService took to complete: 0ms
08-16 16:52:19.193 1153 1323 I SystemServerTimingAsync: ssm.onUnlockedUser-0_com.android.server.telecom.TelecomLoaderService
08-16 16:52:19.193 1153 1323 D SystemServerTimingAsync: ssm.onUnlockedUser-0_com.android.server.telecom.TelecomLoaderService took to complete: 0ms
08-16 16:52:19.194 1153 1323 I SystemServerTimingAsync: ssm.onUnlockedUser-0_com.android.server.accounts.AccountManagerService$Lifecycle
08-16 16:52:19.194 1153 1323 D SystemServerTimingAsync: ssm.onUnlockedUser-0_com.android.server.accounts.AccountManagerService$Lifecycle took to complete: 0ms
08-16 16:52:19.194 1153 1323 I SystemServerTimingAsync: ssm.onUnlockedUser-0_com.android.server.content.ContentService$Lifecycle
08-16 16:52:19.194 1153 1323 D SystemServerTimingAsync: ssm.onUnlockedUser-0_com.android.server.content.ContentService$Lifecycle took to complete: 0ms
08-16 16:52:19.194 1153 1323 I SystemServerTimingAsync: ssm.onUnlockedUser-0_com.android.server.DropBoxManagerService
08-16 16:52:19.194 1153 1323 D SystemServerTimingAsync: ssm.onUnlockedUser-0_com.android.server.DropBoxManagerService took to complete: 0ms
08-16 16:52:19.194 1153 1323 I SystemServerTimingAsync: ssm.onUnlockedUser-0_com.android.role.RoleService
08-16 16:52:19.194 1153 1323 D SystemServerTimingAsync: ssm.onUnlockedUser-0_com.android.role.RoleService took to complete: 0ms
08-16 16:52:19.194 1153 1323 I SystemServerTimingAsync: ssm.onUnlockedUser-0_com.android.server.vibrator.VibratorManagerService$Lifecycle
08-16 16:52:19.194 1153 1323 D SystemServerTimingAsync: ssm.onUnlockedUser-0_com.android.server.vibrator.VibratorManagerService$Lifecycle took to complete: 0ms
08-16 16:52:19.194 1153 1323 I SystemServerTimingAsync: ssm.onUnlockedUser-0_com.android.server.alarm.AlarmManagerService
08-16 16:52:19.194 1153 1323 D SystemServerTimingAsync: ssm.onUnlockedUser-0_com.android.server.alarm.AlarmManagerService took to complete: 0ms
08-16 16:52:19.194 1153 1323 I SystemServerTimingAsync: ssm.onUnlockedUser-0_com.android.server.devicestate.DeviceStateManagerService
08-16 16:52:19.194 1153 1323 D SystemServerTimingAsync: ssm.onUnlockedUser-0_com.android.server.devicestate.DeviceStateManagerService took to complete: 0ms
08-16 16:52:19.194 1153 1323 I SystemServerTimingAsync: ssm.onUnlockedUser-0_com.android.server.camera.CameraServiceProxy
08-16 16:52:19.194 1153 1323 D SystemServerTimingAsync: ssm.onUnlockedUser-0_com.android.server.camera.CameraServiceProxy took to complete: 0ms
08-16 16:52:19.195 1153 1323 I SystemServerTimingAsync: ssm.onUnlockedUser-0_com.android.server.BluetoothService
08-16 16:52:19.195 1153 1323 D SystemServerTimingAsync: ssm.onUnlockedUser-0_com.android.server.BluetoothService took to complete: 0ms
08-16 16:52:19.195 1153 1323 I SystemServerTimingAsync: ssm.onUnlockedUser-0_com.android.server.connectivity.IpConnectivityMetrics
08-16 16:52:19.195 1153 1323 D SystemServerTimingAsync: ssm.onUnlockedUser-0_com.android.server.connectivity.IpConnectivityMetrics took to complete: 0ms
08-16 16:52:19.195 1153 1323 I SystemServerTimingAsync: ssm.onUnlockedUser-0_com.android.server.net.watchlist.NetworkWatchlistService$Lifecycle
08-16 16:52:19.195 1153 1323 D SystemServerTimingAsync: ssm.onUnlockedUser-0_com.android.server.net.watchlist.NetworkWatchlistService$Lifecycle took to complete: 0ms
08-16 16:52:19.195 1153 1323 I SystemServerTimingAsync: ssm.onUnlockedUser-0_com.android.server.PinnerService
08-16 16:52:19.195 1153 1323 D SystemServerTimingAsync: ssm.onUnlockedUser-0_com.android.server.PinnerService took to complete: 0ms
08-16 16:52:19.195 1153 1323 I SystemServerTimingAsync: ssm.onUnlockedUser-0_com.google.android.startop.iorap.IorapForwardingService
08-16 16:52:19.195 1153 1323 D SystemServerTimingAsync: ssm.onUnlockedUser-0_com.google.android.startop.iorap.IorapForwardingService took to complete: 0ms
08-16 16:52:19.195 1153 1323 I SystemServerTimingAsync: ssm.onUnlockedUser-0_com.android.server.ActivityTriggerService
08-16 16:52:19.195 1153 1323 D SystemServerTimingAsync: ssm.onUnlockedUser-0_com.android.server.ActivityTriggerService took to complete: 0ms
08-16 16:52:19.195 1153 1323 I SystemServerTimingAsync: ssm.onUnlockedUser-0_com.android.server.integrity.AppIntegrityManagerService
08-16 16:52:19.195 1153 1323 D SystemServerTimingAsync: ssm.onUnlockedUser-0_com.android.server.integrity.AppIntegrityManagerService took to complete: 0ms
08-16 16:52:19.195 1153 1323 I SystemServerTimingAsync: ssm.onUnlockedUser-0_com.android.server.inputmethod.InputMethodManagerService$Lifecycle
08-16 16:52:19.195 1153 1323 D SystemServerTimingAsync: ssm.onUnlockedUser-0_com.android.server.inputmethod.InputMethodManagerService$Lifecycle took to complete: 0ms
08-16 16:52:19.195 1153 1323 I SystemServerTimingAsync: ssm.onUnlockedUser-0_com.android.server.accessibility.AccessibilityManagerService$Lifecycle
08-16 16:52:19.195 1153 1323 D SystemServerTimingAsync: ssm.onUnlockedUser-0_com.android.server.accessibility.AccessibilityManagerService$Lifecycle took to complete: 0ms
08-16 16:52:19.195 1153 1323 I SystemServerTimingAsync: ssm.onUnlockedUser-0_com.android.server.StorageManagerService$Lifecycle
08-16 16:52:19.196 1153 1323 D SystemServerTimingAsync: ssm.onUnlockedUser-0_com.android.server.StorageManagerService$Lifecycle took to complete: 0ms
08-16 16:52:19.196 1153 1323 I SystemServerTimingAsync: ssm.onUnlockedUser-0_com.android.server.usage.StorageStatsService$Lifecycle
08-16 16:52:19.196 1153 1323 D SystemServerTimingAsync: ssm.onUnlockedUser-0_com.android.server.usage.StorageStatsService$Lifecycle took to complete: 0ms
08-16 16:52:19.196 1153 1323 I SystemServerTimingAsync: ssm.onUnlockedUser-0_com.android.server.UiModeManagerService
08-16 16:52:19.196 1153 1323 D SystemServerTimingAsync: ssm.onUnlockedUser-0_com.android.server.UiModeManagerService took to complete: 0ms
08-16 16:52:19.196 1153 1323 I SystemServerTimingAsync: ssm.onUnlockedUser-0_com.android.server.locksettings.LockSettingsService$Lifecycle
08-16 16:52:19.196 1153 1323 D SystemServerTimingAsync: ssm.onUnlockedUser-0_com.android.server.locksettings.LockSettingsService$Lifecycle took to complete: 0ms
08-16 16:52:19.196 1153 1323 I SystemServerTimingAsync: ssm.onUnlockedUser-0_com.android.server.PersistentDataBlockService
08-16 16:52:19.196 1153 1323 D SystemServerTimingAsync: ssm.onUnlockedUser-0_com.android.server.PersistentDataBlockService took to complete: 0ms
08-16 16:52:19.196 1153 1323 I SystemServerTimingAsync: ssm.onUnlockedUser-0_com.android.server.testharness.TestHarnessModeService
08-16 16:52:19.196 1153 1323 D SystemServerTimingAsync: ssm.onUnlockedUser-0_com.android.server.testharness.TestHarnessModeService took to complete: 1ms
08-16 16:52:19.196 1153 1251 I sysui_multi_action: [757,1144,758,7,806,com.android.settings,871,com.android.settings.FallbackHome]
08-16 16:52:19.196 1153 1323 I SystemServerTimingAsync: ssm.onUnlockedUser-0_com.android.server.oemlock.OemLockService
08-16 16:52:19.196 1153 1323 D SystemServerTimingAsync: ssm.onUnlockedUser-0_com.android.server.oemlock.OemLockService took to complete: 0ms
08-16 16:52:19.196 1153 1323 I SystemServerTimingAsync: ssm.onUnlockedUser-0_com.android.server.DeviceIdleController
08-16 16:52:19.196 1153 1323 D SystemServerTimingAsync: ssm.onUnlockedUser-0_com.android.server.DeviceIdleController took to complete: 0ms
08-16 16:52:19.196 1153 1323 I SystemServerTimingAsync: ssm.onUnlockedUser-0_com.android.server.devicepolicy.DevicePolicyManagerService$Lifecycle
08-16 16:52:19.197 1153 1323 D SystemServerTimingAsync: ssm.onUnlockedUser-0_com.android.server.devicepolicy.DevicePolicyManagerService$Lifecycle took to complete: 0ms
08-16 16:52:19.197 1153 1323 I SystemServerTimingAsync: ssm.onUnlockedUser-0_com.android.server.texttospeech.TextToSpeechManagerService
08-16 16:52:19.197 1153 1323 D SystemServerTimingAsync: ssm.onUnlockedUser-0_com.android.server.texttospeech.TextToSpeechManagerService took to complete: 0ms
08-16 16:52:19.197 1153 1323 I SystemServerTimingAsync: ssm.onUnlockedUser-0_com.android.server.speech.SpeechRecognitionManagerService
08-16 16:52:19.197 1153 1323 D SystemServerTimingAsync: ssm.onUnlockedUser-0_com.android.server.speech.SpeechRecognitionManagerService took to complete: 0ms
08-16 16:52:19.197 1153 1323 I SystemServerTimingAsync: ssm.onUnlockedUser-0_com.android.server.searchui.SearchUiManagerService
08-16 16:52:19.197 1153 1323 D SystemServerTimingAsync: ssm.onUnlockedUser-0_com.android.server.searchui.SearchUiManagerService took to complete: 0ms
08-16 16:52:19.197 1153 1323 I SystemServerTimingAsync: ssm.onUnlockedUser-0_com.android.server.smartspace.SmartspaceManagerService
08-16 16:52:19.197 1153 1323 D SystemServerTimingAsync: ssm.onUnlockedUser-0_com.android.server.smartspace.SmartspaceManagerService took to complete: 0ms
08-16 16:52:19.197 1153 1323 I SystemServerTimingAsync: ssm.onUnlockedUser-0_com.android.server.graphics.fonts.FontManagerService$Lifecycle
08-16 16:52:19.197 1153 1323 D SystemServerTimingAsync: ssm.onUnlockedUser-0_com.android.server.graphics.fonts.FontManagerService$Lifecycle took to complete: 0ms
08-16 16:52:19.197 1153 1323 I SystemServerTimingAsync: ssm.onUnlockedUser-0_com.android.server.textservices.TextServicesManagerService$Lifecycle
08-16 16:52:19.197 1153 1323 D SystemServerTimingAsync: ssm.onUnlockedUser-0_com.android.server.textservices.TextServicesManagerService$Lifecycle took to complete: 0ms
08-16 16:52:19.197 1153 1323 I SystemServerTimingAsync: ssm.onUnlockedUser-0_com.android.server.textclassifier.TextClassificationManagerService$Lifecycle
08-16 16:52:19.197 1153 1323 D SystemServerTimingAsync: ssm.onUnlockedUser-0_com.android.server.textclassifier.TextClassificationManagerService$Lifecycle took to complete: 0ms
08-16 16:52:19.197 1153 1323 I SystemServerTimingAsync: ssm.onUnlockedUser-0_com.android.server.NetworkScoreService$Lifecycle
08-16 16:52:19.198 1153 1323 D SystemServerTimingAsync: ssm.onUnlockedUser-0_com.android.server.NetworkScoreService$Lifecycle took to complete: 0ms
08-16 16:52:19.198 1153 1323 I SystemServerTimingAsync: ssm.onUnlockedUser-0_com.android.server.wifi.WifiService
08-16 16:52:19.198 1153 1323 D SystemServerTimingAsync: ssm.onUnlockedUser-0_com.android.server.wifi.WifiService took to complete: 0ms
08-16 16:52:19.198 1153 1323 I SystemServerTimingAsync: ssm.onUnlockedUser-0_com.android.server.wifi.scanner.WifiScanningService
08-16 16:52:19.198 1153 1323 D SystemServerTimingAsync: ssm.onUnlockedUser-0_com.android.server.wifi.scanner.WifiScanningService took to complete: 0ms
08-16 16:52:19.198 1153 1323 I SystemServerTimingAsync: ssm.onUnlockedUser-0_com.android.server.wifi.rtt.RttService
08-16 16:52:19.198 1153 1323 D SystemServerTimingAsync: ssm.onUnlockedUser-0_com.android.server.wifi.rtt.RttService took to complete: 0ms
08-16 16:52:19.198 1153 1323 I SystemServerTimingAsync: ssm.onUnlockedUser-0_com.android.server.wifi.aware.WifiAwareService
08-16 16:52:19.198 1153 1323 D SystemServerTimingAsync: ssm.onUnlockedUser-0_com.android.server.wifi.aware.WifiAwareService took to complete: 0ms
08-16 16:52:19.198 1153 1323 I SystemServerTimingAsync: ssm.onUnlockedUser-0_com.android.server.wifi.p2p.WifiP2pService
08-16 16:52:19.198 1153 1323 D SystemServerTimingAsync: ssm.onUnlockedUser-0_com.android.server.wifi.p2p.WifiP2pService took to complete: 0ms
08-16 16:52:19.198 1153 1323 I SystemServerTimingAsync: ssm.onUnlockedUser-0_com.android.server.ethernet.EthernetService
08-16 16:52:19.198 1153 1323 D SystemServerTimingAsync: ssm.onUnlockedUser-0_com.android.server.ethernet.EthernetService took to complete: 0ms
08-16 16:52:19.198 1153 1323 I SystemServerTimingAsync: ssm.onUnlockedUser-0_com.android.server.ConnectivityServiceInitializer
08-16 16:52:19.198 1153 1323 D SystemServerTimingAsync: ssm.onUnlockedUser-0_com.android.server.ConnectivityServiceInitializer took to complete: 0ms
08-16 16:52:19.198 1153 1323 I SystemServerTimingAsync: ssm.onUnlockedUser-0_com.android.server.notification.NotificationManagerService
08-16 16:52:19.199 1153 1323 D SystemServerTimingAsync: ssm.onUnlockedUser-0_com.android.server.notification.NotificationManagerService took to complete: 0ms
08-16 16:52:19.199 1153 1323 I SystemServerTimingAsync: ssm.onUnlockedUser-0_com.android.server.storage.DeviceStorageMonitorService
08-16 16:52:19.199 1153 1323 D SystemServerTimingAsync: ssm.onUnlockedUser-0_com.android.server.storage.DeviceStorageMonitorService took to complete: 0ms
08-16 16:52:19.199 1153 1323 I SystemServerTimingAsync: ssm.onUnlockedUser-0_com.android.server.location.LocationManagerService$Lifecycle
08-16 16:52:19.199 1153 1323 D SystemServerTimingAsync: ssm.onUnlockedUser-0_com.android.server.location.LocationManagerService$Lifecycle took to complete: 0ms
08-16 16:52:19.199 1153 1323 I SystemServerTimingAsync: ssm.onUnlockedUser-0_com.android.server.timedetector.TimeDetectorService$Lifecycle
08-16 16:52:19.199 1153 1323 D SystemServerTimingAsync: ssm.onUnlockedUser-0_com.android.server.timedetector.TimeDetectorService$Lifecycle took to complete: 0ms
08-16 16:52:19.199 1153 1323 I SystemServerTimingAsync: ssm.onUnlockedUser-0_com.android.server.timezonedetector.TimeZoneDetectorService$Lifecycle
08-16 16:52:19.199 1153 1323 D SystemServerTimingAsync: ssm.onUnlockedUser-0_com.android.server.timezonedetector.TimeZoneDetectorService$Lifecycle took to complete: 0ms
08-16 16:52:19.199 1153 1323 I SystemServerTimingAsync: ssm.onUnlockedUser-0_com.android.server.timezonedetector.location.LocationTimeZoneManagerService$Lifecycle
08-16 16:52:19.202 1153 1323 D SystemServerTimingAsync: ssm.onUnlockedUser-0_com.android.server.timezonedetector.location.LocationTimeZoneManagerService$Lifecycle took to complete: 1ms
08-16 16:52:19.202 1153 1323 I SystemServerTimingAsync: ssm.onUnlockedUser-0_com.android.server.search.SearchManagerService$Lifecycle
08-16 16:52:19.202 1153 1323 D SystemServerTimingAsync: ssm.onUnlockedUser-0_com.android.server.search.SearchManagerService$Lifecycle took to complete: 0ms
08-16 16:52:19.203 1153 1323 I SystemServerTimingAsync: ssm.onUnlockedUser-0_com.android.server.wallpaper.WallpaperManagerService$Lifecycle
08-16 16:52:19.203 1153 1323 D SystemServerTimingAsync: ssm.onUnlockedUser-0_com.android.server.wallpaper.WallpaperManagerService$Lifecycle took to complete: 0ms
08-16 16:52:19.203 1153 1323 I SystemServerTimingAsync: ssm.onUnlockedUser-0_com.android.server.audio.AudioService$Lifecycle
08-16 16:52:19.203 1153 1323 D SystemServerTimingAsync: ssm.onUnlockedUser-0_com.android.server.audio.AudioService$Lifecycle took to complete: 0ms
08-16 16:52:19.203 1153 1323 I SystemServerTimingAsync: ssm.onUnlockedUser-0_com.android.server.soundtrigger_middleware.SoundTriggerMiddlewareService$Lifecycle
08-16 16:52:19.203 1153 1323 D SystemServerTimingAsync: ssm.onUnlockedUser-0_com.android.server.soundtrigger_middleware.SoundTriggerMiddlewareService$Lifecycle took to complete: 0ms
08-16 16:52:19.203 1153 1323 I SystemServerTimingAsync: ssm.onUnlockedUser-0_com.android.server.DockObserver
08-16 16:52:19.203 1153 1153 D CompatibilityChangeReporter: Compat change id reported: 168419799; UID 10153; state: DISABLED
08-16 16:52:19.203 1153 1323 D SystemServerTimingAsync: ssm.onUnlockedUser-0_com.android.server.DockObserver took to complete: 0ms
08-16 16:52:19.203 1153 1323 I SystemServerTimingAsync: ssm.onUnlockedUser-0_com.android.server.midi.MidiService$Lifecycle
08-16 16:52:19.204 2155 2155 D aptxalsAudioMonitor: creation complete
08-16 16:52:19.204 1153 1323 D SystemServerTimingAsync: ssm.onUnlockedUser-0_com.android.server.midi.MidiService$Lifecycle took to complete: 0ms
08-16 16:52:19.204 682 749 I netd : setIPv6AddrGenMode(eth0, 2) <44.03ms>
01-01 05:04:15.474 0 0 I binder : 2901:2901 ioctl 40046210 7fd93f2444 returned -22
08-16 16:52:19.204 1153 1323 I SystemServerTimingAsync: ssm.onUnlockedUser-0_com.android.server.adb.AdbService$Lifecycle
08-16 16:52:19.204 1153 1323 D SystemServerTimingAsync: ssm.onUnlockedUser-0_com.android.server.adb.AdbService$Lifecycle took to complete: 0ms
08-16 16:52:19.204 1153 1323 I SystemServerTimingAsync: ssm.onUnlockedUser-0_com.android.server.usb.UsbService$Lifecycle
08-16 16:52:19.204 1153 1323 D SystemServerTimingAsync: ssm.onUnlockedUser-0_com.android.server.usb.UsbService$Lifecycle took to complete: 0ms
08-16 16:52:19.204 1153 1323 I SystemServerTimingAsync: ssm.onUnlockedUser-0_com.android.server.twilight.TwilightService
08-16 16:52:19.204 1153 1323 D SystemServerTimingAsync: ssm.onUnlockedUser-0_com.android.server.twilight.TwilightService took to complete: 0ms
08-16 16:52:19.204 2155 2155 I aptxalsProfilePrefFile: Profile Preferences OEM File is: /data/user/0/com.qualcomm.qtil.aptxals/files/oem-profile-prefs.json
08-16 16:52:19.204 1153 1323 I SystemServerTimingAsync: ssm.onUnlockedUser-0_com.android.server.display.color.ColorDisplayService
08-16 16:52:19.204 2155 2155 I aptxalsProfilePrefFile: Profile Preferences User File is: /data/user/0/com.qualcomm.qtil.aptxals/files/user-profile-prefs.json
08-16 16:52:19.204 1153 1323 D SystemServerTimingAsync: ssm.onUnlockedUser-0_com.android.server.display.color.ColorDisplayService took to complete: 0ms
08-16 16:52:19.204 1153 1323 I SystemServerTimingAsync: ssm.onUnlockedUser-0_com.android.server.job.JobSchedulerService
08-16 16:52:19.204 1153 1323 D SystemServerTimingAsync: ssm.onUnlockedUser-0_com.android.server.job.JobSchedulerService took to complete: 0ms
08-16 16:52:19.204 1153 1323 I SystemServerTimingAsync: ssm.onUnlockedUser-0_com.android.server.soundtrigger.SoundTriggerService
08-16 16:52:19.205 2155 2155 I aptxalsProfilePrefFile: LoadPrefFile Profile Preference File /data/user/0/com.qualcomm.qtil.aptxals/files/oem-profile-prefs.json does not exist: skipping
08-16 16:52:19.205 1153 1323 D SystemServerTimingAsync: ssm.onUnlockedUser-0_com.android.server.soundtrigger.SoundTriggerService took to complete: 0ms
08-16 16:52:19.205 1153 1323 I SystemServerTimingAsync: ssm.onUnlockedUser-0_com.android.server.trust.TrustManagerService
08-16 16:52:19.205 1153 1323 D SystemServerTimingAsync: ssm.onUnlockedUser-0_com.android.server.trust.TrustManagerService took to complete: 0ms
08-16 16:52:19.205 2155 2155 I aptxalsProfilePrefFile: LoadPrefFile Profile Preference File /data/user/0/com.qualcomm.qtil.aptxals/files/user-profile-prefs.json does not exist: skipping
08-16 16:52:19.205 1153 1323 I SystemServerTimingAsync: ssm.onUnlockedUser-0_com.android.server.backup.BackupManagerService$Lifecycle
08-16 16:52:19.205 1153 1323 D SystemServerTimingAsync: ssm.onUnlockedUser-0_com.android.server.backup.BackupManagerService$Lifecycle took to complete: 0ms
08-16 16:52:19.205 1153 1323 I SystemServerTimingAsync: ssm.onUnlockedUser-0_com.android.server.appwidget.AppWidgetService
08-16 16:52:19.205 1153 1323 D SystemServerTimingAsync: ssm.onUnlockedUser-0_com.android.server.appwidget.AppWidgetService took to complete: 0ms
08-16 16:52:19.205 1153 1323 I SystemServerTimingAsync: ssm.onUnlockedUser-0_com.android.server.voiceinteraction.VoiceInteractionManagerService
08-16 16:52:19.205 1153 1323 D SystemServerTimingAsync: ssm.onUnlockedUser-0_com.android.server.voiceinteraction.VoiceInteractionManagerService took to complete: 0ms
08-16 16:52:19.205 1153 1323 I SystemServerTimingAsync: ssm.onUnlockedUser-0_com.android.server.apphibernation.AppHibernationService
08-16 16:52:19.205 1153 1323 D SystemServerTimingAsync: ssm.onUnlockedUser-0_com.android.server.apphibernation.AppHibernationService took to complete: 0ms
08-16 16:52:19.205 1153 1323 I SystemServerTimingAsync: ssm.onUnlockedUser-0_com.android.server.GestureLauncherService
08-16 16:52:19.205 1153 1323 D SystemServerTimingAsync: ssm.onUnlockedUser-0_com.android.server.GestureLauncherService took to complete: 0ms
08-16 16:52:19.205 1153 1323 I SystemServerTimingAsync: ssm.onUnlockedUser-0_com.android.server.SensorNotificationService
08-16 16:52:19.205 1153 1323 D SystemServerTimingAsync: ssm.onUnlockedUser-0_com.android.server.SensorNotificationService took to complete: 0ms
08-16 16:52:19.205 2855 2855 I qspmsvc-service: IQspmsvc::IQspmsvc()
08-16 16:52:19.205 1153 1323 I SystemServerTimingAsync: ssm.onUnlockedUser-0_com.android.server.emergency.EmergencyAffordanceService
