08-16 16:52:18.972 2373 2373 D TelephonyNetworkFactory[1]: got request NetworkRequest [ REQUEST id=24, [ Capabilities: INTERNET&NOT_RESTRICTED&TRUSTED&NOT_VCN_MANAGED Uid: 10124 RequestorUid: 10124 RequestorPkg: com.android.systemui] ]
08-16 16:52:18.972 2373 2373 D TelephonyNetworkFactory[1]: got request NetworkRequest [ REQUEST id=28, [ Capabilities: INTERNET&NOT_RESTRICTED&TRUSTED&NOT_VCN_MANAGED Uid: 1001 RequestorUid: 1001 RequestorPkg: com.android.phone] ]
08-16 16:52:18.972 2373 2373 D TelephonyNetworkFactory[1]: got request NetworkRequest [ REQUEST id=31, [ Capabilities: INTERNET&NOT_RESTRICTED&TRUSTED&NOT_VCN_MANAGED Uid: 1001 RequestorUid: 1001 RequestorPkg: com.android.phone] ]
08-16 16:52:18.972 2373 2373 E PhoneInterfaceManager: [PhoneIntfMgr] queryModemActivityInfo: Empty response
08-16 16:52:18.974 2373 2373 D TelephonyNetworkFactory[0]: got request NetworkRequest [ REQUEST id=33, [ Capabilities: INTERNET&NOT_RESTRICTED&TRUSTED&NOT_VCN_MANAGED Uid: 1002 RequestorUid: 1002 RequestorPkg: com.android.bluetooth] ]
08-16 16:52:18.975 2373 2373 D TelephonyNetworkFactory[1]: got request NetworkRequest [ REQUEST id=33, [ Capabilities: INTERNET&NOT_RESTRICTED&TRUSTED&NOT_VCN_MANAGED Uid: 1002 RequestorUid: 1002 RequestorPkg: com.android.bluetooth] ]
08-16 16:52:18.975 2373 2373 D QtiDCT-C: [0]EVENT_QTI_SUBSCRIPTION_CHANGED
08-16 16:52:18.975 2373 2373 D QtiDCT-C: [1]EVENT_QTI_SUBSCRIPTION_CHANGED
08-16 16:52:18.975 1830 1830 D CarrierTextController: onRefreshCarrierInfo(), mTelephonyCapable: false
08-16 16:52:18.975 1830 1830 D CarrierTextController: updateCarrierText(): 0
08-16 16:52:18.975 2373 2373 D PhoneSwitcher: handle event - 102
08-16 16:52:18.975 1830 1830 D CarrierTextController: updateCarrierText(): 0
08-16 16:52:18.975 2373 2373 D PhoneSwitcher: subscription info isn't initialized yet
08-16 16:52:18.975 2373 2373 D NRM-C-1 : service ComponentInfo{com.android.phone/com.android.internal.telephony.CellularNetworkService} for transport WWAN is now connected.
08-16 16:52:18.976 2373 2373 D NRM-C-0 : service ComponentInfo{com.android.phone/com.android.internal.telephony.CellularNetworkService} for transport WWAN is now connected.
08-16 16:52:18.976 1830 1830 D CarrierTextController: Getting plmn/spn sticky brdcst No service/
08-16 16:52:18.976 1830 1830 D CarrierTextController: onRefreshCarrierInfo(), mTelephonyCapable: false
08-16 16:52:18.976 1153 1178 W BatteryExternalStatsWorker: error reading modem stats:ERROR_INVALID_INFO_RECEIVED
08-16 16:52:18.976 1830 1830 D CarrierTextController: updateCarrierText(): 0
08-16 16:52:18.976 1830 1830 D CarrierTextController: updateCarrierText(): 0
08-16 16:52:18.977 1830 1830 D CarrierTextController: Getting plmn/spn sticky brdcst No service/
08-16 16:52:18.979 1153 1323 D SystemServerTimingAsync: ssm.onUnlockingUser-0_com.android.server.inputmethod.InputMethodManagerService$Lifecycle took to complete: 15ms
08-16 16:52:18.979 1153 1323 I SystemServerTimingAsync: ssm.onUnlockingUser-0_com.android.server.accessibility.AccessibilityManagerService$Lifecycle
08-16 16:52:18.979 1153 1323 D SystemServerTimingAsync: ssm.onUnlockingUser-0_com.android.server.accessibility.AccessibilityManagerService$Lifecycle took to complete: 0ms
08-16 16:52:18.979 1153 1323 I SystemServerTimingAsync: ssm.onUnlockingUser-0_com.android.server.StorageManagerService$Lifecycle
08-16 16:52:18.980 1153 1323 D StorageManagerService: onUnlockUser 0
08-16 16:52:18.980 1153 1323 I StorageSessionController: On user unlock 0
08-16 16:52:18.981 1153 1323 I StorageSessionController: Initialialising...
08-16 16:52:18.981 565 565 I vold : onUserStarted: 0
08-16 16:52:18.983 1153 1727 V StorageManagerService: Found primary storage at VolumeInfo{emulated;0}:
08-16 16:52:18.983 1153 1727 V StorageManagerService: type=EMULATED diskId=null partGuid= mountFlags=0 mountUserId=0
08-16 16:52:18.983 1153 1727 V StorageManagerService: state=UNMOUNTED
08-16 16:52:18.983 1153 1727 V StorageManagerService: fsType=null fsUuid=null fsLabel=null
08-16 16:52:18.983 1153 1727 V StorageManagerService: path=null internalPath=null
08-16 16:52:18.985 1153 1726 I StorageManagerService: Mounting volume VolumeInfo{emulated;0}:
08-16 16:52:18.985 1153 1726 I StorageManagerService: type=EMULATED diskId=null partGuid= mountFlags=PRIMARY|VISIBLE
08-16 16:52:18.985 1153 1726 I StorageManagerService: mountUserId=0 state=UNMOUNTED
08-16 16:52:18.985 1153 1726 I StorageManagerService: fsType=null fsUuid=null fsLabel=null
08-16 16:52:18.985 1153 1726 I StorageManagerService: path=null internalPath=null
08-16 16:52:18.985 1816 2596 W bt_btm : btm_acl_created hci_handle=2 link_role=1 transport=1
08-16 16:52:18.986 1816 2596 V bt_stack: [VERBOSE1:btm_inq.cc(1033)] BTM_InqDbRead: bd addr 00:58:76:20:46:3d
08-16 16:52:18.987 1816 2596 W bt_btm : btm_acl_created hci_handle=2 link_role=0 transport=1
08-16 16:52:18.987 1816 2596 V bt_stack: [VERBOSE1:btm_acl.cc(251)] Duplicate btm_acl_created: RemBdAddr: 00:58:76:20:46:3d
08-16 16:52:18.987 1816 2596 W bt_l2cap: L2CAP - LCID: 0x0040 st: CLOSED evt: LOWER_LAYER_CONNECT_CFM
08-16 16:52:18.988 565 565 I vold : Executing sdcardfs
08-16 16:52:18.996 1830 2096 D LocalBluetoothProfileManager: Current Profiles[HEADSET, A2DP, PBAP Server]
08-16 16:52:18.997 1816 1846 E HeadsetStateMachine: returning mCurrentState as Connecting
01-01 05:04:14.904 0 0 I init : processing action (sys.boot_completed=1) from (/system_ext/etc/init/qspmsvc.rc:14)
01-01 05:04:14.905 0 0 I init : starting service 'vendor.qspmsvc'...
08-16 16:52:19.005 1830 2096 D BluetoothMap: getConnectionState(00:58:76:20:46:3D)
08-16 16:52:19.007 1816 2596 V bt_stack: [VERBOSE1:btm_inq.cc(1033)] BTM_InqDbRead: bd addr 00:58:76:20:46:3d
08-16 16:52:19.009 565 565 D vold : Waiting for sdcardfs to spin up...
08-16 16:52:19.014 682 682 I netd : interfaceSetEnableIPv6(eth0, false) <32.05ms>
08-16 16:52:19.016 1830 2096 D LocalBluetoothProfileManager: New Profiles[HEADSET, A2DP, PBAP Server]
08-16 16:52:19.020 1830 2096 D CachedBluetoothDevice: updating profiles for Mifa_F5
08-16 16:52:19.022 1816 2596 W bt_btm : btm_read_remote_version_complete lmp_version 5 manufacturer 97 lmp_subversion 12
08-16 16:52:19.023 2672 2672 I InputAttributes: InputType.TYPE_NULL is specified
08-16 16:52:19.023 1830 2096 V CachedBluetoothDevice: Class: 240404
08-16 16:52:19.024 1830 2096 V CachedBluetoothDevice: UUID:
08-16 16:52:19.024 1830 2096 V CachedBluetoothDevice: 0000111e-0000-1000-8000-00805f9b34fb
08-16 16:52:19.024 1830 2096 V CachedBluetoothDevice: 0000110b-0000-1000-8000-00805f9b34fb
08-16 16:52:19.024 1830 2096 V CachedBluetoothDevice: 0000110e-0000-1000-8000-00805f9b34fb
08-16 16:52:19.024 1830 2096 V CachedBluetoothDevice: 00000000-0000-1000-8000-00805f9b34fb
08-16 16:52:19.024 1830 2096 V CachedBluetoothDevice: 00000000-0000-1000-8000-00805f9b34fb
08-16 16:52:19.024 1830 2096 V CachedBluetoothDevice: 00000000-0000-0000-0000-000000000000
08-16 16:52:19.024 1830 2096 V CachedBluetoothDevice: 00000000-0000-0000-0000-000000000000
08-16 16:52:19.025 1830 2096 V CachedBluetoothDevice: 00000000-0000-0000-0000-000000000000
08-16 16:52:19.025 1830 2096 V CachedBluetoothDevice: 00000000-0000-0000-0000-000000000000
08-16 16:52:19.025 1830 2096 V CachedBluetoothDevice: 00000000-0000-0000-0000-000000000000
08-16 16:52:19.025 1830 2096 V CachedBluetoothDevice: 00000000-0000-0000-0000-000000000000
08-16 16:52:19.025 1830 2096 V CachedBluetoothDevice: 00000000-0000-0000-0000-000000000000
08-16 16:52:19.025 1830 2096 V CachedBluetoothDevice: 00000000-0000-0000-0000-000000000000
08-16 16:52:19.025 1830 2096 V CachedBluetoothDevice: 00000000-0000-0000-0000-000000000000
08-16 16:52:19.026 1830 2096 V CachedBluetoothDevice: 00000000-0000-0000-0000-000000000000
08-16 16:52:19.026 1830 2096 V CachedBluetoothDevice: 00000000-0000-0000-0000-000000000000
08-16 16:52:19.026 1830 2096 V CachedBluetoothDevice: 00000000-0000-0000-0000-000000000000
08-16 16:52:19.026 1830 2096 V CachedBluetoothDevice: 00000000-0000-0000-0000-000000000000
08-16 16:52:19.026 1830 2096 V CachedBluetoothDevice: 00000000-0000-0000-0000-000000000000
08-16 16:52:19.026 1830 2096 V CachedBluetoothDevice: 00000000-0000-0000-0000-000000000000
08-16 16:52:19.026 1830 2096 V CachedBluetoothDevice: 00000000-0000-0000-0000-000000000000
08-16 16:52:19.026 1830 2096 V CachedBluetoothDevice: 00000000-0000-0000-0000-000000000000
08-16 16:52:19.026 1830 2096 V CachedBluetoothDevice: 00000000-0000-0000-0000-000000000000
08-16 16:52:19.026 1830 2096 V CachedBluetoothDevice: 00000000-0000-0000-0000-000000000000
08-16 16:52:19.026 1830 2096 V CachedBluetoothDevice: 00000000-0000-0000-0000-000000000000
08-16 16:52:19.026 1830 2096 V CachedBluetoothDevice: 00000000-0000-0000-0000-000000000000
08-16 16:52:19.026 1830 2096 V CachedBluetoothDevice: 00000000-0000-0000-0000-000000000000
08-16 16:52:19.026 1830 2096 V CachedBluetoothDevice: 00000000-0000-0000-0000-000000000000
08-16 16:52:19.026 1830 2096 V CachedBluetoothDevice: 00000000-0000-0000-0000-000000000000
08-16 16:52:19.028 1830 2096 V CachedBluetoothDevice: 00000000-0000-0000-0000-000000000000
08-16 16:52:19.028 1830 2096 V CachedBluetoothDevice: 00000000-0000-0000-0000-000000000000
08-16 16:52:19.029 2373 2373 D NetworkSecurityConfig: No Network Security Config specified, using platform default
08-16 16:52:19.029 1830 2096 V CachedBluetoothDevice: 00000000-0000-0000-0000-000000000000
08-16 16:52:19.029 2373 2373 W nsconfig: com.android.phone: New config does not match the previously set config.
08-16 16:52:19.029 2373 2373 D ONSAutoboot: Received android.intent.action.LOCKED_BOOT_COMPLETED
08-16 16:52:19.031 1153 2442 D CompatibilityInfo: mCompatibilityFlags - 4
08-16 16:52:19.031 1153 2442 D CompatibilityInfo: applicationDensity - 240
08-16 16:52:19.031 1830 2096 D CachedBluetoothDevice: onUuidChanged: Time since last connect=62031
08-16 16:52:19.031 1153 2442 D CompatibilityInfo: applicationScale - 1.0
08-16 16:52:19.032 1153 1323 W SystemServiceManager: Service com.android.server.StorageManagerService$Lifecycle took 52 ms in onUnlockingUser-0
08-16 16:52:19.032 1153 1323 D SystemServerTimingAsync: ssm.onUnlockingUser-0_com.android.server.StorageManagerService$Lifecycle took to complete: 52ms
08-16 16:52:19.032 1153 1323 I SystemServerTimingAsync: ssm.onUnlockingUser-0_com.android.server.usage.StorageStatsService$Lifecycle
08-16 16:52:19.032 1153 1323 D SystemServerTimingAsync: ssm.onUnlockingUser-0_com.android.server.usage.StorageStatsService$Lifecycle took to complete: 0ms
08-16 16:52:19.032 1153 1323 I SystemServerTimingAsync: ssm.onUnlockingUser-0_com.android.server.UiModeManagerService
08-16 16:52:19.032 1153 1323 D SystemServerTimingAsync: ssm.onUnlockingUser-0_com.android.server.UiModeManagerService took to complete: 0ms
08-16 16:52:19.032 1153 1323 I SystemServerTimingAsync: ssm.onUnlockingUser-0_com.android.server.locksettings.LockSettingsService$Lifecycle
08-16 16:52:19.032 1153 1323 D SystemServerTimingAsync: ssm.onUnlockingUser-0_com.android.server.locksettings.LockSettingsService$Lifecycle took to complete: 0ms
08-16 16:52:19.033 1153 1323 I SystemServerTimingAsync: ssm.onUnlockingUser-0_com.android.server.PersistentDataBlockService
08-16 16:52:19.033 1153 1323 D SystemServerTimingAsync: ssm.onUnlockingUser-0_com.android.server.PersistentDataBlockService took to complete: 0ms
08-16 16:52:19.033 1153 1323 I SystemServerTimingAsync: ssm.onUnlockingUser-0_com.android.server.testharness.TestHarnessModeService
08-16 16:52:19.033 1153 1323 D SystemServerTimingAsync: ssm.onUnlockingUser-0_com.android.server.testharness.TestHarnessModeService took to complete: 0ms
08-16 16:52:19.033 1153 1323 I SystemServerTimingAsync: ssm.onUnlockingUser-0_com.android.server.oemlock.OemLockService
08-16 16:52:19.033 1153 1323 D SystemServerTimingAsync: ssm.onUnlockingUser-0_com.android.server.oemlock.OemLockService took to complete: 0ms
08-16 16:52:19.033 1153 1323 I SystemServerTimingAsync: ssm.onUnlockingUser-0_com.android.server.DeviceIdleController
08-16 16:52:19.033 1153 1323 D SystemServerTimingAsync: ssm.onUnlockingUser-0_com.android.server.DeviceIdleController took to complete: 0ms
08-16 16:52:19.033 1153 1323 I SystemServerTimingAsync: ssm.onUnlockingUser-0_com.android.server.devicepolicy.DevicePolicyManagerService$Lifecycle
08-16 16:52:19.034 1153 1323 D SystemServerTimingAsync: ssm.onUnlockingUser-0_com.android.server.devicepolicy.DevicePolicyManagerService$Lifecycle took to complete: 0ms
08-16 16:52:19.034 1153 1323 I SystemServerTimingAsync: ssm.onUnlockingUser-0_com.android.server.texttospeech.TextToSpeechManagerService
08-16 16:52:19.035 1153 1323 D SystemServerTimingAsync: ssm.onUnlockingUser-0_com.android.server.texttospeech.TextToSpeechManagerService took to complete: 0ms
08-16 16:52:19.035 1153 1323 I SystemServerTimingAsync: ssm.onUnlockingUser-0_com.android.server.speech.SpeechRecognitionManagerService
08-16 16:52:19.035 1153 1323 D SystemServerTimingAsync: ssm.onUnlockingUser-0_com.android.server.speech.SpeechRecognitionManagerService took to complete: 0ms
08-16 16:52:19.035 1153 1323 I SystemServerTimingAsync: ssm.onUnlockingUser-0_com.android.server.searchui.SearchUiManagerService
08-16 16:52:19.036 1153 1323 D SystemServerTimingAsync: ssm.onUnlockingUser-0_com.android.server.searchui.SearchUiManagerService took to complete: 0ms
08-16 16:52:19.036 1153 1323 I SystemServerTimingAsync: ssm.onUnlockingUser-0_com.android.server.smartspace.SmartspaceManagerService
08-16 16:52:19.036 1153 1323 D SystemServerTimingAsync: ssm.onUnlockingUser-0_com.android.server.smartspace.SmartspaceManagerService took to complete: 0ms
08-16 16:52:19.035 1153 1319 I service_manager_slow: [16,mount]
08-16 16:52:19.036 1153 1323 I SystemServerTimingAsync: ssm.onUnlockingUser-0_com.android.server.graphics.fonts.FontManagerService$Lifecycle
08-16 16:52:19.036 1153 1323 D SystemServerTimingAsync: ssm.onUnlockingUser-0_com.android.server.graphics.fonts.FontManagerService$Lifecycle took to complete: 0ms
08-16 16:52:19.036 1153 1323 I SystemServerTimingAsync: ssm.onUnlockingUser-0_com.android.server.textservices.TextServicesManagerService$Lifecycle
08-16 16:52:19.040 1153 1153 D WifiService: Country code changed to :
08-16 16:52:19.040 1153 1153 D WifiCountryCode: Set telephony country code to:
08-16 16:52:19.039 2373 2373 D DSM-C-1 : onServiceConnected
08-16 16:52:19.040 1153 1153 D WifiCountryCode: updateCountryCode to null
08-16 16:52:19.040 1153 1153 D WifiService: Country code changed to :
08-16 16:52:19.040 1153 1153 D WifiCountryCode: Set telephony country code to:
08-16 16:52:19.040 1153 1153 D WifiCountryCode: updateCountryCode to null
08-16 16:52:19.040 1153 2442 D CompatibilityChangeReporter: Compat change id reported: 168419799; UID 10132; state: DISABLED
08-16 16:52:19.041 1153 2442 D CompatibilityInfo: mCompatibilityFlags - 4
08-16 16:52:19.041 1153 2442 D CompatibilityInfo: applicationDensity - 240
08-16 16:52:19.041 1153 2442 D CompatibilityInfo: applicationScale - 1.0
08-16 16:52:19.041 682 749 I netd : interfaceClearAddrs(eth0) <26.01ms>
08-16 16:52:19.041 1153 1323 D SystemServerTimingAsync: ssm.onUnlockingUser-0_com.android.server.textservices.TextServicesManagerService$Lifecycle took to complete: 5ms
08-16 16:52:19.041 1153 1323 I SystemServerTimingAsync: ssm.onUnlockingUser-0_com.android.server.textclassifier.TextClassificationManagerService$Lifecycle
08-16 16:52:19.042 1153 1323 D SystemServerTimingAsync: ssm.onUnlockingUser-0_com.android.server.textclassifier.TextClassificationManagerService$Lifecycle took to complete: 0ms
08-16 16:52:19.042 1153 1323 I SystemServerTimingAsync: ssm.onUnlockingUser-0_com.android.server.NetworkScoreService$Lifecycle
08-16 16:52:19.042 1153 1323 D SystemServerTimingAsync: ssm.onUnlockingUser-0_com.android.server.NetworkScoreService$Lifecycle took to complete: 0ms
08-16 16:52:19.042 2020 2851 E IpClient.eth0: Failed to set accept_ra to 2
01-01 05:04:14.947 0 0 I init : processing action (sys.boot_completed=1) from (/vendor/etc/init/android.hardware.camera.provider@2.4-service_64.rc:8)
08-16 16:52:19.042 1153 1323 I SystemServerTimingAsync: ssm.onUnlockingUser-0_com.android.server.wifi.WifiService
08-16 16:52:19.042 1153 1323 D WifiService: Handle user unlock 0
08-16 16:52:19.044 2253 2253 I MStatsReceiver: prop ==
08-16 16:52:19.044 2253 2253 I MStatsReceiver: Received intent but prop is not set.
08-16 16:52:19.048 1153 2442 I am_uid_running: 10125
08-16 16:52:19.048 1153 1323 D SystemServerTimingAsync: ssm.onUnlockingUser-0_com.android.server.wifi.WifiService took to complete: 6ms
08-16 16:52:19.048 1153 1323 I SystemServerTimingAsync: ssm.onUnlockingUser-0_com.android.server.wifi.scanner.WifiScanningService
08-16 16:52:19.053 1153 1323 D SystemServerTimingAsync: ssm.onUnlockingUser-0_com.android.server.wifi.scanner.WifiScanningService took to complete: 0ms
08-16 16:52:19.053 1153 1323 I SystemServerTimingAsync: ssm.onUnlockingUser-0_com.android.server.wifi.rtt.RttService
08-16 16:52:19.053 1153 1323 D SystemServerTimingAsync: ssm.onUnlockingUser-0_com.android.server.wifi.rtt.RttService took to complete: 0ms
08-16 16:52:19.053 1153 1323 I SystemServerTimingAsync: ssm.onUnlockingUser-0_com.android.server.wifi.aware.WifiAwareService
08-16 16:52:19.057 1153 1323 D SystemServerTimingAsync: ssm.onUnlockingUser-0_com.android.server.wifi.aware.WifiAwareService took to complete: 0ms
08-16 16:52:19.057 1153 1323 I SystemServerTimingAsync: ssm.onUnlockingUser-0_com.android.server.wifi.p2p.WifiP2pService
08-16 16:52:19.057 1153 1323 D SystemServerTimingAsync: ssm.onUnlockingUser-0_com.android.server.wifi.p2p.WifiP2pService took to complete: 0ms
08-16 16:52:19.058 1153 1323 I SystemServerTimingAsync: ssm.onUnlockingUser-0_com.android.server.ethernet.EthernetService
08-16 16:52:19.058 1153 1323 D SystemServerTimingAsync: ssm.onUnlockingUser-0_com.android.server.ethernet.EthernetService took to complete: 0ms
08-16 16:52:19.058 1153 1323 I SystemServerTimingAsync: ssm.onUnlockingUser-0_com.android.server.ConnectivityServiceInitializer
08-16 16:52:19.058 1153 1323 D SystemServerTimingAsync: ssm.onUnlockingUser-0_com.android.server.ConnectivityServiceInitializer took to complete: 0ms
08-16 16:52:19.058 1153 1323 I SystemServerTimingAsync: ssm.onUnlockingUser-0_com.android.server.notification.NotificationManagerService
08-16 16:52:19.058 1153 1323 D SystemServerTimingAsync: ssm.onUnlockingUser-0_com.android.server.notification.NotificationManagerService took to complete: 1ms
08-16 16:52:19.058 1153 1323 I SystemServerTimingAsync: ssm.onUnlockingUser-0_com.android.server.storage.DeviceStorageMonitorService
08-16 16:52:19.059 1153 1153 I NotificationHistory: Attempted to unlock gone/disabled user 0
08-16 16:52:19.059 1153 1323 D SystemServerTimingAsync: ssm.onUnlockingUser-0_com.android.server.storage.DeviceStorageMonitorService took to complete: 0ms
08-16 16:52:19.059 1153 1323 I SystemServerTimingAsync: ssm.onUnlockingUser-0_com.android.server.location.LocationManagerService$Lifecycle
08-16 16:52:19.059 1153 1323 D SystemServerTimingAsync: ssm.onUnlockingUser-0_com.android.server.location.LocationManagerService$Lifecycle took to complete: 0ms
08-16 16:52:19.059 1153 1323 I SystemServerTimingAsync: ssm.onUnlockingUser-0_com.android.server.timedetector.TimeDetectorService$Lifecycle
08-16 16:52:19.059 1153 1323 D SystemServerTimingAsync: ssm.onUnlockingUser-0_com.android.server.timedetector.TimeDetectorService$Lifecycle took to complete: 0ms
08-16 16:52:19.059 1153 1323 I SystemServerTimingAsync: ssm.onUnlockingUser-0_com.android.server.timezonedetector.TimeZoneDetectorService$Lifecycle
08-16 16:52:19.059 1153 1323 D SystemServerTimingAsync: ssm.onUnlockingUser-0_com.android.server.timezonedetector.TimeZoneDetectorService$Lifecycle took to complete: 0ms
08-16 16:52:19.060 565 565 D vold : Waiting for sdcardfs to spin up...
08-16 16:52:19.060 1153 1323 I SystemServerTimingAsync: ssm.onUnlockingUser-0_com.android.server.timezonedetector.location.LocationTimeZoneManagerService$Lifecycle
08-16 16:52:19.060 1153 1323 D SystemServerTimingAsync: ssm.onUnlockingUser-0_com.android.server.timezonedetector.location.LocationTimeZoneManagerService$Lifecycle took to complete: 0ms
08-16 16:52:19.060 1153 1323 I SystemServerTimingAsync: ssm.onUnlockingUser-0_com.android.server.search.SearchManagerService$Lifecycle
08-16 16:52:19.060 1153 1323 D SystemServerTimingAsync: ssm.onUnlockingUser-0_com.android.server.search.SearchManagerService$Lifecycle took to complete: 0ms
08-16 16:52:19.060 1153 1323 I SystemServerTimingAsync: ssm.onUnlockingUser-0_com.android.server.wallpaper.WallpaperManagerService$Lifecycle
08-16 16:52:19.060 1153 1323 I WallpaperManagerService: on-unlock-user-0
08-16 16:52:19.060 1153 1323 D WallpaperManagerService: on-unlock-user-0 took to complete: 1ms
08-16 16:52:19.060 1153 1323 D SystemServerTimingAsync: ssm.onUnlockingUser-0_com.android.server.wallpaper.WallpaperManagerService$Lifecycle took to complete: 1ms
08-16 16:52:19.060 1153 1323 I SystemServerTimingAsync: ssm.onUnlockingUser-0_com.android.server.audio.AudioService$Lifecycle
08-16 16:52:19.060 1153 1323 D SystemServerTimingAsync: ssm.onUnlockingUser-0_com.android.server.audio.AudioService$Lifecycle took to complete: 0ms
08-16 16:52:19.061 1153 1323 I SystemServerTimingAsync: ssm.onUnlockingUser-0_com.android.server.soundtrigger_middleware.SoundTriggerMiddlewareService$Lifecycle
08-16 16:52:19.061 1816 2848 D BluetoothHidHostService: getConnectionState: 00:1F:20:D5:AB:67
01-01 05:04:14.959 0 0 I init : processing action (sys.boot_completed=1) from (/vendor/etc/init/init_thermal-engine.rc:19)
01-01 05:04:14.961 0 0 I : thermal-engine (1337) used greatest stack depth: 9912 bytes left
08-16 16:52:19.061 1153 1323 D SystemServerTimingAsync: ssm.onUnlockingUser-0_com.android.server.soundtrigger_middleware.SoundTriggerMiddlewareService$Lifecycle took to complete: 0ms
08-16 16:52:19.063 947 2563 I WifiHAL : event received NL80211_CMD_VENDOR, vendor_id = 0x1374, subcmd = 0xa
08-16 16:52:19.063 1153 1323 I SystemServerTimingAsync: ssm.onUnlockingUser-0_com.android.server.DockObserver
08-16 16:52:19.063 1153 1323 D SystemServerTimingAsync: ssm.onUnlockingUser-0_com.android.server.DockObserver took to complete: 0ms
08-16 16:52:19.063 1153 1323 I SystemServerTimingAsync: ssm.onUnlockingUser-0_com.android.server.midi.MidiService$Lifecycle
08-16 16:52:19.070 1458 2658 D LOWI-9.0.0.87.a: [LOWI-Scan] wait_event:Wait done with Cmd 103
08-16 16:52:19.070 1458 2658 D LOWI-9.0.0.87.a: [LOWI-Scan] do_listen_events: Rcvd valid Netlink Cmd 0 Err 0
08-16 16:52:19.070 1402 1402 I cnss-daemon: nl80211 response handler invoked
08-16 16:52:19.070 1402 1402 I cnss-daemon: nl80211_response_handler: cmd 103, vendorID 4980, subcmd 10 received
08-16 16:52:19.072 2373 2850 D CellularDataService: Cellular data service created for slot 1
08-16 16:52:19.072 1153 1738 D WakeupConfigStoreData: WifiWake user data has been read
08-16 16:52:19.072 2373 2373 D QtiDCT-C: [0]EVENT_QTI_SUBSCRIPTION_CHANGED
08-16 16:52:19.072 2373 2373 D QtiDCT-C: [1]EVENT_QTI_SUBSCRIPTION_CHANGED
08-16 16:52:19.072 2373 2373 D PhoneSwitcher: handle event - 102
08-16 16:52:19.073 2373 2373 D PhoneSwitcher: subscription info isn't initialized yet
08-16 16:52:19.073 2373 2373 D DSM-C-0 : onServiceConnected
08-16 16:52:19.074 1816 2628 D BluetoothHidHostService: getConnectionState: 00:1F:20:D5:AB:67
08-16 16:52:19.075 1816 2848 E HeadsetStateMachine: returning mCurrentState as Connecting
08-16 16:52:19.076 1153 2442 D CompatibilityChangeReporter: Compat change id reported: 135634846; UID 10125; state: DISABLED
08-16 16:52:19.077 2373 2373 D SST : [0] SST.requestAllCellInfo(): not implemented
08-16 16:52:19.077 2373 2373 D SST : [1] SST.requestAllCellInfo(): not implemented
08-16 16:52:19.077 2373 2850 D CellularDataService: Cellular data service created for slot 0
08-16 16:52:19.077 2373 2373 D TelephonyNetworkFactory[0]: onNeedNetworkFor NetworkRequest [ REQUEST id=7, [ Capabilities: INTERNET&NOT_RESTRICTED&TRUSTED&NOT_VCN_MANAGED Uid: 1000 RequestorUid: 1000 RequestorPkg: android] ] shouldApply false
08-16 16:52:19.077 2373 2373 D TelephonyNetworkFactory[0]: onNeedNetworkFor NetworkRequest [ REQUEST id=17, [ Capabilities: INTERNET&NOT_RESTRICTED&TRUSTED&NOT_VCN_MANAGED Uid: 1073 RequestorUid: 1073 RequestorPkg: com.android.networkstack] ] shouldApply false
08-16 16:52:19.077 2373 2373 D TelephonyNetworkFactory[0]: onNeedNetworkFor NetworkRequest [ REQUEST id=1, [ Capabilities: INTERNET&NOT_RESTRICTED&TRUSTED&NOT_VPN&NOT_VCN_MANAGED RequestorUid: 1000 RequestorPkg: android] ] shouldApply false
08-16 16:52:19.077 2373 2373 D TelephonyNetworkFactory[0]: onNeedNetworkFor NetworkRequest [ BACKGROUND_REQUEST id=2, [ Transports: CELLULAR Capabilities: INTERNET&NOT_RESTRICTED&TRUSTED&NOT_VPN&NOT_VCN_MANAGED RequestorUid: 1000 RequestorPkg: android] ] shouldApply false
08-16 16:52:19.077 2373 2373 D TelephonyNetworkFactory[0]: onNeedNetworkFor NetworkRequest [ REQUEST id=15, [ Capabilities: INTERNET&NOT_RESTRICTED&TRUSTED&NOT_VCN_MANAGED Uid: 1000 RequestorUid: 1000 RequestorPkg: android] ] shouldApply false
08-16 16:52:19.077 2373 2373 D TelephonyNetworkFactory[0]: onNeedNetworkFor NetworkRequest [ REQUEST id=22, [ Capabilities: INTERNET&NOT_RESTRICTED&TRUSTED&NOT_VCN_MANAGED Uid: 10124 RequestorUid: 10124 RequestorPkg: com.android.systemui] ] shouldApply false
08-16 16:52:19.078 2373 2373 D TelephonyNetworkFactory[0]: onNeedNetworkFor NetworkRequest [ REQUEST id=24, [ Capabilities: INTERNET&NOT_RESTRICTED&TRUSTED&NOT_VCN_MANAGED Uid: 10124 RequestorUid: 10124 RequestorPkg: com.android.systemui] ] shouldApply false
08-16 16:52:19.078 2373 2373 D TelephonyNetworkFactory[0]: onNeedNetworkFor NetworkRequest [ REQUEST id=28, [ Capabilities: INTERNET&NOT_RESTRICTED&TRUSTED&NOT_VCN_MANAGED Uid: 1001 RequestorUid: 1001 RequestorPkg: com.android.phone] ] shouldApply false
08-16 16:52:19.078 2373 2373 D TelephonyNetworkFactory[0]: onNeedNetworkFor NetworkRequest [ REQUEST id=31, [ Capabilities: INTERNET&NOT_RESTRICTED&TRUSTED&NOT_VCN_MANAGED Uid: 1001 RequestorUid: 1001 RequestorPkg: com.android.phone] ] shouldApply false
08-16 16:52:19.078 2373 2373 D TelephonyNetworkFactory[1]: onNeedNetworkFor NetworkRequest [ REQUEST id=7, [ Capabilities: INTERNET&NOT_RESTRICTED&TRUSTED&NOT_VCN_MANAGED Uid: 1000 RequestorUid: 1000 RequestorPkg: android] ] shouldApply false
08-16 16:52:19.077 1153 2442 D CompatibilityChangeReporter: Compat change id reported: 177438394; UID 10125; state: DISABLED
08-16 16:52:19.078 2373 2373 D TelephonyNetworkFactory[1]: onNeedNetworkFor NetworkRequest [ REQUEST id=17, [ Capabilities: INTERNET&NOT_RESTRICTED&TRUSTED&NOT_VCN_MANAGED Uid: 1073 RequestorUid: 1073 RequestorPkg: com.android.networkstack] ] shouldApply false
08-16 16:52:19.078 1153 2442 D CompatibilityChangeReporter: Compat change id reported: 135772972; UID 10125; state: DISABLED
08-16 16:52:19.078 2373 2373 D TelephonyNetworkFactory[1]: onNeedNetworkFor NetworkRequest [ REQUEST id=1, [ Capabilities: INTERNET&NOT_RESTRICTED&TRUSTED&NOT_VPN&NOT_VCN_MANAGED RequestorUid: 1000 RequestorPkg: android] ] shouldApply false
08-16 16:52:19.078 1153 2442 D CompatibilityChangeReporter: Compat change id reported: 135754954; UID 10125; state: ENABLED
08-16 16:52:19.078 2373 2373 D TelephonyNetworkFactory[1]: onNeedNetworkFor NetworkRequest [ BACKGROUND_REQUEST id=2, [ Transports: CELLULAR Capabilities: INTERNET&NOT_RESTRICTED&TRUSTED&NOT_VPN&NOT_VCN_MANAGED RequestorUid: 1000 RequestorPkg: android] ] shouldApply false
08-16 16:52:19.078 2373 2373 D TelephonyNetworkFactory[1]: onNeedNetworkFor NetworkRequest [ REQUEST id=15, [ Capabilities: INTERNET&NOT_RESTRICTED&TRUSTED&NOT_VCN_MANAGED Uid: 1000 RequestorUid: 1000 RequestorPkg: android] ] shouldApply false
08-16 16:52:19.079 1153 1324 D CompatibilityChangeReporter: Compat change id reported: 143937733; UID 10125; state: ENABLED
08-16 16:52:19.079 2373 2373 D TelephonyNetworkFactory[1]: onNeedNetworkFor NetworkRequest [ REQUEST id=22, [ Capabilities: INTERNET&NOT_RESTRICTED&TRUSTED&NOT_VCN_MANAGED Uid: 10124 RequestorUid: 10124 RequestorPkg: com.android.systemui] ] shouldApply false
08-16 16:52:19.079 2373 2373 D TelephonyNetworkFactory[1]: onNeedNetworkFor NetworkRequest [ REQUEST id=24, [ Capabilities: INTERNET&NOT_RESTRICTED&TRUSTED&NOT_VCN_MANAGED Uid: 10124 RequestorUid: 10124 RequestorPkg: com.android.systemui] ] shouldApply false
08-16 16:52:19.079 2373 2373 D TelephonyNetworkFactory[1]: onNeedNetworkFor NetworkRequest [ REQUEST id=28, [ Capabilities: INTERNET&NOT_RESTRICTED&TRUSTED&NOT_VCN_MANAGED Uid: 1001 RequestorUid: 1001 RequestorPkg: com.android.phone] ] shouldApply false
08-16 16:52:19.079 2373 2373 D TelephonyNetworkFactory[1]: onNeedNetworkFor NetworkRequest [ REQUEST id=31, [ Capabilities: INTERNET&NOT_RESTRICTED&TRUSTED&NOT_VCN_MANAGED Uid: 1001 RequestorUid: 1001 RequestorPkg: com.android.phone] ] shouldApply false
08-16 16:52:19.079 2373 2373 D TelephonyNetworkFactory[0]: onNeedNetworkFor NetworkRequest [ REQUEST id=33, [ Capabilities: INTERNET&NOT_RESTRICTED&TRUSTED&NOT_VCN_MANAGED Uid: 1002 RequestorUid: 1002 RequestorPkg: com.android.bluetooth] ] shouldApply false
08-16 16:52:19.079 1293 1293 I wificond: Regulatory domain changed to country: CN on wiphy_index: 0
08-16 16:52:19.079 2373 2373 D TelephonyNetworkFactory[1]: onNeedNetworkFor NetworkRequest [ REQUEST id=33, [ Capabilities: INTERNET&NOT_RESTRICTED&TRUSTED&NOT_VCN_MANAGED Uid: 1002 RequestorUid: 1002 RequestorPkg: com.android.bluetooth] ] shouldApply false
08-16 16:52:19.080 2373 2373 D SST : [1] handleMessage: received event 2
08-16 16:52:19.080 2373 2373 D SST : [1] pollState: modemTriggered=true
08-16 16:52:19.080 2373 2373 D NewNitzStateMachineImpl: handleNetworkUnavailable(): mLatestNitzSignal was already null. Nothing to do.
08-16 16:52:19.080 2373 2373 D SST : [1] Could not set ServiceState channel number. CellIdentity null
08-16 16:52:19.080 2373 2373 D SST : [1] Poll ServiceState done: oldSS=[{mVoiceRegState=1(OUT_OF_SERVICE), mDataRegState=1(OUT_OF_SERVICE), mChannelNumber=-1, duplexMode()=0, mCellBandwidths=[], mOperatorAlphaLong=null, mOperatorAlphaShort=null, isManualNetworkSelection=false(automatic), getRilVoiceRadioTechnology=0(Unknown), getRilDataRadioTechnology=0(Unknown), mCssIndicator=unsupported, mNetworkId=-1, mSystemId=-1, mCdmaRoamingIndicator=-1, mCdmaDefaultRoamingIndicator=-1, mIsEmergencyOnly=false, isUsingCarrierAggregation=false, mArfcnRsrpBoost=0, mNetworkRegistrationInfos=[NetworkRegistrationInfo{ domain=CS transportType=WWAN registrationState=UNKNOWN roamingType=NOT_ROAMING accessNetworkTechnology=UNKNOWN rejectCause=0 emergencyEnabled=false availableServices=[] cellIdentity=null voiceSpecificInfo=null dataSpecificInfo=null nrState=NONE rRplmn= isUsingCarrierAggregation=false}, NetworkRegistrationInfo{ domain=PS transportType=WWAN registrationState=UNKNOWN roamingType=NOT_ROAMING accessNetworkTechnology=UNKNOWN rejectCause=0 emergencyEnabled=false availableServices=[] cellIdentity=null voiceSpecificInfo=null dataSpecificInfo=null nrState=NONE rRplmn= isUsingCarrierAggregation=false}], mNrFrequencyRange=0, mOperatorAlphaLongRaw=null, mOperatorAlphaShortRaw=null, mIsDataRoamingFromRegistration=false, mIsIwlanPreferred=false}] newSS=[{mVoiceRegState=1(OUT_OF_SERVICE), mDataRegState=1(OUT_OF_SERVICE), mChannelNumber=-1, duplexMode()=0, mCellBandwidths=[], mOperatorAlphaLong=null, mOperatorAlphaShort=null, isManualNetworkSelection=false(automatic), getRilVoiceRadioTechnology=0(Unknown), getRilDataRadioTechnology=0(Unknown), mCssIndicator=unsupported, mNetworkId=-1, mSystemId=-1, mCdmaRoamingIndicator=-1, mCdmaDefaultRoamingIndicator=-1, mIsEmergencyOnly=false, isUsingCarrierAggregation=false, mArfcnRsrpBoost=0, mNetworkRegistrationInfos=[NetworkRegistrationInfo{ domain=CS transportType=WWAN registrationState=UNKNOWN roamingType=NOT_ROAMING accessNetworkTechnology=UNKNOWN rejectCause=0 emergencyEnabled=false availableServices=[] cellIdentity=null voiceSpecificInfo=null dataSpecificInfo=null nrState=NONE rRplmn= isUsingCarrierAggregation=false}, NetworkRegistrationInfo{ domain=PS transportType=WWAN registrationState=UNKNOWN roamingType=NOT_ROAMING accessNetworkTechnology=UNKNOWN rejectCause=0 emergencyEnabled=false availableServices=[] cellIdentity=null voiceSpecificInfo=null dataSpecificInfo=null nrState=NONE rRplmn= isUsingCarrierAggregation=false}], mNrFrequencyRange=0, mOperatorAlphaLongRaw=null, mOperatorAlphaShortRaw=null, mIsDataRoamingFromRegistration=false, mIsIwlanPreferred=false}] oldMaxDataCalls=1 mNewMaxDataCalls=1 oldReasonDataDenied=-1 mNewReasonDataDenied=-1
08-16 16:52:19.080 2373 2373 D SST : [1] pollStateDone: hasRegistered = false hasDeregistered = false hasDataAttached = {1=false} hasDataDetached = {1=false} hasDataRegStateChanged = {1=false} hasRilVoiceRadioTechnologyChanged = false hasRilDataRadioTechnologyChanged = {1=false} hasDataTransportPreferenceChanged = false hasChanged = false hasVoiceRoamingOn = false hasVoiceRoamingOff = false hasDataRoamingOn =false hasDataRoamingOff = false hasLocationChanged = false has4gHandoff = false hasMultiApnSupport = false hasLostMultiApnSupport = false hasCssIndicatorChanged = false hasNrFrequencyRangeChanged = false hasNrStateChanged = false hasAirplaneModeOnlChanged = false
08-16 16:52:19.080 2373 2373 D SST : [0] handleMessage: received event 2
08-16 16:52:19.081 2373 2373 D SST : [0] pollState: modemTriggered=true
08-16 16:52:19.081 2373 2373 D NewNitzStateMachineImpl: handleNetworkUnavailable(): mLatestNitzSignal was already null. Nothing to do.
08-16 16:52:19.081 2373 2373 D SST : [0] Could not set ServiceState channel number. CellIdentity null
08-16 16:52:19.081 1153 1323 D SystemServerTimingAsync: ssm.onUnlockingUser-0_com.android.server.midi.MidiService$Lifecycle took to complete: 17ms
08-16 16:52:19.081 2373 2373 D SST : [0] Poll ServiceState done: oldSS=[{mVoiceRegState=1(OUT_OF_SERVICE), mDataRegState=1(OUT_OF_SERVICE), mChannelNumber=-1, duplexMode()=0, mCellBandwidths=[], mOperatorAlphaLong=null, mOperatorAlphaShort=null, isManualNetworkSelection=false(automatic), getRilVoiceRadioTechnology=0(Unknown), getRilDataRadioTechnology=0(Unknown), mCssIndicator=unsupported, mNetworkId=-1, mSystemId=-1, mCdmaRoamingIndicator=-1, mCdmaDefaultRoamingIndicator=-1, mIsEmergencyOnly=false, isUsingCarrierAggregation=false, mArfcnRsrpBoost=0, mNetworkRegistrationInfos=[NetworkRegistrationInfo{ domain=CS transportType=WWAN registrationState=UNKNOWN roamingType=NOT_ROAMING accessNetworkTechnology=UNKNOWN rejectCause=0 emergencyEnabled=false availableServices=[] cellIdentity=null voiceSpecificInfo=null dataSpecificInfo=null nrState=NONE rRplmn= isUsingCarrierAggregation=false}, NetworkRegistrationInfo{ domain=PS transportType=WWAN registrationState=UNKNOWN roamingType=NOT_ROAMING accessNetworkTechnology=UNKNOWN rejectCause=0 emergencyEnabled=false availableServices=[] cellIdentity=null voiceSpecificInfo=null dataSpecificInfo=null nrState=NONE rRplmn= isUsingCarrierAggregation=false}], mNrFrequencyRange=0, mOperatorAlphaLongRaw=null, mOperatorAlphaShortRaw=null, mIsDataRoamingFromRegistration=false, mIsIwlanPreferred=false}] newSS=[{mVoiceRegState=1(OUT_OF_SERVICE), mDataRegState=1(OUT_OF_SERVICE), mChannelNumber=-1, duplexMode()=0, mCellBandwidths=[], mOperatorAlphaLong=null, mOperatorAlphaShort=null, isManualNetworkSelection=false(automatic), getRilVoiceRadioTechnology=0(Unknown), getRilDataRadioTechnology=0(Unknown), mCssIndicator=unsupported, mNetworkId=-1, mSystemId=-1, mCdmaRoamingIndicator=-1, mCdmaDefaultRoamingIndicator=-1, mIsEmergencyOnly=false, isUsingCarrierAggregation=false, mArfcnRsrpBoost=0, mNetworkRegistrationInfos=[NetworkRegistrationInfo{ domain=CS transportType=WWAN registrationState=UNKNOWN roamingType=NOT_ROAMING accessNetworkTechnology=UNKNOWN rejectCause=0 emergencyEnabled=false availableServices=[] cellIdentity=null voiceSpecificInfo=null dataSpecificInfo=null nrState=NONE rRplmn= isUsingCarrierAggregation=false}, NetworkRegistrationInfo{ domain=PS transportType=WWAN registrationState=UNKNOWN roamingType=NOT_ROAMING accessNetworkTechnology=UNKNOWN rejectCause=0 emergencyEnabled=false availableServices=[] cellIdentity=null voiceSpecificInfo=null dataSpecificInfo=null nrState=NONE rRplmn= isUsingCarrierAggregation=false}], mNrFrequencyRange=0, mOperatorAlphaLongRaw=null, mOperatorAlphaShortRaw=null, mIsDataRoamingFromRegistration=false, mIsIwlanPreferred=false}] oldMaxDataCalls=1 mNewMaxDataCalls=1 oldReasonDataDenied=-1 mNewReasonDataDenied=-1
08-16 16:52:19.081 1153 1323 I SystemServerTimingAsync: ssm.onUnlockingUser-0_com.android.server.adb.AdbService$Lifecycle
08-16 16:52:19.081 1153 1323 D SystemServerTimingAsync: ssm.onUnlockingUser-0_com.android.server.adb.AdbService$Lifecycle took to complete: 0ms
08-16 16:52:19.081 1153 1323 I SystemServerTimingAsync: ssm.onUnlockingUser-0_com.android.server.usb.UsbService$Lifecycle
08-16 16:52:19.081 2373 2373 D SST : [0] pollStateDone: hasRegistered = false hasDeregistered = false hasDataAttached = {1=false} hasDataDetached = {1=false} hasDataRegStateChanged = {1=false} hasRilVoiceRadioTechnologyChanged = false hasRilDataRadioTechnologyChanged = {1=false} hasDataTransportPreferenceChanged = false hasChanged = false hasVoiceRoamingOn = false hasVoiceRoamingOff = false hasDataRoamingOn =false hasDataRoamingOff = false hasLocationChanged = false has4gHandoff = false hasMultiApnSupport = false hasLostMultiApnSupport = false hasCssIndicatorChanged = false hasNrFrequencyRangeChanged = false hasNrStateChanged = false hasAirplaneModeOnlChanged = false
08-16 16:52:19.081 2373 2373 D QtiDCT-C: [0]EVENT_GET_ENHANCED_RADIO_CAPABILITY_RETRY
08-16 16:52:19.081 1153 1323 D SystemServerTimingAsync: ssm.onUnlockingUser-0_com.android.server.usb.UsbService$Lifecycle took to complete: 0ms
08-16 16:52:19.081 2373 2373 D QTIRILJ : getEnhancedRadioCapability, response={ when=-1m2s82ms what=270394 target=com.qualcomm.qti.internal.telephony.dataconnection.QtiDcTracker }
08-16 16:52:19.081 1153 1323 I SystemServerTimingAsync: ssm.onUnlockingUser-0_com.android.server.twilight.TwilightService
08-16 16:52:19.082 1153 1323 D SystemServerTimingAsync: ssm.onUnlockingUser-0_com.android.server.twilight.TwilightService took to complete: 0ms
08-16 16:52:19.082 2373 2373 D QtiPhoneUtils: getQtiRadioCapability, response={ when=-1m2s82ms what=270394 target=com.qualcomm.qti.internal.telephony.dataconnection.QtiDcTracker }
08-16 16:52:19.082 1153 1323 I SystemServerTimingAsync: ssm.onUnlockingUser-0_com.android.server.display.color.ColorDisplayService
08-16 16:52:19.082 1153 1323 D SystemServerTimingAsync: ssm.onUnlockingUser-0_com.android.server.display.color.ColorDisplayService took to complete: 0ms
08-16 16:52:19.082 1153 1323 I SystemServerTimingAsync: ssm.onUnlockingUser-0_com.android.server.job.JobSchedulerService
08-16 16:52:19.082 1153 1323 D SystemServerTimingAsync: ssm.onUnlockingUser-0_com.android.server.job.JobSchedulerService took to complete: 0ms
08-16 16:52:19.082 1153 1323 I SystemServerTimingAsync: ssm.onUnlockingUser-0_com.android.server.soundtrigger.SoundTriggerService
08-16 16:52:19.082 1153 1323 D SystemServerTimingAsync: ssm.onUnlockingUser-0_com.android.server.soundtrigger.SoundTriggerService took to complete: 0ms
08-16 16:52:19.082 1153 1323 I SystemServerTimingAsync: ssm.onUnlockingUser-0_com.android.server.trust.TrustManagerService
08-16 16:52:19.082 2019 2061 D ExtTelephonyService: enforceReadPrivilegedPermission for getQtiRadioCapability
08-16 16:52:19.082 1153 1323 D SystemServerTimingAsync: ssm.onUnlockingUser-0_com.android.server.trust.TrustManagerService took to complete: 1ms
08-16 16:52:19.082 2019 2061 D ExtTelephonyService: getQtiRadioCapability slot=0
08-16 16:52:19.082 1153 1323 I SystemServerTimingAsync: ssm.onUnlockingUser-0_com.android.server.backup.BackupManagerService$Lifecycle
08-16 16:52:19.082 2019 2061 D QtiRadioProxy: getQtiRadioCapability: slotId = 0
08-16 16:52:19.083 2019 2061 E JavaBinder: *** Uncaught remote exception! (Exceptions are not yet supported across processes.)
08-16 16:52:19.083 2019 2061 E JavaBinder: java.lang.RuntimeException: android.os.RemoteException: Radio is not supported
08-16 16:52:19.083 2019 2061 E JavaBinder: at android.os.Parcel.writeException(Parcel.java:2210)
08-16 16:52:19.083 2019 2061 E JavaBinder: at android.os.Binder.execTransactInternal(Binder.java:1203)
08-16 16:52:19.083 2019 2061 E JavaBinder: at android.os.Binder.execTransact(Binder.java:1143)
08-16 16:52:19.083 2019 2061 E JavaBinder: Caused by: android.os.RemoteException: Radio is not supported
08-16 16:52:19.083 2019 2061 E JavaBinder: at com.qti.phone.QtiRadioNotSupportedHal.fail(QtiRadioNotSupportedHal.java:28)
08-16 16:52:19.083 2019 2061 E JavaBinder: at com.qti.phone.QtiRadioNotSupportedHal.getQtiRadioCapability(QtiRadioNotSupportedHal.java:133)
08-16 16:52:19.083 2019 2061 E JavaBinder: at com.qti.phone.QtiRadioProxy.getQtiRadioCapability(QtiRadioProxy.java:776)
08-16 16:52:19.083 2019 2061 E JavaBinder: at com.qti.phone.ExtTelephonyServiceImpl.getQtiRadioCapability(ExtTelephonyServiceImpl.java:336)
08-16 16:52:19.083 2019 2061 E JavaBinder: at com.qti.phone.ExtTelephonyService$1.getQtiRadioCapability(ExtTelephonyService.java:228)
08-16 16:52:19.083 2019 2061 E JavaBinder: at com.qti.extphone.IExtPhone$Stub.onTransact(IExtPhone.java:774)
08-16 16:52:19.083 2019 2061 E JavaBinder: at android.os.Binder.execTransactInternal(Binder.java:1179)
08-16 16:52:19.083 2019 2061 E JavaBinder: ... 1 more
08-16 16:52:19.084 1816 2628 D BluetoothPbapService: getConnectionState: 00:58:76:20:46:3D
08-16 16:52:19.085 1153 1323 D SystemServerTimingAsync: ssm.onUnlockingUser-0_com.android.server.backup.BackupManagerService$Lifecycle took to complete: 2ms
08-16 16:52:19.085 1153 1323 I SystemServerTimingAsync: ssm.onUnlockingUser-0_com.android.server.appwidget.AppWidgetService
08-16 16:52:19.085 1153 1323 D SystemServerTimingAsync: ssm.onUnlockingUser-0_com.android.server.appwidget.AppWidgetService took to complete: 0ms
08-16 16:52:19.085 1153 1323 I SystemServerTimingAsync: ssm.onUnlockingUser-0_com.android.server.voiceinteraction.VoiceInteractionManagerService
08-16 16:52:19.085 1153 1323 W VoiceInteractionManager: no available voice recognition services found for user 0
08-16 16:52:19.086 1816 2596 W bt_l2cap: L2CAP - LCID: 0x0040 st: W4_L2CAP_CON_RSP evt: L2CEVT_L2CAP_INFO_RSP
08-16 16:52:19.088 2373 2373 D QTIRILJ : getEnhancedRadioCapability, exception
08-16 16:52:19.088 1153 1738 D WifiConfigStore: Reading from user stores completed in 39 ms.
08-16 16:52:19.088 2373 2373 W System.err: java.lang.NullPointerException: Attempt to invoke virtual method 'int com.qti.extphone.Token.get()' on a null object reference
08-16 16:52:19.089 2373 2373 W System.err: at com.qualcomm.qti.internal.telephony.QtiPhoneUtils.getQtiRadioCapability(QtiPhoneUtils.java:180)
08-16 16:52:19.089 2373 2373 W System.err: at com.qualcomm.qti.internal.telephony.QtiRIL.getEnhancedRadioCapability(QtiRIL.java:410)
08-16 16:52:19.089 2373 2373 W System.err: at com.qualcomm.qti.internal.telephony.dataconnection.QtiDcTracker.handleMessage(QtiDcTracker.java:332)
08-16 16:52:19.090 2373 2373 W System.err: at android.os.Handler.dispatchMessage(Handler.java:106)
08-16 16:52:19.090 2373 2373 W System.err: at android.os.Looper.loopOnce(Looper.java:201)
08-16 16:52:19.090 2373 2373 W System.err: at android.os.Looper.loop(Looper.java:288)
08-16 16:52:19.090 2373 2373 W System.err: at android.app.ActivityThread.main(ActivityThread.java:7880)
08-16 16:52:19.090 2373 2373 W System.err: at java.lang.reflect.Method.invoke(Native Method)
08-16 16:52:19.090 2373 2373 W System.err: at com.android.internal.os.RuntimeInit$MethodAndArgsCaller.run(RuntimeInit.java:548)
08-16 16:52:19.090 2373 2373 W System.err: at com.android.internal.os.ZygoteInit.main(ZygoteInit.java:1009)
08-16 16:52:19.090 2373 2373 D QTIRILJ : getEnhancedRadioCapability request failed
08-16 16:52:19.092 1153 1342 E KernelCpuSpeedReader: Failed to read cpu-freq: /sys/devices/system/cpu/cpu4/cpufreq/stats/time_in_state: open failed: ENOENT (No such file or directory)
08-16 16:52:19.092 1153 1342 E KernelCpuSpeedReader: Failed to read cpu-freq: /sys/devices/system/cpu/cpu0/cpufreq/stats/time_in_state: open failed: ENOENT (No such file or directory)
08-16 16:52:19.093 1153 1342 W BatteryStatsImpl: Attempted to remove untracked isolated uid (1037)
08-16 16:52:19.094 1153 1178 D WifiNl80211Manager: OnRegDomainChanged CN
08-16 16:52:19.094 2584 2584 I wpa_supplicant: wlan0: CTRL-EVENT-AVOID-FREQ ranges=
08-16 16:52:19.094 1153 1178 D WifiNative: onCountryCodeChanged: CN
08-16 16:52:19.094 1153 1178 I WifiCountryCode: Receive onDriverCountryCodeChanged CN
08-16 16:52:19.094 1293 1293 I wificond: 2.4Ghz frequencies: 2412 2417 2422 2427 2432 2437 2442 2447 2452 2457 2462 2467 2472
08-16 16:52:19.094 1293 1293 I wificond: 5Ghz non-DFS frequencies: 5180 5200 5220 5240 5745 5765 5785 5805 5825
08-16 16:52:19.094 1293 1293 I wificond: 5Ghz DFS frequencies: 5260 5280 5300 5320
08-16 16:52:19.094 1293 1293 I wificond: 6Ghz frequencies:
08-16 16:52:19.094 1293 1293 I wificond: 60Ghz frequencies:
08-16 16:52:19.095 2584 2584 I wpa_supplicant: wlan0: CTRL-EVENT-REGDOM-CHANGE init=DRIVER type=COUNTRY alpha2=CN
08-16 16:52:19.096 2373 2373 D ONSNetworkScanCtlr: init called
08-16 16:52:19.098 1816 2848 E HeadsetStateMachine: returning mCurrentState as Connecting
08-16 16:52:19.098 1153 1323 D SystemServerTimingAsync: ssm.onUnlockingUser-0_com.android.server.voiceinteraction.VoiceInteractionManagerService took to complete: 13ms
08-16 16:52:19.098 1153 1323 I SystemServerTimingAsync: ssm.onUnlockingUser-0_com.android.server.apphibernation.AppHibernationService
08-16 16:52:19.099 1153 1323 D SystemServerTimingAsync: ssm.onUnlockingUser-0_com.android.server.apphibernation.AppHibernationService took to complete: 0ms
08-16 16:52:19.099 1153 1323 I SystemServerTimingAsync: ssm.onUnlockingUser-0_com.android.server.GestureLauncherService
08-16 16:52:19.099 1153 1738 D WifiConfigStore: Writing to stores completed in 8 ms.
08-16 16:52:19.099 1153 2661 I HibernationStateDiskStore: No hibernation file on disk for file /data/system_ce/0/hibernation/states
08-16 16:52:19.100 1153 1323 D SystemServerTimingAsync: ssm.onUnlockingUser-0_com.android.server.GestureLauncherService took to complete: 1ms
08-16 16:52:19.100 1153 1323 I SystemServerTimingAsync: ssm.onUnlockingUser-0_com.android.server.SensorNotificationService
08-16 16:52:19.100 1153 1323 D SystemServerTimingAsync: ssm.onUnlockingUser-0_com.android.server.SensorNotificationService took to complete: 0ms
08-16 16:52:19.100 1153 1323 I SystemServerTimingAsync: ssm.onUnlockingUser-0_com.android.server.emergency.EmergencyAffordanceService
08-16 16:52:19.100 1153 1323 D SystemServerTimingAsync: ssm.onUnlockingUser-0_com.android.server.emergency.EmergencyAffordanceService took to complete: 0ms
08-16 16:52:19.100 1153 1323 I SystemServerTimingAsync: ssm.onUnlockingUser-0_com.android.server.blob.BlobStoreManagerService
08-16 16:52:19.100 1153 1323 D SystemServerTimingAsync: ssm.onUnlockingUser-0_com.android.server.blob.BlobStoreManagerService took to complete: 0ms
08-16 16:52:19.100 1153 1323 I SystemServerTimingAsync: ssm.onUnlockingUser-0_com.android.server.dreams.DreamManagerService
08-16 16:52:19.100 1153 1323 D SystemServerTimingAsync: ssm.onUnlockingUser-0_com.android.server.dreams.DreamManagerService took to complete: 0ms
08-16 16:52:19.100 1153 1323 I SystemServerTimingAsync: ssm.onUnlockingUser-0_com.android.server.print.PrintManagerService
08-16 16:52:19.100 1816 2848 D BluetoothPbapService: getConnectionState: 00:58:76:20:46:3D
08-16 16:52:19.100 1153 1323 D SystemServerTimingAsync: ssm.onUnlockingUser-0_com.android.server.print.PrintManagerService took to complete: 0ms
08-16 16:52:19.101 1153 1323 I SystemServerTimingAsync: ssm.onUnlockingUser-0_com.android.server.companion.CompanionDeviceManagerService
08-16 16:52:19.101 1153 1323 D SystemServerTimingAsync: ssm.onUnlockingUser-0_com.android.server.companion.CompanionDeviceManagerService took to complete: 0ms
08-16 16:52:19.101 1153 1323 I SystemServerTimingAsync: ssm.onUnlockingUser-0_com.android.server.restrictions.RestrictionsManagerService
08-16 16:52:19.101 1153 1323 D SystemServerTimingAsync: ssm.onUnlockingUser-0_com.android.server.restrictions.RestrictionsManagerService took to complete: 0ms
08-16 16:52:19.101 1153 1323 I SystemServerTimingAsync: ssm.onUnlockingUser-0_com.android.server.media.MediaSessionService
08-16 16:52:19.101 1153 1323 D SystemServerTimingAsync: ssm.onUnlockingUser-0_com.android.server.media.MediaSessionService took to complete: 0ms
08-16 16:52:19.101 1153 1323 I SystemServerTimingAsync: ssm.onUnlockingUser-0_com.android.server.media.MediaResourceMonitorService
08-16 16:52:19.101 1153 1323 D SystemServerTimingAsync: ssm.onUnlockingUser-0_com.android.server.media.MediaResourceMonitorService took to complete: 0ms
08-16 16:52:19.101 1153 1323 I SystemServerTimingAsync: ssm.onUnlockingUser-0_com.android.server.biometrics.sensors.fingerprint.FingerprintService
08-16 16:52:19.101 1153 1323 D SystemServerTimingAsync: ssm.onUnlockingUser-0_com.android.server.biometrics.sensors.fingerprint.FingerprintService took to complete: 0ms
08-16 16:52:19.101 1153 1323 I SystemServerTimingAsync: ssm.onUnlockingUser-0_com.android.server.biometrics.BiometricService
08-16 16:52:19.102 1153 1323 D SystemServerTimingAsync: ssm.onUnlockingUser-0_com.android.server.biometrics.BiometricService took to complete: 0ms
08-16 16:52:19.102 1153 1323 I SystemServerTimingAsync: ssm.onUnlockingUser-0_com.android.server.biometrics.AuthService
08-16 16:52:19.102 1153 1323 D SystemServerTimingAsync: ssm.onUnlockingUser-0_com.android.server.biometrics.AuthService took to complete: 0ms
