08-16 16:52:13.192 1153 1153 D SystemServerTiming: ssm.onStartUser-0_com.android.server.UiModeManagerService took to complete: 0ms
08-16 16:52:13.192 1153 1153 I SystemServerTiming: ssm.onStartUser-0_com.android.server.locksettings.LockSettingsService$Lifecycle
08-16 16:52:13.192 1153 1153 D SystemServerTiming: ssm.onStartUser-0_com.android.server.locksettings.LockSettingsService$Lifecycle took to complete: 0ms
08-16 16:52:13.192 1153 1153 I SystemServerTiming: ssm.onStartUser-0_com.android.server.PersistentDataBlockService
08-16 16:52:13.192 1153 1153 D SystemServerTiming: ssm.onStartUser-0_com.android.server.PersistentDataBlockService took to complete: 0ms
08-16 16:52:13.192 1153 1153 I SystemServerTiming: ssm.onStartUser-0_com.android.server.testharness.TestHarnessModeService
08-16 16:52:13.192 1153 1153 D SystemServerTiming: ssm.onStartUser-0_com.android.server.testharness.TestHarnessModeService took to complete: 0ms
08-16 16:52:13.192 1153 1153 I SystemServerTiming: ssm.onStartUser-0_com.android.server.oemlock.OemLockService
08-16 16:52:13.192 1153 1153 D SystemServerTiming: ssm.onStartUser-0_com.android.server.oemlock.OemLockService took to complete: 0ms
08-16 16:52:13.192 1153 1153 I SystemServerTiming: ssm.onStartUser-0_com.android.server.DeviceIdleController
08-16 16:52:13.192 1153 1153 D SystemServerTiming: ssm.onStartUser-0_com.android.server.DeviceIdleController took to complete: 0ms
08-16 16:52:13.192 1153 1153 I SystemServerTiming: ssm.onStartUser-0_com.android.server.devicepolicy.DevicePolicyManagerService$Lifecycle
08-16 16:52:13.193 1153 1153 D SystemServerTiming: ssm.onStartUser-0_com.android.server.devicepolicy.DevicePolicyManagerService$Lifecycle took to complete: 0ms
08-16 16:52:13.193 1153 1153 I SystemServerTiming: ssm.onStartUser-0_com.android.server.texttospeech.TextToSpeechManagerService
08-16 16:52:13.193 1153 1153 D SystemServerTiming: ssm.onStartUser-0_com.android.server.texttospeech.TextToSpeechManagerService took to complete: 0ms
08-16 16:52:13.193 1153 1153 I SystemServerTiming: ssm.onStartUser-0_com.android.server.speech.SpeechRecognitionManagerService
08-16 16:52:13.193 1153 1153 D SystemServerTiming: ssm.onStartUser-0_com.android.server.speech.SpeechRecognitionManagerService took to complete: 0ms
08-16 16:52:13.193 1153 1153 I SystemServerTiming: ssm.onStartUser-0_com.android.server.searchui.SearchUiManagerService
08-16 16:52:13.193 1153 1153 D SystemServerTiming: ssm.onStartUser-0_com.android.server.searchui.SearchUiManagerService took to complete: 0ms
08-16 16:52:13.193 1153 1153 I SystemServerTiming: ssm.onStartUser-0_com.android.server.smartspace.SmartspaceManagerService
08-16 16:52:13.193 1153 1153 D SystemServerTiming: ssm.onStartUser-0_com.android.server.smartspace.SmartspaceManagerService took to complete: 0ms
08-16 16:52:13.193 1153 1153 I SystemServerTiming: ssm.onStartUser-0_com.android.server.graphics.fonts.FontManagerService$Lifecycle
08-16 16:52:13.193 1153 1153 D SystemServerTiming: ssm.onStartUser-0_com.android.server.graphics.fonts.FontManagerService$Lifecycle took to complete: 0ms
08-16 16:52:13.193 1153 1153 I SystemServerTiming: ssm.onStartUser-0_com.android.server.textservices.TextServicesManagerService$Lifecycle
08-16 16:52:13.193 1153 1153 D SystemServerTiming: ssm.onStartUser-0_com.android.server.textservices.TextServicesManagerService$Lifecycle took to complete: 0ms
08-16 16:52:13.193 1153 1153 I SystemServerTiming: ssm.onStartUser-0_com.android.server.textclassifier.TextClassificationManagerService$Lifecycle
08-16 16:52:13.197 1153 1153 D SystemServerTiming: ssm.onStartUser-0_com.android.server.textclassifier.TextClassificationManagerService$Lifecycle took to complete: 3ms
08-16 16:52:13.197 1153 1153 I SystemServerTiming: ssm.onStartUser-0_com.android.server.NetworkScoreService$Lifecycle
08-16 16:52:13.197 1153 1153 D SystemServerTiming: ssm.onStartUser-0_com.android.server.NetworkScoreService$Lifecycle took to complete: 0ms
08-16 16:52:13.197 1153 1153 I SystemServerTiming: ssm.onStartUser-0_com.android.server.wifi.WifiService
08-16 16:52:13.197 1153 1153 D SystemServerTiming: ssm.onStartUser-0_com.android.server.wifi.WifiService took to complete: 1ms
08-16 16:52:13.197 1153 1153 I SystemServerTiming: ssm.onStartUser-0_com.android.server.wifi.scanner.WifiScanningService
08-16 16:52:13.197 1153 1153 D SystemServerTiming: ssm.onStartUser-0_com.android.server.wifi.scanner.WifiScanningService took to complete: 0ms
08-16 16:52:13.197 1153 1153 I SystemServerTiming: ssm.onStartUser-0_com.android.server.wifi.rtt.RttService
08-16 16:52:13.198 1153 1153 D SystemServerTiming: ssm.onStartUser-0_com.android.server.wifi.rtt.RttService took to complete: 0ms
08-16 16:52:13.198 1153 1153 I SystemServerTiming: ssm.onStartUser-0_com.android.server.wifi.aware.WifiAwareService
08-16 16:52:13.198 1153 1153 D SystemServerTiming: ssm.onStartUser-0_com.android.server.wifi.aware.WifiAwareService took to complete: 0ms
08-16 16:52:13.198 1153 1153 I SystemServerTiming: ssm.onStartUser-0_com.android.server.wifi.p2p.WifiP2pService
08-16 16:52:13.198 1153 1153 D SystemServerTiming: ssm.onStartUser-0_com.android.server.wifi.p2p.WifiP2pService took to complete: 0ms
08-16 16:52:13.198 1153 1153 I SystemServerTiming: ssm.onStartUser-0_com.android.server.ethernet.EthernetService
08-16 16:52:13.205 1153 1153 D SystemServerTiming: ssm.onStartUser-0_com.android.server.ethernet.EthernetService took to complete: 0ms
08-16 16:52:13.205 1153 1153 I SystemServerTiming: ssm.onStartUser-0_com.android.server.ConnectivityServiceInitializer
08-16 16:52:13.205 1153 1153 D SystemServerTiming: ssm.onStartUser-0_com.android.server.ConnectivityServiceInitializer took to complete: 0ms
08-16 16:52:13.205 1153 1153 I SystemServerTiming: ssm.onStartUser-0_com.android.server.notification.NotificationManagerService
08-16 16:52:13.206 1153 1153 D SystemServerTiming: ssm.onStartUser-0_com.android.server.notification.NotificationManagerService took to complete: 0ms
08-16 16:52:13.206 1153 1153 I SystemServerTiming: ssm.onStartUser-0_com.android.server.storage.DeviceStorageMonitorService
08-16 16:52:13.206 1153 1727 W PackageManager: Loading a package that does not exist for the calling user. package=null, user=0
08-16 16:52:13.206 1153 1153 D SystemServerTiming: ssm.onStartUser-0_com.android.server.storage.DeviceStorageMonitorService took to complete: 0ms
08-16 16:52:13.207 1153 1153 I SystemServerTiming: ssm.onStartUser-0_com.android.server.location.LocationManagerService$Lifecycle
08-16 16:52:13.207 1153 1153 D SystemServerTiming: ssm.onStartUser-0_com.android.server.location.LocationManagerService$Lifecycle took to complete: 0ms
08-16 16:52:13.207 1153 1153 I SystemServerTiming: ssm.onStartUser-0_com.android.server.timedetector.TimeDetectorService$Lifecycle
08-16 16:52:13.207 1153 1153 D SystemServerTiming: ssm.onStartUser-0_com.android.server.timedetector.TimeDetectorService$Lifecycle took to complete: 0ms
08-16 16:52:13.207 1153 1153 I SystemServerTiming: ssm.onStartUser-0_com.android.server.timezonedetector.TimeZoneDetectorService$Lifecycle
08-16 16:52:13.207 1153 1153 D SystemServerTiming: ssm.onStartUser-0_com.android.server.timezonedetector.TimeZoneDetectorService$Lifecycle took to complete: 0ms
08-16 16:52:13.207 1153 1153 I SystemServerTiming: ssm.onStartUser-0_com.android.server.timezonedetector.location.LocationTimeZoneManagerService$Lifecycle
08-16 16:52:13.207 1153 1153 D SystemServerTiming: ssm.onStartUser-0_com.android.server.timezonedetector.location.LocationTimeZoneManagerService$Lifecycle took to complete: 0ms
08-16 16:52:13.207 1153 1153 I SystemServerTiming: ssm.onStartUser-0_com.android.server.search.SearchManagerService$Lifecycle
08-16 16:52:13.207 1153 1153 D SystemServerTiming: ssm.onStartUser-0_com.android.server.search.SearchManagerService$Lifecycle took to complete: 0ms
08-16 16:52:13.207 1153 1153 I SystemServerTiming: ssm.onStartUser-0_com.android.server.wallpaper.WallpaperManagerService$Lifecycle
08-16 16:52:13.207 1153 1153 D SystemServerTiming: ssm.onStartUser-0_com.android.server.wallpaper.WallpaperManagerService$Lifecycle took to complete: 0ms
08-16 16:52:13.207 1153 1153 I SystemServerTiming: ssm.onStartUser-0_com.android.server.audio.AudioService$Lifecycle
08-16 16:52:13.208 1153 1153 D SystemServerTiming: ssm.onStartUser-0_com.android.server.audio.AudioService$Lifecycle took to complete: 0ms
08-16 16:52:13.208 1153 1153 I SystemServerTiming: ssm.onStartUser-0_com.android.server.soundtrigger_middleware.SoundTriggerMiddlewareService$Lifecycle
08-16 16:52:13.208 1153 1153 D SystemServerTiming: ssm.onStartUser-0_com.android.server.soundtrigger_middleware.SoundTriggerMiddlewareService$Lifecycle took to complete: 0ms
08-16 16:52:13.208 1153 1153 I SystemServerTiming: ssm.onStartUser-0_com.android.server.DockObserver
08-16 16:52:13.208 1153 1153 D SystemServerTiming: ssm.onStartUser-0_com.android.server.DockObserver took to complete: 0ms
08-16 16:52:13.208 1153 1153 I SystemServerTiming: ssm.onStartUser-0_com.android.server.midi.MidiService$Lifecycle
08-16 16:52:13.208 1153 1153 D SystemServerTiming: ssm.onStartUser-0_com.android.server.midi.MidiService$Lifecycle took to complete: 0ms
08-16 16:52:13.208 1153 1153 I SystemServerTiming: ssm.onStartUser-0_com.android.server.adb.AdbService$Lifecycle
08-16 16:52:13.208 1153 1153 D SystemServerTiming: ssm.onStartUser-0_com.android.server.adb.AdbService$Lifecycle took to complete: 0ms
08-16 16:52:13.208 1153 1153 I SystemServerTiming: ssm.onStartUser-0_com.android.server.usb.UsbService$Lifecycle
08-16 16:52:13.208 1153 1153 D SystemServerTiming: ssm.onStartUser-0_com.android.server.usb.UsbService$Lifecycle took to complete: 0ms
08-16 16:52:13.208 1153 1153 I SystemServerTiming: ssm.onStartUser-0_com.android.server.twilight.TwilightService
08-16 16:52:13.208 1153 1153 D SystemServerTiming: ssm.onStartUser-0_com.android.server.twilight.TwilightService took to complete: 0ms
08-16 16:52:13.208 1153 1153 I SystemServerTiming: ssm.onStartUser-0_com.android.server.display.color.ColorDisplayService
08-16 16:52:13.209 1153 1153 D SystemServerTiming: ssm.onStartUser-0_com.android.server.display.color.ColorDisplayService took to complete: 0ms
08-16 16:52:13.209 1153 1153 I SystemServerTiming: ssm.onStartUser-0_com.android.server.job.JobSchedulerService
08-16 16:52:13.209 1153 1153 D SystemServerTiming: ssm.onStartUser-0_com.android.server.job.JobSchedulerService took to complete: 0ms
08-16 16:52:13.209 1153 1153 I SystemServerTiming: ssm.onStartUser-0_com.android.server.soundtrigger.SoundTriggerService
08-16 16:52:13.209 1153 1153 D SystemServerTiming: ssm.onStartUser-0_com.android.server.soundtrigger.SoundTriggerService took to complete: 0ms
08-16 16:52:13.209 1153 1153 I SystemServerTiming: ssm.onStartUser-0_com.android.server.trust.TrustManagerService
08-16 16:52:13.209 1153 1153 D SystemServerTiming: ssm.onStartUser-0_com.android.server.trust.TrustManagerService took to complete: 0ms
08-16 16:52:13.210 1153 1153 I SystemServerTiming: ssm.onStartUser-0_com.android.server.backup.BackupManagerService$Lifecycle
08-16 16:52:13.210 1153 1153 D SystemServerTiming: ssm.onStartUser-0_com.android.server.backup.BackupManagerService$Lifecycle took to complete: 0ms
08-16 16:52:13.210 1153 1153 I SystemServerTiming: ssm.onStartUser-0_com.android.server.appwidget.AppWidgetService
08-16 16:52:13.210 1153 1153 D SystemServerTiming: ssm.onStartUser-0_com.android.server.appwidget.AppWidgetService took to complete: 0ms
08-16 16:52:13.210 1153 1153 I SystemServerTiming: ssm.onStartUser-0_com.android.server.voiceinteraction.VoiceInteractionManagerService
08-16 16:52:13.214 1153 1153 W VoiceInteractionManager: no available voice recognition services found for user 0
08-16 16:52:13.214 1153 1153 D SystemServerTiming: ssm.onStartUser-0_com.android.server.voiceinteraction.VoiceInteractionManagerService took to complete: 4ms
08-16 16:52:13.214 1153 1153 I SystemServerTiming: ssm.onStartUser-0_com.android.server.apphibernation.AppHibernationService
08-16 16:52:13.214 1153 1153 D SystemServerTiming: ssm.onStartUser-0_com.android.server.apphibernation.AppHibernationService took to complete: 0ms
08-16 16:52:13.214 1153 1153 I SystemServerTiming: ssm.onStartUser-0_com.android.server.GestureLauncherService
08-16 16:52:13.214 1153 1153 D SystemServerTiming: ssm.onStartUser-0_com.android.server.GestureLauncherService took to complete: 0ms
08-16 16:52:13.214 1153 1153 I SystemServerTiming: ssm.onStartUser-0_com.android.server.SensorNotificationService
08-16 16:52:13.214 1153 1153 D SystemServerTiming: ssm.onStartUser-0_com.android.server.SensorNotificationService took to complete: 0ms
08-16 16:52:13.215 1153 1153 I SystemServerTiming: ssm.onStartUser-0_com.android.server.emergency.EmergencyAffordanceService
08-16 16:52:13.215 1153 1153 D SystemServerTiming: ssm.onStartUser-0_com.android.server.emergency.EmergencyAffordanceService took to complete: 0ms
08-16 16:52:13.215 1153 1153 I SystemServerTiming: ssm.onStartUser-0_com.android.server.blob.BlobStoreManagerService
08-16 16:52:13.215 1153 1153 D SystemServerTiming: ssm.onStartUser-0_com.android.server.blob.BlobStoreManagerService took to complete: 0ms
08-16 16:52:13.215 1153 1153 I SystemServerTiming: ssm.onStartUser-0_com.android.server.dreams.DreamManagerService
08-16 16:52:13.215 1153 1153 D SystemServerTiming: ssm.onStartUser-0_com.android.server.dreams.DreamManagerService took to complete: 0ms
08-16 16:52:13.216 1153 1153 I SystemServerTiming: ssm.onStartUser-0_com.android.server.print.PrintManagerService
08-16 16:52:13.217 1153 1153 D SystemServerTiming: ssm.onStartUser-0_com.android.server.print.PrintManagerService took to complete: 0ms
08-16 16:52:13.217 1153 1153 I SystemServerTiming: ssm.onStartUser-0_com.android.server.companion.CompanionDeviceManagerService
08-16 16:52:13.217 1153 1153 D SystemServerTiming: ssm.onStartUser-0_com.android.server.companion.CompanionDeviceManagerService took to complete: 0ms
08-16 16:52:13.217 1153 1153 I SystemServerTiming: ssm.onStartUser-0_com.android.server.restrictions.RestrictionsManagerService
08-16 16:52:13.217 1153 1153 D SystemServerTiming: ssm.onStartUser-0_com.android.server.restrictions.RestrictionsManagerService took to complete: 0ms
08-16 16:52:13.218 1153 1153 I SystemServerTiming: ssm.onStartUser-0_com.android.server.media.MediaSessionService
08-16 16:52:13.218 1153 1153 D SystemServerTiming: ssm.onStartUser-0_com.android.server.media.MediaSessionService took to complete: 0ms
08-16 16:52:13.218 1153 1153 I SystemServerTiming: ssm.onStartUser-0_com.android.server.media.MediaResourceMonitorService
08-16 16:52:13.218 1153 1153 D SystemServerTiming: ssm.onStartUser-0_com.android.server.media.MediaResourceMonitorService took to complete: 0ms
08-16 16:52:13.218 1153 1153 I SystemServerTiming: ssm.onStartUser-0_com.android.server.biometrics.sensors.fingerprint.FingerprintService
08-16 16:52:13.218 1153 1153 D SystemServerTiming: ssm.onStartUser-0_com.android.server.biometrics.sensors.fingerprint.FingerprintService took to complete: 0ms
08-16 16:52:13.218 1153 1153 I SystemServerTiming: ssm.onStartUser-0_com.android.server.biometrics.BiometricService
08-16 16:52:13.218 1153 1153 D SystemServerTiming: ssm.onStartUser-0_com.android.server.biometrics.BiometricService took to complete: 0ms
08-16 16:52:13.219 1153 1153 I SystemServerTiming: ssm.onStartUser-0_com.android.server.biometrics.AuthService
08-16 16:52:13.219 1153 1153 D SystemServerTiming: ssm.onStartUser-0_com.android.server.biometrics.AuthService took to complete: 0ms
08-16 16:52:13.219 1153 1153 I SystemServerTiming: ssm.onStartUser-0_com.android.server.pm.ShortcutService$Lifecycle
08-16 16:52:13.219 1153 1153 D SystemServerTiming: ssm.onStartUser-0_com.android.server.pm.ShortcutService$Lifecycle took to complete: 0ms
01-01 05:04:09.116 0 0 I binder : 1917:1917 ioctl 40046210 7fd93f2444 returned -22
08-16 16:52:13.219 1153 1153 I SystemServerTiming: ssm.onStartUser-0_com.android.server.pm.LauncherAppsService
08-16 16:52:13.219 1153 1153 D SystemServerTiming: ssm.onStartUser-0_com.android.server.pm.LauncherAppsService took to complete: 0ms
08-16 16:52:13.220 1153 1153 I SystemServerTiming: ssm.onStartUser-0_com.android.server.pm.CrossProfileAppsService
08-16 16:52:13.220 1153 1153 D SystemServerTiming: ssm.onStartUser-0_com.android.server.pm.CrossProfileAppsService took to complete: 0ms
08-16 16:52:13.220 1153 1153 I SystemServerTiming: ssm.onStartUser-0_com.android.server.people.PeopleService
08-16 16:52:13.220 1153 1153 D SystemServerTiming: ssm.onStartUser-0_com.android.server.people.PeopleService took to complete: 0ms
08-16 16:52:13.220 1153 1153 I SystemServerTiming: ssm.onStartUser-0_com.android.server.media.metrics.MediaMetricsManagerService
08-16 16:52:13.221 1153 1153 D SystemServerTiming: ssm.onStartUser-0_com.android.server.media.metrics.MediaMetricsManagerService took to complete: 0ms
08-16 16:52:13.221 1153 1153 I SystemServerTiming: ssm.onStartUser-0_com.android.server.media.projection.MediaProjectionManagerService
08-16 16:52:13.221 1153 1153 D SystemServerTiming: ssm.onStartUser-0_com.android.server.media.projection.MediaProjectionManagerService took to complete: 0ms
08-16 16:52:13.221 1153 1153 I SystemServerTiming: ssm.onStartUser-0_com.android.server.slice.SliceManagerService$Lifecycle
08-16 16:52:13.221 1153 1153 D SystemServerTiming: ssm.onStartUser-0_com.android.server.slice.SliceManagerService$Lifecycle took to complete: 0ms
08-16 16:52:13.221 1153 1153 I SystemServerTiming: ssm.onStartUser-0_com.android.server.stats.StatsCompanion$Lifecycle
08-16 16:52:13.221 1153 1153 D SystemServerTiming: ssm.onStartUser-0_com.android.server.stats.StatsCompanion$Lifecycle took to complete: 0ms
08-16 16:52:13.221 1153 1153 I SystemServerTiming: ssm.onStartUser-0_com.android.server.scheduling.RebootReadinessManagerService$Lifecycle
08-16 16:52:13.221 1153 1153 D SystemServerTiming: ssm.onStartUser-0_com.android.server.scheduling.RebootReadinessManagerService$Lifecycle took to complete: 0ms
08-16 16:52:13.221 1153 1153 I SystemServerTiming: ssm.onStartUser-0_com.android.server.stats.pull.StatsPullAtomService
08-16 16:52:13.221 1153 1153 D SystemServerTiming: ssm.onStartUser-0_com.android.server.stats.pull.StatsPullAtomService took to complete: 0ms
08-16 16:52:13.221 1153 1153 I SystemServerTiming: ssm.onStartUser-0_com.android.server.incident.IncidentCompanionService
08-16 16:52:13.222 1153 1153 D SystemServerTiming: ssm.onStartUser-0_com.android.server.incident.IncidentCompanionService took to complete: 0ms
08-16 16:52:13.222 1153 1153 I SystemServerTiming: ssm.onStartUser-0_com.android.server.MmsServiceBroker
08-16 16:52:13.222 1153 1153 D SystemServerTiming: ssm.onStartUser-0_com.android.server.MmsServiceBroker took to complete: 0ms
08-16 16:52:13.222 1153 1153 I SystemServerTiming: ssm.onStartUser-0_com.android.server.autofill.AutofillManagerService
08-16 16:52:13.222 1153 1153 D SystemServerTiming: ssm.onStartUser-0_com.android.server.autofill.AutofillManagerService took to complete: 0ms
08-16 16:52:13.222 1153 1153 I SystemServerTiming: ssm.onStartUser-0_com.android.server.clipboard.ClipboardService
08-16 16:52:13.222 1153 1153 D SystemServerTiming: ssm.onStartUser-0_com.android.server.clipboard.ClipboardService took to complete: 0ms
08-16 16:52:13.222 1153 1153 I SystemServerTiming: ssm.onStartUser-0_com.android.server.appbinding.AppBindingService$Lifecycle
08-16 16:52:13.224 1153 1727 I am_proc_bound: [0,1917,WebViewLoader-arm64-v8a]
08-16 16:52:13.224 1153 1153 D SystemServerTiming: ssm.onStartUser-0_com.android.server.appbinding.AppBindingService$Lifecycle took to complete: 1ms
08-16 16:52:13.225 1153 1319 I netstats_mobile_sample: [0,0,0,0,0,0,0,0,0,0,0,0,1660668733224]
08-16 16:52:13.225 1153 1319 I netstats_wifi_sample: [0,0,0,0,0,0,0,0,0,0,0,0,1660668733224]
08-16 16:52:13.225 1153 1153 I SystemServerTiming: ssm.onStartUser-0_com.android.server.tracing.TracingServiceProxy
08-16 16:52:13.225 1153 1153 D SystemServerTiming: ssm.onStartUser-0_com.android.server.tracing.TracingServiceProxy took to complete: 0ms
08-16 16:52:13.225 1153 1153 I SystemServerTiming: ssm.onStartUser-0_com.android.server.policy.PermissionPolicyService
08-16 16:52:13.226 1153 1153 D SystemServerTiming: ssm.onStartUser-0_com.android.server.policy.PermissionPolicyService took to complete: 0ms
08-16 16:52:13.226 1153 1153 I SystemServerTiming: ssm.onStartUser-0_com.android.server.pm.StagingManager$Lifecycle
08-16 16:52:13.226 1153 1153 D SystemServerTiming: ssm.onStartUser-0_com.android.server.pm.StagingManager$Lifecycle took to complete: 0ms
08-16 16:52:13.226 1153 1153 I SystemServerTiming: ssm.onStartUser-0_com.android.server.app.GameManagerService$Lifecycle
08-16 16:52:13.229 1153 1153 V GameManagerService: Settings file doesn't exists, skip reading
08-16 16:52:13.229 1153 1153 D SystemServerTiming: ssm.onStartUser-0_com.android.server.app.GameManagerService$Lifecycle took to complete: 3ms
08-16 16:52:13.229 1153 1153 I SystemServerTiming: ssm.onStartUser-0_com.android.server.appsearch.AppSearchManagerService
08-16 16:52:13.229 1153 1153 D SystemServerTiming: ssm.onStartUser-0_com.android.server.appsearch.AppSearchManagerService took to complete: 0ms
08-16 16:52:13.229 1153 1153 I SystemServerTiming: ssm.onStartUser-0_com.android.server.media.MediaCommunicationService
08-16 16:52:13.229 1153 1153 D SystemServerTiming: ssm.onStartUser-0_com.android.server.media.MediaCommunicationService took to complete: 0ms
08-16 16:52:13.229 1153 1153 D SystemServerTiming: ssm.StartUser-0 took to complete: 127ms
08-16 16:52:13.229 1153 1153 I SystemServerTiming: startPersistentApps
08-16 16:52:13.230 1153 1153 I am_uid_running: 1001
08-16 16:52:13.231 1153 1153 D CompatibilityChangeReporter: Compat change id reported: 135634846; UID 1001; state: DISABLED
08-16 16:52:13.231 1153 1153 D CompatibilityChangeReporter: Compat change id reported: 177438394; UID 1001; state: DISABLED
08-16 16:52:13.233 1153 1153 D CompatibilityChangeReporter: Compat change id reported: 135772972; UID 1001; state: DISABLED
08-16 16:52:13.233 1153 1153 D CompatibilityChangeReporter: Compat change id reported: 135754954; UID 1001; state: ENABLED
08-16 16:52:13.233 1153 1153 I am_uid_running: 10072
08-16 16:52:13.235 1153 1153 D CompatibilityChangeReporter: Compat change id reported: 135634846; UID 10072; state: DISABLED
01-01 05:04:09.134 0 0 I msm_vidc: high: 00000001: h265e: Closed video instance: ffffffe858ce8000
08-16 16:52:13.235 1153 1153 D CompatibilityChangeReporter: Compat change id reported: 177438394; UID 10072; state: DISABLED
08-16 16:52:13.236 1153 1153 D CompatibilityChangeReporter: Compat change id reported: 135772972; UID 10072; state: DISABLED
08-16 16:52:13.236 1153 1153 D CompatibilityChangeReporter: Compat change id reported: 135754954; UID 10072; state: DISABLED
08-16 16:52:13.236 1153 1153 I am_uid_running: 10093
08-16 16:52:13.237 1153 1153 D CompatibilityChangeReporter: Compat change id reported: 135634846; UID 10093; state: DISABLED
08-16 16:52:13.237 1153 1153 D CompatibilityChangeReporter: Compat change id reported: 177438394; UID 10093; state: DISABLED
08-16 16:52:13.238 1153 1153 D CompatibilityChangeReporter: Compat change id reported: 135772972; UID 10093; state: DISABLED
08-16 16:52:13.238 1153 1153 D CompatibilityChangeReporter: Compat change id reported: 135754954; UID 10093; state: ENABLED
08-16 16:52:13.239 1153 1153 I am_uid_running: 10147
08-16 16:52:13.239 1153 1153 D CompatibilityChangeReporter: Compat change id reported: 135634846; UID 10147; state: DISABLED
08-16 16:52:13.239 1153 1153 D CompatibilityChangeReporter: Compat change id reported: 177438394; UID 10147; state: DISABLED
08-16 16:52:13.240 1153 1153 D CompatibilityChangeReporter: Compat change id reported: 135772972; UID 10147; state: DISABLED
08-16 16:52:13.243 1153 1153 D CompatibilityChangeReporter: Compat change id reported: 135754954; UID 10147; state: ENABLED
08-16 16:52:13.243 1153 1153 I am_uid_running: 10126
08-16 16:52:13.244 1153 1153 D CompatibilityChangeReporter: Compat change id reported: 135634846; UID 10126; state: DISABLED
08-16 16:52:13.245 1153 1153 D CompatibilityChangeReporter: Compat change id reported: 177438394; UID 10126; state: DISABLED
08-16 16:52:13.245 1153 1153 D CompatibilityChangeReporter: Compat change id reported: 135772972; UID 10126; state: DISABLED
08-16 16:52:13.245 1153 1153 D CompatibilityChangeReporter: Compat change id reported: 135754954; UID 10126; state: ENABLED
08-16 16:52:13.246 1153 1153 D CompatibilityChangeReporter: Compat change id reported: 135634846; UID 1000; state: DISABLED
08-16 16:52:13.246 1153 1153 D CompatibilityChangeReporter: Compat change id reported: 177438394; UID 1000; state: DISABLED
08-16 16:52:13.247 1153 1153 D CompatibilityChangeReporter: Compat change id reported: 135772972; UID 1000; state: DISABLED
08-16 16:52:13.247 1153 1153 D CompatibilityChangeReporter: Compat change id reported: 135754954; UID 1000; state: ENABLED
08-16 16:52:13.247 1153 1153 I am_uid_running: 10122
08-16 16:52:13.254 1153 1319 I netstats_mobile_sample: [0,0,0,0,0,0,0,0,0,0,0,0,1660668733254]
08-16 16:52:13.254 1153 1319 I netstats_wifi_sample: [0,0,0,0,0,0,0,0,0,0,0,0,1660668733254]
08-16 16:52:13.264 1153 1153 D CompatibilityChangeReporter: Compat change id reported: 135634846; UID 10122; state: DISABLED
08-16 16:52:13.264 1153 1153 D CompatibilityChangeReporter: Compat change id reported: 177438394; UID 10122; state: DISABLED
08-16 16:52:13.264 1153 1153 D CompatibilityChangeReporter: Compat change id reported: 135772972; UID 10122; state: DISABLED
08-16 16:52:13.265 1153 1736 I dvm_lock_sample: [system_server,0,NetworkPolicy,24,NetworkStatsService.java,1026,void com.android.server.net.NetworkStatsService.advisePersistThreshold(long),-,1506,void com.android.server.net.NetworkStatsService.performPoll(int),4]
08-16 16:52:13.265 1153 1153 D CompatibilityChangeReporter: Compat change id reported: 135754954; UID 10122; state: ENABLED
08-16 16:52:13.266 1153 1153 I am_uid_running: 10132
08-16 16:52:13.267 1153 1153 D CompatibilityChangeReporter: Compat change id reported: 135634846; UID 10132; state: DISABLED
08-16 16:52:13.267 1153 1153 D CompatibilityChangeReporter: Compat change id reported: 177438394; UID 10132; state: DISABLED
08-16 16:52:13.268 1153 1153 D CompatibilityChangeReporter: Compat change id reported: 135772972; UID 10132; state: DISABLED
08-16 16:52:13.268 1153 1153 D CompatibilityChangeReporter: Compat change id reported: 135754954; UID 10132; state: DISABLED
08-16 16:52:13.269 1153 1153 I am_uid_running: 1068
08-16 16:52:13.270 1153 1153 D CompatibilityChangeReporter: Compat change id reported: 135634846; UID 1068; state: DISABLED
08-16 16:52:13.272 1153 1153 I am_uid_running: 10085
08-16 16:52:13.273 1153 1153 D CompatibilityChangeReporter: Compat change id reported: 135634846; UID 10085; state: DISABLED
08-16 16:52:13.273 1153 1153 D CompatibilityChangeReporter: Compat change id reported: 177438394; UID 10085; state: DISABLED
08-16 16:52:13.274 1153 1153 D CompatibilityChangeReporter: Compat change id reported: 135772972; UID 10085; state: DISABLED
08-16 16:52:13.274 1153 1153 D CompatibilityChangeReporter: Compat change id reported: 135754954; UID 10085; state: ENABLED
08-16 16:52:13.279 1153 1153 D SystemServerTiming: startPersistentApps took to complete: 47ms
08-16 16:52:13.279 1153 1153 I SystemServerTiming: startHomeOnAllDisplays
08-16 16:52:13.280 1153 1179 W PackageManager: Loading a package that does not exist for the calling user. package=null, user=0
08-16 16:52:13.281 1153 1153 I ActivityTaskManager: START u0 {act=android.intent.action.MAIN cat=[android.intent.category.HOME] flg=0x10000100 cmp=com.android.settings/.FallbackHome (has extras)} from uid 0
08-16 16:52:13.291 1153 1324 W ActivityManager: Slow operation: 61ms so far, now at startProcess: returned from zygote!
08-16 16:52:13.293 1153 1319 I netstats_mobile_sample: [0,0,0,0,0,0,0,0,0,0,0,0,1660668733293]
08-16 16:52:13.293 1153 1319 I netstats_wifi_sample: [0,0,0,0,0,0,0,0,0,0,0,0,1660668733293]
01-01 05:04:09.198 0 0 I cnss-daemon: DMS thread joined succesfully
01-01 05:04:09.198 0 0 I cnss-daemon: wlfw_stop: Stop done: 0
01-01 05:04:09.198 0 0 I cnss-daemon: wlfw_start: Starting
08-16 16:52:13.313 1153 1153 D CompatibilityChangeReporter: Compat change id reported: 174042980; UID 1000; state: DISABLED
01-01 05:04:09.203 0 0 I cnss-daemon: wlfw_service_request: Start the pthread: 0x0K
01-01 05:04:09.206 0 0 I cnss-daemon: ro.baseband : [apq]
01-01 05:04:09.206 0 0 I cnss-daemon: Hardware supports external modem
01-01 05:04:09.206 0 0 I binder : 1932:1932 ioctl 40046210 7fd93f2444 returned -22
08-16 16:52:13.317 1153 1319 I netstats_mobile_sample: [0,0,0,0,0,0,0,0,0,0,0,0,1660668733317]
08-16 16:52:13.317 1153 1319 I netstats_wifi_sample: [0,0,0,0,0,0,0,0,0,0,0,0,1660668733317]
08-16 16:52:13.320 1153 1153 I wm_task_created: [2,-1]
08-16 16:52:13.322 1153 1153 I wm_task_moved: [2,1,2147483647]
08-16 16:52:13.324 1153 1153 I wm_task_moved: [1,1,0]
08-16 16:52:13.324 1153 1153 I wm_create_task: [0,2]
08-16 16:52:13.324 1153 1153 I wm_create_activity: [0,252486832,2,com.android.settings/.FallbackHome,android.intent.action.MAIN,NULL,NULL,276824320]
08-16 16:52:13.325 1153 1153 I wm_task_moved: [1,1,0]
08-16 16:52:13.325 1153 1153 I wm_task_moved: [2,1,2147483647]
08-16 16:52:13.325 1153 1153 I wm_task_to_front: [0,2]
01-01 05:04:09.243 0 0 E init : Control message: Could not find 'vendor.qti.hardware.iop@2.0::IIop/default' for ctl.interface_start from pid: 520 (/system/bin/hwservicemanager)
08-16 16:52:13.361 1153 1973 W ContextImpl: Calling a method in the system process without a qualified user: android.app.ContextImpl.bindService:1895 android.content.ContextWrapper.bindService:810 com.qualcomm.qti.activityextension.ActivityNotifier.bindToDynamicDDSService:103 com.qualcomm.qti.activityextension.ActivityNotifier.handleSendActivityInvokeNotification:184 com.qualcomm.qti.activityextension.ActivityNotifier.access$300:26
08-16 16:52:13.365 1153 1153 D CompatibilityChangeReporter: Compat change id reported: 168419799; UID 1000; state: DISABLED
08-16 16:52:13.370 1153 1153 D SystemServerTiming: startHomeOnAllDisplays took to complete: 91ms
08-16 16:52:13.371 1153 1153 I SystemServerTiming: showSystemReadyErrorDialogs
08-16 16:52:13.371 1153 1793 I dvm_lock_sample: [system_server,1,Binder:1153_4,90,WindowManagerService.java,4113,void com.android.server.wm.WindowManagerService.setDisplayWindowRotationController(android.view.IDisplayWindowRotationController),TaskChangeNotificationController.java,342,void com.android.server.wm.TaskChangeNotificationController.forAllLocalListeners(com.android.server.wm.TaskChangeNotificationController$TaskStackConsumer, android.os.Message),18]
08-16 16:52:13.377 1153 1319 I netstats_mobile_sample: [0,0,0,0,0,0,0,0,0,0,0,0,1660668733377]
08-16 16:52:13.377 1153 1319 I netstats_wifi_sample: [0,0,0,0,0,0,0,0,0,0,0,0,1660668733377]
01-01 05:04:09.263 0 0 I cnss-daemon: pm_release_vote: pm_handle is NULL
01-01 05:04:09.263 0 0 I cnss-daemon: pm_release_vote: pm_handle is NULL
01-01 05:04:09.263 0 0 I cnss-daemon: wlfw_build_cal_table: not read /data/vendor/wifi/wlfw_cal_00.bin
01-01 05:04:09.267 0 0 I cnss-daemon: wlfw_build_cal_table: not read /data/vendor/wifi/wlfw_cal_02.bin
01-01 05:04:09.275 0 0 D cnss : Received QMI WLFW request memory indication
01-01 05:04:09.275 0 0 D cnss : FW requests for memory, size: 0x5e0000, type: 1
01-01 05:04:09.275 0 0 D cnss : FW requests for memory, size: 0xd8000, type: 4
01-01 05:04:09.275 0 0 D cnss : Posting event: REQUEST_MEM(2), state: 0x11 flags: 0x0
01-01 05:04:09.275 0 0 D cnss : PM stay awake, state: 0x11, count: 1
01-01 05:04:09.275 0 0 D cnss : PM relax, state: 0x11, count: 0
01-01 05:04:09.282 0 0 D cnss : PM stay awake, state: 0x11, count: 1
01-01 05:04:09.282 0 0 D cnss : Processing driver event: REQUEST_MEM(2), state: 0x11
01-01 05:04:09.282 0 0 D cnss : Sending respond memory message, state: 0x11
01-01 05:04:09.282 0 0 D cnss : Memory for FW, va: 0xffffff8026420000, pa: 0x00000000a1000000, size: 0x5e0000, type: 1
01-01 05:04:09.282 0 0 D cnss : Memory for FW, va: 0xffffff8020add000, pa: 0x00000000a1600000, size: 0xd8000, type: 4
01-01 05:04:09.284 0 0 I msm_vidc: high: 00000001: ....d: Opening video instance: ffffffe857bd8000, 1
01-01 05:04:09.289 0 0 I binder : 1953:1953 ioctl 40046210 7fd93f2444 returned -22
01-01 05:04:09.290 0 0 D cnss : PM relax, state: 0x11, count: 0
01-01 05:04:09.295 0 0 D cnss : Received QMI WLFW FW memory ready indication
01-01 05:04:09.295 0 0 D cnss : Posting event: FW_MEM_READY(3), state: 0x11 flags: 0x0
01-01 05:04:09.295 0 0 D cnss : PM stay awake, state: 0x11, count: 1
01-01 05:04:09.295 0 0 D cnss : PM relax, state: 0x11, count: 0
01-01 05:04:09.296 0 0 D cnss : PM stay awake, state: 0x11, count: 1
01-01 05:04:09.296 0 0 D cnss : Processing driver event: FW_MEM_READY(3), state: 0x11
01-01 05:04:09.296 0 0 D cnss : Sending target capability message, state: 0x13
08-16 16:52:13.402 1153 1319 I netstats_mobile_sample: [0,0,0,0,0,0,0,0,0,0,0,0,1660668733402]
08-16 16:52:13.402 1153 1319 I netstats_wifi_sample: [0,0,0,0,0,0,0,0,0,0,0,0,1660668733402]
01-01 05:04:09.304 0 0 I msm_vidc: high: 00000001: h264d: Closed video instance: ffffffe857bd8000
01-01 05:04:09.305 0 0 D cnss : Voltage for CPR: 948mV
01-01 05:04:09.305 0 0 D cnss : Update TCS CMD data address 0x000000000b2e5844 with voltage 950mV
01-01 05:04:09.305 0 0 D cnss : Device frequency is 24000000 HZ
01-01 05:04:09.306 0 0 D cnss : Target capability: chip_id: 0x0, chip_family: 0xb, board_id: 0xff, soc_id: 0xffffffff, fw_version: 0x101a0521, fw_build_timestamp: 2021-12-20 07:54, fw_build_id: QC_IMAGE_VERSION_STRING=WLAN.HST.1.0.1.r1-01313-QCAHSTSWPL_SILICONZ-1, otp_version: 0x0
01-01 05:04:09.306 0 0 D cnss : Sending BDF download message, state: 0x13, type: 4
01-01 05:04:09.306 0 0 D cnss : FW name added with prefix: qca6390/regdb.bin
01-01 05:04:09.306 0 0 W cnss2 b0000000.qcom,cnss-qca6390: Falling back to syfs fallback for: qca6390/regdb.bin
08-16 16:52:13.425 1153 1319 I netstats_mobile_sample: [0,0,0,0,0,0,0,0,0,0,0,0,1660668733425]
08-16 16:52:13.426 1153 1319 I netstats_wifi_sample: [0,0,0,0,0,0,0,0,0,0,0,0,1660668733425]
01-01 05:04:09.330 0 0 I ueventd : firmware: loading 'qca6390/regdb.bin' for '/devices/platform/soc/b0000000.qcom,cnss-qca6390/firmware/qca6390!regdb.bin'
01-01 05:04:09.332 0 0 E ueventd : firmware: could not find firmware for qca6390/regdb.bin
01-01 05:04:09.340 0 0 E ueventd : firmware: attempted /etc/firmware/qca6390/regdb.bin, open failed: No such file or directory
01-01 05:04:09.352 0 0 I msm_vidc: high: 00000001: ....d: Opening video instance: ffffffe8560cc000, 1
08-16 16:52:13.450 1153 1153 D SystemServerTiming: showSystemReadyErrorDialogs took to complete: 80ms
08-16 16:52:13.450 1153 1153 I SystemServerTiming: sendUserStartBroadcast
08-16 16:52:13.451 1153 1153 D SystemServerTiming: sendUserStartBroadcast took to complete: 0ms
08-16 16:52:13.451 1153 1153 I SystemServerTiming: resumeTopActivities
08-16 16:52:13.452 1153 1153 D SystemServerTiming: resumeTopActivities took to complete: 2ms
08-16 16:52:13.453 1153 1153 I SystemServerTiming: sendUserSwitchBroadcasts
08-16 16:52:13.453 1153 1153 I uc_send_user_broadcast: [0,android.intent.action.USER_FOREGROUND]
08-16 16:52:13.453 1153 1153 I uc_send_user_broadcast: [0,android.intent.action.USER_SWITCHED]
08-16 16:52:13.453 1153 1153 D SystemServerTiming: sendUserSwitchBroadcasts took to complete: 0ms
08-16 16:52:13.453 1153 1153 I SystemServerTiming: setBinderProxies
08-16 16:52:13.453 1153 1153 D SystemServerTiming: setBinderProxies took to complete: 0ms
08-16 16:52:13.453 1153 1153 D SystemServerTiming: ActivityManagerStartApps took to complete: 350ms
08-16 16:52:13.453 1153 1153 D SystemServerTiming: PhaseActivityManagerReady took to complete: 937ms
08-16 16:52:13.453 1153 1153 I SystemServerTiming: StartSystemUI
08-16 16:52:13.456 1153 1324 W ActivityManager: Slow operation: 226ms so far, now at startProcess: done updating battery stats
08-16 16:52:13.456 1153 1324 I am_proc_start: [0,1953,1001,.dataservices,added application,.dataservices]
08-16 16:52:13.456 1153 1324 W ActivityManager: Slow operation: 226ms so far, now at startProcess: building log message
08-16 16:52:13.456 1153 1324 I ActivityManager: Start proc 1953:.dataservices/1001 for added application .dataservices
08-16 16:52:13.456 1153 1324 W ActivityManager: Slow operation: 227ms so far, now at startProcess: starting to update pids map
01-01 05:04:09.357 0 0 E : INFO: trying to register non-static key.
01-01 05:04:09.358 0 0 E ueventd : firmware: attempted /odm/firmware/qca6390/regdb.bin, open failed: No such file or directory
01-01 05:04:09.362 0 0 E : the code is fine but needs lockdep annotation.
01-01 05:04:09.362 0 0 I : CPU: 0 PID: 1999 Comm: VideoDecMsgThre Tainted: G S W O 4.19.157+ #1
01-01 05:04:09.362 0 0 I Hardware name: Qualcomm Technologies, Inc. kona MTP-RmPM8150b (DT)
01-01 05:04:09.362 0 0 I Call trace:
01-01 05:04:09.362 0 0 I : dump_backtrace+0x0/0x258
01-01 05:04:09.362 0 0 I : show_stack+0x20/0x30
01-01 05:04:09.362 0 0 I : dump_stack+0xd8/0x12c
01-01 05:04:09.362 0 0 I : register_lock_class+0x4d0/0x5c8
01-01 05:04:09.362 0 0 I : __lock_acquire+0xbc/0x1e58
01-01 05:04:09.362 0 0 I : lock_acquire+0x1cc/0x218
01-01 05:04:09.362 0 0 I : _raw_spin_lock_irqsave+0x54/0x98
01-01 05:04:09.362 0 0 I : __ion_system_secure_heap_resize+0x768/0x8c0
01-01 05:04:09.362 0 0 I : ion_system_secure_heap_prefetch+0x28/0x38
01-01 05:04:09.362 0 0 I : ion_walk_heaps+0x88/0xb8
01-01 05:04:09.362 0 0 I : ion_ioctl+0x1b0/0x2a8
01-01 05:04:09.362 0 0 I : __arm64_compat_sys_ioctl+0xf4/0x240
01-01 05:04:09.362 0 0 I : el0_svc_common+0xa4/0x190
01-01 05:04:09.362 0 0 I : el0_svc_compat_handler+0x28/0x38
01-01 05:04:09.362 0 0 I : el0_svc_compat+0x8/0x34
08-16 16:52:13.459 1153 1324 W ActivityManager: Slow operation: 229ms so far, now at startProcess: done updating pids map
08-16 16:52:13.459 1153 1324 W ActivityManager: Slow operation: 225ms so far, now at startProcess: asking zygote to start proc
08-16 16:52:13.459 1153 1179 W ActivityManager: No pending application record for pid 1932 (IApplicationThread android.app.IApplicationThread$Stub$Proxy@4dd6812); dropping process
08-16 16:52:13.459 1153 1179 I am_drop_process: 1932
08-16 16:52:13.459 1153 1324 D CompatibilityChangeReporter: Compat change id reported: 143937733; UID 10072; state: DISABLED
08-16 16:52:13.460 1153 1319 I netstats_mobile_sample: [0,0,0,0,0,0,0,0,0,0,0,0,1660668733459]
08-16 16:52:13.460 1153 1319 I netstats_wifi_sample: [0,0,0,0,0,0,0,0,0,0,0,0,1660668733459]
08-16 16:52:13.468 1153 1973 W ContextImpl: Calling a method in the system process without a qualified user: android.app.ContextImpl.bindService:1895 android.content.ContextWrapper.bindService:810 com.qualcomm.qti.activityextension.ActivityNotifier.bindToDynamicDDSService:103 com.qualcomm.qti.activityextension.ActivityNotifier.handleSendActivityInvokeNotification:184 com.qualcomm.qti.activityextension.ActivityNotifier.access$300:26
08-16 16:52:13.468 1153 1178 I am_proc_bound: [0,1953,.dataservices]
08-16 16:52:13.475 1153 1178 D CompatibilityChangeReporter: Compat change id reported: 168419799; UID 1001; state: DISABLED
08-16 16:52:13.478 1153 1178 I am_uid_active: 1001
08-16 16:52:13.484 1153 1319 I netstats_mobile_sample: [0,0,0,0,0,0,0,0,0,0,0,0,1660668733484]
08-16 16:52:13.485 1153 1319 I netstats_wifi_sample: [0,0,0,0,0,0,0,0,0,0,0,0,1660668733484]
01-01 05:04:09.368 0 0 E : INFO: trying to register non-static key.
01-01 05:04:09.374 0 0 E ueventd : firmware: attempted /vendor/firmware/qca6390/regdb.bin, open failed: No such file or directory
01-01 05:04:09.379 0 0 E : the code is fine but needs lockdep annotation.
01-01 05:04:09.379 0 0 I : CPU: 0 PID: 482 Comm: kworker/u16:16 Tainted: G S W O 4.19.157+ #1
01-01 05:04:09.379 0 0 I Hardware name: Qualcomm Technologies, Inc. kona MTP-RmPM8150b (DT)
01-01 05:04:09.379 0 0 I Workqueue: events_unbound ion_system_secure_heap_prefetch_work
01-01 05:04:09.379 0 0 I Call trace:
01-01 05:04:09.379 0 0 I : dump_backtrace+0x0/0x258
01-01 05:04:09.379 0 0 I : show_stack+0x20/0x30
01-01 05:04:09.379 0 0 I : dump_stack+0xd8/0x12c
01-01 05:04:09.379 0 0 I : register_lock_class+0x4d0/0x5c8
01-01 05:04:09.379 0 0 I : __lock_acquire+0xbc/0x1e58
01-01 05:04:09.379 0 0 I : lock_acquire+0x1cc/0x218
01-01 05:04:09.379 0 0 I : _raw_spin_lock_irqsave+0x54/0x98
01-01 05:04:09.379 0 0 I : ion_system_secure_heap_prefetch_work+0x48/0x2c0
01-01 05:04:09.379 0 0 I : process_one_work+0x38c/0x660
01-01 05:04:09.379 0 0 I : worker_thread+0x268/0x4b8
01-01 05:04:09.379 0 0 I : kthread+0x140/0x150
01-01 05:04:09.379 0 0 I : ret_from_fork+0x10/0x1c
01-01 05:04:09.381 0 0 E : INFO: trying to register non-static key.
01-01 05:04:09.385 0 0 E ueventd : firmware: attempted /firmware/image/qca6390/regdb.bin, open failed: No such file or directory
01-01 05:04:09.385 0 0 E : INFO: trying to register non-static key.
01-01 05:04:09.385 0 0 E : the code is fine but needs lockdep annotation.
01-01 05:04:09.385 0 0 I : CPU: 0 PID: 482 Comm: kworker/u16:16 Tainted: G S W O 4.19.157+ #1
01-01 05:04:09.385 0 0 I Hardware name: Qualcomm Technologies, Inc. kona MTP-RmPM8150b (DT)
01-01 05:04:09.385 0 0 I Workqueue: events_unbound ion_system_secure_heap_prefetch_work
01-01 05:04:09.385 0 0 I Call trace:
01-01 05:04:09.385 0 0 I : dump_backtrace+0x0/0x258
01-01 05:04:09.385 0 0 I : show_stack+0x20/0x30
01-01 05:04:09.385 0 0 I : dump_stack+0xd8/0x12c
01-01 05:04:09.385 0 0 I : register_lock_class+0x4d0/0x5c8
01-01 05:04:09.385 0 0 I : __lock_acquire+0xbc/0x1e58
01-01 05:04:09.385 0 0 I : lock_acquire+0x1cc/0x218
01-01 05:04:09.385 0 0 I : _raw_spin_lock_irqsave+0x54/0x98
01-01 05:04:09.385 0 0 I : ion_system_secure_heap_prefetch_work+0x94/0x2c0
01-01 05:04:09.385 0 0 I : process_one_work+0x38c/0x660
01-01 05:04:09.385 0 0 I : worker_thread+0x268/0x4b8
01-01 05:04:09.385 0 0 I : kthread+0x140/0x150
01-01 05:04:09.385 0 0 I : ret_from_fork+0x10/0x1c
01-01 05:04:09.387 0 0 E : INFO: trying to register non-static key.
01-01 05:04:09.387 0 0 E : the code is fine but needs lockdep annotation.
01-01 05:04:09.387 0 0 I : CPU: 0 PID: 482 Comm: kworker/u16:16 Tainted: G S W O 4.19.157+ #1
01-01 05:04:09.387 0 0 I Hardware name: Qualcomm Technologies, Inc. kona MTP-RmPM8150b (DT)
01-01 05:04:09.387 0 0 I Workqueue: events_unbound ion_system_secure_heap_prefetch_work
01-01 05:04:09.387 0 0 I Call trace:
01-01 05:04:09.387 0 0 I : dump_backtrace+0x0/0x258
01-01 05:04:09.387 0 0 I : show_stack+0x20/0x30
01-01 05:04:09.387 0 0 I : dump_stack+0xd8/0x12c
01-01 05:04:09.387 0 0 I : register_lock_class+0x4d0/0x5c8
01-01 05:04:09.387 0 0 I : __lock_acquire+0xbc/0x1e58
01-01 05:04:09.387 0 0 I : lock_acquire+0x1cc/0x218
01-01 05:04:09.387 0 0 I : _raw_spin_lock_irqsave+0x54/0x98
01-01 05:04:09.387 0 0 I : ion_system_secure_heap_prefetch_work+0x94/0x2c0
01-01 05:04:09.387 0 0 I : process_one_work+0x38c/0x660
01-01 05:04:09.387 0 0 I : worker_thread+0x268/0x4b8
01-01 05:04:09.387 0 0 I : kthread+0x140/0x150
01-01 05:04:09.387 0 0 I : ret_from_fork+0x10/0x1c
01-01 05:04:09.389 0 0 E : INFO: trying to register non-static key.
01-01 05:04:09.389 0 0 E : the code is fine but needs lockdep annotation.
01-01 05:04:09.389 0 0 I : CPU: 0 PID: 482 Comm: kworker/u16:16 Tainted: G S W O 4.19.157+ #1
01-01 05:04:09.389 0 0 I Hardware name: Qualcomm Technologies, Inc. kona MTP-RmPM8150b (DT)
01-01 05:04:09.389 0 0 I Workqueue: events_unbound ion_system_secure_heap_prefetch_work
01-01 05:04:09.389 0 0 I Call trace:
01-01 05:04:09.389 0 0 I : dump_backtrace+0x0/0x258
01-01 05:04:09.389 0 0 I : show_stack+0x20/0x30
01-01 05:04:09.389 0 0 I : dump_stack+0xd8/0x12c
01-01 05:04:09.389 0 0 I : register_lock_class+0x4d0/0x5c8
01-01 05:04:09.389 0 0 I : __lock_acquire+0xbc/0x1e58
01-01 05:04:09.389 0 0 I : lock_acquire+0x1cc/0x218
01-01 05:04:09.389 0 0 I : _raw_spin_lock_irqsave+0x54/0x98
01-01 05:04:09.389 0 0 I : ion_system_secure_heap_prefetch_work+0x94/0x2c0
01-01 05:04:09.389 0 0 I : process_one_work+0x38c/0x660
01-01 05:04:09.389 0 0 I : worker_thread+0x268/0x4b8
01-01 05:04:09.389 0 0 I : kthread+0x140/0x150
01-01 05:04:09.389 0 0 I : ret_from_fork+0x10/0x1c
01-01 05:04:09.391 0 0 E : INFO: trying to register non-static key.
01-01 05:04:09.391 0 0 E : the code is fine but needs lockdep annotation.
01-01 05:04:09.391 0 0 I : CPU: 0 PID: 482 Comm: kworker/u16:16 Tainted: G S W O 4.19.157+ #1
01-01 05:04:09.391 0 0 I Hardware name: Qualcomm Technologies, Inc. kona MTP-RmPM8150b (DT)
01-01 05:04:09.391 0 0 I Workqueue: events_unbound ion_system_secure_heap_prefetch_work
01-01 05:04:09.391 0 0 I Call trace:
01-01 05:04:09.391 0 0 I : dump_backtrace+0x0/0x258
01-01 05:04:09.391 0 0 I : show_stack+0x20/0x30
01-01 05:04:09.391 0 0 I : dump_stack+0xd8/0x12c
01-01 05:04:09.391 0 0 I : register_lock_class+0x4d0/0x5c8
01-01 05:04:09.391 0 0 I : __lock_acquire+0xbc/0x1e58
01-01 05:04:09.391 0 0 I : lock_acquire+0x1cc/0x218
01-01 05:04:09.391 0 0 I : _raw_spin_lock_irqsave+0x54/0x98
01-01 05:04:09.391 0 0 I : ion_system_secure_heap_prefetch_work+0x94/0x2c0
01-01 05:04:09.391 0 0 I : process_one_work+0x38c/0x660
01-01 05:04:09.391 0 0 I : worker_thread+0x268/0x4b8
01-01 05:04:09.391 0 0 I : kthread+0x140/0x150
01-01 05:04:09.391 0 0 I : ret_from_fork+0x10/0x1c
01-01 05:04:09.393 0 0 E : INFO: trying to register non-static key.
01-01 05:04:09.393 0 0 E : the code is fine but needs lockdep annotation.
01-01 05:04:09.393 0 0 I : CPU: 0 PID: 482 Comm: kworker/u16:16 Tainted: G S W O 4.19.157+ #1
01-01 05:04:09.393 0 0 I Hardware name: Qualcomm Technologies, Inc. kona MTP-RmPM8150b (DT)
01-01 05:04:09.393 0 0 I Workqueue: events_unbound ion_system_secure_heap_prefetch_work
01-01 05:04:09.393 0 0 I Call trace:
01-01 05:04:09.393 0 0 I : dump_backtrace+0x0/0x258
01-01 05:04:09.393 0 0 I : show_stack+0x20/0x30
01-01 05:04:09.393 0 0 I : dump_stack+0xd8/0x12c
01-01 05:04:09.393 0 0 I : register_lock_class+0x4d0/0x5c8
01-01 05:04:09.393 0 0 I : __lock_acquire+0xbc/0x1e58
01-01 05:04:09.393 0 0 I : lock_acquire+0x1cc/0x218
01-01 05:04:09.393 0 0 I : _raw_spin_lock_irqsave+0x54/0x98
01-01 05:04:09.393 0 0 I : ion_system_secure_heap_prefetch_work+0x94/0x2c0
01-01 05:04:09.393 0 0 I : process_one_work+0x38c/0x660
01-01 05:04:09.393 0 0 I : worker_thread+0x268/0x4b8
01-01 05:04:09.393 0 0 I : kthread+0x140/0x150
01-01 05:04:09.393 0 0 I : ret_from_fork+0x10/0x1c
01-01 05:04:09.395 0 0 E : the code is fine but needs lockdep annotation.
01-01 05:04:09.395 0 0 I : CPU: 7 PID: 1999 Comm: VideoDecMsgThre Tainted: G S W O 4.19.157+ #1
01-01 05:04:09.395 0 0 I Hardware name: Qualcomm Technologies, Inc. kona MTP-RmPM8150b (DT)
01-01 05:04:09.395 0 0 I Call trace:
01-01 05:04:09.395 0 0 I : dump_backtrace+0x0/0x258
01-01 05:04:09.395 0 0 I : show_stack+0x20/0x30
01-01 05:04:09.395 0 0 I : dump_stack+0xd8/0x12c
01-01 05:04:09.395 0 0 I : register_lock_class+0x4d0/0x5c8
01-01 05:04:09.395 0 0 I : __lock_acquire+0xbc/0x1e58
01-01 05:04:09.395 0 0 I : lock_acquire+0x1cc/0x218
01-01 05:04:09.395 0 0 I : _raw_spin_lock_irqsave+0x54/0x98
01-01 05:04:09.395 0 0 I : __ion_system_secure_heap_resize+0x768/0x8c0
01-01 05:04:09.395 0 0 I : ion_system_secure_heap_prefetch+0x28/0x38
01-01 05:04:09.395 0 0 I : ion_walk_heaps+0x88/0xb8
01-01 05:04:09.395 0 0 I : ion_ioctl+0x1b0/0x2a8
01-01 05:04:09.395 0 0 I : __arm64_compat_sys_ioctl+0xf4/0x240
01-01 05:04:09.395 0 0 I : el0_svc_common+0xa4/0x190
01-01 05:04:09.395 0 0 I : el0_svc_compat_handler+0x28/0x38
01-01 05:04:09.395 0 0 I : el0_svc_compat+0x8/0x34
08-16 16:52:13.504 1153 1178 I service_manager_slow: [19,platform_compat]
08-16 16:52:13.504 1153 1178 D CompatibilityChangeReporter: Compat change id reported: 168419799; UID 1001; state: DISABLED
08-16 16:52:13.507 1153 1727 I dvm_lock_sample: [system_server,1,Binder:1153_3,237,ContentProviderHelper.java,155,android.app.ContentProviderHolder com.android.server.am.ContentProviderHelper.getContentProviderImpl(android.app.IApplicationThread, java.lang.String, android.os.IBinder, int, java.lang.String, java.lang.String, boolean, int),,0,null,47]
08-16 16:52:13.513 1153 1319 I service_manager_slow: [28,phone]
08-16 16:52:13.514 1153 1153 D SystemServerTiming: StartSystemUI took to complete: 60ms
08-16 16:52:13.514 1153 1153 I SystemServerTiming: startRemoteControlService
01-01 05:04:09.401 0 0 E : INFO: trying to register non-static key.
01-01 05:04:09.406 0 0 E ueventd : firmware: attempted /vendor/firmware_mnt/image/qca6390/regdb.bin, open failed: No such file or directory
01-01 05:04:09.415 0 0 I binder : 1297:1297 ioctl 40046210 7fc1beab24 returned -22
08-16 16:52:13.517 1153 1153 D SystemServerTiming: startRemoteControlService took to complete: 3ms
08-16 16:52:13.517 1153 1153 D SystemServerTiming: startOtherServices took to complete: 2664ms
08-16 16:52:13.517 1153 1153 D SystemServerTiming: StartServices took to complete: 7600ms
01-01 05:04:09.417 0 0 E : the code is fine but needs lockdep annotation.
01-01 05:04:09.417 0 0 I : CPU: 0 PID: 482 Comm: kworker/u16:16 Tainted: G S W O 4.19.157+ #1
01-01 05:04:09.417 0 0 I Hardware name: Qualcomm Technologies, Inc. kona MTP-RmPM8150b (DT)
01-01 05:04:09.417 0 0 I Workqueue: events_unbound ion_system_secure_heap_prefetch_work
01-01 05:04:09.417 0 0 I Call trace:
01-01 05:04:09.417 0 0 I : dump_backtrace+0x0/0x258
01-01 05:04:09.417 0 0 I : show_stack+0x20/0x30
01-01 05:04:09.417 0 0 I : dump_stack+0xd8/0x12c
01-01 05:04:09.417 0 0 I : register_lock_class+0x4d0/0x5c8
01-01 05:04:09.417 0 0 I : __lock_acquire+0xbc/0x1e58
01-01 05:04:09.417 0 0 I : lock_acquire+0x1cc/0x218
01-01 05:04:09.417 0 0 I : _raw_spin_lock_irqsave+0x54/0x98
01-01 05:04:09.417 0 0 I : ion_system_secure_heap_prefetch_work+0x94/0x2c0
01-01 05:04:09.417 0 0 I : process_one_work+0x38c/0x660
