08-16 16:52:21.509 1830 1830 W KeyguardUpdateMonitor: invalid subId in handleServiceStateChange()
08-16 16:52:21.512 520 520 I hwservicemanager: Since vendor.qti.hardware.iop@2.0::IIop/default is not registered, trying to start it as a lazy HAL.
08-16 16:52:21.513 1036 2126 D APM::HwModule: createDevice: adding dynamic device type:0x80000008,@:SUPPRESSED to module primary
08-16 16:52:21.514 1153 1247 I ActivityTaskManager: Displayed com.android.launcher3/.uioverrides.QuickstepLauncher: +2s191ms
08-16 16:52:21.514 818 896 D audio_hw_primary: adev_set_parameters: enter: 00:00:00:00:00:00=;connect=-2147483640
08-16 16:52:21.514 818 896 D audio_hw_hfp: hfp_set_parameters: enter
08-16 16:52:21.514 818 896 D audio_hw_extn: audio_extn_fm_set_parameters: Enter
08-16 16:52:21.514 818 896 D sound_trigger_platform: platform_stdev_get_capture_device: Device = 0x80000004
08-16 16:52:21.514 818 896 D sound_trigger_platform: platform_stdev_get_capture_device: Available device = 0x80000004
08-16 16:52:21.514 818 896 D sound_trigger_hw: handle_device_switch: device 0x80000008 Connected
08-16 16:52:21.514 3128 3240 I ExternalStorageServiceImpl: Starting session for id: emulated;0
08-16 16:52:21.514 1816 3101 E HeadsetStateMachine: returning mCurrentState as Connected
08-16 16:52:21.516 818 1656 D audio_hw_primary: adev_open_input_stream: enter: sample_rate(192000) channel_mask(0x8000000f) devices(0x80000008) stream_handle(0xf2581f90) io_handle(78) source(1) format 5
08-16 16:52:21.516 3128 3240 V FuseDaemonThread: Waiting 1000ms for FUSE start. Count 4
08-16 16:52:21.516 818 896 D audio_hw_primary: adev_open_input_stream: enter: sample_rate(48000) channel_mask(0x8000000f) devices(0x80000008) stream_handle(0xf2586bb0) io_handle(78) source(1) format 1
08-16 16:52:21.517 818 896 D audio_hw_primary: io_streams_map_insert: Added stream in io_streams_map with handle 78
08-16 16:52:21.517 818 896 E device_utils: update_device_list: Invalid device: 0
08-16 16:52:21.518 520 520 I hwservicemanager: Since vendor.qti.hardware.iop@2.0::IIop/default is not registered, trying to start it as a lazy HAL.
08-16 16:52:21.518 2373 2373 D SST : [0] SST.requestAllCellInfo(): not implemented
08-16 16:52:21.518 2373 2373 W PhoneInterfaceManager: Timeout Waiting for CellInfo!
08-16 16:52:21.520 1830 1830 D KeyguardUpdateMonitor: handleServiceStateChange(subId=-1, serviceState={mVoiceRegState=1(OUT_OF_SERVICE), mDataRegState=1(OUT_OF_SERVICE), mChannelNumber=-1, duplexMode()=0, mCellBandwidths=[], mOperatorAlphaLong=null, mOperatorAlphaShort=null, isManualNetworkSelection=false(automatic), getRilVoiceRadioTechnology=0(Unknown), getRilDataRadioTechnology=0(Unknown), mCssIndicator=unsupported, mNetworkId=-1, mSystemId=-1, mCdmaRoamingIndicator=-1, mCdmaDefaultRoamingIndicator=-1, mIsEmergencyOnly=false, isUsingCarrierAggregation=false, mArfcnRsrpBoost=0, mNetworkRegistrationInfos=[NetworkRegistrationInfo{ domain=CS transportType=WWAN registrationState=UNKNOWN roamingType=NOT_ROAMING accessNetworkTechnology=UNKNOWN rejectCause=0 emergencyEnabled=false availableServices=[] cellIdentity=null voiceSpecificInfo=null dataSpecificInfo=null nrState=NONE rRplmn= isUsingCarrierAggregation=false}, NetworkRegistrationInfo{ domain=PS transportType=WWAN registrationState=UNKNOWN roamingType=NOT_ROAMING accessNetworkTechnology=UNKNOWN rejectCause=0 emergencyEnabled=false availableServices=[] cellIdentity=null voiceSpecificInfo=null dataSpecificInfo=null nrState=NONE rRplmn= isUsingCarrierAggregation=false}], mNrFrequencyRange=0, mOperatorAlphaLongRaw=null, mOperatorAlphaShortRaw=null, mIsDataRoamingFromRegistration=false, mIsIwlanPreferred=false}
08-16 16:52:21.520 1830 1830 W KeyguardUpdateMonitor: invalid subId in handleServiceStateChange()
08-16 16:52:21.521 520 3239 W libc : Unable to set property "ctl.interface_start" to "vendor.qti.hardware.iop@2.0::IIop/default": error code: 0x20
08-16 16:52:21.522 520 3239 I hwservicemanager: Tried to start vendor.qti.hardware.iop@2.0::IIop/default as a lazy service, but was unable to. Usually this happens when a service is not installed, but if the service is intended to be used as a lazy service, then it may be configured incorrectly.
08-16 16:52:21.524 1816 3101 D BluetoothHidHostService: getConnectionState: 00:1F:20:EB:59:9E
08-16 16:52:21.524 1036 3246 I AudioFlinger: AudioFlinger's thread 0xb4000078634170c0 tid=3246 ready to run
08-16 16:52:21.524 818 896 D audio_hw_primary: in_standby: enter: stream (0xf2586bb0) usecase(23: audio-record)
08-16 16:52:21.526 520 3243 W libc : Unable to set property "ctl.interface_start" to "vendor.qti.hardware.iop@2.0::IIop/default": error code: 0x20
08-16 16:52:21.526 1816 3101 D BluetoothHidHostService: getConnectionState: 00:1F:20:EB:59:9E
08-16 16:52:21.526 520 3243 I hwservicemanager: Tried to start vendor.qti.hardware.iop@2.0::IIop/default as a lazy service, but was unable to. Usually this happens when a service is not installed, but if the service is intended to be used as a lazy service, then it may be configured incorrectly.
08-16 16:52:21.528 818 896 D audio_hw_primary: in_set_parameters: enter: kvpairs=00:00:00:00:00:00=
08-16 16:52:21.528 2373 2373 D SST : [0] SST.requestAllCellInfo(): not implemented
08-16 16:52:21.528 2373 2373 W PhoneInterfaceManager: Timeout Waiting for CellInfo!
08-16 16:52:21.528 3128 3244 I FuseDaemonThread: Starting thread for emulated;0 ...
08-16 16:52:21.529 1830 1830 D EmergencyButton: requestCellInfoUpdate.onCellInfo cellInfoList.size=0
08-16 16:52:21.529 818 1656 D audio_hw_primary: in_standby: enter: stream (0xf2586bb0) usecase(23: audio-record)
08-16 16:52:21.530 1153 1746 D ConnectivityService: NetReassign [no changes]
08-16 16:52:21.531 1153 1736 W system_server: Long monitor contention with owner ConnectivityServiceThread (1746) at void com.android.server.net.NetworkStatsService.handleNotifyNetworkStatus(android.net.Network[], android.net.NetworkStateSnapshot[], java.lang.String)(NetworkStatsService.java:1273) waiters=1 in void com.android.server.net.NetworkStatsService.advisePersistThreshold(long) for 146ms
08-16 16:52:21.531 1153 1789 D Ethernet: got request NetworkRequest [ REQUEST id=37, [ Capabilities: INTERNET&NOT_RESTRICTED&TRUSTED&NOT_VCN_MANAGED Uid: 10043 RequestorUid: 1000 RequestorPkg: android] ]
08-16 16:52:21.531 1153 1736 I dvm_lock_sample: [system_server,0,NetworkPolicy,146,NetworkStatsService.java,1026,void com.android.server.net.NetworkStatsService.advisePersistThreshold(long),-,1273,void com.android.server.net.NetworkStatsService.handleNotifyNetworkStatus(android.net.Network[], android.net.NetworkStateSnapshot[], java.lang.String),29]
08-16 16:52:21.531 1153 1789 D EthernetNetworkFactory: acceptRequest, request: NetworkRequest [ REQUEST id=37, [ Capabilities: INTERNET&NOT_RESTRICTED&TRUSTED&NOT_VCN_MANAGED Uid: 10043 RequestorUid: 1000 RequestorPkg: android] ]
08-16 16:52:21.531 1153 1789 I EthernetNetworkFactory: networkForRequest, request: NetworkRequest [ REQUEST id=37, [ Capabilities: INTERNET&NOT_RESTRICTED&TRUSTED&NOT_VCN_MANAGED Uid: 10043 RequestorUid: 1000 RequestorPkg: android] ], network: NetworkInterfaceState{ refCount: 1, iface: eth0, up: true, hwAddress: 00:80:0f:74:31:00, networkCapabilities: [ Transports: ETHERNET Capabilities: NOT_METERED&INTERNET&NOT_RESTRICTED&TRUSTED&NOT_VPN&NOT_ROAMING&NOT_CONGESTED&NOT_SUSPENDED&NOT_VCN_MANAGED LinkUpBandwidth>=100000Kbps LinkDnBandwidth>=100000Kbps], networkAgent: null, score: 70, ipClient: android.net.ip.IIpClient$Stub$Proxy@16de185,linkProperties: {InterfaceName: eth0 LinkAddresses: [ fe80::d21b:ed9a:3fb0:7ad5/64 ] DnsAddresses: [ ] Domains: null MTU: 0 TcpBufferSizes: 524288,1048576,3145728,524288,1048576,2097152 Routes: [ fe80::/64 -> :: eth0 mtu 0 ]}}
08-16 16:52:21.531 1153 1789 I EthernetNetworkFactory: networkForRequest, request: NetworkRequest [ REQUEST id=37, [ Capabilities: INTERNET&NOT_RESTRICTED&TRUSTED&NOT_VCN_MANAGED Uid: 10043 RequestorUid: 1000 RequestorPkg: android] ], network: NetworkInterfaceState{ refCount: 1, iface: eth0, up: true, hwAddress: 00:80:0f:74:31:00, networkCapabilities: [ Transports: ETHERNET Capabilities: NOT_METERED&INTERNET&NOT_RESTRICTED&TRUSTED&NOT_VPN&NOT_ROAMING&NOT_CONGESTED&NOT_SUSPENDED&NOT_VCN_MANAGED LinkUpBandwidth>=100000Kbps LinkDnBandwidth>=100000Kbps], networkAgent: null, score: 70, ipClient: android.net.ip.IIpClient$Stub$Proxy@16de185,linkProperties: {InterfaceName: eth0 LinkAddresses: [ fe80::d21b:ed9a:3fb0:7ad5/64 ] DnsAddresses: [ ] Domains: null MTU: 0 TcpBufferSizes: 524288,1048576,3145728,524288,1048576,2097152 Routes: [ fe80::/64 -> :: eth0 mtu 0 ]}}
08-16 16:52:21.532 1153 1738 D WifiNetworkFactory: got request NetworkRequest [ REQUEST id=37, [ Capabilities: INTERNET&NOT_RESTRICTED&TRUSTED&NOT_VCN_MANAGED Uid: 10043 RequestorUid: 1000 RequestorPkg: android] ]
08-16 16:52:21.532 1153 1746 D ConnectivityService: Setting DNS servers for network 100 to [/192.168.1.1]
08-16 16:52:21.532 818 896 D audio_hw_primary: adev_open_input_stream: enter: sample_rate(48000) channel_mask(0x8000000f) devices(0x80000008) stream_handle(0xf2580d30) io_handle(86) source(1) format 1
08-16 16:52:21.532 818 896 D audio_hw_cin: cin_configure_input_stream: format 1 flags 0x40000000 SR 48000 CM 0x8000000f buf_size 7680 in 0xf2580d30
08-16 16:52:21.532 818 896 D audio_hw_primary: io_streams_map_insert: Added stream in io_streams_map with handle 86
08-16 16:52:21.532 818 896 E device_utils: update_device_list: Invalid device: 0
08-16 16:52:21.532 1153 1738 D UntrustedWifiNetworkFactory: got request NetworkRequest [ REQUEST id=37, [ Capabilities: INTERNET&NOT_RESTRICTED&TRUSTED&NOT_VCN_MANAGED Uid: 10043 RequestorUid: 1000 RequestorPkg: android] ]
08-16 16:52:21.532 1153 1738 D OemPaidWifiNetworkFactory: got request NetworkRequest [ REQUEST id=37, [ Capabilities: INTERNET&NOT_RESTRICTED&TRUSTED&NOT_VCN_MANAGED Uid: 10043 RequestorUid: 1000 RequestorPkg: android] ]
08-16 16:52:21.533 1830 1830 D EmergencyButton: requestCellInfoUpdate.onCellInfo cellInfoList.size=0
08-16 16:52:21.534 520 3245 W libc : Unable to set property "ctl.interface_start" to "vendor.qti.hardware.iop@2.0::IIop/default": error code: 0x20
08-16 16:52:21.534 520 3245 I hwservicemanager: Tried to start vendor.qti.hardware.iop@2.0::IIop/default as a lazy service, but was unable to. Usually this happens when a service is not installed, but if the service is intended to be used as a lazy service, then it may be configured incorrectly.
08-16 16:52:21.535 3128 3244 I FuseDaemon: Starting fuse...
08-16 16:52:21.535 2373 2373 D TelephonyNetworkFactory[0]: got request NetworkRequest [ REQUEST id=37, [ Capabilities: INTERNET&NOT_RESTRICTED&TRUSTED&NOT_VCN_MANAGED Uid: 10043 RequestorUid: 1000 RequestorPkg: android] ]
08-16 16:52:21.536 2373 2373 D TelephonyNetworkFactory[1]: got request NetworkRequest [ REQUEST id=37, [ Capabilities: INTERNET&NOT_RESTRICTED&TRUSTED&NOT_VCN_MANAGED Uid: 10043 RequestorUid: 1000 RequestorPkg: android] ]
08-16 16:52:21.536 2373 2373 D TelephonyNetworkFactory[0]: onNeedNetworkFor NetworkRequest [ REQUEST id=37, [ Capabilities: INTERNET&NOT_RESTRICTED&TRUSTED&NOT_VCN_MANAGED Uid: 10043 RequestorUid: 1000 RequestorPkg: android] ] shouldApply false
08-16 16:52:21.537 2373 2373 D TelephonyNetworkFactory[1]: onNeedNetworkFor NetworkRequest [ REQUEST id=37, [ Capabilities: INTERNET&NOT_RESTRICTED&TRUSTED&NOT_VCN_MANAGED Uid: 10043 RequestorUid: 1000 RequestorPkg: android] ] shouldApply false
08-16 16:52:21.543 3194 3194 I Perf : Connecting to perf service.
08-16 16:52:21.547 1816 3101 D BluetoothHidHostService: getConnectionState: 00:1F:20:D5:AB:67
08-16 16:52:21.551 1036 3250 I AudioFlinger: AudioFlinger's thread 0xb4000078634770d0 tid=3250 ready to run
08-16 16:52:21.552 818 896 D audio_hw_primary: in_standby: enter: stream (0xf2580d30) usecase(25: audio-record-compress2)
08-16 16:52:21.555 1153 1736 I service_manager_slow: [17,alarm]
08-16 16:52:21.555 1153 1736 W BestClock: java.time.DateTimeException: Missing NTP fix
08-16 16:52:21.556 1232 1871 E IPCThreadState: binder thread pool (1 threads) starved for 130 ms
08-16 16:52:21.557 1153 2442 D WifiMemoryStoreImpl: Set cluster G4a1bdf081a6b777b for W93bf3f1d75dc3c31: SUCCESS
08-16 16:52:21.565 1153 1746 W BestClock: java.time.DateTimeException: Missing NTP fix
08-16 16:52:21.567 3171 3171 W XTSrv : setPackagePresence
08-16 16:52:21.567 1816 2848 E HeadsetStateMachine: returning mCurrentState as Connected
08-16 16:52:21.569 682 682 I netd : trafficSwapActiveStatsMap() <1.60ms>
08-16 16:52:21.571 1153 1736 W BestClock: java.time.DateTimeException: Missing NTP fix
08-16 16:52:21.571 2396 2396 I wm_on_destroy_called: [252486832,com.android.settings.FallbackHome,performDestroy]
08-16 16:52:21.572 2863 2893 D XTProxy : onServiceConnected
08-16 16:52:21.573 3128 3231 V MediaProvider: onConfigure() for external.db
08-16 16:52:21.574 1816 2848 D BluetoothPbapService: getConnectionState: 00:58:76:20:46:3D
08-16 16:52:21.576 3194 3194 V GraphicsEnvironment: ANGLE Developer option for 'com.android.printspooler' set to: 'default'
08-16 16:52:21.576 3128 3231 V MediaProvider: onOpen() for external.db
08-16 16:52:21.577 3128 3231 V MediaProvider: onOpen() finished for external.db
08-16 16:52:21.577 3194 3194 V GraphicsEnvironment: ANGLE GameManagerService for com.android.printspooler: false
08-16 16:52:21.579 1816 2848 D BluetoothHidHostService: getConnectionState: 00:1F:20:EB:59:9E
08-16 16:52:21.580 818 896 D audio_hw_primary: in_set_parameters: enter: kvpairs=00:00:00:00:00:00=
08-16 16:52:21.581 818 1656 D audio_hw_primary: in_standby: enter: stream (0xf2580d30) usecase(25: audio-record-compress2)
08-16 16:52:21.581 1153 1179 W InputManager-JNI: Input channel object 'bc9abf3 com.android.settings/com.android.settings.FallbackHome (client)' was disposed without first being removed with the input manager!
08-16 16:52:21.582 682 682 I netd : tetherGetStats() -> {[]} <10.34ms>
08-16 16:52:21.583 818 896 D audio_hw_primary: adev_open_input_stream: enter: sample_rate(48000) channel_mask(0x10) devices(0x80000008) stream_handle(0xf2582f50) io_handle(94) source(1) format 1
08-16 16:52:21.583 818 896 D audio_hw_cin: cin_configure_input_stream: format 1 flags 0x40000000 SR 48000 CM 0x10 buf_size 1920 in 0xf2582f50
08-16 16:52:21.584 818 896 D audio_hw_primary: io_streams_map_insert: Added stream in io_streams_map with handle 94
08-16 16:52:21.584 818 896 E device_utils: update_device_list: Invalid device: 0
08-16 16:52:21.585 2901 2901 I NfcService: Starting NFC service
08-16 16:52:21.586 2901 2901 E NfcService: WiredSeService Class not found
08-16 16:52:21.589 3194 3194 D NetworkSecurityConfig: No Network Security Config specified, using platform default
08-16 16:52:21.589 3194 3194 D NetworkSecurityConfig: No Network Security Config specified, using platform default
01-01 05:04:17.501 0 0 I binder : 2901:2901 ioctl 40046210 7fd93f0e34 returned -22
08-16 16:52:21.590 1153 1746 W BestClock: java.time.DateTimeException: Missing NTP fix
08-16 16:52:21.595 1816 2848 D BluetoothHidHostService: getConnectionState: 00:1F:20:D5:AB:67
08-16 16:52:21.596 3149 3149 V GraphicsEnvironment: ANGLE Developer option for 'com.qualcomm.qti.biometrics.fingerprint.service' set to: 'default'
08-16 16:52:21.596 520 520 I hwservicemanager: Since vendor.qti.hardware.iop@2.0::IIop/default is not registered, trying to start it as a lazy HAL.
08-16 16:52:21.598 1816 2848 D BluetoothHidHostService: getConnectionState: 00:1F:20:D5:AB:67
08-16 16:52:21.598 1297 1297 E ANDR-IOP: IIop:: Iop HAL Service is not available.
08-16 16:52:21.599 1153 1793 D WifiMemoryStoreImpl: Set cluster G4a1bdf081a6b777b for W4a1bdf081a6b777b: SUCCESS
08-16 16:52:21.599 1153 1746 I netstats_mobile_sample: [0,0,0,0,0,0,0,0,0,0,0,0,1660668741599]
08-16 16:52:21.600 2901 2901 D NativeNfcManager: INqNfc 2.0 interface not initialized yet. Getting INqNfcV2_0 Service
08-16 16:52:21.600 1153 1746 I netstats_wifi_sample: [0,0,0,0,0,0,0,0,0,0,0,0,1660668741599]
08-16 16:52:21.602 1036 3256 I AudioFlinger: AudioFlinger's thread 0xb4000078634d70e0 tid=3256 ready to run
08-16 16:52:21.602 2901 2901 D hw-ProcessState: Binder ioctl to enable oneway spam detection failed: Invalid argument
08-16 16:52:21.602 818 1656 D audio_hw_primary: in_standby: enter: stream (0xf2582f50) usecase(25: audio-record-compress2)
08-16 16:52:21.602 3149 3149 V GraphicsEnvironment: ANGLE GameManagerService for com.qualcomm.qti.biometrics.fingerprint.service: false
08-16 16:52:21.604 818 1656 D audio_hw_primary: in_set_parameters: enter: kvpairs=00:00:00:00:00:00=
08-16 16:52:21.604 818 896 D audio_hw_primary: in_standby: enter: stream (0xf2582f50) usecase(25: audio-record-compress2)
08-16 16:52:21.604 1816 2848 E HeadsetStateMachine: returning mCurrentState as Connected
08-16 16:52:21.605 1153 1746 D ConnectivityService: [100 WIFI] EVENT_NETWORK_INFO_CHANGED, going from CONNECTING to CONNECTED
08-16 16:52:21.605 818 1656 D audio_hw_primary: adev_open_input_stream: enter: sample_rate(48000) channel_mask(0xc) devices(0x80000008) stream_handle(0xf2581f90) io_handle(102) source(1) format 1
08-16 16:52:21.605 818 1656 D audio_hw_cin: cin_configure_input_stream: format 1 flags 0x40000000 SR 48000 CM 0xc buf_size 3840 in 0xf2581f90
08-16 16:52:21.605 818 1656 D audio_hw_primary: io_streams_map_insert: Added stream in io_streams_map with handle 102
08-16 16:52:21.605 818 1656 E device_utils: update_device_list: Invalid device: 0
08-16 16:52:21.605 682 682 D TcpSocketMonitor: resuming tcpinfo polling (interval=30000ms)
08-16 16:52:21.606 682 682 I netd : networkCreate(NativeNetworkConfig{netId: 100, networkType: PHYSICAL, permission: 0, secure: false, vpnType: -1}) <0.38ms>
08-16 16:52:21.606 1153 1179 D CompatibilityInfo: mCompatibilityFlags - 4
08-16 16:52:21.606 1153 1179 D CompatibilityInfo: applicationDensity - 240
08-16 16:52:21.607 1153 1179 D CompatibilityInfo: applicationScale - 1.0
08-16 16:52:21.608 2223 2223 I QImsService: QtiImsExtService : QtiImsExtService created!
08-16 16:52:21.608 2223 2223 E QImsService: QtiImsExtService : QtiImsExtService, ImsService is not yet started retry.
08-16 16:52:21.608 2223 2223 E QImsService: QtiImsExtService : QtiImsExtService, ImsService is not yet started retry.
08-16 16:52:21.609 2223 2223 W QImsService: QtiImsExtService : onBind returned null
08-16 16:52:21.609 682 682 I netd : createNetworkCache(100) <1.60ms>
08-16 16:52:21.609 2373 2373 D QtiImsExtConnector: Attempt to bind QtiImsExt service returned with: true
08-16 16:52:21.610 2373 2373 D QtiImsExtConnector: onNullBinding componentName ComponentInfo{org.codeaurora.ims/org.codeaurora.ims.QtiImsExtService}
08-16 16:52:21.610 1153 1746 D DnsManager: sendDnsConfigurationForNetwork(100, [192.168.1.1], [], 1800, 25, 8, 64, 0, 0, , [])
08-16 16:52:21.615 3149 3149 D NetworkSecurityConfig: No Network Security Config specified, using platform default
08-16 16:52:21.616 3149 3149 D NetworkSecurityConfig: No Network Security Config specified, using platform default
08-16 16:52:21.617 682 682 D resolv : PrivateDnsConfiguration::set(100, 0xf0064, 0, )
08-16 16:52:21.617 682 682 I resolv : resolv_set_nameservers: netId = 100, numservers = 1
08-16 16:52:21.617 682 682 D resolv : android_getaddrinfofornetcontext: explore_numeric: ai_family=10 ai_socktype=2 ai_protocol=17
08-16 16:52:21.617 682 682 D resolv : explore_numeric_scope
08-16 16:52:21.617 682 682 D resolv : android_getaddrinfofornetcontext: explore_numeric: ai_family=2 ai_socktype=2 ai_protocol=17
08-16 16:52:21.617 682 682 D resolv : explore_numeric_scope
08-16 16:52:21.617 682 682 I resolv : resolv_set_nameservers: netid = 100, addr = 192.168.1.1
08-16 16:52:21.617 682 682 I netd : DnsResolverService::setResolverConfiguration(100, [192.168.1.1], [], 1800, 25, 8, 64, 0, 0, "", []) -> (0) (0.6ms)
08-16 16:52:21.617 682 682 I netd : setResolverConfiguration(ResolverParamsParcel{netId: 100, sampleValiditySeconds: 1800, successThreshold: 25, minSamples: 8, maxSamples: 64, baseTimeoutMsec: 0, retryCount: 0, servers: [192.168.1.1], domains: [], tlsName: , tlsServers: [], tlsFingerprints: [], caCertificate: , tlsConnectTimeoutMs: 0, resolverOptions: (null), transportTypes: [1]}) <0.71ms>
08-16 16:52:21.619 1036 3258 I AudioFlinger: AudioFlinger's thread 0xb4000078635370f0 tid=3258 ready to run
08-16 16:52:21.619 2901 2901 I android_os_HwBinder: HwBinder: Starting thread pool for getting: vendor.nxp.hardware.nfc@2.0::INqNfc/default
08-16 16:52:21.620 818 896 D audio_hw_primary: in_standby: enter: stream (0xf2581f90) usecase(25: audio-record-compress2)
08-16 16:52:21.621 949 949 D NxpHal : phNxpNciHal_getNfcChipId : enter
08-16 16:52:21.622 2901 2901 D NativeNfcManager: Chip-ID received from HAL interface: 0xa4
08-16 16:52:21.622 2901 2901 D NativeNfcManager: Loading library: sn100nfc_nci_jni
08-16 16:52:21.622 1816 2848 D BluetoothPbapService: getConnectionState: 00:58:76:20:46:3D
08-16 16:52:21.623 520 520 I hwservicemanager: Since vendor.qti.hardware.iop@2.0::IIop/default is not registered, trying to start it as a lazy HAL.
08-16 16:52:21.624 1297 1297 E ANDR-IOP: IIop:: Iop HAL Service is not available.
08-16 16:52:21.624 1816 3101 E HeadsetStateMachine: returning mCurrentState as Connected
08-16 16:52:21.625 1153 1736 W BestClock: java.time.DateTimeException: Missing NTP fix
08-16 16:52:21.625 2434 2550 D LoaderTask: loadWorkspace
08-16 16:52:21.627 520 3257 W libc : Unable to set property "ctl.interface_start" to "vendor.qti.hardware.iop@2.0::IIop/default": error code: 0x20
08-16 16:52:21.627 520 3257 I hwservicemanager: Tried to start vendor.qti.hardware.iop@2.0::IIop/default as a lazy service, but was unable to. Usually this happens when a service is not installed, but if the service is intended to be used as a lazy service, then it may be configured incorrectly.
08-16 16:52:21.629 1816 3101 D BluetoothHidHostService: getConnectionState: 00:1F:20:EB:59:9E
08-16 16:52:21.629 1153 1746 W DnsManager: updatePrivateDns(100, PrivateDnsConfig{true:/[]})
08-16 16:52:21.629 1153 1746 D ConnectivityService: Setting DNS servers for network 100 to [/192.168.1.1]
08-16 16:52:21.630 1153 1746 D DnsManager: sendDnsConfigurationForNetwork(100, [192.168.1.1], [], 1800, 25, 8, 64, 0, 0, , [192.168.1.1])
08-16 16:52:21.630 682 682 D resolv : PrivateDnsConfiguration::set(100, 0xf0064, 1, )
08-16 16:52:21.630 682 682 I resolv : resolv_set_nameservers: netId = 100, numservers = 1
08-16 16:52:21.630 682 682 D resolv : android_getaddrinfofornetcontext: explore_numeric: ai_family=10 ai_socktype=2 ai_protocol=17
08-16 16:52:21.630 682 682 D resolv : explore_numeric_scope
08-16 16:52:21.630 682 682 D resolv : android_getaddrinfofornetcontext: explore_numeric: ai_family=2 ai_socktype=2 ai_protocol=17
08-16 16:52:21.630 682 682 D resolv : explore_numeric_scope
08-16 16:52:21.631 682 3261 W resolv : Validating DnsTlsServer 192.168.1.1 with mark 0xf0064
08-16 16:52:21.631 682 682 I netd : DnsResolverService::setResolverConfiguration(100, [192.168.1.1], [], 1800, 25, 8, 64, 0, 0, "", [192.168.1.1]) -> (0) (0.5ms)
08-16 16:52:21.631 682 3261 D resolv : Beginning validation with mark f0064
08-16 16:52:21.631 682 3261 D resolv : No socket for query. Opening socket and sending.
08-16 16:52:21.631 1816 3101 D BluetoothHidHostService: getConnectionState: 00:1F:20:EB:59:9E
08-16 16:52:21.631 682 3261 D resolv : Constructing new socket
08-16 16:52:21.631 682 682 I netd : setResolverConfiguration(ResolverParamsParcel{netId: 100, sampleValiditySeconds: 1800, successThreshold: 25, minSamples: 8, maxSamples: 64, baseTimeoutMsec: 0, retryCount: 0, servers: [192.168.1.1], domains: [], tlsName: , tlsServers: [192.168.1.1], tlsFingerprints: [], caCertificate: , tlsConnectTimeoutMs: 0, resolverOptions: (null), transportTypes: [1]}) <0.60ms>
08-16 16:52:21.631 682 3261 D resolv : DnsTlsSocket is initialized with { mConnectTimeoutMs: 127000, mAsyncHandshake: 0 }
08-16 16:52:21.631 682 3261 D resolv : 983140 connecting TCP socket
08-16 16:52:21.632 682 3261 W resolv : Socket failed to connect: Network is unreachable
08-16 16:52:21.633 2434 2550 D LoaderTask: sanitizeData
08-16 16:52:21.634 1153 1746 D ConnectivityService: Adding iface wlan0 to network 100
08-16 16:52:21.636 682 3261 W resolv : TCP Handshake failed: 101
08-16 16:52:21.636 682 3261 D resolv : Initialization failed.
08-16 16:52:21.636 682 3261 D resolv : Destructor
08-16 16:52:21.637 682 3261 D resolv : Destructor completed
08-16 16:52:21.637 682 3261 D resolv : Failing all pending queries.
08-16 16:52:21.637 682 3261 W resolv : query failed
08-16 16:52:21.637 682 3261 D resolv : Destructor
08-16 16:52:21.637 682 3261 D resolv : Locked destruction procedure
08-16 16:52:21.637 682 3261 D resolv : Destructor completed
08-16 16:52:21.637 682 3261 W resolv : validateDnsTlsServer returned 0 for 192.168.1.1
08-16 16:52:21.637 682 3261 D resolv : Sending validation failure event on netId 100 for 192.168.1.1 with hostname {}
08-16 16:52:21.638 520 3260 W libc : Unable to set property "ctl.interface_start" to "vendor.qti.hardware.iop@2.0::IIop/default": error code: 0x20
08-16 16:52:21.638 520 3260 I hwservicemanager: Tried to start vendor.qti.hardware.iop@2.0::IIop/default as a lazy service, but was unable to. Usually this happens when a service is not installed, but if the service is intended to be used as a lazy service, then it may be configured incorrectly.
08-16 16:52:21.638 818 896 D audio_hw_primary: in_set_parameters: enter: kvpairs=00:00:00:00:00:00=
08-16 16:52:21.639 818 1656 D audio_hw_primary: in_standby: enter: stream (0xf2581f90) usecase(25: audio-record-compress2)
08-16 16:52:21.640 1153 1736 W BestClock: java.time.DateTimeException: Missing NTP fix
08-16 16:52:21.641 2434 2550 D LoaderTask: bindWorkspace
08-16 16:52:21.641 818 896 D audio_hw_primary: adev_open_input_stream: enter: sample_rate(48000) channel_mask(0xc) devices(0x80000008) stream_handle(0xf2586670) io_handle(110) source(1) format 1
08-16 16:52:21.641 818 896 D audio_hw_cin: cin_configure_input_stream: format 1 flags 0x40000000 SR 48000 CM 0xc buf_size 3840 in 0xf2586670
08-16 16:52:21.641 818 896 D audio_hw_primary: io_streams_map_insert: Added stream in io_streams_map with handle 110
08-16 16:52:21.641 818 896 E device_utils: update_device_list: Invalid device: 0
08-16 16:52:21.643 682 682 I netd : networkAddInterface(100, wlan0) <8.26ms>
08-16 16:52:21.643 1816 3101 D BluetoothHidHostService: getConnectionState: 00:1F:20:D5:AB:67
08-16 16:52:21.648 1816 3101 E HeadsetStateMachine: returning mCurrentState as Connected
08-16 16:52:21.649 3149 3149 I qfp-service: ShutdownReceiver event received: android.intent.action.LOCKED_BOOT_COMPLETED
08-16 16:52:21.650 682 3261 W resolv : Validation failed
08-16 16:52:21.650 682 682 I netd : networkAddRouteParcel(100, RouteInfoParcel{destination: fe80::/64, ifName: wlan0, nextHop: , mtu: 0}) <3.14ms>
08-16 16:52:21.652 682 749 I netd : networkAddRouteParcel(100, RouteInfoParcel{destination: 192.168.1.0/24, ifName: wlan0, nextHop: , mtu: 0}) <0.64ms>
08-16 16:52:21.653 682 749 I netd : networkAddRouteParcel(100, RouteInfoParcel{destination: 0.0.0.0/0, ifName: wlan0, nextHop: 192.168.1.1, mtu: 0}) <0.50ms>
08-16 16:52:21.654 1816 2848 D BluetoothPbapService: getConnectionState: 00:58:76:20:46:3D
08-16 16:52:21.654 1153 1746 D ConnectivityService: Setting DNS servers for network 100 to [/192.168.1.1]
08-16 16:52:21.655 1153 1746 D DnsManager: sendDnsConfigurationForNetwork(100, [192.168.1.1], [], 1800, 25, 8, 64, 0, 0, , [192.168.1.1])
08-16 16:52:21.655 682 749 D resolv : PrivateDnsConfiguration::set(100, 0xf0064, 1, )
08-16 16:52:21.656 682 749 I resolv : resolv_set_nameservers: netId = 100, numservers = 1
08-16 16:52:21.656 682 749 D resolv : android_getaddrinfofornetcontext: explore_numeric: ai_family=10 ai_socktype=2 ai_protocol=17
08-16 16:52:21.656 682 749 D resolv : explore_numeric_scope
08-16 16:52:21.656 682 749 D resolv : android_getaddrinfofornetcontext: explore_numeric: ai_family=2 ai_socktype=2 ai_protocol=17
08-16 16:52:21.656 682 749 D resolv : explore_numeric_scope
08-16 16:52:21.656 2434 2550 D LoaderTask: sendFirstScreenActiveInstallsBroadcast
08-16 16:52:21.656 682 749 I netd : DnsResolverService::setResolverConfiguration(100, [192.168.1.1], [], 1800, 25, 8, 64, 0, 0, "", [192.168.1.1]) -> (0) (0.6ms)
08-16 16:52:21.656 682 749 I netd : setResolverConfiguration(ResolverParamsParcel{netId: 100, sampleValiditySeconds: 1800, successThreshold: 25, minSamples: 8, maxSamples: 64, baseTimeoutMsec: 0, retryCount: 0, servers: [192.168.1.1], domains: [], tlsName: , tlsServers: [192.168.1.1], tlsFingerprints: [], caCertificate: , tlsConnectTimeoutMs: 0, resolverOptions: (null), transportTypes: [1]}) <0.65ms>
08-16 16:52:21.656 1036 3263 I AudioFlinger: AudioFlinger's thread 0xb400007863597100 tid=3263 ready to run
08-16 16:52:21.656 818 896 D audio_hw_primary: in_standby: enter: stream (0xf2586670) usecase(25: audio-record-compress2)
08-16 16:52:21.662 3149 3149 V qfp-service.MockDaemon: MockDaemon
08-16 16:52:21.667 818 896 D audio_hw_primary: in_set_parameters: enter: kvpairs=00:00:00:00:00:00=
08-16 16:52:21.667 1153 1746 W BestClock: java.time.DateTimeException: Missing NTP fix
08-16 16:52:21.668 818 1656 D audio_hw_primary: in_standby: enter: stream (0xf2586670) usecase(25: audio-record-compress2)
08-16 16:52:21.666 1816 3101 D BluetoothHidHostService: getConnectionState: 00:1F:20:EB:59:9E
08-16 16:52:21.670 682 682 I netd : trafficSwapActiveStatsMap() <2.65ms>
08-16 16:52:21.663 682 3264 W resolv : Validating DnsTlsServer 192.168.1.1 with mark 0xf0064
08-16 16:52:21.676 682 3264 D resolv : Beginning validation with mark f0064
08-16 16:52:21.677 682 3264 D resolv : No socket for query. Opening socket and sending.
08-16 16:52:21.679 682 682 I netd : tetherGetStats() -> {[]} <4.29ms>
08-16 16:52:21.679 2434 2550 D LoaderTask: step 1 complete
08-16 16:52:21.677 682 3264 D resolv : Constructing new socket
08-16 16:52:21.681 682 3264 D resolv : DnsTlsSocket is initialized with { mConnectTimeoutMs: 127000, mAsyncHandshake: 0 }
08-16 16:52:21.681 682 3264 D resolv : 983140 connecting TCP socket
08-16 16:52:21.688 818 1656 D audio_hw_primary: adev_close_input_stream: enter:stream_handle(0xf2586bb0)
08-16 16:52:21.689 818 1656 D audio_hw_primary: io_streams_map_remove: Removed stream with handle 78
08-16 16:52:21.689 818 1656 D soundtrigger: audio_extn_sound_trigger_check_ec_ref_enable: EC Reference is disabled
08-16 16:52:21.689 818 1656 D sound_trigger_hw: handle_audio_ec_ref_enabled: Enter
08-16 16:52:21.689 818 1656 D sound_trigger_hw: handle_audio_ec_ref_enabled: Exit audio ec ref=0
08-16 16:52:21.689 818 1656 D soundtrigger: audio_extn_sound_trigger_update_ec_ref_status: update audio echo ref status false
08-16 16:52:21.689 818 1656 D audio_hw_primary: in_standby: enter: stream (0xf2586bb0) usecase(23: audio-record)
08-16 16:52:21.690 1153 1153 I SoundTriggerMiddlewareLogging: setCaptureState[this=com.android.server.soundtrigger_middleware.SoundTriggerMiddlewareImpl@f776a28, client=null](false)
08-16 16:52:21.693 682 3264 D resolv : No known sessions
08-16 16:52:21.693 682 3264 D resolv : No session available
08-16 16:52:21.693 682 3264 D resolv : Calling SSL_connect with mark 0xf0064
08-16 16:52:21.694 682 3264 D resolv : SSL_connect returned -1 with mark 0xf0064
08-16 16:52:21.694 1153 1746 W BestClock: java.time.DateTimeException: Missing NTP fix
08-16 16:52:21.698 1153 1746 I netstats_mobile_sample: [0,0,0,0,0,0,0,0,0,0,0,0,1660668741698]
08-16 16:52:21.700 1153 1746 I netstats_wifi_sample: [0,0,0,0,0,0,0,0,0,0,0,0,1660668741698]
08-16 16:52:21.706 1153 1738 D WifiClientModeImpl[wlan0]: Received signal strength thresholds: []
08-16 16:52:21.707 1153 1738 E WifiVendorHal: stopRssiMonitoring(l.2617) failed {.code = ERROR_NOT_AVAILABLE, .description = }
08-16 16:52:21.708 1153 1746 D ConnectivityService: NetReassign [19 : null → 100, 24 : null → 100, 7 : null → 100, 22 : null → 100, 35 : null → 100, 15 : null → 100, 1 : null → 100, 28 : null → 100, 37 : null → 100, 33 : null → 100, 17 : null → 100, 31 : null → 100]
08-16 16:52:21.709 1153 1746 D ConnectivityService: Switching to new default network for: uid/pid:1000/1153 activeRequest: 1 callbackRequest: 1 [NetworkRequest [ REQUEST id=1, [ Capabilities: INTERNET&NOT_RESTRICTED&TRUSTED&NOT_VPN&NOT_VCN_MANAGED RequestorUid: 1000 RequestorPkg: android] ]] callback flags: 1 priority: 2147483647 using NetworkAgentInfo{network{100} handle{432902426637} ni{WIFI CONNECTED extra: } Score(60 ; KeepConnected : 0 ; Policies : TRANSPORT_PRIMARY&IS_UNMETERED) lp{{InterfaceName: wlan0 LinkAddresses: [ fe80::fd:91ff:fef2:ce32/64,192.168.1.102/24 ] DnsAddresses: [ /192.168.1.1 ] Domains: null MTU: 0 ServerAddress: /192.168.1.1 TcpBufferSizes: 524288,1048576,2097152,262144,524288,1048576 Routes: [ fe80::/64 -> :: wlan0 mtu 0,192.168.1.0/24 -> 0.0.0.0 wlan0 mtu 0,0.0.0.0/0 -> 192.168.1.1 wlan0 mtu 0 ]}} nc{[ Transports: WIFI Capabilities: NOT_METERED&INTERNET&NOT_RESTRICTED&TRUSTED&NOT_VPN&NOT_ROAMING&FOREGROUND&NOT_CONGESTED&NOT_SUSPENDED&NOT_VCN_MANAGED LinkUpBandwidth>=12000Kbps LinkDnBandwidth>=60000Kbps Specifier: TransportInfo: SignalStrength: -29 OwnerUid: 1000 AdminUids: [1000] SSID: "TP-LINK_5G_9319"]}}
08-16 16:52:21.709 1830 2096 D CachedBluetoothDevice: onProfileStateChanged: profile HEADSET, device Mifa_F5, newProfileState 2
08-16 16:52:21.709 682 682 I netd : networkSetDefault(100) <0.55ms>
08-16 16:52:21.712 1153 1736 W BestClock: java.time.DateTimeException: Missing NTP fix
08-16 16:52:21.713 1153 1252 I wm_task_removed: [2,cleanUpResourcesForDestroy]
08-16 16:52:21.714 1153 1252 I wm_task_removed: [2,removeChild:removeChild last r=ActivityRecord{f0ca4b0 u0 com.android.settings/.FallbackHome t-1 f}} in t=Task{cf1e1d2 #2 type=home A=1000:com.android.settings.FallbackHome U=0 visible=false mode=fullscreen translucent=true sz=0}]
08-16 16:52:21.714 1153 1252 I wm_task_removed: [2,removeChild]
08-16 16:52:21.716 1153 1736 W BestClock: java.time.DateTimeException: Missing NTP fix
01-01 05:04:17.614 0 0 I [soft_i][0x58762d80][16:52:21.715692] wlan: [0:I:DP] dp_addba_requestprocess_wifi3 restore BA win 64 based on addba req
08-16 16:52:21.718 1402 1402 I cnss-daemon: Ready to update GW parameters
08-16 16:52:21.718 818 1656 D audio_hw_primary: adev_close_input_stream: enter:stream_handle(0xf2580d30)
08-16 16:52:21.718 818 1656 D audio_hw_primary: io_streams_map_remove: Removed stream with handle 86
08-16 16:52:21.718 818 1656 D soundtrigger: audio_extn_sound_trigger_check_ec_ref_enable: EC Reference is disabled
08-16 16:52:21.718 818 1656 D sound_trigger_hw: handle_audio_ec_ref_enabled: Enter
08-16 16:52:21.718 818 1656 D sound_trigger_hw: handle_audio_ec_ref_enabled: Exit audio ec ref=0
08-16 16:52:21.718 818 1656 D soundtrigger: audio_extn_sound_trigger_update_ec_ref_status: update audio echo ref status false
08-16 16:52:21.718 818 1656 D audio_hw_primary: in_standby: enter: stream (0xf2580d30) usecase(25: audio-record-compress2)
08-16 16:52:21.718 3149 3149 V qfp-service.MockDaemon: mService211901011
08-16 16:52:21.719 682 749 I netd : setProcSysNet(4, 2, wlan0, retrans_time_ms, 750) <0.28ms>
01-01 05:04:17.620 0 0 I binder : 3149:3149 ioctl 40046210 7fd93f1264 returned -22
08-16 16:52:21.721 3149 3149 D hw-ProcessState: Binder ioctl to enable oneway spam detection failed: Invalid argument
08-16 16:52:21.722 1153 1153 I SoundTriggerMiddlewareLogging: setCaptureState[this=com.android.server.soundtrigger_middleware.SoundTriggerMiddlewareImpl@f776a28, client=null](false)
08-16 16:52:21.725 682 749 I netd : setProcSysNet(4, 2, wlan0, ucast_solicit, 10) <0.49ms>
08-16 16:52:21.726 682 749 I netd : setProcSysNet(6, 2, wlan0, retrans_time_ms, 750) <0.18ms>
08-16 16:52:21.729 682 745 I netd : setProcSysNet(6, 2, wlan0, ucast_solicit, 10) <0.15ms>
08-16 16:52:21.734 818 1656 D audio_hw_primary: adev_close_input_stream: enter:stream_handle(0xf2582f50)
08-16 16:52:21.734 818 1656 D audio_hw_primary: io_streams_map_remove: Removed stream with handle 94
08-16 16:52:21.734 818 1656 D soundtrigger: audio_extn_sound_trigger_check_ec_ref_enable: EC Reference is disabled
08-16 16:52:21.734 818 1656 D sound_trigger_hw: handle_audio_ec_ref_enabled: Enter
08-16 16:52:21.734 818 1656 D sound_trigger_hw: handle_audio_ec_ref_enabled: Exit audio ec ref=0
08-16 16:52:21.734 818 1656 D soundtrigger: audio_extn_sound_trigger_update_ec_ref_status: update audio echo ref status false
08-16 16:52:21.734 818 1656 D audio_hw_primary: in_standby: enter: stream (0xf2582f50) usecase(25: audio-record-compress2)
08-16 16:52:21.735 3149 3149 I android_os_HwBinder: HwBinder: Starting thread pool for getting: vendor.qti.hardware.fingerprint@1.0::IQtiExtendedFingerprint/default
08-16 16:52:21.737 682 3264 D resolv : Calling SSL_connect with mark 0xf0064
08-16 16:52:21.737 682 3264 D resolv : SSL_connect returned -1 with mark 0xf0064
08-16 16:52:21.737 682 3264 W resolv : SSL_connect ssl error =5, mark 0xf0064: Connection refused
08-16 16:52:21.737 682 3264 W resolv : TLS Handshake failed
08-16 16:52:21.737 682 3264 D resolv : Initialization failed.
08-16 16:52:21.737 682 3264 D resolv : Destructor
08-16 16:52:21.737 682 3264 D resolv : Destructor completed
08-16 16:52:21.737 1153 1153 I SoundTriggerMiddlewareLogging: setCaptureState[this=com.android.server.soundtrigger_middleware.SoundTriggerMiddlewareImpl@f776a28, client=null](false)
08-16 16:52:21.738 682 739 E NetlinkEvent: NetlinkEvent::FindParam(): Parameter 'INTERFACE' not found
08-16 16:52:21.738 682 739 E NetlinkEvent: NetlinkEvent::FindParam(): Parameter 'STATE' not found
08-16 16:52:21.738 682 3264 D resolv : Failing all pending queries.
08-16 16:52:21.738 682 739 E NetlinkEvent: NetlinkEvent::FindParam(): Parameter 'TIME_NS' not found
08-16 16:52:21.738 682 3264 W resolv : query failed
08-16 16:52:21.738 682 739 E NetlinkEvent: NetlinkEvent::FindParam(): Parameter 'UID' not found
08-16 16:52:21.738 682 3264 D resolv : Destructor
08-16 16:52:21.738 682 3264 D resolv : Locked destruction procedure
08-16 16:52:21.738 682 3264 D resolv : Destructor completed
08-16 16:52:21.738 682 3264 W resolv : validateDnsTlsServer returned 0 for 192.168.1.1
08-16 16:52:21.738 682 3264 D resolv : Sending validation failure event on netId 100 for 192.168.1.1 with hostname {}
08-16 16:52:21.738 682 3264 W resolv : Validation failed
08-16 16:52:21.741 1816 1846 D HearingAidService: getActiveDevices
08-16 16:52:21.746 1816 2848 D BluetoothHidHostService: getConnectionState: 00:1F:20:D5:AB:67
08-16 16:52:21.746 818 1656 D audio_hw_primary: adev_close_input_stream: enter:stream_handle(0xf2581f90)
08-16 16:52:21.746 818 1656 D audio_hw_primary: io_streams_map_remove: Removed stream with handle 102
08-16 16:52:21.746 818 1656 D soundtrigger: audio_extn_sound_trigger_check_ec_ref_enable: EC Reference is disabled
08-16 16:52:21.746 818 1656 D sound_trigger_hw: handle_audio_ec_ref_enabled: Enter
08-16 16:52:21.746 818 1656 D sound_trigger_hw: handle_audio_ec_ref_enabled: Exit audio ec ref=0
08-16 16:52:21.746 682 682 I netd : idletimerAddInterface(wlan0, 15, 1) <32.58ms>
08-16 16:52:21.746 818 1656 D soundtrigger: audio_extn_sound_trigger_update_ec_ref_status: update audio echo ref status false
08-16 16:52:21.746 818 1656 D audio_hw_primary: in_standby: enter: stream (0xf2581f90) usecase(25: audio-record-compress2)
08-16 16:52:21.747 682 682 I netd : setTcpRWmemorySize(524288 1048576 2097152, 262144 524288 1048576) <0.52ms>
08-16 16:52:21.749 1153 1153 I SoundTriggerMiddlewareLogging: setCaptureState[this=com.android.server.soundtrigger_middleware.SoundTriggerMiddlewareImpl@f776a28, client=null](false)
08-16 16:52:21.756 1153 2776 I am_uid_running: 10144
08-16 16:52:21.757 1153 2776 D CompatibilityChangeReporter: Compat change id reported: 135634846; UID 10144; state: DISABLED
08-16 16:52:21.757 1153 2776 D CompatibilityChangeReporter: Compat change id reported: 177438394; UID 10144; state: DISABLED
08-16 16:52:21.757 1153 2776 D CompatibilityChangeReporter: Compat change id reported: 135772972; UID 10144; state: DISABLED
08-16 16:52:21.758 1153 2776 D CompatibilityChangeReporter: Compat change id reported: 135754954; UID 10144; state: ENABLED
08-16 16:52:21.758 1153 1324 D CompatibilityChangeReporter: Compat change id reported: 143937733; UID 10144; state: ENABLED
08-16 16:52:21.762 818 896 D audio_hw_primary: adev_close_input_stream: enter:stream_handle(0xf2586670)
08-16 16:52:21.762 818 896 D audio_hw_primary: io_streams_map_remove: Removed stream with handle 110
08-16 16:52:21.762 818 896 D soundtrigger: audio_extn_sound_trigger_check_ec_ref_enable: EC Reference is disabled
08-16 16:52:21.762 818 896 D sound_trigger_hw: handle_audio_ec_ref_enabled: Enter
08-16 16:52:21.762 818 896 D sound_trigger_hw: handle_audio_ec_ref_enabled: Exit audio ec ref=0
08-16 16:52:21.762 818 896 D soundtrigger: audio_extn_sound_trigger_update_ec_ref_status: update audio echo ref status false
08-16 16:52:21.762 818 896 D audio_hw_primary: in_standby: enter: stream (0xf2586670) usecase(25: audio-record-compress2)
08-16 16:52:21.763 1153 1153 I SoundTriggerMiddlewareLogging: setCaptureState[this=com.android.server.soundtrigger_middleware.SoundTriggerMiddlewareImpl@f776a28, client=null](false)
08-16 16:52:21.751 1816 2848 D BluetoothHidHostService: getConnectionState: 00:1F:20:D5:AB:67
08-16 16:52:21.765 1153 1153 W Looper : Slow dispatch took 834ms main h=android.app.ActivityThread$H c=android.app.LoadedApk$ReceiverDispatcher$Args$$ExternalSyntheticLambda0@e3486b5 m=0
08-16 16:52:21.765 1153 1153 I Telecom : BluetoothStateReceiver: Device 00:58:76:20:46:3D is now the preferred BT device for HFP: BSR.oR@ABo
08-16 16:52:21.766 1153 1153 W Looper : Slow delivery took 832ms main h=android.app.ActivityThread$H c=android.app.LoadedApk$ReceiverDispatcher$Args$$ExternalSyntheticLambda0@8fa38bb m=0
08-16 16:52:21.766 1153 2252 I Telecom : CallAudioRouteStateMachine: Message received: BT_ACTIVE_DEVICE_PRESENT=8, arg1=0: BSR.oR->CARSM.pM_BT_ACTIVE_DEVICE_PRESENT@ABo
08-16 16:52:21.766 1153 2252 I Telecom : QuiescentEarpieceRoute: Processing message BT_ACTIVE_DEVICE_PRESENT: BSR.oR->CARSM.pM_BT_ACTIVE_DEVICE_PRESENT@ABo
08-16 16:52:21.766 1153 2252 I Telecom : Logging.Events: Non-call EVENT: AUDIO_ROUTE, Bluetooth active device present: BSR.oR->CARSM.pM_BT_ACTIVE_DEVICE_PRESENT@ABo
08-16 16:52:21.766 1153 1153 I Telecom : BluetoothStateReceiver: Device 00:58:76:20:46:3D changed state to 2: BSR.oR@ABs
08-16 16:52:21.766 1153 2252 I Telecom : CallAudioRouteStateMachine: Message received: SWITCH_BLUETOOTH=1002, arg1=0: BSR.oR->CARSM.pM_BT_ACTIVE_DEVICE_PRESENT->CARSM.pM_SWITCH_BLUETOOTH@ABo
08-16 16:52:21.767 1153 2252 I Telecom : QuiescentEarpieceRoute: Processing message SWITCH_BLUETOOTH: BSR.oR->CARSM.pM_BT_ACTIVE_DEVICE_PRESENT->CARSM.pM_SWITCH_BLUETOOTH@ABo
08-16 16:52:21.767 1153 2252 W Telecom : QuiescentEarpieceRoute: Ignoring switch to bluetooth command. Not available.: BSR.oR->CARSM.pM_BT_ACTIVE_DEVICE_PRESENT->CARSM.pM_SWITCH_BLUETOOTH@ABo
08-16 16:52:21.768 1153 2252 I Telecom : CallAudioRouteStateMachine: Message received: BLUETOOTH_DEVICE_LIST_CHANGED=7, arg1=0: BSR.oR->CARSM.pM_BLUETOOTH_DEVICE_LIST_CHANGED@ABs
08-16 16:52:21.768 1153 2252 I Telecom : QuiescentEarpieceRoute: Processing message BLUETOOTH_DEVICE_LIST_CHANGED: BSR.oR->CARSM.pM_BLUETOOTH_DEVICE_LIST_CHANGED@ABs
08-16 16:52:21.769 1153 2252 I Telecom : Logging.Events: Non-call EVENT: AUDIO_ROUTE, Bluetooth device list changed: BSR.oR->CARSM.pM_BLUETOOTH_DEVICE_LIST_CHANGED@ABs
08-16 16:52:21.770 1153 2246 I Telecom : BluetoothRouteManager: Message received: NEW_DEVICE_CONNECTED.: BSR.oR->BRM.pM_1@ABs
08-16 16:52:21.774 1816 1846 W BluetoothDatabase: Invalid metadata key 17
08-16 16:52:21.774 1816 1846 E BluetoothDatabase: getCustomMeta: meta key invalid 17
08-16 16:52:21.776 1153 1746 W BestClock: java.time.DateTimeException: Missing NTP fix
08-16 16:52:21.777 2901 2901 I com.android.nf: [0816/165221.776922:INFO:NfcJniUtil.cpp(67)] NFC Service: loading nci JNI
08-16 16:52:21.781 1816 3101 D HearingAidService: getActiveDevices
08-16 16:52:21.787 1816 1846 E HeadsetStateMachine: returning mCurrentState as Connected
08-16 16:52:21.788 682 682 I netd : trafficSwapActiveStatsMap() <11.35ms>
08-16 16:52:21.790 1816 1845 D BluetoothPbapService: getConnectionState: 00:58:76:20:46:3D
08-16 16:52:21.795 1816 2848 E HeadsetStateMachine: returning mCurrentState as Connected
08-16 16:52:21.797 682 682 I netd : tetherGetStats() -> {[]} <5.78ms>
08-16 16:52:21.799 1816 2848 D BluetoothHidHostService: getConnectionState: 00:1F:20:EB:59:9E
08-16 16:52:21.800 1816 2848 D BluetoothHidHostService: getConnectionState: 00:1F:20:EB:59:9E
08-16 16:52:21.801 1816 1846 E HeadsetStateMachine: returning mCurrentState as Connected
08-16 16:52:21.801 682 3280 D resolv : ResNSendHandler::run: 0 / {100 983140 100 983140 1073 1}
01-01 05:04:17.698 0 0 D : mv2112_read_status
08-16 16:52:21.802 682 3280 I resolv : resolv_populate_res_for_net: netid=100
08-16 16:52:21.802 682 3280 D resolv : res_nsend
01-01 05:04:17.698 0 0 D mv2112_update_link: 3.0x901(1G): 0x4
08-16 16:52:21.802 682 3280 I resolv : resolv_cache_lookup: lookup
01-01 05:04:17.699 0 0 D mv2112_update_link: 3.0x8109(100M): 0x8
08-16 16:52:21.802 682 3280 I resolv : resolv_cache_lookup: NOT IN CACHE
08-16 16:52:21.802 682 3280 I resolv : resolv_populate_res_for_net: netid=100
08-16 16:52:21.802 682 3280 I resolv : res_stats_usable_server: NS stats: S 0 + E 0 + T 0 + I 0 = 0, rtt = -1, min_samples = 8
08-16 16:52:21.802 682 3280 D resolv : res_nsend: Querying server (# 1) address = 192.168.1.1:53
01-01 05:04:17.699 0 0 D mv2112_update_link: link 0x4
08-16 16:52:21.803 1816 1845 D BluetoothHidHostService: getConnectionState: 00:1F:20:D5:AB:67
01-01 05:04:17.699 0 0 D mv2112_read_status: autoneg is disabled
08-16 16:52:21.803 682 3280 D resolv : send_dg: new DG socket
08-16 16:52:21.804 1816 1845 D BluetoothHidHostService: getConnectionState: 00:1F:20:D5:AB:67
08-16 16:52:21.804 1816 3101 D HearingAidService: getActiveDevices
08-16 16:52:21.804 682 3279 D resolv : ResNSendHandler::run: 0 / {100 983140 100 983140 1073 1}
08-16 16:52:21.804 682 3279 I resolv : resolv_populate_res_for_net: netid=100
08-16 16:52:21.804 682 3279 D resolv : res_nsend
08-16 16:52:21.804 682 3279 I resolv : resolv_cache_lookup: lookup
08-16 16:52:21.804 682 3279 I resolv : resolv_cache_lookup: NOT IN CACHE
08-16 16:52:21.804 682 3279 I resolv : resolv_populate_res_for_net: netid=100
08-16 16:52:21.804 682 3279 I resolv : res_stats_usable_server: NS stats: S 0 + E 0 + T 0 + I 0 = 0, rtt = -1, min_samples = 8
08-16 16:52:21.804 682 3279 D resolv : res_nsend: Querying server (# 1) address = 192.168.1.1:53
08-16 16:52:21.805 682 3279 D resolv : send_dg: new DG socket
01-01 05:04:17.708 0 0 W logd : Skipping entries from slow reader, pid 2933, fd 14, from LogBuffer::Prune()
08-16 16:52:21.805 682 3279 I resolv : get_timeout: using timeout of 5000 msec
08-16 16:52:21.805 682 3279 I resolv : retrying_poll: 56 retrying_poll
08-16 16:52:21.805 1816 3101 E HeadsetStateMachine: returning mCurrentState as Connected
08-16 16:52:21.806 1816 2146 D BluetoothActiveDeviceManager: onAudioDevicesAdded
08-16 16:52:21.806 1816 2146 D BluetoothActiveDeviceManager: Audio device added: figure type: 7
08-16 16:52:21.806 1816 2146 D BluetoothActiveDeviceManager: Audio device added: figure type: 7
08-16 16:52:21.807 682 3280 I resolv : get_timeout: using timeout of 5000 msec
08-16 16:52:21.807 682 3280 I resolv : retrying_poll: 55 retrying_poll
08-16 16:52:21.807 1816 1845 D HearingAidService: getActiveDevices
08-16 16:52:21.807 1153 1746 W BestClock: java.time.DateTimeException: Missing NTP fix
08-16 16:52:21.807 1153 1746 I netstats_mobile_sample: [0,0,0,0,0,0,0,0,0,0,0,0,1660668741807]
08-16 16:52:21.807 1153 1746 I netstats_wifi_sample: [40,1,140,2,40,1,140,2,40,1,140,2,1660668741807]
08-16 16:52:21.809 1816 1846 D BluetoothPbapService: getConnectionState: 00:58:76:20:46:3D
08-16 16:52:21.810 1816 3101 E HeadsetStateMachine: returning mCurrentState as Connected
08-16 16:52:21.811 1816 3101 D BluetoothHidHostService: getConnectionState: 00:1F:20:EB:59:9E
08-16 16:52:21.811 1816 2848 D BluetoothHidHostService: getConnectionState: 00:1F:20:D5:AB:67
08-16 16:52:21.813 1816 2848 D BluetoothHidHostService: getConnectionState: 00:1F:20:EB:59:9E
08-16 16:52:21.814 1153 2442 D CompatibilityChangeReporter: Compat change id reported: 135634846; UID 10068; state: DISABLED
08-16 16:52:21.815 1153 2442 D CompatibilityChangeReporter: Compat change id reported: 177438394; UID 10068; state: DISABLED
08-16 16:52:21.815 1153 2442 D CompatibilityChangeReporter: Compat change id reported: 135772972; UID 10068; state: DISABLED
08-16 16:52:21.815 1153 2442 D CompatibilityChangeReporter: Compat change id reported: 135754954; UID 10068; state: ENABLED
08-16 16:52:21.815 1153 1916 D NetworkTimeUpdateService: New default network 100; checking time.
08-16 16:52:21.816 2901 2901 I com.android.nf: ConfigFile - Parsing file '/vendor/etc/libnfc-nci.conf'
08-16 16:52:21.816 2901 2901 I com.android.nf: ConfigFile - [NFC_DEBUG_ENABLED] = 1
08-16 16:52:21.816 2901 2901 I com.android.nf: ConfigFile - [NFA_STORAGE] = "/data/nfc"
08-16 16:52:21.816 2901 2901 I com.android.nf: ConfigFile - [NFA_DM_DISC_DURATION_POLL] = 500
08-16 16:52:21.816 2901 2901 I com.android.nf: ConfigFile - [UICC_LISTEN_TECH_MASK] = 0x07
08-16 16:52:21.816 2901 2901 I com.android.nf: ConfigFile - [HOST_LISTEN_ENABLE] = 0x01
08-16 16:52:21.816 2901 2901 I com.android.nf: ConfigFile - [SCREEN_OFF_POWER_STATE] = 1
08-16 16:52:21.816 2901 2901 I com.android.nf: ConfigFile - [POLLING_TECH_MASK] = 0x4F
08-16 16:52:21.816 2901 2901 I com.android.nf: ConfigFile - [P2P_LISTEN_TECH_MASK] = 0x45
08-16 16:52:21.816 2901 2901 I com.android.nf: ConfigFile - [PRESERVE_STORAGE] = 0x01
08-16 16:52:21.816 2901 2901 I com.android.nf: ConfigFile - [NFA_MAX_EE_SUPPORTED] = 0x03
