08-16 16:52:17.295 1153 1251 I ActivityManagerTiming: OnBootPhase_1000_com.android.server.wifi.scanner.WifiScanningService
08-16 16:52:17.295 1153 1251 D ActivityManagerTiming: OnBootPhase_1000_com.android.server.wifi.scanner.WifiScanningService took to complete: 0ms
08-16 16:52:17.295 1153 1251 I ActivityManagerTiming: OnBootPhase_1000_com.android.server.wifi.rtt.RttService
08-16 16:52:17.295 1153 1251 D ActivityManagerTiming: OnBootPhase_1000_com.android.server.wifi.rtt.RttService took to complete: 0ms
08-16 16:52:17.295 1153 1251 I ActivityManagerTiming: OnBootPhase_1000_com.android.server.wifi.aware.WifiAwareService
08-16 16:52:17.295 1153 1251 D ActivityManagerTiming: OnBootPhase_1000_com.android.server.wifi.aware.WifiAwareService took to complete: 1ms
08-16 16:52:17.295 1153 1251 I ActivityManagerTiming: OnBootPhase_1000_com.android.server.wifi.p2p.WifiP2pService
08-16 16:52:17.295 1153 1251 D ActivityManagerTiming: OnBootPhase_1000_com.android.server.wifi.p2p.WifiP2pService took to complete: 0ms
08-16 16:52:17.296 1153 1251 I ActivityManagerTiming: OnBootPhase_1000_com.android.server.ethernet.EthernetService
08-16 16:52:17.296 1153 1251 D ActivityManagerTiming: OnBootPhase_1000_com.android.server.ethernet.EthernetService took to complete: 0ms
08-16 16:52:17.296 1153 1251 I ActivityManagerTiming: OnBootPhase_1000_com.android.server.ConnectivityServiceInitializer
08-16 16:52:17.296 1153 1251 D ActivityManagerTiming: OnBootPhase_1000_com.android.server.ConnectivityServiceInitializer took to complete: 0ms
08-16 16:52:17.296 1153 1251 I ActivityManagerTiming: OnBootPhase_1000_com.android.server.notification.NotificationManagerService
08-16 16:52:17.296 1153 1251 D ActivityManagerTiming: OnBootPhase_1000_com.android.server.notification.NotificationManagerService took to complete: 0ms
08-16 16:52:17.296 1153 1251 I ActivityManagerTiming: OnBootPhase_1000_com.android.server.storage.DeviceStorageMonitorService
08-16 16:52:17.296 1153 1251 D ActivityManagerTiming: OnBootPhase_1000_com.android.server.storage.DeviceStorageMonitorService took to complete: 0ms
08-16 16:52:17.296 1153 1251 I ActivityManagerTiming: OnBootPhase_1000_com.android.server.location.LocationManagerService$Lifecycle
08-16 16:52:17.296 1153 1251 D ActivityManagerTiming: OnBootPhase_1000_com.android.server.location.LocationManagerService$Lifecycle took to complete: 0ms
08-16 16:52:17.296 1153 1251 I ActivityManagerTiming: OnBootPhase_1000_com.android.server.timedetector.TimeDetectorService$Lifecycle
08-16 16:52:17.296 1153 1251 D ActivityManagerTiming: OnBootPhase_1000_com.android.server.timedetector.TimeDetectorService$Lifecycle took to complete: 0ms
08-16 16:52:17.296 1153 1251 I ActivityManagerTiming: OnBootPhase_1000_com.android.server.timezonedetector.TimeZoneDetectorService$Lifecycle
08-16 16:52:17.296 1153 1251 D ActivityManagerTiming: OnBootPhase_1000_com.android.server.timezonedetector.TimeZoneDetectorService$Lifecycle took to complete: 0ms
08-16 16:52:17.296 1153 1251 I ActivityManagerTiming: OnBootPhase_1000_com.android.server.timezonedetector.location.LocationTimeZoneManagerService$Lifecycle
08-16 16:52:17.296 1153 1251 D ActivityManagerTiming: OnBootPhase_1000_com.android.server.timezonedetector.location.LocationTimeZoneManagerService$Lifecycle took to complete: 0ms
08-16 16:52:17.296 1153 1251 I ActivityManagerTiming: OnBootPhase_1000_com.android.server.search.SearchManagerService$Lifecycle
08-16 16:52:17.296 1153 1251 D ActivityManagerTiming: OnBootPhase_1000_com.android.server.search.SearchManagerService$Lifecycle took to complete: 0ms
08-16 16:52:17.296 1153 1251 I ActivityManagerTiming: OnBootPhase_1000_com.android.server.wallpaper.WallpaperManagerService$Lifecycle
08-16 16:52:17.297 1153 1251 D ActivityManagerTiming: OnBootPhase_1000_com.android.server.wallpaper.WallpaperManagerService$Lifecycle took to complete: 0ms
08-16 16:52:17.297 1153 1251 I ActivityManagerTiming: OnBootPhase_1000_com.android.server.audio.AudioService$Lifecycle
08-16 16:52:17.297 1153 1251 D ActivityManagerTiming: OnBootPhase_1000_com.android.server.audio.AudioService$Lifecycle took to complete: 0ms
08-16 16:52:17.297 1153 1251 I ActivityManagerTiming: OnBootPhase_1000_com.android.server.soundtrigger_middleware.SoundTriggerMiddlewareService$Lifecycle
08-16 16:52:17.297 1153 1251 D ActivityManagerTiming: OnBootPhase_1000_com.android.server.soundtrigger_middleware.SoundTriggerMiddlewareService$Lifecycle took to complete: 0ms
08-16 16:52:17.297 1153 1251 I ActivityManagerTiming: OnBootPhase_1000_com.android.server.DockObserver
08-16 16:52:17.297 1153 1251 D ActivityManagerTiming: OnBootPhase_1000_com.android.server.DockObserver took to complete: 0ms
08-16 16:52:17.297 1153 1251 I ActivityManagerTiming: OnBootPhase_1000_com.android.server.midi.MidiService$Lifecycle
08-16 16:52:17.297 1153 1251 D ActivityManagerTiming: OnBootPhase_1000_com.android.server.midi.MidiService$Lifecycle took to complete: 0ms
08-16 16:52:17.297 1153 1251 I ActivityManagerTiming: OnBootPhase_1000_com.android.server.adb.AdbService$Lifecycle
08-16 16:52:17.298 1153 1251 D ActivityManagerTiming: OnBootPhase_1000_com.android.server.adb.AdbService$Lifecycle took to complete: 1ms
08-16 16:52:17.298 1153 1251 I ActivityManagerTiming: OnBootPhase_1000_com.android.server.usb.UsbService$Lifecycle
08-16 16:52:17.298 1153 1251 D ActivityManagerTiming: OnBootPhase_1000_com.android.server.usb.UsbService$Lifecycle took to complete: 0ms
08-16 16:52:17.298 1153 1251 I ActivityManagerTiming: OnBootPhase_1000_com.android.server.twilight.TwilightService
08-16 16:52:17.302 1153 1178 D BluetoothManagerService: Creating new ProfileServiceConnections object for profile: 1
08-16 16:52:17.302 1153 1178 D BluetoothManagerService: Unable to bindService while Bluetooth is disabled
08-16 16:52:17.303 1153 1178 D TelephonyRegistry: listen oscl: mHasNotifySubscriptionInfoChangedOccurred==false no callback
08-16 16:52:17.304 2373 2373 D CallManager: registerForMmiComplete
08-16 16:52:17.305 2373 2373 D NewNitzStateMachineImpl: handleAirplaneModeChanged(false): mLatestNitzSignal was already null. Nothing to do.
08-16 16:52:17.305 2373 2373 D NewNitzStateMachineImpl: handleAirplaneModeChanged(false): mLatestNitzSignal was already null. Nothing to do.
08-16 16:52:17.308 1153 1251 D ActivityManagerTiming: OnBootPhase_1000_com.android.server.twilight.TwilightService took to complete: 9ms
08-16 16:52:17.308 1153 1251 I ActivityManagerTiming: OnBootPhase_1000_com.android.server.display.color.ColorDisplayService
08-16 16:52:17.308 1153 1251 D ActivityManagerTiming: OnBootPhase_1000_com.android.server.display.color.ColorDisplayService took to complete: 0ms
08-16 16:52:17.308 1153 1251 I ActivityManagerTiming: OnBootPhase_1000_com.android.server.job.JobSchedulerService
08-16 16:52:17.308 1153 1251 D ActivityManagerTiming: OnBootPhase_1000_com.android.server.job.JobSchedulerService took to complete: 0ms
08-16 16:52:17.308 1153 1251 I ActivityManagerTiming: OnBootPhase_1000_com.android.server.soundtrigger.SoundTriggerService
08-16 16:52:17.308 1153 1251 D SoundTriggerService: onBootPhase: 1000 : false
08-16 16:52:17.308 1153 1251 D ActivityManagerTiming: OnBootPhase_1000_com.android.server.soundtrigger.SoundTriggerService took to complete: 0ms
08-16 16:52:17.308 1153 1251 I ActivityManagerTiming: OnBootPhase_1000_com.android.server.trust.TrustManagerService
08-16 16:52:17.308 1153 1251 D ActivityManagerTiming: OnBootPhase_1000_com.android.server.trust.TrustManagerService took to complete: 0ms
08-16 16:52:17.308 1153 1251 I ActivityManagerTiming: OnBootPhase_1000_com.android.server.backup.BackupManagerService$Lifecycle
08-16 16:52:17.308 1153 1251 D ActivityManagerTiming: OnBootPhase_1000_com.android.server.backup.BackupManagerService$Lifecycle took to complete: 0ms
08-16 16:52:17.308 1153 1251 I ActivityManagerTiming: OnBootPhase_1000_com.android.server.appwidget.AppWidgetService
08-16 16:52:17.308 1153 1251 D ActivityManagerTiming: OnBootPhase_1000_com.android.server.appwidget.AppWidgetService took to complete: 0ms
08-16 16:52:17.308 1153 1251 I ActivityManagerTiming: OnBootPhase_1000_com.android.server.voiceinteraction.VoiceInteractionManagerService
08-16 16:52:17.308 1153 1251 D ActivityManagerTiming: OnBootPhase_1000_com.android.server.voiceinteraction.VoiceInteractionManagerService took to complete: 0ms
08-16 16:52:17.308 1153 1251 I ActivityManagerTiming: OnBootPhase_1000_com.android.server.apphibernation.AppHibernationService
08-16 16:52:17.309 1153 1251 D ActivityManagerTiming: OnBootPhase_1000_com.android.server.apphibernation.AppHibernationService took to complete: 0ms
08-16 16:52:17.309 1153 1251 I ActivityManagerTiming: OnBootPhase_1000_com.android.server.GestureLauncherService
08-16 16:52:17.309 1153 1251 D ActivityManagerTiming: OnBootPhase_1000_com.android.server.GestureLauncherService took to complete: 0ms
08-16 16:52:17.309 1153 1251 I ActivityManagerTiming: OnBootPhase_1000_com.android.server.SensorNotificationService
08-16 16:52:17.312 1153 2661 I HibernationStateDiskStore: No hibernation file on disk for file /data/system/hibernation/states
08-16 16:52:17.316 1153 1251 D CompatibilityChangeReporter: Compat change id reported: 168936375; UID 1000; state: DISABLED
08-16 16:52:17.316 1153 1251 D CompatibilityChangeReporter: Compat change id reported: 168936375; UID 1000; state: ENABLED
08-16 16:52:17.318 2373 2655 W ActivityThread: Failed to find provider info for com.android.contacts (user not unlocked)
08-16 16:52:17.318 1153 1251 D CompatibilityChangeReporter: Compat change id reported: 73144566; UID 1000; state: DISABLED
08-16 16:52:17.318 1153 1251 D CompatibilityChangeReporter: Compat change id reported: 73144566; UID 1000; state: ENABLED
08-16 16:52:17.319 1153 1251 D ActivityManagerTiming: OnBootPhase_1000_com.android.server.SensorNotificationService took to complete: 10ms
08-16 16:52:17.319 1153 1251 I ActivityManagerTiming: OnBootPhase_1000_com.android.server.emergency.EmergencyAffordanceService
08-16 16:52:17.319 1153 1251 D ActivityManagerTiming: OnBootPhase_1000_com.android.server.emergency.EmergencyAffordanceService took to complete: 0ms
08-16 16:52:17.319 1153 1251 I ActivityManagerTiming: OnBootPhase_1000_com.android.server.blob.BlobStoreManagerService
08-16 16:52:17.320 1153 1251 D ActivityManagerTiming: OnBootPhase_1000_com.android.server.blob.BlobStoreManagerService took to complete: 0ms
08-16 16:52:17.320 1153 1251 I ActivityManagerTiming: OnBootPhase_1000_com.android.server.dreams.DreamManagerService
08-16 16:52:17.320 1153 1251 D ActivityManagerTiming: OnBootPhase_1000_com.android.server.dreams.DreamManagerService took to complete: 0ms
08-16 16:52:17.320 1153 1251 I ActivityManagerTiming: OnBootPhase_1000_com.android.server.print.PrintManagerService
08-16 16:52:17.320 1153 1251 D ActivityManagerTiming: OnBootPhase_1000_com.android.server.print.PrintManagerService took to complete: 0ms
08-16 16:52:17.320 1153 1251 I ActivityManagerTiming: OnBootPhase_1000_com.android.server.companion.CompanionDeviceManagerService
08-16 16:52:17.320 1153 1251 D ActivityManagerTiming: OnBootPhase_1000_com.android.server.companion.CompanionDeviceManagerService took to complete: 0ms
08-16 16:52:17.320 1153 1251 I ActivityManagerTiming: OnBootPhase_1000_com.android.server.restrictions.RestrictionsManagerService
08-16 16:52:17.320 1153 1251 D ActivityManagerTiming: OnBootPhase_1000_com.android.server.restrictions.RestrictionsManagerService took to complete: 0ms
08-16 16:52:17.320 1153 1251 I ActivityManagerTiming: OnBootPhase_1000_com.android.server.media.MediaSessionService
01-01 05:04:13.203 0 0 I [wifi@1][0x5369c413][16:52:17.304259] wlan: [947:I:DP] dp_vdev_attach_wifi3: wlan_cfg_ap_bridge_enabled 1
08-16 16:52:17.322 1153 1251 D ActivityManagerTiming: OnBootPhase_1000_com.android.server.media.MediaSessionService took to complete: 1ms
01-01 05:04:13.203 0 0 E [wifi@1][0x5369e418][16:52:17.304686] wlan: [947:E:PMO] pmo_register_wow_wakeup_events: 88: Skipping wake event configuration for vdev_opmode 16
01-01 05:04:13.222 0 0 E [wifi@1][0x536f9337][16:52:17.324088] wlan: [947:E:SME] sme_get_nss_chain_shift: 4045: Device mode 16 invalid
08-16 16:52:17.322 1153 1251 I ActivityManagerTiming: OnBootPhase_1000_com.android.server.media.MediaResourceMonitorService
08-16 16:52:17.322 1153 1251 D ActivityManagerTiming: OnBootPhase_1000_com.android.server.media.MediaResourceMonitorService took to complete: 0ms
08-16 16:52:17.322 1153 1251 I ActivityManagerTiming: OnBootPhase_1000_com.android.server.biometrics.sensors.fingerprint.FingerprintService
08-16 16:52:17.322 1153 1251 D ActivityManagerTiming: OnBootPhase_1000_com.android.server.biometrics.sensors.fingerprint.FingerprintService took to complete: 0ms
08-16 16:52:17.322 1153 1251 I ActivityManagerTiming: OnBootPhase_1000_com.android.server.biometrics.BiometricService
08-16 16:52:17.323 1153 1251 D ActivityManagerTiming: OnBootPhase_1000_com.android.server.biometrics.BiometricService took to complete: 0ms
08-16 16:52:17.323 1153 1251 I ActivityManagerTiming: OnBootPhase_1000_com.android.server.biometrics.AuthService
08-16 16:52:17.323 1153 1251 D ActivityManagerTiming: OnBootPhase_1000_com.android.server.biometrics.AuthService took to complete: 0ms
08-16 16:52:17.323 1153 1251 I ActivityManagerTiming: OnBootPhase_1000_com.android.server.pm.ShortcutService$Lifecycle
08-16 16:52:17.323 1153 1251 D ActivityManagerTiming: OnBootPhase_1000_com.android.server.pm.ShortcutService$Lifecycle took to complete: 0ms
08-16 16:52:17.323 1153 1251 I ActivityManagerTiming: OnBootPhase_1000_com.android.server.pm.LauncherAppsService
08-16 16:52:17.323 1153 1251 D ActivityManagerTiming: OnBootPhase_1000_com.android.server.pm.LauncherAppsService took to complete: 0ms
08-16 16:52:17.323 1153 1251 I ActivityManagerTiming: OnBootPhase_1000_com.android.server.pm.CrossProfileAppsService
08-16 16:52:17.323 1153 1251 D ActivityManagerTiming: OnBootPhase_1000_com.android.server.pm.CrossProfileAppsService took to complete: 0ms
08-16 16:52:17.323 1153 1251 I ActivityManagerTiming: OnBootPhase_1000_com.android.server.people.PeopleService
08-16 16:52:17.324 1153 1251 D ActivityManagerTiming: OnBootPhase_1000_com.android.server.people.PeopleService took to complete: 0ms
08-16 16:52:17.324 1153 1251 I ActivityManagerTiming: OnBootPhase_1000_com.android.server.media.metrics.MediaMetricsManagerService
08-16 16:52:17.324 1153 1251 D ActivityManagerTiming: OnBootPhase_1000_com.android.server.media.metrics.MediaMetricsManagerService took to complete: 0ms
08-16 16:52:17.324 1153 1251 I ActivityManagerTiming: OnBootPhase_1000_com.android.server.media.projection.MediaProjectionManagerService
08-16 16:52:17.324 1153 1251 D ActivityManagerTiming: OnBootPhase_1000_com.android.server.media.projection.MediaProjectionManagerService took to complete: 0ms
08-16 16:52:17.324 1153 1251 I ActivityManagerTiming: OnBootPhase_1000_com.android.server.slice.SliceManagerService$Lifecycle
08-16 16:52:17.324 1153 1251 D ActivityManagerTiming: OnBootPhase_1000_com.android.server.slice.SliceManagerService$Lifecycle took to complete: 0ms
08-16 16:52:17.324 1153 1251 I ActivityManagerTiming: OnBootPhase_1000_com.android.server.stats.StatsCompanion$Lifecycle
08-16 16:52:17.325 1153 1251 D ActivityManagerTiming: OnBootPhase_1000_com.android.server.stats.StatsCompanion$Lifecycle took to complete: 1ms
08-16 16:52:17.325 1153 1251 I ActivityManagerTiming: OnBootPhase_1000_com.android.server.scheduling.RebootReadinessManagerService$Lifecycle
08-16 16:52:17.325 1153 1251 D ActivityManagerTiming: OnBootPhase_1000_com.android.server.scheduling.RebootReadinessManagerService$Lifecycle took to complete: 0ms
08-16 16:52:17.325 1153 1251 I ActivityManagerTiming: OnBootPhase_1000_com.android.server.stats.pull.StatsPullAtomService
08-16 16:52:17.325 1153 1251 D ActivityManagerTiming: OnBootPhase_1000_com.android.server.stats.pull.StatsPullAtomService took to complete: 0ms
08-16 16:52:17.325 1153 1251 I ActivityManagerTiming: OnBootPhase_1000_com.android.server.incident.IncidentCompanionService
08-16 16:52:17.325 1153 1251 D ActivityManagerTiming: OnBootPhase_1000_com.android.server.incident.IncidentCompanionService took to complete: 0ms
08-16 16:52:17.325 1153 1251 I ActivityManagerTiming: OnBootPhase_1000_com.android.server.MmsServiceBroker
08-16 16:52:17.325 1153 1251 D ActivityManagerTiming: OnBootPhase_1000_com.android.server.MmsServiceBroker took to complete: 0ms
08-16 16:52:17.325 1153 1251 I ActivityManagerTiming: OnBootPhase_1000_com.android.server.autofill.AutofillManagerService
08-16 16:52:17.326 1153 1251 D ActivityManagerTiming: OnBootPhase_1000_com.android.server.autofill.AutofillManagerService took to complete: 0ms
08-16 16:52:17.326 1153 1251 I ActivityManagerTiming: OnBootPhase_1000_com.android.server.clipboard.ClipboardService
08-16 16:52:17.326 1153 1251 D ActivityManagerTiming: OnBootPhase_1000_com.android.server.clipboard.ClipboardService took to complete: 0ms
08-16 16:52:17.326 1153 1251 I ActivityManagerTiming: OnBootPhase_1000_com.android.server.appbinding.AppBindingService$Lifecycle
08-16 16:52:17.326 1153 1251 D ActivityManagerTiming: OnBootPhase_1000_com.android.server.appbinding.AppBindingService$Lifecycle took to complete: 0ms
08-16 16:52:17.326 1153 1251 I ActivityManagerTiming: OnBootPhase_1000_com.android.server.tracing.TracingServiceProxy
08-16 16:52:17.326 1153 1251 D ActivityManagerTiming: OnBootPhase_1000_com.android.server.tracing.TracingServiceProxy took to complete: 0ms
08-16 16:52:17.326 1153 1251 I ActivityManagerTiming: OnBootPhase_1000_com.android.server.policy.PermissionPolicyService
08-16 16:52:17.327 1153 1251 D ActivityManagerTiming: OnBootPhase_1000_com.android.server.policy.PermissionPolicyService took to complete: 0ms
08-16 16:52:17.327 1153 1251 I ActivityManagerTiming: OnBootPhase_1000_com.android.server.pm.StagingManager$Lifecycle
08-16 16:52:17.327 1153 1251 D ActivityManagerTiming: OnBootPhase_1000_com.android.server.pm.StagingManager$Lifecycle took to complete: 0ms
08-16 16:52:17.327 1153 1251 I ActivityManagerTiming: OnBootPhase_1000_com.android.server.app.GameManagerService$Lifecycle
08-16 16:52:17.327 1153 1251 D GameManagerService: onBootCompleted
08-16 16:52:17.327 1153 1251 D ActivityManagerTiming: OnBootPhase_1000_com.android.server.app.GameManagerService$Lifecycle took to complete: 0ms
08-16 16:52:17.328 1153 1251 I ActivityManagerTiming: OnBootPhase_1000_com.android.server.appsearch.AppSearchManagerService
08-16 16:52:17.330 1153 1251 D ActivityManagerTiming: OnBootPhase_1000_com.android.server.appsearch.AppSearchManagerService took to complete: 2ms
08-16 16:52:17.330 1153 1251 I ActivityManagerTiming: OnBootPhase_1000_com.android.server.media.MediaCommunicationService
08-16 16:52:17.330 1153 1251 D ActivityManagerTiming: OnBootPhase_1000_com.android.server.media.MediaCommunicationService took to complete: 0ms
08-16 16:52:17.330 1153 1251 D ActivityManagerTiming: OnBootPhase_1000 took to complete: 128ms
08-16 16:52:17.330 1153 1251 D ActivityManagerTiming: TotalBootTime took to complete: 12630ms
08-16 16:52:17.330 1153 1251 D SystemServerInitThreadPool: Shutdown requested
08-16 16:52:17.331 1153 1251 I SystemServerTiming: WaitInitThreadPoolShutdown
08-16 16:52:17.336 1153 1251 D SystemServerInitThreadPool: Shutdown successful
08-16 16:52:17.336 1153 1251 D SystemServerTiming: WaitInitThreadPoolShutdown took to complete: 6ms
08-16 16:52:17.341 1153 1251 I uc_finish_user_boot: 0
08-16 16:52:17.341 1153 1251 I ActivityManager: User 0 state changed from BOOTING to RUNNING_LOCKED
08-16 16:52:17.341 1153 1251 I am_user_state_changed: [0,1]
08-16 16:52:17.341 1153 1251 W ActivityManager: UserLifecycleEvent 4 received without an active userJourneySession.
01-01 05:04:13.234 0 0 E [wifi@1][0x5372e6f6][16:52:17.335445] wlan: [947:E:SME] sme_get_nss_chain_shift: 4045: Device mode 16 invalid
01-01 05:04:13.236 0 0 E : INFO: trying to register non-static key.
01-01 05:04:13.250 0 0 I IPv6 : ADDRCONF(NETDEV_UP): wifi-aware0: link is not ready
01-01 05:04:13.250 0 0 E : the code is fine but needs lockdep annotation.
01-01 05:04:13.250 0 0 I : CPU: 1 PID: 482 Comm: kworker/u16:16 Tainted: G S W O 4.19.157+ #1
01-01 05:04:13.250 0 0 I Hardware name: Qualcomm Technologies, Inc. kona MTP-RmPM8150b (DT)
01-01 05:04:13.250 0 0 I Workqueue: events_unbound ion_system_secure_heap_prefetch_work
01-01 05:04:13.250 0 0 I Call trace:
01-01 05:04:13.250 0 0 I : dump_backtrace+0x0/0x258
01-01 05:04:13.250 0 0 I : show_stack+0x20/0x30
01-01 05:04:13.250 0 0 I : dump_stack+0xd8/0x12c
01-01 05:04:13.256 0 0 I : register_lock_class+0x4d0/0x5c8
01-01 05:04:13.256 0 0 I : __lock_acquire+0xbc/0x1e58
01-01 05:04:13.256 0 0 I : lock_acquire+0x1cc/0x218
01-01 05:04:13.256 0 0 I : _raw_spin_lock_irqsave+0x54/0x98
01-01 05:04:13.256 0 0 I : ion_system_secure_heap_prefetch_work+0x94/0x2c0
01-01 05:04:13.256 0 0 I : process_one_work+0x38c/0x660
01-01 05:04:13.256 0 0 I : worker_thread+0x268/0x4b8
01-01 05:04:13.256 0 0 I : kthread+0x140/0x150
01-01 05:04:13.256 0 0 I : ret_from_fork+0x10/0x1c
08-16 16:52:17.364 1153 1251 I uc_send_user_broadcast: [0,android.intent.action.LOCKED_BOOT_COMPLETED]
08-16 16:52:17.365 1153 1251 D StorageManagerService: unlockUserKey: 0 isFileEncryptedNativeOrEmulated: true hasToken: false hasSecret: false
08-16 16:52:17.366 565 565 D vold : fscrypt_unlock_user_key 0 serial=0
08-16 16:52:17.370 565 565 D vold : Trying user CE key /data/misc/vold/user_keys/ce/0/current
08-16 16:52:17.382 1153 1324 W ActivityManager: Slow operation: 153ms so far, now at startProcess: returned from zygote!
01-01 05:04:13.313 0 0 E : INFO: trying to register non-static key.
01-01 05:04:13.318 0 0 E : the code is fine but needs lockdep annotation.
01-01 05:04:13.324 0 0 I : CPU: 3 PID: 482 Comm: kworker/u16:16 Tainted: G S W O 4.19.157+ #1
01-01 05:04:13.324 0 0 I Hardware name: Qualcomm Technologies, Inc. kona MTP-RmPM8150b (DT)
01-01 05:04:13.324 0 0 I Workqueue: events_unbound ion_system_secure_heap_prefetch_work
01-01 05:04:13.324 0 0 I Call trace:
01-01 05:04:13.324 0 0 I : dump_backtrace+0x0/0x258
01-01 05:04:13.324 0 0 I : show_stack+0x20/0x30
01-01 05:04:13.324 0 0 I : dump_stack+0xd8/0x12c
01-01 05:04:13.324 0 0 I : register_lock_class+0x4d0/0x5c8
01-01 05:04:13.324 0 0 I : __lock_acquire+0xbc/0x1e58
01-01 05:04:13.324 0 0 I : lock_acquire+0x1cc/0x218
01-01 05:04:13.324 0 0 I : _raw_spin_lock_irqsave+0x54/0x98
01-01 05:04:13.324 0 0 I : ion_system_secure_heap_prefetch_work+0x94/0x2c0
01-01 05:04:13.324 0 0 I : process_one_work+0x38c/0x660
01-01 05:04:13.324 0 0 I : worker_thread+0x268/0x4b8
01-01 05:04:13.324 0 0 I : kthread+0x140/0x150
01-01 05:04:13.324 0 0 I : ret_from_fork+0x10/0x1c
08-16 16:52:17.440 565 565 D vold : Successfully retrieved key
01-01 05:04:13.355 0 0 I : Boot completed
01-01 05:04:13.371 0 0 E : INFO: trying to register non-static key.
01-01 05:04:13.376 0 0 I binder : 2672:2672 ioctl 40046210 7fd93f2444 returned -22
01-01 05:04:13.376 0 0 E : the code is fine but needs lockdep annotation.
01-01 05:04:13.382 0 0 I : CPU: 1 PID: 482 Comm: kworker/u16:16 Tainted: G S W O 4.19.157+ #1
01-01 05:04:13.382 0 0 I Hardware name: Qualcomm Technologies, Inc. kona MTP-RmPM8150b (DT)
01-01 05:04:13.382 0 0 I Workqueue: events_unbound ion_system_secure_heap_prefetch_work
01-01 05:04:13.382 0 0 I Call trace:
01-01 05:04:13.382 0 0 I : dump_backtrace+0x0/0x258
01-01 05:04:13.382 0 0 I : show_stack+0x20/0x30
01-01 05:04:13.382 0 0 I : dump_stack+0xd8/0x12c
01-01 05:04:13.382 0 0 I : register_lock_class+0x4d0/0x5c8
01-01 05:04:13.382 0 0 I : __lock_acquire+0xbc/0x1e58
01-01 05:04:13.382 0 0 I : lock_acquire+0x1cc/0x218
01-01 05:04:13.382 0 0 I : _raw_spin_lock_irqsave+0x54/0x98
01-01 05:04:13.382 0 0 I : ion_system_secure_heap_prefetch_work+0x94/0x2c0
01-01 05:04:13.382 0 0 I : process_one_work+0x38c/0x660
01-01 05:04:13.382 0 0 I : worker_thread+0x268/0x4b8
01-01 05:04:13.382 0 0 I : kthread+0x140/0x150
01-01 05:04:13.382 0 0 I : ret_from_fork+0x10/0x1c
08-16 16:52:17.482 565 565 D vold : Installed fscrypt key with ref c761c4cd5d710e25bcfef60f3614b7e7 to /data
08-16 16:52:17.482 565 565 D vold : Added fscrypt-provisioning key for c761c4cd5d710e25bcfef60f3614b7e7 to session keyring
08-16 16:52:17.482 565 565 D vold : Installed ce key for user 0
01-01 05:04:13.438 0 0 W QSEECOM : __qseecom_unload_app: App (7) is unloaded
08-16 16:52:17.509 1153 1251 I uc_finish_user_unlocking: 0
08-16 16:52:17.509 1153 1251 W ActivityManager: UserLifecycleEvent 5 received without an active userJourneySession.
08-16 16:52:17.510 1153 1251 D ActivityManager: Started unlocking user 0
08-16 16:52:17.510 1153 1251 D ActivityManager: Unlocking user 0 progress 0
08-16 16:52:17.510 1153 1251 D ActivityManager: Unlocking user 0 progress 5
08-16 16:52:17.512 565 565 D vold : fscrypt_prepare_user_storage for volume null, user 0, serial 0, flags 2
08-16 16:52:17.512 565 565 D vold : Preparing: /data/system_ce/0
08-16 16:52:17.512 1153 1996 I dvm_lock_sample: [system_server,1,Binder:1153_6,171,ActivityManagerService.java,12114,int com.android.server.am.ActivityManagerService.bindIsolatedService(android.app.IApplicationThread, android.os.IBinder, android.content.Intent, java.lang.String, android.app.IServiceConnection, int, java.lang.String, java.lang.String, int),-,4860,void com.android.server.am.ActivityManagerService.finishBooting(),34]
08-16 16:52:17.512 565 565 D vold : Preparing: /data/misc_ce/0
08-16 16:52:17.512 565 565 D vold : Preparing: /data/vendor_ce/0
08-16 16:52:17.516 1153 1323 I dvm_lock_sample: [system_server,1,ActivityManager,151,BroadcastQueue.java,986,void com.android.server.am.BroadcastQueue.processNextBroadcast(boolean),ActivityManagerService.java,4860,void com.android.server.am.ActivityManagerService.finishBooting(),30]
01-01 05:04:13.439 0 0 D qbt : qbt_release: entry minor_no=0 fd_available=0
01-01 05:04:13.439 0 0 D qbt : qbt_release: Releasing wakelock
01-01 05:04:13.439 0 0 D qbt : qbt_release: exit : fd_available=1
01-01 05:04:13.439 0 0 D qbt : qbt_release: entry minor_no=1 fd_available=1
01-01 05:04:13.439 0 0 D qbt : qbt_release: exit : fd_available=1
08-16 16:52:17.521 1153 2442 W ActivityManager: Slow operation: 291ms so far, now at startProcess: done updating battery stats
08-16 16:52:17.521 1153 2442 I am_proc_start: [0,2672,10098,com.android.inputmethod.latin,service,{com.android.inputmethod.latin/com.android.inputmethod.latin.LatinIME}]
08-16 16:52:17.521 1153 2442 W ActivityManager: Slow operation: 291ms so far, now at startProcess: building log message
08-16 16:52:17.521 1153 2442 I ActivityManager: Start proc 2672:com.android.inputmethod.latin/u0a98 for service {com.android.inputmethod.latin/com.android.inputmethod.latin.LatinIME}
08-16 16:52:17.521 1153 2442 W ActivityManager: Slow operation: 291ms so far, now at startProcess: starting to update pids map
08-16 16:52:17.522 1153 2442 W ActivityManager: Slow operation: 292ms so far, now at startProcess: done updating pids map
08-16 16:52:17.522 1153 2442 I am_proc_bound: [0,2672,com.android.inputmethod.latin]
08-16 16:52:17.525 1153 2442 D CompatibilityChangeReporter: Compat change id reported: 168419799; UID 10098; state: DISABLED
08-16 16:52:17.529 565 565 D vold : Preparing: /data/media/0
08-16 16:52:17.530 1153 2442 I am_uid_active: 10098
08-16 16:52:17.537 1153 1324 I dvm_lock_sample: [system_server,1,ActivityManager:procStart,154,ProcessList.java,2160,void com.android.server.am.ProcessList.handleProcessStart(com.android.server.am.ProcessRecord, java.lang.String, int[], int, int, int, java.lang.String, java.lang.String, java.lang.String, long),,0,null,30]
08-16 16:52:17.538 1153 1251 D ActivityManagerTiming: FinishBooting took to complete: 342ms
08-16 16:52:17.540 565 565 D vold : Preparing: /data/data
01-01 05:04:13.447 0 0 E : INFO: trying to register non-static key.
08-16 16:52:17.540 565 565 I vold : Verified that /data/system_ce/0 has the encryption policy c761c4cd5d710e25bcfef60f3614b7e7 v2 modes 1/4 flags 0xa
01-01 05:04:13.452 0 0 E : the code is fine but needs lockdep annotation.
01-01 05:04:13.458 0 0 I : CPU: 7 PID: 482 Comm: kworker/u16:16 Tainted: G S W O 4.19.157+ #1
01-01 05:04:13.458 0 0 I Hardware name: Qualcomm Technologies, Inc. kona MTP-RmPM8150b (DT)
01-01 05:04:13.458 0 0 I Workqueue: events_unbound ion_system_secure_heap_prefetch_work
01-01 05:04:13.458 0 0 I Call trace:
01-01 05:04:13.458 0 0 I : dump_backtrace+0x0/0x258
01-01 05:04:13.458 0 0 I : show_stack+0x20/0x30
01-01 05:04:13.458 0 0 I : dump_stack+0xd8/0x12c
01-01 05:04:13.458 0 0 I : register_lock_class+0x4d0/0x5c8
01-01 05:04:13.458 0 0 I : __lock_acquire+0xbc/0x1e58
01-01 05:04:13.458 0 0 I : lock_acquire+0x1cc/0x218
01-01 05:04:13.458 0 0 I : _raw_spin_lock_irqsave+0x54/0x98
01-01 05:04:13.458 0 0 I : ion_system_secure_heap_prefetch_work+0x94/0x2c0
08-16 16:52:17.541 565 565 I vold : Verified that /data/misc_ce/0 has the encryption policy c761c4cd5d710e25bcfef60f3614b7e7 v2 modes 1/4 flags 0xa
01-01 05:04:13.458 0 0 I : process_one_work+0x38c/0x660
01-01 05:04:13.458 0 0 I : worker_thread+0x268/0x4b8
08-16 16:52:17.541 565 565 I vold : Verified that /data/vendor_ce/0 has the encryption policy c761c4cd5d710e25bcfef60f3614b7e7 v2 modes 1/4 flags 0xa
01-01 05:04:13.458 0 0 I : kthread+0x140/0x150
01-01 05:04:13.458 0 0 I : ret_from_fork+0x10/0x1c
08-16 16:52:17.541 565 565 I vold : Verified that /data/media/0 has the encryption policy c761c4cd5d710e25bcfef60f3614b7e7 v2 modes 1/4 flags 0xa
08-16 16:52:17.541 565 565 I vold : Verified that /data/data has the encryption policy c761c4cd5d710e25bcfef60f3614b7e7 v2 modes 1/4 flags 0xa
08-16 16:52:17.541 565 565 D vold : Starting restorecon of /data/system_ce/0
08-16 16:52:17.554 1153 1250 I DropBoxManagerService: add tag=system_server_strictmode isTagEnabled=true flags=0x2
08-16 16:52:17.558 1153 1250 I DropBoxManagerService: add tag=system_server_strictmode isTagEnabled=true flags=0x2
08-16 16:52:17.559 1153 1996 D TelephonyRegistry: listen oscl: mHasNotifySubscriptionInfoChangedOccurred==false no callback
08-16 16:52:17.561 1153 1153 W Looper : Slow dispatch took 519ms main h=android.os.Handler c=com.android.server.biometrics.sensors.fingerprint.hidl.Fingerprint21$$ExternalSyntheticLambda2@1656d3c m=0
08-16 16:52:17.561 1153 1153 D BiometricScheduler/Fingerprint21: [Added] {[1] FingerprintUpdateActiveUserClient, proto=1, owner=android, cookie=0, requestId=-1, userId=0}, new queue size: 1
08-16 16:52:17.561 1153 1153 V BiometricScheduler/Fingerprint21: Not idle, current operation: {[0] FingerprintUpdateActiveUserClient, proto=1, owner=android, cookie=0, requestId=-1, userId=0}, State: 2
08-16 16:52:17.561 1153 1153 D BiometricScheduler/Fingerprint21: [Added] {[2] FingerprintInternalCleanupClient, proto=7, owner=android, cookie=0, requestId=-1, userId=0}, new queue size: 2
08-16 16:52:17.561 1153 1153 V BiometricScheduler/Fingerprint21: Not idle, current operation: {[0] FingerprintUpdateActiveUserClient, proto=1, owner=android, cookie=0, requestId=-1, userId=0}, State: 2
08-16 16:52:17.561 1153 1153 W Looper : Slow delivery took 519ms main h=android.os.Handler c=com.android.server.biometrics.sensors.fingerprint.hidl.Fingerprint21$$ExternalSyntheticLambda12@223fc1a m=0
01-01 05:04:13.473 0 0 E : INFO: trying to register non-static key.
01-01 05:04:13.479 0 0 E : the code is fine but needs lockdep annotation.
01-01 05:04:13.484 0 0 I : CPU: 7 PID: 482 Comm: kworker/u16:16 Tainted: G S W O 4.19.157+ #1
01-01 05:04:13.484 0 0 I Hardware name: Qualcomm Technologies, Inc. kona MTP-RmPM8150b (DT)
01-01 05:04:13.484 0 0 I Workqueue: events_unbound ion_system_secure_heap_prefetch_work
01-01 05:04:13.484 0 0 I Call trace:
01-01 05:04:13.484 0 0 I : dump_backtrace+0x0/0x258
01-01 05:04:13.484 0 0 I : show_stack+0x20/0x30
01-01 05:04:13.484 0 0 I : dump_stack+0xd8/0x12c
01-01 05:04:13.484 0 0 I : register_lock_class+0x4d0/0x5c8
01-01 05:04:13.484 0 0 I : __lock_acquire+0xbc/0x1e58
01-01 05:04:13.484 0 0 I : lock_acquire+0x1cc/0x218
01-01 05:04:13.484 0 0 I : _raw_spin_lock_irqsave+0x54/0x98
01-01 05:04:13.484 0 0 I : ion_system_secure_heap_prefetch_work+0x94/0x2c0
01-01 05:04:13.484 0 0 I : process_one_work+0x38c/0x660
01-01 05:04:13.484 0 0 I : worker_thread+0x268/0x4b8
01-01 05:04:13.484 0 0 I : kthread+0x140/0x150
01-01 05:04:13.484 0 0 I : ret_from_fork+0x10/0x1c
08-16 16:52:17.562 1153 1250 I DropBoxManagerService: add tag=system_server_strictmode isTagEnabled=true flags=0x2
08-16 16:52:17.580 1153 1995 I am_uid_running: 10092
08-16 16:52:17.581 1153 1995 D CompatibilityChangeReporter: Compat change id reported: 135634846; UID 10092; state: DISABLED
08-16 16:52:17.582 1153 1995 D CompatibilityChangeReporter: Compat change id reported: 177438394; UID 10092; state: DISABLED
08-16 16:52:17.582 1153 1995 D CompatibilityChangeReporter: Compat change id reported: 135772972; UID 10092; state: DISABLED
08-16 16:52:17.582 1153 1995 D CompatibilityChangeReporter: Compat change id reported: 135754954; UID 10092; state: DISABLED
08-16 16:52:17.583 1153 1250 I DropBoxManagerService: add tag=system_server_strictmode isTagEnabled=true flags=0x2
08-16 16:52:17.583 1153 1324 D CompatibilityChangeReporter: Compat change id reported: 143937733; UID 10092; state: DISABLED
08-16 16:52:17.584 1153 1251 D ColorDisplayService: setUp: currentUser=0
08-16 16:52:17.589 2373 2373 I service_manager_slow: [25,phone]
01-01 05:04:13.549 0 0 I [schedu][0x53cf2011][16:52:17.650234] wlan: [2222:I:HIF] Deinitializing Runtime PM wakelock &vdev->vdev_set_key_runtime_wakelock
01-01 05:04:13.555 0 0 I [schedu][0x53d0f832][16:52:17.656529] wlan: [2222:I:HIF] Initializing Runtime PM wakelock &vdev->vdev_set_key_runtime_wakelock
08-16 16:52:17.657 2373 2373 D UiccController: handleMessage: Received RADIO_UNAVAILABLE for phoneId 0
08-16 16:52:17.657 2373 2373 D UiccController: EVENT_RADIO_UNAVAILABLE, dispose card
08-16 16:52:17.658 2373 2373 D UiccController: handleMessage: Received RADIO_UNAVAILABLE for phoneId 1
08-16 16:52:17.658 1153 1251 D ColorDisplayService: onNightDisplayAutoModeChanged: autoMode=0
08-16 16:52:17.658 2373 2373 D UiccController: EVENT_RADIO_UNAVAILABLE, dispose card
08-16 16:52:17.658 1153 1251 I ColorDisplayService: Turning off night display
08-16 16:52:17.658 2373 2373 D QtiGsmCdmaPhone: handleMessage: Event: 30
08-16 16:52:17.658 1153 1251 D ColorDisplayService: Setting bright color reduction level: 50
08-16 16:52:17.658 1153 1435 V DisplayPowerController[0]: Brightness [0.39763778] manual adjustment.
08-16 16:52:17.658 2373 2373 D VendorGsmCdmaPhone: handleMessage: Event: 30
08-16 16:52:17.671 565 565 D vold : Finished restorecon of /data/system_ce/0
08-16 16:52:17.671 565 565 D vold : Starting restorecon of /data/vendor_ce/0
01-01 05:04:13.604 0 0 D : mv2112_read_status
01-01 05:04:13.605 0 0 D mv2112_update_link: 3.0x901(1G): 0x0
01-01 05:04:13.605 0 0 D mv2112_update_link: 3.0x8109(100M): 0x8
01-01 05:04:13.605 0 0 D mv2112_update_link: link 0x0
01-01 05:04:13.605 0 0 D mv2112_read_status: autoneg is disabled
08-16 16:52:17.710 1153 1324 W ActivityManager: Slow operation: 129ms so far, now at startProcess: returned from zygote!
08-16 16:52:17.714 565 565 D vold : Finished restorecon of /data/vendor_ce/0
08-16 16:52:17.714 565 565 D vold : Starting restorecon of /data/misc_ce/0
08-16 16:52:17.719 1153 1324 W ActivityManager: Slow operation: 139ms so far, now at startProcess: done updating battery stats
08-16 16:52:17.719 1153 1324 I am_proc_start: [0,2727,10092,com.android.deskclock,broadcast,{com.android.deskclock/com.android.deskclock.AlarmInitReceiver}]
08-16 16:52:17.719 1153 1324 W ActivityManager: Slow operation: 139ms so far, now at startProcess: building log message
08-16 16:52:17.719 1153 1324 I ActivityManager: Start proc 2727:com.android.deskclock/u0a92 for broadcast {com.android.deskclock/com.android.deskclock.AlarmInitReceiver}
08-16 16:52:17.720 1153 1324 W ActivityManager: Slow operation: 139ms so far, now at startProcess: starting to update pids map
08-16 16:52:17.720 1153 1324 W ActivityManager: Slow operation: 139ms so far, now at startProcess: done updating pids map
08-16 16:52:17.737 565 565 D vold : Finished restorecon of /data/misc_ce/0
08-16 16:52:17.737 565 565 D vold : /system/bin/vold_prepare_subdirs
08-16 16:52:17.737 565 565 D vold : prepare
08-16 16:52:17.737 565 565 D vold :
08-16 16:52:17.737 565 565 D vold : 0
08-16 16:52:17.737 565 565 D vold : 2
01-01 05:04:13.713 0 0 D qbt : qbt_open: entry minor_no=0 fd_available=1
01-01 05:04:13.713 0 0 D qbt : qbt_open: exit : 0 fd_available=0
01-01 05:04:13.715 0 0 D qbt : qbt_open: entry minor_no=1 fd_available=0
01-01 05:04:13.715 0 0 D qbt : qbt_open: exit : 0 fd_available=0
01-01 05:04:13.715 0 0 D qbt : qbt_ioctl: cmd received 107
01-01 05:04:13.715 0 0 D qbt : qbt_ioctl: Acquiring wakelock
08-16 16:52:17.794 1153 1153 W Looper : Slow dispatch took 166ms main h=android.app.ActivityThread$H c=android.app.LoadedApk$ReceiverDispatcher$Args$$ExternalSyntheticLambda0@be939c9 m=0
08-16 16:52:17.800 1153 1153 I notification_enqueue: [1000,1153,android,26,NULL,-1,Notification(channel=DEVELOPER_IMPORTANT shortcut=null contentView=null vibrate=null sound=null tick defaults=0x0 flags=0x2 color=0x00000000 vis=PUBLIC),0]
08-16 16:52:17.804 1153 1153 I notification_enqueue: [1000,1153,android,55,NULL,-1,Notification(channel=DEVELOPER shortcut=null contentView=null vibrate=null sound=null tick defaults=0x0 flags=0x2 color=0x00000000 vis=PUBLIC),0]
08-16 16:52:17.805 1153 1153 D BiometricScheduler/Fingerprint21: [Finishing] {[0] FingerprintUpdateActiveUserClient, proto=1, owner=android, cookie=0, requestId=-1, userId=0}, success: true
08-16 16:52:17.806 1153 1153 D BiometricScheduler/Fingerprint21: [Polled] {[1] FingerprintUpdateActiveUserClient, proto=1, owner=android, cookie=0, requestId=-1, userId=0}, State: 0
08-16 16:52:17.806 1153 1153 D BiometricScheduler/Fingerprint21: [Starting] {[1] FingerprintUpdateActiveUserClient, proto=1, owner=android, cookie=0, requestId=-1, userId=0}, State: 0
08-16 16:52:17.806 1153 1153 D BiometricScheduler/Fingerprint21: [Started] {[1] FingerprintUpdateActiveUserClient, proto=1, owner=android, cookie=0, requestId=-1, userId=0}
01-01 05:04:13.734 0 0 E : INFO: trying to register non-static key.
01-01 05:04:13.739 0 0 E : the code is fine but needs lockdep annotation.
01-01 05:04:13.745 0 0 I : CPU: 7 PID: 482 Comm: kworker/u16:16 Tainted: G S W O 4.19.157+ #1
01-01 05:04:13.745 0 0 I Hardware name: Qualcomm Technologies, Inc. kona MTP-RmPM8150b (DT)
01-01 05:04:13.745 0 0 I Workqueue: events_unbound ion_system_secure_heap_prefetch_work
01-01 05:04:13.745 0 0 I Call trace:
01-01 05:04:13.745 0 0 I : dump_backtrace+0x0/0x258
01-01 05:04:13.745 0 0 I : show_stack+0x20/0x30
01-01 05:04:13.745 0 0 I : dump_stack+0xd8/0x12c
01-01 05:04:13.745 0 0 I : register_lock_class+0x4d0/0x5c8
01-01 05:04:13.745 0 0 I : __lock_acquire+0xbc/0x1e58
01-01 05:04:13.745 0 0 I : lock_acquire+0x1cc/0x218
01-01 05:04:13.745 0 0 I : _raw_spin_lock_irqsave+0x54/0x98
01-01 05:04:13.745 0 0 I : ion_system_secure_heap_prefetch_work+0x94/0x2c0
01-01 05:04:13.745 0 0 I : process_one_work+0x38c/0x660
01-01 05:04:13.745 0 0 I : worker_thread+0x268/0x4b8
01-01 05:04:13.745 0 0 I : kthread+0x140/0x150
01-01 05:04:13.745 0 0 I : ret_from_fork+0x10/0x1c
01-01 05:04:13.758 0 0 E : INFO: trying to register non-static key.
01-01 05:04:13.763 0 0 E : the code is fine but needs lockdep annotation.
01-01 05:04:13.769 0 0 I : CPU: 7 PID: 482 Comm: kworker/u16:16 Tainted: G S W O 4.19.157+ #1
01-01 05:04:13.769 0 0 I Hardware name: Qualcomm Technologies, Inc. kona MTP-RmPM8150b (DT)
01-01 05:04:13.769 0 0 I Workqueue: events_unbound ion_system_secure_heap_prefetch_work
01-01 05:04:13.769 0 0 I Call trace:
01-01 05:04:13.769 0 0 I : dump_backtrace+0x0/0x258
01-01 05:04:13.769 0 0 I : show_stack+0x20/0x30
01-01 05:04:13.769 0 0 I : dump_stack+0xd8/0x12c
01-01 05:04:13.769 0 0 I : register_lock_class+0x4d0/0x5c8
01-01 05:04:13.769 0 0 I : __lock_acquire+0xbc/0x1e58
01-01 05:04:13.769 0 0 I : lock_acquire+0x1cc/0x218
01-01 05:04:13.769 0 0 I : _raw_spin_lock_irqsave+0x54/0x98
01-01 05:04:13.769 0 0 I : ion_system_secure_heap_prefetch_work+0x48/0x2c0
01-01 05:04:13.769 0 0 I : process_one_work+0x38c/0x660
01-01 05:04:13.769 0 0 I : worker_thread+0x33c/0x4b8
01-01 05:04:13.769 0 0 I : kthread+0x140/0x150
01-01 05:04:13.769 0 0 I : ret_from_fork+0x10/0x1c
08-16 16:52:17.859 2373 2373 D QtiGsmCdmaPhone: handleMessage: Event: 37
08-16 16:52:17.859 2373 2373 D VendorGsmCdmaPhone: handleMessage: Event: 37
08-16 16:52:17.859 2373 2373 D Phone : config LCE service failed: com.android.internal.telephony.CommandException: RADIO_NOT_AVAILABLE
08-16 16:52:17.862 2373 2373 D GsmSMSDispatcher: GsmSMSDispatcher: subId = -1 slotId = 0
08-16 16:52:17.862 2373 2373 D QtiGsmCdmaPhone: handleMessage: Event: 8
08-16 16:52:17.862 2373 2373 D VendorGsmCdmaPhone: handleMessage: Event: 8
08-16 16:52:17.862 2373 2373 D GsmCdmaPhone: [0] Event EVENT_RADIO_OFF_OR_NOT_AVAILABLE Received
08-16 16:52:17.863 2373 2373 D QtiGsmCdmaPhone: handleMessage: Event: 47
08-16 16:52:17.863 2373 2373 D VendorGsmCdmaPhone: handleMessage: Event: 47
08-16 16:52:17.863 2373 2373 D GsmCdmaPhone: [0] EVENT EVENT_RADIO_STATE_CHANGED
08-16 16:52:17.863 2373 2373 D GsmCdmaPhone: handleRadioPowerStateChange, state= 2
08-16 16:52:17.866 2373 2373 D QtiRilInterface: Service ready, notifying registrants
08-16 16:52:17.868 2373 2394 E PhoneSubInfoController: getLine1Number phone is null for Subscription:-1
01-01 05:04:13.789 0 0 I binder : 2727:2727 ioctl 40046210 7fd93f2444 returned -22
08-16 16:52:17.873 2373 2373 D SST : [0] handleMessage: received event 42
08-16 16:52:17.873 2373 2373 D SST : [0] EVENT_ICC_CHANGED: SIM absent
08-16 16:52:17.873 2373 2373 D SST : [0] cancelAllNotifications: mPrevSubId=-1
08-16 16:52:17.876 2373 2373 D SST : [0] updateSpnDisplayLegacy+
08-16 16:52:17.916 1153 1996 I am_proc_bound: [0,2727,com.android.deskclock]
08-16 16:52:17.917 2373 2373 D SST : [0] updateSpnDisplay: radio is on but out of service, set plmn='No service'
08-16 16:52:17.919 2373 2373 D SST : [0] updateSpnDisplay: rawSpn =
08-16 16:52:17.922 2373 2373 D SST : [0] updateSpnDisplay: updateSpnDisplay: changed sending intent, rule=2, showPlmn='true', plmn='No service', showSpn='false', spn='', dataSpn='', subId='-1'
08-16 16:52:17.923 2373 2373 D SubscriptionManager: putPhoneIdAndSubIdExtra: no valid subs
01-01 05:04:13.832 0 0 W QSEECOM : qseecom_load_app: App (fingerpr) does'nt exist, loading apps for first time
01-01 05:04:13.838 0 0 I [schedu][0x5423f188][16:52:17.939746] wlan: [2222:I:OSIF] scan start scan id 40961
08-16 16:52:17.971 2723 2723 F linker : CANNOT LINK EXECUTABLE "/vendor/bin/hw/qvrservice": library "vendor.qti.hardware.qxr-V1-ndk_platform.so" not found: needed by /vendor/lib64/libqvrservice.so in namespace (default)
08-16 16:52:17.992 2751 2751 F linker : CANNOT LINK EXECUTABLE "/vendor/bin/hw/sxrservice": library "vendor.qti.hardware.qxr-V1-ndk_platform.so" not found: needed by main executable
01-01 05:04:13.992 0 0 W QSEECOM : qseecom_load_app: App with id 8 (fingerpr) now loaded
08-16 16:52:18.194 1153 1486 I commit_sys_config_file: [package-user-0,12]
08-16 16:52:18.195 1153 1486 I commit_sys_config_file: [package,282]
08-16 16:52:18.202 1153 1996 I dvm_lock_sample: [system_server,1,Binder:1153_6,286,ComponentResolver.java,356,java.util.List com.android.server.pm.ComponentResolver.queryProviders(java.lang.String, java.lang.String, int, int, int),LegacyPermissionSettings.java,150,void com.android.server.pm.permission.LegacyPermissionSettings.writePermissionTrees(android.util.TypedXmlSerializer),57]
08-16 16:52:18.202 1153 1996 W ActivityManager: Slow operation: 287ms so far, now at attachApplicationLocked: before bindApplication
08-16 16:52:18.204 1153 1996 D CompatibilityChangeReporter: Compat change id reported: 168419799; UID 10092; state: DISABLED
08-16 16:52:18.206 1153 1996 W ActivityManager: Slow operation: 290ms so far, now at attachApplicationLocked: immediately before bindApplication
08-16 16:52:18.207 1153 1996 W ActivityManager: Slow operation: 291ms so far, now at attachApplicationLocked: immediately after bindApplication
08-16 16:52:18.207 1153 1996 W ActivityManager: Slow operation: 291ms so far, now at attachApplicationLocked: after updateLruProcessLocked
08-16 16:52:18.208 1153 1996 D CompatibilityChangeReporter: Compat change id reported: 181136395; UID 1000; state: DISABLED
08-16 16:52:18.209 1153 1996 D CompatibilityChangeReporter: Compat change id reported: 174042936; UID 1000; state: DISABLED
08-16 16:52:18.209 1153 1996 D CompatibilityChangeReporter: Compat change id reported: 174042980; UID 1000; state: DISABLED
08-16 16:52:18.209 1153 1996 W ActivityManager: Slow operation: 294ms so far, now at attachApplicationLocked: after mServices.attachApplicationLocked
08-16 16:52:18.210 1153 1996 I am_uid_active: 10092
08-16 16:52:18.211 1153 1996 W ActivityManager: Slow operation: 295ms so far, now at attachApplicationLocked: after sendPendingBroadcastsLocked
08-16 16:52:18.215 1153 1179 I dvm_lock_sample: [system_server,1,Binder:1153_2,285,ContentProviderHelper.java,155,android.app.ContentProviderHolder com.android.server.am.ContentProviderHelper.getContentProviderImpl(android.app.IApplicationThread, java.lang.String, android.os.IBinder, int, java.lang.String, java.lang.String, boolean, int),ActivityManagerService.java,4737,void com.android.server.am.ActivityManagerService.attachApplication(android.app.IApplicationThread, long),57]
08-16 16:52:18.215 2373 2373 D SubscriptionController: [setPlmnSpn] No valid subscription to store info
08-16 16:52:18.216 2373 2373 D SubscriptionController: notifySubscriptionInfoChanged:
08-16 16:52:18.216 1816 2760 W ActivityThread: Failed to find provider info for com.android.contacts (user not unlocked)
08-16 16:52:18.218 1153 1996 D TelephonyRegistry: notifySubscriptionInfoChanged: first invocation mRecords.size=43
08-16 16:52:18.224 2373 2373 D SST : [0] updateSpnDisplayLegacy-
08-16 16:52:18.240 1153 1250 D BluetoothManagerService: MESSAGE_BLUETOOTH_STATE_CHANGE: TURNING_ON > ON
08-16 16:52:18.240 1153 1250 D BluetoothManagerService: Broadcasting onBluetoothStateChange(true) to 11 receivers.
08-16 16:52:18.246 1153 1250 D BluetoothManagerService: Creating new ProfileServiceConnections object for profile: 1
08-16 16:52:18.254 1153 1250 W BluetoothManagerService: psc is not null in bindBluetoothProfileService
08-16 16:52:18.254 1153 1250 D BluetoothManagerService: Sending BLE State Change: TURNING_ON > ON
08-16 16:52:18.255 1153 1250 D BluetoothManagerService: Sending State Change: TURNING_ON > ON
08-16 16:52:18.258 1153 1996 W BluetoothManagerService: psc is not null in bindBluetoothProfileService
08-16 16:52:18.259 2373 2373 D NRM-C-0 : Trying to bind com.android.phone for transport WWAN
08-16 16:52:18.271 1153 1995 I commit_sys_config_file: [input-subtypes,4]
08-16 16:52:18.272 1153 1996 D CompatibilityChangeReporter: Compat change id reported: 168419799; UID 1001; state: DISABLED
08-16 16:52:18.274 2373 2373 D SST : [0] handleMessage: received event 1
08-16 16:52:18.274 2373 2373 D SST : [0] setPowerStateToDesired: mDeviceShuttingDown=false, mDesiredPowerState=true, getRadioState=2, mRadioDisabledByCarrier=false, IMS reg state=false, pending radio off=false
08-16 16:52:18.274 2373 2373 D SST : [0] pollState: modemTriggered=true
08-16 16:52:18.274 2373 2373 D NewNitzStateMachineImpl: handleNetworkUnavailable(): mLatestNitzSignal was already null. Nothing to do.
08-16 16:52:18.274 2373 2373 D SST : [0] Could not set ServiceState channel number. CellIdentity null
