08-16 16:52:12.651 1153 1730 D SystemServerInitThreadPool: Finished executing UsbService$Lifecycle#onBootPhase
08-16 16:52:12.651 1153 1730 D SystemServerTimingAsync: InitThreadPoolExec:UsbService$Lifecycle#onBootPhase took to complete: 2ms
08-16 16:52:12.651 1153 1153 D SystemServerTiming: OnBootPhase_550_com.android.server.print.PrintManagerService took to complete: 0ms
08-16 16:52:12.651 1153 1153 I SystemServerTiming: OnBootPhase_550_com.android.server.companion.CompanionDeviceManagerService
08-16 16:52:12.651 1153 1153 D SystemServerTiming: OnBootPhase_550_com.android.server.companion.CompanionDeviceManagerService took to complete: 0ms
08-16 16:52:12.651 1153 1153 I SystemServerTiming: OnBootPhase_550_com.android.server.restrictions.RestrictionsManagerService
08-16 16:52:12.651 1153 1153 D SystemServerTiming: OnBootPhase_550_com.android.server.restrictions.RestrictionsManagerService took to complete: 0ms
08-16 16:52:12.651 1153 1153 I SystemServerTiming: OnBootPhase_550_com.android.server.media.MediaSessionService
08-16 16:52:12.652 1153 1153 D SystemServerTiming: OnBootPhase_550_com.android.server.media.MediaSessionService took to complete: 0ms
08-16 16:52:12.652 1153 1153 I SystemServerTiming: OnBootPhase_550_com.android.server.media.MediaResourceMonitorService
08-16 16:52:12.652 1153 1153 D SystemServerTiming: OnBootPhase_550_com.android.server.media.MediaResourceMonitorService took to complete: 0ms
08-16 16:52:12.652 1153 1153 I SystemServerTiming: OnBootPhase_550_com.android.server.biometrics.sensors.fingerprint.FingerprintService
08-16 16:52:12.652 1153 1153 D SystemServerTiming: OnBootPhase_550_com.android.server.biometrics.sensors.fingerprint.FingerprintService took to complete: 0ms
08-16 16:52:12.652 1153 1153 I SystemServerTiming: OnBootPhase_550_com.android.server.biometrics.BiometricService
08-16 16:52:12.652 1153 1153 D SystemServerTiming: OnBootPhase_550_com.android.server.biometrics.BiometricService took to complete: 0ms
08-16 16:52:12.652 1153 1153 I SystemServerTiming: OnBootPhase_550_com.android.server.biometrics.AuthService
08-16 16:52:12.652 1153 1153 D SystemServerTiming: OnBootPhase_550_com.android.server.biometrics.AuthService took to complete: 0ms
08-16 16:52:12.652 1153 1153 I SystemServerTiming: OnBootPhase_550_com.android.server.pm.ShortcutService$Lifecycle
08-16 16:52:12.652 1153 1153 D SystemServerTiming: OnBootPhase_550_com.android.server.pm.ShortcutService$Lifecycle took to complete: 0ms
08-16 16:52:12.652 1153 1153 I SystemServerTiming: OnBootPhase_550_com.android.server.pm.LauncherAppsService
08-16 16:52:12.652 1153 1153 D SystemServerTiming: OnBootPhase_550_com.android.server.pm.LauncherAppsService took to complete: 0ms
08-16 16:52:12.652 1153 1153 I SystemServerTiming: OnBootPhase_550_com.android.server.pm.CrossProfileAppsService
08-16 16:52:12.652 1153 1153 D SystemServerTiming: OnBootPhase_550_com.android.server.pm.CrossProfileAppsService took to complete: 0ms
08-16 16:52:12.652 1153 1153 I SystemServerTiming: OnBootPhase_550_com.android.server.people.PeopleService
08-16 16:52:12.652 1153 1153 D SystemServerTiming: OnBootPhase_550_com.android.server.people.PeopleService took to complete: 0ms
08-16 16:52:12.652 1153 1153 I SystemServerTiming: OnBootPhase_550_com.android.server.media.metrics.MediaMetricsManagerService
08-16 16:52:12.653 1153 1153 D SystemServerTiming: OnBootPhase_550_com.android.server.media.metrics.MediaMetricsManagerService took to complete: 0ms
08-16 16:52:12.653 1153 1318 I UsbPortManager: ClientCallback V1_2:
08-16 16:52:12.653 1153 1153 I SystemServerTiming: OnBootPhase_550_com.android.server.media.projection.MediaProjectionManagerService
08-16 16:52:12.653 1153 1153 D SystemServerTiming: OnBootPhase_550_com.android.server.media.projection.MediaProjectionManagerService took to complete: 0ms
08-16 16:52:12.653 1153 1153 I SystemServerTiming: OnBootPhase_550_com.android.server.slice.SliceManagerService$Lifecycle
08-16 16:52:12.653 1153 1153 D SystemServerTiming: OnBootPhase_550_com.android.server.slice.SliceManagerService$Lifecycle took to complete: 0ms
08-16 16:52:12.653 1153 1153 I SystemServerTiming: OnBootPhase_550_com.android.server.stats.StatsCompanion$Lifecycle
08-16 16:52:12.653 1153 1247 I UsbPortManager: USB port added: port=UsbPort{id=, supportedModes=nonesupportedContaminantProtectionModes=0supportsEnableContaminantPresenceProtection=falsesupportsEnableContaminantPresenceDetection=false, status=UsbPortStatus{connected=false, currentMode=none, currentPowerRole=no-power, currentDataRole=no-data, supportedRoleCombinations=[no-power:no-data], contaminantDetectionStatus=0, contaminantProtectionStatus=0}, canChangeMode=false, canChangePowerRole=false, canChangeDataRole=false, connectedAtMillis=0, lastConnectDurationMillis=0
08-16 16:52:12.653 1153 1153 D SystemServerTiming: OnBootPhase_550_com.android.server.stats.StatsCompanion$Lifecycle took to complete: 0ms
08-16 16:52:12.653 1153 1153 I SystemServerTiming: OnBootPhase_550_com.android.server.scheduling.RebootReadinessManagerService$Lifecycle
08-16 16:52:12.653 1153 1153 D SystemServerTiming: OnBootPhase_550_com.android.server.scheduling.RebootReadinessManagerService$Lifecycle took to complete: 0ms
08-16 16:52:12.653 1153 1153 I SystemServerTiming: OnBootPhase_550_com.android.server.stats.pull.StatsPullAtomService
08-16 16:52:12.653 1153 1153 D SystemServerTiming: OnBootPhase_550_com.android.server.stats.pull.StatsPullAtomService took to complete: 0ms
08-16 16:52:12.653 1153 1153 I SystemServerTiming: OnBootPhase_550_com.android.server.incident.IncidentCompanionService
08-16 16:52:12.653 1153 1153 D SystemServerTiming: OnBootPhase_550_com.android.server.incident.IncidentCompanionService took to complete: 0ms
08-16 16:52:12.653 1153 1153 I SystemServerTiming: OnBootPhase_550_com.android.server.MmsServiceBroker
08-16 16:52:12.653 1153 1153 D SystemServerTiming: OnBootPhase_550_com.android.server.MmsServiceBroker took to complete: 0ms
08-16 16:52:12.653 1153 1153 I SystemServerTiming: OnBootPhase_550_com.android.server.autofill.AutofillManagerService
08-16 16:52:12.654 1153 1153 D SystemServerTiming: OnBootPhase_550_com.android.server.autofill.AutofillManagerService took to complete: 0ms
08-16 16:52:12.654 1153 1153 I SystemServerTiming: OnBootPhase_550_com.android.server.clipboard.ClipboardService
08-16 16:52:12.654 1153 1153 D SystemServerTiming: OnBootPhase_550_com.android.server.clipboard.ClipboardService took to complete: 0ms
08-16 16:52:12.654 1153 1153 I SystemServerTiming: OnBootPhase_550_com.android.server.appbinding.AppBindingService$Lifecycle
08-16 16:52:12.655 1153 1153 I AppBindingService: Updating constants with: null
08-16 16:52:12.655 1153 1153 D SystemServerTiming: OnBootPhase_550_com.android.server.appbinding.AppBindingService$Lifecycle took to complete: 1ms
08-16 16:52:12.655 1153 1153 I SystemServerTiming: OnBootPhase_550_com.android.server.tracing.TracingServiceProxy
08-16 16:52:12.655 1153 1153 D SystemServerTiming: OnBootPhase_550_com.android.server.tracing.TracingServiceProxy took to complete: 0ms
08-16 16:52:12.656 1153 1153 I SystemServerTiming: OnBootPhase_550_com.android.server.policy.PermissionPolicyService
08-16 16:52:12.698 1153 1153 I PackageManager: Permission ownership changed. Updating all permissions.
08-16 16:52:12.698 1153 1324 W ActivityManager: Slow operation: 59ms so far, now at startProcess: returned from zygote!
01-01 05:04:08.616 0 0 I binder : 1816:1816 ioctl 40046210 7fd93f2444 returned -22
08-16 16:52:12.737 1153 1153 W SystemServiceManager: Service com.android.server.policy.PermissionPolicyService took 82 ms in onBootPhase
08-16 16:52:12.737 1153 1153 D SystemServerTiming: OnBootPhase_550_com.android.server.policy.PermissionPolicyService took to complete: 82ms
08-16 16:52:12.737 1153 1153 I SystemServerTiming: OnBootPhase_550_com.android.server.pm.StagingManager$Lifecycle
08-16 16:52:12.737 1153 1153 D SystemServerTiming: OnBootPhase_550_com.android.server.pm.StagingManager$Lifecycle took to complete: 0ms
08-16 16:52:12.738 1153 1153 I SystemServerTiming: OnBootPhase_550_com.android.server.app.GameManagerService$Lifecycle
08-16 16:52:12.738 1153 1324 W ActivityManager: Slow operation: 98ms so far, now at startProcess: done updating battery stats
08-16 16:52:12.738 1153 1324 I am_proc_start: [0,1830,10124,com.android.systemui,service,{com.android.systemui/com.android.systemui.ImageWallpaper}]
08-16 16:52:12.738 1153 1324 W ActivityManager: Slow operation: 98ms so far, now at startProcess: building log message
08-16 16:52:12.738 1153 1324 I ActivityManager: Start proc 1830:com.android.systemui/u0a124 for service {com.android.systemui/com.android.systemui.ImageWallpaper}
08-16 16:52:12.738 1153 1324 W ActivityManager: Slow operation: 98ms so far, now at startProcess: starting to update pids map
08-16 16:52:12.739 1153 1153 D SystemServerTiming: OnBootPhase_550_com.android.server.app.GameManagerService$Lifecycle took to complete: 0ms
08-16 16:52:12.739 1153 1153 I SystemServerTiming: OnBootPhase_550_com.android.server.appsearch.AppSearchManagerService
08-16 16:52:12.739 1153 1153 D SystemServerTiming: OnBootPhase_550_com.android.server.appsearch.AppSearchManagerService took to complete: 0ms
08-16 16:52:12.739 1153 1153 I SystemServerTiming: OnBootPhase_550_com.android.server.media.MediaCommunicationService
08-16 16:52:12.739 1153 1153 D SystemServerTiming: OnBootPhase_550_com.android.server.media.MediaCommunicationService took to complete: 0ms
08-16 16:52:12.739 1153 1153 D SystemServerTiming: OnBootPhase_550 took to complete: 180ms
08-16 16:52:12.739 1153 1153 D SystemServerTiming: StartActivityManagerReadyPhase took to complete: 180ms
08-16 16:52:12.739 1153 1153 I SystemServerTiming: StartObservingNativeCrashes
08-16 16:52:12.740 1153 1153 D SystemServerTiming: StartObservingNativeCrashes took to complete: 1ms
08-16 16:52:12.740 1153 1153 I SystemServerTiming: RegisterAppOpsPolicy
08-16 16:52:12.741 1153 1324 W ActivityManager: Slow operation: 101ms so far, now at startProcess: done updating pids map
08-16 16:52:12.741 1153 1793 I am_proc_bound: [0,1816,com.android.bluetooth]
08-16 16:52:12.743 1153 1793 D CompatibilityChangeReporter: Compat change id reported: 168419799; UID 1002; state: DISABLED
08-16 16:52:12.753 1153 1793 I am_uid_active: 1002
08-16 16:52:12.757 1153 1153 D SystemServerTiming: RegisterAppOpsPolicy took to complete: 17ms
08-16 16:52:12.757 1153 1688 I SystemServerTimingAsync: InitThreadPoolExec:WebViewFactoryPreparation
08-16 16:52:12.757 1153 1688 D SystemServerInitThreadPool: Started executing WebViewFactoryPreparation
08-16 16:52:12.757 1153 1688 I SystemServer: WebViewFactoryPreparation
08-16 16:52:12.757 1153 1688 I SystemServerTimingAsync: WebViewFactoryPreparation
08-16 16:52:12.758 1153 1153 I SystemServerTiming: MakeNetworkManagementServiceReady
08-16 16:52:12.759 1153 1688 I am_uid_running: 1037
08-16 16:52:12.759 1153 1688 D CompatibilityChangeReporter: Compat change id reported: 135634846; UID 1000; state: DISABLED
08-16 16:52:12.759 1153 1688 D CompatibilityChangeReporter: Compat change id reported: 177438394; UID 1000; state: DISABLED
08-16 16:52:12.759 1153 1688 D CompatibilityChangeReporter: Compat change id reported: 135772972; UID 1000; state: DISABLED
08-16 16:52:12.759 1153 1688 D CompatibilityChangeReporter: Compat change id reported: 178038272; UID 1000; state: DISABLED
08-16 16:52:12.761 1153 1688 D SystemServerTimingAsync: WebViewFactoryPreparation took to complete: 4ms
08-16 16:52:12.761 1153 1688 D SystemServerInitThreadPool: Finished executing WebViewFactoryPreparation
08-16 16:52:12.761 1153 1688 D SystemServerTimingAsync: InitThreadPoolExec:WebViewFactoryPreparation took to complete: 4ms
08-16 16:52:12.762 1153 1153 D SystemServerTiming: MakeNetworkManagementServiceReady took to complete: 5ms
08-16 16:52:12.763 1153 1153 I SystemServerTiming: MakeIpSecServiceReady
08-16 16:52:12.764 1153 1153 D IpSecService: IpSecService is ready
08-16 16:52:12.764 1153 1153 D SystemServerTiming: MakeIpSecServiceReady took to complete: 2ms
08-16 16:52:12.764 1153 1153 I SystemServerTiming: MakeNetworkStatsServiceReady
08-16 16:52:12.773 1153 1736 I commit_sys_config_file: [net-policy,5]
08-16 16:52:12.774 1153 1736 W NetworkPolicy: setRestrictBackgroundUL: already false
01-01 05:04:08.678 0 0 I binder : 1830:1830 ioctl 40046210 7fd93f2444 returned -22
08-16 16:52:12.781 1232 1232 I iorapd : iorapd (the prefetchening) readied up
08-16 16:52:12.790 1153 1735 D TelephonyRegistry: listen oscl: mHasNotifySubscriptionInfoChangedOccurred==false no callback
08-16 16:52:12.794 1153 1736 D TelephonyRegistry: listen oscl: mHasNotifySubscriptionInfoChangedOccurred==false no callback
08-16 16:52:12.797 1153 1153 D SystemServerTiming: MakeNetworkStatsServiceReady took to complete: 32ms
08-16 16:52:12.797 1153 1153 I SystemServerTiming: MakeConnectivityServiceReady
08-16 16:52:12.803 1153 1793 I am_proc_bound: [0,1830,com.android.systemui]
08-16 16:52:12.805 1153 1793 D CompatibilityChangeReporter: Compat change id reported: 168419799; UID 10124; state: DISABLED
08-16 16:52:12.806 1153 1793 I am_uid_active: 10124
08-16 16:52:12.823 1153 1153 D SystemServerTiming: MakeConnectivityServiceReady took to complete: 27ms
08-16 16:52:12.824 1153 1153 I SystemServerTiming: MakeVpnManagerServiceReady
08-16 16:52:12.831 1153 1153 D SystemServerTiming: MakeVpnManagerServiceReady took to complete: 8ms
08-16 16:52:12.832 1153 1153 I SystemServerTiming: MakeVcnManagementServiceReady
08-16 16:52:12.833 1153 1153 D TelephonyRegistry: listen oscl: mHasNotifySubscriptionInfoChangedOccurred==false no callback
08-16 16:52:12.836 1153 1153 D SystemServerTiming: MakeVcnManagementServiceReady took to complete: 5ms
08-16 16:52:12.836 1153 1153 I SystemServerTiming: MakeNetworkPolicyServiceReady
08-16 16:52:12.837 1153 1153 D SystemServerTiming: MakeNetworkPolicyServiceReady took to complete: 0ms
08-16 16:52:12.837 1153 1153 I SystemServerTiming: PhaseThirdPartyAppsCanStart
08-16 16:52:12.837 1153 1153 I SystemServiceManager: Starting phase 600
08-16 16:52:12.837 1153 1153 I SystemServerTiming: OnBootPhase_600
08-16 16:52:12.838 1153 1153 I SystemServerTiming: OnBootPhase_600_com.android.server.security.FileIntegrityService
08-16 16:52:12.838 1153 1153 D SystemServerTiming: OnBootPhase_600_com.android.server.security.FileIntegrityService took to complete: 0ms
08-16 16:52:12.838 1153 1153 I SystemServerTiming: OnBootPhase_600_com.android.server.pm.Installer
08-16 16:52:12.838 1153 1153 D SystemServerTiming: OnBootPhase_600_com.android.server.pm.Installer took to complete: 0ms
08-16 16:52:12.838 1153 1153 I SystemServerTiming: OnBootPhase_600_com.android.server.os.DeviceIdentifiersPolicyService
08-16 16:52:12.838 1153 1153 D SystemServerTiming: OnBootPhase_600_com.android.server.os.DeviceIdentifiersPolicyService took to complete: 0ms
08-16 16:52:12.838 1153 1153 I SystemServerTiming: OnBootPhase_600_com.android.server.uri.UriGrantsManagerService$Lifecycle
08-16 16:52:12.838 1153 1153 D SystemServerTiming: OnBootPhase_600_com.android.server.uri.UriGrantsManagerService$Lifecycle took to complete: 0ms
08-16 16:52:12.838 1153 1153 I SystemServerTiming: OnBootPhase_600_com.android.server.powerstats.PowerStatsService
08-16 16:52:12.838 1153 1153 D SystemServerTiming: OnBootPhase_600_com.android.server.powerstats.PowerStatsService took to complete: 0ms
08-16 16:52:12.838 1153 1153 I SystemServerTiming: OnBootPhase_600_com.android.server.wm.ActivityTaskManagerService$Lifecycle
08-16 16:52:12.838 1153 1153 D SystemServerTiming: OnBootPhase_600_com.android.server.wm.ActivityTaskManagerService$Lifecycle took to complete: 0ms
08-16 16:52:12.838 1153 1153 I SystemServerTiming: OnBootPhase_600_com.android.server.am.ActivityManagerService$Lifecycle
08-16 16:52:12.839 1153 1153 I ExplicitHealthCheckController: Explicit health checks enabled.
08-16 16:52:12.839 1153 1153 I PackageWatchdog: Syncing state, reason: health check state enabled
08-16 16:52:12.839 1153 1153 I PackageWatchdog: Not pruning observers, elapsed time: 0ms
08-16 16:52:12.839 1153 1153 I PackageWatchdog: Cancelling state sync, nothing to sync
08-16 16:52:12.839 1153 1153 D SystemServerTiming: OnBootPhase_600_com.android.server.am.ActivityManagerService$Lifecycle took to complete: 1ms
08-16 16:52:12.839 1153 1153 I SystemServerTiming: OnBootPhase_600_com.android.server.pm.DataLoaderManagerService
08-16 16:52:12.839 1153 1153 D SystemServerTiming: OnBootPhase_600_com.android.server.pm.DataLoaderManagerService took to complete: 0ms
08-16 16:52:12.840 1153 1153 I SystemServerTiming: OnBootPhase_600_com.android.server.power.PowerManagerService
08-16 16:52:12.841 1153 1319 I PackageWatchdog: Saving observer state to file
08-16 16:52:12.841 1153 1153 D SystemServerTiming: OnBootPhase_600_com.android.server.power.PowerManagerService took to complete: 1ms
08-16 16:52:12.841 1153 1153 I SystemServerTiming: OnBootPhase_600_com.android.server.power.ThermalManagerService
08-16 16:52:12.841 1153 1153 D SystemServerTiming: OnBootPhase_600_com.android.server.power.ThermalManagerService took to complete: 0ms
08-16 16:52:12.841 1153 1153 I SystemServerTiming: OnBootPhase_600_com.android.server.power.hint.HintManagerService
08-16 16:52:12.841 1153 1153 D SystemServerTiming: OnBootPhase_600_com.android.server.power.hint.HintManagerService took to complete: 0ms
08-16 16:52:12.841 1153 1153 I SystemServerTiming: OnBootPhase_600_com.android.server.recoverysystem.RecoverySystemService$Lifecycle
08-16 16:52:12.841 1153 1153 D SystemServerTiming: OnBootPhase_600_com.android.server.recoverysystem.RecoverySystemService$Lifecycle took to complete: 0ms
08-16 16:52:12.841 1153 1153 I SystemServerTiming: OnBootPhase_600_com.android.server.lights.LightsService
08-16 16:52:12.842 1153 1153 D SystemServerTiming: OnBootPhase_600_com.android.server.lights.LightsService took to complete: 0ms
08-16 16:52:12.842 1153 1153 I SystemServerTiming: OnBootPhase_600_com.android.server.display.DisplayManagerService
08-16 16:52:12.842 1153 1153 D SystemServerTiming: OnBootPhase_600_com.android.server.display.DisplayManagerService took to complete: 0ms
08-16 16:52:12.842 1153 1153 I SystemServerTiming: OnBootPhase_600_com.android.server.pm.verify.domain.DomainVerificationService
08-16 16:52:12.842 1153 1153 D SystemServerTiming: OnBootPhase_600_com.android.server.pm.verify.domain.DomainVerificationService took to complete: 0ms
08-16 16:52:12.842 1153 1153 I SystemServerTiming: OnBootPhase_600_com.android.server.pm.PackageInstallerService$Lifecycle
08-16 16:52:12.842 1153 1153 D SystemServerTiming: OnBootPhase_600_com.android.server.pm.PackageInstallerService$Lifecycle took to complete: 0ms
08-16 16:52:12.842 1153 1153 I SystemServerTiming: OnBootPhase_600_com.android.server.pm.UserManagerService$LifeCycle
08-16 16:52:12.842 1153 1153 D SystemServerTiming: OnBootPhase_600_com.android.server.pm.UserManagerService$LifeCycle took to complete: 0ms
08-16 16:52:12.842 1153 1153 I SystemServerTiming: OnBootPhase_600_com.android.server.om.OverlayManagerService
08-16 16:52:12.842 1153 1153 D SystemServerTiming: OnBootPhase_600_com.android.server.om.OverlayManagerService took to complete: 0ms
08-16 16:52:12.842 1153 1153 I SystemServerTiming: OnBootPhase_600_com.android.server.SensorPrivacyService
08-16 16:52:12.842 1153 1153 D SystemServerTiming: OnBootPhase_600_com.android.server.SensorPrivacyService took to complete: 0ms
08-16 16:52:12.842 1153 1153 I SystemServerTiming: OnBootPhase_600_com.android.server.sensors.SensorService
08-16 16:52:12.842 1153 1153 D SystemServerTiming: OnBootPhase_600_com.android.server.sensors.SensorService took to complete: 0ms
08-16 16:52:12.842 1153 1153 I SystemServerTiming: OnBootPhase_600_com.android.server.SystemConfigService
08-16 16:52:12.842 1153 1153 D SystemServerTiming: OnBootPhase_600_com.android.server.SystemConfigService took to complete: 0ms
08-16 16:52:12.842 1153 1153 I SystemServerTiming: OnBootPhase_600_com.android.server.BatteryService
08-16 16:52:12.842 1153 1153 D SystemServerTiming: OnBootPhase_600_com.android.server.BatteryService took to complete: 0ms
08-16 16:52:12.842 1153 1153 I SystemServerTiming: OnBootPhase_600_com.android.server.usage.UsageStatsService
08-16 16:52:12.843 1153 1153 D SystemServerTiming: OnBootPhase_600_com.android.server.usage.UsageStatsService took to complete: 0ms
08-16 16:52:12.843 1153 1153 I SystemServerTiming: OnBootPhase_600_com.android.server.webkit.WebViewUpdateService
08-16 16:52:12.843 1153 1153 D SystemServerTiming: OnBootPhase_600_com.android.server.webkit.WebViewUpdateService took to complete: 0ms
08-16 16:52:12.843 1153 1153 I SystemServerTiming: OnBootPhase_600_com.android.server.CachedDeviceStateService
08-16 16:52:12.843 1153 1153 D SystemServerTiming: OnBootPhase_600_com.android.server.CachedDeviceStateService took to complete: 0ms
08-16 16:52:12.843 1153 1153 I SystemServerTiming: OnBootPhase_600_com.android.server.BinderCallsStatsService$LifeCycle
08-16 16:52:12.843 1153 1153 D SystemServerTiming: OnBootPhase_600_com.android.server.BinderCallsStatsService$LifeCycle took to complete: 0ms
08-16 16:52:12.843 1153 1153 I SystemServerTiming: OnBootPhase_600_com.android.server.LooperStatsService$Lifecycle
08-16 16:52:12.843 1153 1153 D SystemServerTiming: OnBootPhase_600_com.android.server.LooperStatsService$Lifecycle took to complete: 0ms
08-16 16:52:12.843 1153 1153 I SystemServerTiming: OnBootPhase_600_com.android.server.rollback.RollbackManagerService
08-16 16:52:12.843 1153 1153 D SystemServerTiming: OnBootPhase_600_com.android.server.rollback.RollbackManagerService took to complete: 0ms
08-16 16:52:12.843 1153 1153 I SystemServerTiming: OnBootPhase_600_com.android.server.os.NativeTombstoneManagerService
08-16 16:52:12.843 1153 1153 D SystemServerTiming: OnBootPhase_600_com.android.server.os.NativeTombstoneManagerService took to complete: 1ms
08-16 16:52:12.843 1153 1153 I SystemServerTiming: OnBootPhase_600_com.android.server.os.BugreportManagerService
08-16 16:52:12.843 1153 1153 D SystemServerTiming: OnBootPhase_600_com.android.server.os.BugreportManagerService took to complete: 0ms
08-16 16:52:12.844 1153 1153 I SystemServerTiming: OnBootPhase_600_com.android.server.gpu.GpuService
08-16 16:52:12.844 1153 1153 D SystemServerTiming: OnBootPhase_600_com.android.server.gpu.GpuService took to complete: 0ms
08-16 16:52:12.844 1153 1153 I SystemServerTiming: OnBootPhase_600_com.android.server.security.KeyChainSystemService
08-16 16:52:12.844 1153 1153 D SystemServerTiming: OnBootPhase_600_com.android.server.security.KeyChainSystemService took to complete: 0ms
08-16 16:52:12.844 1153 1153 I SystemServerTiming: OnBootPhase_600_com.android.server.telecom.TelecomLoaderService
08-16 16:52:12.844 1153 1153 D SystemServerTiming: OnBootPhase_600_com.android.server.telecom.TelecomLoaderService took to complete: 0ms
08-16 16:52:12.844 1153 1153 I SystemServerTiming: OnBootPhase_600_com.android.server.accounts.AccountManagerService$Lifecycle
08-16 16:52:12.844 1153 1153 D SystemServerTiming: OnBootPhase_600_com.android.server.accounts.AccountManagerService$Lifecycle took to complete: 0ms
08-16 16:52:12.844 1153 1153 I SystemServerTiming: OnBootPhase_600_com.android.server.content.ContentService$Lifecycle
08-16 16:52:12.844 1153 1153 D SystemServerTiming: OnBootPhase_600_com.android.server.content.ContentService$Lifecycle took to complete: 0ms
08-16 16:52:12.844 1153 1153 I SystemServerTiming: OnBootPhase_600_com.android.server.DropBoxManagerService
08-16 16:52:12.844 1153 1153 D SystemServerTiming: OnBootPhase_600_com.android.server.DropBoxManagerService took to complete: 0ms
08-16 16:52:12.844 1153 1153 I SystemServerTiming: OnBootPhase_600_com.android.role.RoleService
08-16 16:52:12.844 1153 1153 D SystemServerTiming: OnBootPhase_600_com.android.role.RoleService took to complete: 0ms
08-16 16:52:12.844 1153 1153 I SystemServerTiming: OnBootPhase_600_com.android.server.vibrator.VibratorManagerService$Lifecycle
08-16 16:52:12.844 1153 1153 D SystemServerTiming: OnBootPhase_600_com.android.server.vibrator.VibratorManagerService$Lifecycle took to complete: 0ms
08-16 16:52:12.844 1153 1153 I SystemServerTiming: OnBootPhase_600_com.android.server.alarm.AlarmManagerService
08-16 16:52:12.844 1153 1153 D SystemServerTiming: OnBootPhase_600_com.android.server.alarm.AlarmManagerService took to complete: 0ms
08-16 16:52:12.845 1153 1153 I SystemServerTiming: OnBootPhase_600_com.android.server.devicestate.DeviceStateManagerService
08-16 16:52:12.845 1153 1153 D SystemServerTiming: OnBootPhase_600_com.android.server.devicestate.DeviceStateManagerService took to complete: 0ms
08-16 16:52:12.845 1153 1153 I SystemServerTiming: OnBootPhase_600_com.android.server.camera.CameraServiceProxy
08-16 16:52:12.845 1153 1153 D SystemServerTiming: OnBootPhase_600_com.android.server.camera.CameraServiceProxy took to complete: 0ms
08-16 16:52:12.845 1153 1153 I SystemServerTiming: OnBootPhase_600_com.android.server.BluetoothService
08-16 16:52:12.845 1153 1153 D SystemServerTiming: OnBootPhase_600_com.android.server.BluetoothService took to complete: 0ms
08-16 16:52:12.845 1153 1153 I SystemServerTiming: OnBootPhase_600_com.android.server.connectivity.IpConnectivityMetrics
08-16 16:52:12.845 1153 1153 D SystemServerTiming: OnBootPhase_600_com.android.server.connectivity.IpConnectivityMetrics took to complete: 0ms
08-16 16:52:12.845 1153 1153 I SystemServerTiming: OnBootPhase_600_com.android.server.net.watchlist.NetworkWatchlistService$Lifecycle
08-16 16:52:12.845 1153 1153 D SystemServerTiming: OnBootPhase_600_com.android.server.net.watchlist.NetworkWatchlistService$Lifecycle took to complete: 0ms
08-16 16:52:12.845 1153 1153 I SystemServerTiming: OnBootPhase_600_com.android.server.PinnerService
08-16 16:52:12.845 1153 1153 D SystemServerTiming: OnBootPhase_600_com.android.server.PinnerService took to complete: 0ms
08-16 16:52:12.845 1153 1153 I SystemServerTiming: OnBootPhase_600_com.google.android.startop.iorap.IorapForwardingService
08-16 16:52:12.845 1153 1153 D SystemServerTiming: OnBootPhase_600_com.google.android.startop.iorap.IorapForwardingService took to complete: 0ms
08-16 16:52:12.845 1153 1153 I SystemServerTiming: OnBootPhase_600_com.android.server.ActivityTriggerService
08-16 16:52:12.845 1153 1153 D SystemServerTiming: OnBootPhase_600_com.android.server.ActivityTriggerService took to complete: 0ms
08-16 16:52:12.845 1153 1153 I SystemServerTiming: OnBootPhase_600_com.android.server.integrity.AppIntegrityManagerService
08-16 16:52:12.845 1153 1153 D SystemServerTiming: OnBootPhase_600_com.android.server.integrity.AppIntegrityManagerService took to complete: 0ms
08-16 16:52:12.845 1153 1153 I SystemServerTiming: OnBootPhase_600_com.android.server.inputmethod.InputMethodManagerService$Lifecycle
08-16 16:52:12.846 1153 1153 D SystemServerTiming: OnBootPhase_600_com.android.server.inputmethod.InputMethodManagerService$Lifecycle took to complete: 0ms
08-16 16:52:12.846 1153 1153 I SystemServerTiming: OnBootPhase_600_com.android.server.accessibility.AccessibilityManagerService$Lifecycle
08-16 16:52:12.846 1153 1153 D SystemServerTiming: OnBootPhase_600_com.android.server.accessibility.AccessibilityManagerService$Lifecycle took to complete: 0ms
08-16 16:52:12.846 1153 1153 I SystemServerTiming: OnBootPhase_600_com.android.server.StorageManagerService$Lifecycle
08-16 16:52:12.846 1153 1153 D SystemServerTiming: OnBootPhase_600_com.android.server.StorageManagerService$Lifecycle took to complete: 0ms
08-16 16:52:12.846 1153 1153 I SystemServerTiming: OnBootPhase_600_com.android.server.usage.StorageStatsService$Lifecycle
08-16 16:52:12.846 1153 1153 D SystemServerTiming: OnBootPhase_600_com.android.server.usage.StorageStatsService$Lifecycle took to complete: 0ms
08-16 16:52:12.846 1153 1153 I SystemServerTiming: OnBootPhase_600_com.android.server.UiModeManagerService
08-16 16:52:12.846 1153 1153 D SystemServerTiming: OnBootPhase_600_com.android.server.UiModeManagerService took to complete: 0ms
08-16 16:52:12.846 1153 1153 I SystemServerTiming: OnBootPhase_600_com.android.server.locksettings.LockSettingsService$Lifecycle
08-16 16:52:12.846 1153 1153 D SystemServerTiming: OnBootPhase_600_com.android.server.locksettings.LockSettingsService$Lifecycle took to complete: 0ms
08-16 16:52:12.846 1153 1153 I SystemServerTiming: OnBootPhase_600_com.android.server.PersistentDataBlockService
08-16 16:52:12.846 1153 1153 D SystemServerTiming: OnBootPhase_600_com.android.server.PersistentDataBlockService took to complete: 0ms
08-16 16:52:12.846 1153 1153 I SystemServerTiming: OnBootPhase_600_com.android.server.testharness.TestHarnessModeService
08-16 16:52:12.847 1153 1153 D SystemServerTiming: OnBootPhase_600_com.android.server.testharness.TestHarnessModeService took to complete: 0ms
08-16 16:52:12.847 1153 1153 I SystemServerTiming: OnBootPhase_600_com.android.server.oemlock.OemLockService
08-16 16:52:12.847 1153 1153 D SystemServerTiming: OnBootPhase_600_com.android.server.oemlock.OemLockService took to complete: 0ms
08-16 16:52:12.847 1153 1153 I SystemServerTiming: OnBootPhase_600_com.android.server.DeviceIdleController
08-16 16:52:12.847 1153 1153 D SystemServerTiming: OnBootPhase_600_com.android.server.DeviceIdleController took to complete: 0ms
08-16 16:52:12.847 1153 1153 I SystemServerTiming: OnBootPhase_600_com.android.server.devicepolicy.DevicePolicyManagerService$Lifecycle
08-16 16:52:12.847 1153 1153 D SystemServerTiming: OnBootPhase_600_com.android.server.devicepolicy.DevicePolicyManagerService$Lifecycle took to complete: 0ms
08-16 16:52:12.847 1153 1153 I SystemServerTiming: OnBootPhase_600_com.android.server.texttospeech.TextToSpeechManagerService
08-16 16:52:12.847 1153 1153 D SystemServerTiming: OnBootPhase_600_com.android.server.texttospeech.TextToSpeechManagerService took to complete: 0ms
08-16 16:52:12.848 1153 1153 I SystemServerTiming: OnBootPhase_600_com.android.server.speech.SpeechRecognitionManagerService
08-16 16:52:12.848 1153 1153 D SystemServerTiming: OnBootPhase_600_com.android.server.speech.SpeechRecognitionManagerService took to complete: 1ms
08-16 16:52:12.848 1153 1153 I SystemServerTiming: OnBootPhase_600_com.android.server.searchui.SearchUiManagerService
08-16 16:52:12.848 1153 1153 D SystemServerTiming: OnBootPhase_600_com.android.server.searchui.SearchUiManagerService took to complete: 0ms
08-16 16:52:12.849 1153 1153 I SystemServerTiming: OnBootPhase_600_com.android.server.smartspace.SmartspaceManagerService
08-16 16:52:12.849 1153 1153 D SystemServerTiming: OnBootPhase_600_com.android.server.smartspace.SmartspaceManagerService took to complete: 0ms
08-16 16:52:12.849 1153 1153 I SystemServerTiming: OnBootPhase_600_com.android.server.graphics.fonts.FontManagerService$Lifecycle
08-16 16:52:12.849 1153 1153 D SystemServerTiming: OnBootPhase_600_com.android.server.graphics.fonts.FontManagerService$Lifecycle took to complete: 0ms
08-16 16:52:12.849 1153 1153 I SystemServerTiming: OnBootPhase_600_com.android.server.textservices.TextServicesManagerService$Lifecycle
08-16 16:52:12.849 1153 1153 D SystemServerTiming: OnBootPhase_600_com.android.server.textservices.TextServicesManagerService$Lifecycle took to complete: 0ms
08-16 16:52:12.849 1153 1153 I SystemServerTiming: OnBootPhase_600_com.android.server.textclassifier.TextClassificationManagerService$Lifecycle
08-16 16:52:12.849 1153 1153 D SystemServerTiming: OnBootPhase_600_com.android.server.textclassifier.TextClassificationManagerService$Lifecycle took to complete: 0ms
08-16 16:52:12.849 1153 1153 I SystemServerTiming: OnBootPhase_600_com.android.server.NetworkScoreService$Lifecycle
08-16 16:52:12.849 1153 1153 D SystemServerTiming: OnBootPhase_600_com.android.server.NetworkScoreService$Lifecycle took to complete: 0ms
08-16 16:52:12.850 1153 1153 I SystemServerTiming: OnBootPhase_600_com.android.server.wifi.WifiService
08-16 16:52:12.850 1153 1153 D SystemServerTiming: OnBootPhase_600_com.android.server.wifi.WifiService took to complete: 0ms
08-16 16:52:12.850 1153 1153 I SystemServerTiming: OnBootPhase_600_com.android.server.wifi.scanner.WifiScanningService
08-16 16:52:12.850 1153 1153 D SystemServerTiming: OnBootPhase_600_com.android.server.wifi.scanner.WifiScanningService took to complete: 0ms
08-16 16:52:12.850 1153 1153 I SystemServerTiming: OnBootPhase_600_com.android.server.wifi.rtt.RttService
08-16 16:52:12.850 1153 1153 D SystemServerTiming: OnBootPhase_600_com.android.server.wifi.rtt.RttService took to complete: 0ms
08-16 16:52:12.850 1153 1153 I SystemServerTiming: OnBootPhase_600_com.android.server.wifi.aware.WifiAwareService
08-16 16:52:12.850 1153 1153 D SystemServerTiming: OnBootPhase_600_com.android.server.wifi.aware.WifiAwareService took to complete: 0ms
08-16 16:52:12.850 1153 1153 I SystemServerTiming: OnBootPhase_600_com.android.server.wifi.p2p.WifiP2pService
08-16 16:52:12.850 1153 1153 D SystemServerTiming: OnBootPhase_600_com.android.server.wifi.p2p.WifiP2pService took to complete: 0ms
08-16 16:52:12.850 1153 1153 I SystemServerTiming: OnBootPhase_600_com.android.server.ethernet.EthernetService
08-16 16:52:12.850 1153 1153 D SystemServerTiming: OnBootPhase_600_com.android.server.ethernet.EthernetService took to complete: 0ms
08-16 16:52:12.850 1153 1153 I SystemServerTiming: OnBootPhase_600_com.android.server.ConnectivityServiceInitializer
08-16 16:52:12.850 1153 1153 D SystemServerTiming: OnBootPhase_600_com.android.server.ConnectivityServiceInitializer took to complete: 0ms
08-16 16:52:12.851 1153 1153 I SystemServerTiming: OnBootPhase_600_com.android.server.notification.NotificationManagerService
08-16 16:52:12.858 1153 1153 D SystemServerTiming: OnBootPhase_600_com.android.server.notification.NotificationManagerService took to complete: 7ms
08-16 16:52:12.858 1153 1153 I SystemServerTiming: OnBootPhase_600_com.android.server.storage.DeviceStorageMonitorService
08-16 16:52:12.858 1153 1153 D SystemServerTiming: OnBootPhase_600_com.android.server.storage.DeviceStorageMonitorService took to complete: 0ms
08-16 16:52:12.858 1153 1153 I SystemServerTiming: OnBootPhase_600_com.android.server.location.LocationManagerService$Lifecycle
08-16 16:52:12.882 1153 1153 D TelephonyRegistry: listen oscl: mHasNotifySubscriptionInfoChangedOccurred==false no callback
08-16 16:52:12.922 1153 1153 W SystemServiceManager: Service com.android.server.location.LocationManagerService$Lifecycle took 65 ms in onBootPhase
08-16 16:52:12.923 1153 1153 D SystemServerTiming: OnBootPhase_600_com.android.server.location.LocationManagerService$Lifecycle took to complete: 65ms
08-16 16:52:12.923 1153 1153 I SystemServerTiming: OnBootPhase_600_com.android.server.timedetector.TimeDetectorService$Lifecycle
08-16 16:52:12.923 1153 1153 D SystemServerTiming: OnBootPhase_600_com.android.server.timedetector.TimeDetectorService$Lifecycle took to complete: 0ms
08-16 16:52:12.923 1153 1153 I SystemServerTiming: OnBootPhase_600_com.android.server.timezonedetector.TimeZoneDetectorService$Lifecycle
08-16 16:52:12.923 1153 1153 D SystemServerTiming: OnBootPhase_600_com.android.server.timezonedetector.TimeZoneDetectorService$Lifecycle took to complete: 0ms
08-16 16:52:12.923 1153 1153 I SystemServerTiming: OnBootPhase_600_com.android.server.timezonedetector.location.LocationTimeZoneManagerService$Lifecycle
08-16 16:52:12.924 1153 1153 D SystemServerTiming: OnBootPhase_600_com.android.server.timezonedetector.location.LocationTimeZoneManagerService$Lifecycle took to complete: 0ms
08-16 16:52:12.924 1153 1153 I SystemServerTiming: OnBootPhase_600_com.android.server.search.SearchManagerService$Lifecycle
08-16 16:52:12.924 1153 1153 D SystemServerTiming: OnBootPhase_600_com.android.server.search.SearchManagerService$Lifecycle took to complete: 0ms
08-16 16:52:12.924 1153 1153 I SystemServerTiming: OnBootPhase_600_com.android.server.wallpaper.WallpaperManagerService$Lifecycle
08-16 16:52:12.924 1153 1153 I WallpaperManagerService: switch-user-0
08-16 16:52:12.925 1153 1153 V WallpaperManagerService: bindWallpaperComponentLocked: componentName=ComponentInfo{com.android.systemui/com.android.systemui.ImageWallpaper}
08-16 16:52:12.927 1153 1153 D WallpaperManagerService: switch-user-0 took to complete: 3ms
08-16 16:52:12.927 1153 1153 D SystemServerTiming: OnBootPhase_600_com.android.server.wallpaper.WallpaperManagerService$Lifecycle took to complete: 3ms
08-16 16:52:12.927 1153 1153 I SystemServerTiming: OnBootPhase_600_com.android.server.audio.AudioService$Lifecycle
08-16 16:52:12.927 1153 1153 D SystemServerTiming: OnBootPhase_600_com.android.server.audio.AudioService$Lifecycle took to complete: 0ms
08-16 16:52:12.928 1153 1153 I SystemServerTiming: OnBootPhase_600_com.android.server.soundtrigger_middleware.SoundTriggerMiddlewareService$Lifecycle
08-16 16:52:12.928 1153 1153 D SystemServerTiming: OnBootPhase_600_com.android.server.soundtrigger_middleware.SoundTriggerMiddlewareService$Lifecycle took to complete: 0ms
08-16 16:52:12.928 1153 1153 I SystemServerTiming: OnBootPhase_600_com.android.server.DockObserver
08-16 16:52:12.928 1153 1153 D SystemServerTiming: OnBootPhase_600_com.android.server.DockObserver took to complete: 0ms
08-16 16:52:12.928 1153 1153 I SystemServerTiming: OnBootPhase_600_com.android.server.midi.MidiService$Lifecycle
08-16 16:52:12.928 1153 1153 D SystemServerTiming: OnBootPhase_600_com.android.server.midi.MidiService$Lifecycle took to complete: 0ms
08-16 16:52:12.928 1153 1153 I SystemServerTiming: OnBootPhase_600_com.android.server.adb.AdbService$Lifecycle
08-16 16:52:12.928 1153 1153 D SystemServerTiming: OnBootPhase_600_com.android.server.adb.AdbService$Lifecycle took to complete: 0ms
08-16 16:52:12.928 1153 1153 I SystemServerTiming: OnBootPhase_600_com.android.server.usb.UsbService$Lifecycle
08-16 16:52:12.928 1153 1153 D SystemServerTiming: OnBootPhase_600_com.android.server.usb.UsbService$Lifecycle took to complete: 0ms
08-16 16:52:12.928 1153 1153 I SystemServerTiming: OnBootPhase_600_com.android.server.twilight.TwilightService
08-16 16:52:12.928 1153 1153 D SystemServerTiming: OnBootPhase_600_com.android.server.twilight.TwilightService took to complete: 0ms
08-16 16:52:12.929 1153 1153 I SystemServerTiming: OnBootPhase_600_com.android.server.display.color.ColorDisplayService
08-16 16:52:12.929 1153 1153 D SystemServerTiming: OnBootPhase_600_com.android.server.display.color.ColorDisplayService took to complete: 0ms
08-16 16:52:12.929 1153 1153 I SystemServerTiming: OnBootPhase_600_com.android.server.job.JobSchedulerService
08-16 16:52:12.929 1153 1247 W CarrierConfigManager: Error getting config for subId -1 ICarrierConfigLoader is null
08-16 16:52:12.932 1153 1153 D SystemServerTiming: OnBootPhase_600_com.android.server.job.JobSchedulerService took to complete: 4ms
08-16 16:52:12.932 1153 1153 I SystemServerTiming: OnBootPhase_600_com.android.server.soundtrigger.SoundTriggerService
08-16 16:52:12.933 1153 1153 D SoundTriggerService: onBootPhase: 600 : false
08-16 16:52:12.933 1153 1153 D SystemServerTiming: OnBootPhase_600_com.android.server.soundtrigger.SoundTriggerService took to complete: 0ms
08-16 16:52:12.933 1153 1153 I SystemServerTiming: OnBootPhase_600_com.android.server.trust.TrustManagerService
08-16 16:52:12.936 1153 1153 D BiometricService: Sensor ID(0), oemStrength: 15, updatedStrength: 15, modality 2, state: 0, cookie: 0, props: ID: 0, Strength: 2, Type: 1, sensorId 0, hasEnrollments: false cannot participate in Keystore operations
01-01 05:04:08.835 0 0 D cnss : MHI status cb is called with reason MISSION_MODE(6)
01-01 05:04:08.842 0 0 D cnss : Completed event: REGISTER_DRIVER(7), state: 0x10, ret: 0/0
08-16 16:52:12.941 1153 1247 D CompatibilityChangeReporter: Compat change id reported: 168936375; UID 1000; state: DISABLED
01-01 05:04:08.851 0 0 D cnss : PM relax, state: 0x10, count: 0
01-01 05:04:08.851 0 0 D cnss : PM stay awake, state: 0x10, count: 1
01-01 05:04:08.851 0 0 D cnss : PM relax, state: 0x10, count: 0
08-16 16:52:12.949 1153 1153 D SystemServerTiming: OnBootPhase_600_com.android.server.trust.TrustManagerService took to complete: 16ms
08-16 16:52:12.949 1153 1153 I SystemServerTiming: OnBootPhase_600_com.android.server.backup.BackupManagerService$Lifecycle
08-16 16:52:12.949 1153 1153 D SystemServerTiming: OnBootPhase_600_com.android.server.backup.BackupManagerService$Lifecycle took to complete: 0ms
08-16 16:52:12.949 1153 1153 I SystemServerTiming: OnBootPhase_600_com.android.server.appwidget.AppWidgetService
08-16 16:52:12.949 1153 1153 D SystemServerTiming: OnBootPhase_600_com.android.server.appwidget.AppWidgetService took to complete: 0ms
08-16 16:52:12.949 1153 1153 I SystemServerTiming: OnBootPhase_600_com.android.server.voiceinteraction.VoiceInteractionManagerService
08-16 16:52:12.975 1153 1324 W ActivityManager: Slow operation: 217ms so far, now at startProcess: returned from zygote!
01-01 05:04:08.867 0 0 E : [drm:dp_display_init_aux_switch][msm-dp-err][84 ]failed to register notifier (-22)
08-16 16:52:12.998 1153 1324 W ActivityManager: Slow operation: 240ms so far, now at startProcess: done updating battery stats
08-16 16:52:12.999 1153 1324 I am_proc_start: [0,1902,1037,WebViewLoader-armeabi-v7a,NULL,]
08-16 16:52:12.999 1153 1324 W ActivityManager: Slow operation: 240ms so far, now at startProcess: building log message
08-16 16:52:12.999 1153 1324 I ActivityManager: Start proc 1902:WebViewLoader-armeabi-v7a/1037 [android.webkit.WebViewLibraryLoader$RelroFileCreator] for null
08-16 16:52:12.999 1153 1324 W ActivityManager: Slow operation: 240ms so far, now at startProcess: starting to update pids map
08-16 16:52:12.999 1153 1153 D SystemServerTiming: OnBootPhase_600_com.android.server.voiceinteraction.VoiceInteractionManagerService took to complete: 50ms
08-16 16:52:12.999 1153 1153 I SystemServerTiming: OnBootPhase_600_com.android.server.apphibernation.AppHibernationService
08-16 16:52:12.999 1153 1153 D SystemServerTiming: OnBootPhase_600_com.android.server.apphibernation.AppHibernationService took to complete: 0ms
08-16 16:52:12.999 1153 1153 I SystemServerTiming: OnBootPhase_600_com.android.server.GestureLauncherService
08-16 16:52:12.999 1153 1247 D CompatibilityChangeReporter: Compat change id reported: 168936375; UID 1000; state: ENABLED
08-16 16:52:13.000 1153 1324 W ActivityManager: Slow operation: 242ms so far, now at startProcess: done updating pids map
08-16 16:52:13.001 1153 1324 W ActivityManager: Slow operation: 241ms so far, now at startProcess: asking zygote to start proc
08-16 16:52:13.003 1153 1153 D SystemServerTiming: OnBootPhase_600_com.android.server.GestureLauncherService took to complete: 5ms
08-16 16:52:13.004 1153 1153 I SystemServerTiming: OnBootPhase_600_com.android.server.SensorNotificationService
08-16 16:52:13.005 1153 1153 D SystemServerTiming: OnBootPhase_600_com.android.server.SensorNotificationService took to complete: 1ms
08-16 16:52:13.005 1153 1153 I SystemServerTiming: OnBootPhase_600_com.android.server.emergency.EmergencyAffordanceService
08-16 16:52:13.009 1153 1153 D TelephonyRegistry: listen oscl: mHasNotifySubscriptionInfoChangedOccurred==false no callback
08-16 16:52:13.010 1153 1153 D SystemServerTiming: OnBootPhase_600_com.android.server.emergency.EmergencyAffordanceService took to complete: 4ms
08-16 16:52:13.010 1153 1153 I SystemServerTiming: OnBootPhase_600_com.android.server.blob.BlobStoreManagerService
08-16 16:52:13.021 1153 1153 D SystemServerTiming: OnBootPhase_600_com.android.server.blob.BlobStoreManagerService took to complete: 12ms
08-16 16:52:13.022 1153 1153 I SystemServerTiming: OnBootPhase_600_com.android.server.dreams.DreamManagerService
01-01 05:04:08.908 0 0 E swr-wcd rx_swr_ctrl: swrm_get_logical_dev_num: device 0xd01170224 is not ready
01-01 05:04:08.916 0 0 E swr_get_logical_dev_num: Error -22 to get logical addr for device d01170224
08-16 16:52:13.022 1153 1153 D SystemServerTiming: OnBootPhase_600_com.android.server.dreams.DreamManagerService took to complete: 1ms
08-16 16:52:13.022 1153 1153 I SystemServerTiming: OnBootPhase_600_com.android.server.print.PrintManagerService
08-16 16:52:13.022 1153 1153 D SystemServerTiming: OnBootPhase_600_com.android.server.print.PrintManagerService took to complete: 0ms
08-16 16:52:13.022 1153 1153 I SystemServerTiming: OnBootPhase_600_com.android.server.companion.CompanionDeviceManagerService
08-16 16:52:13.022 1153 1153 D SystemServerTiming: OnBootPhase_600_com.android.server.companion.CompanionDeviceManagerService took to complete: 0ms
08-16 16:52:13.022 1153 1153 I SystemServerTiming: OnBootPhase_600_com.android.server.restrictions.RestrictionsManagerService
08-16 16:52:13.023 1153 1153 D SystemServerTiming: OnBootPhase_600_com.android.server.restrictions.RestrictionsManagerService took to complete: 0ms
08-16 16:52:13.023 1153 1153 I SystemServerTiming: OnBootPhase_600_com.android.server.media.MediaSessionService
08-16 16:52:13.023 1153 1153 D SystemServerTiming: OnBootPhase_600_com.android.server.media.MediaSessionService took to complete: 0ms
08-16 16:52:13.023 1153 1153 I SystemServerTiming: OnBootPhase_600_com.android.server.media.MediaResourceMonitorService
08-16 16:52:13.023 1153 1153 D SystemServerTiming: OnBootPhase_600_com.android.server.media.MediaResourceMonitorService took to complete: 0ms
08-16 16:52:13.023 1153 1153 I SystemServerTiming: OnBootPhase_600_com.android.server.biometrics.sensors.fingerprint.FingerprintService
08-16 16:52:13.023 1153 1153 D SystemServerTiming: OnBootPhase_600_com.android.server.biometrics.sensors.fingerprint.FingerprintService took to complete: 0ms
08-16 16:52:13.023 1153 1153 I SystemServerTiming: OnBootPhase_600_com.android.server.biometrics.BiometricService
08-16 16:52:13.023 1153 1153 D SystemServerTiming: OnBootPhase_600_com.android.server.biometrics.BiometricService took to complete: 0ms
08-16 16:52:13.023 1153 1153 I SystemServerTiming: OnBootPhase_600_com.android.server.biometrics.AuthService
08-16 16:52:13.023 1153 1153 D SystemServerTiming: OnBootPhase_600_com.android.server.biometrics.AuthService took to complete: 0ms
08-16 16:52:13.023 1153 1153 I SystemServerTiming: OnBootPhase_600_com.android.server.pm.ShortcutService$Lifecycle
08-16 16:52:13.023 1153 1153 D SystemServerTiming: OnBootPhase_600_com.android.server.pm.ShortcutService$Lifecycle took to complete: 0ms
08-16 16:52:13.023 1153 1153 I SystemServerTiming: OnBootPhase_600_com.android.server.pm.LauncherAppsService
08-16 16:52:13.023 1153 1153 D SystemServerTiming: OnBootPhase_600_com.android.server.pm.LauncherAppsService took to complete: 0ms
08-16 16:52:13.023 1153 1153 I SystemServerTiming: OnBootPhase_600_com.android.server.pm.CrossProfileAppsService
08-16 16:52:13.023 1153 1153 D SystemServerTiming: OnBootPhase_600_com.android.server.pm.CrossProfileAppsService took to complete: 0ms
08-16 16:52:13.024 1153 1153 I SystemServerTiming: OnBootPhase_600_com.android.server.people.PeopleService
08-16 16:52:13.024 1153 1153 D SystemServerTiming: OnBootPhase_600_com.android.server.people.PeopleService took to complete: 0ms
08-16 16:52:13.024 1153 1153 I SystemServerTiming: OnBootPhase_600_com.android.server.media.metrics.MediaMetricsManagerService
08-16 16:52:13.024 1153 1153 D SystemServerTiming: OnBootPhase_600_com.android.server.media.metrics.MediaMetricsManagerService took to complete: 0ms
08-16 16:52:13.024 1153 1153 I SystemServerTiming: OnBootPhase_600_com.android.server.media.projection.MediaProjectionManagerService
08-16 16:52:13.024 1153 1153 D SystemServerTiming: OnBootPhase_600_com.android.server.media.projection.MediaProjectionManagerService took to complete: 0ms
08-16 16:52:13.024 1153 1153 I SystemServerTiming: OnBootPhase_600_com.android.server.slice.SliceManagerService$Lifecycle
08-16 16:52:13.024 1153 1153 D SystemServerTiming: OnBootPhase_600_com.android.server.slice.SliceManagerService$Lifecycle took to complete: 0ms
08-16 16:52:13.024 1153 1153 I SystemServerTiming: OnBootPhase_600_com.android.server.stats.StatsCompanion$Lifecycle
08-16 16:52:13.027 1153 1247 W Looper : Slow dispatch took 117ms android.fg h=com.android.server.location.gnss.GnssLocationProvider$ProviderHandler c=com.android.server.location.gnss.GnssLocationProvider$$ExternalSyntheticLambda8@5292b30 m=0
01-01 05:04:08.930 0 0 E swr-wcd rx_swr_ctrl: swrm_get_logical_dev_num: device 0xd01170224 is not ready
01-01 05:04:08.941 0 0 E swr_get_logical_dev_num: Error -22 to get logical addr for device d01170224
01-01 05:04:08.949 0 0 E swr-wcd rx_swr_ctrl: swrm_get_logical_dev_num: device 0xd01170224 is not ready
08-16 16:52:13.059 1153 1153 D SystemServerTiming: OnBootPhase_600_com.android.server.stats.StatsCompanion$Lifecycle took to complete: 36ms
08-16 16:52:13.059 1153 1153 I SystemServerTiming: OnBootPhase_600_com.android.server.scheduling.RebootReadinessManagerService$Lifecycle
08-16 16:52:13.059 1153 1153 D SystemServerTiming: OnBootPhase_600_com.android.server.scheduling.RebootReadinessManagerService$Lifecycle took to complete: 0ms
08-16 16:52:13.060 1153 1153 I SystemServerTiming: OnBootPhase_600_com.android.server.stats.pull.StatsPullAtomService
08-16 16:52:13.060 1153 1153 D SystemServerTiming: OnBootPhase_600_com.android.server.stats.pull.StatsPullAtomService took to complete: 0ms
08-16 16:52:13.060 1153 1153 I SystemServerTiming: OnBootPhase_600_com.android.server.incident.IncidentCompanionService
08-16 16:52:13.060 1153 1153 D SystemServerTiming: OnBootPhase_600_com.android.server.incident.IncidentCompanionService took to complete: 0ms
08-16 16:52:13.060 1153 1153 I SystemServerTiming: OnBootPhase_600_com.android.server.MmsServiceBroker
08-16 16:52:13.060 1153 1153 D SystemServerTiming: OnBootPhase_600_com.android.server.MmsServiceBroker took to complete: 0ms
08-16 16:52:13.060 1153 1153 I SystemServerTiming: OnBootPhase_600_com.android.server.autofill.AutofillManagerService
08-16 16:52:13.060 1153 1319 D StatsPullAtomService: Registering NetworkStats pullers with statsd
