01-01 05:04:12.199 0 0 I : ion_system_secure_heap_prefetch_work+0x94/0x2c0
01-01 05:04:12.199 0 0 I : process_one_work+0x38c/0x660
01-01 05:04:12.199 0 0 I : worker_thread+0x268/0x4b8
01-01 05:04:12.199 0 0 I : kthread+0x140/0x150
01-01 05:04:12.199 0 0 I : ret_from_fork+0x10/0x1c
01-01 05:04:12.211 0 0 E : INFO: trying to register non-static key.
01-01 05:04:12.216 0 0 E : the code is fine but needs lockdep annotation.
01-01 05:04:12.221 0 0 I IPv6 : ADDRCONF(NETDEV_UP): wlan0: link is not ready
01-01 05:04:12.222 0 0 I : CPU: 7 PID: 482 Comm: kworker/u16:16 Tainted: G S W O 4.19.157+ #1
01-01 05:04:12.222 0 0 I Hardware name: Qualcomm Technologies, Inc. kona MTP-RmPM8150b (DT)
01-01 05:04:12.222 0 0 I Workqueue: events_unbound ion_system_secure_heap_prefetch_work
01-01 05:04:12.222 0 0 I Call trace:
01-01 05:04:12.222 0 0 I : dump_backtrace+0x0/0x258
01-01 05:04:12.222 0 0 I : show_stack+0x20/0x30
01-01 05:04:12.222 0 0 I : dump_stack+0xd8/0x12c
01-01 05:04:12.222 0 0 I : register_lock_class+0x4d0/0x5c8
01-01 05:04:12.222 0 0 I : __lock_acquire+0xbc/0x1e58
01-01 05:04:12.222 0 0 I : lock_acquire+0x1cc/0x218
01-01 05:04:12.222 0 0 I : _raw_spin_lock_irqsave+0x54/0x98
01-01 05:04:12.222 0 0 I : ion_system_secure_heap_prefetch_work+0x94/0x2c0
01-01 05:04:12.222 0 0 I : process_one_work+0x38c/0x660
01-01 05:04:12.222 0 0 I : worker_thread+0x268/0x4b8
01-01 05:04:12.222 0 0 I : kthread+0x140/0x150
01-01 05:04:12.222 0 0 I : ret_from_fork+0x10/0x1c
08-16 16:52:16.320 1153 1250 I DropBoxManagerService: add tag=system_app_strictmode isTagEnabled=true flags=0x2
08-16 16:52:16.336 2373 2373 D SubscriptionController: [SubscriptionController] init by Context
08-16 16:52:16.342 1153 1178 D CompatibilityChangeReporter: Compat change id reported: 124107808; UID 1001; state: ENABLED
08-16 16:52:16.344 1830 2199 W ActivityThread: Failed to find provider info for com.android.contacts (user not unlocked)
08-16 16:52:16.349 1153 1250 I DropBoxManagerService: add tag=system_app_strictmode isTagEnabled=true flags=0x2
08-16 16:52:16.357 2373 2373 D QtiSubscriptionController: init by Context
08-16 16:52:16.357 2373 2373 I TelephonyComponentFactory: initMultiSimSettingController
01-01 05:04:12.249 0 0 E : INFO: trying to register non-static key.
01-01 05:04:12.254 0 0 E : the code is fine but needs lockdep annotation.
01-01 05:04:12.254 0 0 I [lowi-s][0x5253f08f][16:52:16.355947] wlan: [1503:I:wifipos] wifi_pos_get_ch_info: 461: num channels: 26
01-01 05:04:12.259 0 0 I : CPU: 7 PID: 482 Comm: kworker/u16:16 Tainted: G S W O 4.19.157+ #1
01-01 05:04:12.259 0 0 I Hardware name: Qualcomm Technologies, Inc. kona MTP-RmPM8150b (DT)
01-01 05:04:12.259 0 0 I Workqueue: events_unbound ion_system_secure_heap_prefetch_work
01-01 05:04:12.259 0 0 I Call trace:
01-01 05:04:12.259 0 0 I : dump_backtrace+0x0/0x258
01-01 05:04:12.259 0 0 I : show_stack+0x20/0x30
01-01 05:04:12.259 0 0 I : dump_stack+0xd8/0x12c
01-01 05:04:12.259 0 0 I : register_lock_class+0x4d0/0x5c8
01-01 05:04:12.259 0 0 I : __lock_acquire+0xbc/0x1e58
01-01 05:04:12.259 0 0 I : lock_acquire+0x1cc/0x218
01-01 05:04:12.259 0 0 I : _raw_spin_lock_irqsave+0x54/0x98
01-01 05:04:12.259 0 0 I : ion_system_secure_heap_prefetch_work+0x94/0x2c0
01-01 05:04:12.259 0 0 I : process_one_work+0x38c/0x660
01-01 05:04:12.259 0 0 I : worker_thread+0x268/0x4b8
01-01 05:04:12.259 0 0 I : kthread+0x140/0x150
08-16 16:52:16.362 2373 2373 D QtiTelephonyComponentFactory: makePhone
08-16 16:52:16.367 2373 2373 D TelephonyTester: register for intent action=com.qualcomm.qti.internal.telephony.action_detached
01-01 05:04:12.259 0 0 I : ret_from_fork+0x10/0x1c
08-16 16:52:16.367 1153 1250 I DropBoxManagerService: add tag=system_app_strictmode isTagEnabled=true flags=0x2
01-01 05:04:12.269 0 0 E : INFO: trying to register non-static key.
01-01 05:04:12.274 0 0 E : the code is fine but needs lockdep annotation.
08-16 16:52:16.367 2373 2373 D TelephonyTester: register for intent action=com.qualcomm.qti.internal.telephony.action_attached
08-16 16:52:16.367 2373 2373 D TelephonyTester: register for intent action=com.android.internal.telephony.TestServiceState
08-16 16:52:16.367 2373 2373 D TelephonyTester: register for intent action=com.android.internal.telephony.TestChangeNumber
08-16 16:52:16.371 2373 2373 D Phone : mDoesRilSendMultipleCallRing=false
08-16 16:52:16.371 2373 2373 D Phone : mCallRingDelay=3000
08-16 16:52:16.371 2373 2373 D TelephonyComponentFactory: makeSmsStorageMonitor
08-16 16:52:16.372 947 947 I android.hardware.wifi@1.0-service: Adding interface handle for p2p0
08-16 16:52:16.372 947 947 I android.hardware.wifi@1.0-service: Adding interface handle for wlan0
08-16 16:52:16.372 947 947 I android.hardware.wifi@1.0-service: Adding interface handle for wifi-aware0
08-16 16:52:16.372 947 947 W android.hardware.wifi@1.0-service: No active wlan interfaces in use! Using default
08-16 16:52:16.373 2373 2373 D TelephonyComponentFactory: makeSmsUsageMonitor
08-16 16:52:16.374 947 947 W android.hardware.wifi@1.0-service: No active wlan interfaces in use! Using default
01-01 05:04:12.280 0 0 I : CPU: 7 PID: 482 Comm: kworker/u16:16 Tainted: G S W O 4.19.157+ #1
01-01 05:04:12.280 0 0 I Hardware name: Qualcomm Technologies, Inc. kona MTP-RmPM8150b (DT)
01-01 05:04:12.280 0 0 I Workqueue: events_unbound ion_system_secure_heap_prefetch_work
01-01 05:04:12.280 0 0 I Call trace:
01-01 05:04:12.280 0 0 I : dump_backtrace+0x0/0x258
01-01 05:04:12.280 0 0 I : show_stack+0x20/0x30
01-01 05:04:12.280 0 0 I : dump_stack+0xd8/0x12c
01-01 05:04:12.280 0 0 I : register_lock_class+0x4d0/0x5c8
01-01 05:04:12.280 0 0 I : __lock_acquire+0xbc/0x1e58
01-01 05:04:12.280 0 0 I : lock_acquire+0x1cc/0x218
01-01 05:04:12.280 0 0 I : _raw_spin_lock_irqsave+0x54/0x98
01-01 05:04:12.280 0 0 I : ion_system_secure_heap_prefetch_work+0x94/0x2c0
01-01 05:04:12.280 0 0 I : process_one_work+0x38c/0x660
01-01 05:04:12.280 0 0 I : worker_thread+0x268/0x4b8
01-01 05:04:12.280 0 0 I : kthread+0x140/0x150
01-01 05:04:12.280 0 0 I : ret_from_fork+0x10/0x1c
08-16 16:52:16.391 947 947 I android.hardware.wifi@1.0-service: Configured chip in mode 3
08-16 16:52:16.391 947 947 W android.hardware.wifi@1.0-service: No active wlan interfaces in use! Using default
08-16 16:52:16.394 2373 2373 D TelephonyComponentFactory: makeGsmCdmaCallTracker
08-16 16:52:16.394 1153 1178 D CompatibilityChangeReporter: Compat change id reported: 171306433; UID 1000; state: ENABLED
08-16 16:52:16.400 2373 2373 D QtiTelephonyComponentFactory: makeQtiIccPhoneBookInterfaceManager
08-16 16:52:16.402 2373 2373 D QtiRilInterface: in constructor
01-01 05:04:12.288 0 0 E [wifi@1][0x525db416][16:52:16.389274] wlan: [2563:E:wifipos] wifi_pos_process_app_reg_req: 608: Received App Req Req pid(-364903501), len(16)
01-01 05:04:12.288 0 0 E : INFO: trying to register non-static key.
08-16 16:52:16.407 947 947 W android.hardware.wifi@1.0-service: No active wlan interfaces in use! Using default
08-16 16:52:16.412 1153 1178 D CompatibilityChangeReporter: Compat change id reported: 168419799; UID 10093; state: DISABLED
01-01 05:04:12.308 0 0 E : the code is fine but needs lockdep annotation.
01-01 05:04:12.313 0 0 I : CPU: 7 PID: 482 Comm: kworker/u16:16 Tainted: G S W O 4.19.157+ #1
01-01 05:04:12.313 0 0 I Hardware name: Qualcomm Technologies, Inc. kona MTP-RmPM8150b (DT)
01-01 05:04:12.313 0 0 I Workqueue: events_unbound ion_system_secure_heap_prefetch_work
01-01 05:04:12.313 0 0 I Call trace:
01-01 05:04:12.313 0 0 I : dump_backtrace+0x0/0x258
01-01 05:04:12.313 0 0 I : show_stack+0x20/0x30
01-01 05:04:12.313 0 0 I : dump_stack+0xd8/0x12c
01-01 05:04:12.313 0 0 I : register_lock_class+0x4d0/0x5c8
01-01 05:04:12.313 0 0 I : __lock_acquire+0xbc/0x1e58
01-01 05:04:12.313 0 0 I : lock_acquire+0x1cc/0x218
01-01 05:04:12.313 0 0 I : _raw_spin_lock_irqsave+0x54/0x98
01-01 05:04:12.313 0 0 I : ion_system_secure_heap_prefetch_work+0x94/0x2c0
01-01 05:04:12.313 0 0 I : process_one_work+0x38c/0x660
01-01 05:04:12.313 0 0 I : worker_thread+0x268/0x4b8
01-01 05:04:12.313 0 0 I : kthread+0x140/0x150
01-01 05:04:12.313 0 0 I : ret_from_fork+0x10/0x1c
01-01 05:04:12.317 0 0 I [wifi@1][0x52666faf][16:52:16.419083] wlan: [2563:I:wifipos] wifi_pos_get_ch_info: 461: num channels: 26
08-16 16:52:16.421 1830 2199 W ActivityThread: Failed to find provider info for com.android.contacts (user not unlocked)
01-01 05:04:12.322 0 0 I [wifi@1][0x5267b327][16:52:16.423395] wlan: [2563:I:wifipos] wifi_pos_get_ch_info: 461: num channels: 26
01-01 05:04:12.322 0 0 E : INFO: trying to register non-static key.
01-01 05:04:12.327 0 0 E : the code is fine but needs lockdep annotation.
01-01 05:04:12.333 0 0 I : CPU: 7 PID: 482 Comm: kworker/u16:16 Tainted: G S W O 4.19.157+ #1
01-01 05:04:12.333 0 0 I Hardware name: Qualcomm Technologies, Inc. kona MTP-RmPM8150b (DT)
01-01 05:04:12.333 0 0 I Workqueue: events_unbound ion_system_secure_heap_prefetch_work
01-01 05:04:12.333 0 0 I Call trace:
01-01 05:04:12.333 0 0 I : dump_backtrace+0x0/0x258
01-01 05:04:12.333 0 0 I : show_stack+0x20/0x30
01-01 05:04:12.333 0 0 I : dump_stack+0xd8/0x12c
01-01 05:04:12.333 0 0 I : register_lock_class+0x4d0/0x5c8
01-01 05:04:12.333 0 0 I : __lock_acquire+0xbc/0x1e58
01-01 05:04:12.333 0 0 I : lock_acquire+0x1cc/0x218
01-01 05:04:12.333 0 0 I : _raw_spin_lock_irqsave+0x54/0x98
01-01 05:04:12.333 0 0 I : ion_system_secure_heap_prefetch_work+0x94/0x2c0
01-01 05:04:12.333 0 0 I : process_one_work+0x38c/0x660
01-01 05:04:12.333 0 0 I : worker_thread+0x268/0x4b8
01-01 05:04:12.333 0 0 I : kthread+0x140/0x150
01-01 05:04:12.333 0 0 I : ret_from_fork+0x10/0x1c
08-16 16:52:16.430 2373 2373 D TelephonyComponentFactory: makeIccSmsInterfaceManager
08-16 16:52:16.430 2373 2373 D SmsDispatchersController: SmsDispatchersController created
08-16 16:52:16.436 2373 2373 D SMSDispatcher: SMSDispatcher: ctor mSmsCapable=true format=unknown mSmsSendDisabled=false
08-16 16:52:16.438 2373 2373 D SMSDispatcher: SMSDispatcher: ctor mSmsCapable=true format=3gpp2 mSmsSendDisabled=false
08-16 16:52:16.438 2373 2373 D CdmaSMSDispatcher: CdmaSMSDispatcher created
08-16 16:52:16.444 1830 2199 W ActivityThread: Failed to find provider info for com.android.contacts (user not unlocked)
01-01 05:04:12.343 0 0 E : INFO: trying to register non-static key.
01-01 05:04:12.348 0 0 E : the code is fine but needs lockdep annotation.
01-01 05:04:12.354 0 0 I : CPU: 7 PID: 482 Comm: kworker/u16:16 Tainted: G S W O 4.19.157+ #1
01-01 05:04:12.354 0 0 I Hardware name: Qualcomm Technologies, Inc. kona MTP-RmPM8150b (DT)
01-01 05:04:12.354 0 0 I Workqueue: events_unbound ion_system_secure_heap_prefetch_work
01-01 05:04:12.354 0 0 I Call trace:
01-01 05:04:12.354 0 0 I : dump_backtrace+0x0/0x258
01-01 05:04:12.354 0 0 I : show_stack+0x20/0x30
01-01 05:04:12.354 0 0 I : dump_stack+0xd8/0x12c
01-01 05:04:12.354 0 0 I : register_lock_class+0x4d0/0x5c8
01-01 05:04:12.354 0 0 I : __lock_acquire+0xbc/0x1e58
01-01 05:04:12.354 0 0 I : lock_acquire+0x1cc/0x218
01-01 05:04:12.354 0 0 I : _raw_spin_lock_irqsave+0x54/0x98
01-01 05:04:12.354 0 0 I : ion_system_secure_heap_prefetch_work+0x94/0x2c0
01-01 05:04:12.354 0 0 I : process_one_work+0x38c/0x660
01-01 05:04:12.354 0 0 I : worker_thread+0x268/0x4b8
01-01 05:04:12.354 0 0 I : kthread+0x140/0x150
01-01 05:04:12.354 0 0 I : ret_from_fork+0x10/0x1c
08-16 16:52:16.457 1153 1178 I am_uid_running: 10131
08-16 16:52:16.459 1153 1178 D CompatibilityChangeReporter: Compat change id reported: 135634846; UID 10131; state: DISABLED
08-16 16:52:16.459 1153 1178 D CompatibilityChangeReporter: Compat change id reported: 177438394; UID 10131; state: DISABLED
08-16 16:52:16.459 1153 1178 D CompatibilityChangeReporter: Compat change id reported: 135772972; UID 10131; state: DISABLED
08-16 16:52:16.460 1153 1178 D CompatibilityChangeReporter: Compat change id reported: 135754954; UID 10131; state: ENABLED
08-16 16:52:16.461 1153 1324 D CompatibilityChangeReporter: Compat change id reported: 143937733; UID 10131; state: ENABLED
08-16 16:52:16.469 1293 1293 I wificond: createClientInterface: wiphy_index 0 iface_name wlan0
08-16 16:52:16.470 1293 1293 I wificond: create scanner for interface with index: 11
08-16 16:52:16.470 1293 1293 I wificond: subscribe scan result for interface with index: 11
08-16 16:52:16.472 1293 1293 I wificond: add channel type 0 support at wiphy index: 0
08-16 16:52:16.472 1293 1293 I wificond: add channel type 1 support at wiphy index: 0
01-01 05:04:12.363 0 0 E : INFO: trying to register non-static key.
01-01 05:04:12.368 0 0 E : the code is fine but needs lockdep annotation.
01-01 05:04:12.373 0 0 I : CPU: 7 PID: 482 Comm: kworker/u16:16 Tainted: G S W O 4.19.157+ #1
01-01 05:04:12.373 0 0 I Hardware name: Qualcomm Technologies, Inc. kona MTP-RmPM8150b (DT)
01-01 05:04:12.373 0 0 I Workqueue: events_unbound ion_system_secure_heap_prefetch_work
01-01 05:04:12.373 0 0 I Call trace:
01-01 05:04:12.373 0 0 I : dump_backtrace+0x0/0x258
01-01 05:04:12.373 0 0 I : show_stack+0x20/0x30
01-01 05:04:12.373 0 0 I : dump_stack+0xd8/0x12c
01-01 05:04:12.374 0 0 I : register_lock_class+0x4d0/0x5c8
01-01 05:04:12.374 0 0 I : __lock_acquire+0xbc/0x1e58
01-01 05:04:12.374 0 0 I : lock_acquire+0x1cc/0x218
01-01 05:04:12.374 0 0 I : _raw_spin_lock_irqsave+0x54/0x98
01-01 05:04:12.374 0 0 I : ion_system_secure_heap_prefetch_work+0x94/0x2c0
01-01 05:04:12.374 0 0 I : process_one_work+0x38c/0x660
01-01 05:04:12.374 0 0 I : worker_thread+0x268/0x4b8
01-01 05:04:12.374 0 0 I : kthread+0x140/0x150
01-01 05:04:12.374 0 0 I : ret_from_fork+0x10/0x1c
08-16 16:52:16.477 2373 2373 D GsmInboundSmsHandler: created InboundSmsHandler
01-01 05:04:12.383 0 0 E : INFO: trying to register non-static key.
01-01 05:04:12.388 0 0 E : the code is fine but needs lockdep annotation.
01-01 05:04:12.393 0 0 I : CPU: 7 PID: 482 Comm: kworker/u16:16 Tainted: G S W O 4.19.157+ #1
01-01 05:04:12.393 0 0 I Hardware name: Qualcomm Technologies, Inc. kona MTP-RmPM8150b (DT)
01-01 05:04:12.393 0 0 I Workqueue: events_unbound ion_system_secure_heap_prefetch_work
01-01 05:04:12.393 0 0 I Call trace:
01-01 05:04:12.393 0 0 I : dump_backtrace+0x0/0x258
01-01 05:04:12.393 0 0 I : show_stack+0x20/0x30
01-01 05:04:12.393 0 0 I : dump_stack+0xd8/0x12c
01-01 05:04:12.393 0 0 I : register_lock_class+0x4d0/0x5c8
01-01 05:04:12.393 0 0 I : __lock_acquire+0xbc/0x1e58
01-01 05:04:12.393 0 0 I : lock_acquire+0x1cc/0x218
01-01 05:04:12.393 0 0 I : _raw_spin_lock_irqsave+0x54/0x98
01-01 05:04:12.393 0 0 I : ion_system_secure_heap_prefetch_work+0x94/0x2c0
01-01 05:04:12.393 0 0 I : process_one_work+0x38c/0x660
01-01 05:04:12.393 0 0 I : worker_thread+0x268/0x4b8
01-01 05:04:12.393 0 0 I : kthread+0x140/0x150
01-01 05:04:12.393 0 0 I : ret_from_fork+0x10/0x1c
08-16 16:52:16.503 1153 1252 I dvm_lock_sample: [system_server,1,android.anim,5,WindowAnimator.java,103,void com.android.server.wm.WindowAnimator.lambda$new$1$WindowAnimator(long),ActivityTaskManagerService.java,1071,android.content.res.Configuration com.android.server.wm.ActivityTaskManagerService.getGlobalConfigurationForPid(int),1]
01-01 05:04:12.396 0 0 E : INFO: trying to register non-static key.
01-01 05:04:12.401 0 0 E : the code is fine but needs lockdep annotation.
01-01 05:04:12.407 0 0 I : CPU: 7 PID: 482 Comm: kworker/u16:16 Tainted: G S W O 4.19.157+ #1
08-16 16:52:16.509 2373 2568 D GsmInboundSmsHandler: StartupState.enter: entering StartupState
01-01 05:04:12.407 0 0 I Hardware name: Qualcomm Technologies, Inc. kona MTP-RmPM8150b (DT)
01-01 05:04:12.407 0 0 I Workqueue: events_unbound ion_system_secure_heap_prefetch_work
01-01 05:04:12.407 0 0 I Call trace:
01-01 05:04:12.407 0 0 I : dump_backtrace+0x0/0x258
01-01 05:04:12.407 0 0 I : show_stack+0x20/0x30
01-01 05:04:12.407 0 0 I : dump_stack+0xd8/0x12c
01-01 05:04:12.407 0 0 I : register_lock_class+0x4d0/0x5c8
01-01 05:04:12.407 0 0 I : __lock_acquire+0xbc/0x1e58
01-01 05:04:12.407 0 0 I : lock_acquire+0x1cc/0x218
01-01 05:04:12.407 0 0 I : _raw_spin_lock_irqsave+0x54/0x98
01-01 05:04:12.407 0 0 I : ion_system_secure_heap_prefetch_work+0x94/0x2c0
01-01 05:04:12.407 0 0 I : process_one_work+0x38c/0x660
01-01 05:04:12.407 0 0 I : worker_thread+0x268/0x4b8
01-01 05:04:12.407 0 0 I : kthread+0x140/0x150
01-01 05:04:12.407 0 0 I : ret_from_fork+0x10/0x1c
01-01 05:04:12.409 0 0 E : INFO: trying to register non-static key.
01-01 05:04:12.414 0 0 E : the code is fine but needs lockdep annotation.
01-01 05:04:12.415 0 0 I binder : 2019:2019 ioctl 40046210 7fd93f1d84 returned -22
01-01 05:04:12.420 0 0 I : CPU: 7 PID: 482 Comm: kworker/u16:16 Tainted: G S W O 4.19.157+ #1
01-01 05:04:12.420 0 0 I Hardware name: Qualcomm Technologies, Inc. kona MTP-RmPM8150b (DT)
01-01 05:04:12.420 0 0 I Workqueue: events_unbound ion_system_secure_heap_prefetch_work
01-01 05:04:12.420 0 0 I Call trace:
01-01 05:04:12.420 0 0 I : dump_backtrace+0x0/0x258
01-01 05:04:12.420 0 0 I : show_stack+0x20/0x30
01-01 05:04:12.420 0 0 I : dump_stack+0xd8/0x12c
01-01 05:04:12.420 0 0 I : register_lock_class+0x4d0/0x5c8
01-01 05:04:12.420 0 0 I : __lock_acquire+0xbc/0x1e58
01-01 05:04:12.420 0 0 I : lock_acquire+0x1cc/0x218
01-01 05:04:12.420 0 0 I : _raw_spin_lock_irqsave+0x54/0x98
01-01 05:04:12.420 0 0 I : ion_system_secure_heap_prefetch_work+0x94/0x2c0
01-01 05:04:12.420 0 0 I : process_one_work+0x38c/0x660
01-01 05:04:12.420 0 0 I : worker_thread+0x268/0x4b8
01-01 05:04:12.420 0 0 I : kthread+0x140/0x150
01-01 05:04:12.420 0 0 I : ret_from_fork+0x10/0x1c
01-01 05:04:12.422 0 0 E : INFO: trying to register non-static key.
01-01 05:04:12.427 0 0 E : the code is fine but needs lockdep annotation.
01-01 05:04:12.433 0 0 I : CPU: 7 PID: 482 Comm: kworker/u16:16 Tainted: G S W O 4.19.157+ #1
01-01 05:04:12.433 0 0 I Hardware name: Qualcomm Technologies, Inc. kona MTP-RmPM8150b (DT)
01-01 05:04:12.433 0 0 I Workqueue: events_unbound ion_system_secure_heap_prefetch_work
01-01 05:04:12.433 0 0 I Call trace:
01-01 05:04:12.433 0 0 I : dump_backtrace+0x0/0x258
01-01 05:04:12.433 0 0 I : show_stack+0x20/0x30
01-01 05:04:12.433 0 0 I : dump_stack+0xd8/0x12c
01-01 05:04:12.433 0 0 I : register_lock_class+0x4d0/0x5c8
01-01 05:04:12.433 0 0 I : __lock_acquire+0xbc/0x1e58
01-01 05:04:12.433 0 0 I : lock_acquire+0x1cc/0x218
01-01 05:04:12.433 0 0 I : _raw_spin_lock_irqsave+0x54/0x98
01-01 05:04:12.433 0 0 I : ion_system_secure_heap_prefetch_work+0x94/0x2c0
01-01 05:04:12.433 0 0 I : process_one_work+0x38c/0x660
01-01 05:04:12.433 0 0 I : worker_thread+0x268/0x4b8
01-01 05:04:12.433 0 0 I : kthread+0x140/0x150
01-01 05:04:12.433 0 0 I : ret_from_fork+0x10/0x1c
01-01 05:04:12.436 0 0 E : INFO: trying to register non-static key.
01-01 05:04:12.437 0 0 E bt_ioctl: BT_CMD_PWR_CTRL pwr_cntrl:2
01-01 05:04:12.441 0 0 E : the code is fine but needs lockdep annotation.
01-01 05:04:12.441 0 0 I : CPU: 7 PID: 482 Comm: kworker/u16:16 Tainted: G S W O 4.19.157+ #1
01-01 05:04:12.441 0 0 I Hardware name: Qualcomm Technologies, Inc. kona MTP-RmPM8150b (DT)
01-01 05:04:12.441 0 0 I Workqueue: events_unbound ion_system_secure_heap_prefetch_work
01-01 05:04:12.441 0 0 I Call trace:
01-01 05:04:12.441 0 0 I : dump_backtrace+0x0/0x258
01-01 05:04:12.441 0 0 I : show_stack+0x20/0x30
01-01 05:04:12.441 0 0 I : dump_stack+0xd8/0x12c
01-01 05:04:12.441 0 0 I : register_lock_class+0x4d0/0x5c8
01-01 05:04:12.441 0 0 I : __lock_acquire+0xbc/0x1e58
01-01 05:04:12.441 0 0 I : lock_acquire+0x1cc/0x218
01-01 05:04:12.441 0 0 I : _raw_spin_lock_irqsave+0x54/0x98
01-01 05:04:12.441 0 0 I : ion_system_secure_heap_prefetch_work+0x94/0x2c0
01-01 05:04:12.441 0 0 I : process_one_work+0x38c/0x660
01-01 05:04:12.441 0 0 I : worker_thread+0x268/0x4b8
01-01 05:04:12.441 0 0 I : kthread+0x140/0x150
01-01 05:04:12.441 0 0 I : ret_from_fork+0x10/0x1c
01-01 05:04:12.443 0 0 E : INFO: trying to register non-static key.
08-16 16:52:16.533 2373 2373 D CdmaInboundSmsHandler: created InboundSmsHandler
08-16 16:52:16.537 1153 1324 W ActivityManager: Slow operation: 79ms so far, now at startProcess: returned from zygote!
08-16 16:52:16.538 1153 1324 W ActivityManager: Slow operation: 81ms so far, now at startProcess: done updating battery stats
08-16 16:52:16.538 1153 1324 I am_proc_start: [0,2577,10131,com.android.smspush,service,{com.android.smspush/com.android.smspush.WapPushManager}]
08-16 16:52:16.538 1153 1324 W ActivityManager: Slow operation: 81ms so far, now at startProcess: building log message
08-16 16:52:16.538 1153 1324 I ActivityManager: Start proc 2577:com.android.smspush/u0a131 for service {com.android.smspush/com.android.smspush.WapPushManager}
08-16 16:52:16.539 1153 1324 W ActivityManager: Slow operation: 81ms so far, now at startProcess: starting to update pids map
08-16 16:52:16.542 1153 1324 W ActivityManager: Slow operation: 84ms so far, now at startProcess: done updating pids map
01-01 05:04:12.447 0 0 E bt_vreg_unvote: vreg_unvote successful for : qca,bt-vdd-rfa2
01-01 05:04:12.452 0 0 E : the code is fine but needs lockdep annotation.
01-01 05:04:12.452 0 0 I : CPU: 7 PID: 482 Comm: kworker/u16:16 Tainted: G S W O 4.19.157+ #1
01-01 05:04:12.452 0 0 I Hardware name: Qualcomm Technologies, Inc. kona MTP-RmPM8150b (DT)
01-01 05:04:12.452 0 0 I Workqueue: events_unbound ion_system_secure_heap_prefetch_work
01-01 05:04:12.452 0 0 I Call trace:
01-01 05:04:12.452 0 0 I : dump_backtrace+0x0/0x258
01-01 05:04:12.452 0 0 I : show_stack+0x20/0x30
01-01 05:04:12.452 0 0 I : dump_stack+0xd8/0x12c
01-01 05:04:12.452 0 0 I : register_lock_class+0x4d0/0x5c8
01-01 05:04:12.452 0 0 I : __lock_acquire+0xbc/0x1e58
01-01 05:04:12.452 0 0 I : lock_acquire+0x1cc/0x218
01-01 05:04:12.452 0 0 I : _raw_spin_lock_irqsave+0x54/0x98
01-01 05:04:12.452 0 0 I : ion_system_secure_heap_prefetch_work+0x94/0x2c0
01-01 05:04:12.452 0 0 I : process_one_work+0x38c/0x660
01-01 05:04:12.452 0 0 I : worker_thread+0x268/0x4b8
01-01 05:04:12.452 0 0 I : kthread+0x140/0x150
01-01 05:04:12.452 0 0 I : ret_from_fork+0x10/0x1c
08-16 16:52:16.557 2373 2373 D SMSDispatcher: SMSDispatcher: ctor mSmsCapable=true format=3gpp mSmsSendDisabled=false
08-16 16:52:16.557 2373 2571 D CdmaInboundSmsHandler: StartupState.enter: entering StartupState
08-16 16:52:16.557 2373 2373 D GsmSMSDispatcher: GsmSMSDispatcher created
08-16 16:52:16.561 2373 2568 D GsmInboundSmsHandler: StartupState.processMessage: processing EVENT_START_ACCEPTING_SMS
08-16 16:52:16.561 2373 2568 D GsmInboundSmsHandler: IdleState.enter: entering IdleState
08-16 16:52:16.562 2373 2568 D GsmInboundSmsHandler: IdleState.processMessage: processing EVENT_RELEASE_WAKELOCK
08-16 16:52:16.563 2373 2571 D CdmaInboundSmsHandler: StartupState.processMessage: processing EVENT_START_ACCEPTING_SMS
08-16 16:52:16.563 2373 2373 D TelephonyComponentFactory: getCdmaSubscriptionSourceManagerInstance
08-16 16:52:16.563 2373 2568 D GsmInboundSmsHandler: IdleState.processMessage: EVENT_RELEASE_WAKELOCK: mWakeLock released
08-16 16:52:16.563 2373 2373 D CdmaSSM : subscriptionSource from settings: 0
08-16 16:52:16.563 2373 2373 D CdmaSSM : cdmaSSM constructor: 0
08-16 16:52:16.564 2373 2571 D CdmaInboundSmsHandler: IdleState.enter: entering IdleState
08-16 16:52:16.564 2373 2571 D CdmaInboundSmsHandler: IdleState.processMessage: processing EVENT_RELEASE_WAKELOCK
01-01 05:04:12.454 0 0 E : INFO: trying to register non-static key.
01-01 05:04:12.457 0 0 E bt_vreg_unvote: vreg_unvote successful for : qca,bt-vdd-rfa1
01-01 05:04:12.464 0 0 E : the code is fine but needs lockdep annotation.
01-01 05:04:12.464 0 0 I : CPU: 7 PID: 482 Comm: kworker/u16:16 Tainted: G S W O 4.19.157+ #1
01-01 05:04:12.464 0 0 I Hardware name: Qualcomm Technologies, Inc. kona MTP-RmPM8150b (DT)
01-01 05:04:12.464 0 0 I Workqueue: events_unbound ion_system_secure_heap_prefetch_work
01-01 05:04:12.464 0 0 I Call trace:
01-01 05:04:12.464 0 0 I : dump_backtrace+0x0/0x258
01-01 05:04:12.464 0 0 I : show_stack+0x20/0x30
01-01 05:04:12.464 0 0 I : dump_stack+0xd8/0x12c
01-01 05:04:12.464 0 0 I : register_lock_class+0x4d0/0x5c8
01-01 05:04:12.464 0 0 I : __lock_acquire+0xbc/0x1e58
01-01 05:04:12.464 0 0 I : lock_acquire+0x1cc/0x218
01-01 05:04:12.464 0 0 I : _raw_spin_lock_irqsave+0x54/0x98
01-01 05:04:12.464 0 0 I : ion_system_secure_heap_prefetch_work+0x94/0x2c0
01-01 05:04:12.464 0 0 I : process_one_work+0x38c/0x660
01-01 05:04:12.464 0 0 I : worker_thread+0x268/0x4b8
01-01 05:04:12.464 0 0 I : kthread+0x140/0x150
01-01 05:04:12.464 0 0 I : ret_from_fork+0x10/0x1c
08-16 16:52:16.567 2373 2373 D QtiTelephonyComponentFactory: makeCarrierInfoManager
08-16 16:52:16.567 2373 2373 D GsmCdmaPhone: [0] Precise phone type 1
08-16 16:52:16.567 2373 2373 D RILJ : setPhoneType=1 old value=0 [PHONE0]
08-16 16:52:16.572 2373 2571 D CdmaInboundSmsHandler: IdleState.processMessage: EVENT_RELEASE_WAKELOCK: mWakeLock released
01-01 05:04:12.466 0 0 E : INFO: trying to register non-static key.
01-01 05:04:12.469 0 0 E bt_vreg_unvote: vreg_unvote successful for : qca,bt-vdd-dig
01-01 05:04:12.474 0 0 E : the code is fine but needs lockdep annotation.
01-01 05:04:12.474 0 0 I : CPU: 7 PID: 482 Comm: kworker/u16:16 Tainted: G S W O 4.19.157+ #1
01-01 05:04:12.474 0 0 I Hardware name: Qualcomm Technologies, Inc. kona MTP-RmPM8150b (DT)
01-01 05:04:12.474 0 0 I Workqueue: events_unbound ion_system_secure_heap_prefetch_work
01-01 05:04:12.474 0 0 I Call trace:
01-01 05:04:12.474 0 0 I : dump_backtrace+0x0/0x258
01-01 05:04:12.474 0 0 I : show_stack+0x20/0x30
01-01 05:04:12.474 0 0 I : dump_stack+0xd8/0x12c
01-01 05:04:12.474 0 0 I : register_lock_class+0x4d0/0x5c8
01-01 05:04:12.474 0 0 I : __lock_acquire+0xbc/0x1e58
01-01 05:04:12.474 0 0 I : lock_acquire+0x1cc/0x218
01-01 05:04:12.474 0 0 I : _raw_spin_lock_irqsave+0x54/0x98
01-01 05:04:12.474 0 0 I : ion_system_secure_heap_prefetch_work+0x94/0x2c0
01-01 05:04:12.474 0 0 I : process_one_work+0x38c/0x660
01-01 05:04:12.474 0 0 I : worker_thread+0x268/0x4b8
01-01 05:04:12.474 0 0 I : kthread+0x140/0x150
01-01 05:04:12.474 0 0 I : ret_from_fork+0x10/0x1c
01-01 05:04:12.477 0 0 E : INFO: trying to register non-static key.
01-01 05:04:12.482 0 0 E bt_vreg_unvote: vreg_unvote successful for : qca,bt-vdd-aon
01-01 05:04:12.487 0 0 E : the code is fine but needs lockdep annotation.
01-01 05:04:12.487 0 0 I : CPU: 7 PID: 482 Comm: kworker/u16:16 Tainted: G S W O 4.19.157+ #1
01-01 05:04:12.487 0 0 I Hardware name: Qualcomm Technologies, Inc. kona MTP-RmPM8150b (DT)
01-01 05:04:12.487 0 0 I Workqueue: events_unbound ion_system_secure_heap_prefetch_work
01-01 05:04:12.487 0 0 I Call trace:
01-01 05:04:12.487 0 0 I : dump_backtrace+0x0/0x258
01-01 05:04:12.487 0 0 I : show_stack+0x20/0x30
01-01 05:04:12.487 0 0 I : dump_stack+0xd8/0x12c
01-01 05:04:12.487 0 0 I : register_lock_class+0x4d0/0x5c8
01-01 05:04:12.487 0 0 I : __lock_acquire+0xbc/0x1e58
01-01 05:04:12.487 0 0 I : lock_acquire+0x1cc/0x218
01-01 05:04:12.487 0 0 I : _raw_spin_lock_irqsave+0x54/0x98
01-01 05:04:12.487 0 0 I : ion_system_secure_heap_prefetch_work+0x94/0x2c0
01-01 05:04:12.487 0 0 I : process_one_work+0x38c/0x660
01-01 05:04:12.487 0 0 I : worker_thread+0x268/0x4b8
01-01 05:04:12.487 0 0 I : kthread+0x140/0x150
01-01 05:04:12.487 0 0 I : ret_from_fork+0x10/0x1c
01-01 05:04:12.490 0 0 E : INFO: trying to register non-static key.
08-16 16:52:16.604 2373 2373 D CarrierActionAgent: [0]Creating CarrierActionAgent
08-16 16:52:16.605 2373 2373 W CarrierConfigManager: Error getting config for subId -1 ICarrierConfigLoader is null
08-16 16:52:16.606 2373 2373 D TransportManager-0: operates in legacy mode.
08-16 16:52:16.606 2373 2373 D QtiTelephonyComponentFactory: makeQtiServiceStateTracker
08-16 16:52:16.611 2373 2373 D TelephonyComponentFactory: makeEriManager
08-16 16:52:16.614 2373 2373 W CarrierConfigManager: Error getting config for subId -1 ICarrierConfigLoader is null
08-16 16:52:16.617 1153 1178 D TelephonyRegistry: listen oscl: mHasNotifySubscriptionInfoChangedOccurred==false no callback
08-16 16:52:16.619 2373 2373 D NRM-C-0 : registerForNetworkRegistrationInfoChanged
08-16 16:52:16.630 2373 2373 D NewNitzStateMachineImpl: handleNetworkUnavailable(): mLatestNitzSignal was already null. Nothing to do.
01-01 05:04:12.527 0 0 E : the code is fine but needs lockdep annotation.
01-01 05:04:12.533 0 0 I : CPU: 7 PID: 482 Comm: kworker/u16:16 Tainted: G S W O 4.19.157+ #1
01-01 05:04:12.533 0 0 I Hardware name: Qualcomm Technologies, Inc. kona MTP-RmPM8150b (DT)
01-01 05:04:12.533 0 0 I Workqueue: events_unbound ion_system_secure_heap_prefetch_work
01-01 05:04:12.533 0 0 I Call trace:
01-01 05:04:12.533 0 0 I : dump_backtrace+0x0/0x258
01-01 05:04:12.533 0 0 I : show_stack+0x20/0x30
01-01 05:04:12.533 0 0 I : dump_stack+0xd8/0x12c
01-01 05:04:12.533 0 0 I : register_lock_class+0x4d0/0x5c8
01-01 05:04:12.533 0 0 I : __lock_acquire+0xbc/0x1e58
01-01 05:04:12.533 0 0 I : lock_acquire+0x1cc/0x218
01-01 05:04:12.533 0 0 I : _raw_spin_lock_irqsave+0x54/0x98
01-01 05:04:12.533 0 0 I : ion_system_secure_heap_prefetch_work+0x94/0x2c0
01-01 05:04:12.533 0 0 I : process_one_work+0x38c/0x660
01-01 05:04:12.533 0 0 I : worker_thread+0x268/0x4b8
01-01 05:04:12.533 0 0 I : kthread+0x140/0x150
01-01 05:04:12.533 0 0 I : ret_from_fork+0x10/0x1c
08-16 16:52:16.635 2373 2373 D SST : [0] notifyVoiceRegStateRilRadioTechnologyChanged: vrs=1 rat=0
08-16 16:52:16.639 1153 1178 D TelephonyRegistry: listen oscl: mHasNotifySubscriptionInfoChangedOccurred==false no callback
08-16 16:52:16.642 2373 2373 D Phone : [0] SubId-1,get allowed network types user: value = GPRS|EDGE|UMTS|CDMA|CDMA - EvDo rev. 0|CDMA - EvDo rev. A|CDMA - 1xRTT|HSDPA|HSUPA|HSPA|CDMA - EvDo rev. B|LTE|CDMA - eHRPD|HSPA+|GSM|TD_SCDMA|LTE_CA|NR
01-01 05:04:12.536 0 0 E : INFO: trying to register non-static key.
08-16 16:52:16.644 2373 2373 D Phone : isVoiceOverCellularImsEnabled=false
08-16 16:52:16.644 2373 2373 D Phone : isWifiCallingEnabled =false
01-01 05:04:12.541 0 0 E : the code is fine but needs lockdep annotation.
01-01 05:04:12.547 0 0 I : CPU: 7 PID: 482 Comm: kworker/u16:16 Tainted: G S W O 4.19.157+ #1
01-01 05:04:12.547 0 0 I Hardware name: Qualcomm Technologies, Inc. kona MTP-RmPM8150b (DT)
01-01 05:04:12.547 0 0 I Workqueue: events_unbound ion_system_secure_heap_prefetch_work
01-01 05:04:12.547 0 0 I Call trace:
01-01 05:04:12.547 0 0 I : dump_backtrace+0x0/0x258
01-01 05:04:12.547 0 0 I : show_stack+0x20/0x30
01-01 05:04:12.547 0 0 I : dump_stack+0xd8/0x12c
01-01 05:04:12.547 0 0 I : register_lock_class+0x4d0/0x5c8
01-01 05:04:12.547 0 0 I : __lock_acquire+0xbc/0x1e58
01-01 05:04:12.547 0 0 I : lock_acquire+0x1cc/0x218
01-01 05:04:12.547 0 0 I : _raw_spin_lock_irqsave+0x54/0x98
01-01 05:04:12.547 0 0 I : ion_system_secure_heap_prefetch_work+0x94/0x2c0
01-01 05:04:12.547 0 0 I : process_one_work+0x38c/0x660
01-01 05:04:12.547 0 0 I : worker_thread+0x268/0x4b8
01-01 05:04:12.547 0 0 I : kthread+0x140/0x150
01-01 05:04:12.547 0 0 I : ret_from_fork+0x10/0x1c
01-01 05:04:12.550 0 0 E : INFO: trying to register non-static key.
08-16 16:52:16.650 2373 2373 D NetworkService: network service created
08-16 16:52:16.651 2373 2373 D SST : [0] QtiServiceStateTracker created
08-16 16:52:16.656 2373 2373 W CarrierConfigManager: Error getting config for subId -1 ICarrierConfigLoader is null
01-01 05:04:12.555 0 0 E : the code is fine but needs lockdep annotation.
01-01 05:04:12.561 0 0 I : CPU: 7 PID: 482 Comm: kworker/u16:16 Tainted: G S W O 4.19.157+ #1
01-01 05:04:12.561 0 0 I Hardware name: Qualcomm Technologies, Inc. kona MTP-RmPM8150b (DT)
01-01 05:04:12.561 0 0 I Workqueue: events_unbound ion_system_secure_heap_prefetch_work
01-01 05:04:12.561 0 0 I Call trace:
01-01 05:04:12.561 0 0 I : dump_backtrace+0x0/0x258
01-01 05:04:12.561 0 0 I : show_stack+0x20/0x30
01-01 05:04:12.561 0 0 I : dump_stack+0xd8/0x12c
01-01 05:04:12.561 0 0 I : register_lock_class+0x4d0/0x5c8
01-01 05:04:12.561 0 0 I : __lock_acquire+0xbc/0x1e58
01-01 05:04:12.561 0 0 I : lock_acquire+0x1cc/0x218
01-01 05:04:12.561 0 0 I : _raw_spin_lock_irqsave+0x54/0x98
01-01 05:04:12.561 0 0 I : ion_system_secure_heap_prefetch_work+0x94/0x2c0
01-01 05:04:12.561 0 0 I : process_one_work+0x38c/0x660
01-01 05:04:12.561 0 0 I : worker_thread+0x268/0x4b8
01-01 05:04:12.561 0 0 I : kthread+0x140/0x150
01-01 05:04:12.561 0 0 I : ret_from_fork+0x10/0x1c
08-16 16:52:16.662 2373 2373 D EmergencyNumberTracker: asset emergency database is loaded. Ver: 1 Phone Id: 0
08-16 16:52:16.663 2373 2373 E EmergencyNumberTracker: Cache ota emergency database IOException: java.io.FileNotFoundException: /data/misc/emergencynumberdb/emergency_number_db: open failed: ENOENT (No such file or directory)
08-16 16:52:16.663 2373 2373 D EmergencyNumberTracker: Using Asset Emergency database. Version: 1
01-01 05:04:12.564 0 0 E : INFO: trying to register non-static key.
01-01 05:04:12.569 0 0 E : the code is fine but needs lockdep annotation.
01-01 05:04:12.572 0 0 I binder : 2577:2577 ioctl 40046210 7fd93f2444 returned -22
01-01 05:04:12.575 0 0 I : CPU: 7 PID: 482 Comm: kworker/u16:16 Tainted: G S W O 4.19.157+ #1
01-01 05:04:12.575 0 0 I Hardware name: Qualcomm Technologies, Inc. kona MTP-RmPM8150b (DT)
01-01 05:04:12.575 0 0 I Workqueue: events_unbound ion_system_secure_heap_prefetch_work
01-01 05:04:12.575 0 0 I Call trace:
01-01 05:04:12.575 0 0 I : dump_backtrace+0x0/0x258
01-01 05:04:12.575 0 0 I : show_stack+0x20/0x30
01-01 05:04:12.575 0 0 I : dump_stack+0xd8/0x12c
01-01 05:04:12.575 0 0 I : register_lock_class+0x4d0/0x5c8
01-01 05:04:12.575 0 0 I : __lock_acquire+0xbc/0x1e58
01-01 05:04:12.575 0 0 I : lock_acquire+0x1cc/0x218
01-01 05:04:12.575 0 0 I : _raw_spin_lock_irqsave+0x54/0x98
01-01 05:04:12.575 0 0 I : ion_system_secure_heap_prefetch_work+0x94/0x2c0
01-01 05:04:12.575 0 0 I : process_one_work+0x38c/0x660
01-01 05:04:12.575 0 0 I : worker_thread+0x268/0x4b8
01-01 05:04:12.575 0 0 I : kthread+0x140/0x150
01-01 05:04:12.575 0 0 I : ret_from_fork+0x10/0x1c
01-01 05:04:12.577 0 0 E : INFO: trying to register non-static key.
08-16 16:52:16.686 1153 1178 D TelephonyRegistry: listen oscl: mHasNotifySubscriptionInfoChangedOccurred==false no callback
08-16 16:52:16.693 2373 2373 D SubscriptionController: Valid row not present in db
08-16 16:52:16.693 2373 2373 D SubscriptionController: getSubscriptionProperty Query value = null
08-16 16:52:16.701 2373 2373 D SubscriptionController: [getActiveSubscriptionInfo]- subId=-1 subList=[] subInfo=null
01-01 05:04:12.582 0 0 E : the code is fine but needs lockdep annotation.
01-01 05:04:12.588 0 0 I : CPU: 7 PID: 482 Comm: kworker/u16:16 Tainted: G S W O 4.19.157+ #1
01-01 05:04:12.588 0 0 I Hardware name: Qualcomm Technologies, Inc. kona MTP-RmPM8150b (DT)
01-01 05:04:12.588 0 0 I Workqueue: events_unbound ion_system_secure_heap_prefetch_work
01-01 05:04:12.588 0 0 I Call trace:
01-01 05:04:12.588 0 0 I : dump_backtrace+0x0/0x258
01-01 05:04:12.588 0 0 I : show_stack+0x20/0x30
01-01 05:04:12.588 0 0 I : dump_stack+0xd8/0x12c
01-01 05:04:12.588 0 0 I : register_lock_class+0x4d0/0x5c8
01-01 05:04:12.588 0 0 I : __lock_acquire+0xbc/0x1e58
01-01 05:04:12.588 0 0 I : lock_acquire+0x1cc/0x218
01-01 05:04:12.588 0 0 I : _raw_spin_lock_irqsave+0x54/0x98
01-01 05:04:12.588 0 0 I : ion_system_secure_heap_prefetch_work+0x94/0x2c0
01-01 05:04:12.588 0 0 I : process_one_work+0x38c/0x660
01-01 05:04:12.588 0 0 I : worker_thread+0x268/0x4b8
01-01 05:04:12.588 0 0 I : kthread+0x140/0x150
01-01 05:04:12.588 0 0 I : ret_from_fork+0x10/0x1c
01-01 05:04:12.591 0 0 W mv2112_read_status: autoneg not complete
01-01 05:04:12.591 0 0 I : mv2112_disable_aneg
01-01 05:04:12.591 0 0 I : mv2112_setup_forced
01-01 05:04:12.592 0 0 I lan743x 0001: 01:00.0 eth0: Link is Down
01-01 05:04:12.592 0 0 E : INFO: trying to register non-static key.
01-01 05:04:12.597 0 0 E : the code is fine but needs lockdep annotation.
01-01 05:04:12.603 0 0 I : CPU: 7 PID: 482 Comm: kworker/u16:16 Tainted: G S W O 4.19.157+ #1
01-01 05:04:12.603 0 0 I Hardware name: Qualcomm Technologies, Inc. kona MTP-RmPM8150b (DT)
01-01 05:04:12.603 0 0 I Workqueue: events_unbound ion_system_secure_heap_prefetch_work
01-01 05:04:12.603 0 0 I Call trace:
01-01 05:04:12.603 0 0 I : dump_backtrace+0x0/0x258
01-01 05:04:12.603 0 0 I : show_stack+0x20/0x30
01-01 05:04:12.603 0 0 I : dump_stack+0xd8/0x12c
01-01 05:04:12.603 0 0 I : register_lock_class+0x4d0/0x5c8
01-01 05:04:12.603 0 0 I : __lock_acquire+0xbc/0x1e58
01-01 05:04:12.603 0 0 I : lock_acquire+0x1cc/0x218
01-01 05:04:12.603 0 0 I : _raw_spin_lock_irqsave+0x54/0x98
01-01 05:04:12.603 0 0 I : ion_system_secure_heap_prefetch_work+0x94/0x2c0
01-01 05:04:12.603 0 0 I : process_one_work+0x38c/0x660
01-01 05:04:12.603 0 0 I : worker_thread+0x268/0x4b8
01-01 05:04:12.603 0 0 I : kthread+0x140/0x150
01-01 05:04:12.603 0 0 I : ret_from_fork+0x10/0x1c
01-01 05:04:12.605 0 0 E : INFO: trying to register non-static key.
08-16 16:52:16.709 1153 1996 I am_proc_bound: [0,2577,com.android.smspush]
08-16 16:52:16.710 1153 1996 D CompatibilityChangeReporter: Compat change id reported: 168419799; UID 10131; state: DISABLED
08-16 16:52:16.712 1153 1996 I am_uid_active: 10131
08-16 16:52:16.730 2373 2373 D QtiTelephonyComponentFactory: makeQtiDcTracker
08-16 16:52:16.732 2373 2373 D m.android.phon: [0]DCT.constructor
01-01 05:04:12.611 0 0 E : the code is fine but needs lockdep annotation.
01-01 05:04:12.616 0 0 I : CPU: 7 PID: 482 Comm: kworker/u16:16 Tainted: G S W O 4.19.157+ #1
01-01 05:04:12.616 0 0 I Hardware name: Qualcomm Technologies, Inc. kona MTP-RmPM8150b (DT)
01-01 05:04:12.616 0 0 I Workqueue: events_unbound ion_system_secure_heap_prefetch_work
01-01 05:04:12.616 0 0 I Call trace:
01-01 05:04:12.616 0 0 I : dump_backtrace+0x0/0x258
01-01 05:04:12.616 0 0 I : show_stack+0x20/0x30
01-01 05:04:12.616 0 0 I : dump_stack+0xd8/0x12c
01-01 05:04:12.616 0 0 I : register_lock_class+0x4d0/0x5c8
01-01 05:04:12.616 0 0 I : __lock_acquire+0xbc/0x1e58
01-01 05:04:12.616 0 0 I : lock_acquire+0x1cc/0x218
01-01 05:04:12.616 0 0 I : _raw_spin_lock_irqsave+0x54/0x98
01-01 05:04:12.616 0 0 I : ion_system_secure_heap_prefetch_work+0x94/0x2c0
01-01 05:04:12.616 0 0 I : process_one_work+0x38c/0x660
01-01 05:04:12.616 0 0 I : worker_thread+0x268/0x4b8
01-01 05:04:12.616 0 0 I : kthread+0x140/0x150
01-01 05:04:12.616 0 0 I : ret_from_fork+0x10/0x1c
01-01 05:04:12.619 0 0 E : INFO: trying to register non-static key.
01-01 05:04:12.624 0 0 E : the code is fine but needs lockdep annotation.
01-01 05:04:12.630 0 0 I : CPU: 3 PID: 482 Comm: kworker/u16:16 Tainted: G S W O 4.19.157+ #1
01-01 05:04:12.630 0 0 I Hardware name: Qualcomm Technologies, Inc. kona MTP-RmPM8150b (DT)
01-01 05:04:12.630 0 0 I Workqueue: events_unbound ion_system_secure_heap_prefetch_work
01-01 05:04:12.630 0 0 I Call trace:
01-01 05:04:12.630 0 0 I : dump_backtrace+0x0/0x258
01-01 05:04:12.630 0 0 I : show_stack+0x20/0x30
01-01 05:04:12.630 0 0 I : dump_stack+0xd8/0x12c
01-01 05:04:12.630 0 0 I : register_lock_class+0x4d0/0x5c8
01-01 05:04:12.630 0 0 I : __lock_acquire+0xbc/0x1e58
01-01 05:04:12.630 0 0 I : lock_acquire+0x1cc/0x218
01-01 05:04:12.630 0 0 I : _raw_spin_lock_irqsave+0x54/0x98
01-01 05:04:12.630 0 0 I : ion_system_secure_heap_prefetch_work+0x94/0x2c0
01-01 05:04:12.630 0 0 I : process_one_work+0x38c/0x660
01-01 05:04:12.630 0 0 I : worker_thread+0x268/0x4b8
01-01 05:04:12.630 0 0 I : kthread+0x140/0x150
01-01 05:04:12.630 0 0 I : ret_from_fork+0x10/0x1c
08-16 16:52:16.749 2373 2373 D DcTesterDeacativateAll: register for intent action=com.android.internal.telephony.dataconnection.action_deactivate_all
08-16 16:52:16.749 2373 2373 D DcTesterDeacativateAll: register for intent action=com.qualcomm.qti.internal.telephony.action_detached
08-16 16:52:16.753 2373 2373 D DcTesterFailBrinupAll: register for intent action=com.android.internal.telephony.dataconnection.action_fail_bringup
08-16 16:52:16.753 2373 2373 D DcTesterFailBrinupAll: register for intent action=com.qualcomm.qti.internal.telephony.action_detached
08-16 16:52:16.753 2373 2373 D DcTesterFailBrinupAll: register for intent action=com.qualcomm.qti.internal.telephony.action_attached
08-16 16:52:16.757 2373 2373 W CarrierConfigManager: Error getting config for subId -1 ICarrierConfigLoader is null
08-16 16:52:16.757 2373 2373 D m.android.phon: [0]initApnContexts: isDataCapable == false. No Apn Contexts loaded
08-16 16:52:16.757 2373 2373 D m.android.phon: [0]default emergency apn is created
08-16 16:52:16.760 2373 2373 D QtiDCT-C: initQtiRadioCapability
08-16 16:52:16.760 2373 2373 D QTIRILJ : getEnhancedRadioCapability, response={ when=-59s760ms what=270394 target=com.qualcomm.qti.internal.telephony.dataconnection.QtiDcTracker }
08-16 16:52:16.760 2373 2373 D QTIRILJ : getEnhancedRadioCapability, exception
08-16 16:52:16.762 2373 2373 D QTIRILJ : getEnhancedRadioCapability request failed
08-16 16:52:16.771 1153 1996 D TelephonyRegistry: listen oscl: mHasNotifySubscriptionInfoChangedOccurred==false no callback
08-16 16:52:16.771 2373 2373 D CarrierResolver: Creating CarrierResolver[0]
08-16 16:52:16.774 2373 2373 D SST : [0] notifyVoiceRegStateRilRadioTechnologyChanged: vrs=1 rat=0
08-16 16:52:16.784 1153 1250 I DropBoxManagerService: add tag=system_app_strictmode isTagEnabled=true flags=0x2
08-16 16:52:16.790 1153 1153 D BluetoothManagerService: Bluetooth Adapter address changed to 22:22:C8:96:9F:72
08-16 16:52:16.790 1153 1153 D BluetoothManagerService: Stored Bluetoothaddress: 22:22:C8:96:9F:72
08-16 16:52:16.793 1153 1153 D BluetoothManagerService: Bluetooth Adapter name changed to QCOM-BTD by android
08-16 16:52:16.793 1153 1153 D BluetoothManagerService: Stored Bluetooth name: QCOM-BTD
08-16 16:52:16.796 1153 2442 D CompatibilityChangeReporter: Compat change id reported: 182478738; UID 1001; state: ENABLED
08-16 16:52:16.801 2373 2373 I GsmCdmaPhone: [0] updateTtyMode ttyMode=0
08-16 16:52:16.803 2373 2373 I GsmCdmaPhone: [0] updateUiTtyMode ttyMode=0
08-16 16:52:16.804 2373 2373 D CallManager: registerPhone(GSM Handler (com.qualcomm.qti.internal.telephony.QtiGsmCdmaPhone) {ffeb19d})
08-16 16:52:16.804 2373 2373 D GsmCdmaPhone: [0] GsmCdmaPhone: constructor: sub = 0
08-16 16:52:16.804 2373 2373 D VendorGsmCdmaPhone: Constructor
08-16 16:52:16.806 2373 2373 D QtiGsmCdmaPhone: Constructor
08-16 16:52:16.807 2373 2373 I PhoneFactory: Creating Phone with type = 1 sub = 0
08-16 16:52:16.807 2373 2373 D QtiTelephonyComponentFactory: makePhone
08-16 16:52:16.807 2373 2373 D TelephonyTester: register for intent action=com.qualcomm.qti.internal.telephony.action_detached
08-16 16:52:16.807 2373 2373 D TelephonyTester: register for intent action=com.qualcomm.qti.internal.telephony.action_attached
08-16 16:52:16.807 2373 2373 D TelephonyTester: register for intent action=com.android.internal.telephony.TestServiceState
08-16 16:52:16.807 2373 2373 D TelephonyTester: register for intent action=com.android.internal.telephony.TestChangeNumber
08-16 16:52:16.808 2373 2373 D Phone : mDoesRilSendMultipleCallRing=false
08-16 16:52:16.809 2373 2373 D Phone : mCallRingDelay=3000
08-16 16:52:16.809 2373 2373 D TelephonyComponentFactory: makeSmsStorageMonitor
08-16 16:52:16.810 2373 2373 D TelephonyComponentFactory: makeSmsUsageMonitor
08-16 16:52:16.815 2373 2373 D TelephonyComponentFactory: makeGsmCdmaCallTracker
08-16 16:52:16.815 1153 1250 I DropBoxManagerService: add tag=system_app_strictmode isTagEnabled=true flags=0x2
08-16 16:52:16.816 2373 2373 D QtiTelephonyComponentFactory: makeQtiIccPhoneBookInterfaceManager
08-16 16:52:16.817 1153 1250 I DropBoxManagerService: add tag=system_app_strictmode isTagEnabled=true flags=0x2
08-16 16:52:16.818 2373 2373 D TelephonyComponentFactory: makeIccSmsInterfaceManager
08-16 16:52:16.818 1153 1250 I DropBoxManagerService: add tag=system_app_strictmode isTagEnabled=true flags=0x2
08-16 16:52:16.820 2373 2373 D SmsDispatchersController: SmsDispatchersController created
08-16 16:52:16.821 2373 2373 D SMSDispatcher: SMSDispatcher: ctor mSmsCapable=true format=unknown mSmsSendDisabled=false
08-16 16:52:16.824 2373 2373 D SMSDispatcher: SMSDispatcher: ctor mSmsCapable=true format=3gpp2 mSmsSendDisabled=false
08-16 16:52:16.824 2373 2373 D CdmaSMSDispatcher: CdmaSMSDispatcher created
08-16 16:52:16.832 2373 2373 D GsmInboundSmsHandler: created InboundSmsHandler
08-16 16:52:16.835 2373 2614 D GsmInboundSmsHandler: StartupState.enter: entering StartupState
08-16 16:52:16.841 2373 2373 D CdmaInboundSmsHandler: created InboundSmsHandler
08-16 16:52:16.845 2373 2615 D CdmaInboundSmsHandler: StartupState.enter: entering StartupState
08-16 16:52:16.846 2373 2373 D SMSDispatcher: SMSDispatcher: ctor mSmsCapable=true format=3gpp mSmsSendDisabled=false
08-16 16:52:16.846 2373 2373 D GsmSMSDispatcher: GsmSMSDispatcher created
08-16 16:52:16.846 2373 2614 D GsmInboundSmsHandler: StartupState.processMessage: processing EVENT_START_ACCEPTING_SMS
08-16 16:52:16.846 2373 2614 D GsmInboundSmsHandler: IdleState.enter: entering IdleState
08-16 16:52:16.846 2373 2614 D GsmInboundSmsHandler: IdleState.processMessage: processing EVENT_RELEASE_WAKELOCK
08-16 16:52:16.847 2373 2615 D CdmaInboundSmsHandler: StartupState.processMessage: processing EVENT_START_ACCEPTING_SMS
08-16 16:52:16.847 2373 2615 D CdmaInboundSmsHandler: IdleState.enter: entering IdleState
08-16 16:52:16.847 2373 2615 D CdmaInboundSmsHandler: IdleState.processMessage: processing EVENT_RELEASE_WAKELOCK
08-16 16:52:16.848 2373 2614 D GsmInboundSmsHandler: IdleState.processMessage: EVENT_RELEASE_WAKELOCK: mWakeLock released
08-16 16:52:16.852 2373 2615 D CdmaInboundSmsHandler: IdleState.processMessage: EVENT_RELEASE_WAKELOCK: mWakeLock released
08-16 16:52:16.853 2373 2373 D TelephonyComponentFactory: getCdmaSubscriptionSourceManagerInstance
08-16 16:52:16.856 2373 2373 D QtiTelephonyComponentFactory: makeCarrierInfoManager
08-16 16:52:16.856 2373 2373 D GsmCdmaPhone: [1] Precise phone type 1
08-16 16:52:16.856 2373 2373 D RILJ : setPhoneType=1 old value=0 [PHONE1]
08-16 16:52:16.859 1153 1153 D BluetoothManagerService: Bluetooth Adapter address changed to 22:22:C8:96:9F:72
08-16 16:52:16.860 1153 1153 D BluetoothManagerService: Stored Bluetoothaddress: 22:22:C8:96:9F:72
08-16 16:52:16.861 2373 2373 D CarrierActionAgent: [1]Creating CarrierActionAgent
08-16 16:52:16.862 2373 2373 W CarrierConfigManager: Error getting config for subId -1 ICarrierConfigLoader is null
01-01 05:04:12.752 0 0 E : INFO: trying to register non-static key.
01-01 05:04:12.758 0 0 E : the code is fine but needs lockdep annotation.
01-01 05:04:12.763 0 0 I : CPU: 2 PID: 482 Comm: kworker/u16:16 Tainted: G S W O 4.19.157+ #1
01-01 05:04:12.763 0 0 I Hardware name: Qualcomm Technologies, Inc. kona MTP-RmPM8150b (DT)
01-01 05:04:12.763 0 0 I Workqueue: events_unbound ion_system_secure_heap_prefetch_work
01-01 05:04:12.763 0 0 I Call trace:
01-01 05:04:12.763 0 0 I : dump_backtrace+0x0/0x258
01-01 05:04:12.763 0 0 I : show_stack+0x20/0x30
01-01 05:04:12.763 0 0 I : dump_stack+0xd8/0x12c
01-01 05:04:12.763 0 0 I : register_lock_class+0x4d0/0x5c8
01-01 05:04:12.763 0 0 I : __lock_acquire+0xbc/0x1e58
01-01 05:04:12.763 0 0 I : lock_acquire+0x1cc/0x218
01-01 05:04:12.763 0 0 I : _raw_spin_lock_irqsave+0x54/0x98
01-01 05:04:12.763 0 0 I : ion_system_secure_heap_prefetch_work+0x94/0x2c0
01-01 05:04:12.763 0 0 I : process_one_work+0x38c/0x660
01-01 05:04:12.763 0 0 I : worker_thread+0x268/0x4b8
01-01 05:04:12.763 0 0 I : kthread+0x140/0x150
01-01 05:04:12.763 0 0 I : ret_from_fork+0x10/0x1c
08-16 16:52:16.870 2373 2373 D TransportManager-1: operates in legacy mode.
08-16 16:52:16.870 2373 2373 D QtiTelephonyComponentFactory: makeQtiServiceStateTracker
08-16 16:52:16.870 2373 2373 D TelephonyComponentFactory: makeEriManager
08-16 16:52:16.874 1153 1250 D BluetoothManagerService: MESSAGE_BLUETOOTH_STATE_CHANGE: BLE_TURNING_ON > BLE_ON
08-16 16:52:16.874 1153 1250 D BluetoothManagerService: Bluetooth is in LE only mode
08-16 16:52:16.874 1153 1250 D BluetoothManagerService: Binding Bluetooth GATT service
08-16 16:52:16.877 1153 1250 D BluetoothManagerService: Sending BLE State Change: BLE_TURNING_ON > BLE_ON
08-16 16:52:16.878 1153 1153 D CompanionDeviceManagerService: Received BT state transition broadcast: BLE_TURNING_ON -> BLE_ON
08-16 16:52:16.877 2373 2373 W CarrierConfigManager: Error getting config for subId -1 ICarrierConfigLoader is null
08-16 16:52:16.878 1153 1153 I CompanionDeviceManagerService: startBleScan()
08-16 16:52:16.879 1153 1153 I CompanionDeviceManagerService: Read associations from disk: {0=[]}
08-16 16:52:16.879 1153 1153 D BluetoothManagerService: BluetoothServiceConnection: com.android.bluetooth.gatt.GattService
08-16 16:52:16.880 1153 1250 D BluetoothManagerService: MESSAGE_BLUETOOTH_SERVICE_CONNECTED: 2
08-16 16:52:16.880 1153 1250 D BluetoothManagerService: continueFromBleOnState()
08-16 16:52:16.880 1153 1996 D TelephonyRegistry: listen oscl: mHasNotifySubscriptionInfoChangedOccurred==false no callback
01-01 05:04:12.785 0 0 E : INFO: trying to register non-static key.
01-01 05:04:12.790 0 0 E : the code is fine but needs lockdep annotation.
01-01 05:04:12.796 0 0 I : CPU: 2 PID: 482 Comm: kworker/u16:16 Tainted: G S W O 4.19.157+ #1
01-01 05:04:12.796 0 0 I Hardware name: Qualcomm Technologies, Inc. kona MTP-RmPM8150b (DT)
01-01 05:04:12.796 0 0 I Workqueue: events_unbound ion_system_secure_heap_prefetch_work
01-01 05:04:12.796 0 0 I Call trace:
01-01 05:04:12.796 0 0 I : dump_backtrace+0x0/0x258
01-01 05:04:12.796 0 0 I : show_stack+0x20/0x30
01-01 05:04:12.796 0 0 I : dump_stack+0xd8/0x12c
01-01 05:04:12.796 0 0 I : register_lock_class+0x4d0/0x5c8
01-01 05:04:12.796 0 0 I : __lock_acquire+0xbc/0x1e58
01-01 05:04:12.796 0 0 I : lock_acquire+0x1cc/0x218
01-01 05:04:12.796 0 0 I : _raw_spin_lock_irqsave+0x54/0x98
01-01 05:04:12.796 0 0 I : ion_system_secure_heap_prefetch_work+0x94/0x2c0
01-01 05:04:12.796 0 0 I : process_one_work+0x38c/0x660
01-01 05:04:12.796 0 0 I : worker_thread+0x268/0x4b8
01-01 05:04:12.796 0 0 I : kthread+0x140/0x150
