01-01 05:04:11.555 0 0 E [kworke][0x5187227e][16:52:15.656880] wlan: [483:E:action_oui] ucfg_action_oui_send: 160: Failed to send: 7
01-01 05:04:11.555 0 0 I binder : 2400:2400 ioctl 40046210 7fd93f2444 returned -22
08-16 16:52:15.669 1830 1830 D SystemUIBootTiming: StartServicescom.android.systemui.power.PowerUI took to complete: 108ms
08-16 16:52:15.671 1830 1830 D SystemUIBootTiming: StartServicescom.android.systemui.media.RingtonePlayer took to complete: 1ms
08-16 16:52:15.673 1830 1830 D SystemUIBootTiming: StartServicescom.android.systemui.keyboard.KeyboardUI took to complete: 2ms
08-16 16:52:15.674 1830 1830 D SystemUIBootTiming: StartServicescom.android.systemui.shortcut.ShortcutKeyDispatcher took to complete: 1ms
08-16 16:52:15.674 1830 1830 D SystemUIBootTiming: StartServicescom.android.systemui.VendorServices took to complete: 0ms
08-16 16:52:15.675 1830 1830 D SystemUIBootTiming: StartServicescom.android.systemui.util.leak.GarbageMonitor$Service took to complete: 0ms
08-16 16:52:15.675 1830 1830 D SystemUIBootTiming: StartServicescom.android.systemui.LatencyTester took to complete: 0ms
08-16 16:52:15.676 1830 1830 D SystemUIBootTiming: StartServicescom.android.systemui.globalactions.GlobalActionsComponent took to complete: 1ms
08-16 16:52:15.677 1830 1830 D SystemUIBootTiming: StartServicescom.android.systemui.ScreenDecorations took to complete: 2ms
08-16 16:52:15.682 1830 1830 D SystemUIBootTiming: StartServicescom.android.systemui.biometrics.AuthController took to complete: 4ms
08-16 16:52:15.682 1830 1830 D SystemUIBootTiming: StartServicescom.android.systemui.SliceBroadcastRelayHandler took to complete: 1ms
08-16 16:52:15.685 1830 1830 D SystemUIBootTiming: StartServicescom.android.systemui.statusbar.notification.InstantAppNotifier took to complete: 2ms
08-16 16:52:15.688 1153 1793 I am_proc_bound: [0,2400,android.ext.services]
01-01 05:04:11.567 0 0 E [kworke][0x518a805a][16:52:15.668371] wlan: [483:E:WMI] send_action_oui_cmd_tlv: 220: Invalid action id
08-16 16:52:15.690 1153 1793 D CompatibilityChangeReporter: Compat change id reported: 168419799; UID 10153; state: DISABLED
08-16 16:52:15.692 1153 1793 I am_uid_active: 10153
08-16 16:52:15.694 1830 1830 D SystemUIBootTiming: StartServicescom.android.systemui.theme.ThemeOverlayController took to complete: 8ms
08-16 16:52:15.694 1830 1830 D SystemUIBootTiming: StartServicescom.android.systemui.accessibility.WindowMagnification took to complete: 0ms
01-01 05:04:11.578 0 0 E [kworke][0x518db3c1][16:52:15.679297] wlan: [483:E:action_oui] ucfg_action_oui_send: 160: Failed to send: 9
01-01 05:04:11.589 0 0 E [kworke][0x519110df][16:52:15.690779] wlan: [483:E:HDD] hdd_action_oui_send: 13281: Failed to send one or all action_ouis
08-16 16:52:15.704 1153 2442 I dvm_lock_sample: [system_server,1,Binder:1153_8,8,ActivityManagerService.java,12468,android.content.Intent com.android.server.am.ActivityManagerService.registerReceiverWithFeature(android.app.IApplicationThread, java.lang.String, java.lang.String, java.lang.String, android.content.IIntentReceiver, android.content.IntentFilter, java.lang.String, int, int),-,4737,void com.android.server.am.ActivityManagerService.attachApplication(android.app.IApplicationThread, long),1]
01-01 05:04:11.623 0 0 I msm_vidc: high: 00000001: ....e: Opening video instance: ffffffe83fc1c000, 0
01-01 05:04:11.629 0 0 D cnss : dma-coherent is enabled
01-01 05:04:11.629 0 0 D cnss : IOMMU map: iova b0000000, len 4096
01-01 05:04:11.629 0 0 D cnss : IOMMU map: iova_addr b0000040
01-01 05:04:11.629 0 0 D cnss : dma-coherent is enabled
01-01 05:04:11.629 0 0 D cnss : IOMMU map: iova b0001000, len 4096
01-01 05:04:11.629 0 0 D cnss : IOMMU map: iova_addr b0001018
08-16 16:52:15.735 1830 1830 D SystemUIBootTiming: StartServicescom.android.systemui.accessibility.SystemActions took to complete: 40ms
08-16 16:52:15.735 1830 1830 D SystemUIBootTiming: StartServicescom.android.systemui.toast.ToastUI took to complete: 0ms
08-16 16:52:15.737 1830 1830 D SystemUIBootTiming: StartServicescom.android.systemui.wmshell.WMShell took to complete: 2ms
08-16 16:52:15.759 1830 1830 D SystemUIBootTiming: StartServices took to complete: 1430ms
01-01 05:04:11.640 0 0 E [kworke][0x519fde02][16:52:15.741300] wlan: [483:E:TXRX] dp_rxdma_ring_config: 5022: DBS enabled max_mac_rings 2
01-01 05:04:11.652 0 0 E [kworke][0x51a36c27][16:52:15.753436] wlan: [483:E:TXRX] dp_rxdma_ring_config: 5033: pdev_id 0 max_mac_rings 2
01-01 05:04:11.653 0 0 I binder : 2434:2434 ioctl 40046210 7fd93f2444 returned -22
01-01 05:04:11.663 0 0 I msm_vidc: high: 00000001: h265e: Closed video instance: ffffffe83fc1c000
01-01 05:04:11.663 0 0 E [kworke][0x51a6d784][16:52:15.765108] wlan: [483:E:TXRX] dp_rxdma_ring_config: 5050: mac_id 0
01-01 05:04:11.675 0 0 E [kworke][0x51aa2dfa][16:52:15.776500] wlan: [483:E:TXRX] dp_rxdma_ring_config: 5050: mac_id 1
08-16 16:52:15.794 1153 2474 I am_proc_bound: [0,2434,com.android.launcher3]
08-16 16:52:15.798 1153 2474 D CompatibilityChangeReporter: Compat change id reported: 168419799; UID 10118; state: DISABLED
01-01 05:04:11.690 0 0 I [kworke][0x51aea888][16:52:15.791787] wlan: [483:I:POLICY_MGR] policy_mgr_update_5g_scc_prefer: 398: overwrite pm_second_connection_pcl_dbs_2x2_table, index 2 mode 3 system prefer 0 new pcl 6
01-01 05:04:11.690 0 0 I [kworke][0x51aeab76][16:52:15.791826] wlan: [483:I:POLICY_MGR] policy_mgr_update_5g_scc_prefer: 404: overwrite pm_second_connection_pcl_dbs_2x2_table, index 3 mode 3 system prefer 0 new pcl 6
01-01 05:04:11.693 0 0 E [kworke][0x51af7329][16:52:15.794489] wlan: [483:E:REGULATORY] reg_freq_width_to_chan_op_class: 512: no op class for frequency 5745
01-01 05:04:11.701 0 0 E : INFO: trying to register non-static key.
01-01 05:04:11.710 0 0 I [kworke][0x51b4597c][16:52:15.811213] wlan: [483:I:HIF] hif_pm_runtime_start: Enabling RUNTIME PM, Delay: 500 ms
01-01 05:04:11.711 0 0 I binder : 2380:2380 ioctl 40046210 7fd93f0424 returned -22
01-01 05:04:11.711 0 0 E : the code is fine but needs lockdep annotation.
01-01 05:04:11.711 0 0 I : CPU: 7 PID: 482 Comm: kworker/u16:16 Tainted: G S W O 4.19.157+ #1
08-16 16:52:15.815 1153 2474 I am_uid_active: 10118
01-01 05:04:11.711 0 0 I Hardware name: Qualcomm Technologies, Inc. kona MTP-RmPM8150b (DT)
01-01 05:04:11.711 0 0 I Workqueue: events_unbound ion_system_secure_heap_prefetch_work
01-01 05:04:11.711 0 0 I Call trace:
01-01 05:04:11.711 0 0 I : dump_backtrace+0x0/0x258
01-01 05:04:11.711 0 0 I : show_stack+0x20/0x30
01-01 05:04:11.711 0 0 I : dump_stack+0xd8/0x12c
01-01 05:04:11.711 0 0 I : register_lock_class+0x4d0/0x5c8
01-01 05:04:11.711 0 0 I : __lock_acquire+0xbc/0x1e58
01-01 05:04:11.711 0 0 I : lock_acquire+0x1cc/0x218
01-01 05:04:11.711 0 0 I : _raw_spin_lock_irqsave+0x54/0x98
01-01 05:04:11.711 0 0 I : ion_system_secure_heap_prefetch_work+0x94/0x2c0
01-01 05:04:11.711 0 0 I : process_one_work+0x38c/0x660
01-01 05:04:11.711 0 0 I : worker_thread+0x268/0x4b8
01-01 05:04:11.711 0 0 I : kthread+0x140/0x150
01-01 05:04:11.711 0 0 I : ret_from_fork+0x10/0x1c
01-01 05:04:11.715 0 0 E : INFO: trying to register non-static key.
01-01 05:04:11.722 0 0 E : the code is fine but needs lockdep annotation.
01-01 05:04:11.728 0 0 I : CPU: 7 PID: 482 Comm: kworker/u16:16 Tainted: G S W O 4.19.157+ #1
01-01 05:04:11.728 0 0 I Hardware name: Qualcomm Technologies, Inc. kona MTP-RmPM8150b (DT)
01-01 05:04:11.728 0 0 I Workqueue: events_unbound ion_system_secure_heap_prefetch_work
01-01 05:04:11.728 0 0 I Call trace:
01-01 05:04:11.728 0 0 I : dump_backtrace+0x0/0x258
01-01 05:04:11.728 0 0 I : show_stack+0x20/0x30
01-01 05:04:11.728 0 0 I : dump_stack+0xd8/0x12c
01-01 05:04:11.728 0 0 I : register_lock_class+0x4d0/0x5c8
01-01 05:04:11.728 0 0 I : __lock_acquire+0xbc/0x1e58
01-01 05:04:11.728 0 0 I : lock_acquire+0x1cc/0x218
01-01 05:04:11.728 0 0 I : _raw_spin_lock_irqsave+0x54/0x98
01-01 05:04:11.728 0 0 I : ion_system_secure_heap_prefetch_work+0x94/0x2c0
01-01 05:04:11.728 0 0 I : process_one_work+0x38c/0x660
01-01 05:04:11.728 0 0 I : worker_thread+0x268/0x4b8
01-01 05:04:11.728 0 0 I : kthread+0x140/0x150
01-01 05:04:11.728 0 0 I : ret_from_fork+0x10/0x1c
01-01 05:04:11.736 0 0 E : INFO: trying to register non-static key.
01-01 05:04:11.741 0 0 E : the code is fine but needs lockdep annotation.
01-01 05:04:11.746 0 0 I : CPU: 7 PID: 482 Comm: kworker/u16:16 Tainted: G S W O 4.19.157+ #1
01-01 05:04:11.746 0 0 I Hardware name: Qualcomm Technologies, Inc. kona MTP-RmPM8150b (DT)
01-01 05:04:11.746 0 0 I Workqueue: events_unbound ion_system_secure_heap_prefetch_work
01-01 05:04:11.746 0 0 I Call trace:
01-01 05:04:11.746 0 0 I : dump_backtrace+0x0/0x258
01-01 05:04:11.746 0 0 I : show_stack+0x20/0x30
01-01 05:04:11.746 0 0 I : dump_stack+0xd8/0x12c
01-01 05:04:11.746 0 0 I : register_lock_class+0x4d0/0x5c8
01-01 05:04:11.746 0 0 I : __lock_acquire+0xbc/0x1e58
01-01 05:04:11.746 0 0 I : lock_acquire+0x1cc/0x218
01-01 05:04:11.746 0 0 I : _raw_spin_lock_irqsave+0x54/0x98
01-01 05:04:11.746 0 0 I : ion_system_secure_heap_prefetch_work+0x94/0x2c0
01-01 05:04:11.746 0 0 I : process_one_work+0x38c/0x660
01-01 05:04:11.746 0 0 I : worker_thread+0x268/0x4b8
01-01 05:04:11.746 0 0 I : kthread+0x140/0x150
01-01 05:04:11.746 0 0 I : ret_from_fork+0x10/0x1c
01-01 05:04:11.749 0 0 E : INFO: trying to register non-static key.
01-01 05:04:11.754 0 0 E : the code is fine but needs lockdep annotation.
01-01 05:04:11.758 0 0 E cnss_utils: WLAN MAC address is not set, type 0
08-16 16:52:15.841 1153 1250 I DropBoxManagerService: add tag=system_app_strictmode isTagEnabled=true flags=0x2
08-16 16:52:15.852 1153 1250 I DropBoxManagerService: add tag=system_app_strictmode isTagEnabled=true flags=0x2
08-16 16:52:15.855 1153 1250 I DropBoxManagerService: add tag=system_app_strictmode isTagEnabled=true flags=0x2
08-16 16:52:15.863 1153 1153 I ExplicitHealthCheckController: Explicit health check service is connected ComponentInfo{android.ext.services/android.ext.services.watchdog.ExplicitHealthCheckServiceImpl}
08-16 16:52:15.866 1153 1153 I ExplicitHealthCheckController: Service initialized, syncing requests
01-01 05:04:11.759 0 0 I : CPU: 7 PID: 482 Comm: kworker/u16:16 Tainted: G S W O 4.19.157+ #1
01-01 05:04:11.759 0 0 I Hardware name: Qualcomm Technologies, Inc. kona MTP-RmPM8150b (DT)
01-01 05:04:11.759 0 0 I Workqueue: events_unbound ion_system_secure_heap_prefetch_work
01-01 05:04:11.759 0 0 I Call trace:
01-01 05:04:11.759 0 0 I : dump_backtrace+0x0/0x258
01-01 05:04:11.759 0 0 I : show_stack+0x20/0x30
01-01 05:04:11.759 0 0 I : dump_stack+0xd8/0x12c
01-01 05:04:11.759 0 0 I : register_lock_class+0x4d0/0x5c8
01-01 05:04:11.759 0 0 I : __lock_acquire+0xbc/0x1e58
01-01 05:04:11.759 0 0 I : lock_acquire+0x1cc/0x218
01-01 05:04:11.759 0 0 I : _raw_spin_lock_irqsave+0x54/0x98
01-01 05:04:11.759 0 0 I : ion_system_secure_heap_prefetch_work+0x94/0x2c0
01-01 05:04:11.759 0 0 I : process_one_work+0x38c/0x660
01-01 05:04:11.759 0 0 I : worker_thread+0x268/0x4b8
01-01 05:04:11.759 0 0 I : kthread+0x140/0x150
01-01 05:04:11.759 0 0 I : ret_from_fork+0x10/0x1c
01-01 05:04:11.762 0 0 E : INFO: trying to register non-static key.
01-01 05:04:11.766 0 0 W cnss_pci 0000: 01:00.0: Falling back to syfs fallback for: wlan/qca_cld/qca6390/wlan_mac.bin
08-16 16:52:15.866 1153 1153 I PackageWatchdog: Syncing health check requests for packages: {}
08-16 16:52:15.866 1153 1153 D ExplicitHealthCheckController: Getting health check supported packages
08-16 16:52:15.868 1153 1250 I DropBoxManagerService: add tag=system_app_strictmode isTagEnabled=true flags=0x2
08-16 16:52:15.869 1153 2442 D TelephonyRegistry: listen oscl: mHasNotifySubscriptionInfoChangedOccurred==false no callback
01-01 05:04:11.770 0 0 E : the code is fine but needs lockdep annotation.
01-01 05:04:11.770 0 0 I : CPU: 7 PID: 482 Comm: kworker/u16:16 Tainted: G S W O 4.19.157+ #1
01-01 05:04:11.770 0 0 I Hardware name: Qualcomm Technologies, Inc. kona MTP-RmPM8150b (DT)
01-01 05:04:11.770 0 0 I Workqueue: events_unbound ion_system_secure_heap_prefetch_work
01-01 05:04:11.770 0 0 I Call trace:
01-01 05:04:11.770 0 0 I : dump_backtrace+0x0/0x258
01-01 05:04:11.770 0 0 I : show_stack+0x20/0x30
01-01 05:04:11.770 0 0 I : dump_stack+0xd8/0x12c
01-01 05:04:11.770 0 0 I : register_lock_class+0x4d0/0x5c8
01-01 05:04:11.770 0 0 I : __lock_acquire+0xbc/0x1e58
01-01 05:04:11.770 0 0 I : lock_acquire+0x1cc/0x218
01-01 05:04:11.770 0 0 I : _raw_spin_lock_irqsave+0x54/0x98
01-01 05:04:11.770 0 0 I : ion_system_secure_heap_prefetch_work+0x94/0x2c0
01-01 05:04:11.770 0 0 I : process_one_work+0x38c/0x660
01-01 05:04:11.770 0 0 I : worker_thread+0x268/0x4b8
01-01 05:04:11.770 0 0 I : kthread+0x140/0x150
01-01 05:04:11.770 0 0 I : ret_from_fork+0x10/0x1c
01-01 05:04:11.773 0 0 E : INFO: trying to register non-static key.
01-01 05:04:11.781 0 0 E : the code is fine but needs lockdep annotation.
01-01 05:04:11.787 0 0 I : CPU: 7 PID: 482 Comm: kworker/u16:16 Tainted: G S W O 4.19.157+ #1
01-01 05:04:11.787 0 0 I Hardware name: Qualcomm Technologies, Inc. kona MTP-RmPM8150b (DT)
01-01 05:04:11.787 0 0 I Workqueue: events_unbound ion_system_secure_heap_prefetch_work
01-01 05:04:11.787 0 0 I Call trace:
01-01 05:04:11.787 0 0 I : dump_backtrace+0x0/0x258
01-01 05:04:11.787 0 0 I : show_stack+0x20/0x30
01-01 05:04:11.787 0 0 I : dump_stack+0xd8/0x12c
01-01 05:04:11.787 0 0 I : register_lock_class+0x4d0/0x5c8
01-01 05:04:11.787 0 0 I : __lock_acquire+0xbc/0x1e58
01-01 05:04:11.787 0 0 I : lock_acquire+0x1cc/0x218
01-01 05:04:11.787 0 0 I : _raw_spin_lock_irqsave+0x54/0x98
01-01 05:04:11.787 0 0 I : ion_system_secure_heap_prefetch_work+0x94/0x2c0
01-01 05:04:11.787 0 0 I : process_one_work+0x38c/0x660
01-01 05:04:11.787 0 0 I : worker_thread+0x268/0x4b8
01-01 05:04:11.787 0 0 I : kthread+0x140/0x150
01-01 05:04:11.787 0 0 I : ret_from_fork+0x10/0x1c
01-01 05:04:11.790 0 0 E : INFO: trying to register non-static key.
01-01 05:04:11.791 0 0 I msm_vidc: high: 00000001: ....e: Opening video instance: ffffffe85f694000, 0
01-01 05:04:11.795 0 0 E : the code is fine but needs lockdep annotation.
01-01 05:04:11.795 0 0 I : CPU: 7 PID: 482 Comm: kworker/u16:16 Tainted: G S W O 4.19.157+ #1
01-01 05:04:11.795 0 0 I Hardware name: Qualcomm Technologies, Inc. kona MTP-RmPM8150b (DT)
01-01 05:04:11.795 0 0 I Workqueue: events_unbound ion_system_secure_heap_prefetch_work
01-01 05:04:11.795 0 0 I Call trace:
01-01 05:04:11.795 0 0 I : dump_backtrace+0x0/0x258
01-01 05:04:11.795 0 0 I : show_stack+0x20/0x30
01-01 05:04:11.795 0 0 I : dump_stack+0xd8/0x12c
01-01 05:04:11.795 0 0 I : register_lock_class+0x4d0/0x5c8
01-01 05:04:11.795 0 0 I : __lock_acquire+0xbc/0x1e58
01-01 05:04:11.795 0 0 I : lock_acquire+0x1cc/0x218
01-01 05:04:11.795 0 0 I : _raw_spin_lock_irqsave+0x54/0x98
01-01 05:04:11.795 0 0 I : ion_system_secure_heap_prefetch_work+0x94/0x2c0
01-01 05:04:11.795 0 0 I : process_one_work+0x38c/0x660
01-01 05:04:11.795 0 0 I : worker_thread+0x268/0x4b8
01-01 05:04:11.795 0 0 I : kthread+0x140/0x150
01-01 05:04:11.795 0 0 I : ret_from_fork+0x10/0x1c
08-16 16:52:15.881 2396 2396 I wm_on_create_called: [252486832,com.android.settings.FallbackHome,performCreate]
08-16 16:52:15.882 2396 2396 I wm_on_start_called: [252486832,com.android.settings.FallbackHome,handleStartActivity]
08-16 16:52:15.883 2396 2396 I wm_on_resume_called: [252486832,com.android.settings.FallbackHome,RESUME_ACTIVITY]
01-01 05:04:11.797 0 0 E : INFO: trying to register non-static key.
08-16 16:52:15.910 1153 1153 V NotificationAssistants: 0 notification assistant service connected: ComponentInfo{android.ext.services/android.ext.services.notification.Assistant}
08-16 16:52:15.914 1153 1995 I ExplicitHealthCheckController: Explicit health check supported packages [PackageConfig{com.android.networkstack, 86400000}]
08-16 16:52:15.914 1153 1995 D PackageWatchdog: Received supported packages [PackageConfig{com.android.networkstack, 86400000}]
08-16 16:52:15.915 1153 1995 D ExplicitHealthCheckController: Getting health check requested packages
08-16 16:52:15.918 1153 1178 I am_uid_running: 10136
01-01 05:04:11.805 0 0 E : the code is fine but needs lockdep annotation.
01-01 05:04:11.811 0 0 I : CPU: 7 PID: 482 Comm: kworker/u16:16 Tainted: G S W O 4.19.157+ #1
01-01 05:04:11.811 0 0 I Hardware name: Qualcomm Technologies, Inc. kona MTP-RmPM8150b (DT)
01-01 05:04:11.811 0 0 I Workqueue: events_unbound ion_system_secure_heap_prefetch_work
01-01 05:04:11.811 0 0 I Call trace:
01-01 05:04:11.811 0 0 I : dump_backtrace+0x0/0x258
01-01 05:04:11.811 0 0 I : show_stack+0x20/0x30
01-01 05:04:11.811 0 0 I : dump_stack+0xd8/0x12c
01-01 05:04:11.811 0 0 I : register_lock_class+0x4d0/0x5c8
01-01 05:04:11.811 0 0 I : __lock_acquire+0xbc/0x1e58
01-01 05:04:11.811 0 0 I : lock_acquire+0x1cc/0x218
01-01 05:04:11.811 0 0 I : _raw_spin_lock_irqsave+0x54/0x98
01-01 05:04:11.811 0 0 I : ion_system_secure_heap_prefetch_work+0x94/0x2c0
01-01 05:04:11.811 0 0 I : process_one_work+0x38c/0x660
01-01 05:04:11.811 0 0 I : worker_thread+0x268/0x4b8
01-01 05:04:11.811 0 0 I : kthread+0x140/0x150
01-01 05:04:11.811 0 0 I : ret_from_fork+0x10/0x1c
01-01 05:04:11.813 0 0 E : INFO: trying to register non-static key.
08-16 16:52:15.919 1153 1995 I ExplicitHealthCheckController: Explicit health check requested packages []
08-16 16:52:15.919 2396 2396 I wm_on_top_resumed_gained_called: [252486832,com.android.settings.FallbackHome,topStateChangedWhenResumed]
08-16 16:52:15.920 1153 1995 I ExplicitHealthCheckController: No more health check requests, unbinding...
08-16 16:52:15.922 1153 1178 D CompatibilityChangeReporter: Compat change id reported: 135634846; UID 10136; state: DISABLED
08-16 16:52:15.922 1153 1178 D CompatibilityChangeReporter: Compat change id reported: 177438394; UID 10136; state: DISABLED
08-16 16:52:15.922 1153 1178 D CompatibilityChangeReporter: Compat change id reported: 135772972; UID 10136; state: DISABLED
08-16 16:52:15.922 1153 1178 D CompatibilityChangeReporter: Compat change id reported: 135754954; UID 10136; state: ENABLED
08-16 16:52:15.923 1153 1324 D CompatibilityChangeReporter: Compat change id reported: 143937733; UID 10136; state: ENABLED
08-16 16:52:15.928 1153 1995 I ExplicitHealthCheckController: Explicit health check service is unbound
01-01 05:04:11.819 0 0 E : the code is fine but needs lockdep annotation.
01-01 05:04:11.824 0 0 I : CPU: 7 PID: 482 Comm: kworker/u16:16 Tainted: G S W O 4.19.157+ #1
01-01 05:04:11.824 0 0 I Hardware name: Qualcomm Technologies, Inc. kona MTP-RmPM8150b (DT)
01-01 05:04:11.824 0 0 I Workqueue: events_unbound ion_system_secure_heap_prefetch_work
01-01 05:04:11.824 0 0 I Call trace:
01-01 05:04:11.824 0 0 I : dump_backtrace+0x0/0x258
01-01 05:04:11.824 0 0 I : show_stack+0x20/0x30
01-01 05:04:11.824 0 0 I : dump_stack+0xd8/0x12c
01-01 05:04:11.824 0 0 I : register_lock_class+0x4d0/0x5c8
01-01 05:04:11.824 0 0 I : __lock_acquire+0xbc/0x1e58
01-01 05:04:11.824 0 0 I : lock_acquire+0x1cc/0x218
01-01 05:04:11.824 0 0 I : _raw_spin_lock_irqsave+0x54/0x98
01-01 05:04:11.824 0 0 I : ion_system_secure_heap_prefetch_work+0x94/0x2c0
01-01 05:04:11.824 0 0 I : process_one_work+0x38c/0x660
01-01 05:04:11.824 0 0 I : worker_thread+0x268/0x4b8
01-01 05:04:11.824 0 0 I : kthread+0x140/0x150
01-01 05:04:11.824 0 0 I : ret_from_fork+0x10/0x1c
01-01 05:04:11.827 0 0 E : INFO: trying to register non-static key.
01-01 05:04:11.832 0 0 E : the code is fine but needs lockdep annotation.
01-01 05:04:11.838 0 0 I : CPU: 7 PID: 482 Comm: kworker/u16:16 Tainted: G S W O 4.19.157+ #1
01-01 05:04:11.838 0 0 I Hardware name: Qualcomm Technologies, Inc. kona MTP-RmPM8150b (DT)
01-01 05:04:11.838 0 0 I Workqueue: events_unbound ion_system_secure_heap_prefetch_work
01-01 05:04:11.838 0 0 I Call trace:
01-01 05:04:11.838 0 0 I : dump_backtrace+0x0/0x258
01-01 05:04:11.838 0 0 I : show_stack+0x20/0x30
01-01 05:04:11.838 0 0 I : dump_stack+0xd8/0x12c
01-01 05:04:11.838 0 0 I : register_lock_class+0x4d0/0x5c8
01-01 05:04:11.838 0 0 I : __lock_acquire+0xbc/0x1e58
01-01 05:04:11.838 0 0 I : lock_acquire+0x1cc/0x218
01-01 05:04:11.838 0 0 I : _raw_spin_lock_irqsave+0x54/0x98
01-01 05:04:11.838 0 0 I : ion_system_secure_heap_prefetch_work+0x94/0x2c0
01-01 05:04:11.838 0 0 I : process_one_work+0x38c/0x660
01-01 05:04:11.838 0 0 I : worker_thread+0x268/0x4b8
01-01 05:04:11.838 0 0 I : kthread+0x140/0x150
01-01 05:04:11.838 0 0 I : ret_from_fork+0x10/0x1c
01-01 05:04:11.840 0 0 E : INFO: trying to register non-static key.
01-01 05:04:11.845 0 0 E : the code is fine but needs lockdep annotation.
01-01 05:04:11.851 0 0 I : CPU: 7 PID: 482 Comm: kworker/u16:16 Tainted: G S W O 4.19.157+ #1
01-01 05:04:11.851 0 0 I Hardware name: Qualcomm Technologies, Inc. kona MTP-RmPM8150b (DT)
01-01 05:04:11.851 0 0 I Workqueue: events_unbound ion_system_secure_heap_prefetch_work
01-01 05:04:11.851 0 0 I Call trace:
01-01 05:04:11.851 0 0 I : dump_backtrace+0x0/0x258
01-01 05:04:11.851 0 0 I : show_stack+0x20/0x30
01-01 05:04:11.851 0 0 I : dump_stack+0xd8/0x12c
01-01 05:04:11.851 0 0 I : register_lock_class+0x4d0/0x5c8
01-01 05:04:11.851 0 0 I : __lock_acquire+0xbc/0x1e58
01-01 05:04:11.851 0 0 I : lock_acquire+0x1cc/0x218
01-01 05:04:11.851 0 0 I : _raw_spin_lock_irqsave+0x54/0x98
01-01 05:04:11.851 0 0 I : ion_system_secure_heap_prefetch_work+0x94/0x2c0
01-01 05:04:11.851 0 0 I : process_one_work+0x38c/0x660
01-01 05:04:11.851 0 0 I : worker_thread+0x268/0x4b8
01-01 05:04:11.851 0 0 I : kthread+0x140/0x150
01-01 05:04:11.851 0 0 I : ret_from_fork+0x10/0x1c
01-01 05:04:11.853 0 0 E : INFO: trying to register non-static key.
01-01 05:04:11.853 0 0 I [kworke][0x51de7c7b][16:52:15.955038] wlan: [483:I:HDD] hdd_initialize_mac_address: 12589: using default MAC address
01-01 05:04:11.858 0 0 I msm_vidc: high: 00000001: h265e: Closed video instance: ffffffe85f694000
01-01 05:04:11.858 0 0 E : the code is fine but needs lockdep annotation.
01-01 05:04:11.858 0 0 I : CPU: 7 PID: 482 Comm: kworker/u16:16 Tainted: G S W O 4.19.157+ #1
01-01 05:04:11.858 0 0 I Hardware name: Qualcomm Technologies, Inc. kona MTP-RmPM8150b (DT)
01-01 05:04:11.858 0 0 I Workqueue: events_unbound ion_system_secure_heap_prefetch_work
01-01 05:04:11.858 0 0 I Call trace:
01-01 05:04:11.858 0 0 I : dump_backtrace+0x0/0x258
01-01 05:04:11.858 0 0 I : show_stack+0x20/0x30
01-01 05:04:11.858 0 0 I : dump_stack+0xd8/0x12c
01-01 05:04:11.858 0 0 I : register_lock_class+0x4d0/0x5c8
01-01 05:04:11.858 0 0 I : __lock_acquire+0xbc/0x1e58
01-01 05:04:11.858 0 0 I : lock_acquire+0x1cc/0x218
01-01 05:04:11.858 0 0 I : _raw_spin_lock_irqsave+0x54/0x98
01-01 05:04:11.858 0 0 I : ion_system_secure_heap_prefetch_work+0x94/0x2c0
01-01 05:04:11.858 0 0 I : process_one_work+0x38c/0x660
01-01 05:04:11.858 0 0 I : worker_thread+0x268/0x4b8
01-01 05:04:11.858 0 0 I : kthread+0x140/0x150
01-01 05:04:11.858 0 0 I : ret_from_fork+0x10/0x1c
01-01 05:04:11.861 0 0 E : INFO: trying to register non-static key.
08-16 16:52:15.965 2373 2373 W TelephonyComponentFactory: Injection jar is not protected , path: /system/framework/qti-telephony-common.jarstatvfs failed: ENOENT (No such file or directory)
01-01 05:04:11.869 0 0 E : the code is fine but needs lockdep annotation.
08-16 16:52:15.966 2373 2373 W TelephonyComponentFactory: Injection jar is not protected , path: /product/framework/qti-telephony-common.jarstatvfs failed: ENOENT (No such file or directory)
08-16 16:52:15.966 2373 2373 W TelephonyComponentFactory: Injection jar is not protected , path: /product/framework/qti-telephony-hidl-wrapper.jarstatvfs failed: ENOENT (No such file or directory)
08-16 16:52:15.966 2373 2373 W TelephonyComponentFactory: Injection jar is not protected , path: /product/framework/qti-telephony-utils.jarstatvfs failed: ENOENT (No such file or directory)
08-16 16:52:15.966 2373 2373 W TelephonyComponentFactory: Injection jar is not protected , path: /system/framework/qti-telephony-utils.jarstatvfs failed: ENOENT (No such file or directory)
08-16 16:52:15.967 2373 2373 D TelephonyComponentFactory: validated paths: /system_ext/framework/qti-telephony-common.jar:/system_ext/framework/qti-telephony-hidl-wrapper.jar:/system_ext/framework/qti-telephony-utils.jar:/system_ext/framework/extphonelib.jar:/product/framework/ims-ext-common.jar
08-16 16:52:15.968 1153 1252 I input_focus: [Focus request bc9abf3 com.android.settings/com.android.settings.FallbackHome,reason=UpdateInputWindows]
01-01 05:04:11.875 0 0 I : CPU: 7 PID: 482 Comm: kworker/u16:16 Tainted: G S W O 4.19.157+ #1
01-01 05:04:11.875 0 0 I Hardware name: Qualcomm Technologies, Inc. kona MTP-RmPM8150b (DT)
01-01 05:04:11.875 0 0 I Workqueue: events_unbound ion_system_secure_heap_prefetch_work
01-01 05:04:11.875 0 0 I Call trace:
01-01 05:04:11.875 0 0 I : dump_backtrace+0x0/0x258
01-01 05:04:11.875 0 0 I : show_stack+0x20/0x30
01-01 05:04:11.875 0 0 I : dump_stack+0xd8/0x12c
01-01 05:04:11.875 0 0 I : register_lock_class+0x4d0/0x5c8
01-01 05:04:11.875 0 0 I : __lock_acquire+0xbc/0x1e58
01-01 05:04:11.875 0 0 I : lock_acquire+0x1cc/0x218
01-01 05:04:11.875 0 0 I : _raw_spin_lock_irqsave+0x54/0x98
01-01 05:04:11.875 0 0 I : ion_system_secure_heap_prefetch_work+0x94/0x2c0
01-01 05:04:11.875 0 0 I : process_one_work+0x38c/0x660
01-01 05:04:11.875 0 0 I : worker_thread+0x268/0x4b8
01-01 05:04:11.875 0 0 I : kthread+0x140/0x150
01-01 05:04:11.875 0 0 I : ret_from_fork+0x10/0x1c
01-01 05:04:11.877 0 0 E : INFO: trying to register non-static key.
01-01 05:04:11.882 0 0 E : the code is fine but needs lockdep annotation.
01-01 05:04:11.888 0 0 I : CPU: 7 PID: 482 Comm: kworker/u16:16 Tainted: G S W O 4.19.157+ #1
01-01 05:04:11.888 0 0 I Hardware name: Qualcomm Technologies, Inc. kona MTP-RmPM8150b (DT)
01-01 05:04:11.888 0 0 I Workqueue: events_unbound ion_system_secure_heap_prefetch_work
01-01 05:04:11.888 0 0 I Call trace:
01-01 05:04:11.888 0 0 I : dump_backtrace+0x0/0x258
01-01 05:04:11.888 0 0 I : show_stack+0x20/0x30
01-01 05:04:11.888 0 0 I : dump_stack+0xd8/0x12c
01-01 05:04:11.888 0 0 I : register_lock_class+0x4d0/0x5c8
01-01 05:04:11.888 0 0 I : __lock_acquire+0xbc/0x1e58
01-01 05:04:11.888 0 0 I : lock_acquire+0x1cc/0x218
01-01 05:04:11.888 0 0 I : _raw_spin_lock_irqsave+0x54/0x98
01-01 05:04:11.888 0 0 I : ion_system_secure_heap_prefetch_work+0x94/0x2c0
01-01 05:04:11.888 0 0 I : process_one_work+0x38c/0x660
01-01 05:04:11.888 0 0 I : worker_thread+0x268/0x4b8
01-01 05:04:11.888 0 0 I : kthread+0x140/0x150
01-01 05:04:11.888 0 0 I : ret_from_fork+0x10/0x1c
01-01 05:04:11.891 0 0 E : INFO: trying to register non-static key.
01-01 05:04:11.896 0 0 E : the code is fine but needs lockdep annotation.
01-01 05:04:11.902 0 0 I : CPU: 7 PID: 482 Comm: kworker/u16:16 Tainted: G S W O 4.19.157+ #1
01-01 05:04:11.902 0 0 I Hardware name: Qualcomm Technologies, Inc. kona MTP-RmPM8150b (DT)
01-01 05:04:11.902 0 0 I Workqueue: events_unbound ion_system_secure_heap_prefetch_work
01-01 05:04:11.902 0 0 I Call trace:
01-01 05:04:11.902 0 0 I : dump_backtrace+0x0/0x258
01-01 05:04:11.902 0 0 I : show_stack+0x20/0x30
01-01 05:04:11.902 0 0 I : dump_stack+0xd8/0x12c
01-01 05:04:11.902 0 0 I : register_lock_class+0x4d0/0x5c8
01-01 05:04:11.902 0 0 I : __lock_acquire+0xbc/0x1e58
01-01 05:04:11.902 0 0 I : lock_acquire+0x1cc/0x218
01-01 05:04:11.902 0 0 I : _raw_spin_lock_irqsave+0x54/0x98
01-01 05:04:11.902 0 0 I : ion_system_secure_heap_prefetch_work+0x94/0x2c0
01-01 05:04:11.902 0 0 I : process_one_work+0x38c/0x660
01-01 05:04:11.902 0 0 I : worker_thread+0x268/0x4b8
01-01 05:04:11.902 0 0 I : kthread+0x140/0x150
01-01 05:04:11.902 0 0 I : ret_from_fork+0x10/0x1c
01-01 05:04:11.905 0 0 E : INFO: trying to register non-static key.
01-01 05:04:11.910 0 0 E : the code is fine but needs lockdep annotation.
01-01 05:04:11.915 0 0 I : CPU: 7 PID: 482 Comm: kworker/u16:16 Tainted: G S W O 4.19.157+ #1
01-01 05:04:11.915 0 0 I Hardware name: Qualcomm Technologies, Inc. kona MTP-RmPM8150b (DT)
01-01 05:04:11.915 0 0 I Workqueue: events_unbound ion_system_secure_heap_prefetch_work
01-01 05:04:11.915 0 0 I Call trace:
01-01 05:04:11.915 0 0 I : dump_backtrace+0x0/0x258
01-01 05:04:11.915 0 0 I : show_stack+0x20/0x30
01-01 05:04:11.915 0 0 I : dump_stack+0xd8/0x12c
01-01 05:04:11.915 0 0 I : register_lock_class+0x4d0/0x5c8
01-01 05:04:11.915 0 0 I : __lock_acquire+0xbc/0x1e58
01-01 05:04:11.915 0 0 I : lock_acquire+0x1cc/0x218
01-01 05:04:11.915 0 0 I : _raw_spin_lock_irqsave+0x54/0x98
01-01 05:04:11.915 0 0 I : ion_system_secure_heap_prefetch_work+0x94/0x2c0
01-01 05:04:11.915 0 0 I : process_one_work+0x38c/0x660
01-01 05:04:11.915 0 0 I : worker_thread+0x268/0x4b8
01-01 05:04:11.915 0 0 I : kthread+0x140/0x150
01-01 05:04:11.915 0 0 I : ret_from_fork+0x10/0x1c
01-01 05:04:11.918 0 0 E : INFO: trying to register non-static key.
01-01 05:04:11.923 0 0 E : the code is fine but needs lockdep annotation.
01-01 05:04:11.929 0 0 I : CPU: 7 PID: 482 Comm: kworker/u16:16 Tainted: G S W O 4.19.157+ #1
01-01 05:04:11.929 0 0 I Hardware name: Qualcomm Technologies, Inc. kona MTP-RmPM8150b (DT)
01-01 05:04:11.929 0 0 I Workqueue: events_unbound ion_system_secure_heap_prefetch_work
01-01 05:04:11.929 0 0 I Call trace:
01-01 05:04:11.929 0 0 I : dump_backtrace+0x0/0x258
01-01 05:04:11.929 0 0 I : show_stack+0x20/0x30
01-01 05:04:11.929 0 0 I : dump_stack+0xd8/0x12c
01-01 05:04:11.929 0 0 I : register_lock_class+0x4d0/0x5c8
01-01 05:04:11.929 0 0 I : __lock_acquire+0xbc/0x1e58
01-01 05:04:11.929 0 0 I : lock_acquire+0x1cc/0x218
01-01 05:04:11.929 0 0 I : _raw_spin_lock_irqsave+0x54/0x98
01-01 05:04:11.929 0 0 I : ion_system_secure_heap_prefetch_work+0x94/0x2c0
01-01 05:04:11.929 0 0 I : process_one_work+0x38c/0x660
01-01 05:04:11.929 0 0 I : worker_thread+0x268/0x4b8
01-01 05:04:11.929 0 0 I : kthread+0x140/0x150
01-01 05:04:11.929 0 0 I : ret_from_fork+0x10/0x1c
08-16 16:52:16.053 1153 1324 W ActivityManager: Slow operation: 131ms so far, now at startProcess: returned from zygote!
08-16 16:52:16.053 1153 1324 W ActivityManager: Slow operation: 131ms so far, now at startProcess: done updating battery stats
08-16 16:52:16.053 1153 1324 I am_proc_start: [0,2512,10136,com.qualcomm.qti.qccauthmgr,content provider,{com.qualcomm.qti.qccauthmgr/com.qualcomm.qti.qccauthmgr.providers.SMQContentProvider}]
08-16 16:52:16.053 1153 1324 W ActivityManager: Slow operation: 132ms so far, now at startProcess: building log message
08-16 16:52:16.053 1153 1324 I ActivityManager: Start proc 2512:com.qualcomm.qti.qccauthmgr/u0a136 for content provider {com.qualcomm.qti.qccauthmgr/com.qualcomm.qti.qccauthmgr.providers.SMQContentProvider}
08-16 16:52:16.054 1153 1324 W ActivityManager: Slow operation: 132ms so far, now at startProcess: starting to update pids map
08-16 16:52:16.054 1153 1324 W ActivityManager: Slow operation: 132ms so far, now at startProcess: done updating pids map
08-16 16:52:16.055 1153 1250 I DropBoxManagerService: add tag=system_app_strictmode isTagEnabled=true flags=0x2
08-16 16:52:16.063 1153 1250 I DropBoxManagerService: add tag=system_app_strictmode isTagEnabled=true flags=0x2
08-16 16:52:16.073 1153 1250 I DropBoxManagerService: add tag=system_app_strictmode isTagEnabled=true flags=0x2
08-16 16:52:16.080 2373 2373 W TelephonyComponentFactory: Injection jar is not protected , path: /system/framework/qti-telephony-common.jarstatvfs failed: ENOENT (No such file or directory)
08-16 16:52:16.080 2373 2373 W TelephonyComponentFactory: Injection jar is not protected , path: /product/framework/qti-telephony-common.jarstatvfs failed: ENOENT (No such file or directory)
08-16 16:52:16.080 2373 2373 W TelephonyComponentFactory: Injection jar is not protected , path: /product/framework/qti-telephony-hidl-wrapper.jarstatvfs failed: ENOENT (No such file or directory)
08-16 16:52:16.080 2373 2373 W TelephonyComponentFactory: Injection jar is not protected , path: /product/framework/qti-telephony-utils.jarstatvfs failed: ENOENT (No such file or directory)
08-16 16:52:16.080 2373 2373 W TelephonyComponentFactory: Injection jar is not protected , path: /system/framework/qti-telephony-utils.jarstatvfs failed: ENOENT (No such file or directory)
08-16 16:52:16.081 2373 2373 D TelephonyComponentFactory: Total components injected: 11
08-16 16:52:16.081 2373 2373 D TDC : updateOrInsert: inserting: Modem { uuid=modem, state=0, rilModel=0, rat={}, maxActiveVoiceCall=1, maxActiveDataCall=1, maxStandby=1 }
08-16 16:52:16.081 2373 2373 D TDC : updateOrInsert: inserting: Sim { uuid=sim, modemUuid=modem, state=0 }
08-16 16:52:16.082 1153 1735 I netstats_mobile_sample: [0,0,0,0,0,0,0,0,0,0,0,0,1660668736082]
01-01 05:04:11.948 0 0 I binder : 2396:2489 ioctl 40046210 77d3a291f4 returned -22
01-01 05:04:11.952 0 0 E : INFO: trying to register non-static key.
01-01 05:04:11.957 0 0 E : the code is fine but needs lockdep annotation.
01-01 05:04:11.963 0 0 I : CPU: 7 PID: 482 Comm: kworker/u16:16 Tainted: G S W O 4.19.157+ #1
01-01 05:04:11.963 0 0 I Hardware name: Qualcomm Technologies, Inc. kona MTP-RmPM8150b (DT)
01-01 05:04:11.963 0 0 I Workqueue: events_unbound ion_system_secure_heap_prefetch_work
01-01 05:04:11.963 0 0 I Call trace:
01-01 05:04:11.963 0 0 I : dump_backtrace+0x0/0x258
01-01 05:04:11.963 0 0 I : show_stack+0x20/0x30
01-01 05:04:11.963 0 0 I : dump_stack+0xd8/0x12c
01-01 05:04:11.963 0 0 I : register_lock_class+0x4d0/0x5c8
01-01 05:04:11.963 0 0 I : __lock_acquire+0xbc/0x1e58
01-01 05:04:11.963 0 0 I : lock_acquire+0x1cc/0x218
01-01 05:04:11.963 0 0 I : _raw_spin_lock_irqsave+0x54/0x98
01-01 05:04:11.963 0 0 I : ion_system_secure_heap_prefetch_work+0x94/0x2c0
01-01 05:04:11.963 0 0 I : process_one_work+0x38c/0x660
01-01 05:04:11.963 0 0 I : worker_thread+0x268/0x4b8
01-01 05:04:11.963 0 0 I : kthread+0x140/0x150
01-01 05:04:11.963 0 0 I : ret_from_fork+0x10/0x1c
01-01 05:04:11.974 0 0 E : INFO: trying to register non-static key.
01-01 05:04:11.979 0 0 E : the code is fine but needs lockdep annotation.
08-16 16:52:16.082 1153 1735 I netstats_wifi_sample: [0,0,0,0,0,0,0,0,0,0,0,0,1660668736082]
08-16 16:52:16.084 1153 1250 I DropBoxManagerService: add tag=system_app_strictmode isTagEnabled=true flags=0x2
01-01 05:04:11.985 0 0 I : CPU: 7 PID: 482 Comm: kworker/u16:16 Tainted: G S W O 4.19.157+ #1
01-01 05:04:11.985 0 0 I Hardware name: Qualcomm Technologies, Inc. kona MTP-RmPM8150b (DT)
01-01 05:04:11.985 0 0 I Workqueue: events_unbound ion_system_secure_heap_prefetch_work
01-01 05:04:11.985 0 0 I Call trace:
01-01 05:04:11.985 0 0 I : dump_backtrace+0x0/0x258
01-01 05:04:11.985 0 0 I : show_stack+0x20/0x30
01-01 05:04:11.985 0 0 I : dump_stack+0xd8/0x12c
01-01 05:04:11.985 0 0 I : register_lock_class+0x4d0/0x5c8
01-01 05:04:11.985 0 0 I : __lock_acquire+0xbc/0x1e58
01-01 05:04:11.985 0 0 I : lock_acquire+0x1cc/0x218
01-01 05:04:11.985 0 0 I : _raw_spin_lock_irqsave+0x54/0x98
01-01 05:04:11.985 0 0 I : ion_system_secure_heap_prefetch_work+0x94/0x2c0
01-01 05:04:11.985 0 0 I : process_one_work+0x38c/0x660
01-01 05:04:11.985 0 0 I : worker_thread+0x268/0x4b8
01-01 05:04:11.985 0 0 I : kthread+0x140/0x150
01-01 05:04:11.985 0 0 I : ret_from_fork+0x10/0x1c
08-16 16:52:16.101 2373 2373 D PersistAtomsStorage: PersistAtoms file not found
08-16 16:52:16.101 2373 2373 D PersistAtomsStorage: created new PersistAtoms
08-16 16:52:16.106 1153 1251 I ActivityManagerTiming: FinishBooting
08-16 16:52:16.106 1153 1251 I boot_progress_enable_screen: 59106
08-16 16:52:16.107 1153 1251 I screen_toggled: 1
01-01 05:04:11.994 0 0 E : INFO: trying to register non-static key.
01-01 05:04:11.999 0 0 E : the code is fine but needs lockdep annotation.
01-01 05:04:12.005 0 0 I : CPU: 7 PID: 482 Comm: kworker/u16:16 Tainted: G S W O 4.19.157+ #1
01-01 05:04:12.005 0 0 I Hardware name: Qualcomm Technologies, Inc. kona MTP-RmPM8150b (DT)
01-01 05:04:12.005 0 0 I Workqueue: events_unbound ion_system_secure_heap_prefetch_work
01-01 05:04:12.005 0 0 I Call trace:
01-01 05:04:12.005 0 0 I : dump_backtrace+0x0/0x258
01-01 05:04:12.005 0 0 I : show_stack+0x20/0x30
01-01 05:04:12.005 0 0 I : dump_stack+0xd8/0x12c
01-01 05:04:12.005 0 0 I : register_lock_class+0x4d0/0x5c8
01-01 05:04:12.005 0 0 I : __lock_acquire+0xbc/0x1e58
01-01 05:04:12.005 0 0 I : lock_acquire+0x1cc/0x218
01-01 05:04:12.005 0 0 I : _raw_spin_lock_irqsave+0x54/0x98
01-01 05:04:12.005 0 0 I : ion_system_secure_heap_prefetch_work+0x94/0x2c0
01-01 05:04:12.005 0 0 I : process_one_work+0x38c/0x660
01-01 05:04:12.005 0 0 I : worker_thread+0x268/0x4b8
01-01 05:04:12.005 0 0 I : kthread+0x140/0x150
01-01 05:04:12.005 0 0 I : ret_from_fork+0x10/0x1c
01-01 05:04:12.031 0 0 I binder : 2512:2512 ioctl 40046210 7fd93f2444 returned -22
01-01 05:04:12.034 0 0 E : INFO: trying to register non-static key.
01-01 05:04:12.039 0 0 E : the code is fine but needs lockdep annotation.
01-01 05:04:12.040 0 0 E [kworke][0x52152e0d][16:52:16.141728] wlan: [483:E:QDF] qdf_mutex_create: already initialized lock
01-01 05:04:12.045 0 0 I : CPU: 7 PID: 482 Comm: kworker/u16:16 Tainted: G S W O 4.19.157+ #1
01-01 05:04:12.045 0 0 I Hardware name: Qualcomm Technologies, Inc. kona MTP-RmPM8150b (DT)
01-01 05:04:12.045 0 0 I Workqueue: events_unbound ion_system_secure_heap_prefetch_work
01-01 05:04:12.045 0 0 I Call trace:
01-01 05:04:12.045 0 0 I : dump_backtrace+0x0/0x258
01-01 05:04:12.045 0 0 I : show_stack+0x20/0x30
01-01 05:04:12.045 0 0 I : dump_stack+0xd8/0x12c
01-01 05:04:12.045 0 0 I : register_lock_class+0x4d0/0x5c8
01-01 05:04:12.045 0 0 I : __lock_acquire+0xbc/0x1e58
01-01 05:04:12.045 0 0 I : lock_acquire+0x1cc/0x218
01-01 05:04:12.045 0 0 I : _raw_spin_lock_irqsave+0x54/0x98
01-01 05:04:12.045 0 0 I : ion_system_secure_heap_prefetch_work+0x94/0x2c0
01-01 05:04:12.045 0 0 I : process_one_work+0x38c/0x660
01-01 05:04:12.045 0 0 I : worker_thread+0x268/0x4b8
01-01 05:04:12.045 0 0 I : kthread+0x140/0x150
01-01 05:04:12.045 0 0 I : ret_from_fork+0x10/0x1c
08-16 16:52:16.143 2373 2373 D MetricsCollector: registered
08-16 16:52:16.145 2373 2373 D CdmaSSM : subscriptionSource from settings: 0
08-16 16:52:16.146 2373 2373 I PhoneFactory: Cdma Subscription set to 0
08-16 16:52:16.146 2373 2373 I PhoneFactory: Network Mode set to 33
08-16 16:52:16.146 2373 2373 D QtiTelephonyComponentFactory: makeQtiRIL
08-16 16:52:16.147 2373 2373 D RILJ : RIL: init allowedNetworkTypes=916479 cdmaSubscription=0) [PHONEnull]
08-16 16:52:16.152 2373 2373 D RILJ : Radio HAL version: -1.-1 [PHONE0]
08-16 16:52:16.152 2373 2373 D QTIRILJ : QtiRIL
08-16 16:52:16.152 1153 1178 I am_proc_bound: [0,2512,com.qualcomm.qti.qccauthmgr]
08-16 16:52:16.155 1153 1178 D CompatibilityChangeReporter: Compat change id reported: 168419799; UID 10136; state: DISABLED
08-16 16:52:16.157 1153 1735 I netstats_mobile_sample: [0,0,0,0,0,0,0,0,0,0,0,0,1660668736157]
08-16 16:52:16.157 1153 1735 I netstats_wifi_sample: [0,0,0,0,0,0,0,0,0,0,0,0,1660668736157]
01-01 05:04:12.052 0 0 I binder : 2373:2373 ioctl 40046210 7fd93f0224 returned -22
01-01 05:04:12.057 0 0 E [kworke][0x521a317a][16:52:16.158840] wlan: [483:E:HDD] hdd_open_adapter: 6512: Interface p2p0 wow debug_fs init failed
01-01 05:04:12.064 0 0 I binder : 1830:2028 ioctl 40046210 77cf65c1f4 returned -22
08-16 16:52:16.164 1153 1178 I am_uid_active: 10136
08-16 16:52:16.176 2373 2373 I PhoneFactory: Network Mode set to 33
08-16 16:52:16.177 2373 2373 D QtiTelephonyComponentFactory: makeQtiRIL
08-16 16:52:16.177 2373 2373 D RILJ : RIL: init allowedNetworkTypes=916479 cdmaSubscription=0) [PHONEnull]
08-16 16:52:16.177 2373 2373 D RILJ : Radio HAL version: -1.-1 [PHONE1]
08-16 16:52:16.177 2373 2373 D QTIRILJ : QtiRIL
08-16 16:52:16.185 2373 2373 D UiccController: Creating UiccController
08-16 16:52:16.185 2373 2373 D UiccController: config_num_physical_slots = 2
01-01 05:04:12.075 0 0 E : INFO: trying to register non-static key.
01-01 05:04:12.080 0 0 E : the code is fine but needs lockdep annotation.
01-01 05:04:12.086 0 0 I : CPU: 7 PID: 482 Comm: kworker/u16:16 Tainted: G S W O 4.19.157+ #1
01-01 05:04:12.086 0 0 I Hardware name: Qualcomm Technologies, Inc. kona MTP-RmPM8150b (DT)
01-01 05:04:12.086 0 0 I Workqueue: events_unbound ion_system_secure_heap_prefetch_work
01-01 05:04:12.086 0 0 I Call trace:
01-01 05:04:12.086 0 0 I : dump_backtrace+0x0/0x258
01-01 05:04:12.086 0 0 I : show_stack+0x20/0x30
01-01 05:04:12.086 0 0 I : dump_stack+0xd8/0x12c
01-01 05:04:12.086 0 0 I : register_lock_class+0x4d0/0x5c8
01-01 05:04:12.086 0 0 I : __lock_acquire+0xbc/0x1e58
01-01 05:04:12.086 0 0 I : lock_acquire+0x1cc/0x218
01-01 05:04:12.086 0 0 I : _raw_spin_lock_irqsave+0x54/0x98
01-01 05:04:12.086 0 0 I : ion_system_secure_heap_prefetch_work+0x94/0x2c0
01-01 05:04:12.086 0 0 I : process_one_work+0x38c/0x660
01-01 05:04:12.086 0 0 I : worker_thread+0x268/0x4b8
01-01 05:04:12.086 0 0 I : kthread+0x140/0x150
01-01 05:04:12.086 0 0 I : ret_from_fork+0x10/0x1c
01-01 05:04:12.096 0 0 I msm_vidc: high: 00000001: ....e: Opening video instance: ffffffe83cf14000, 0
01-01 05:04:12.097 0 0 I msm_vidc: err : 00000001: ....e: msm_vidc_comm_update_ctrl: failed: control name Ltr Count, min 0, max 0, step 0, default_value 0
01-01 05:04:12.104 0 0 E [kworke][0x5227d7a9][16:52:16.205430] wlan: [483:E:QDF] qdf_mutex_create: already initialized lock
01-01 05:04:12.110 0 0 E : INFO: trying to register non-static key.
01-01 05:04:12.114 0 0 E [kworke][0x522ae9ed][16:52:16.215913] wlan: [483:E:HDD] hdd_open_adapter: 6512: Interface wifi-aware0 wow debug_fs init failed
01-01 05:04:12.119 0 0 E : the code is fine but needs lockdep annotation.
01-01 05:04:12.119 0 0 I : CPU: 7 PID: 482 Comm: kworker/u16:16 Tainted: G S W O 4.19.157+ #1
01-01 05:04:12.119 0 0 I Hardware name: Qualcomm Technologies, Inc. kona MTP-RmPM8150b (DT)
01-01 05:04:12.119 0 0 I Workqueue: events_unbound ion_system_secure_heap_prefetch_work
01-01 05:04:12.119 0 0 I Call trace:
01-01 05:04:12.119 0 0 I : dump_backtrace+0x0/0x258
01-01 05:04:12.119 0 0 I : show_stack+0x20/0x30
01-01 05:04:12.119 0 0 I : dump_stack+0xd8/0x12c
01-01 05:04:12.119 0 0 I : register_lock_class+0x4d0/0x5c8
01-01 05:04:12.119 0 0 I : __lock_acquire+0xbc/0x1e58
01-01 05:04:12.119 0 0 I : lock_acquire+0x1cc/0x218
01-01 05:04:12.119 0 0 I : _raw_spin_lock_irqsave+0x54/0x98
01-01 05:04:12.119 0 0 I : ion_system_secure_heap_prefetch_work+0x94/0x2c0
01-01 05:04:12.119 0 0 I : process_one_work+0x38c/0x660
01-01 05:04:12.119 0 0 I : worker_thread+0x268/0x4b8
01-01 05:04:12.119 0 0 I : kthread+0x140/0x150
01-01 05:04:12.119 0 0 I : ret_from_fork+0x10/0x1c
01-01 05:04:12.121 0 0 I msm_vidc: high: 00000001: vp8e: Closed video instance: ffffffe83cf14000
08-16 16:52:16.242 947 947 I android.hardware.wifi@1.0-service: Wifi HAL started
01-01 05:04:12.142 0 0 W : ------------[ cut here ]------------
01-01 05:04:12.142 0 0 I : IRQs not enabled as expected
01-01 05:04:12.142 0 0 W : WARNING: CPU: 0 PID: 483 at kernel/softirq.c:161 __local_bh_enable_ip+0x140/0x158
01-01 05:04:12.142 0 0 I : Modules linked in: wlan(O) machine_dlkm(O) wcd938x_slave_dlkm(O) wcd938x_dlkm(O) wcd9xxx_dlkm(O) mbhc_dlkm(O) tx_macro_dlkm(O) rx_macro_dlkm(O) va_macro_dlkm(O) wsa_macro_dlkm(O) swr_ctrl_dlkm(O) bolero_cdc_dlkm(O) wsa881x_dlkm(O) wcd_core_dlkm(O) stub_dlkm(O) hdmi_dlkm(O) swr_dlkm(O) pinctrl_lpi_dlkm(O) pinctrl_wcd_dlkm(O) usf_dlkm(O) native_dlkm(O) platform_dlkm(O) q6_dlkm(O) adsp_loader_dlkm(O) apr_dlkm(O) snd_event_dlkm(O) q6_notifier_dlkm(O) q6_pdr_dlkm(O) msm_11ad_proxy
01-01 05:04:12.142 0 0 I : CPU: 0 PID: 483 Comm: kworker/u16:17 Tainted: G S W O 4.19.157+ #1
01-01 05:04:12.142 0 0 I Hardware name: Qualcomm Technologies, Inc. kona MTP-RmPM8150b (DT)
01-01 05:04:12.142 0 0 I Workqueue: cnss_driver_event cnss_driver_event_work
01-01 05:04:12.142 0 0 I pstate : 60c00085 (nZCv daIf +PAN +UAO)
01-01 05:04:12.142 0 0 I pc : __local_bh_enable_ip+0x140/0x158
01-01 05:04:12.142 0 0 I lr : __local_bh_enable_ip+0x140/0x158
01-01 05:04:12.142 0 0 I sp : ffffff801c7c3b60
01-01 05:04:12.142 0 0 I : x29: ffffff801c7c3b60 x28: dead000000000100
01-01 05:04:12.142 0 0 I : x27: ffffffa5fb581cdc x26: ffffffe8c7afc670
01-01 05:04:12.142 0 0 I : x25: ffffffe85e6bd580 x24: 000000000000003f
01-01 05:04:12.142 0 0 I : x23: ffffff801b60310c x22: 000000004000003f
01-01 05:04:12.142 0 0 I : x21: ffffffe8bddb8040 x20: ffffffa5f9cf3000
01-01 05:04:12.142 0 0 I : x19: 0000000000000201 x18: 000000000000002c
01-01 05:04:12.142 0 0 I : x17: ffffffa5fcef4000 x16: 00000000fff7aa74
01-01 05:04:12.142 0 0 I : x15: 000000000007aa74 x14: 00000000000000c2
01-01 05:04:12.142 0 0 I : x13: 0000000000000000 x12: 00000000000000e0
01-01 05:04:12.142 0 0 I : x11: 0000000000000000 x10: 0000000000000001
01-01 05:04:12.142 0 0 I : x9 : 903e527806ffa500 x8 : 903e527806ffa500
01-01 05:04:12.142 0 0 I : x7 : ffffffa5f9382700 x6 : 0000000000000000
01-01 05:04:12.142 0 0 I : x5 : 0000000000000080 x4 : 0000000000000001
01-01 05:04:12.142 0 0 I : x3 : 0000000000000000 x2 : 0000000000000007
01-01 05:04:12.142 0 0 I : x1 : 0000000000000007 x0 : 000000000000001c
01-01 05:04:12.142 0 0 I Call trace:
01-01 05:04:12.142 0 0 I : __local_bh_enable_ip+0x140/0x158
01-01 05:04:12.142 0 0 I : _raw_spin_unlock_bh+0x3c/0x48
01-01 05:04:12.142 0 0 I : cnss_pci_reg_write+0xf0/0x1a8
01-01 05:04:12.142 0 0 I : cnss_pci_time_sync_work_hdlr+0x24c/0x6a8
01-01 05:04:12.142 0 0 I : cnss_pci_call_driver_probe+0x138/0x2d0
01-01 05:04:12.142 0 0 I : cnss_bus_call_driver_probe+0x28/0x80
01-01 05:04:12.142 0 0 I : cnss_driver_event_work+0x2e8/0xcb8
01-01 05:04:12.142 0 0 I : process_one_work+0x38c/0x660
01-01 05:04:12.142 0 0 I : worker_thread+0x268/0x4b8
01-01 05:04:12.142 0 0 I : kthread+0x140/0x150
01-01 05:04:12.142 0 0 I : ret_from_fork+0x10/0x1c
01-01 05:04:12.142 0 0 I : irq event stamp: 819821
01-01 05:04:12.142 0 0 I : hardirqs last enabled at (819819): [] el1_irq+0x108/0x198
01-01 05:04:12.142 0 0 I : hardirqs last disabled at (819820): [] _raw_spin_lock_irqsave+0x28/0x98
01-01 05:04:12.142 0 0 I : softirqs last enabled at (819818): [] __do_softirq+0x50c/0x554
01-01 05:04:12.142 0 0 I : softirqs last disabled at (819821): [] cnss_pci_reg_write+0x58/0x1a8
01-01 05:04:12.142 0 0 W : ---[ end trace 1487c2dab9c3908c ]---
01-01 05:04:12.143 0 0 D cnss : Host time = 71827840 us, device time = 3773780 us, offset = 68054060 us
01-01 05:04:12.143 0 0 D cnss : Updated time sync regs [0x984] = 0x40e6c2c, [0x988] = 0x0
01-01 05:04:12.143 0 0 D cnss : Removing vote for Regulator vdd-wlan-rfa2
01-01 05:04:12.143 0 0 D cnss : Removing vote for Regulator vdd-wlan-rfa1
01-01 05:04:12.143 0 0 D cnss : Removing vote for Regulator vdd-wlan-dig
01-01 05:04:12.143 0 0 D cnss : Removing vote for Regulator vdd-wlan-aon
01-01 05:04:12.143 0 0 D cnss : Removing vote for Regulator vdd-wlan-io
01-01 05:04:12.144 0 0 D cnss : PM relax, state: 0x107, count: 0
01-01 05:04:12.156 0 0 E : INFO: trying to register non-static key.
01-01 05:04:12.160 0 0 I : Wifi Turning On from UI
01-01 05:04:12.161 0 0 E : the code is fine but needs lockdep annotation.
01-01 05:04:12.161 0 0 I : CPU: 4 PID: 482 Comm: kworker/u16:16 Tainted: G S W O 4.19.157+ #1
01-01 05:04:12.167 0 0 I Hardware name: Qualcomm Technologies, Inc. kona MTP-RmPM8150b (DT)
01-01 05:04:12.167 0 0 I Workqueue: events_unbound ion_system_secure_heap_prefetch_work
01-01 05:04:12.167 0 0 I Call trace:
01-01 05:04:12.167 0 0 I : dump_backtrace+0x0/0x258
01-01 05:04:12.167 0 0 I : show_stack+0x20/0x30
01-01 05:04:12.167 0 0 I : dump_stack+0xd8/0x12c
01-01 05:04:12.167 0 0 I : register_lock_class+0x4d0/0x5c8
01-01 05:04:12.167 0 0 I : __lock_acquire+0xbc/0x1e58
01-01 05:04:12.167 0 0 I : lock_acquire+0x1cc/0x218
01-01 05:04:12.167 0 0 I : _raw_spin_lock_irqsave+0x54/0x98
01-01 05:04:12.167 0 0 I : ion_system_secure_heap_prefetch_work+0x94/0x2c0
01-01 05:04:12.167 0 0 I : process_one_work+0x38c/0x660
01-01 05:04:12.167 0 0 I : worker_thread+0x268/0x4b8
01-01 05:04:12.167 0 0 I : kthread+0x140/0x150
01-01 05:04:12.167 0 0 I : ret_from_fork+0x10/0x1c
08-16 16:52:16.270 2373 2373 D PinStorage: KeyStore: alias PinStorage_longTerm_always_key exists
08-16 16:52:16.270 2373 2373 D PinStorage: onDeviceReady
08-16 16:52:16.271 2373 2373 D PinStorage: KeyStore: alias PinStorage_shortTerm_key does not exist - Nothing to do
08-16 16:52:16.280 2373 2373 I PhoneFactory: Creating SubscriptionController
08-16 16:52:16.280 2373 2373 D QtiTelephonyComponentFactory: initSubscriptionController
01-01 05:04:12.185 0 0 I [wifi@1][0x523fa863][16:52:16.286722] wlan: [947:I:DP] dp_vdev_attach_wifi3: wlan_cfg_ap_bridge_enabled 0
01-01 05:04:12.186 0 0 I [wifi@1][0x523fbb04][16:52:16.286967] wlan: [947:I:DP] 00000000: ec 91 68 0b 26 be dc d7 44 5b 4f aa cd cd 25 b7
01-01 05:04:12.186 0 0 I [wifi@1][0x524004bf][16:52:16.287950] wlan: [947:I:DP] 00000010: 0d 6a 53 23
01-01 05:04:12.186 0 0 I [wifi@1][0x524008da][16:52:16.288005] wlan: [947:I:DP] 00000000: 81 26 22 c1 83 38 e0 2f 05 f9 da 43 d8 a0 b7 eb
01-01 05:04:12.186 0 0 I [wifi@1][0x52400ae7][16:52:16.288032] wlan: [947:I:DP] 00000010: 62 b4 d6 d5 f7 3a 8f a1 b5 65 20 7c db ef bf fa
01-01 05:04:12.186 0 0 I [wifi@1][0x52400d6e][16:52:16.288066] wlan: [947:I:DP] 00000020: fd 66 7a a8 ec 9f 2c 73 d2 b5 f4 63
01-01 05:04:12.188 0 0 E : INFO: trying to register non-static key.
01-01 05:04:12.193 0 0 E : the code is fine but needs lockdep annotation.
01-01 05:04:12.198 0 0 I : CPU: 4 PID: 482 Comm: kworker/u16:16 Tainted: G S W O 4.19.157+ #1
01-01 05:04:12.198 0 0 I Hardware name: Qualcomm Technologies, Inc. kona MTP-RmPM8150b (DT)
01-01 05:04:12.198 0 0 I Workqueue: events_unbound ion_system_secure_heap_prefetch_work
01-01 05:04:12.198 0 0 I Call trace:
01-01 05:04:12.198 0 0 I : dump_backtrace+0x0/0x258
01-01 05:04:12.198 0 0 I : show_stack+0x20/0x30
01-01 05:04:12.198 0 0 I : dump_stack+0xd8/0x12c
01-01 05:04:12.198 0 0 I : register_lock_class+0x4d0/0x5c8
01-01 05:04:12.198 0 0 I : __lock_acquire+0xbc/0x1e58
01-01 05:04:12.198 0 0 I : lock_acquire+0x1cc/0x218
01-01 05:04:12.199 0 0 I : _raw_spin_lock_irqsave+0x54/0x98
