08-16 16:52:13.061 1153 1153 D SystemServerTiming: OnBootPhase_600_com.android.server.autofill.AutofillManagerService took to complete: 0ms
08-16 16:52:13.061 1153 1153 I SystemServerTiming: OnBootPhase_600_com.android.server.clipboard.ClipboardService
08-16 16:52:13.061 1153 1153 D SystemServerTiming: OnBootPhase_600_com.android.server.clipboard.ClipboardService took to complete: 0ms
08-16 16:52:13.061 1153 1153 I SystemServerTiming: OnBootPhase_600_com.android.server.appbinding.AppBindingService$Lifecycle
08-16 16:52:13.061 1153 1153 D SystemServerTiming: OnBootPhase_600_com.android.server.appbinding.AppBindingService$Lifecycle took to complete: 1ms
08-16 16:52:13.061 1153 1153 I SystemServerTiming: OnBootPhase_600_com.android.server.tracing.TracingServiceProxy
08-16 16:52:13.061 1153 1153 D SystemServerTiming: OnBootPhase_600_com.android.server.tracing.TracingServiceProxy took to complete: 0ms
08-16 16:52:13.061 1153 1153 I SystemServerTiming: OnBootPhase_600_com.android.server.policy.PermissionPolicyService
08-16 16:52:13.061 1153 1153 D SystemServerTiming: OnBootPhase_600_com.android.server.policy.PermissionPolicyService took to complete: 0ms
08-16 16:52:13.061 1153 1153 I SystemServerTiming: OnBootPhase_600_com.android.server.pm.StagingManager$Lifecycle
08-16 16:52:13.062 1153 1153 D SystemServerTiming: OnBootPhase_600_com.android.server.pm.StagingManager$Lifecycle took to complete: 0ms
08-16 16:52:13.062 1153 1153 I SystemServerTiming: OnBootPhase_600_com.android.server.app.GameManagerService$Lifecycle
08-16 16:52:13.062 1153 1153 D SystemServerTiming: OnBootPhase_600_com.android.server.app.GameManagerService$Lifecycle took to complete: 0ms
08-16 16:52:13.062 1153 1153 I SystemServerTiming: OnBootPhase_600_com.android.server.appsearch.AppSearchManagerService
08-16 16:52:13.062 1153 1153 D SystemServerTiming: OnBootPhase_600_com.android.server.appsearch.AppSearchManagerService took to complete: 0ms
08-16 16:52:13.062 1153 1153 I SystemServerTiming: OnBootPhase_600_com.android.server.media.MediaCommunicationService
08-16 16:52:13.062 1153 1153 D SystemServerTiming: OnBootPhase_600_com.android.server.media.MediaCommunicationService took to complete: 0ms
08-16 16:52:13.062 1153 1153 D SystemServerTiming: OnBootPhase_600 took to complete: 224ms
08-16 16:52:13.062 1153 1153 D SystemServerTiming: PhaseThirdPartyAppsCanStart took to complete: 224ms
08-16 16:52:13.062 1153 1153 I SystemServerTiming: StartNetworkStack
08-16 16:52:13.062 1153 1153 D ConnectivityModuleConnector: Starting networking module android.net.INetworkStackConnector
08-16 16:52:13.063 1153 1153 D ConnectivityModuleConnector: Starting networking module in network_stack process
08-16 16:52:13.066 1153 1153 I am_uid_running: 1073
08-16 16:52:13.067 1153 1153 D CompatibilityChangeReporter: Compat change id reported: 135634846; UID 1073; state: DISABLED
01-01 05:04:08.958 0 0 E swr_get_logical_dev_num: Error -22 to get logical addr for device d01170224
08-16 16:52:13.067 1153 1153 D CompatibilityChangeReporter: Compat change id reported: 177438394; UID 1073; state: DISABLED
08-16 16:52:13.067 1153 1153 D CompatibilityChangeReporter: Compat change id reported: 135772972; UID 1073; state: DISABLED
08-16 16:52:13.067 1153 1153 D CompatibilityChangeReporter: Compat change id reported: 135754954; UID 1073; state: ENABLED
08-16 16:52:13.068 1153 1153 D ConnectivityModuleConnector: Networking module service start requested
08-16 16:52:13.068 1153 1153 D SystemServerTiming: StartNetworkStack took to complete: 5ms
08-16 16:52:13.068 1153 1153 I SystemServerTiming: StartTethering
08-16 16:52:13.068 1153 1153 D ConnectivityModuleConnector: Starting networking module android.net.ITetheringConnector
08-16 16:52:13.068 1153 1153 D ConnectivityModuleConnector: Starting networking module in network_stack process
08-16 16:52:13.068 1153 1701 I commit_sys_config_file: [settings-0-0,26]
08-16 16:52:13.069 1153 1153 D ConnectivityModuleConnector: Networking module service start requested
08-16 16:52:13.069 1153 1153 D SystemServerTiming: StartTethering took to complete: 1ms
08-16 16:52:13.069 1153 1153 I SystemServerTiming: MakeCountryDetectionServiceReady
08-16 16:52:13.069 1153 1153 D SystemServerTiming: MakeCountryDetectionServiceReady took to complete: 0ms
08-16 16:52:13.069 1153 1153 I SystemServerTiming: MakeNetworkTimeUpdateReady
08-16 16:52:13.080 1153 1153 D SystemServerTiming: MakeNetworkTimeUpdateReady took to complete: 11ms
08-16 16:52:13.080 1153 1153 I SystemServerTiming: MakeInputManagerServiceReady
08-16 16:52:13.081 1153 1153 I configuration_changed: 16640
08-16 16:52:13.081 1153 1153 I ActivityTaskManager: Config changes=4100 {1.0 ?mcc?mnc [en_US] ldltr sw680dp w1586dp h608dp 240dpi lrg long hdr land finger -keyb/v/h -nav/h winConfig={ mBounds=Rect(0, 0 - 2380, 1020) mAppBounds=Rect(0, 0 - 2380, 948) mMaxBounds=Rect(0, 0 - 2380, 1020) mWindowingMode=fullscreen mDisplayWindowingMode=fullscreen mActivityType=undefined mAlwaysOnTop=undefined mRotation=ROTATION_0} s.10 fontWeightAdjustment=0}
08-16 16:52:13.085 1153 1324 W ActivityManager: Slow operation: 325ms so far, now at startProcess: returned from zygote!
08-16 16:52:13.085 1153 1324 W ActivityManager: Slow operation: 325ms so far, now at startProcess: done updating battery stats
08-16 16:52:13.085 1153 1324 I am_proc_start: [0,1917,1037,WebViewLoader-arm64-v8a,NULL,]
08-16 16:52:13.085 1153 1324 W ActivityManager: Slow operation: 325ms so far, now at startProcess: building log message
08-16 16:52:13.085 1153 1324 I ActivityManager: Start proc 1917:WebViewLoader-arm64-v8a/1037 [android.webkit.WebViewLibraryLoader$RelroFileCreator] for null
08-16 16:52:13.085 1153 1324 W ActivityManager: Slow operation: 325ms so far, now at startProcess: starting to update pids map
01-01 05:04:08.968 0 0 E swr-wcd rx_swr_ctrl: swrm_get_logical_dev_num: device 0xd01170224 is not ready
01-01 05:04:08.977 0 0 E swr_get_logical_dev_num: Error -22 to get logical addr for device d01170224
08-16 16:52:13.089 1153 1153 I WindowManager: Override config changes=4100 {1.0 ?mcc?mnc [en_US] ldltr sw680dp w1586dp h608dp 240dpi lrg long hdr land finger -keyb/v/h -nav/h winConfig={ mBounds=Rect(0, 0 - 2380, 1020) mAppBounds=Rect(0, 0 - 2380, 948) mMaxBounds=Rect(0, 0 - 2380, 1020) mWindowingMode=fullscreen mDisplayWindowingMode=fullscreen mActivityType=undefined mAlwaysOnTop=undefined mRotation=ROTATION_0} s.10 fontWeightAdjustment=0} for displayId=0
01-01 05:04:08.987 0 0 E swr-wcd rx_swr_ctrl: swrm_get_logical_dev_num: device 0xd01170224 is not ready
01-01 05:04:08.996 0 0 E swr_get_logical_dev_num: Error -22 to get logical addr for device d01170224
08-16 16:52:13.098 1153 1324 W ActivityManager: Slow operation: 339ms so far, now at startProcess: done updating pids map
08-16 16:52:13.099 1153 1153 D SystemServerTiming: MakeInputManagerServiceReady took to complete: 18ms
08-16 16:52:13.099 1153 1153 I SystemServerTiming: MakeTelephonyRegistryReady
08-16 16:52:13.099 1153 1153 D TelephonyRegistry: systemRunning register for intents
08-16 16:52:13.099 1153 1153 D SystemServerTiming: MakeTelephonyRegistryReady took to complete: 0ms
08-16 16:52:13.099 1153 1153 I SystemServerTiming: MakeMediaRouterServiceReady
08-16 16:52:13.100 1153 1153 D SystemServerTiming: MakeMediaRouterServiceReady took to complete: 0ms
08-16 16:52:13.100 1153 1153 I SystemServerTiming: MakeMmsServiceReady
08-16 16:52:13.100 1153 1153 I MmsServiceBroker: Delay connecting to MmsService until an API is called
08-16 16:52:13.100 1153 1153 D SystemServerTiming: MakeMmsServiceReady took to complete: 0ms
08-16 16:52:13.100 1153 1153 I SystemServerTiming: IncidentDaemonReady
08-16 16:52:13.102 1153 1153 D SystemServerTiming: IncidentDaemonReady took to complete: 3ms
08-16 16:52:13.103 1153 1153 I SystemServerTiming: MakeIncrementalServiceReady
08-16 16:52:13.103 1153 1153 D SystemServerTiming: MakeIncrementalServiceReady took to complete: 0ms
08-16 16:52:13.103 1153 1153 I SystemServerTiming: getCurrentUser
08-16 16:52:13.103 1153 1153 I ActivityManager: Current user:0
08-16 16:52:13.103 1153 1153 D SystemServerTiming: getCurrentUser took to complete: 0ms
08-16 16:52:13.103 1153 1153 I SystemServerTiming: ActivityManagerStartApps
08-16 16:52:13.103 1153 1153 I ssm_user_starting: 0
08-16 16:52:13.103 1153 1153 I SystemServerTiming: ssm.StartUser-0
08-16 16:52:13.107 1153 1153 I SystemServiceManager: Calling onStartUser 0
08-16 16:52:13.107 1153 1153 I SystemServerTiming: ssm.onStartUser-0_com.android.server.security.FileIntegrityService
08-16 16:52:13.107 1153 1153 D SystemServerTiming: ssm.onStartUser-0_com.android.server.security.FileIntegrityService took to complete: 0ms
08-16 16:52:13.107 1153 1153 I SystemServerTiming: ssm.onStartUser-0_com.android.server.pm.Installer
08-16 16:52:13.107 1153 1153 D SystemServerTiming: ssm.onStartUser-0_com.android.server.pm.Installer took to complete: 0ms
08-16 16:52:13.107 1153 1153 I SystemServerTiming: ssm.onStartUser-0_com.android.server.os.DeviceIdentifiersPolicyService
08-16 16:52:13.107 1153 1153 D SystemServerTiming: ssm.onStartUser-0_com.android.server.os.DeviceIdentifiersPolicyService took to complete: 0ms
08-16 16:52:13.107 1153 1153 I SystemServerTiming: ssm.onStartUser-0_com.android.server.uri.UriGrantsManagerService$Lifecycle
08-16 16:52:13.107 1153 1153 D SystemServerTiming: ssm.onStartUser-0_com.android.server.uri.UriGrantsManagerService$Lifecycle took to complete: 0ms
08-16 16:52:13.107 1153 1153 I SystemServerTiming: ssm.onStartUser-0_com.android.server.powerstats.PowerStatsService
08-16 16:52:13.107 1153 1153 D SystemServerTiming: ssm.onStartUser-0_com.android.server.powerstats.PowerStatsService took to complete: 0ms
08-16 16:52:13.107 1153 1153 I SystemServerTiming: ssm.onStartUser-0_com.android.server.wm.ActivityTaskManagerService$Lifecycle
08-16 16:52:13.107 1153 1153 D SystemServerTiming: ssm.onStartUser-0_com.android.server.wm.ActivityTaskManagerService$Lifecycle took to complete: 0ms
08-16 16:52:13.107 1153 1153 I SystemServerTiming: ssm.onStartUser-0_com.android.server.am.ActivityManagerService$Lifecycle
08-16 16:52:13.107 1153 1153 D SystemServerTiming: ssm.onStartUser-0_com.android.server.am.ActivityManagerService$Lifecycle took to complete: 0ms
08-16 16:52:13.108 1153 1153 I SystemServerTiming: ssm.onStartUser-0_com.android.server.pm.DataLoaderManagerService
08-16 16:52:13.108 1153 1153 D SystemServerTiming: ssm.onStartUser-0_com.android.server.pm.DataLoaderManagerService took to complete: 0ms
08-16 16:52:13.108 1153 1153 I SystemServerTiming: ssm.onStartUser-0_com.android.server.power.PowerManagerService
08-16 16:52:13.108 1153 1153 D SystemServerTiming: ssm.onStartUser-0_com.android.server.power.PowerManagerService took to complete: 0ms
08-16 16:52:13.108 1153 1153 I SystemServerTiming: ssm.onStartUser-0_com.android.server.power.ThermalManagerService
08-16 16:52:13.108 1153 1153 D SystemServerTiming: ssm.onStartUser-0_com.android.server.power.ThermalManagerService took to complete: 0ms
08-16 16:52:13.108 1153 1153 I SystemServerTiming: ssm.onStartUser-0_com.android.server.power.hint.HintManagerService
08-16 16:52:13.108 1153 1153 D SystemServerTiming: ssm.onStartUser-0_com.android.server.power.hint.HintManagerService took to complete: 0ms
08-16 16:52:13.108 1153 1153 I SystemServerTiming: ssm.onStartUser-0_com.android.server.recoverysystem.RecoverySystemService$Lifecycle
08-16 16:52:13.108 1153 1153 D SystemServerTiming: ssm.onStartUser-0_com.android.server.recoverysystem.RecoverySystemService$Lifecycle took to complete: 0ms
08-16 16:52:13.108 1153 1153 I SystemServerTiming: ssm.onStartUser-0_com.android.server.lights.LightsService
08-16 16:52:13.108 1153 1153 D SystemServerTiming: ssm.onStartUser-0_com.android.server.lights.LightsService took to complete: 0ms
08-16 16:52:13.108 1153 1153 I SystemServerTiming: ssm.onStartUser-0_com.android.server.display.DisplayManagerService
08-16 16:52:13.108 1153 1153 D SystemServerTiming: ssm.onStartUser-0_com.android.server.display.DisplayManagerService took to complete: 0ms
08-16 16:52:13.108 1153 1153 I SystemServerTiming: ssm.onStartUser-0_com.android.server.pm.verify.domain.DomainVerificationService
08-16 16:52:13.108 1153 1153 D SystemServerTiming: ssm.onStartUser-0_com.android.server.pm.verify.domain.DomainVerificationService took to complete: 0ms
08-16 16:52:13.108 1153 1153 I SystemServerTiming: ssm.onStartUser-0_com.android.server.pm.PackageInstallerService$Lifecycle
08-16 16:52:13.109 1153 1153 D SystemServerTiming: ssm.onStartUser-0_com.android.server.pm.PackageInstallerService$Lifecycle took to complete: 0ms
08-16 16:52:13.109 1153 1153 I SystemServerTiming: ssm.onStartUser-0_com.android.server.pm.UserManagerService$LifeCycle
08-16 16:52:13.109 1153 1153 D SystemServerTiming: ssm.onStartUser-0_com.android.server.pm.UserManagerService$LifeCycle took to complete: 0ms
08-16 16:52:13.109 1153 1153 I SystemServerTiming: ssm.onStartUser-0_com.android.server.om.OverlayManagerService
08-16 16:52:13.109 1153 1153 D SystemServerTiming: ssm.onStartUser-0_com.android.server.om.OverlayManagerService took to complete: 0ms
08-16 16:52:13.109 1153 1153 I SystemServerTiming: ssm.onStartUser-0_com.android.server.SensorPrivacyService
08-16 16:52:13.109 1153 1153 D SystemServerTiming: ssm.onStartUser-0_com.android.server.SensorPrivacyService took to complete: 0ms
08-16 16:52:13.109 1153 1153 I SystemServerTiming: ssm.onStartUser-0_com.android.server.sensors.SensorService
08-16 16:52:13.109 1153 1153 D SystemServerTiming: ssm.onStartUser-0_com.android.server.sensors.SensorService took to complete: 0ms
08-16 16:52:13.109 1153 1153 I SystemServerTiming: ssm.onStartUser-0_com.android.server.SystemConfigService
08-16 16:52:13.109 1153 1153 D SystemServerTiming: ssm.onStartUser-0_com.android.server.SystemConfigService took to complete: 0ms
08-16 16:52:13.109 1153 1153 I SystemServerTiming: ssm.onStartUser-0_com.android.server.BatteryService
08-16 16:52:13.109 1153 1153 D SystemServerTiming: ssm.onStartUser-0_com.android.server.BatteryService took to complete: 0ms
08-16 16:52:13.109 1153 1153 I SystemServerTiming: ssm.onStartUser-0_com.android.server.usage.UsageStatsService
08-16 16:52:13.109 1153 1153 D SystemServerTiming: ssm.onStartUser-0_com.android.server.usage.UsageStatsService took to complete: 0ms
08-16 16:52:13.109 1153 1153 I SystemServerTiming: ssm.onStartUser-0_com.android.server.webkit.WebViewUpdateService
08-16 16:52:13.110 1153 1153 D SystemServerTiming: ssm.onStartUser-0_com.android.server.webkit.WebViewUpdateService took to complete: 0ms
08-16 16:52:13.110 1153 1153 I SystemServerTiming: ssm.onStartUser-0_com.android.server.CachedDeviceStateService
08-16 16:52:13.110 1153 1153 D SystemServerTiming: ssm.onStartUser-0_com.android.server.CachedDeviceStateService took to complete: 0ms
08-16 16:52:13.110 1153 1153 I SystemServerTiming: ssm.onStartUser-0_com.android.server.BinderCallsStatsService$LifeCycle
08-16 16:52:13.110 1153 1153 D SystemServerTiming: ssm.onStartUser-0_com.android.server.BinderCallsStatsService$LifeCycle took to complete: 0ms
08-16 16:52:13.110 1153 1153 I SystemServerTiming: ssm.onStartUser-0_com.android.server.LooperStatsService$Lifecycle
08-16 16:52:13.110 1153 1153 D SystemServerTiming: ssm.onStartUser-0_com.android.server.LooperStatsService$Lifecycle took to complete: 0ms
08-16 16:52:13.110 1153 1153 I SystemServerTiming: ssm.onStartUser-0_com.android.server.rollback.RollbackManagerService
08-16 16:52:13.110 1153 1153 D SystemServerTiming: ssm.onStartUser-0_com.android.server.rollback.RollbackManagerService took to complete: 0ms
08-16 16:52:13.110 1153 1153 I SystemServerTiming: ssm.onStartUser-0_com.android.server.os.NativeTombstoneManagerService
08-16 16:52:13.110 1153 1153 D SystemServerTiming: ssm.onStartUser-0_com.android.server.os.NativeTombstoneManagerService took to complete: 0ms
08-16 16:52:13.110 1153 1153 I SystemServerTiming: ssm.onStartUser-0_com.android.server.os.BugreportManagerService
08-16 16:52:13.110 1153 1153 D SystemServerTiming: ssm.onStartUser-0_com.android.server.os.BugreportManagerService took to complete: 0ms
08-16 16:52:13.110 1153 1153 I SystemServerTiming: ssm.onStartUser-0_com.android.server.gpu.GpuService
08-16 16:52:13.110 1153 1153 D SystemServerTiming: ssm.onStartUser-0_com.android.server.gpu.GpuService took to complete: 0ms
08-16 16:52:13.111 1153 1153 I SystemServerTiming: ssm.onStartUser-0_com.android.server.security.KeyChainSystemService
08-16 16:52:13.111 1153 1153 D SystemServerTiming: ssm.onStartUser-0_com.android.server.security.KeyChainSystemService took to complete: 0ms
08-16 16:52:13.111 1153 1153 I SystemServerTiming: ssm.onStartUser-0_com.android.server.telecom.TelecomLoaderService
08-16 16:52:13.111 1153 1153 D SystemServerTiming: ssm.onStartUser-0_com.android.server.telecom.TelecomLoaderService took to complete: 0ms
08-16 16:52:13.111 1153 1153 I SystemServerTiming: ssm.onStartUser-0_com.android.server.accounts.AccountManagerService$Lifecycle
08-16 16:52:13.111 1153 1153 D SystemServerTiming: ssm.onStartUser-0_com.android.server.accounts.AccountManagerService$Lifecycle took to complete: 0ms
08-16 16:52:13.111 1153 1153 I SystemServerTiming: ssm.onStartUser-0_com.android.server.content.ContentService$Lifecycle
01-01 05:04:09.005 0 0 E wcd938x_codec wcd938x-codec: wcd938x_bind: Slave bind failed, ret = -517
08-16 16:52:13.128 1153 1153 D SystemServerTiming: ssm.onStartUser-0_com.android.server.content.ContentService$Lifecycle took to complete: 18ms
08-16 16:52:13.128 1153 1153 I SystemServerTiming: ssm.onStartUser-0_com.android.server.DropBoxManagerService
08-16 16:52:13.128 1153 1153 D SystemServerTiming: ssm.onStartUser-0_com.android.server.DropBoxManagerService took to complete: 0ms
08-16 16:52:13.128 1153 1153 I SystemServerTiming: ssm.onStartUser-0_com.android.role.RoleService
01-01 05:04:09.024 0 0 E : [drm:dp_display_init_aux_switch][msm-dp-err][84 ]failed to register notifier (-22)
01-01 05:04:09.036 0 0 I binder : 1902:1902 ioctl 40046210 ffef91f8 returned -22
08-16 16:52:13.136 1153 1153 D SystemServerTiming: ssm.onStartUser-0_com.android.role.RoleService took to complete: 7ms
08-16 16:52:13.136 1153 1153 I SystemServerTiming: ssm.onStartUser-0_com.android.server.vibrator.VibratorManagerService$Lifecycle
08-16 16:52:13.136 1153 1153 D SystemServerTiming: ssm.onStartUser-0_com.android.server.vibrator.VibratorManagerService$Lifecycle took to complete: 0ms
08-16 16:52:13.136 1153 1153 I SystemServerTiming: ssm.onStartUser-0_com.android.server.alarm.AlarmManagerService
08-16 16:52:13.136 1153 1153 D SystemServerTiming: ssm.onStartUser-0_com.android.server.alarm.AlarmManagerService took to complete: 0ms
08-16 16:52:13.136 1153 1153 I SystemServerTiming: ssm.onStartUser-0_com.android.server.devicestate.DeviceStateManagerService
08-16 16:52:13.137 1153 1153 D SystemServerTiming: ssm.onStartUser-0_com.android.server.devicestate.DeviceStateManagerService took to complete: 0ms
08-16 16:52:13.137 1153 1153 I SystemServerTiming: ssm.onStartUser-0_com.android.server.camera.CameraServiceProxy
08-16 16:52:13.139 1153 1153 D SystemServerTiming: ssm.onStartUser-0_com.android.server.camera.CameraServiceProxy took to complete: 2ms
08-16 16:52:13.139 1153 1153 I SystemServerTiming: ssm.onStartUser-0_com.android.server.BluetoothService
08-16 16:52:13.139 1153 1153 D SystemServerTiming: ssm.onStartUser-0_com.android.server.BluetoothService took to complete: 0ms
08-16 16:52:13.139 1153 1153 I SystemServerTiming: ssm.onStartUser-0_com.android.server.connectivity.IpConnectivityMetrics
08-16 16:52:13.141 1153 1319 I service_manager_slow: [16,alarm]
08-16 16:52:13.139 1153 1153 D SystemServerTiming: ssm.onStartUser-0_com.android.server.connectivity.IpConnectivityMetrics took to complete: 0ms
08-16 16:52:13.149 1153 1153 I SystemServerTiming: ssm.onStartUser-0_com.android.server.net.watchlist.NetworkWatchlistService$Lifecycle
08-16 16:52:13.149 1153 1153 D SystemServerTiming: ssm.onStartUser-0_com.android.server.net.watchlist.NetworkWatchlistService$Lifecycle took to complete: 0ms
08-16 16:52:13.149 1153 1153 I SystemServerTiming: ssm.onStartUser-0_com.android.server.PinnerService
08-16 16:52:13.149 1153 1153 D SystemServerTiming: ssm.onStartUser-0_com.android.server.PinnerService took to complete: 0ms
08-16 16:52:13.149 1153 1153 I SystemServerTiming: ssm.onStartUser-0_com.google.android.startop.iorap.IorapForwardingService
08-16 16:52:13.149 1153 1153 D SystemServerTiming: ssm.onStartUser-0_com.google.android.startop.iorap.IorapForwardingService took to complete: 0ms
08-16 16:52:13.149 1153 1153 I SystemServerTiming: ssm.onStartUser-0_com.android.server.ActivityTriggerService
08-16 16:52:13.149 1153 1153 D SystemServerTiming: ssm.onStartUser-0_com.android.server.ActivityTriggerService took to complete: 0ms
08-16 16:52:13.150 1153 1153 I SystemServerTiming: ssm.onStartUser-0_com.android.server.integrity.AppIntegrityManagerService
08-16 16:52:13.150 1153 1153 D SystemServerTiming: ssm.onStartUser-0_com.android.server.integrity.AppIntegrityManagerService took to complete: 0ms
08-16 16:52:13.150 1153 1153 I SystemServerTiming: ssm.onStartUser-0_com.android.server.inputmethod.InputMethodManagerService$Lifecycle
08-16 16:52:13.150 1153 1153 D SystemServerTiming: ssm.onStartUser-0_com.android.server.inputmethod.InputMethodManagerService$Lifecycle took to complete: 0ms
08-16 16:52:13.150 1153 1153 I SystemServerTiming: ssm.onStartUser-0_com.android.server.accessibility.AccessibilityManagerService$Lifecycle
08-16 16:52:13.150 1153 1153 D SystemServerTiming: ssm.onStartUser-0_com.android.server.accessibility.AccessibilityManagerService$Lifecycle took to complete: 0ms
08-16 16:52:13.150 1153 1153 I SystemServerTiming: ssm.onStartUser-0_com.android.server.StorageManagerService$Lifecycle
01-01 05:04:09.049 0 0 D cnss : WLFW server arriving: node 7 port 1
08-16 16:52:13.158 1153 1153 V StorageManagerService: Package com.sohu.inputmethod.sogou.car has legacy storage
08-16 16:52:13.158 1153 1153 V StorageManagerService: Package android.frameworkres.overlay does not have legacy storage
08-16 16:52:13.158 1153 1153 V StorageManagerService: Package com.android.cts.priv.ctsshim does not have legacy storage
08-16 16:52:13.158 1153 1153 V StorageManagerService: Package com.qualcomm.qti.qcolor does not have legacy storage
01-01 05:04:09.049 0 0 D cnss : Posting event: SERVER_ARRIVE(0), state: 0x10 flags: 0x0
01-01 05:04:09.050 0 0 D cnss : PM stay awake, state: 0x10, count: 1
01-01 05:04:09.050 0 0 D cnss : PM relax, state: 0x10, count: 0
01-01 05:04:09.050 0 0 D cnss : PM stay awake, state: 0x10, count: 1
01-01 05:04:09.050 0 0 D cnss : Processing driver event: SERVER_ARRIVE(0), state: 0x10
01-01 05:04:09.050 0 0 I cnss : QMI WLFW service connected, state: 0x11
01-01 05:04:09.050 0 0 D cnss : Sending indication register message, state: 0x11
01-01 05:04:09.059 0 0 I msm_vidc: high: 00000001: ....e: Opening video instance: ffffffe858ce8000, 0
08-16 16:52:13.158 1153 1153 V StorageManagerService: Package com.android.internal.display.cutout.emulation.corner does not have legacy storage
08-16 16:52:13.158 1153 1153 V StorageManagerService: Package com.android.internal.display.cutout.emulation.double does not have legacy storage
08-16 16:52:13.158 1153 1153 V StorageManagerService: Package com.android.providers.telephony does not have legacy storage
08-16 16:52:13.158 1153 1153 V StorageManagerService: Package com.android.dynsystem does not have legacy storage
08-16 16:52:13.158 1153 1153 V StorageManagerService: Package com.android.providers.calendar does not have legacy storage
08-16 16:52:13.159 1153 1153 V StorageManagerService: Package com.android.providers.media does not have legacy storage
08-16 16:52:13.159 1153 1153 V StorageManagerService: Package com.qti.service.colorservice does not have legacy storage
08-16 16:52:13.159 1153 1153 V StorageManagerService: Package com.android.internal.systemui.navbar.gestural_wide_back does not have legacy storage
08-16 16:52:13.159 1153 1153 V StorageManagerService: Package com.qualcomm.qti.server.qtiwifi does not have legacy storage
08-16 16:52:13.159 1153 1153 V StorageManagerService: Package com.qualcomm.qti.simcontacts does not have legacy storage
08-16 16:52:13.159 1153 1153 V StorageManagerService: Package com.qualcomm.qti.modemtestmode does not have legacy storage
08-16 16:52:13.159 1153 1153 V StorageManagerService: Package com.android.wallpapercropper does not have legacy storage
08-16 16:52:13.159 1153 1153 V StorageManagerService: Package org.codeaurora.dialer does not have legacy storage
08-16 16:52:13.159 1153 1153 V StorageManagerService: Package com.qualcomm.qti.PresenceApp does not have legacy storage
08-16 16:52:13.159 1153 1153 V StorageManagerService: Package com.android.protips does not have legacy storage
08-16 16:52:13.159 1153 1153 V StorageManagerService: Package com.qualcomm.qti.gpudrivers.kona.api30 does not have legacy storage
08-16 16:52:13.159 1153 1153 V StorageManagerService: Package com.antutu.ABenchMark does not have legacy storage
08-16 16:52:13.160 1153 1153 V StorageManagerService: Package com.android.documentsui does not have legacy storage
08-16 16:52:13.160 1153 1153 V StorageManagerService: Package com.android.externalstorage does not have legacy storage
08-16 16:52:13.160 1153 1153 V StorageManagerService: Package com.qualcomm.uimremoteclient does not have legacy storage
08-16 16:52:13.160 1153 1153 V StorageManagerService: Package com.android.htmlviewer does not have legacy storage
08-16 16:52:13.160 1153 1153 V StorageManagerService: Package com.qualcomm.qti.uceShimService does not have legacy storage
08-16 16:52:13.160 1153 1153 V StorageManagerService: Package com.android.companiondevicemanager does not have legacy storage
08-16 16:52:13.160 1153 1153 V StorageManagerService: Package com.android.quicksearchbox does not have legacy storage
08-16 16:52:13.160 1153 1153 V StorageManagerService: Package com.android.mms.service does not have legacy storage
08-16 16:52:13.160 1153 1153 V StorageManagerService: Package com.qualcomm.qti.qms.service.connectionsecurity does not have legacy storage
08-16 16:52:13.160 1153 1153 V StorageManagerService: Package com.android.providers.downloads does not have legacy storage
08-16 16:52:13.160 1153 1153 V StorageManagerService: Package com.android.internal.systemui.onehanded.gestural does not have legacy storage
08-16 16:52:13.161 1153 1153 V StorageManagerService: Package vendor.qti.hardware.cacert.server does not have legacy storage
08-16 16:52:13.161 1153 1153 V StorageManagerService: Package com.qualcomm.qti.telephonyservice does not have legacy storage
08-16 16:52:13.161 1153 1153 V StorageManagerService: Package com.qualcomm.qti.performancemode does not have legacy storage
08-16 16:52:13.161 1153 1153 V StorageManagerService: Package org.codeaurora.bluetooth.bttestapp does not have legacy storage
08-16 16:52:13.161 1153 1153 V StorageManagerService: Package com.qualcomm.qti.ridemodeaudio does not have legacy storage
08-16 16:52:13.161 1153 1153 V StorageManagerService: Package vendor.qti.iwlan does not have legacy storage
08-16 16:52:13.161 1153 1153 V StorageManagerService: Package com.qualcomm.qti.optinoverlay does not have legacy storage
08-16 16:52:13.161 1153 1324 W ActivityManager: Slow operation: 94ms so far, now at startProcess: returned from zygote!
08-16 16:52:13.161 1153 1153 V StorageManagerService: Package com.android.soundrecorder does not have legacy storage
08-16 16:52:13.161 1153 1153 V StorageManagerService: Package com.qualcomm.uimremoteserver does not have legacy storage
08-16 16:52:13.162 1153 1153 V StorageManagerService: Package com.qti.confuridialer does not have legacy storage
08-16 16:52:13.162 1153 1153 V StorageManagerService: Package android.qvaoverlay.common does not have legacy storage
08-16 16:52:13.162 1153 1153 V StorageManagerService: Package com.android.providers.downloads.ui does not have legacy storage
08-16 16:52:13.162 1153 1153 V StorageManagerService: Package com.android.pacprocessor does not have legacy storage
08-16 16:52:13.162 1153 1153 V StorageManagerService: Package com.android.simappdialog does not have legacy storage
08-16 16:52:13.162 1153 1324 W ActivityManager: Slow operation: 95ms so far, now at startProcess: done updating battery stats
08-16 16:52:13.162 1153 1153 V StorageManagerService: Package com.android.networkstack does not have legacy storage
08-16 16:52:13.162 1153 1324 I am_proc_start: [0,1932,1073,com.android.networkstack.process,service,{com.android.networkstack/com.android.server.NetworkStackService}]
08-16 16:52:13.162 1153 1324 W ActivityManager: Slow operation: 95ms so far, now at startProcess: building log message
08-16 16:52:13.162 1153 1153 V StorageManagerService: Package android.overlay.common does not have legacy storage
08-16 16:52:13.162 1153 1324 I ActivityManager: Start proc 1932:com.android.networkstack.process/1073 for service {com.android.networkstack/com.android.server.NetworkStackService}
08-16 16:52:13.162 1153 1324 W ActivityManager: Slow operation: 96ms so far, now at startProcess: starting to update pids map
08-16 16:52:13.162 1153 1153 V StorageManagerService: Package com.android.connectivity.resources does not have legacy storage
08-16 16:52:13.162 1153 1324 W ActivityManager: Slow operation: 96ms so far, now at startProcess: done updating pids map
08-16 16:52:13.163 1153 1153 V StorageManagerService: Package com.android.internal.display.cutout.emulation.hole does not have legacy storage
08-16 16:52:13.163 1153 1153 V StorageManagerService: Package com.android.internal.display.cutout.emulation.tall does not have legacy storage
08-16 16:52:13.163 1153 1153 V StorageManagerService: Package com.android.modulemetadata does not have legacy storage
08-16 16:52:13.164 1153 1153 V StorageManagerService: Package com.android.certinstaller does not have legacy storage
08-16 16:52:13.164 1153 1727 I am_proc_bound: [0,1902,WebViewLoader-armeabi-v7a]
08-16 16:52:13.164 1153 1153 V StorageManagerService: Package com.android.carrierconfig does not have legacy storage
08-16 16:52:13.164 1153 1153 V StorageManagerService: Package com.android.internal.systemui.navbar.threebutton does not have legacy storage
08-16 16:52:13.165 1153 1153 V StorageManagerService: Package com.qti.qualcomm.datastatusnotification does not have legacy storage
08-16 16:52:13.165 1153 1153 V StorageManagerService: Package android does not have legacy storage
08-16 16:52:13.165 1153 1153 V StorageManagerService: Package com.android.contacts does not have legacy storage
08-16 16:52:13.165 1153 1153 V StorageManagerService: Package com.android.camera2 does not have legacy storage
08-16 16:52:13.166 1153 1153 V StorageManagerService: Package com.qualcomm.qti.callfeaturessetting does not have legacy storage
08-16 16:52:13.166 1153 1153 V StorageManagerService: Package com.qualcomm.wfd.service does not have legacy storage
08-16 16:52:13.166 1153 1153 V StorageManagerService: Package com.qualcomm.qtil.aptxacu does not have legacy storage
08-16 16:52:13.166 1153 1153 V StorageManagerService: Package com.qualcomm.qtil.aptxals does not have legacy storage
08-16 16:52:13.167 1153 1153 V StorageManagerService: Package com.qti.qualcomm.deviceinfo does not have legacy storage
08-16 16:52:13.167 1153 1153 V StorageManagerService: Package com.qti.msdc_ui does not have legacy storage
08-16 16:52:13.167 1153 1153 V StorageManagerService: Package com.android.egg does not have legacy storage
08-16 16:52:13.167 1153 1727 I am_uid_active: 1037
08-16 16:52:13.167 1153 1153 V StorageManagerService: Package com.android.mms does not have legacy storage
08-16 16:52:13.168 1153 1153 V StorageManagerService: Package com.android.mtp does not have legacy storage
08-16 16:52:13.168 1153 1153 V StorageManagerService: Package com.android.nfc does not have legacy storage
08-16 16:52:13.168 1153 1153 V StorageManagerService: Package com.android.ons does not have legacy storage
08-16 16:52:13.169 1153 1153 V StorageManagerService: Package com.android.stk does not have legacy storage
08-16 16:52:13.169 1153 1153 V StorageManagerService: Package com.android.launcher3 does not have legacy storage
08-16 16:52:13.170 1153 1153 V StorageManagerService: Package com.android.backupconfirm does not have legacy storage
08-16 16:52:13.170 1153 1319 I netstats_mobile_sample: [0,0,0,0,0,0,0,0,0,0,0,0,1660668733150]
08-16 16:52:13.170 1153 1319 I netstats_wifi_sample: [0,0,0,0,0,0,0,0,0,0,0,0,1660668733150]
08-16 16:52:13.171 1153 1153 V StorageManagerService: Package vendor.qti.qesdk.sysservice does not have legacy storage
08-16 16:52:13.171 1153 1153 V StorageManagerService: Package com.android.provision does not have legacy storage
08-16 16:52:13.171 1153 1153 V StorageManagerService: Package org.codeaurora.ims does not have legacy storage
08-16 16:52:13.172 1153 1153 V StorageManagerService: Package com.android.statementservice does not have legacy storage
08-16 16:52:13.172 1153 1153 V StorageManagerService: Package android.overlay.target does not have legacy storage
08-16 16:52:13.172 1153 1153 V StorageManagerService: Package com.qti.pasrservice does not have legacy storage
08-16 16:52:13.172 1153 1153 V StorageManagerService: Package com.android.settings.intelligence does not have legacy storage
08-16 16:52:13.172 1153 1153 V StorageManagerService: Package com.android.calendar does not have legacy storage
08-16 16:52:13.172 1153 1153 V StorageManagerService: Package com.android.internal.systemui.navbar.gestural_extra_wide_back does not have legacy storage
08-16 16:52:13.173 1153 1153 V StorageManagerService: Package com.qualcomm.qti.dynamicddsservice does not have legacy storage
08-16 16:52:13.173 1153 1153 V StorageManagerService: Package com.qualcomm.qti.xrvd.service does not have legacy storage
08-16 16:52:13.173 1153 1153 V StorageManagerService: Package com.qualcomm.qcrilmsgtunnel does not have legacy storage
08-16 16:52:13.173 1153 1153 V StorageManagerService: Package com.android.providers.settings does not have legacy storage
08-16 16:52:13.173 1153 1153 V StorageManagerService: Package com.android.sharedstoragebackup does not have legacy storage
08-16 16:52:13.173 1153 1153 V StorageManagerService: Package com.android.printspooler does not have legacy storage
08-16 16:52:13.174 1153 1153 V StorageManagerService: Package com.qti.qualcomm.mstatssystemservice does not have legacy storage
08-16 16:52:13.174 1153 1153 V StorageManagerService: Package com.qualcomm.qti.services.systemhelper does not have legacy storage
08-16 16:52:13.174 1153 1153 V StorageManagerService: Package com.android.wifi.resources.overlay.common does not have legacy storage
08-16 16:52:13.174 1153 1153 V StorageManagerService: Package com.android.dreams.basic does not have legacy storage
08-16 16:52:13.174 1153 1153 V StorageManagerService: Package com.android.webview does not have legacy storage
08-16 16:52:13.174 1153 1153 V StorageManagerService: Package com.android.se does not have legacy storage
08-16 16:52:13.175 1153 1153 V StorageManagerService: Package com.android.inputdevices does not have legacy storage
08-16 16:52:13.175 1153 1153 V StorageManagerService: Package com.qualcomm.qti.biometrics.fingerprint.service does not have legacy storage
08-16 16:52:13.175 1153 1153 V StorageManagerService: Package com.tencent.mtt has legacy storage
08-16 16:52:13.175 1153 1153 V StorageManagerService: Package com.android.bips does not have legacy storage
08-16 16:52:13.176 1153 1153 V StorageManagerService: Package com.qti.dpmserviceapp does not have legacy storage
08-16 16:52:13.176 1153 1153 V StorageManagerService: Package com.qualcomm.location.XT.setup does not have legacy storage
08-16 16:52:13.176 1153 1153 V StorageManagerService: Package com.thundercomm.remotecontrolservice does not have legacy storage
08-16 16:52:13.176 1153 1153 V StorageManagerService: Package org.codeaurora.bluetooth.batestapp does not have legacy storage
08-16 16:52:13.176 1153 1153 V StorageManagerService: Package com.qti.xdivert does not have legacy storage
08-16 16:52:13.176 1153 1153 V StorageManagerService: Package com.android.musicfx does not have legacy storage
08-16 16:52:13.177 1153 1153 V StorageManagerService: Package com.android.settings.overlay.common does not have legacy storage
08-16 16:52:13.177 1153 1153 V StorageManagerService: Package com.qualcomm.qti.qccnetstat does not have legacy storage
08-16 16:52:13.177 1153 1153 V StorageManagerService: Package com.example.android.locationattribution does not have legacy storage
08-16 16:52:13.177 1153 1153 V StorageManagerService: Package com.android.cellbroadcastreceiver does not have legacy storage
08-16 16:52:13.177 1153 1153 V StorageManagerService: Package android.ext.shared does not have legacy storage
08-16 16:52:13.178 1153 1153 V StorageManagerService: Package com.android.onetimeinitializer does not have legacy storage
08-16 16:52:13.178 1153 1153 V StorageManagerService: Package com.qualcomm.qti.seccamsample does not have legacy storage
08-16 16:52:13.178 1153 1153 V StorageManagerService: Package com.android.server.telecom does not have legacy storage
08-16 16:52:13.178 1153 1153 V StorageManagerService: Package com.android.cellbroadcastservice does not have legacy storage
08-16 16:52:13.179 1153 1153 V StorageManagerService: Package com.android.keychain does not have legacy storage
08-16 16:52:13.179 1153 1153 V StorageManagerService: Package com.qti.snapdragon.qdcm_ff does not have legacy storage
08-16 16:52:13.179 1153 1153 V StorageManagerService: Package com.android.wifi.resources.overlay.target does not have legacy storage
08-16 16:52:13.179 1153 1153 V StorageManagerService: Package com.android.printservice.recommendation does not have legacy storage
08-16 16:52:13.179 1153 1153 V StorageManagerService: Package com.android.dialer does not have legacy storage
01-01 05:04:09.077 0 0 D cnss : Sending host capability message, state: 0x11
01-01 05:04:09.077 0 0 D cnss : Number of clients is 2
01-01 05:04:09.077 0 0 D cnss : Assign MSI to user: WAKE, num_vectors: 1, user_base_data: 813, base_vector: 13
01-01 05:04:09.077 0 0 D cnss : WAKE MSI base data is 813
01-01 05:04:09.077 0 0 D cnss : Calibration done is 1
01-01 05:04:09.077 0 0 D cnss : Sending iova starting 0xa0000000 with size 0x10010000
08-16 16:52:13.181 1153 1153 V StorageManagerService: Package com.android.gallery3d has legacy storage
08-16 16:52:13.181 1153 1153 V StorageManagerService: Package android.ext.services does not have legacy storage
08-16 16:52:13.181 1153 1153 V StorageManagerService: Package com.android.wifi.resources does not have legacy storage
08-16 16:52:13.181 1153 1153 V StorageManagerService: Package com.android.phone.overlay.common does not have legacy storage
08-16 16:52:13.181 1153 1153 V StorageManagerService: Package com.android.carrierconfig.overlay.common does not have legacy storage
08-16 16:52:13.181 1153 1153 V StorageManagerService: Package com.android.calllogbackup does not have legacy storage
08-16 16:52:13.182 1153 1153 V StorageManagerService: Package com.android.systemui.overlay.common does not have legacy storage
08-16 16:52:13.182 1153 1153 V StorageManagerService: Package com.qualcomm.qti.biometrics.fingerprint.qfpcalibration does not have legacy storage
08-16 16:52:13.182 1153 1153 V StorageManagerService: Package com.android.cameraextensions does not have legacy storage
08-16 16:52:13.182 1153 1153 V StorageManagerService: Package com.android.server.telecom.overlay.common does not have legacy storage
08-16 16:52:13.182 1153 1153 V StorageManagerService: Package com.android.localtransport does not have legacy storage
08-16 16:52:13.182 1153 1153 V StorageManagerService: Package com.android.packageinstaller does not have legacy storage
08-16 16:52:13.182 1153 1153 V StorageManagerService: Package com.android.carrierdefaultapp does not have legacy storage
08-16 16:52:13.182 1153 1153 V StorageManagerService: Package com.qualcomm.qti.remoteSimlockAuth does not have legacy storage
08-16 16:52:13.182 1153 1153 V StorageManagerService: Package com.qualcomm.qti.devicestatisticsservice does not have legacy storage
08-16 16:52:13.183 1153 1153 V StorageManagerService: Package com.android.theme.font.notoserifsource does not have legacy storage
08-16 16:52:13.183 1153 1153 V StorageManagerService: Package com.android.proxyhandler does not have legacy storage
08-16 16:52:13.183 1153 1153 V StorageManagerService: Package com.android.internal.display.cutout.emulation.waterfall does not have legacy storage
08-16 16:52:13.183 1153 1153 V StorageManagerService: Package com.qualcomm.qti.workloadclassifier does not have legacy storage
08-16 16:52:13.183 1153 1153 V StorageManagerService: Package com.android.inputmethod.latin does not have legacy storage
08-16 16:52:13.183 1153 1153 V StorageManagerService: Package org.chromium.webview_shell does not have legacy storage
08-16 16:52:13.183 1153 1153 V StorageManagerService: Package com.android.providers.settings.overlay does not have legacy storage
08-16 16:52:13.183 1153 1153 V StorageManagerService: Package com.android.managedprovisioning does not have legacy storage
08-16 16:52:13.183 1153 1153 V StorageManagerService: Package com.android.networkstack.tethering does not have legacy storage
08-16 16:52:13.183 1153 1153 V StorageManagerService: Package com.android.soundpicker does not have legacy storage
08-16 16:52:13.183 1153 1153 V StorageManagerService: Package com.android.dreams.phototable does not have legacy storage
08-16 16:52:13.184 1153 1153 V StorageManagerService: Package com.qualcomm.qct.dlt does not have legacy storage
08-16 16:52:13.184 1153 1153 V StorageManagerService: Package com.android.smspush does not have legacy storage
08-16 16:52:13.184 1153 1153 V StorageManagerService: Package com.android.wallpaper.livepicker does not have legacy storage
08-16 16:52:13.184 1153 1153 V StorageManagerService: Package com.android.cellbroadcastreceiver.module does not have legacy storage
08-16 16:52:13.184 1153 1153 V StorageManagerService: Package com.android.apps.tag does not have legacy storage
08-16 16:52:13.184 1153 1153 V StorageManagerService: Package com.android.imsserviceentitlement does not have legacy storage
08-16 16:52:13.184 1153 1153 V StorageManagerService: Package com.android.storagemanager does not have legacy storage
08-16 16:52:13.184 1153 1153 V StorageManagerService: Package com.android.bookmarkprovider does not have legacy storage
08-16 16:52:13.184 1153 1153 V StorageManagerService: Package com.android.settings does not have legacy storage
08-16 16:52:13.184 1153 1153 V StorageManagerService: Package com.qualcomm.qti.ims does not have legacy storage
08-16 16:52:13.184 1153 1153 V StorageManagerService: Package com.qualcomm.qti.lpa does not have legacy storage
08-16 16:52:13.184 1153 1153 V StorageManagerService: Package com.qualcomm.qti.smq does not have legacy storage
08-16 16:52:13.185 1153 1153 V StorageManagerService: Package com.qualcomm.qti.sva does not have legacy storage
08-16 16:52:13.185 1153 1153 V StorageManagerService: Package com.qualcomm.qti.uim does not have legacy storage
08-16 16:52:13.185 1153 1153 V StorageManagerService: Package com.android.networkstack.permissionconfig does not have legacy storage
08-16 16:52:13.185 1153 1153 V StorageManagerService: Package com.qualcomm.location does not have legacy storage
08-16 16:52:13.185 1153 1153 V StorageManagerService: Package com.android.cts.ctsshim does not have legacy storage
08-16 16:52:13.185 1153 1153 V StorageManagerService: Package com.qualcomm.qti.uimGbaApp does not have legacy storage
08-16 16:52:13.185 1153 1153 V StorageManagerService: Package com.caf.fmradio does not have legacy storage
08-16 16:52:13.185 1153 1153 V StorageManagerService: Package com.qualcomm.qti.connmgr does not have legacy storage
08-16 16:52:13.185 1153 1153 V StorageManagerService: Package com.qti.diagservices does not have legacy storage
08-16 16:52:13.185 1153 1153 V StorageManagerService: Package com.qualcomm.qti.services.secureui does not have legacy storage
08-16 16:52:13.185 1153 1153 V StorageManagerService: Package com.android.vpndialogs does not have legacy storage
08-16 16:52:13.185 1153 1153 V StorageManagerService: Package com.qualcomm.location.XT does not have legacy storage
08-16 16:52:13.186 1153 1153 V StorageManagerService: Package com.android.music does not have legacy storage
08-16 16:52:13.186 1153 1153 V StorageManagerService: Package com.android.phone does not have legacy storage
08-16 16:52:13.186 1153 1153 V StorageManagerService: Package com.android.shell does not have legacy storage
08-16 16:52:13.186 1153 1153 V StorageManagerService: Package com.android.wallpaperbackup does not have legacy storage
08-16 16:52:13.186 1153 1153 V StorageManagerService: Package com.android.providers.blockednumber does not have legacy storage
08-16 16:52:13.186 1153 1153 V StorageManagerService: Package org.codeaurora.snapcam has legacy storage
08-16 16:52:13.186 1153 1153 V StorageManagerService: Package com.shipoplayer.jnjeqy does not have legacy storage
01-01 05:04:09.085 0 0 D cnss : PM relax, state: 0x11, count: 0
08-16 16:52:13.186 1153 1153 V StorageManagerService: Package com.android.providers.userdictionary does not have legacy storage
08-16 16:52:13.186 1153 1153 V StorageManagerService: Package com.android.providers.media.module does not have legacy storage
08-16 16:52:13.186 1153 1153 V StorageManagerService: Package com.qualcomm.qti.cam2test does not have legacy storage
08-16 16:52:13.186 1153 1153 V StorageManagerService: Package com.android.emergency does not have legacy storage
08-16 16:52:13.187 1153 1153 V StorageManagerService: Package com.qualcomm.qti.seccamservice does not have legacy storage
08-16 16:52:13.187 1153 1153 V StorageManagerService: Package com.android.hotspot2.osulogin does not have legacy storage
08-16 16:52:13.187 1153 1727 W StorageManagerService: No primary storage defined yet; hacking together a stub
08-16 16:52:13.188 1153 1153 V StorageManagerService: Package com.qualcomm.qti.qdma does not have legacy storage
08-16 16:52:13.188 1153 1153 V StorageManagerService: Package com.qualcomm.qti.qmmi does not have legacy storage
08-16 16:52:13.189 1153 1153 V StorageManagerService: Package com.qualcomm.qti.usta does not have legacy storage
08-16 16:52:13.189 1153 1153 V StorageManagerService: Package com.qualcomm.qti.xrcb does not have legacy storage
08-16 16:52:13.189 1153 1153 V StorageManagerService: Package com.android.internal.systemui.navbar.gestural does not have legacy storage
08-16 16:52:13.189 1153 1153 V StorageManagerService: Package com.android.location.fused does not have legacy storage
08-16 16:52:13.189 1153 1153 V StorageManagerService: Package com.android.deskclock does not have legacy storage
08-16 16:52:13.189 1153 1153 V StorageManagerService: Package com.android.systemui does not have legacy storage
08-16 16:52:13.189 1153 1153 V StorageManagerService: Package com.android.bluetoothmidiservice does not have legacy storage
08-16 16:52:13.189 1153 1153 V StorageManagerService: Package com.qualcomm.qti.confdialer does not have legacy storage
08-16 16:52:13.189 1153 1153 V StorageManagerService: Package com.qti.ltebc does not have legacy storage
08-16 16:52:13.190 1153 1153 V StorageManagerService: Package com.qti.phone does not have legacy storage
08-16 16:52:13.190 1153 1153 V StorageManagerService: Package com.android.permissioncontroller does not have legacy storage
08-16 16:52:13.190 1153 1153 V StorageManagerService: Package com.android.traceur does not have legacy storage
08-16 16:52:13.190 1153 1153 V StorageManagerService: Package com.qualcomm.qti.qccauthmgr does not have legacy storage
08-16 16:52:13.190 1153 1153 V StorageManagerService: Package com.qualcomm.qti.ssmeditor does not have legacy storage
08-16 16:52:13.190 1153 1153 V StorageManagerService: Package com.qualcomm.qti.qms.service.trustzoneaccess does not have legacy storage
08-16 16:52:13.190 1153 1153 V StorageManagerService: Package com.qualcomm.qtil.aptxui does not have legacy storage
08-16 16:52:13.190 1153 1153 V StorageManagerService: Package com.android.bluetooth does not have legacy storage
08-16 16:52:13.190 1153 1153 V StorageManagerService: Package com.qualcomm.timeservice does not have legacy storage
08-16 16:52:13.190 1153 1153 V StorageManagerService: Package com.qualcomm.atfwd does not have legacy storage
08-16 16:52:13.190 1153 1153 V StorageManagerService: Package com.qualcomm.embms does not have legacy storage
08-16 16:52:13.190 1153 1153 V StorageManagerService: Package com.android.providers.contacts does not have legacy storage
08-16 16:52:13.191 1153 1153 V StorageManagerService: Package vendor.qti.imsrcs does not have legacy storage
08-16 16:52:13.191 1153 1153 V StorageManagerService: Package com.android.captiveportallogin does not have legacy storage
08-16 16:52:13.191 1153 1153 V StorageManagerService: Package com.android.internal.systemui.navbar.gestural_narrow_back does not have legacy storage
08-16 16:52:13.191 1153 1153 V StorageManagerService: Package com.android.cellbroadcastreceiver.overlay.common does not have legacy storage
08-16 16:52:13.191 1153 1153 V StorageManagerService: Package com.qualcomm.qti.sensors.qsensortest does not have legacy storage
08-16 16:52:13.191 1153 1153 D SystemServerTiming: ssm.onStartUser-0_com.android.server.StorageManagerService$Lifecycle took to complete: 41ms
08-16 16:52:13.191 1153 1153 I SystemServerTiming: ssm.onStartUser-0_com.android.server.usage.StorageStatsService$Lifecycle
08-16 16:52:13.191 1153 1153 D SystemServerTiming: ssm.onStartUser-0_com.android.server.usage.StorageStatsService$Lifecycle took to complete: 0ms
08-16 16:52:13.191 1153 1153 I SystemServerTiming: ssm.onStartUser-0_com.android.server.UiModeManagerService
