08-16 16:52:11.359 1153 1732 E PersistentDataBlockService: at java.util.concurrent.ThreadPoolExecutor.runWorker(ThreadPoolExecutor.java:1167)
08-16 16:52:11.359 1153 1732 E PersistentDataBlockService: at java.util.concurrent.ThreadPoolExecutor$Worker.run(ThreadPoolExecutor.java:641)
08-16 16:52:11.359 1153 1732 E PersistentDataBlockService: at com.android.internal.util.ConcurrentUtils$1$1.run(ConcurrentUtils.java:65)
08-16 16:52:11.361 1153 1153 D SLog : static_init took to complete: 2ms
08-16 16:52:11.362 1153 1153 I DevicePolicyManager: Set ro.organization_owned property to false
08-16 16:52:11.368 1153 1153 D SystemServerTiming: StartDevicePolicyManager took to complete: 11ms
08-16 16:52:11.368 1153 1153 I SystemServerTiming: StartStatusBarManagerService
08-16 16:52:11.369 1153 1153 D SystemServerTiming: StartStatusBarManagerService took to complete: 1ms
08-16 16:52:11.369 1153 1153 D SystemServer: MusicRecognitionManagerService not defined by OEM or disabled by flag
08-16 16:52:11.369 1153 1153 D SystemServer: ContentCaptureService disabled because resource is not overlaid
08-16 16:52:11.369 1153 1153 D SystemServer: AttentionService is not configured on this device
08-16 16:52:11.369 1153 1153 D SystemServer: RotationResolverService is not configured on this device
08-16 16:52:11.369 1153 1153 D SystemServer: SystemCaptionsManagerService disabled because resource is not overlaid
08-16 16:52:11.369 1153 1153 I SystemServerTiming: StartTextToSpeechManagerService
08-16 16:52:11.369 1153 1153 I SystemServiceManager: Starting com.android.server.texttospeech.TextToSpeechManagerService
08-16 16:52:11.371 1153 1153 D SystemServerTiming: StartTextToSpeechManagerService took to complete: 1ms
08-16 16:52:11.371 1153 1153 I SystemServerTiming: StartSpeechRecognitionManagerService
08-16 16:52:11.371 1153 1153 I SystemServiceManager: Starting com.android.server.speech.SpeechRecognitionManagerService
08-16 16:52:11.372 1153 1153 D SystemServerTiming: StartSpeechRecognitionManagerService took to complete: 1ms
08-16 16:52:11.372 1153 1153 D SystemServer: AppPredictionService not defined by OEM
08-16 16:52:11.372 1153 1153 D SystemServer: ContentSuggestionsService not defined by OEM
08-16 16:52:11.372 1153 1153 I SystemServerTiming: StartSearchUiService
08-16 16:52:11.372 1153 1153 I SystemServiceManager: Starting com.android.server.searchui.SearchUiManagerService
08-16 16:52:11.374 1153 1153 D SystemServerTiming: StartSearchUiService took to complete: 1ms
08-16 16:52:11.374 1153 1153 I SystemServerTiming: StartSmartspaceService
08-16 16:52:11.374 1153 1153 I SystemServiceManager: Starting com.android.server.smartspace.SmartspaceManagerService
08-16 16:52:11.375 1153 1153 D SystemServerTiming: StartSmartspaceService took to complete: 1ms
08-16 16:52:11.375 1153 1153 I SystemServerTiming: InitConnectivityModuleConnector
08-16 16:52:11.375 1153 1153 D ConnectivityModuleConnector: Network stack init
08-16 16:52:11.376 1153 1153 D SystemServerTiming: InitConnectivityModuleConnector took to complete: 0ms
08-16 16:52:11.376 1153 1153 I SystemServerTiming: InitNetworkStackClient
08-16 16:52:11.376 1153 1732 D SystemServerInitThreadPool: Finished executing PersistentDataBlockService.onStart
08-16 16:52:11.376 1153 1732 D SystemServerTimingAsync: InitThreadPoolExec:PersistentDataBlockService.onStart took to complete: 24ms
08-16 16:52:11.377 1153 1153 D SystemServerTiming: InitNetworkStackClient took to complete: 0ms
08-16 16:52:11.377 1153 1153 I SystemServerTiming: StartNetworkManagementService
08-16 16:52:11.384 1153 1153 D SystemServerTiming: StartNetworkManagementService took to complete: 7ms
08-16 16:52:11.384 1153 1153 I SystemServerTiming: StartIpSecService
08-16 16:52:11.385 1153 1153 D SystemServerTiming: StartIpSecService took to complete: 1ms
08-16 16:52:11.385 1153 1153 I SystemServerTiming: StartFontManagerService
08-16 16:52:11.505 1153 1153 D SystemServerTiming: StartFontManagerService took to complete: 121ms
08-16 16:52:11.505 1153 1153 I SystemServerTiming: StartTextServicesManager
08-16 16:52:11.505 1153 1153 I SystemServiceManager: Starting com.android.server.textservices.TextServicesManagerService$Lifecycle
08-16 16:52:11.506 1153 1153 D SystemServerTiming: StartTextServicesManager took to complete: 1ms
08-16 16:52:11.507 1153 1153 I SystemServerTiming: StartTextClassificationManagerService
08-16 16:52:11.507 1153 1153 I SystemServiceManager: Starting com.android.server.textclassifier.TextClassificationManagerService$Lifecycle
08-16 16:52:11.508 1153 1153 D SystemServerTiming: StartTextClassificationManagerService took to complete: 1ms
08-16 16:52:11.508 1153 1153 I SystemServerTiming: StartNetworkScoreService
08-16 16:52:11.508 1153 1153 I SystemServiceManager: Starting com.android.server.NetworkScoreService$Lifecycle
08-16 16:52:11.509 1153 1153 D SystemServerTiming: StartNetworkScoreService took to complete: 1ms
08-16 16:52:11.510 1153 1153 I SystemServerTiming: StartNetworkStatsService
08-16 16:52:11.512 1153 1153 D SystemServerTiming: StartNetworkStatsService took to complete: 3ms
08-16 16:52:11.513 1153 1153 I SystemServerTiming: StartNetworkPolicyManagerService
08-16 16:52:11.515 1153 1153 D SystemServerTiming: StartNetworkPolicyManagerService took to complete: 3ms
08-16 16:52:11.516 1153 1153 I SystemServerTiming: StartWifi
08-16 16:52:11.547 1153 1153 I SystemServiceManager: Starting com.android.server.wifi.WifiService --------- beginning of radio
08-16 16:52:11.599 1153 1153 D TelephonyRegistry: listen oscl: mHasNotifySubscriptionInfoChangedOccurred==false no callback
08-16 16:52:11.612 1293 1293 I wificond: New wificond event callback registered
08-16 16:52:11.615 1153 1153 V HistoricalRegistry: Interaction before persistence initialized
08-16 16:52:11.618 1153 1153 D SystemServerTiming: StartWifi took to complete: 103ms
08-16 16:52:11.618 1153 1153 I SystemServerTiming: StartWifiScanning
08-16 16:52:11.619 1153 1153 I SystemServiceManager: Starting com.android.server.wifi.scanner.WifiScanningService
08-16 16:52:11.622 1153 1153 D SystemServerTiming: StartWifiScanning took to complete: 4ms
08-16 16:52:11.622 1153 1153 I SystemServerTiming: StartRttService
08-16 16:52:11.623 1153 1153 I SystemServiceManager: Starting com.android.server.wifi.rtt.RttService
08-16 16:52:11.624 1153 1153 D SystemServerTiming: StartRttService took to complete: 1ms
08-16 16:52:11.624 1153 1153 I SystemServerTiming: StartWifiAware
08-16 16:52:11.624 1153 1153 I SystemServiceManager: Starting com.android.server.wifi.aware.WifiAwareService
08-16 16:52:11.625 1153 1153 D SystemServerTiming: StartWifiAware took to complete: 1ms
08-16 16:52:11.625 1153 1153 I SystemServerTiming: StartWifiP2P
08-16 16:52:11.625 1153 1153 I SystemServiceManager: Starting com.android.server.wifi.p2p.WifiP2pService
08-16 16:52:11.628 1153 1153 D SystemServerTiming: StartWifiP2P took to complete: 4ms
08-16 16:52:11.629 1153 1153 I SystemServerTiming: StartEthernet
08-16 16:52:11.629 1153 1153 I SystemServiceManager: Starting com.android.server.ethernet.EthernetService
08-16 16:52:11.630 1153 1153 D SystemServerTiming: StartEthernet took to complete: 1ms
08-16 16:52:11.630 1153 1153 I SystemServerTiming: StartPacProxyService
08-16 16:52:11.633 1153 1153 D SystemServerTiming: StartPacProxyService took to complete: 2ms
08-16 16:52:11.633 1153 1153 I SystemServerTiming: StartConnectivityService
08-16 16:52:11.647 1153 1153 I SystemServiceManager: Starting com.android.server.ConnectivityServiceInitializer
08-16 16:52:11.670 1153 1153 D CompatibilityChangeReporter: Compat change id reported: 182478738; UID 1000; state: ENABLED
08-16 16:52:11.674 1153 1153 D SystemServerTiming: StartConnectivityService took to complete: 42ms
08-16 16:52:11.675 1153 1153 I SystemServerTiming: StartVpnManagerService
08-16 16:52:11.678 1153 1153 D SystemServerTiming: StartVpnManagerService took to complete: 3ms
08-16 16:52:11.678 1153 1153 I SystemServerTiming: StartVcnManagementService
08-16 16:52:11.681 1153 1153 D SystemServerTiming: StartVcnManagementService took to complete: 2ms
08-16 16:52:11.681 1153 1153 I SystemServerTiming: StartNsdService
08-16 16:52:11.682 1153 1153 D NsdService: Network service discovery is enabled
08-16 16:52:11.684 1153 1153 D SystemServerTiming: StartNsdService took to complete: 3ms
08-16 16:52:11.684 1153 1153 I SystemServerTiming: StartSystemUpdateManagerService
08-16 16:52:11.685 1153 1153 I SystemUpdateManagerService: No existing info file /data/system/system-update-info.xml
08-16 16:52:11.688 1153 1153 D SystemServerTiming: StartSystemUpdateManagerService took to complete: 3ms
08-16 16:52:11.688 1153 1153 I SystemServerTiming: StartUpdateLockService
08-16 16:52:11.689 1153 1153 D SystemServerTiming: StartUpdateLockService took to complete: 1ms
08-16 16:52:11.689 1153 1153 I SystemServerTiming: StartNotificationManager
08-16 16:52:11.689 1153 1153 I SystemServiceManager: Starting com.android.server.notification.NotificationManagerService
08-16 16:52:11.694 1153 1153 D ConditionProviders.SCP: new ScheduleConditionProvider()
08-16 16:52:11.703 1153 1153 I NotificationAssistants: Read notification assistant permissions from xml
08-16 16:52:11.703 1153 1153 I ConditionProviders: Read condition provider permissions from xml
08-16 16:52:11.703 1153 1153 I ConditionProviders: Read condition provider permissions from xml
08-16 16:52:11.703 1153 1153 D NotificationAssistants: Approving default notification assistant for user 0
08-16 16:52:11.703 1153 1153 I ConditionProviders: Allowing condition provider android.ext.services/android.ext.services.notification.Assistant (userSet: true)
08-16 16:52:11.742 1153 1153 D CompatibilityChangeReporter: Compat change id reported: 157233955; UID 1000; state: ENABLED
08-16 16:52:11.748 1153 1153 W SystemServiceManager: Service com.android.server.notification.NotificationManagerService took 59 ms in onStart
08-16 16:52:11.764 1153 1153 D SystemServerTiming: StartNotificationManager took to complete: 75ms
08-16 16:52:11.764 1153 1153 I SystemServerTiming: StartDeviceMonitor
08-16 16:52:11.764 1153 1153 I SystemServiceManager: Starting com.android.server.storage.DeviceStorageMonitorService
08-16 16:52:11.767 1153 1153 D SystemServerTiming: StartDeviceMonitor took to complete: 3ms
08-16 16:52:11.767 1153 1153 I SystemServerTiming: StartLocationManagerService
08-16 16:52:11.767 1153 1153 I SystemServiceManager: Starting com.android.server.location.LocationManagerService$Lifecycle
08-16 16:52:11.771 1153 1153 D SystemServerTiming: StartLocationManagerService took to complete: 3ms
08-16 16:52:11.771 1153 1153 I SystemServerTiming: StartCountryDetectorService
08-16 16:52:11.770 1153 1754 I storage_state: [41217664-9172-527a-b3d5-edabb50a7d69,0,0,45501202432,48316284928]
08-16 16:52:11.771 1232 1232 W iorapd : Readahead disabled by system property
08-16 16:52:11.772 1153 1153 D SystemServerTiming: StartCountryDetectorService took to complete: 1ms
08-16 16:52:11.772 1153 1153 I SystemServerTiming: StartTimeDetectorService
08-16 16:52:11.772 1153 1153 I SystemServiceManager: Starting com.android.server.timedetector.TimeDetectorService$Lifecycle
08-16 16:52:11.773 1153 1153 D SystemServerTiming: StartTimeDetectorService took to complete: 2ms
08-16 16:52:11.773 1153 1153 I SystemServerTiming: StartTimeZoneDetectorService
08-16 16:52:11.773 1153 1153 I SystemServiceManager: Starting com.android.server.timezonedetector.TimeZoneDetectorService$Lifecycle
08-16 16:52:11.775 1153 1153 D SystemServerTiming: StartTimeZoneDetectorService took to complete: 1ms
08-16 16:52:11.775 1153 1153 I SystemServerTiming: StartLocationTimeZoneManagerService
08-16 16:52:11.775 1153 1153 I SystemServiceManager: Starting com.android.server.timezonedetector.location.LocationTimeZoneManagerService$Lifecycle
08-16 16:52:11.776 1153 1153 D SystemServerTiming: StartLocationTimeZoneManagerService took to complete: 1ms
08-16 16:52:11.776 1153 1153 I SystemServerTiming: StartSearchManagerService
08-16 16:52:11.776 1153 1153 I SystemServiceManager: Starting com.android.server.search.SearchManagerService$Lifecycle
08-16 16:52:11.777 1153 1153 D SystemServerTiming: StartSearchManagerService took to complete: 1ms
08-16 16:52:11.777 1153 1153 I SystemServerTiming: StartWallpaperManagerService
08-16 16:52:11.777 1153 1153 I SystemServiceManager: Starting com.android.server.wallpaper.WallpaperManagerService$Lifecycle
08-16 16:52:11.778 1232 1232 W iorapd : Reconnect to package manager service: 1 times
08-16 16:52:11.778 1153 1153 D SystemServerTiming: StartWallpaperManagerService took to complete: 1ms
08-16 16:52:11.778 1153 1153 I SystemServerTiming: StartAudioService
08-16 16:52:11.778 1153 1153 I SystemServiceManager: Starting com.android.server.audio.AudioService$Lifecycle
08-16 16:52:11.840 1755 1755 D iorap.prefetcherd: Installing minijail
08-16 16:52:11.844 1755 1755 W iorap.prefetcherd: No seccomp filter defined for this architecture.
08-16 16:52:11.846 1153 1153 D SystemServerTiming: StartAudioService took to complete: 68ms
08-16 16:52:11.846 1153 1153 I SystemServerTiming: StartSoundTriggerMiddlewareService
08-16 16:52:11.846 1153 1153 I SystemServiceManager: Starting com.android.server.soundtrigger_middleware.SoundTriggerMiddlewareService$Lifecycle
08-16 16:52:11.853 1153 1153 D SystemServerTiming: StartSoundTriggerMiddlewareService took to complete: 7ms
08-16 16:52:11.853 1153 1153 I SystemServerTiming: StartDockObserver
08-16 16:52:11.853 1153 1153 I SystemServiceManager: Starting com.android.server.DockObserver
08-16 16:52:11.853 1153 1153 W DockObserver: This kernel does not have dock station support
08-16 16:52:11.854 1153 1153 D SystemServerTiming: StartDockObserver took to complete: 1ms
08-16 16:52:11.854 1153 1153 I SystemServerTiming: StartWiredAccessoryManager
08-16 16:52:11.855 1153 1153 W WiredAccessoryManager: This kernel does not have usb audio support
08-16 16:52:11.855 1153 1153 W WiredAccessoryManager: This kernel does not have HDMI audio support
08-16 16:52:11.855 1153 1153 E WiredAccessoryManager: file /sys/devices/platform/soc/soc:qcom,msm-ext-disp/extcon/extcon3/name not found
08-16 16:52:11.855 1153 1153 W WiredAccessoryManager: Conn soc:qcom,msm-ext-disp/3/0 does not have DP audio support
08-16 16:52:11.856 1153 1153 E WiredAccessoryManager: file /sys/devices/platform/soc/soc:qcom,msm-ext-disp/extcon/extcon2/name not found
08-16 16:52:11.856 1153 1153 W WiredAccessoryManager: Conn soc:qcom,msm-ext-disp/2/0 does not have DP audio support
08-16 16:52:11.857 1153 1153 E WiredAccessoryManager: set dev_index 1
08-16 16:52:11.858 1153 1153 W WiredAccessoryManager: checkCableIndex set cable 0
08-16 16:52:11.858 1153 1153 E WiredAccessoryManager: set dev_index 0
08-16 16:52:11.859 1153 1153 W WiredAccessoryManager: checkCableIndex set cable 0
08-16 16:52:11.859 1153 1153 D SystemServerTiming: StartWiredAccessoryManager took to complete: 5ms
08-16 16:52:11.859 1153 1153 I SystemServerTiming: StartMidiManager
08-16 16:52:11.860 1153 1153 I SystemServiceManager: Starting com.android.server.midi.MidiService$Lifecycle
08-16 16:52:11.861 1153 1153 D SystemServerTiming: StartMidiManager took to complete: 3ms
08-16 16:52:11.861 1153 1153 I SystemServerTiming: StartAdbService
08-16 16:52:11.861 1153 1153 I SystemServiceManager: Starting com.android.server.adb.AdbService$Lifecycle
08-16 16:52:11.863 1153 1153 D SystemServerTiming: StartAdbService took to complete: 1ms
08-16 16:52:11.863 1153 1153 I SystemServerTiming: StartUsbService
08-16 16:52:11.863 1153 1153 I SystemServiceManager: Starting com.android.server.usb.UsbService$Lifecycle
08-16 16:52:11.863 1153 1153 D SystemServerTiming: StartUsbService took to complete: 0ms
08-16 16:52:11.863 1153 1153 I SystemServerTiming: StartSerialService
08-16 16:52:11.863 1153 1257 I SystemServerTimingAsync: InitThreadPoolExec:UsbService$Lifecycle#onStart
08-16 16:52:11.863 1153 1257 D SystemServerInitThreadPool: Started executing UsbService$Lifecycle#onStart
08-16 16:52:11.864 1153 1257 E UsbDeviceManager: failed to write to /sys/class/android_usb/android0/f_rndis/ethaddr
08-16 16:52:11.864 1153 1153 D SystemServerTiming: StartSerialService took to complete: 2ms
08-16 16:52:11.864 1153 1153 I SystemServerTiming: StartHardwarePropertiesManagerService
08-16 16:52:11.865 1153 1257 I UsbDeviceManager: USB GADGET HAL not present in the device
08-16 16:52:11.865 1153 1257 I UsbDeviceManager: java.util.NoSuchElementException
08-16 16:52:11.865 1153 1257 I UsbDeviceManager: at android.os.HwBinder.getService(Native Method)
08-16 16:52:11.865 1153 1257 I UsbDeviceManager: at android.hardware.usb.gadget.V1_0.IUsbGadget.getService(IUsbGadget.java:57)
08-16 16:52:11.865 1153 1257 I UsbDeviceManager: at android.hardware.usb.gadget.V1_0.IUsbGadget.getService(IUsbGadget.java:64)
08-16 16:52:11.865 1153 1257 I UsbDeviceManager: at com.android.server.usb.UsbDeviceManager.(UsbDeviceManager.java:293)
08-16 16:52:11.865 1153 1257 I UsbDeviceManager: at com.android.server.usb.UsbService.(UsbService.java:178)
08-16 16:52:11.865 1153 1257 I UsbDeviceManager: at com.android.server.usb.UsbService$Lifecycle.lambda$onStart$0$UsbService$Lifecycle(UsbService.java:92)
08-16 16:52:11.865 1153 1257 I UsbDeviceManager: at com.android.server.usb.UsbService$Lifecycle$$ExternalSyntheticLambda1.run(Unknown Source:2)
08-16 16:52:11.865 1153 1257 I UsbDeviceManager: at com.android.server.SystemServerInitThreadPool.lambda$submitTask$0$SystemServerInitThreadPool(SystemServerInitThreadPool.java:105)
08-16 16:52:11.865 1153 1257 I UsbDeviceManager: at com.android.server.SystemServerInitThreadPool$$ExternalSyntheticLambda0.run(Unknown Source:6)
08-16 16:52:11.865 1153 1257 I UsbDeviceManager: at java.util.concurrent.Executors$RunnableAdapter.call(Executors.java:462)
08-16 16:52:11.865 1153 1257 I UsbDeviceManager: at java.util.concurrent.FutureTask.run(FutureTask.java:266)
08-16 16:52:11.865 1153 1257 I UsbDeviceManager: at java.util.concurrent.ThreadPoolExecutor.runWorker(ThreadPoolExecutor.java:1167)
08-16 16:52:11.865 1153 1257 I UsbDeviceManager: at java.util.concurrent.ThreadPoolExecutor$Worker.run(ThreadPoolExecutor.java:641)
08-16 16:52:11.865 1153 1257 I UsbDeviceManager: at com.android.internal.util.ConcurrentUtils$1$1.run(ConcurrentUtils.java:65)
08-16 16:52:11.866 1153 1257 E UsbDeviceManager: Failed to open control for mtp
08-16 16:52:11.866 1153 1257 E UsbDeviceManager: Failed to open control for ptp
08-16 16:52:11.867 1153 1153 D SystemServerTiming: StartHardwarePropertiesManagerService took to complete: 3ms
08-16 16:52:11.867 1153 1153 I SystemServerTiming: StartTwilightService
08-16 16:52:11.868 1153 1153 I SystemServiceManager: Starting com.android.server.twilight.TwilightService
08-16 16:52:11.868 1153 1153 D SystemServerTiming: StartTwilightService took to complete: 0ms
08-16 16:52:11.868 1153 1153 I SystemServerTiming: StartColorDisplay
08-16 16:52:11.868 1153 1153 I SystemServiceManager: Starting com.android.server.display.color.ColorDisplayService
08-16 16:52:11.869 1153 1153 I service_manager_stats: [597,653,5012]
08-16 16:52:11.869 1153 1153 D SystemServerTiming: StartColorDisplay took to complete: 2ms
08-16 16:52:11.869 1153 1153 I SystemServerTiming: StartJobScheduler
08-16 16:52:11.870 1153 1153 I SystemServiceManager: Starting com.android.server.job.JobSchedulerService
01-01 05:04:07.774 0 0 I : acc_open
01-01 05:04:07.774 0 0 I : acc_release
08-16 16:52:11.873 1153 1257 W StorageManagerService: No primary storage defined yet; hacking together a stub
08-16 16:52:11.875 1153 1153 D JobStore: Start tag: job-info
08-16 16:52:11.875 1153 1153 W JobStore: Periodic job for uid='10151' persisted run-time is too big [360:01:37, 720:01:37]. Clamping to [360:00:54,720:00:54]
08-16 16:52:11.877 1153 1153 W JobStore: Periodic job for uid='1000' persisted run-time is too big [24:01:37, 48:01:37]. Clamping to [24:00:54,48:00:54]
08-16 16:52:11.877 1153 1153 W JobStore: Periodic job for uid='1000' persisted run-time is too big [24:01:06, 48:01:06]. Clamping to [24:00:54,48:00:54]
08-16 16:52:11.877 1153 1153 W JobStore: Periodic job for uid='1000' persisted run-time is too big [24:01:37, 48:01:37]. Clamping to [24:00:54,48:00:54]
08-16 16:52:11.878 1153 1153 I JobStore: Read 7 jobs
08-16 16:52:11.882 1153 1153 V HistoricalRegistry: Interaction before persistence initialized
08-16 16:52:11.882 1153 1153 V HistoricalRegistry: Interaction before persistence initialized
08-16 16:52:11.883 1153 1153 W JobScheduler: !!! RTC not yet good; tracking time updates for job scheduling
08-16 16:52:11.883 1153 1723 I UsbPortManager: Usb hal service started android.hardware.usb@1.0::IUsb default
08-16 16:52:11.884 1153 1153 D SystemServerTiming: StartJobScheduler took to complete: 14ms
08-16 16:52:11.884 1153 1153 I SystemServerTiming: StartSoundTrigger
08-16 16:52:11.884 1153 1153 I SystemServiceManager: Starting com.android.server.soundtrigger.SoundTriggerService
08-16 16:52:11.884 1153 1153 D SystemServerTiming: StartSoundTrigger took to complete: 1ms
08-16 16:52:11.885 1153 1153 I SystemServerTiming: StartTrustManager
08-16 16:52:11.885 1153 1153 I SystemServiceManager: Starting com.android.server.trust.TrustManagerService
08-16 16:52:11.886 1153 1153 D SystemServerTiming: StartTrustManager took to complete: 2ms
08-16 16:52:11.887 1153 1153 I SystemServerTiming: StartBackupManager
08-16 16:52:11.887 1153 1153 I SystemServiceManager: Starting com.android.server.backup.BackupManagerService$Lifecycle
08-16 16:52:11.891 1153 1153 D SystemServerTiming: StartBackupManager took to complete: 4ms
08-16 16:52:11.891 1153 1153 I SystemServerTiming: StartAppWidgetService
08-16 16:52:11.891 1153 1153 I SystemServiceManager: Starting com.android.server.appwidget.AppWidgetService
08-16 16:52:11.891 1153 1257 I UsbPortManager: USB HAL version: 12
08-16 16:52:11.894 1153 1153 D SystemServerTiming: StartAppWidgetService took to complete: 3ms
08-16 16:52:11.894 1153 1153 I SystemServerTiming: StartVoiceRecognitionManager
08-16 16:52:11.894 1153 1153 I SystemServiceManager: Starting com.android.server.voiceinteraction.VoiceInteractionManagerService
08-16 16:52:11.895 1153 1257 D SystemServerInitThreadPool: Finished executing UsbService$Lifecycle#onStart
08-16 16:52:11.896 1153 1257 D SystemServerTimingAsync: InitThreadPoolExec:UsbService$Lifecycle#onStart took to complete: 33ms
08-16 16:52:11.903 1153 1153 D SystemServerTiming: StartVoiceRecognitionManager took to complete: 8ms
08-16 16:52:11.903 1153 1153 I SystemServerTiming: StartAppHibernationService
08-16 16:52:11.903 1153 1153 I SystemServiceManager: Starting com.android.server.apphibernation.AppHibernationService
08-16 16:52:11.905 1153 1153 D SystemServerTiming: StartAppHibernationService took to complete: 2ms
08-16 16:52:11.905 1153 1153 I SystemServerTiming: StartGestureLauncher
08-16 16:52:11.905 1153 1153 I SystemServiceManager: Starting com.android.server.GestureLauncherService
08-16 16:52:11.905 1153 1153 D SystemServerTiming: StartGestureLauncher took to complete: 1ms
08-16 16:52:11.905 1153 1153 I SystemServerTiming: StartSensorNotification
08-16 16:52:11.905 1153 1153 I SystemServiceManager: Starting com.android.server.SensorNotificationService
08-16 16:52:11.906 1153 1153 D SystemServerTiming: StartSensorNotification took to complete: 1ms
08-16 16:52:11.906 1153 1153 I SystemServerTiming: StartDiskStatsService
08-16 16:52:11.909 1153 1153 D SystemServerTiming: StartDiskStatsService took to complete: 2ms
08-16 16:52:11.909 1153 1153 I SystemServerTiming: RuntimeService
08-16 16:52:11.911 1153 1153 D SystemServerTiming: RuntimeService took to complete: 3ms
08-16 16:52:11.907 1153 1153 I auditd : type=1400 audit(0.0:87): avc: denied { read } for comm="system_server" name="u:object_r:vendor_default_prop:s0" dev="tmpfs" ino=30931 scontext=u:r:system_server:s0 tcontext=u:object_r:vendor_default_prop:s0 tclass=file permissive=0
08-16 16:52:11.912 1153 1153 I SystemServerTiming: StartNetworkTimeUpdateService
08-16 16:52:11.916 1153 1153 D SystemServerTiming: StartNetworkTimeUpdateService took to complete: 3ms
08-16 16:52:11.916 1153 1153 I SystemServerTiming: CertBlacklister
08-16 16:52:11.916 1153 1153 D SystemServerTiming: CertBlacklister took to complete: 1ms
08-16 16:52:11.916 1153 1153 I SystemServerTiming: StartEmergencyAffordanceService
08-16 16:52:11.917 1153 1153 I SystemServiceManager: Starting com.android.server.emergency.EmergencyAffordanceService
08-16 16:52:11.918 1153 1153 D SystemServerTiming: StartEmergencyAffordanceService took to complete: 1ms
08-16 16:52:11.918 1153 1153 I SystemServerTiming: startBlobStoreManagerService
08-16 16:52:11.918 1153 1153 I SystemServiceManager: Starting com.android.server.blob.BlobStoreManagerService
08-16 16:52:11.919 684 684 D ZygoteInitTiming_lazy: PreloadClasses took to complete: 1013ms
08-16 16:52:11.922 1153 1153 D SystemServerTiming: startBlobStoreManagerService took to complete: 5ms
08-16 16:52:11.922 1153 1153 I SystemServerTiming: StartDreamManager
08-16 16:52:11.923 1153 1153 I SystemServiceManager: Starting com.android.server.dreams.DreamManagerService
08-16 16:52:11.924 1153 1153 D SystemServerTiming: StartDreamManager took to complete: 2ms
08-16 16:52:11.924 1153 1153 I SystemServerTiming: AddGraphicsStatsService
08-16 16:52:11.931 1153 1153 D SystemServerTiming: AddGraphicsStatsService took to complete: 6ms
08-16 16:52:11.931 1153 1153 I SystemServerTiming: StartPrintManager
08-16 16:52:11.931 1153 1153 I SystemServiceManager: Starting com.android.server.print.PrintManagerService
08-16 16:52:11.932 1153 1153 D SystemServerTiming: StartPrintManager took to complete: 1ms
08-16 16:52:11.933 1153 1153 I SystemServerTiming: StartCompanionDeviceManager
08-16 16:52:11.933 1153 1153 I SystemServiceManager: Starting com.android.server.companion.CompanionDeviceManagerService
08-16 16:52:11.935 1153 1153 D SystemServerTiming: StartCompanionDeviceManager took to complete: 2ms
08-16 16:52:11.935 1153 1153 I SystemServerTiming: StartRestrictionManager
08-16 16:52:11.935 1153 1153 I SystemServiceManager: Starting com.android.server.restrictions.RestrictionsManagerService
08-16 16:52:11.937 1153 1153 D SystemServerTiming: StartRestrictionManager took to complete: 2ms
08-16 16:52:11.937 1153 1153 I SystemServerTiming: StartMediaSessionService
08-16 16:52:11.937 1153 1153 I SystemServiceManager: Starting com.android.server.media.MediaSessionService
08-16 16:52:11.941 1153 1153 D SystemServerTiming: StartMediaSessionService took to complete: 4ms
08-16 16:52:11.941 1153 1153 I SystemServerTiming: StartMediaResourceMonitor
08-16 16:52:11.941 1153 1153 I SystemServiceManager: Starting com.android.server.media.MediaResourceMonitorService
08-16 16:52:11.941 1153 1153 D SystemServerTiming: StartMediaResourceMonitor took to complete: 1ms
08-16 16:52:11.942 1153 1153 I SystemServerTiming: StartMediaRouterService
08-16 16:52:11.942 1153 1153 V HistoricalRegistry: Interaction before persistence initialized
08-16 16:52:11.942 684 684 D ZygoteInitTiming_lazy: CacheNonBootClasspathClassLoaders took to complete: 23ms
08-16 16:52:11.945 1153 1153 D SystemServerTiming: StartMediaRouterService took to complete: 3ms
08-16 16:52:11.945 1153 1153 I SystemServerTiming: StartFingerprintSensor
08-16 16:52:11.945 1153 1153 I SystemServiceManager: Starting com.android.server.biometrics.sensors.fingerprint.FingerprintService
08-16 16:52:11.947 1153 1153 D SystemServerTiming: StartFingerprintSensor took to complete: 2ms
08-16 16:52:11.947 1153 1153 I SystemServerTiming: StartBiometricService
08-16 16:52:11.947 1153 1153 I SystemServiceManager: Starting com.android.server.biometrics.BiometricService
08-16 16:52:11.950 1153 1153 D SystemServerTiming: StartBiometricService took to complete: 3ms
08-16 16:52:11.950 1153 1153 I SystemServerTiming: StartAuthService
08-16 16:52:11.950 1153 1153 I SystemServiceManager: Starting com.android.server.biometrics.AuthService
08-16 16:52:11.951 1153 1153 D AuthService: Registering HIDL ID: 0 Modality: 2 Strength: 15
08-16 16:52:11.951 1153 1153 D AuthService: Registering HIDL ID: 1 Modality: 8 Strength: 15
08-16 16:52:11.955 1153 1250 I commit_sys_config_file: [notification-policy,5]
08-16 16:52:11.957 1153 1153 E AuthService: HIDL face configuration exists, but FaceService is null.
08-16 16:52:11.959 1153 1153 D SystemServerTiming: StartAuthService took to complete: 9ms
08-16 16:52:11.959 1153 1153 I SystemServerTiming: StartBackgroundDexOptService
08-16 16:52:11.959 1153 1153 W BackgroundDexOptService: SysProp pm.dexopt.downgrade_after_inactive_days not set
08-16 16:52:11.959 1153 1153 D SystemServerTiming: StartBackgroundDexOptService took to complete: 1ms
08-16 16:52:11.959 1153 1153 I SystemServerTiming: StartDynamicCodeLoggingService
08-16 16:52:11.960 1153 1153 D SystemServerTiming: StartDynamicCodeLoggingService took to complete: 0ms
08-16 16:52:11.960 1153 1153 I SystemServerTiming: StartPruneInstantAppsJobService
08-16 16:52:11.960 1153 1153 D SystemServerTiming: StartPruneInstantAppsJobService took to complete: 1ms
08-16 16:52:11.960 1153 1153 I SystemServerTiming: StartShortcutServiceLifecycle
08-16 16:52:11.960 1153 1153 I SystemServiceManager: Starting com.android.server.pm.ShortcutService$Lifecycle
08-16 16:52:11.961 1153 1153 V HistoricalRegistry: Interaction before persistence initialized
08-16 16:52:11.962 1153 1153 D SystemServerTiming: StartShortcutServiceLifecycle took to complete: 2ms
08-16 16:52:11.963 1153 1153 I SystemServerTiming: StartLauncherAppsService
08-16 16:52:11.963 1153 1153 I SystemServiceManager: Starting com.android.server.pm.LauncherAppsService
08-16 16:52:11.964 1153 1153 D SystemServerTiming: StartLauncherAppsService took to complete: 2ms
08-16 16:52:11.964 1153 1153 I SystemServerTiming: StartCrossProfileAppsService
08-16 16:52:11.964 1153 1153 I SystemServiceManager: Starting com.android.server.pm.CrossProfileAppsService
08-16 16:52:11.965 1153 1153 D SystemServerTiming: StartCrossProfileAppsService took to complete: 1ms
08-16 16:52:11.965 1153 1153 I SystemServerTiming: StartPeopleService
08-16 16:52:11.965 1153 1153 I SystemServiceManager: Starting com.android.server.people.PeopleService
08-16 16:52:11.966 1153 1153 D SystemServerTiming: StartPeopleService took to complete: 1ms
08-16 16:52:11.966 1153 1153 I SystemServerTiming: StartMediaMetricsManager
08-16 16:52:11.966 1153 1153 I SystemServiceManager: Starting com.android.server.media.metrics.MediaMetricsManagerService
08-16 16:52:11.968 1153 1153 D SystemServerTiming: StartMediaMetricsManager took to complete: 1ms
08-16 16:52:11.968 1153 1153 I SystemServerTiming: StartMediaProjectionManager
08-16 16:52:11.968 1153 1153 I SystemServiceManager: Starting com.android.server.media.projection.MediaProjectionManagerService
08-16 16:52:11.971 1153 1779 D BiometricService: Registering ID: 0 Modality: 2 Strength: 15
08-16 16:52:11.972 1153 1153 D SystemServerTiming: StartMediaProjectionManager took to complete: 4ms
08-16 16:52:11.972 1153 1153 I SystemServerTiming: StartSliceManagerService
08-16 16:52:11.972 1153 1153 I SystemServiceManager: Starting com.android.server.slice.SliceManagerService$Lifecycle
08-16 16:52:11.972 684 684 D ZygoteInitTiming_lazy: PreloadResources took to complete: 30ms
08-16 16:52:11.972 1153 1779 D BiometricStrengthController: updateStrengths: revert sensorId=0 to oemStrength=15
08-16 16:52:11.973 1153 1779 D BiometricService/Sensor: updateStrength: Before(ID(0), oemStrength: 15, updatedStrength: 15, modality 2, state: 0, cookie: 0, props: ID: 0, Strength: 2, Type: 1) After(ID(0), oemStrength: 15, updatedStrength: 15, modality 2, state: 0, cookie: 0, props: ID: 0, Strength: 2, Type: 1)
08-16 16:52:11.974 1153 1153 D SystemServerTiming: StartSliceManagerService took to complete: 3ms
08-16 16:52:11.974 1153 1153 I SystemServerTiming: StartStatsCompanion
08-16 16:52:11.984 1153 1153 I SystemServiceManager: Starting com.android.server.stats.StatsCompanion$Lifecycle
08-16 16:52:11.989 1153 1153 D SystemServerTiming: StartStatsCompanion took to complete: 14ms
08-16 16:52:11.989 1153 1153 I SystemServerTiming: StartRebootReadinessManagerService
08-16 16:52:12.018 1153 1153 I SystemServiceManager: Starting com.android.server.scheduling.RebootReadinessManagerService$Lifecycle
08-16 16:52:12.026 1153 1153 D SystemServerTiming: StartRebootReadinessManagerService took to complete: 38ms
08-16 16:52:12.026 1153 1153 I SystemServerTiming: StartStatsPullAtomService
08-16 16:52:12.027 1153 1153 I SystemServiceManager: Starting com.android.server.stats.pull.StatsPullAtomService
08-16 16:52:12.027 1153 1153 D SystemServerTiming: StartStatsPullAtomService took to complete: 0ms
08-16 16:52:12.027 1153 1153 I SystemServerTiming: StartIncidentCompanionService
08-16 16:52:12.027 1153 1153 I SystemServiceManager: Starting com.android.server.incident.IncidentCompanionService
08-16 16:52:12.029 1153 1153 D SystemServerTiming: StartIncidentCompanionService took to complete: 2ms
08-16 16:52:12.029 1153 1153 I SystemServerTiming: StartMmsService
08-16 16:52:12.029 1153 1153 I SystemServiceManager: Starting com.android.server.MmsServiceBroker
08-16 16:52:12.030 1153 1153 D SystemServerTiming: StartMmsService took to complete: 1ms
08-16 16:52:12.030 1153 1153 I SystemServerTiming: StartAutoFillService
08-16 16:52:12.030 1153 1153 I SystemServiceManager: Starting com.android.server.autofill.AutofillManagerService
08-16 16:52:12.031 1153 1153 D AutofillManagerService: setLogLevelFromSettings(): level=2, debug=true, verbose=false
08-16 16:52:12.032 1153 1153 D AutofillManagerService: setMaxPartitionsFromSettings(): 10
08-16 16:52:12.032 1153 1153 D AutofillManagerService: setMaxVisibleDatasetsFromSettings(): 0
08-16 16:52:12.036 1153 1248 D AutofillUI: destroySaveUiUiThread(): already destroyed
08-16 16:52:12.037 1153 1153 D AutofillManagerServiceImpl: Reset component for user 0:
08-16 16:52:12.039 1153 1153 D SystemServerTiming: StartAutoFillService took to complete: 9ms
08-16 16:52:12.039 1153 1153 D SystemServer: TranslationService not defined by OEM
08-16 16:52:12.039 1153 1153 I SystemServerTiming: StartClipboardService
08-16 16:52:12.039 1153 1153 I SystemServiceManager: Starting com.android.server.clipboard.ClipboardService
08-16 16:52:12.042 1153 1153 D SystemServerTiming: StartClipboardService took to complete: 3ms
08-16 16:52:12.042 1153 1153 I SystemServerTiming: AppServiceManager
08-16 16:52:12.042 1153 1153 I SystemServiceManager: Starting com.android.server.appbinding.AppBindingService$Lifecycle
08-16 16:52:12.043 1153 1153 D SystemServerTiming: AppServiceManager took to complete: 1ms
08-16 16:52:12.043 1153 1153 I SystemServerTiming: startTracingServiceProxy
08-16 16:52:12.043 1153 1153 I SystemServiceManager: Starting com.android.server.tracing.TracingServiceProxy
08-16 16:52:12.044 1153 1153 D SystemServerTiming: startTracingServiceProxy took to complete: 1ms
08-16 16:52:12.044 1153 1153 I SystemServerTiming: MakeLockSettingsServiceReady
08-16 16:52:12.052 1153 1153 I SyntheticPasswordManager: Device does not support weaver
08-16 16:52:12.053 1153 1153 I LockSettingsService: Device doesn't implement AuthSecret HAL
08-16 16:52:12.054 1153 1153 D SystemServerTiming: MakeLockSettingsServiceReady took to complete: 10ms
08-16 16:52:12.054 1153 1153 I SystemServerTiming: StartBootPhaseLockSettingsReady
08-16 16:52:12.054 1153 1153 I SystemServiceManager: Starting phase 480
08-16 16:52:12.054 1153 1153 I SystemServerTiming: OnBootPhase_480
08-16 16:52:12.054 1153 1153 I SystemServerTiming: OnBootPhase_480_com.android.server.security.FileIntegrityService
08-16 16:52:12.055 1153 1153 D SystemServerTiming: OnBootPhase_480_com.android.server.security.FileIntegrityService took to complete: 0ms
08-16 16:52:12.055 1153 1153 I SystemServerTiming: OnBootPhase_480_com.android.server.pm.Installer
08-16 16:52:12.055 1153 1153 D SystemServerTiming: OnBootPhase_480_com.android.server.pm.Installer took to complete: 0ms
08-16 16:52:12.055 1153 1153 I SystemServerTiming: OnBootPhase_480_com.android.server.os.DeviceIdentifiersPolicyService
08-16 16:52:12.055 1153 1153 D SystemServerTiming: OnBootPhase_480_com.android.server.os.DeviceIdentifiersPolicyService took to complete: 0ms
08-16 16:52:12.055 1153 1153 I SystemServerTiming: OnBootPhase_480_com.android.server.uri.UriGrantsManagerService$Lifecycle
08-16 16:52:12.055 1153 1153 D SystemServerTiming: OnBootPhase_480_com.android.server.uri.UriGrantsManagerService$Lifecycle took to complete: 0ms
08-16 16:52:12.055 1153 1153 I SystemServerTiming: OnBootPhase_480_com.android.server.powerstats.PowerStatsService
08-16 16:52:12.055 1153 1153 D SystemServerTiming: OnBootPhase_480_com.android.server.powerstats.PowerStatsService took to complete: 0ms
08-16 16:52:12.055 1153 1153 I SystemServerTiming: OnBootPhase_480_com.android.server.wm.ActivityTaskManagerService$Lifecycle
08-16 16:52:12.055 1153 1153 D SystemServerTiming: OnBootPhase_480_com.android.server.wm.ActivityTaskManagerService$Lifecycle took to complete: 0ms
08-16 16:52:12.055 1153 1153 I SystemServerTiming: OnBootPhase_480_com.android.server.am.ActivityManagerService$Lifecycle
08-16 16:52:12.055 1153 1153 D SystemServerTiming: OnBootPhase_480_com.android.server.am.ActivityManagerService$Lifecycle took to complete: 0ms
08-16 16:52:12.055 1153 1153 I SystemServerTiming: OnBootPhase_480_com.android.server.pm.DataLoaderManagerService
08-16 16:52:12.055 1153 1153 D SystemServerTiming: OnBootPhase_480_com.android.server.pm.DataLoaderManagerService took to complete: 0ms
08-16 16:52:12.055 1153 1153 I SystemServerTiming: OnBootPhase_480_com.android.server.power.PowerManagerService
08-16 16:52:12.055 1153 1153 D SystemServerTiming: OnBootPhase_480_com.android.server.power.PowerManagerService took to complete: 0ms
08-16 16:52:12.055 1153 1153 I SystemServerTiming: OnBootPhase_480_com.android.server.power.ThermalManagerService
08-16 16:52:12.055 1153 1153 D SystemServerTiming: OnBootPhase_480_com.android.server.power.ThermalManagerService took to complete: 0ms
08-16 16:52:12.055 1153 1153 I SystemServerTiming: OnBootPhase_480_com.android.server.power.hint.HintManagerService
08-16 16:52:12.055 1153 1153 D SystemServerTiming: OnBootPhase_480_com.android.server.power.hint.HintManagerService took to complete: 0ms
08-16 16:52:12.056 1153 1153 I SystemServerTiming: OnBootPhase_480_com.android.server.recoverysystem.RecoverySystemService$Lifecycle
08-16 16:52:12.056 1153 1153 D SystemServerTiming: OnBootPhase_480_com.android.server.recoverysystem.RecoverySystemService$Lifecycle took to complete: 0ms
08-16 16:52:12.056 1153 1153 I SystemServerTiming: OnBootPhase_480_com.android.server.lights.LightsService
08-16 16:52:12.056 1153 1153 D SystemServerTiming: OnBootPhase_480_com.android.server.lights.LightsService took to complete: 0ms
08-16 16:52:12.056 1153 1153 I SystemServerTiming: OnBootPhase_480_com.android.server.display.DisplayManagerService
08-16 16:52:12.056 1153 1153 D SystemServerTiming: OnBootPhase_480_com.android.server.display.DisplayManagerService took to complete: 0ms
08-16 16:52:12.056 1153 1153 I SystemServerTiming: OnBootPhase_480_com.android.server.pm.verify.domain.DomainVerificationService
08-16 16:52:12.056 1153 1153 D SystemServerTiming: OnBootPhase_480_com.android.server.pm.verify.domain.DomainVerificationService took to complete: 0ms
08-16 16:52:12.056 1153 1153 I SystemServerTiming: OnBootPhase_480_com.android.server.pm.PackageInstallerService$Lifecycle
08-16 16:52:12.056 1153 1153 D SystemServerTiming: OnBootPhase_480_com.android.server.pm.PackageInstallerService$Lifecycle took to complete: 0ms
08-16 16:52:12.056 1153 1153 I SystemServerTiming: OnBootPhase_480_com.android.server.pm.UserManagerService$LifeCycle
08-16 16:52:12.056 1153 1153 D SystemServerTiming: OnBootPhase_480_com.android.server.pm.UserManagerService$LifeCycle took to complete: 0ms
08-16 16:52:12.056 1153 1153 I SystemServerTiming: OnBootPhase_480_com.android.server.om.OverlayManagerService
08-16 16:52:12.056 1153 1153 D SystemServerTiming: OnBootPhase_480_com.android.server.om.OverlayManagerService took to complete: 0ms
08-16 16:52:12.056 1153 1153 I SystemServerTiming: OnBootPhase_480_com.android.server.SensorPrivacyService
08-16 16:52:12.056 1153 1153 D SystemServerTiming: OnBootPhase_480_com.android.server.SensorPrivacyService took to complete: 0ms
08-16 16:52:12.056 1153 1153 I SystemServerTiming: OnBootPhase_480_com.android.server.sensors.SensorService
08-16 16:52:12.056 1153 1153 D SystemServerTiming: OnBootPhase_480_com.android.server.sensors.SensorService took to complete: 0ms
08-16 16:52:12.056 1153 1153 I SystemServerTiming: OnBootPhase_480_com.android.server.SystemConfigService
08-16 16:52:12.056 1153 1153 D SystemServerTiming: OnBootPhase_480_com.android.server.SystemConfigService took to complete: 0ms
08-16 16:52:12.056 1153 1153 I SystemServerTiming: OnBootPhase_480_com.android.server.BatteryService
08-16 16:52:12.056 1153 1153 D SystemServerTiming: OnBootPhase_480_com.android.server.BatteryService took to complete: 0ms
08-16 16:52:12.056 1153 1153 I SystemServerTiming: OnBootPhase_480_com.android.server.usage.UsageStatsService
08-16 16:52:12.056 1153 1153 D SystemServerTiming: OnBootPhase_480_com.android.server.usage.UsageStatsService took to complete: 0ms
08-16 16:52:12.057 1153 1153 I SystemServerTiming: OnBootPhase_480_com.android.server.webkit.WebViewUpdateService
08-16 16:52:12.057 1153 1153 D SystemServerTiming: OnBootPhase_480_com.android.server.webkit.WebViewUpdateService took to complete: 0ms
08-16 16:52:12.057 1153 1153 I SystemServerTiming: OnBootPhase_480_com.android.server.CachedDeviceStateService
08-16 16:52:12.057 1153 1153 D SystemServerTiming: OnBootPhase_480_com.android.server.CachedDeviceStateService took to complete: 0ms
08-16 16:52:12.057 1153 1153 I SystemServerTiming: OnBootPhase_480_com.android.server.BinderCallsStatsService$LifeCycle
08-16 16:52:12.057 1153 1153 D SystemServerTiming: OnBootPhase_480_com.android.server.BinderCallsStatsService$LifeCycle took to complete: 0ms
08-16 16:52:12.057 1153 1153 I SystemServerTiming: OnBootPhase_480_com.android.server.LooperStatsService$Lifecycle
08-16 16:52:12.057 1153 1153 D SystemServerTiming: OnBootPhase_480_com.android.server.LooperStatsService$Lifecycle took to complete: 0ms
08-16 16:52:12.057 1153 1153 I SystemServerTiming: OnBootPhase_480_com.android.server.rollback.RollbackManagerService
08-16 16:52:12.057 1153 1153 D SystemServerTiming: OnBootPhase_480_com.android.server.rollback.RollbackManagerService took to complete: 0ms
08-16 16:52:12.057 1153 1153 I SystemServerTiming: OnBootPhase_480_com.android.server.os.NativeTombstoneManagerService
08-16 16:52:12.057 1153 1153 D SystemServerTiming: OnBootPhase_480_com.android.server.os.NativeTombstoneManagerService took to complete: 0ms
08-16 16:52:12.057 1153 1153 I SystemServerTiming: OnBootPhase_480_com.android.server.os.BugreportManagerService
08-16 16:52:12.057 1153 1153 D SystemServerTiming: OnBootPhase_480_com.android.server.os.BugreportManagerService took to complete: 0ms
08-16 16:52:12.057 1153 1153 I SystemServerTiming: OnBootPhase_480_com.android.server.gpu.GpuService
08-16 16:52:12.057 1153 1153 D SystemServerTiming: OnBootPhase_480_com.android.server.gpu.GpuService took to complete: 0ms
08-16 16:52:12.057 1153 1153 I SystemServerTiming: OnBootPhase_480_com.android.server.security.KeyChainSystemService
08-16 16:52:12.057 1153 1153 D SystemServerTiming: OnBootPhase_480_com.android.server.security.KeyChainSystemService took to complete: 0ms
08-16 16:52:12.057 1153 1153 I SystemServerTiming: OnBootPhase_480_com.android.server.telecom.TelecomLoaderService
08-16 16:52:12.058 1153 1153 D SystemServerTiming: OnBootPhase_480_com.android.server.telecom.TelecomLoaderService took to complete: 0ms
08-16 16:52:12.058 1153 1153 I SystemServerTiming: OnBootPhase_480_com.android.server.accounts.AccountManagerService$Lifecycle
08-16 16:52:12.058 1153 1153 D SystemServerTiming: OnBootPhase_480_com.android.server.accounts.AccountManagerService$Lifecycle took to complete: 0ms
08-16 16:52:12.058 1153 1153 I SystemServerTiming: OnBootPhase_480_com.android.server.content.ContentService$Lifecycle
08-16 16:52:12.058 1153 1153 D SystemServerTiming: OnBootPhase_480_com.android.server.content.ContentService$Lifecycle took to complete: 0ms
08-16 16:52:12.058 1153 1153 I SystemServerTiming: OnBootPhase_480_com.android.server.DropBoxManagerService
08-16 16:52:12.058 1153 1153 D SystemServerTiming: OnBootPhase_480_com.android.server.DropBoxManagerService took to complete: 0ms
08-16 16:52:12.058 1153 1153 I SystemServerTiming: OnBootPhase_480_com.android.role.RoleService
08-16 16:52:12.058 1153 1153 D SystemServerTiming: OnBootPhase_480_com.android.role.RoleService took to complete: 0ms
08-16 16:52:12.058 1153 1153 I SystemServerTiming: OnBootPhase_480_com.android.server.vibrator.VibratorManagerService$Lifecycle
08-16 16:52:12.058 1153 1153 D SystemServerTiming: OnBootPhase_480_com.android.server.vibrator.VibratorManagerService$Lifecycle took to complete: 0ms
08-16 16:52:12.058 1153 1153 I SystemServerTiming: OnBootPhase_480_com.android.server.alarm.AlarmManagerService
08-16 16:52:12.058 1153 1153 D SystemServerTiming: OnBootPhase_480_com.android.server.alarm.AlarmManagerService took to complete: 0ms
08-16 16:52:12.058 1153 1153 I SystemServerTiming: OnBootPhase_480_com.android.server.devicestate.DeviceStateManagerService
08-16 16:52:12.058 1153 1153 D SystemServerTiming: OnBootPhase_480_com.android.server.devicestate.DeviceStateManagerService took to complete: 0ms
08-16 16:52:12.058 1153 1153 I SystemServerTiming: OnBootPhase_480_com.android.server.camera.CameraServiceProxy
08-16 16:52:12.058 1153 1153 D SystemServerTiming: OnBootPhase_480_com.android.server.camera.CameraServiceProxy took to complete: 0ms
08-16 16:52:12.058 1153 1153 I SystemServerTiming: OnBootPhase_480_com.android.server.BluetoothService
08-16 16:52:12.059 1153 1153 D SystemServerTiming: OnBootPhase_480_com.android.server.BluetoothService took to complete: 0ms
08-16 16:52:12.059 1153 1153 I SystemServerTiming: OnBootPhase_480_com.android.server.connectivity.IpConnectivityMetrics
08-16 16:52:12.059 1153 1153 D SystemServerTiming: OnBootPhase_480_com.android.server.connectivity.IpConnectivityMetrics took to complete: 0ms
08-16 16:52:12.059 1153 1153 I SystemServerTiming: OnBootPhase_480_com.android.server.net.watchlist.NetworkWatchlistService$Lifecycle
08-16 16:52:12.059 1153 1153 D SystemServerTiming: OnBootPhase_480_com.android.server.net.watchlist.NetworkWatchlistService$Lifecycle took to complete: 0ms
08-16 16:52:12.059 1153 1153 I SystemServerTiming: OnBootPhase_480_com.android.server.PinnerService
08-16 16:52:12.059 1153 1153 D SystemServerTiming: OnBootPhase_480_com.android.server.PinnerService took to complete: 0ms
08-16 16:52:12.059 1153 1153 I SystemServerTiming: OnBootPhase_480_com.google.android.startop.iorap.IorapForwardingService
08-16 16:52:12.059 1153 1153 D SystemServerTiming: OnBootPhase_480_com.google.android.startop.iorap.IorapForwardingService took to complete: 0ms
08-16 16:52:12.059 1153 1153 I SystemServerTiming: OnBootPhase_480_com.android.server.ActivityTriggerService
08-16 16:52:12.059 1153 1153 D SystemServerTiming: OnBootPhase_480_com.android.server.ActivityTriggerService took to complete: 0ms
08-16 16:52:12.059 1153 1153 I SystemServerTiming: OnBootPhase_480_com.android.server.integrity.AppIntegrityManagerService
08-16 16:52:12.059 1153 1153 D SystemServerTiming: OnBootPhase_480_com.android.server.integrity.AppIntegrityManagerService took to complete: 0ms
08-16 16:52:12.059 1153 1153 I SystemServerTiming: OnBootPhase_480_com.android.server.inputmethod.InputMethodManagerService$Lifecycle
08-16 16:52:12.059 1153 1153 D SystemServerTiming: OnBootPhase_480_com.android.server.inputmethod.InputMethodManagerService$Lifecycle took to complete: 0ms
08-16 16:52:12.059 1153 1153 I SystemServerTiming: OnBootPhase_480_com.android.server.accessibility.AccessibilityManagerService$Lifecycle
08-16 16:52:12.059 1153 1153 D SystemServerTiming: OnBootPhase_480_com.android.server.accessibility.AccessibilityManagerService$Lifecycle took to complete: 0ms
08-16 16:52:12.059 1153 1153 I SystemServerTiming: OnBootPhase_480_com.android.server.StorageManagerService$Lifecycle
08-16 16:52:12.059 1153 1153 D SystemServerTiming: OnBootPhase_480_com.android.server.StorageManagerService$Lifecycle took to complete: 0ms
08-16 16:52:12.059 1153 1153 I SystemServerTiming: OnBootPhase_480_com.android.server.usage.StorageStatsService$Lifecycle
08-16 16:52:12.059 1153 1153 D SystemServerTiming: OnBootPhase_480_com.android.server.usage.StorageStatsService$Lifecycle took to complete: 0ms
08-16 16:52:12.059 1153 1153 I SystemServerTiming: OnBootPhase_480_com.android.server.UiModeManagerService
08-16 16:52:12.060 1153 1153 D SystemServerTiming: OnBootPhase_480_com.android.server.UiModeManagerService took to complete: 0ms
08-16 16:52:12.060 1153 1153 I SystemServerTiming: OnBootPhase_480_com.android.server.locksettings.LockSettingsService$Lifecycle
08-16 16:52:12.060 1153 1153 D SystemServerTiming: OnBootPhase_480_com.android.server.locksettings.LockSettingsService$Lifecycle took to complete: 0ms
08-16 16:52:12.060 1153 1153 I SystemServerTiming: OnBootPhase_480_com.android.server.PersistentDataBlockService
08-16 16:52:12.060 1153 1153 D SystemServerTiming: OnBootPhase_480_com.android.server.PersistentDataBlockService took to complete: 0ms
08-16 16:52:12.060 1153 1153 I SystemServerTiming: OnBootPhase_480_com.android.server.testharness.TestHarnessModeService
08-16 16:52:12.060 1153 1153 D SystemServerTiming: OnBootPhase_480_com.android.server.testharness.TestHarnessModeService took to complete: 0ms
08-16 16:52:12.060 1153 1153 I SystemServerTiming: OnBootPhase_480_com.android.server.oemlock.OemLockService
08-16 16:52:12.060 1153 1153 D SystemServerTiming: OnBootPhase_480_com.android.server.oemlock.OemLockService took to complete: 0ms
