01-01 05:04:10.855 0 0 I : dump_stack+0xd8/0x12c
01-01 05:04:10.855 0 0 I : register_lock_class+0x4d0/0x5c8
01-01 05:04:10.855 0 0 I : __lock_acquire+0xbc/0x1e58
01-01 05:04:10.855 0 0 I : lock_acquire+0x1cc/0x218
01-01 05:04:10.855 0 0 I : _raw_spin_lock_irqsave+0x54/0x98
01-01 05:04:10.855 0 0 I : ion_system_secure_heap_prefetch_work+0x94/0x2c0
01-01 05:04:10.855 0 0 I : process_one_work+0x38c/0x660
01-01 05:04:10.855 0 0 I : worker_thread+0x268/0x4b8
01-01 05:04:10.855 0 0 I : kthread+0x140/0x150
01-01 05:04:10.855 0 0 I : ret_from_fork+0x10/0x1c
01-01 05:04:10.857 0 0 I msm_vidc: high: 00000001: vp8d: Closed video instance: ffffffe84370c000
01-01 05:04:10.858 0 0 E : INFO: trying to register non-static key.
01-01 05:04:10.863 0 0 E : the code is fine but needs lockdep annotation.
01-01 05:04:10.869 0 0 I : CPU: 2 PID: 482 Comm: kworker/u16:16 Tainted: G S W O 4.19.157+ #1
01-01 05:04:10.869 0 0 I Hardware name: Qualcomm Technologies, Inc. kona MTP-RmPM8150b (DT)
01-01 05:04:10.869 0 0 I Workqueue: events_unbound ion_system_secure_heap_prefetch_work
01-01 05:04:10.869 0 0 I Call trace:
01-01 05:04:10.869 0 0 I : dump_backtrace+0x0/0x258
01-01 05:04:10.869 0 0 I : show_stack+0x20/0x30
01-01 05:04:10.869 0 0 I : dump_stack+0xd8/0x12c
01-01 05:04:10.869 0 0 I : register_lock_class+0x4d0/0x5c8
01-01 05:04:10.869 0 0 I : __lock_acquire+0xbc/0x1e58
01-01 05:04:10.869 0 0 I : lock_acquire+0x1cc/0x218
01-01 05:04:10.869 0 0 I : _raw_spin_lock_irqsave+0x54/0x98
01-01 05:04:10.869 0 0 I : ion_system_secure_heap_prefetch_work+0x94/0x2c0
01-01 05:04:10.869 0 0 I : process_one_work+0x38c/0x660
01-01 05:04:10.869 0 0 I : worker_thread+0x268/0x4b8
01-01 05:04:10.869 0 0 I : kthread+0x140/0x150
01-01 05:04:10.869 0 0 I : ret_from_fork+0x10/0x1c
01-01 05:04:10.872 0 0 E : INFO: trying to register non-static key.
01-01 05:04:10.877 0 0 E : the code is fine but needs lockdep annotation.
01-01 05:04:10.882 0 0 I : CPU: 2 PID: 482 Comm: kworker/u16:16 Tainted: G S W O 4.19.157+ #1
01-01 05:04:10.882 0 0 I Hardware name: Qualcomm Technologies, Inc. kona MTP-RmPM8150b (DT)
01-01 05:04:10.882 0 0 I Workqueue: events_unbound ion_system_secure_heap_prefetch_work
01-01 05:04:10.882 0 0 I Call trace:
01-01 05:04:10.882 0 0 I : dump_backtrace+0x0/0x258
01-01 05:04:10.882 0 0 I : show_stack+0x20/0x30
01-01 05:04:10.882 0 0 I : dump_stack+0xd8/0x12c
01-01 05:04:10.882 0 0 I : register_lock_class+0x4d0/0x5c8
01-01 05:04:10.882 0 0 I : __lock_acquire+0xbc/0x1e58
01-01 05:04:10.882 0 0 I : lock_acquire+0x1cc/0x218
01-01 05:04:10.882 0 0 I : _raw_spin_lock_irqsave+0x54/0x98
01-01 05:04:10.882 0 0 I : ion_system_secure_heap_prefetch_work+0x94/0x2c0
01-01 05:04:10.882 0 0 I : process_one_work+0x38c/0x660
01-01 05:04:10.882 0 0 I : worker_thread+0x268/0x4b8
01-01 05:04:10.882 0 0 I : kthread+0x140/0x150
01-01 05:04:10.882 0 0 I : ret_from_fork+0x10/0x1c
01-01 05:04:10.885 0 0 E : INFO: trying to register non-static key.
01-01 05:04:10.890 0 0 E : the code is fine but needs lockdep annotation.
01-01 05:04:10.896 0 0 I : CPU: 2 PID: 482 Comm: kworker/u16:16 Tainted: G S W O 4.19.157+ #1
01-01 05:04:10.896 0 0 I Hardware name: Qualcomm Technologies, Inc. kona MTP-RmPM8150b (DT)
01-01 05:04:10.896 0 0 I Workqueue: events_unbound ion_system_secure_heap_prefetch_work
01-01 05:04:10.896 0 0 I Call trace:
01-01 05:04:10.896 0 0 I : dump_backtrace+0x0/0x258
01-01 05:04:10.896 0 0 I : show_stack+0x20/0x30
01-01 05:04:10.896 0 0 I : dump_stack+0xd8/0x12c
01-01 05:04:10.896 0 0 I : register_lock_class+0x4d0/0x5c8
01-01 05:04:10.896 0 0 I : __lock_acquire+0xbc/0x1e58
01-01 05:04:10.896 0 0 I : lock_acquire+0x1cc/0x218
01-01 05:04:10.896 0 0 I : _raw_spin_lock_irqsave+0x54/0x98
01-01 05:04:10.896 0 0 I : ion_system_secure_heap_prefetch_work+0x94/0x2c0
01-01 05:04:10.896 0 0 I : process_one_work+0x38c/0x660
01-01 05:04:10.896 0 0 I : worker_thread+0x268/0x4b8
01-01 05:04:10.896 0 0 I : kthread+0x140/0x150
01-01 05:04:10.896 0 0 I : ret_from_fork+0x10/0x1c
01-01 05:04:10.899 0 0 E : INFO: trying to register non-static key.
01-01 05:04:10.904 0 0 E : the code is fine but needs lockdep annotation.
01-01 05:04:10.909 0 0 I : CPU: 2 PID: 482 Comm: kworker/u16:16 Tainted: G S W O 4.19.157+ #1
01-01 05:04:10.909 0 0 I Hardware name: Qualcomm Technologies, Inc. kona MTP-RmPM8150b (DT)
01-01 05:04:10.909 0 0 I Workqueue: events_unbound ion_system_secure_heap_prefetch_work
01-01 05:04:10.909 0 0 I Call trace:
01-01 05:04:10.909 0 0 I : dump_backtrace+0x0/0x258
01-01 05:04:10.909 0 0 I : show_stack+0x20/0x30
01-01 05:04:10.909 0 0 I : dump_stack+0xd8/0x12c
01-01 05:04:10.909 0 0 I : register_lock_class+0x4d0/0x5c8
01-01 05:04:10.909 0 0 I : __lock_acquire+0xbc/0x1e58
01-01 05:04:10.909 0 0 I : lock_acquire+0x1cc/0x218
01-01 05:04:10.909 0 0 I : _raw_spin_lock_irqsave+0x54/0x98
01-01 05:04:10.909 0 0 I : ion_system_secure_heap_prefetch_work+0x94/0x2c0
01-01 05:04:10.909 0 0 I : process_one_work+0x38c/0x660
01-01 05:04:10.909 0 0 I : worker_thread+0x268/0x4b8
01-01 05:04:10.909 0 0 I : kthread+0x140/0x150
01-01 05:04:10.909 0 0 I : ret_from_fork+0x10/0x1c
01-01 05:04:10.911 0 0 E bt_ioctl: BT_CMD_PWR_CTRL pwr_cntrl:0
01-01 05:04:10.912 0 0 E : INFO: trying to register non-static key.
01-01 05:04:10.917 0 0 E bt_ioctl: BT state already:0 no change done
01-01 05:04:10.921 0 0 E : the code is fine but needs lockdep annotation.
01-01 05:04:10.921 0 0 I : CPU: 2 PID: 482 Comm: kworker/u16:16 Tainted: G S W O 4.19.157+ #1
01-01 05:04:10.921 0 0 I Hardware name: Qualcomm Technologies, Inc. kona MTP-RmPM8150b (DT)
01-01 05:04:10.921 0 0 I Workqueue: events_unbound ion_system_secure_heap_prefetch_work
01-01 05:04:10.921 0 0 I Call trace:
01-01 05:04:10.921 0 0 I : dump_backtrace+0x0/0x258
01-01 05:04:10.921 0 0 I : show_stack+0x20/0x30
01-01 05:04:10.921 0 0 I : dump_stack+0xd8/0x12c
01-01 05:04:10.921 0 0 I : register_lock_class+0x4d0/0x5c8
01-01 05:04:10.921 0 0 I : __lock_acquire+0xbc/0x1e58
01-01 05:04:10.921 0 0 I : lock_acquire+0x1cc/0x218
01-01 05:04:10.921 0 0 I : _raw_spin_lock_irqsave+0x54/0x98
01-01 05:04:10.921 0 0 I : ion_system_secure_heap_prefetch_work+0x94/0x2c0
01-01 05:04:10.921 0 0 I : process_one_work+0x38c/0x660
01-01 05:04:10.921 0 0 I : worker_thread+0x268/0x4b8
01-01 05:04:10.921 0 0 I : kthread+0x140/0x150
01-01 05:04:10.921 0 0 I : ret_from_fork+0x10/0x1c
01-01 05:04:10.927 0 0 E : INFO: trying to register non-static key.
01-01 05:04:10.939 0 0 E : the code is fine but needs lockdep annotation.
01-01 05:04:10.939 0 0 E bt_ioctl: BT_CMD_PWR_CTRL pwr_cntrl:1
01-01 05:04:10.941 0 0 I binder : 2301:2301 ioctl 40046210 7fd93f2444 returned -22
01-01 05:04:10.945 0 0 I : CPU: 2 PID: 482 Comm: kworker/u16:16 Tainted: G S W O 4.19.157+ #1
01-01 05:04:10.945 0 0 I Hardware name: Qualcomm Technologies, Inc. kona MTP-RmPM8150b (DT)
01-01 05:04:10.945 0 0 I Workqueue: events_unbound ion_system_secure_heap_prefetch_work
01-01 05:04:10.945 0 0 I Call trace:
01-01 05:04:10.945 0 0 I : dump_backtrace+0x0/0x258
01-01 05:04:10.945 0 0 I : show_stack+0x20/0x30
01-01 05:04:10.945 0 0 I : dump_stack+0xd8/0x12c
01-01 05:04:10.945 0 0 I : register_lock_class+0x4d0/0x5c8
01-01 05:04:10.945 0 0 I : __lock_acquire+0xbc/0x1e58
01-01 05:04:10.945 0 0 I : lock_acquire+0x1cc/0x218
01-01 05:04:10.945 0 0 I : _raw_spin_lock_irqsave+0x54/0x98
01-01 05:04:10.945 0 0 I : ion_system_secure_heap_prefetch_work+0x94/0x2c0
01-01 05:04:10.945 0 0 I : process_one_work+0x38c/0x660
01-01 05:04:10.945 0 0 I : worker_thread+0x268/0x4b8
01-01 05:04:10.945 0 0 I : kthread+0x140/0x150
01-01 05:04:10.945 0 0 I : ret_from_fork+0x10/0x1c
01-01 05:04:10.947 0 0 E : INFO: trying to register non-static key.
01-01 05:04:10.955 0 0 E : the code is fine but needs lockdep annotation.
01-01 05:04:10.960 0 0 I : CPU: 2 PID: 482 Comm: kworker/u16:16 Tainted: G S W O 4.19.157+ #1
01-01 05:04:10.960 0 0 I bt_power vendor: bt_qca6390: Linked as a consumer to regulator.9
01-01 05:04:10.960 0 0 I Hardware name: Qualcomm Technologies, Inc. kona MTP-RmPM8150b (DT)
01-01 05:04:10.960 0 0 I Workqueue: events_unbound ion_system_secure_heap_prefetch_work
01-01 05:04:10.960 0 0 I Call trace:
01-01 05:04:10.960 0 0 I : dump_backtrace+0x0/0x258
01-01 05:04:10.960 0 0 I : show_stack+0x20/0x30
01-01 05:04:10.960 0 0 I : dump_stack+0xd8/0x12c
01-01 05:04:10.960 0 0 I : register_lock_class+0x4d0/0x5c8
01-01 05:04:10.960 0 0 I : __lock_acquire+0xbc/0x1e58
01-01 05:04:10.960 0 0 I : lock_acquire+0x1cc/0x218
01-01 05:04:10.960 0 0 I : _raw_spin_lock_irqsave+0x54/0x98
01-01 05:04:10.961 0 0 I : ion_system_secure_heap_prefetch_work+0x94/0x2c0
01-01 05:04:10.961 0 0 I : process_one_work+0x38c/0x660
01-01 05:04:10.961 0 0 I : worker_thread+0x268/0x4b8
01-01 05:04:10.961 0 0 I : kthread+0x140/0x150
01-01 05:04:10.961 0 0 I : ret_from_fork+0x10/0x1c
01-01 05:04:10.961 0 0 E bt_vreg_enable: vreg_en successful for : qca,bt-vdd-aon
01-01 05:04:10.970 0 0 I bt_power vendor: bt_qca6390: Linked as a consumer to regulator.51
01-01 05:04:10.971 0 0 E bt_vreg_enable: vreg_en successful for : qca,bt-vdd-dig
01-01 05:04:10.981 0 0 I bt_power vendor: bt_qca6390: Linked as a consumer to regulator.8
01-01 05:04:10.981 0 0 E bt_vreg_enable: vreg_en successful for : qca,bt-vdd-rfa1
01-01 05:04:10.989 0 0 I bt_power vendor: bt_qca6390: Linked as a consumer to regulator.36
01-01 05:04:10.989 0 0 E bt_vreg_enable: vreg_en successful for : qca,bt-vdd-rfa2
01-01 05:04:10.997 0 0 I bt_power vendor: bt_qca6390: Linked as a consumer to regulator.27
01-01 05:04:11.001 0 0 E bt_vreg_enable: vreg_en successful for : qca,bt-vdd-asd
01-01 05:04:11.011 0 0 I msm_vidc: high: 00000001: ....d: Opening video instance: ffffffe84c2f8000, 1
01-01 05:04:11.028 0 0 I [kworke][0x50ecae58][16:52:15.129676] wlan: [483:I:DP] Peer pool init
01-01 05:04:11.028 0 0 W [kworke][0x50ecbae5][16:52:15.129844] wlan: [483:W:DP] dp_rx_pdev_mon_attach: pdev attach id=0
01-01 05:04:11.031 0 0 I msm_vidc: high: 00000001: vp9d: Closed video instance: ffffffe84c2f8000
01-01 05:04:11.063 0 0 D cnss : Assign MSI to user: DP, num_vectors: 18, user_base_data: 814, base_vector: 14
01-01 05:04:11.063 0 0 D cnss : Get IRQ number 426 for vector index 14
01-01 05:04:11.063 0 0 D cnss : Assign MSI to user: DP, num_vectors: 18, user_base_data: 814, base_vector: 14
01-01 05:04:11.063 0 0 D cnss : Get IRQ number 427 for vector index 15
01-01 05:04:11.063 0 0 D cnss : Assign MSI to user: DP, num_vectors: 18, user_base_data: 814, base_vector: 14
01-01 05:04:11.063 0 0 D cnss : Get IRQ number 428 for vector index 16
01-01 05:04:11.063 0 0 D cnss : Assign MSI to user: DP, num_vectors: 18, user_base_data: 814, base_vector: 14
01-01 05:04:11.063 0 0 D cnss : Get IRQ number 429 for vector index 17
01-01 05:04:11.063 0 0 D cnss : Assign MSI to user: DP, num_vectors: 18, user_base_data: 814, base_vector: 14
01-01 05:04:11.063 0 0 D cnss : Assign MSI to user: DP, num_vectors: 18, user_base_data: 814, base_vector: 14
01-01 05:04:11.063 0 0 D cnss : Get IRQ number 431 for vector index 19
01-01 05:04:11.063 0 0 D cnss : Assign MSI to user: DP, num_vectors: 18, user_base_data: 814, base_vector: 14
01-01 05:04:11.063 0 0 D cnss : Get IRQ number 432 for vector index 20
01-01 05:04:11.066 0 0 I bt_configure_gpios: BTON:Turn Bt Off bt-reset-gpio(1121) value(0)
01-01 05:04:11.066 0 0 I bt_configure_gpios: BTON:Turn Bt Off
01-01 05:04:11.066 0 0 I bt_configure_gpios: bt-sw-ctrl-gpio(1224) value(1)
01-01 05:04:11.066 0 0 I bt_enable_bt_reset_gpios_safely: bt_enable_bt_reset_gpios_safely: BTON:Turn Bt On
01-01 05:04:11.066 0 0 I bt_enable_bt_reset_gpios_safely: bt_enable_bt_reset_gpios_safely: wl-reset-gpio(1120) value(1)
01-01 05:04:11.066 0 0 I bt_enable_bt_reset_gpios_safely: bt_enable_bt_reset_gpios_safely: BTON: Asserting BT_EN
01-01 05:04:11.076 0 0 I binder : 2262:2262 ioctl 40046210 7fd93f13f4 returned -22
01-01 05:04:11.089 0 0 I msm_vidc: high: 00000001: ....d: Opening video instance: ffffffe86225c000, 1
01-01 05:04:11.090 0 0 E [kworke][0x50feec37][16:52:15.191943] wlan: [483:E:HIF] hif_pci_ce_irq_set_affinity_hint: 3708: Unable to set cpu mask for offline CPU 0
01-01 05:04:11.094 0 0 E : INFO: trying to register non-static key.
01-01 05:04:11.100 0 0 E : INFO: trying to register non-static key.
01-01 05:04:11.100 0 0 E : the code is fine but needs lockdep annotation.
01-01 05:04:11.100 0 0 I : CPU: 6 PID: 2350 Comm: VideoDecMsgThre Tainted: G S W O 4.19.157+ #1
01-01 05:04:11.100 0 0 I Hardware name: Qualcomm Technologies, Inc. kona MTP-RmPM8150b (DT)
01-01 05:04:11.100 0 0 I Call trace:
01-01 05:04:11.100 0 0 I : dump_backtrace+0x0/0x258
01-01 05:04:11.100 0 0 I : show_stack+0x20/0x30
01-01 05:04:11.100 0 0 I : dump_stack+0xd8/0x12c
01-01 05:04:11.100 0 0 I : register_lock_class+0x4d0/0x5c8
01-01 05:04:11.100 0 0 I : __lock_acquire+0xbc/0x1e58
01-01 05:04:11.100 0 0 I : lock_acquire+0x1cc/0x218
01-01 05:04:11.100 0 0 I : _raw_spin_lock_irqsave+0x54/0x98
01-01 05:04:11.100 0 0 I : __ion_system_secure_heap_resize+0x768/0x8c0
01-01 05:04:11.100 0 0 I : ion_system_secure_heap_prefetch+0x28/0x38
01-01 05:04:11.100 0 0 I : ion_walk_heaps+0x88/0xb8
01-01 05:04:11.100 0 0 I : ion_ioctl+0x1b0/0x2a8
01-01 05:04:11.100 0 0 I : __arm64_compat_sys_ioctl+0xf4/0x240
01-01 05:04:11.100 0 0 I : el0_svc_common+0xa4/0x190
01-01 05:04:11.100 0 0 I : el0_svc_compat_handler+0x28/0x38
01-01 05:04:11.100 0 0 I : el0_svc_compat+0x8/0x34
01-01 05:04:11.101 0 0 E : INFO: trying to register non-static key.
01-01 05:04:11.101 0 0 E : the code is fine but needs lockdep annotation.
01-01 05:04:11.101 0 0 I : CPU: 6 PID: 2350 Comm: VideoDecMsgThre Tainted: G S W O 4.19.157+ #1
01-01 05:04:11.101 0 0 I Hardware name: Qualcomm Technologies, Inc. kona MTP-RmPM8150b (DT)
01-01 05:04:11.101 0 0 I Call trace:
01-01 05:04:11.101 0 0 I : dump_backtrace+0x0/0x258
01-01 05:04:11.101 0 0 I : show_stack+0x20/0x30
01-01 05:04:11.101 0 0 I : dump_stack+0xd8/0x12c
01-01 05:04:11.101 0 0 I : register_lock_class+0x4d0/0x5c8
01-01 05:04:11.101 0 0 I : __lock_acquire+0xbc/0x1e58
01-01 05:04:11.101 0 0 I : lock_acquire+0x1cc/0x218
01-01 05:04:11.101 0 0 I : _raw_spin_lock_irqsave+0x54/0x98
01-01 05:04:11.101 0 0 I : __ion_system_secure_heap_resize+0x768/0x8c0
01-01 05:04:11.101 0 0 I : ion_system_secure_heap_prefetch+0x28/0x38
01-01 05:04:11.101 0 0 I : ion_walk_heaps+0x88/0xb8
01-01 05:04:11.101 0 0 I : ion_ioctl+0x1b0/0x2a8
01-01 05:04:11.101 0 0 I : __arm64_compat_sys_ioctl+0xf4/0x240
01-01 05:04:11.101 0 0 I : el0_svc_common+0xa4/0x190
01-01 05:04:11.101 0 0 I : el0_svc_compat_handler+0x28/0x38
01-01 05:04:11.101 0 0 I : el0_svc_compat+0x8/0x34
01-01 05:04:11.113 0 0 I [kworke][0x51057043][16:52:15.214182] wlan: [1008:I:WMA] wma_rx_service_ready_event: Firmware build version : 101a0521
01-01 05:04:11.114 0 0 E : the code is fine but needs lockdep annotation.
01-01 05:04:11.114 0 0 I : CPU: 2 PID: 482 Comm: kworker/u16:16 Tainted: G S W O 4.19.157+ #1
01-01 05:04:11.114 0 0 I Hardware name: Qualcomm Technologies, Inc. kona MTP-RmPM8150b (DT)
01-01 05:04:11.114 0 0 I Workqueue: events_unbound ion_system_secure_heap_prefetch_work
01-01 05:04:11.114 0 0 I Call trace:
01-01 05:04:11.114 0 0 I : dump_backtrace+0x0/0x258
01-01 05:04:11.114 0 0 I : show_stack+0x20/0x30
01-01 05:04:11.114 0 0 I : dump_stack+0xd8/0x12c
01-01 05:04:11.114 0 0 I : register_lock_class+0x4d0/0x5c8
01-01 05:04:11.114 0 0 I : __lock_acquire+0xbc/0x1e58
01-01 05:04:11.114 0 0 I : lock_acquire+0x1cc/0x218
01-01 05:04:11.114 0 0 I : _raw_spin_lock_irqsave+0x54/0x98
01-01 05:04:11.114 0 0 I : ion_system_secure_heap_prefetch_work+0x94/0x2c0
01-01 05:04:11.116 0 0 I binder : 2338:2338 ioctl 40046210 7fd93f2444 returned -22
01-01 05:04:11.119 0 0 E : INFO: trying to register non-static key.
01-01 05:04:11.119 0 0 E : the code is fine but needs lockdep annotation.
01-01 05:04:11.122 0 0 I bt_configure_gpios: BTON:Turn Bt On bt-reset-gpio(1121) value(1)
01-01 05:04:11.125 0 0 I : process_one_work+0x38c/0x660
01-01 05:04:11.125 0 0 I : worker_thread+0x268/0x4b8
01-01 05:04:11.131 0 0 I bt_configure_gpios: BTON:Turn Bt On
01-01 05:04:11.137 0 0 I : kthread+0x140/0x150
01-01 05:04:11.137 0 0 I : ret_from_fork+0x10/0x1c
01-01 05:04:11.137 0 0 I : CPU: 7 PID: 1345 Comm: HwBinder:1303_1 Tainted: G S W O 4.19.157+ #1
01-01 05:04:11.137 0 0 I Hardware name: Qualcomm Technologies, Inc. kona MTP-RmPM8150b (DT)
01-01 05:04:11.137 0 0 I Call trace:
01-01 05:04:11.137 0 0 I : dump_backtrace+0x0/0x258
01-01 05:04:11.137 0 0 I : show_stack+0x20/0x30
01-01 05:04:11.137 0 0 I : dump_stack+0xd8/0x12c
01-01 05:04:11.137 0 0 I : register_lock_class+0x4d0/0x5c8
01-01 05:04:11.137 0 0 I : __lock_acquire+0xbc/0x1e58
01-01 05:04:11.137 0 0 I : lock_acquire+0x1cc/0x218
01-01 05:04:11.137 0 0 I : _raw_spin_lock_irqsave+0x54/0x98
01-01 05:04:11.137 0 0 I : __ion_system_secure_heap_resize+0x768/0x8c0
01-01 05:04:11.137 0 0 I : ion_system_secure_heap_drain+0x28/0x38
01-01 05:04:11.137 0 0 I : ion_walk_heaps+0x88/0xb8
01-01 05:04:11.137 0 0 I : ion_ioctl+0x1b0/0x2a8
01-01 05:04:11.137 0 0 I : __arm64_compat_sys_ioctl+0xf4/0x240
01-01 05:04:11.137 0 0 I : el0_svc_common+0xa4/0x190
01-01 05:04:11.137 0 0 I : el0_svc_compat_handler+0x28/0x38
01-01 05:04:11.137 0 0 I : el0_svc_compat+0x8/0x34
01-01 05:04:11.137 0 0 I [kworke][0x510c87e0][16:52:15.238390] wlan: [1008:I:WMA] wma_rx_service_ready_event: Board id: 0, Board version: 8 0 0 0 6
01-01 05:04:11.138 0 0 E : INFO: trying to register non-static key.
01-01 05:04:11.144 0 0 I bt_configure_gpios: bt-sw-ctrl-gpio(1224) value(1)
01-01 05:04:11.148 0 0 E : the code is fine but needs lockdep annotation.
01-01 05:04:11.148 0 0 I : CPU: 7 PID: 1345 Comm: HwBinder:1303_1 Tainted: G S W O 4.19.157+ #1
01-01 05:04:11.148 0 0 I Hardware name: Qualcomm Technologies, Inc. kona MTP-RmPM8150b (DT)
01-01 05:04:11.148 0 0 I Call trace:
01-01 05:04:11.148 0 0 I : dump_backtrace+0x0/0x258
01-01 05:04:11.148 0 0 I : show_stack+0x20/0x30
01-01 05:04:11.148 0 0 I : dump_stack+0xd8/0x12c
01-01 05:04:11.148 0 0 I : register_lock_class+0x4d0/0x5c8
01-01 05:04:11.148 0 0 I : __lock_acquire+0xbc/0x1e58
01-01 05:04:11.148 0 0 I : lock_acquire+0x1cc/0x218
01-01 05:04:11.148 0 0 I : _raw_spin_lock_irqsave+0x54/0x98
01-01 05:04:11.148 0 0 I : __ion_system_secure_heap_resize+0x768/0x8c0
01-01 05:04:11.148 0 0 I : ion_system_secure_heap_drain+0x28/0x38
01-01 05:04:11.148 0 0 I : ion_walk_heaps+0x88/0xb8
01-01 05:04:11.148 0 0 I : ion_ioctl+0x1b0/0x2a8
01-01 05:04:11.148 0 0 I : __arm64_compat_sys_ioctl+0xf4/0x240
01-01 05:04:11.148 0 0 I : el0_svc_common+0xa4/0x190
01-01 05:04:11.148 0 0 I : el0_svc_compat_handler+0x28/0x38
01-01 05:04:11.148 0 0 I : el0_svc_compat+0x8/0x34
01-01 05:04:11.152 0 0 I [kworke][0x51111114][16:52:15.253873] wlan: [1008:I:WMA] wma_is_dbs_mandatory: 5417: MAC0 does not support both bands 2 DBS is mandatory
01-01 05:04:11.153 0 0 I bt_configure_gpios: bt_gpio= 1121 on: 1 is successful
01-01 05:04:11.154 0 0 I msm_vidc: high: 00000001: vp9d: Closed video instance: ffffffe86225c000
01-01 05:04:11.157 0 0 E : INFO: trying to register non-static key.
01-01 05:04:11.157 0 0 E : the code is fine but needs lockdep annotation.
01-01 05:04:11.157 0 0 I : CPU: 2 PID: 482 Comm: kworker/u16:16 Tainted: G S W O 4.19.157+ #1
01-01 05:04:11.157 0 0 I Hardware name: Qualcomm Technologies, Inc. kona MTP-RmPM8150b (DT)
01-01 05:04:11.157 0 0 I Workqueue: events_unbound ion_system_secure_heap_prefetch_work
01-01 05:04:11.157 0 0 I Call trace:
01-01 05:04:11.157 0 0 I : dump_backtrace+0x0/0x258
01-01 05:04:11.157 0 0 I : show_stack+0x20/0x30
01-01 05:04:11.157 0 0 I : dump_stack+0xd8/0x12c
01-01 05:04:11.157 0 0 I : register_lock_class+0x4d0/0x5c8
01-01 05:04:11.157 0 0 I : __lock_acquire+0xbc/0x1e58
01-01 05:04:11.157 0 0 I : lock_acquire+0x1cc/0x218
01-01 05:04:11.157 0 0 I : _raw_spin_lock_irqsave+0x54/0x98
01-01 05:04:11.157 0 0 I : ion_system_secure_heap_prefetch_work+0x94/0x2c0
01-01 05:04:11.157 0 0 I : process_one_work+0x38c/0x660
01-01 05:04:11.157 0 0 I : worker_thread+0x268/0x4b8
01-01 05:04:11.157 0 0 I : kthread+0x140/0x150
01-01 05:04:11.157 0 0 I : ret_from_fork+0x10/0x1c
01-01 05:04:11.161 0 0 E [kworke][0x51138915][16:52:15.262299] wlan: [1008:E:QDF] copy_fw_abi_version_tlv: 6979: copy_fw_abi_version_tlv: INIT_CMD version: 1, 0, 0x5f414351, 0x4c4d, 0x0, 0x0
01-01 05:04:11.177 0 0 E : INFO: trying to register non-static key.
01-01 05:04:11.192 0 0 E : the code is fine but needs lockdep annotation.
08-16 16:52:15.136 1153 1324 W ActivityManager: Slow operation: 1847ms so far, now at startProcess: returned from zygote!
08-16 16:52:15.137 1153 1324 W ActivityManager: Slow operation: 1865ms so far, now at startProcess: done updating battery stats
08-16 16:52:15.137 1153 1324 I am_proc_start: [0,2338,10085,com.qualcomm.qti.devicestatisticsservice,added application,com.qualcomm.qti.devicestatisticsservice]
08-16 16:52:15.138 1153 1324 W ActivityManager: Slow operation: 1865ms so far, now at startProcess: building log message
08-16 16:52:15.138 1153 1324 I ActivityManager: Start proc 2338:com.qualcomm.qti.devicestatisticsservice/u0a85 for added application com.qualcomm.qti.devicestatisticsservice
08-16 16:52:15.138 1153 1324 W ActivityManager: Slow operation: 1865ms so far, now at startProcess: starting to update pids map
01-01 05:04:11.197 0 0 I : CPU: 0 PID: 482 Comm: kworker/u16:16 Tainted: G S W O 4.19.157+ #1
01-01 05:04:11.197 0 0 I Hardware name: Qualcomm Technologies, Inc. kona MTP-RmPM8150b (DT)
01-01 05:04:11.197 0 0 I Workqueue: events_unbound ion_system_secure_heap_prefetch_work
01-01 05:04:11.197 0 0 I Call trace:
01-01 05:04:11.197 0 0 I : dump_backtrace+0x0/0x258
01-01 05:04:11.197 0 0 I : show_stack+0x20/0x30
01-01 05:04:11.197 0 0 I : dump_stack+0xd8/0x12c
08-16 16:52:15.138 1153 1324 W ActivityManager: Slow operation: 1866ms so far, now at startProcess: done updating pids map
01-01 05:04:11.197 0 0 I : register_lock_class+0x4d0/0x5c8
01-01 05:04:11.197 0 0 I : __lock_acquire+0xbc/0x1e58
01-01 05:04:11.197 0 0 I : lock_acquire+0x1cc/0x218
01-01 05:04:11.197 0 0 I : _raw_spin_lock_irqsave+0x54/0x98
01-01 05:04:11.197 0 0 I : ion_system_secure_heap_prefetch_work+0x94/0x2c0
01-01 05:04:11.197 0 0 I : process_one_work+0x38c/0x660
01-01 05:04:11.197 0 0 I : worker_thread+0x268/0x4b8
01-01 05:04:11.197 0 0 I : kthread+0x140/0x150
01-01 05:04:11.197 0 0 I : ret_from_fork+0x10/0x1c
08-16 16:52:15.138 1153 1324 W ActivityManager: Slow operation: 1864ms so far, now at startProcess: asking zygote to start proc
08-16 16:52:15.149 1153 1250 I DropBoxManagerService: add tag=system_server_strictmode isTagEnabled=true flags=0x2
08-16 16:52:15.151 1153 1250 I DropBoxManagerService: add tag=system_server_strictmode isTagEnabled=true flags=0x2
08-16 16:52:15.156 1153 1250 I DropBoxManagerService: add tag=system_app_strictmode isTagEnabled=true flags=0x2
08-16 16:52:15.164 1153 1250 I DropBoxManagerService: add tag=system_app_strictmode isTagEnabled=true flags=0x2
08-16 16:52:15.170 1153 1250 I DropBoxManagerService: add tag=system_app_strictmode isTagEnabled=true flags=0x2
08-16 16:52:15.183 1153 1250 I DropBoxManagerService: add tag=system_app_strictmode isTagEnabled=true flags=0x2
08-16 16:52:15.231 1153 1178 I am_proc_bound: [0,2338,com.qualcomm.qti.devicestatisticsservice]
08-16 16:52:15.232 1153 1178 D CompatibilityChangeReporter: Compat change id reported: 168419799; UID 10085; state: DISABLED
08-16 16:52:15.233 1153 1178 I am_uid_active: 10085
01-01 05:04:11.219 0 0 E : INFO: trying to register non-static key.
01-01 05:04:11.223 0 0 I msm_vidc: high: 00000001: ....e: Opening video instance: ffffffe8d6ddc000, 0
01-01 05:04:11.224 0 0 E : the code is fine but needs lockdep annotation.
01-01 05:04:11.224 0 0 I : CPU: 3 PID: 482 Comm: kworker/u16:16 Tainted: G S W O 4.19.157+ #1
01-01 05:04:11.230 0 0 I Hardware name: Qualcomm Technologies, Inc. kona MTP-RmPM8150b (DT)
01-01 05:04:11.230 0 0 I Workqueue: events_unbound ion_system_secure_heap_prefetch_work
01-01 05:04:11.230 0 0 I Call trace:
01-01 05:04:11.230 0 0 I : dump_backtrace+0x0/0x258
01-01 05:04:11.230 0 0 I : show_stack+0x20/0x30
01-01 05:04:11.230 0 0 I : dump_stack+0xd8/0x12c
01-01 05:04:11.230 0 0 I : register_lock_class+0x4d0/0x5c8
01-01 05:04:11.230 0 0 I : __lock_acquire+0xbc/0x1e58
01-01 05:04:11.230 0 0 I : lock_acquire+0x1cc/0x218
01-01 05:04:11.230 0 0 I : _raw_spin_lock_irqsave+0x54/0x98
01-01 05:04:11.230 0 0 I : ion_system_secure_heap_prefetch_work+0x94/0x2c0
01-01 05:04:11.230 0 0 I : process_one_work+0x38c/0x660
01-01 05:04:11.230 0 0 I : worker_thread+0x268/0x4b8
01-01 05:04:11.230 0 0 I : kthread+0x140/0x150
01-01 05:04:11.230 0 0 I : ret_from_fork+0x10/0x1c
01-01 05:04:11.231 0 0 E bt_ioctl: unified Current SOC Version : 400a0200
08-16 16:52:15.294 1153 1324 W ActivityManager: Slow operation: 2019ms so far, now at startProcess: returned from zygote!
08-16 16:52:15.294 1153 1324 W ActivityManager: Slow operation: 2019ms so far, now at startProcess: done updating battery stats
08-16 16:52:15.294 1153 1324 I am_proc_start: [0,2373,1001,com.android.phone,added application,com.android.phone]
08-16 16:52:15.294 1153 1324 I Watchdog: Interesting Java process com.android.phone started. Pid 2373
08-16 16:52:15.294 1153 1324 W ActivityManager: Slow operation: 2020ms so far, now at startProcess: building log message
08-16 16:52:15.294 1153 1324 I ActivityManager: Start proc 2373:com.android.phone/1001 for added application com.android.phone
08-16 16:52:15.294 1153 1324 W ActivityManager: Slow operation: 2020ms so far, now at startProcess: starting to update pids map
08-16 16:52:15.295 1153 1324 W ActivityManager: Slow operation: 2020ms so far, now at startProcess: done updating pids map
08-16 16:52:15.295 1153 1324 W ActivityManager: Slow operation: 2019ms so far, now at startProcess: asking zygote to start proc
08-16 16:52:15.343 1153 1324 W ActivityManager: Slow operation: 2067ms so far, now at startProcess: returned from zygote!
08-16 16:52:15.344 1153 1324 W ActivityManager: Slow operation: 2068ms so far, now at startProcess: done updating battery stats
08-16 16:52:15.344 1153 1324 I am_proc_start: [0,2380,1000,com.qualcomm.qti.qdma,added application,com.qualcomm.qti.qdma]
08-16 16:52:15.344 1153 1324 W ActivityManager: Slow operation: 2068ms so far, now at startProcess: building log message
08-16 16:52:15.344 1153 1324 I ActivityManager: Start proc 2380:com.qualcomm.qti.qdma/1000 for added application com.qualcomm.qti.qdma
08-16 16:52:15.344 1153 1324 W ActivityManager: Slow operation: 2068ms so far, now at startProcess: starting to update pids map
08-16 16:52:15.345 1153 1324 W ActivityManager: Slow operation: 2069ms so far, now at startProcess: done updating pids map
08-16 16:52:15.345 1153 1324 W ActivityManager: Slow operation: 1877ms so far, now at startProcess: asking zygote to start proc
01-01 05:04:11.248 0 0 E : INFO: trying to register non-static key.
01-01 05:04:11.253 0 0 E : the code is fine but needs lockdep annotation.
01-01 05:04:11.259 0 0 I : CPU: 3 PID: 482 Comm: kworker/u16:16 Tainted: G S W O 4.19.157+ #1
01-01 05:04:11.259 0 0 I Hardware name: Qualcomm Technologies, Inc. kona MTP-RmPM8150b (DT)
01-01 05:04:11.259 0 0 I Workqueue: events_unbound ion_system_secure_heap_prefetch_work
01-01 05:04:11.259 0 0 I Call trace:
01-01 05:04:11.259 0 0 I : dump_backtrace+0x0/0x258
01-01 05:04:11.259 0 0 I : show_stack+0x20/0x30
01-01 05:04:11.259 0 0 I : dump_stack+0xd8/0x12c
01-01 05:04:11.259 0 0 I : register_lock_class+0x4d0/0x5c8
01-01 05:04:11.259 0 0 I : __lock_acquire+0xbc/0x1e58
01-01 05:04:11.259 0 0 I : lock_acquire+0x1cc/0x218
01-01 05:04:11.259 0 0 I : _raw_spin_lock_irqsave+0x54/0x98
01-01 05:04:11.259 0 0 I : ion_system_secure_heap_prefetch_work+0x94/0x2c0
01-01 05:04:11.259 0 0 I : process_one_work+0x38c/0x660
01-01 05:04:11.259 0 0 I : worker_thread+0x268/0x4b8
01-01 05:04:11.259 0 0 I : kthread+0x140/0x150
01-01 05:04:11.259 0 0 I : ret_from_fork+0x10/0x1c
01-01 05:04:11.262 0 0 I msm_vidc: high: 00000001: h264e: Closed video instance: ffffffe8d6ddc000
01-01 05:04:11.287 0 0 I binder : 2373:2373 ioctl 40046210 7fd93f2444 returned -22
01-01 05:04:11.288 0 0 E : INFO: trying to register non-static key.
08-16 16:52:15.396 1153 1793 I am_proc_bound: [0,2373,com.android.phone]
01-01 05:04:11.293 0 0 E : the code is fine but needs lockdep annotation.
08-16 16:52:15.400 1153 1324 W ActivityManager: Slow operation: 1932ms so far, now at startProcess: returned from zygote!
08-16 16:52:15.402 1153 1324 W ActivityManager: Slow operation: 1934ms so far, now at startProcess: done updating battery stats
08-16 16:52:15.402 1153 1324 I am_proc_start: [0,2396,1000,com.android.settings,top-activity,{com.android.settings/com.android.settings.FallbackHome}]
08-16 16:52:15.402 1153 1324 W ActivityManager: Slow operation: 1935ms so far, now at startProcess: building log message
08-16 16:52:15.402 1153 1324 I ActivityManager: Start proc 2396:com.android.settings/1000 for top-activity {com.android.settings/com.android.settings.FallbackHome}
08-16 16:52:15.402 1153 1324 W ActivityManager: Slow operation: 1935ms so far, now at startProcess: starting to update pids map
08-16 16:52:15.403 1153 1324 W ActivityManager: Slow operation: 1935ms so far, now at startProcess: done updating pids map
08-16 16:52:15.403 1153 1324 W ActivityManager: Slow operation: 1845ms so far, now at startProcess: asking zygote to start proc
08-16 16:52:15.403 1153 1324 D CompatibilityChangeReporter: Compat change id reported: 143937733; UID 10153; state: ENABLED
01-01 05:04:11.299 0 0 I : CPU: 3 PID: 482 Comm: kworker/u16:16 Tainted: G S W O 4.19.157+ #1
01-01 05:04:11.299 0 0 I Hardware name: Qualcomm Technologies, Inc. kona MTP-RmPM8150b (DT)
01-01 05:04:11.299 0 0 I Workqueue: events_unbound ion_system_secure_heap_prefetch_work
01-01 05:04:11.299 0 0 I Call trace:
01-01 05:04:11.299 0 0 I : dump_backtrace+0x0/0x258
01-01 05:04:11.299 0 0 I : show_stack+0x20/0x30
01-01 05:04:11.299 0 0 I : dump_stack+0xd8/0x12c
01-01 05:04:11.299 0 0 I : register_lock_class+0x4d0/0x5c8
01-01 05:04:11.299 0 0 I : __lock_acquire+0xbc/0x1e58
01-01 05:04:11.299 0 0 I : lock_acquire+0x1cc/0x218
01-01 05:04:11.299 0 0 I : _raw_spin_lock_irqsave+0x54/0x98
01-01 05:04:11.299 0 0 I : ion_system_secure_heap_prefetch_work+0x94/0x2c0
01-01 05:04:11.299 0 0 I : process_one_work+0x38c/0x660
01-01 05:04:11.299 0 0 I : worker_thread+0x268/0x4b8
01-01 05:04:11.299 0 0 I : kthread+0x140/0x150
01-01 05:04:11.299 0 0 I : ret_from_fork+0x10/0x1c
01-01 05:04:11.318 0 0 E : INFO: trying to register non-static key.
01-01 05:04:11.323 0 0 E : the code is fine but needs lockdep annotation.
01-01 05:04:11.329 0 0 I : CPU: 6 PID: 482 Comm: kworker/u16:16 Tainted: G S W O 4.19.157+ #1
01-01 05:04:11.329 0 0 I Hardware name: Qualcomm Technologies, Inc. kona MTP-RmPM8150b (DT)
01-01 05:04:11.329 0 0 I Workqueue: events_unbound ion_system_secure_heap_prefetch_work
01-01 05:04:11.329 0 0 I Call trace:
01-01 05:04:11.329 0 0 I : dump_backtrace+0x0/0x258
01-01 05:04:11.329 0 0 I : show_stack+0x20/0x30
01-01 05:04:11.329 0 0 I : dump_stack+0xd8/0x12c
01-01 05:04:11.329 0 0 I : register_lock_class+0x4d0/0x5c8
01-01 05:04:11.329 0 0 I : __lock_acquire+0xbc/0x1e58
01-01 05:04:11.329 0 0 I : lock_acquire+0x1cc/0x218
01-01 05:04:11.329 0 0 I : _raw_spin_lock_irqsave+0x54/0x98
01-01 05:04:11.329 0 0 I : ion_system_secure_heap_prefetch_work+0x94/0x2c0
01-01 05:04:11.329 0 0 I : process_one_work+0x38c/0x660
01-01 05:04:11.329 0 0 I : worker_thread+0x268/0x4b8
01-01 05:04:11.329 0 0 I : kthread+0x140/0x150
01-01 05:04:11.329 0 0 I : ret_from_fork+0x10/0x1c
01-01 05:04:11.347 0 0 E : INFO: trying to register non-static key.
01-01 05:04:11.352 0 0 E : the code is fine but needs lockdep annotation.
01-01 05:04:11.358 0 0 I : CPU: 7 PID: 482 Comm: kworker/u16:16 Tainted: G S W O 4.19.157+ #1
01-01 05:04:11.358 0 0 I Hardware name: Qualcomm Technologies, Inc. kona MTP-RmPM8150b (DT)
01-01 05:04:11.358 0 0 I Workqueue: events_unbound ion_system_secure_heap_prefetch_work
01-01 05:04:11.358 0 0 I Call trace:
01-01 05:04:11.358 0 0 I : dump_backtrace+0x0/0x258
01-01 05:04:11.358 0 0 I : show_stack+0x20/0x30
01-01 05:04:11.358 0 0 I : dump_stack+0xd8/0x12c
01-01 05:04:11.358 0 0 I : register_lock_class+0x4d0/0x5c8
01-01 05:04:11.358 0 0 I : __lock_acquire+0xbc/0x1e58
01-01 05:04:11.358 0 0 I : lock_acquire+0x1cc/0x218
01-01 05:04:11.358 0 0 I : _raw_spin_lock_irqsave+0x54/0x98
01-01 05:04:11.358 0 0 I : ion_system_secure_heap_prefetch_work+0x94/0x2c0
01-01 05:04:11.358 0 0 I : process_one_work+0x38c/0x660
01-01 05:04:11.358 0 0 I : worker_thread+0x268/0x4b8
01-01 05:04:11.358 0 0 I : kthread+0x140/0x150
01-01 05:04:11.358 0 0 I : ret_from_fork+0x10/0x1c
08-16 16:52:15.466 1153 1324 W ActivityManager: Slow operation: 1909ms so far, now at startProcess: returned from zygote!
08-16 16:52:15.467 1153 1324 W ActivityManager: Slow operation: 1909ms so far, now at startProcess: done updating battery stats
08-16 16:52:15.467 1153 1324 I am_proc_start: [0,2400,10153,android.ext.services,service,{android.ext.services/android.ext.services.autofill.InlineSuggestionRenderServiceImpl}]
08-16 16:52:15.467 1153 1324 W ActivityManager: Slow operation: 1909ms so far, now at startProcess: building log message
08-16 16:52:15.468 1153 1324 I ActivityManager: Start proc 2400:android.ext.services/u0a153 for service {android.ext.services/android.ext.services.autofill.InlineSuggestionRenderServiceImpl}
08-16 16:52:15.468 1153 1324 W ActivityManager: Slow operation: 1911ms so far, now at startProcess: starting to update pids map
08-16 16:52:15.469 1153 1324 W ActivityManager: Slow operation: 1911ms so far, now at startProcess: done updating pids map
08-16 16:52:15.469 1153 1324 W ActivityManager: Slow operation: 1029ms so far, now at startProcess: asking zygote to start proc
08-16 16:52:15.469 1153 1324 D CompatibilityChangeReporter: Compat change id reported: 143937733; UID 10118; state: ENABLED
01-01 05:04:11.367 0 0 E : INFO: trying to register non-static key.
01-01 05:04:11.372 0 0 E : the code is fine but needs lockdep annotation.
01-01 05:04:11.375 0 0 E [kworke][0x51524a5f][16:52:15.476505] wlan: [1008:E:QDF] ready_extract_init_status_tlv: 8884: ready_extract_init_status_tlv:0
01-01 05:04:11.377 0 0 I : CPU: 7 PID: 482 Comm: kworker/u16:16 Tainted: G S W O 4.19.157+ #1
01-01 05:04:11.377 0 0 I Hardware name: Qualcomm Technologies, Inc. kona MTP-RmPM8150b (DT)
01-01 05:04:11.377 0 0 I Workqueue: events_unbound ion_system_secure_heap_prefetch_work
01-01 05:04:11.377 0 0 I Call trace:
01-01 05:04:11.377 0 0 I : dump_backtrace+0x0/0x258
01-01 05:04:11.377 0 0 I : show_stack+0x20/0x30
01-01 05:04:11.377 0 0 I : dump_stack+0xd8/0x12c
01-01 05:04:11.377 0 0 I : register_lock_class+0x4d0/0x5c8
01-01 05:04:11.377 0 0 I : __lock_acquire+0xbc/0x1e58
01-01 05:04:11.377 0 0 I : lock_acquire+0x1cc/0x218
01-01 05:04:11.377 0 0 I : _raw_spin_lock_irqsave+0x54/0x98
01-01 05:04:11.377 0 0 I : ion_system_secure_heap_prefetch_work+0x94/0x2c0
01-01 05:04:11.377 0 0 I : process_one_work+0x38c/0x660
01-01 05:04:11.377 0 0 I : worker_thread+0x268/0x4b8
01-01 05:04:11.377 0 0 I : kthread+0x140/0x150
01-01 05:04:11.377 0 0 I : ret_from_fork+0x10/0x1c
01-01 05:04:11.388 0 0 E : INFO: trying to register non-static key.
01-01 05:04:11.392 0 0 E [kworke][0x51572f7a][16:52:15.493213] wlan: [1008:E:QDF] cds_get_context: 1486: Module ID 65 context is Null
01-01 05:04:11.395 0 0 E : the code is fine but needs lockdep annotation.
01-01 05:04:11.395 0 0 I : CPU: 7 PID: 482 Comm: kworker/u16:16 Tainted: G S W O 4.19.157+ #1
01-01 05:04:11.395 0 0 I Hardware name: Qualcomm Technologies, Inc. kona MTP-RmPM8150b (DT)
01-01 05:04:11.395 0 0 I Workqueue: events_unbound ion_system_secure_heap_prefetch_work
01-01 05:04:11.395 0 0 I Call trace:
01-01 05:04:11.395 0 0 I : dump_backtrace+0x0/0x258
01-01 05:04:11.395 0 0 I : show_stack+0x20/0x30
01-01 05:04:11.395 0 0 I : dump_stack+0xd8/0x12c
01-01 05:04:11.395 0 0 I : register_lock_class+0x4d0/0x5c8
01-01 05:04:11.395 0 0 I : __lock_acquire+0xbc/0x1e58
01-01 05:04:11.395 0 0 I : lock_acquire+0x1cc/0x218
01-01 05:04:11.395 0 0 I : _raw_spin_lock_irqsave+0x54/0x98
01-01 05:04:11.395 0 0 I : ion_system_secure_heap_prefetch_work+0x94/0x2c0
01-01 05:04:11.395 0 0 I : process_one_work+0x38c/0x660
01-01 05:04:11.395 0 0 I : worker_thread+0x268/0x4b8
01-01 05:04:11.395 0 0 I : kthread+0x140/0x150
01-01 05:04:11.395 0 0 I : ret_from_fork+0x10/0x1c
01-01 05:04:11.398 0 0 I binder : 2380:2380 ioctl 40046210 7fd93f2444 returned -22
01-01 05:04:11.404 0 0 E : INFO: trying to register non-static key.
01-01 05:04:11.404 0 0 E : the code is fine but needs lockdep annotation.
01-01 05:04:11.404 0 0 I : CPU: 7 PID: 482 Comm: kworker/u16:16 Tainted: G S W O 4.19.157+ #1
01-01 05:04:11.404 0 0 I Hardware name: Qualcomm Technologies, Inc. kona MTP-RmPM8150b (DT)
01-01 05:04:11.404 0 0 I Workqueue: events_unbound ion_system_secure_heap_prefetch_work
01-01 05:04:11.404 0 0 I Call trace:
01-01 05:04:11.404 0 0 I : dump_backtrace+0x0/0x258
01-01 05:04:11.404 0 0 I : show_stack+0x20/0x30
01-01 05:04:11.404 0 0 I : dump_stack+0xd8/0x12c
01-01 05:04:11.404 0 0 I : register_lock_class+0x4d0/0x5c8
01-01 05:04:11.404 0 0 I : __lock_acquire+0xbc/0x1e58
01-01 05:04:11.404 0 0 I : lock_acquire+0x1cc/0x218
01-01 05:04:11.404 0 0 I : _raw_spin_lock_irqsave+0x54/0x98
01-01 05:04:11.404 0 0 I : ion_system_secure_heap_prefetch_work+0x94/0x2c0
01-01 05:04:11.404 0 0 I : process_one_work+0x38c/0x660
01-01 05:04:11.404 0 0 I : worker_thread+0x268/0x4b8
01-01 05:04:11.404 0 0 I : kthread+0x140/0x150
01-01 05:04:11.404 0 0 I : ret_from_fork+0x10/0x1c
01-01 05:04:11.409 0 0 F [kworke][0x515c28c7][16:52:15.510191] wlan: [1008:F:DP] cdp_ipa_set_uc_tx_partition_base invalid instance
01-01 05:04:11.413 0 0 E : INFO: trying to register non-static key.
01-01 05:04:11.413 0 0 E : the code is fine but needs lockdep annotation.
01-01 05:04:11.413 0 0 I : CPU: 7 PID: 482 Comm: kworker/u16:16 Tainted: G S W O 4.19.157+ #1
01-01 05:04:11.413 0 0 I Hardware name: Qualcomm Technologies, Inc. kona MTP-RmPM8150b (DT)
01-01 05:04:11.413 0 0 I Workqueue: events_unbound ion_system_secure_heap_prefetch_work
01-01 05:04:11.413 0 0 I Call trace:
01-01 05:04:11.413 0 0 I : dump_backtrace+0x0/0x258
01-01 05:04:11.413 0 0 I : show_stack+0x20/0x30
01-01 05:04:11.413 0 0 I : dump_stack+0xd8/0x12c
01-01 05:04:11.413 0 0 I : register_lock_class+0x4d0/0x5c8
01-01 05:04:11.413 0 0 I : __lock_acquire+0xbc/0x1e58
01-01 05:04:11.413 0 0 I : lock_acquire+0x1cc/0x218
01-01 05:04:11.413 0 0 I : _raw_spin_lock_irqsave+0x54/0x98
01-01 05:04:11.413 0 0 I : ion_system_secure_heap_prefetch_work+0x94/0x2c0
01-01 05:04:11.413 0 0 I : process_one_work+0x38c/0x660
01-01 05:04:11.413 0 0 I : worker_thread+0x268/0x4b8
01-01 05:04:11.413 0 0 I : kthread+0x140/0x150
01-01 05:04:11.413 0 0 I : ret_from_fork+0x10/0x1c
01-01 05:04:11.422 0 0 E : INFO: trying to register non-static key.
01-01 05:04:11.425 0 0 I binder : 2396:2396 ioctl 40046210 7fd93f2444 returned -22
01-01 05:04:11.428 0 0 I [kworke][0x5161c350][16:52:15.529317] wlan: [1008:I:WMA] wma_he_update_tgt_services: 996: 11ax is enabled
01-01 05:04:11.437 0 0 E : the code is fine but needs lockdep annotation.
01-01 05:04:11.437 0 0 I : CPU: 7 PID: 482 Comm: kworker/u16:16 Tainted: G S W O 4.19.157+ #1
01-01 05:04:11.437 0 0 I Hardware name: Qualcomm Technologies, Inc. kona MTP-RmPM8150b (DT)
01-01 05:04:11.437 0 0 I Workqueue: events_unbound ion_system_secure_heap_prefetch_work
01-01 05:04:11.437 0 0 I Call trace:
01-01 05:04:11.437 0 0 I : dump_backtrace+0x0/0x258
01-01 05:04:11.437 0 0 I : show_stack+0x20/0x30
01-01 05:04:11.437 0 0 I : dump_stack+0xd8/0x12c
01-01 05:04:11.437 0 0 I : register_lock_class+0x4d0/0x5c8
01-01 05:04:11.437 0 0 I : __lock_acquire+0xbc/0x1e58
01-01 05:04:11.437 0 0 I : lock_acquire+0x1cc/0x218
01-01 05:04:11.437 0 0 I : _raw_spin_lock_irqsave+0x54/0x98
01-01 05:04:11.437 0 0 I : ion_system_secure_heap_prefetch_work+0x94/0x2c0
01-01 05:04:11.437 0 0 I : process_one_work+0x38c/0x660
01-01 05:04:11.437 0 0 I : worker_thread+0x268/0x4b8
01-01 05:04:11.437 0 0 I : kthread+0x140/0x150
01-01 05:04:11.437 0 0 I : ret_from_fork+0x10/0x1c
01-01 05:04:11.446 0 0 E : INFO: trying to register non-static key.
01-01 05:04:11.465 0 0 I [kworke][0x516c9e24][16:52:15.566370] wlan: [1008:I:HIF] Initializing Runtime PM wakelock &mgmt_txrx_pdev_ctx->wakelock_tx_runtime_cmp
01-01 05:04:11.465 0 0 E : the code is fine but needs lockdep annotation.
01-01 05:04:11.465 0 0 I : CPU: 7 PID: 482 Comm: kworker/u16:16 Tainted: G S W O 4.19.157+ #1
01-01 05:04:11.465 0 0 I Hardware name: Qualcomm Technologies, Inc. kona MTP-RmPM8150b (DT)
01-01 05:04:11.465 0 0 I Workqueue: events_unbound ion_system_secure_heap_prefetch_work
01-01 05:04:11.471 0 0 I Call trace:
01-01 05:04:11.471 0 0 I : dump_backtrace+0x0/0x258
01-01 05:04:11.471 0 0 I : show_stack+0x20/0x30
01-01 05:04:11.471 0 0 I : dump_stack+0xd8/0x12c
01-01 05:04:11.471 0 0 I : register_lock_class+0x4d0/0x5c8
01-01 05:04:11.471 0 0 I : __lock_acquire+0xbc/0x1e58
01-01 05:04:11.471 0 0 I : lock_acquire+0x1cc/0x218
01-01 05:04:11.471 0 0 I : _raw_spin_lock_irqsave+0x54/0x98
01-01 05:04:11.471 0 0 I : ion_system_secure_heap_prefetch_work+0x94/0x2c0
01-01 05:04:11.471 0 0 I : process_one_work+0x38c/0x660
01-01 05:04:11.471 0 0 I : worker_thread+0x268/0x4b8
01-01 05:04:11.471 0 0 I : kthread+0x140/0x150
01-01 05:04:11.471 0 0 I : ret_from_fork+0x10/0x1c
08-16 16:52:15.534 1153 1178 I am_proc_bound: [0,2380,com.qualcomm.qti.qdma]
08-16 16:52:15.540 1153 1178 D CompatibilityChangeReporter: Compat change id reported: 168419799; UID 1000; state: DISABLED
08-16 16:52:15.552 1830 1830 D SystemUIBootTiming: StartServicescom.android.systemui.statusbar.phone.StatusBar took to complete: 888ms
08-16 16:52:15.559 1153 1793 I am_proc_bound: [0,2396,com.android.settings]
08-16 16:52:15.561 1830 1830 D SystemUIBootTiming: StartServicescom.android.systemui.usb.StorageNotification took to complete: 8ms
08-16 16:52:15.565 1153 1793 D CompatibilityChangeReporter: Compat change id reported: 168419799; UID 1000; state: DISABLED
08-16 16:52:15.569 1153 1793 I wm_restart_activity: [0,252486832,2,com.android.settings/.FallbackHome]
08-16 16:52:15.571 1153 1324 W ActivityManager: Slow operation: 1132ms so far, now at startProcess: returned from zygote!
08-16 16:52:15.581 1153 1793 I wm_set_resumed_activity: [0,com.android.settings/.FallbackHome,minimalResumeActivityLocked]
08-16 16:52:15.592 1153 1324 W ActivityManager: Slow operation: 1153ms so far, now at startProcess: done updating battery stats
08-16 16:52:15.593 1153 1324 I am_proc_start: [0,2434,10118,com.android.launcher3,service,{com.android.launcher3/com.android.quickstep.TouchInteractionService}]
08-16 16:52:15.593 1153 1324 W ActivityManager: Slow operation: 1153ms so far, now at startProcess: building log message
08-16 16:52:15.593 1153 1324 I ActivityManager: Start proc 2434:com.android.launcher3/u0a118 for service {com.android.launcher3/com.android.quickstep.TouchInteractionService}
08-16 16:52:15.593 1153 1324 W ActivityManager: Slow operation: 1153ms so far, now at startProcess: starting to update pids map
01-01 05:04:11.478 0 0 I [kworke][0x517097a3][16:52:15.579935] wlan: [1008:I:dfs] WLAN_DEBUG_DFS_ALWAYS : wlan_dfs_pdev_obj_create_notification: 421: dfs_offload 1
01-01 05:04:11.478 0 0 I [kworke][0x51709ff3][16:52:15.580046] wlan: [1008:I:SPECTRAL] null_get_capability: 1715: SPECTRAL : get_capability not registered
01-01 05:04:11.478 0 0 I [kworke][0x5170a203][16:52:15.580073] wlan: [1008:I:SPECTRAL] target_if_pdev_spectral_init: 2249: HAL_CAP_PHYDIAG : Capable
01-01 05:04:11.478 0 0 I [kworke][0x5170a3ff][16:52:15.580100] wlan: [1008:I:SPECTRAL] null_get_capability: 1715: SPECTRAL : get_capability not registered
01-01 05:04:11.479 0 0 I [kworke][0x5170a5ed][16:52:15.580126] wlan: [1008:I:SPECTRAL] target_if_pdev_spectral_init: 2253: HAL_CAP_RADAR : Capable
01-01 05:04:11.479 0 0 I [kworke][0x5170adcd][16:52:15.580231] wlan: [1008:I:SPECTRAL] null_get_capability: 1715: SPECTRAL : get_capability not registered
01-01 05:04:11.479 0 0 I [kworke][0x5170afc4][16:52:15.580257] wlan: [1008:I:SPECTRAL] target_if_pdev_spectral_init: 2258: HAL_CAP_SPECTRAL_SCAN : Capable
01-01 05:04:11.479 0 0 I [kworke][0x5170b2a7][16:52:15.580295] wlan: [1008:I:SPECTRAL] null_get_tsf64: 1703: SPECTRAL : get_tsf64 not registered
01-01 05:04:11.479 0 0 I [kworke][0x5170b8da][16:52:15.580378] wlan: [1008:I:GREEN_AP] wlan_green_ap_pdev_obj_create_notification: 106: Green AP creation successful, green ap ctx: ffffffe859d5a8e8, pdev: ffffffe8453ce4e8
01-01 05:04:11.479 0 0 I [kworke][0x5170d0f6][16:52:15.580700] wlan: [1008:I:IPA] wlan_ipa_wdi_init: 540: ipa_over_gsi: 1, is_smmu_enabled: 1
01-01 05:04:11.480 0 0 E : INFO: trying to register non-static key.
01-01 05:04:11.485 0 0 E : the code is fine but needs lockdep annotation.
01-01 05:04:11.488 0 0 I [kworke][0x5173904e][16:52:15.590077] wlan: [1008:I:REGULATORY] reg_set_band: 483: set band bitmap: 3
01-01 05:04:11.490 0 0 I : CPU: 7 PID: 482 Comm: kworker/u16:16 Tainted: G S W O 4.19.157+ #1
01-01 05:04:11.490 0 0 I Hardware name: Qualcomm Technologies, Inc. kona MTP-RmPM8150b (DT)
01-01 05:04:11.490 0 0 I Workqueue: events_unbound ion_system_secure_heap_prefetch_work
01-01 05:04:11.490 0 0 I Call trace:
01-01 05:04:11.490 0 0 I : dump_backtrace+0x0/0x258
01-01 05:04:11.490 0 0 I : show_stack+0x20/0x30
01-01 05:04:11.490 0 0 I : dump_stack+0xd8/0x12c
01-01 05:04:11.490 0 0 I : register_lock_class+0x4d0/0x5c8
01-01 05:04:11.490 0 0 I : __lock_acquire+0xbc/0x1e58
01-01 05:04:11.490 0 0 I : lock_acquire+0x1cc/0x218
01-01 05:04:11.490 0 0 I : _raw_spin_lock_irqsave+0x54/0x98
01-01 05:04:11.490 0 0 I : ion_system_secure_heap_prefetch_work+0x94/0x2c0
01-01 05:04:11.490 0 0 I : process_one_work+0x38c/0x660
01-01 05:04:11.490 0 0 I : worker_thread+0x268/0x4b8
01-01 05:04:11.490 0 0 I : kthread+0x140/0x150
01-01 05:04:11.490 0 0 I : ret_from_fork+0x10/0x1c
01-01 05:04:11.492 0 0 I [kworke][0x51749aa1][16:52:15.593628] wlan: [1008:I:HIF] Initializing Runtime PM wakelock &ctx->dfs
01-01 05:04:11.492 0 0 I [kworke][0x51749e9b][16:52:15.593681] wlan: [1008:I:HIF] Initializing Runtime PM wakelock &ctx->connect
01-01 05:04:11.492 0 0 I [kworke][0x5174a355][16:52:15.593744] wlan: [1008:I:HIF] Initializing Runtime PM wakelock &ctx->user
01-01 05:04:11.492 0 0 I [kworke][0x5174af09][16:52:15.593900] wlan: [1008:I:HIF] Initializing Runtime PM wakelock &scan_priv->runtime_pm_lock
01-01 05:04:11.492 0 0 I [kworke][0x5174b9eb][16:52:15.594045] wlan: [1008:I:GREEN_AP] target_if_green_ap_register_egap_event_handler: 131: Set the Enhance Green AP event handler
01-01 05:04:11.492 0 0 E [kworke][0x5174bcde][16:52:15.594085] wlan: [1008:E:QDF] dp_peer_map_attach_wifi3: 10048: dp_peer_map_attach_wifi3 max_peers 55, max_ast_index: 144
08-16 16:52:15.603 1153 1324 W ActivityManager: Slow operation: 1163ms so far, now at startProcess: done updating pids map
08-16 16:52:15.615 1830 2164 W ActivityThread: Failed to find provider info for com.android.contacts (user not unlocked)
01-01 05:04:11.500 0 0 E : INFO: trying to register non-static key.
01-01 05:04:11.513 0 0 I [kworke][0x517ae2f2][16:52:15.615074] wlan: [1008:I:DP]
01-01 05:04:11.513 0 0 I : <=== cfg max peer id 55 ====>
01-01 05:04:11.514 0 0 E : the code is fine but needs lockdep annotation.
01-01 05:04:11.514 0 0 I : CPU: 7 PID: 482 Comm: kworker/u16:16 Tainted: G S W O 4.19.157+ #1
01-01 05:04:11.514 0 0 I Hardware name: Qualcomm Technologies, Inc. kona MTP-RmPM8150b (DT)
01-01 05:04:11.514 0 0 I Workqueue: events_unbound ion_system_secure_heap_prefetch_work
01-01 05:04:11.519 0 0 I Call trace:
01-01 05:04:11.519 0 0 I : dump_backtrace+0x0/0x258
01-01 05:04:11.519 0 0 I : show_stack+0x20/0x30
01-01 05:04:11.519 0 0 I : dump_stack+0xd8/0x12c
01-01 05:04:11.519 0 0 I : register_lock_class+0x4d0/0x5c8
01-01 05:04:11.519 0 0 I : __lock_acquire+0xbc/0x1e58
01-01 05:04:11.519 0 0 I : lock_acquire+0x1cc/0x218
01-01 05:04:11.519 0 0 I : _raw_spin_lock_irqsave+0x54/0x98
01-01 05:04:11.519 0 0 I : ion_system_secure_heap_prefetch_work+0x94/0x2c0
01-01 05:04:11.519 0 0 I : process_one_work+0x38c/0x660
01-01 05:04:11.519 0 0 I : worker_thread+0x268/0x4b8
01-01 05:04:11.519 0 0 I : kthread+0x140/0x150
01-01 05:04:11.519 0 0 I : ret_from_fork+0x10/0x1c
01-01 05:04:11.520 0 0 I [kworke][0x517cd912][16:52:15.621768] wlan: [1008:I:DP]
01-01 05:04:11.520 0 0 I : <=== cfg max ast idx 144 ====>
01-01 05:04:11.520 0 0 I [kworke][0x517cdd5e][16:52:15.621825] wlan: [1008:I:DP] ast hash_elems: 512, max_ast_idx: 144
01-01 05:04:11.525 0 0 I [kworke][0x517e458f][16:52:15.626627] wlan: [483:I:WMA] wma_wait_for_ready_event: 6926: FW ready event received
01-01 05:04:11.533 0 0 E : INFO: trying to register non-static key.
01-01 05:04:11.534 0 0 E [kworke][0x5180d084][16:52:15.635305] wlan: [483:E:WMI] send_action_oui_cmd_tlv: 220: Invalid action id
01-01 05:04:11.538 0 0 E : the code is fine but needs lockdep annotation.
01-01 05:04:11.538 0 0 I : CPU: 7 PID: 482 Comm: kworker/u16:16 Tainted: G S W O 4.19.157+ #1
01-01 05:04:11.538 0 0 I Hardware name: Qualcomm Technologies, Inc. kona MTP-RmPM8150b (DT)
01-01 05:04:11.538 0 0 I Workqueue: events_unbound ion_system_secure_heap_prefetch_work
01-01 05:04:11.538 0 0 I Call trace:
01-01 05:04:11.538 0 0 I : dump_backtrace+0x0/0x258
01-01 05:04:11.538 0 0 I : show_stack+0x20/0x30
01-01 05:04:11.538 0 0 I : dump_stack+0xd8/0x12c
01-01 05:04:11.538 0 0 I : register_lock_class+0x4d0/0x5c8
01-01 05:04:11.538 0 0 I : __lock_acquire+0xbc/0x1e58
01-01 05:04:11.538 0 0 I : lock_acquire+0x1cc/0x218
01-01 05:04:11.538 0 0 I : _raw_spin_lock_irqsave+0x54/0x98
01-01 05:04:11.538 0 0 I : ion_system_secure_heap_prefetch_work+0x94/0x2c0
01-01 05:04:11.538 0 0 I : process_one_work+0x38c/0x660
01-01 05:04:11.538 0 0 I : worker_thread+0x268/0x4b8
01-01 05:04:11.538 0 0 I : kthread+0x140/0x150
01-01 05:04:11.538 0 0 I : ret_from_fork+0x10/0x1c
