08-16 16:52:18.275 2373 2373 D SST : [0] Poll ServiceState done: oldSS=[{mVoiceRegState=1(OUT_OF_SERVICE), mDataRegState=1(OUT_OF_SERVICE), mChannelNumber=-1, duplexMode()=0, mCellBandwidths=[], mOperatorAlphaLong=null, mOperatorAlphaShort=null, isManualNetworkSelection=false(automatic), getRilVoiceRadioTechnology=0(Unknown), getRilDataRadioTechnology=0(Unknown), mCssIndicator=unsupported, mNetworkId=-1, mSystemId=-1, mCdmaRoamingIndicator=-1, mCdmaDefaultRoamingIndicator=-1, mIsEmergencyOnly=false, isUsingCarrierAggregation=false, mArfcnRsrpBoost=0, mNetworkRegistrationInfos=[NetworkRegistrationInfo{ domain=CS transportType=WWAN registrationState=UNKNOWN roamingType=NOT_ROAMING accessNetworkTechnology=UNKNOWN rejectCause=0 emergencyEnabled=false availableServices=[] cellIdentity=null voiceSpecificInfo=null dataSpecificInfo=null nrState=NONE rRplmn= isUsingCarrierAggregation=false}, NetworkRegistrationInfo{ domain=PS transportType=WWAN registrationState=UNKNOWN roamingType=NOT_ROAMING accessNetworkTechnology=UNKNOWN rejectCause=0 emergencyEnabled=false availableServices=[] cellIdentity=null voiceSpecificInfo=null dataSpecificInfo=null nrState=NONE rRplmn= isUsingCarrierAggregation=false}], mNrFrequencyRange=0, mOperatorAlphaLongRaw=null, mOperatorAlphaShortRaw=null, mIsDataRoamingFromRegistration=false, mIsIwlanPreferred=false}] newSS=[{mVoiceRegState=1(OUT_OF_SERVICE), mDataRegState=1(OUT_OF_SERVICE), mChannelNumber=-1, duplexMode()=0, mCellBandwidths=[], mOperatorAlphaLong=null, mOperatorAlphaShort=null, isManualNetworkSelection=false(automatic), getRilVoiceRadioTechnology=0(Unknown), getRilDataRadioTechnology=0(Unknown), mCssIndicator=unsupported, mNetworkId=-1, mSystemId=-1, mCdmaRoamingIndicator=-1, mCdmaDefaultRoamingIndicator=-1, mIsEmergencyOnly=false, isUsingCarrierAggregation=false, mArfcnRsrpBoost=0, mNetworkRegistrationInfos=[NetworkRegistrationInfo{ domain=CS transportType=WWAN registrationState=UNKNOWN roamingType=NOT_ROAMING accessNetworkTechnology=UNKNOWN rejectCause=0 emergencyEnabled=false availableServices=[] cellIdentity=null voiceSpecificInfo=null dataSpecificInfo=null nrState=NONE rRplmn= isUsingCarrierAggregation=false}, NetworkRegistrationInfo{ domain=PS transportType=WWAN registrationState=UNKNOWN roamingType=NOT_ROAMING accessNetworkTechnology=UNKNOWN rejectCause=0 emergencyEnabled=false availableServices=[] cellIdentity=null voiceSpecificInfo=null dataSpecificInfo=null nrState=NONE rRplmn= isUsingCarrierAggregation=false}], mNrFrequencyRange=0, mOperatorAlphaLongRaw=null, mOperatorAlphaShortRaw=null, mIsDataRoamingFromRegistration=false, mIsIwlanPreferred=false}] oldMaxDataCalls=1 mNewMaxDataCalls=1 oldReasonDataDenied=-1 mNewReasonDataDenied=-1
08-16 16:52:18.275 2373 2373 D SST : [0] pollStateDone: hasRegistered = false hasDeregistered = false hasDataAttached = {1=false} hasDataDetached = {1=false} hasDataRegStateChanged = {1=false} hasRilVoiceRadioTechnologyChanged = false hasRilDataRadioTechnologyChanged = {1=false} hasDataTransportPreferenceChanged = false hasChanged = false hasVoiceRoamingOn = false hasVoiceRoamingOff = false hasDataRoamingOn =false hasDataRoamingOff = false hasLocationChanged = false has4gHandoff = false hasMultiApnSupport = false hasLostMultiApnSupport = false hasCssIndicatorChanged = false hasNrFrequencyRangeChanged = false hasNrStateChanged = false hasAirplaneModeOnlChanged = false
08-16 16:52:18.275 2373 2373 D SST : [0] handleMessage: received event 3
08-16 16:52:18.275 2373 2373 D SST : [0] handleMessage: received event 50
08-16 16:52:18.276 2373 2373 D SST : [0] setPowerStateToDesired: mDeviceShuttingDown=false, mDesiredPowerState=true, getRadioState=2, mRadioDisabledByCarrier=false, IMS reg state=false, pending radio off=false
08-16 16:52:18.276 2373 2373 D SST : [0] pollState: modemTriggered=true
08-16 16:52:18.276 2373 2373 D NewNitzStateMachineImpl: handleNetworkUnavailable(): mLatestNitzSignal was already null. Nothing to do.
08-16 16:52:18.276 2373 2373 D SST : [0] Could not set ServiceState channel number. CellIdentity null
08-16 16:52:18.276 1153 1748 D VcnManagementService: new snapshot: TelephonySubscriptionSnapshot{ mActiveDataSubId=-1, mSubIdToInfoMap={}, mPrivilegedPackages={} }
08-16 16:52:18.276 2373 2373 D SST : [0] Poll ServiceState done: oldSS=[{mVoiceRegState=1(OUT_OF_SERVICE), mDataRegState=1(OUT_OF_SERVICE), mChannelNumber=-1, duplexMode()=0, mCellBandwidths=[], mOperatorAlphaLong=null, mOperatorAlphaShort=null, isManualNetworkSelection=false(automatic), getRilVoiceRadioTechnology=0(Unknown), getRilDataRadioTechnology=0(Unknown), mCssIndicator=unsupported, mNetworkId=-1, mSystemId=-1, mCdmaRoamingIndicator=-1, mCdmaDefaultRoamingIndicator=-1, mIsEmergencyOnly=false, isUsingCarrierAggregation=false, mArfcnRsrpBoost=0, mNetworkRegistrationInfos=[NetworkRegistrationInfo{ domain=CS transportType=WWAN registrationState=UNKNOWN roamingType=NOT_ROAMING accessNetworkTechnology=UNKNOWN rejectCause=0 emergencyEnabled=false availableServices=[] cellIdentity=null voiceSpecificInfo=null dataSpecificInfo=null nrState=NONE rRplmn= isUsingCarrierAggregation=false}, NetworkRegistrationInfo{ domain=PS transportType=WWAN registrationState=UNKNOWN roamingType=NOT_ROAMING accessNetworkTechnology=UNKNOWN rejectCause=0 emergencyEnabled=false availableServices=[] cellIdentity=null voiceSpecificInfo=null dataSpecificInfo=null nrState=NONE rRplmn= isUsingCarrierAggregation=false}], mNrFrequencyRange=0, mOperatorAlphaLongRaw=null, mOperatorAlphaShortRaw=null, mIsDataRoamingFromRegistration=false, mIsIwlanPreferred=false}] newSS=[{mVoiceRegState=1(OUT_OF_SERVICE), mDataRegState=1(OUT_OF_SERVICE), mChannelNumber=-1, duplexMode()=0, mCellBandwidths=[], mOperatorAlphaLong=null, mOperatorAlphaShort=null, isManualNetworkSelection=false(automatic), getRilVoiceRadioTechnology=0(Unknown), getRilDataRadioTechnology=0(Unknown), mCssIndicator=unsupported, mNetworkId=-1, mSystemId=-1, mCdmaRoamingIndicator=-1, mCdmaDefaultRoamingIndicator=-1, mIsEmergencyOnly=false, isUsingCarrierAggregation=false, mArfcnRsrpBoost=0, mNetworkRegistrationInfos=[NetworkRegistrationInfo{ domain=CS transportType=WWAN registrationState=UNKNOWN roamingType=NOT_ROAMING accessNetworkTechnology=UNKNOWN rejectCause=0 emergencyEnabled=false availableServices=[] cellIdentity=null voiceSpecificInfo=null dataSpecificInfo=null nrState=NONE rRplmn= isUsingCarrierAggregation=false}, NetworkRegistrationInfo{ domain=PS transportType=WWAN registrationState=UNKNOWN roamingType=NOT_ROAMING accessNetworkTechnology=UNKNOWN rejectCause=0 emergencyEnabled=false availableServices=[] cellIdentity=null voiceSpecificInfo=null dataSpecificInfo=null nrState=NONE rRplmn= isUsingCarrierAggregation=false}], mNrFrequencyRange=0, mOperatorAlphaLongRaw=null, mOperatorAlphaShortRaw=null, mIsDataRoamingFromRegistration=false, mIsIwlanPreferred=false}] oldMaxDataCalls=1 mNewMaxDataCalls=1 oldReasonDataDenied=-1 mNewReasonDataDenied=-1
08-16 16:52:18.276 2373 2373 D SST : [0] pollStateDone: hasRegistered = false hasDeregistered = false hasDataAttached = {1=false} hasDataDetached = {1=false} hasDataRegStateChanged = {1=false} hasRilVoiceRadioTechnologyChanged = false hasRilDataRadioTechnologyChanged = {1=false} hasDataTransportPreferenceChanged = false hasChanged = false hasVoiceRoamingOn = false hasVoiceRoamingOff = false hasDataRoamingOn =false hasDataRoamingOff = false hasLocationChanged = false has4gHandoff = false hasMultiApnSupport = false hasLostMultiApnSupport = false hasCssIndicatorChanged = false hasNrFrequencyRangeChanged = false hasNrStateChanged = false hasAirplaneModeOnlChanged = false
08-16 16:52:18.276 2373 2373 D Phone : [0] SubId-1,get allowed network types user: value = GPRS|EDGE|UMTS|CDMA|CDMA - EvDo rev. 0|CDMA - EvDo rev. A|CDMA - 1xRTT|HSDPA|HSUPA|HSPA|CDMA - EvDo rev. B|LTE|CDMA - eHRPD|HSPA+|GSM|TD_SCDMA|LTE_CA|NR
08-16 16:52:18.276 2373 2373 D PhoneFactory: calculatePreferredNetworkType: phoneId = 0 networkType = 916479
08-16 16:52:18.297 2373 2373 D SubscriptionController: [getSlotIndex]- subId invalid
08-16 16:52:18.298 1153 1247 V UserDataPreparer: Found /data/user/0 with serial number 0
08-16 16:52:18.299 1153 1247 V UserDataPreparer: Found /data/system_ce/0 with serial number 0
08-16 16:52:18.301 1153 1247 D UserDataPreparer: Setting property: sys.user.0.ce_available=true
08-16 16:52:18.304 1153 1247 V PackageManager: reconcileAppsData for null u0 0x2 migrateAppData=false
08-16 16:52:18.305 2373 2373 D Phone : [0] Allowed network types for 'carrier' reason is changed by carrier config = GPRS|EDGE|UMTS|CDMA|CDMA - EvDo rev. 0|CDMA - EvDo rev. A|CDMA - 1xRTT|HSDPA|HSUPA|HSPA|CDMA - EvDo rev. B|LTE|CDMA - eHRPD|HSPA+|GSM|TD_SCDMA|LTE_CA
08-16 16:52:18.307 2373 2373 D Phone : [0] SubId-1,get allowed network types carrier: value = GPRS|EDGE|UMTS|CDMA|CDMA - EvDo rev. 0|CDMA - EvDo rev. A|CDMA - 1xRTT|HSDPA|HSUPA|HSPA|CDMA - EvDo rev. B|LTE|CDMA - eHRPD|HSPA+|GSM|TD_SCDMA|LTE_CA
08-16 16:52:18.307 2373 2373 I CSST : isNrSupported: carrierConfigEnabled: true, AccessFamilySupported: false, isNrNetworkTypeAllowed: false
08-16 16:52:18.307 2373 2373 I CSST : PrefNetworkNotification: sendMessage() w/values: ,false,-1,false,false
08-16 16:52:18.320 2373 2373 I CSST : canceling notifications: 1000
08-16 16:52:18.320 2373 2373 D Phone : isWifiCallingEnabled =false
08-16 16:52:18.323 2373 2373 D CSST : isPhoneRegisteredForWifiCalling: false
08-16 16:52:18.323 2373 2373 D Phone : isWifiCallingEnabled =false
08-16 16:52:18.323 2373 2373 I CSST : EmergencyNetworkNotification: sendMessage() w/values: ,-1,false,false,false
08-16 16:52:18.323 2373 2373 I CSST : canceling notifications: 1001
08-16 16:52:18.324 2373 2373 D Phone : [0] SubId-1,get allowed network types user: value = GPRS|EDGE|UMTS|CDMA|CDMA - EvDo rev. 0|CDMA - EvDo rev. A|CDMA - 1xRTT|HSDPA|HSUPA|HSPA|CDMA - EvDo rev. B|LTE|CDMA - eHRPD|HSPA+|GSM|TD_SCDMA|LTE_CA|NR
08-16 16:52:18.324 2373 2373 D PhoneFactory: calculatePreferredNetworkType: phoneId = 0 networkType = 916479
08-16 16:52:18.342 2373 2373 D Phone : [0] Allowed network types for 'carrier' reason is changed by carrier config = GPRS|EDGE|UMTS|CDMA|CDMA - EvDo rev. 0|CDMA - EvDo rev. A|CDMA - 1xRTT|HSDPA|HSUPA|HSPA|CDMA - EvDo rev. B|LTE|CDMA - eHRPD|HSPA+|GSM|TD_SCDMA|LTE_CA
08-16 16:52:18.342 2373 2373 D Phone : [0] SubId-1,get allowed network types carrier: value = GPRS|EDGE|UMTS|CDMA|CDMA - EvDo rev. 0|CDMA - EvDo rev. A|CDMA - 1xRTT|HSDPA|HSUPA|HSPA|CDMA - EvDo rev. B|LTE|CDMA - eHRPD|HSPA+|GSM|TD_SCDMA|LTE_CA
08-16 16:52:18.342 2373 2373 I CSST : isNrSupported: carrierConfigEnabled: true, AccessFamilySupported: false, isNrNetworkTypeAllowed: false
08-16 16:52:18.342 2373 2373 I CSST : PrefNetworkNotification: sendMessage() w/values: ,false,-1,false,false
08-16 16:52:18.343 2373 2373 I CSST : canceling notifications: 1000
08-16 16:52:18.343 2373 2373 D Phone : isWifiCallingEnabled =false
08-16 16:52:18.343 2373 2373 D CSST : isPhoneRegisteredForWifiCalling: false
08-16 16:52:18.343 2373 2373 D Phone : isWifiCallingEnabled =false
08-16 16:52:18.343 2373 2373 I CSST : EmergencyNetworkNotification: sendMessage() w/values: ,-1,false,false,false
08-16 16:52:18.343 2373 2373 I CSST : canceling notifications: 1001
08-16 16:52:18.344 2373 2373 D EmergencyNumberTracker: updateRadioEmergencyNumberListAndNotify(): receiving []
08-16 16:52:18.344 2373 2373 D NetworkTypeController: [0] DefaultState: process EVENT_INITIALIZE
08-16 16:52:18.344 2373 2373 D RadioConfig: RIL_REQUEST_GET_HAL_DEVICE_CAPABILITIES > REQUEST_NOT_SUPPORTED
08-16 16:52:18.344 2373 2373 E RadioConfigResponse: Radio Hal Version is UNKNOWN!
08-16 16:52:18.344 2373 2373 D RadioConfigResponse: Radio Hal Version = -1.-1
08-16 16:52:18.345 2373 2544 E RadioInterfaceCapabilityController: setupRadioInterfaceCapabilities: com.android.internal.telephony.CommandException: RADIO_NOT_AVAILABLE
08-16 16:52:18.345 2373 2544 E RadioInterfaceCapabilityController: setupRadioInterfaceCapabilities: ar.result is null
08-16 16:52:18.345 2373 2544 E RadioInterfaceCapabilityController: setupRadioInterfaceCapabilities: com.android.internal.telephony.CommandException: REQUEST_NOT_SUPPORTED
08-16 16:52:18.345 2373 2544 D RadioInterfaceCapabilityController: setupRadioInterfaceCapabilities: mRadioInterfaceCapabilities now setup
01-01 05:04:14.257 0 0 W QSEECOM : __qseecom_unload_app: App (8) is unloaded
08-16 16:52:18.363 1153 1153 W Looper : Slow dispatch took 557ms main h=android.os.Handler c=com.android.server.biometrics.sensors.BiometricScheduler$InternalCallback$$ExternalSyntheticLambda0@9e71d1c m=0
08-16 16:52:18.364 2373 2373 D NetworkTypeController: [0] mOverrideTimerRules: {connected={mState=connected, mOverrideType=NR_NSA, mPrimaryTimers={}, mSecondaryTimers={}}, not_restricted_rrc_con={mState=not_restricted_rrc_con, mOverrideType=NR_NSA, mPrimaryTimers={}, mSecondaryTimers={}}, legacy={mState=legacy, mOverrideType=NONE, mPrimaryTimers={}, mSecondaryTimers={}}, not_restricted_rrc_idle={mState=not_restricted_rrc_idle, mOverrideType=NR_NSA, mPrimaryTimers={}, mSecondaryTimers={}}, restricted={mState=restricted, mOverrideType=NONE, mPrimaryTimers={}, mSecondaryTimers={}}, connected_mmwave={mState=connected_mmwave, mOverrideType=NR_NSA, mPrimaryTimers={}, mSecondaryTimers={}}}
08-16 16:52:18.364 2373 2373 D NetworkTypeController: [0] DefaultState: process EVENT_UPDATE
08-16 16:52:18.364 2373 2373 D NetworkTypeController: [0] Remove all timers
08-16 16:52:18.364 2373 2373 D NetworkTypeController: [0] Entering LegacyState
08-16 16:52:18.364 2373 2373 D NetworkTypeController: [0] Remove all timers
08-16 16:52:18.364 2373 2373 D DisplayInfoController: TelephonyDisplayInfo[0] changed from null to TelephonyDisplayInfo {network=UNKNOWN, override=NONE} --------- beginning of main
08-16 16:52:18.367 1816 1816 I BluetoothPhonePolicy: index=28uuid=00000000-0000-0000-0000-000000000000
08-16 16:52:18.367 1816 1816 I BluetoothPhonePolicy: index=29uuid=00000000-0000-0000-0000-000000000000
08-16 16:52:18.367 1816 1816 I BluetoothPhonePolicy: index=30uuid=00000000-0000-0000-0000-000000000000
08-16 16:52:18.367 1816 1816 I BluetoothPhonePolicy: index=31uuid=00000000-0000-0000-0000-000000000000
08-16 16:52:18.367 1472 2801 I QFP : QfpThreadOptimize::invoke: entry.
01-01 05:04:14.260 0 0 D qbt : qbt_release: entry minor_no=0 fd_available=0
01-01 05:04:14.260 0 0 D qbt : qbt_release: Releasing wakelock
01-01 05:04:14.260 0 0 D qbt : qbt_release: exit : fd_available=1
01-01 05:04:14.260 0 0 D qbt : qbt_release: entry minor_no=1 fd_available=1
01-01 05:04:14.260 0 0 D qbt : qbt_release: exit : fd_available=1
08-16 16:52:18.368 1472 2801 I QFP : QfpThreadOptimize::invoke: QFP not initialized, exiting Optimize thread
08-16 16:52:18.368 1472 2801 I QFP : QfpThreadErieEvent::invoke: entry.
08-16 16:52:18.368 1472 2801 I QFP : QfpThreadErieEvent::invoke: QFP not initialized, exiting ErieEvent thread
08-16 16:52:18.367 1816 1816 I BluetoothPhonePolicy: processInitProfilePriorities() - device 00:58:76:20:46:3D
08-16 16:52:18.368 824 2574 I vendor.qti.bluetooth@1.0-ibs_handler: ProcessIbsCmd: Received IBS_WAKE_IND: 0xFD
08-16 16:52:18.368 824 2574 I vendor.qti.bluetooth@1.0-ibs_handler: ProcessIbsCmd: Writing IBS_WAKE_ACK
08-16 16:52:18.368 1816 1816 D HeadsetService: getHeadsetService(): returning com.android.bluetooth.hfp.HeadsetService@e8610bd
08-16 16:52:18.370 1816 1816 V BluetoothDatabase: getProfileConnectionPolicy: 00:58:76:20:46:3D, profile=1, connectionPolicy = 100
08-16 16:52:18.370 1816 1816 V BluetoothDatabase: getProfileConnectionPolicy: 00:58:76:20:46:3D, profile=2, connectionPolicy = 100
08-16 16:52:18.370 1816 1816 I BluetoothPhonePolicy: Received ACTION_UUID for device 00:1F:20:D5:AB:67
08-16 16:52:18.371 1816 1816 I BluetoothPhonePolicy: index=0uuid=00001124-0000-1000-8000-00805f9b34fb
08-16 16:52:18.371 1816 1816 I BluetoothPhonePolicy: index=1uuid=00000000-0000-1000-8000-00805f9b34fb
08-16 16:52:18.371 1816 1816 I BluetoothPhonePolicy: index=2uuid=00000000-0000-1000-8000-00805f9b34fb
08-16 16:52:18.371 1816 1816 I BluetoothPhonePolicy: index=3uuid=00000000-0000-0000-0000-000000000000
08-16 16:52:18.371 1816 1816 I BluetoothPhonePolicy: index=4uuid=00000000-0000-0000-0000-000000000000
08-16 16:52:18.371 1816 1816 I BluetoothPhonePolicy: index=5uuid=00000000-0000-0000-0000-000000000000
08-16 16:52:18.371 1816 1816 I BluetoothPhonePolicy: index=6uuid=00000000-0000-0000-0000-000000000000
08-16 16:52:18.371 1816 1816 I BluetoothPhonePolicy: index=7uuid=00000000-0000-0000-0000-000000000000
08-16 16:52:18.371 1816 1816 I BluetoothPhonePolicy: index=8uuid=00000000-0000-0000-0000-000000000000
08-16 16:52:18.371 1816 1816 I BluetoothPhonePolicy: index=9uuid=00000000-0000-0000-0000-000000000000
08-16 16:52:18.372 1816 1816 I BluetoothPhonePolicy: index=10uuid=00000000-0000-0000-0000-000000000000
08-16 16:52:18.372 1816 1816 I BluetoothPhonePolicy: index=11uuid=00000000-0000-0000-0000-000000000000
08-16 16:52:18.372 1816 1816 I BluetoothPhonePolicy: index=12uuid=00000000-0000-0000-0000-000000000000
08-16 16:52:18.372 1816 1816 I BluetoothPhonePolicy: index=13uuid=00000000-0000-0000-0000-000000000000
08-16 16:52:18.372 1816 1816 I BluetoothPhonePolicy: index=14uuid=00000000-0000-0000-0000-000000000000
08-16 16:52:18.372 1816 1816 I BluetoothPhonePolicy: index=15uuid=00000000-0000-0000-0000-000000000000
08-16 16:52:18.372 1816 1816 I BluetoothPhonePolicy: index=16uuid=00000000-0000-0000-0000-000000000000
08-16 16:52:18.372 1816 2804 D ObexServerSockets3: Accepting socket connection...
08-16 16:52:18.374 1816 1816 I BluetoothPhonePolicy: index=17uuid=00000000-0000-0000-0000-000000000000
08-16 16:52:18.374 1816 1816 I BluetoothPhonePolicy: index=18uuid=00000000-0000-0000-0000-000000000000
08-16 16:52:18.374 1816 1816 I BluetoothPhonePolicy: index=19uuid=00000000-0000-0000-0000-000000000000
08-16 16:52:18.374 1816 1816 I BluetoothPhonePolicy: index=20uuid=00000000-0000-0000-0000-000000000000
08-16 16:52:18.374 1816 1816 I BluetoothPhonePolicy: index=21uuid=00000000-0000-0000-0000-000000000000
08-16 16:52:18.374 1816 1816 I BluetoothPhonePolicy: index=22uuid=00000000-0000-0000-0000-000000000000
08-16 16:52:18.374 1816 1816 I BluetoothPhonePolicy: index=23uuid=00000000-0000-0000-0000-000000000000
08-16 16:52:18.374 1816 1816 I BluetoothPhonePolicy: index=24uuid=00000000-0000-0000-0000-000000000000
08-16 16:52:18.374 1816 1816 I BluetoothPhonePolicy: index=25uuid=00000000-0000-0000-0000-000000000000
08-16 16:52:18.374 1816 1816 I BluetoothPhonePolicy: index=26uuid=00000000-0000-0000-0000-000000000000
08-16 16:52:18.374 1816 1816 I BluetoothPhonePolicy: index=27uuid=00000000-0000-0000-0000-000000000000
08-16 16:52:18.374 1816 1816 I BluetoothPhonePolicy: index=28uuid=00000000-0000-0000-0000-000000000000
08-16 16:52:18.374 1816 1816 I BluetoothPhonePolicy: index=29uuid=00000000-0000-0000-0000-000000000000
08-16 16:52:18.374 1816 1816 I BluetoothPhonePolicy: index=30uuid=00000000-0000-0000-0000-000000000000
08-16 16:52:18.375 1816 1816 I BluetoothPhonePolicy: index=31uuid=00000000-0000-0000-0000-000000000000
08-16 16:52:18.375 1816 1816 I BluetoothPhonePolicy: processInitProfilePriorities() - device 00:1F:20:D5:AB:67
08-16 16:52:18.375 1816 1816 D HeadsetService: getHeadsetService(): returning com.android.bluetooth.hfp.HeadsetService@e8610bd
08-16 16:52:18.375 1816 1816 D BluetoothHidHostService: getConnectionPolicy: 00:1F:20:D5:AB:67
08-16 16:52:18.375 1816 1816 V BluetoothDatabase: getProfileConnectionPolicy: 00:1F:20:D5:AB:67, profile=4, connectionPolicy = 100
08-16 16:52:18.375 1816 1816 I BluetoothPhonePolicy: Received ACTION_UUID for device 00:1F:20:EB:59:9E
08-16 16:52:18.375 1816 1816 I BluetoothPhonePolicy: index=0uuid=00001124-0000-1000-8000-00805f9b34fb
08-16 16:52:18.375 1816 1816 I BluetoothPhonePolicy: index=1uuid=00000000-0000-1000-8000-00805f9b34fb
08-16 16:52:18.375 1816 1816 I BluetoothPhonePolicy: index=2uuid=00000000-0000-1000-8000-00805f9b34fb
08-16 16:52:18.375 1816 1816 I BluetoothPhonePolicy: index=3uuid=00000000-0000-0000-0000-000000000000
08-16 16:52:18.375 1816 1816 I BluetoothPhonePolicy: index=4uuid=00000000-0000-0000-0000-000000000000
08-16 16:52:18.375 1816 1816 I BluetoothPhonePolicy: index=5uuid=00000000-0000-0000-0000-000000000000
08-16 16:52:18.376 1816 1816 I BluetoothPhonePolicy: index=6uuid=00000000-0000-0000-0000-000000000000
08-16 16:52:18.376 1816 1816 I BluetoothPhonePolicy: index=7uuid=00000000-0000-0000-0000-000000000000
08-16 16:52:18.376 1816 1816 I BluetoothPhonePolicy: index=8uuid=00000000-0000-0000-0000-000000000000
08-16 16:52:18.376 1816 1816 I BluetoothPhonePolicy: index=9uuid=00000000-0000-0000-0000-000000000000
08-16 16:52:18.376 1816 1816 I BluetoothPhonePolicy: index=10uuid=00000000-0000-0000-0000-000000000000
08-16 16:52:18.376 1816 1816 I BluetoothPhonePolicy: index=11uuid=00000000-0000-0000-0000-000000000000
08-16 16:52:18.376 1816 1816 I BluetoothPhonePolicy: index=12uuid=00000000-0000-0000-0000-000000000000
08-16 16:52:18.376 1816 1816 I BluetoothPhonePolicy: index=13uuid=00000000-0000-0000-0000-000000000000
08-16 16:52:18.376 1816 1816 I BluetoothPhonePolicy: index=14uuid=00000000-0000-0000-0000-000000000000
08-16 16:52:18.376 1816 1816 I BluetoothPhonePolicy: index=15uuid=00000000-0000-0000-0000-000000000000
08-16 16:52:18.376 1816 1816 I BluetoothPhonePolicy: index=16uuid=00000000-0000-0000-0000-000000000000
08-16 16:52:18.377 1816 1816 I BluetoothPhonePolicy: index=17uuid=00000000-0000-0000-0000-000000000000
08-16 16:52:18.377 1816 1816 I BluetoothPhonePolicy: index=18uuid=00000000-0000-0000-0000-000000000000
08-16 16:52:18.377 1816 1816 I BluetoothPhonePolicy: index=19uuid=00000000-0000-0000-0000-000000000000
08-16 16:52:18.377 1816 1816 I BluetoothPhonePolicy: index=20uuid=00000000-0000-0000-0000-000000000000
08-16 16:52:18.377 1816 1816 I BluetoothPhonePolicy: index=21uuid=00000000-0000-0000-0000-000000000000
08-16 16:52:18.377 1816 1816 I BluetoothPhonePolicy: index=22uuid=00000000-0000-0000-0000-000000000000
08-16 16:52:18.377 1816 1816 I BluetoothPhonePolicy: index=23uuid=00000000-0000-0000-0000-000000000000
08-16 16:52:18.377 1816 1816 I BluetoothPhonePolicy: index=24uuid=00000000-0000-0000-0000-000000000000
08-16 16:52:18.377 1816 1816 I BluetoothPhonePolicy: index=25uuid=00000000-0000-0000-0000-000000000000
08-16 16:52:18.377 1816 1816 I BluetoothPhonePolicy: index=26uuid=00000000-0000-0000-0000-000000000000
08-16 16:52:18.377 1816 1816 I BluetoothPhonePolicy: index=27uuid=00000000-0000-0000-0000-000000000000
08-16 16:52:18.377 1816 1816 I BluetoothPhonePolicy: index=28uuid=00000000-0000-0000-0000-000000000000
08-16 16:52:18.377 1816 1816 I BluetoothPhonePolicy: index=29uuid=00000000-0000-0000-0000-000000000000
08-16 16:52:18.377 1816 1816 I BluetoothPhonePolicy: index=30uuid=00000000-0000-0000-0000-000000000000
08-16 16:52:18.377 1816 1816 I BluetoothPhonePolicy: index=31uuid=00000000-0000-0000-0000-000000000000
08-16 16:52:18.378 1816 1816 I BluetoothPhonePolicy: processInitProfilePriorities() - device 00:1F:20:EB:59:9E
08-16 16:52:18.378 1816 1816 D HeadsetService: getHeadsetService(): returning com.android.bluetooth.hfp.HeadsetService@e8610bd
08-16 16:52:18.378 1816 1816 D BluetoothHidHostService: getConnectionPolicy: 00:1F:20:EB:59:9E
08-16 16:52:18.378 1816 1816 V BluetoothDatabase: getProfileConnectionPolicy: 00:1F:20:EB:59:9E, profile=4, connectionPolicy = 100
08-16 16:52:18.380 1816 2803 D ObexServerSockets3: Accepting socket connection...
08-16 16:52:18.383 1816 1846 I service_manager_slow: [18,permission_checker]
08-16 16:52:18.385 1830 1830 V KeyguardUpdateMonitor: *** unregister callback for com.android.keyguard.CarrierTextManager$2@aa5d742
08-16 16:52:18.385 1816 1846 D HearingAidService: getActiveDevices
08-16 16:52:18.390 1830 2096 D PeopleSpaceWidgetMgr: Sbn doesn't contain valid PeopleTileKey: null/-1/android
08-16 16:52:18.391 1153 1153 D BluetoothHearingAid: Proxy object connected
08-16 16:52:18.391 1153 1153 D BluetoothHearingAid: Proxy object connected
08-16 16:52:18.391 1153 1153 I AS.BtHelper: In onServiceConnected(), profile: 21, proxy: android.bluetooth.BluetoothHearingAid@cd6ef08
08-16 16:52:18.392 1153 1153 D BluetoothHearingAid: Proxy object connected
08-16 16:52:18.392 1153 1153 I Telecom : BluetoothDeviceManager: Got BluetoothHearingAid: android.bluetooth.BluetoothHearingAid@c8866a1: BMSL.oSC@AAw
08-16 16:52:18.398 1816 2657 V Avrcp_ext: updateCurrentMediaState: mMediaController: null
08-16 16:52:18.398 1816 2657 W Avrcp_ext: isMusicActive: false getBluetoothPlayState: 2 A2dp State: 11 mAudioPlaybackIsActive: false
08-16 16:52:18.398 1816 2657 W Avrcp_ext: updateCurrentMediaState: isPlaying = false
08-16 16:52:18.398 1816 2657 V Avrcp_ext: Media update: id -1➡-1? [MediaAttributes: none] : [MediaAttributes: none]
08-16 16:52:18.398 1816 2657 D Avrcp_ext: isPackageNameValid: browsedPackage = isValid = false
08-16 16:52:18.398 1816 2657 V Avrcp_ext: updatePlaybackState, state: PlaybackState {state=2, position=-1, buffered position=0, speed=0.0, updated=61398, actions=0, custom actions=[], active item id=-1, error=null} device: null
08-16 16:52:18.398 1816 2657 V Avrcp_ext: Device: no name:
08-16 16:52:18.398 1153 1995 I DefaultPermGrantPolicy: Revoking permissions from disabled data services for user:0
08-16 16:52:18.398 1816 2657 V Avrcp_ext: Device: no name:
08-16 16:52:18.398 1816 2657 V Avrcp_ext: Device: no name:
08-16 16:52:18.398 1816 2657 V Avrcp_ext: Device: no name:
08-16 16:52:18.398 1816 2657 V Avrcp_ext: Device: no name:
08-16 16:52:18.398 1816 2657 V Avrcp_ext: updatePlayerStateAndPosition, old=PlaybackState {state=2, position=-1, buffered position=0, speed=0.0, updated=60326, actions=0, custom actions=[], active item id=-1, error=null}, state=PlaybackState {state=2, position=-1, buffered position=0, speed=0.0, updated=61398, actions=0, custom actions=[], active item id=-1, error=null}
08-16 16:52:18.398 1816 2657 V Avrcp_ext: old state = PlaybackState {state=2, position=-1, buffered position=0, speed=0.0, updated=60326, actions=0, custom actions=[], active item id=-1, error=null}, new state= PlaybackState {state=2, position=-1, buffered position=0, speed=0.0, updated=61398, actions=0, custom actions=[], active item id=-1, error=null}
08-16 16:52:18.399 1816 2657 D HeadsetService: getHeadsetService(): returning com.android.bluetooth.hfp.HeadsetService@e8610bd
08-16 16:52:18.399 1816 2657 D HeadsetService: isAudioOn: The number of audio connected devices 0
08-16 16:52:18.399 1816 2657 D HeadsetService: isScoOrCallActive(): Call Active:falseCall is Ringing:falseSCO is Active:false
08-16 16:52:18.399 1816 2657 D HeadsetService: isAudioOn: The number of audio connected devices 0
08-16 16:52:18.399 1816 2657 I Avrcp_ext: updatePlayStatusForDevice: device: null
08-16 16:52:18.399 1816 2657 V Avrcp_ext: updatePlaybackState (1): old=PlaybackState {state=2, position=-1, buffered position=0, speed=0.0, updated=60326, actions=0, custom actions=[], active item id=-1, error=null}(2), new=PlaybackState {state=2, position=-1, buffered position=0, speed=0.0, updated=61398, actions=0, custom actions=[], active item id=-1, error=null}(2)
08-16 16:52:18.399 1816 2657 I Avrcp_ext: Exit updatePlayStatusForDevice
08-16 16:52:18.399 1816 2657 D HeadsetService: isAudioOn: The number of audio connected devices 0
08-16 16:52:18.399 1816 2657 D HeadsetService: isScoOrCallActive(): Call Active:falseCall is Ringing:falseSCO is Active:false
08-16 16:52:18.399 1816 2657 D HeadsetService: isAudioOn: The number of audio connected devices 0
08-16 16:52:18.399 1816 2657 I Avrcp_ext: updatePlayStatusForDevice: device: null
08-16 16:52:18.399 1816 2657 V Avrcp_ext: updatePlaybackState (1): old=PlaybackState {state=2, position=-1, buffered position=0, speed=0.0, updated=60326, actions=0, custom actions=[], active item id=-1, error=null}(2), new=PlaybackState {state=2, position=-1, buffered position=0, speed=0.0, updated=61398, actions=0, custom actions=[], active item id=-1, error=null}(2)
08-16 16:52:18.399 1816 2657 I Avrcp_ext: Exit updatePlayStatusForDevice
08-16 16:52:18.399 1816 2657 D HeadsetService: isAudioOn: The number of audio connected devices 0
08-16 16:52:18.399 1816 2657 D HeadsetService: isScoOrCallActive(): Call Active:falseCall is Ringing:falseSCO is Active:false
08-16 16:52:18.400 1816 2657 D HeadsetService: isAudioOn: The number of audio connected devices 0
08-16 16:52:18.400 1816 2657 I Avrcp_ext: updatePlayStatusForDevice: device: null
08-16 16:52:18.400 1816 2657 V Avrcp_ext: updatePlaybackState (1): old=PlaybackState {state=2, position=-1, buffered position=0, speed=0.0, updated=60326, actions=0, custom actions=[], active item id=-1, error=null}(2), new=PlaybackState {state=2, position=-1, buffered position=0, speed=0.0, updated=61398, actions=0, custom actions=[], active item id=-1, error=null}(2)
08-16 16:52:18.400 1816 2657 I Avrcp_ext: Exit updatePlayStatusForDevice
08-16 16:52:18.400 1816 2657 D HeadsetService: isAudioOn: The number of audio connected devices 0
08-16 16:52:18.400 1816 2657 D HeadsetService: isScoOrCallActive(): Call Active:falseCall is Ringing:falseSCO is Active:false
08-16 16:52:18.400 1816 2657 D HeadsetService: isAudioOn: The number of audio connected devices 0
08-16 16:52:18.400 1816 2657 I Avrcp_ext: updatePlayStatusForDevice: device: null
08-16 16:52:18.400 1816 2657 V Avrcp_ext: updatePlaybackState (1): old=PlaybackState {state=2, position=-1, buffered position=0, speed=0.0, updated=60326, actions=0, custom actions=[], active item id=-1, error=null}(2), new=PlaybackState {state=2, position=-1, buffered position=0, speed=0.0, updated=61398, actions=0, custom actions=[], active item id=-1, error=null}(2)
08-16 16:52:18.400 1816 2657 I Avrcp_ext: Exit updatePlayStatusForDevice
08-16 16:52:18.400 1816 2657 D HeadsetService: isAudioOn: The number of audio connected devices 0
08-16 16:52:18.400 1816 2657 D HeadsetService: isScoOrCallActive(): Call Active:falseCall is Ringing:falseSCO is Active:false
08-16 16:52:18.400 1816 2657 D HeadsetService: isAudioOn: The number of audio connected devices 0
08-16 16:52:18.400 1816 2657 I Avrcp_ext: updatePlayStatusForDevice: device: null
08-16 16:52:18.400 1816 2657 V Avrcp_ext: updatePlaybackState (1): old=PlaybackState {state=2, position=-1, buffered position=0, speed=0.0, updated=60326, actions=0, custom actions=[], active item id=-1, error=null}(2), new=PlaybackState {state=2, position=-1, buffered position=0, speed=0.0, updated=61398, actions=0, custom actions=[], active item id=-1, error=null}(2)
08-16 16:52:18.400 1816 2657 I Avrcp_ext: Exit updatePlayStatusForDevice
08-16 16:52:18.401 1816 2657 D Avrcp_ext: Enter sendPlayPosNotificationRsp
08-16 16:52:18.401 1816 2657 D Avrcp_ext: sendPlayPosNotificationRsp: Not registered or requesting.
08-16 16:52:18.401 1816 2657 D Avrcp_ext: Enter sendPlayPosNotificationRsp
08-16 16:52:18.401 1816 2657 D Avrcp_ext: sendPlayPosNotificationRsp: Not registered or requesting.
08-16 16:52:18.401 1816 2657 D Avrcp_ext: Enter sendPlayPosNotificationRsp
08-16 16:52:18.401 1816 2657 D Avrcp_ext: sendPlayPosNotificationRsp: Not registered or requesting.
08-16 16:52:18.401 1816 2657 D Avrcp_ext: Enter sendPlayPosNotificationRsp
08-16 16:52:18.401 1816 2657 D Avrcp_ext: sendPlayPosNotificationRsp: Not registered or requesting.
08-16 16:52:18.401 1816 2657 D Avrcp_ext: Enter sendPlayPosNotificationRsp
08-16 16:52:18.401 1816 2657 D Avrcp_ext: sendPlayPosNotificationRsp: Not registered or requesting.
08-16 16:52:18.401 1816 2657 V Avrcp_ext: Exit updatePlayerStateAndPosition
08-16 16:52:18.412 1153 1178 I DefaultPermGrantPolicy: Granting permissions to enabled data services for user:0
08-16 16:52:18.425 2672 2672 W InputAttributes: No editor info for this field. Bug?
08-16 16:52:18.452 2672 2812 I LatinIME:LogUtils: Dictionary info: dictionary = UserHistoryDictionary.en_US ; version = 1660668738 ; date = ?
08-16 16:52:18.452 824 2574 I vendor.qti.bluetooth@1.0-ibs_handler: ProcessIbsCmd: Received IBS_SLEEP_IND: 0xFE
08-16 16:52:18.460 2727 2727 I Perf : Connecting to perf service.
08-16 16:52:18.476 1153 1153 I sysui_multi_action: [757,1501,758,1,793,1173,794,0,795,1173,796,26,806,android,857,DEVELOPER_IMPORTANT,858,4,947,0,1500,0]
08-16 16:52:18.476 1153 1153 I sysui_multi_action: [757,804,799,note_interruptive,801,0,802,1]
08-16 16:52:18.477 2672 2812 I LatinIME:LogUtils: Dictionary info: dictionary = userunigram.en_US ; version = 1660668738 ; date = ?
08-16 16:52:18.478 1153 2442 D CompatibilityInfo: mCompatibilityFlags - 4
08-16 16:52:18.479 1153 2442 D CompatibilityInfo: applicationDensity - 240
08-16 16:52:18.479 1153 2442 D CompatibilityInfo: applicationScale - 1.0
08-16 16:52:18.480 1153 1153 I sysui_multi_action: [757,1501,758,1,793,1177,794,0,795,1177,796,26,806,android,857,DEVELOPER_IMPORTANT,858,4,947,0,1500,0,1688,1]
08-16 16:52:18.480 1153 1153 I sysui_multi_action: [757,804,799,note_interruptive,801,0,802,1]
08-16 16:52:18.480 1153 1153 I sysui_multi_action: [757,199,758,1,759,2,793,1177,794,0,795,1177,796,26,806,android,857,DEVELOPER_IMPORTANT,858,4,947,0,1500,0,1688,1]
08-16 16:52:18.480 1153 1153 I notification_alert: [-1|android|26|null|1000,0,1,0]
08-16 16:52:18.482 1153 1153 W NotificationHistory: Attempted to add notif for locked/gone/disabled user 0
08-16 16:52:18.483 1153 1153 I sysui_multi_action: [757,1501,758,1,793,945,794,0,795,945,796,55,806,android,857,DEVELOPER,858,2,947,0,1500,0]
08-16 16:52:18.483 1153 1153 I sysui_multi_action: [757,804,799,note_interruptive,801,0,802,1]
08-16 16:52:18.484 2373 2373 D QtiDCT-C: [0]EVENT_DATA_ENABLED_CHANGED
08-16 16:52:18.485 2373 2373 D QtiDCT-C: [0]onDataEnabledChanged: enable=true, enabledChangedReason=0
08-16 16:52:18.485 2373 2373 D QtiDCT-C: [0]setupDataOnAllConnectableApns: dataEnabled
08-16 16:52:18.485 2373 2373 D QtiDCT-C: [0]EVENT_DATA_ENABLED_OVERRIDE_RULES_CHANGED
08-16 16:52:18.485 2373 2373 D QtiDCT-C: [0]onDataEnabledOverrideRulesChanged
08-16 16:52:18.485 2373 2373 D QtiDCT-C: [0]onRadioOffOrNotAvailable: is off and clean up all connections
08-16 16:52:18.486 2373 2373 D QtiDCT-C: [0]cleanUpAllConnectionsInternal: detach=false reason=radioTurnedOff
08-16 16:52:18.486 1153 1153 W NotificationHistory: Attempted to add notif for locked/gone/disabled user 0
08-16 16:52:18.486 2373 2373 D QtiDCT-C: [0]stopNetStatPoll
08-16 16:52:18.486 1153 1153 I notification_cancel_all: [1002,1816,com.android.bluetooth,0,0,64,9,NULL]
08-16 16:52:18.489 2373 2373 D QtiDCT-C: [0]notify all data disconnected
08-16 16:52:18.489 2373 2373 D QtiDCT-C: [0]onDataConnectionDetached: stop polling and notify detached
08-16 16:52:18.489 2373 2373 D QtiDCT-C: [0]stopNetStatPoll
08-16 16:52:18.490 2373 2373 D QtiDCT-C: [0]onDataRoamingOff
08-16 16:52:18.490 2672 2812 W ActivityThread: Failed to find provider info for user_dictionary (user not unlocked)
08-16 16:52:18.493 2373 2373 D QtiDCT-C: [0]Data RAT is unknown or no change, mCurrentDataRat=0
08-16 16:52:18.493 2373 2373 D QtiDCT-C: [0]EVENT_GET_ENHANCED_RADIO_CAPABILITY
08-16 16:52:18.494 1153 1153 D CompanionDeviceManagerService: Received BT state transition broadcast: TURNING_ON -> ON
08-16 16:52:18.494 2373 2373 D CarrierResolver: handleMessage: 2
08-16 16:52:18.494 1153 1153 I CompanionDeviceManagerService: startBleScan()
08-16 16:52:18.494 2373 2373 D QtiGsmCdmaPhone: handleMessage: Event: 46
08-16 16:52:18.494 2373 2373 D VendorGsmCdmaPhone: handleMessage: Event: 46
08-16 16:52:18.494 2373 2373 D GsmCdmaPhone: [0] onVoiceRegStateOrRatChanged
08-16 16:52:18.494 2373 2373 D GsmCdmaPhone: [0] getCsCallRadioTech, current vrs=1, vrat=0
08-16 16:52:18.494 2373 2373 D GsmCdmaPhone: [0] getCsCallRadioTech, result calcVrat=0
08-16 16:52:18.495 2373 2373 D QtiGsmCdmaPhone: handleMessage: Event: 161
08-16 16:52:18.495 2373 2373 D VendorGsmCdmaPhone: handleMessage: Event: 161
08-16 16:52:18.495 2373 2373 D QtiGsmCdmaPhone: handleMessage: Event: 30
08-16 16:52:18.495 2373 2373 D VendorGsmCdmaPhone: handleMessage: Event: 30
08-16 16:52:18.507 1153 1153 D BluetoothHeadset: Proxy object connected
08-16 16:52:18.508 1153 1153 D BluetoothHeadset: Proxy object connected
08-16 16:52:18.508 1153 1153 D BiometricScheduler/Fingerprint21: [Finishing] {[1] FingerprintUpdateActiveUserClient, proto=1, owner=android, cookie=0, requestId=-1, userId=0}, success: true
08-16 16:52:18.509 1153 1153 D BiometricScheduler/Fingerprint21: [Polled] {[2] FingerprintInternalCleanupClient, proto=7, owner=android, cookie=0, requestId=-1, userId=0}, State: 0
08-16 16:52:18.509 1153 1153 D BiometricScheduler/Fingerprint21: [Starting] {[2] FingerprintInternalCleanupClient, proto=7, owner=android, cookie=0, requestId=-1, userId=0}, State: 0
08-16 16:52:18.509 1153 1153 D BiometricScheduler/Fingerprint21: [Started] {[2] FingerprintInternalCleanupClient, proto=7, owner=android, cookie=0, requestId=-1, userId=0}
08-16 16:52:18.509 1153 1153 D Biometrics/InternalCleanupClient: Starting enumerate: {[3] FingerprintInternalEnumerateClient, proto=6, owner=android, cookie=0, requestId=-1, userId=0}
08-16 16:52:18.510 1472 1472 I QFP : notifyPowerState: 2
08-16 16:52:18.510 1472 1472 I QFP : notifyPowerState: 2
08-16 16:52:18.510 1472 1472 I QFP : notifyPowerState: 2
08-16 16:52:18.510 1472 1472 I QFP : notifyPowerState: screen state 2
08-16 16:52:18.511 2373 2789 D BluetoothHeadset: Proxy object connected
08-16 16:52:18.521 1472 2817 I QFP : Initializing QFP framework, container 0 handle 0
01-01 05:04:14.421 0 0 D qbt : qbt_open: entry minor_no=0 fd_available=1
08-16 16:52:18.521 1472 2817 I QFP : getPersistPropVal: persist.vendor.qfp.qbt_fd_name = /dev/qbt_fd (default /dev/qbt_fd)
08-16 16:52:18.522 1816 2657 D Avrcp_ext: AudioManager Player: AudioPlaybackConfiguration piid:375 deviceId:0 type:android.media.SoundPool u/pid:1000/1153 state:idle attr:AudioAttributes: usage=USAGE_ASSISTANCE_SONIFICATION content=CONTENT_TYPE_SONIFICATION flags=0x800 tags= bundle=null sessionId:0
08-16 16:52:18.522 1472 2817 I QFP : getPersistPropVal: persist.vendor.qfp.qbt_ipc_name = /dev/qbt_ipc (default /dev/qbt_ipc)
08-16 16:52:18.522 1816 2657 D Avrcp_ext: AudioManager Player: AudioPlaybackConfiguration piid:391 deviceId:0 type:android.media.MediaPlayer u/pid:10124/1830 state:idle attr:AudioAttributes: usage=USAGE_NOTIFICATION content=CONTENT_TYPE_SONIFICATION flags=0x800 tags= bundle=null sessionId:0
08-16 16:52:18.523 1816 2657 D Avrcp_ext: AudioManager Player: AudioPlaybackConfiguration piid:383 deviceId:0 type:android.media.SoundPool u/pid:10124/1830 state:idle attr:AudioAttributes: usage=USAGE_ASSISTANCE_SONIFICATION content=CONTENT_TYPE_SONIFICATION flags=0x800 tags= bundle=null sessionId:0
08-16 16:52:18.523 1472 2817 E QFP : Dropping unsupported QBT command
08-16 16:52:18.523 1816 2657 D Avrcp_ext: AudioManager isPlaying: false, mAudioPlaybackIsActive = false
08-16 16:52:18.523 1816 2657 D Avrcp_ext: AudioManager Reset Active Player
08-16 16:52:18.523 2727 2727 V GraphicsEnvironment: ANGLE Developer option for 'com.android.deskclock' set to: 'default'
08-16 16:52:18.525 1830 2096 D LocalBluetoothProfileManager: Adding local A2DP profile
08-16 16:52:18.528 1830 2096 D BluetoothA2dp: Binding service...
08-16 16:52:18.530 1830 2096 D LocalBluetoothProfileManager: Adding local HEADSET profile
01-01 05:04:14.421 0 0 D qbt : qbt_open: exit : 0 fd_available=0
01-01 05:04:14.421 0 0 D qbt : qbt_open: entry minor_no=1 fd_available=0
01-01 05:04:14.421 0 0 D qbt : qbt_open: exit : 0 fd_available=0
01-01 05:04:14.422 0 0 D qbt : qbt_ioctl: cmd received 107
01-01 05:04:14.422 0 0 D qbt : qbt_ioctl: Acquiring wakelock
08-16 16:52:18.532 1830 2096 D BluetoothHeadset: Binding service...
08-16 16:52:18.533 1153 1153 I AS.BtHelper: In onServiceConnected(), profile: 1, proxy: android.bluetooth.BluetoothHeadset@bb55f41
08-16 16:52:18.533 1153 1178 W BluetoothManagerService: psc is not null in bindBluetoothProfileService
08-16 16:52:18.533 1153 1153 I Telecom : BluetoothDeviceManager: Got BluetoothHeadset: com.android.server.telecom.BluetoothHeadsetProxy@5af4227: BMSL.oSC@AA0
08-16 16:52:18.534 1830 2096 D LocalBluetoothProfileManager: Adding local MAP profile
08-16 16:52:18.535 1830 2096 D BluetoothMap: Create BluetoothMap proxy object
08-16 16:52:18.534 1153 1153 W Looper : Drained
08-16 16:52:18.536 1830 2096 D BluetoothMap: Binding service...
08-16 16:52:18.536 2727 2727 V GraphicsEnvironment: ANGLE GameManagerService for com.android.deskclock: false
08-16 16:52:18.537 1472 2817 D QSEECOMAPI: QSEECom_get_handle sb_length = 0x40000
08-16 16:52:18.537 1153 1763 I AS.BtHelper: setBtScoActiveDevice: (null) -> (null)
08-16 16:52:18.538 1153 1763 I AS.BtHelper: In checkScoAudioState(), mScoAudioState: 0
08-16 16:52:18.538 1472 2817 D QSEECOMAPI: App is not loaded in QSEE
08-16 16:52:18.540 1472 2817 D QSEECOMAPI: app_arch = 2, total_files = 9
08-16 16:52:18.541 1472 2817 E ion : ioctl c0044901 failed with code -1: Inappropriate ioctl for device
08-16 16:52:18.539 1830 2096 D LocalBluetoothProfileManager: Adding local OPP profile
08-16 16:52:18.541 1830 2096 D LocalBluetoothProfileManager: Adding local HID_HOST profile
08-16 16:52:18.542 1830 2096 D BluetoothHidHost: Binding service...
08-16 16:52:18.544 1830 2096 D LocalBluetoothProfileManager: Adding local PAN profile
08-16 16:52:18.545 1830 2096 D BluetoothPan: Binding service...
08-16 16:52:18.547 1830 2096 D LocalBluetoothProfileManager: Adding local PBAP profile
08-16 16:52:18.552 2727 2727 D NetworkSecurityConfig: No Network Security Config specified, using platform default
08-16 16:52:18.552 1830 2096 D LocalBluetoothProfileManager: Adding local SAP profile
08-16 16:52:18.552 1830 2096 D BluetoothSap: Create BluetoothSap proxy object
08-16 16:52:18.553 1830 2096 D BluetoothSap: Binding service...
08-16 16:52:18.555 2727 2727 D NetworkSecurityConfig: No Network Security Config specified, using platform default
08-16 16:52:18.560 1153 2442 I SELinux : SELinux: Loaded file_contexts
08-16 16:52:18.566 1830 1830 D InterruptionStateProvider: No bubble up: not allowed to bubble: -1|android|26|null|1000
08-16 16:52:18.568 1830 1830 W NotifBindPipeline: Row is not set so pipeline will not run. notif = -1|android|26|null|1000
08-16 16:52:18.568 1830 1830 D BluetoothA2dp: Proxy object connected
01-01 05:04:14.477 0 0 W QSEECOM : qseecom_load_app: App (fingerpr) does'nt exist, loading apps for first time
08-16 16:52:18.575 1830 2816 W ActivityThread: Failed to find provider info for media (user not unlocked)
08-16 16:52:18.579 1830 2096 D LocalBluetoothProfileManager: Current Profiles[]
08-16 16:52:18.586 1830 2096 D LocalBluetoothProfileManager: New Profiles[HID]
08-16 16:52:18.586 1283 1283 D NuPlayerDriver: NuPlayerDriver(0xe9a410f0) created, clientPid(1830)
08-16 16:52:18.592 1830 2096 D CachedBluetoothDevice: updating profiles for Bluetooth Mouse M557
08-16 16:52:18.594 1830 2096 V CachedBluetoothDevice: Class: 2580
08-16 16:52:18.594 1830 2096 V CachedBluetoothDevice: UUID:
08-16 16:52:18.594 1830 2096 V CachedBluetoothDevice: 00001124-0000-1000-8000-00805f9b34fb
08-16 16:52:18.594 1830 2096 V CachedBluetoothDevice: 00000000-0000-1000-8000-00805f9b34fb
08-16 16:52:18.594 1830 2096 V CachedBluetoothDevice: 00000000-0000-1000-8000-00805f9b34fb
08-16 16:52:18.594 1830 2096 V CachedBluetoothDevice: 00000000-0000-0000-0000-000000000000
08-16 16:52:18.594 1830 2096 V CachedBluetoothDevice: 00000000-0000-0000-0000-000000000000
08-16 16:52:18.594 1830 2096 V CachedBluetoothDevice: 00000000-0000-0000-0000-000000000000
08-16 16:52:18.594 1830 2096 V CachedBluetoothDevice: 00000000-0000-0000-0000-000000000000
08-16 16:52:18.594 1830 2096 V CachedBluetoothDevice: 00000000-0000-0000-0000-000000000000
08-16 16:52:18.594 1830 2096 V CachedBluetoothDevice: 00000000-0000-0000-0000-000000000000
08-16 16:52:18.594 1830 2096 V CachedBluetoothDevice: 00000000-0000-0000-0000-000000000000
08-16 16:52:18.595 1830 2096 V CachedBluetoothDevice: 00000000-0000-0000-0000-000000000000
08-16 16:52:18.595 1830 2096 V CachedBluetoothDevice: 00000000-0000-0000-0000-000000000000
08-16 16:52:18.595 1830 2096 V CachedBluetoothDevice: 00000000-0000-0000-0000-000000000000
08-16 16:52:18.595 1830 2096 V CachedBluetoothDevice: 00000000-0000-0000-0000-000000000000
08-16 16:52:18.595 1830 2096 V CachedBluetoothDevice: 00000000-0000-0000-0000-000000000000
08-16 16:52:18.595 1830 2096 V CachedBluetoothDevice: 00000000-0000-0000-0000-000000000000
08-16 16:52:18.595 1830 2096 V CachedBluetoothDevice: 00000000-0000-0000-0000-000000000000
08-16 16:52:18.595 1830 2096 V CachedBluetoothDevice: 00000000-0000-0000-0000-000000000000
08-16 16:52:18.595 1830 2096 V CachedBluetoothDevice: 00000000-0000-0000-0000-000000000000
08-16 16:52:18.595 1830 2096 V CachedBluetoothDevice: 00000000-0000-0000-0000-000000000000
08-16 16:52:18.595 1830 2096 V CachedBluetoothDevice: 00000000-0000-0000-0000-000000000000
08-16 16:52:18.595 1830 2096 V CachedBluetoothDevice: 00000000-0000-0000-0000-000000000000
08-16 16:52:18.595 1830 2096 V CachedBluetoothDevice: 00000000-0000-0000-0000-000000000000
08-16 16:52:18.596 1830 2096 V CachedBluetoothDevice: 00000000-0000-0000-0000-000000000000
08-16 16:52:18.596 1830 2096 V CachedBluetoothDevice: 00000000-0000-0000-0000-000000000000
08-16 16:52:18.596 1830 2096 V CachedBluetoothDevice: 00000000-0000-0000-0000-000000000000
08-16 16:52:18.596 1830 2096 V CachedBluetoothDevice: 00000000-0000-0000-0000-000000000000
08-16 16:52:18.596 1830 2096 V CachedBluetoothDevice: 00000000-0000-0000-0000-000000000000
08-16 16:52:18.596 1830 2096 V CachedBluetoothDevice: 00000000-0000-0000-0000-000000000000
08-16 16:52:18.596 1830 2096 V CachedBluetoothDevice: 00000000-0000-0000-0000-000000000000
08-16 16:52:18.596 1830 2096 V CachedBluetoothDevice: 00000000-0000-0000-0000-000000000000
08-16 16:52:18.596 1830 2096 V CachedBluetoothDevice: 00000000-0000-0000-0000-000000000000
08-16 16:52:18.600 1816 1846 D HearingAidService: getActiveDevices
08-16 16:52:18.615 1830 1830 D BluetoothMap: Proxy object connected
08-16 16:52:18.615 1830 1830 D BluetoothMap: getConnectedDevices()
08-16 16:52:18.621 1153 1995 D CompatibilityChangeReporter: Compat change id reported: 168419799; UID 10098; state: DISABLED
08-16 16:52:18.625 1153 1995 W ActivityTaskManager: Current config: {1.0 ?mcc?mnc [en_US] ldltr sw680dp w1586dp h608dp 240dpi lrg long hdr land finger -keyb/v/h -nav/h winConfig={ mBounds=Rect(0, 0 - 2380, 1020) mAppBounds=Rect(0, 0 - 2380, 948) mMaxBounds=Rect(0, 0 - 2380, 1020) mWindowingMode=fullscreen mDisplayWindowingMode=fullscreen mActivityType=undefined mAlwaysOnTop=undefined mRotation=ROTATION_0} s.10 fontWeightAdjustment=0} unchanged for IME proc com.android.inputmethod.latin
08-16 16:52:18.626 1153 1995 W ActivityTaskManager: Current config: {1.0 ?mcc?mnc [en_US] ldltr sw680dp w1586dp h608dp 240dpi lrg long hdr land finger -keyb/v/h -nav/h winConfig={ mBounds=Rect(0, 0 - 2380, 1020) mAppBounds=Rect(0, 0 - 2380, 948) mMaxBounds=Rect(0, 0 - 2380, 1020) mWindowingMode=fullscreen mDisplayWindowingMode=fullscreen mActivityType=undefined mAlwaysOnTop=undefined mRotation=ROTATION_0} s.10 fontWeightAdjustment=0} unchanged for IME proc com.android.inputmethod.latin
08-16 16:52:18.633 1830 2520 D BluetoothHeadset: Proxy object connected
08-16 16:52:18.635 1830 2096 D LocalBluetoothProfileManager: Current Profiles[]
08-16 16:52:18.644 1830 2096 D BluetoothMap: getConnectionState(00:58:76:20:46:3D)
08-16 16:52:18.644 2373 2373 D QtiGsmCdmaPhone: handleMessage: Event: 37
08-16 16:52:18.644 2373 2373 D VendorGsmCdmaPhone: handleMessage: Event: 37
08-16 16:52:18.644 2373 2373 D Phone : config LCE service failed: com.android.internal.telephony.CommandException: RADIO_NOT_AVAILABLE
08-16 16:52:18.645 1830 2096 D LocalBluetoothProfileManager: New Profiles[HEADSET, A2DP, PBAP Server]
08-16 16:52:18.646 2373 2373 I ImsFeatureBinderRepo: [1] registerForConnectionUpdates, type= MMTEL, conn= ListenerContainer{cb=com.android.ims.FeatureConnector$1@f2ab163}
08-16 16:52:18.647 2373 2373 D GsmSMSDispatcher: GsmSMSDispatcher: subId = -1 slotId = 1
08-16 16:52:18.647 2373 2373 D QtiGsmCdmaPhone: handleMessage: Event: 8
08-16 16:52:18.647 2373 2373 D VendorGsmCdmaPhone: handleMessage: Event: 8
08-16 16:52:18.647 2373 2373 D GsmCdmaPhone: [1] Event EVENT_RADIO_OFF_OR_NOT_AVAILABLE Received
08-16 16:52:18.647 2373 2373 D QtiGsmCdmaPhone: handleMessage: Event: 47
08-16 16:52:18.647 2373 2373 D VendorGsmCdmaPhone: handleMessage: Event: 47
08-16 16:52:18.647 2373 2373 D GsmCdmaPhone: [1] EVENT EVENT_RADIO_STATE_CHANGED
08-16 16:52:18.647 1283 1283 I ExtendedNuUtils: printFileName fd(7) -> /data/system_de/0/ringtones/notification_sound_cache
08-16 16:52:18.647 2373 2373 D GsmCdmaPhone: handleRadioPowerStateChange, state= 2
08-16 16:52:18.648 2373 2373 D SST : [1] handleMessage: received event 42
08-16 16:52:18.648 2373 2373 D SST : [1] EVENT_ICC_CHANGED: SIM absent
08-16 16:52:18.648 2373 2373 D SST : [1] cancelAllNotifications: mPrevSubId=-1
08-16 16:52:18.651 2373 2373 D SST : [1] updateSpnDisplayLegacy+
08-16 16:52:18.651 1830 2096 D CachedBluetoothDevice: updating profiles for Mifa_F5
08-16 16:52:18.655 1830 2096 V CachedBluetoothDevice: Class: 240404
08-16 16:52:18.655 1830 2096 V CachedBluetoothDevice: UUID:
08-16 16:52:18.655 1830 2096 V CachedBluetoothDevice: 0000111e-0000-1000-8000-00805f9b34fb
08-16 16:52:18.655 1830 2096 V CachedBluetoothDevice: 0000110b-0000-1000-8000-00805f9b34fb
08-16 16:52:18.655 1830 2096 V CachedBluetoothDevice: 0000110e-0000-1000-8000-00805f9b34fb
08-16 16:52:18.655 1830 2096 V CachedBluetoothDevice: 00000000-0000-1000-8000-00805f9b34fb
08-16 16:52:18.655 1830 2096 V CachedBluetoothDevice: 00000000-0000-1000-8000-00805f9b34fb
08-16 16:52:18.655 1830 2096 V CachedBluetoothDevice: 00000000-0000-0000-0000-000000000000
08-16 16:52:18.655 1830 2096 V CachedBluetoothDevice: 00000000-0000-0000-0000-000000000000
