01-01 05:03:54.379 0 0 D ProcessState: Binder ioctl to enable oneway spam detection failed: Invalid argument
01-01 05:03:54.380 0 0 D vdc : Waited 0ms for vold
01-01 05:03:54.375 631 631 I auditd : type=1400 audit(0.0:9): avc: denied { kill } for comm="vdc" capability=5 scontext=u:r:vdc:s0 tcontext=u:r:vdc:s0 tclass=capability permissive=0
01-01 05:03:54.392 0 0 I init : [libfs_mgr]Invalid f2fs superblock on '/dev/block/bootdevice/by-name/userdata'
01-01 05:03:54.413 0 0 E init : [libfs_mgr]mount_with_alternatives(): skipping mount due to invalid magic, mountpoint=/data blk_dev=/dev/block/sda15 rec[6].fs_type=f2fs
01-01 05:03:54.429 0 0 I init : Calling: /system/bin/vdc cryptfs mountFstab /dev/block/bootdevice/by-name/userdata /data
01-01 05:03:54.461 0 0 I binder : 632:632 ioctl 40046210 7fd66620b4 returned -22
01-01 05:03:54.467 0 0 D ProcessState: Binder ioctl to enable oneway spam detection failed: Invalid argument
01-01 05:03:54.468 0 0 D vdc : Waited 0ms for vold
01-01 05:03:54.460 565 565 D vold : fscrypt_mount_metadata_encrypted: /data encrypt: 0 format: 0 with null
01-01 05:03:54.460 565 565 D vold : metadata_key_dir/key: /metadata/vold/metadata_encryption/key
01-01 05:03:54.462 565 565 D vold : Key exists, using: /metadata/vold/metadata_encryption/key
01-01 05:03:54.468 591 611 I auditd : SELinux: Loaded keystore2_key_contexts from:
01-01 05:03:54.468 591 611 I auditd : /system/etc/selinux/plat_keystore2_key_contexts
01-01 05:03:54.485 565 565 D vold : Mounting metadata-encrypted filesystem:/data
01-01 05:03:54.490 565 565 I vold : [libfs_mgr]Running /system/bin/fsck.f2fs -a -c 10000 --debug-cache /dev/block/dm-10
01-01 05:03:54.525 0 0 I fsck.f2fs: Info: Fix the reported corruption.
01-01 05:03:54.531 0 0 I fsck.f2fs: Info: No support kernel version!
01-01 05:03:54.537 0 0 I fsck.f2fs: Info: Segments per section = 1
01-01 05:03:54.542 0 0 I fsck.f2fs: Info: Sections per zone = 1
01-01 05:03:54.542 0 0 I : fsck.f2fs (633) used greatest stack depth: 10088 bytes left
01-01 05:03:54.527 633 633 I auditd : type=1400 audit(0.0:10): avc: denied { kill } for comm="fsck.f2fs" capability=5 scontext=u:r:fsck:s0 tcontext=u:r:fsck:s0 tclass=capability permissive=0
01-01 05:03:54.569 0 0 I fsck.f2fs: Info: sector size = 4096
01-01 05:03:54.574 0 0 I fsck.f2fs: Info: total sectors = 28958163 (113117 MB)
01-01 05:03:54.580 0 0 I fsck.f2fs: Info: MKFS version
01-01 05:03:54.584 0 0 I fsck.f2fs: "4.15.0-175-generic #184-Ubuntu SMP Thu Mar 24 17:48:36 UTC 2022"
01-01 05:03:54.593 0 0 I fsck.f2fs: Info: FSCK version
01-01 05:03:54.597 0 0 I fsck.f2fs: from "4.19.157+"
01-01 05:03:54.609 0 0 I F2FS-fs (dm-10): Reduce reserved blocks for root = 22993
01-01 05:03:54.798 0 0 I F2FS-fs (dm-10): Mounted with checkpoint version = 7d397ecc
01-01 05:03:54.799 565 565 I vold : [libfs_mgr]__mount(source=/dev/block/dm-10,target=/data,type=f2fs)=0: Success
01-01 05:03:54.799 565 565 D vold : Mounted /data
01-01 05:03:54.800 565 581 D vold : Disk at 252:10 changed
01-01 05:03:54.795 632 632 I auditd : type=1400 audit(0.0:11): avc: denied { kill } for comm="vdc" capability=5 scontext=u:r:vdc:s0 tcontext=u:r:vdc:s0 tclass=capability permissive=0
01-01 05:03:54.825 0 0 I init : Userdata mounted using /vendor/etc/fstab.qcom result : 7
01-01 05:03:54.832 0 0 I init : Keyring created with id 778873543 in process 1
01-01 05:03:54.839 0 0 I init : Command 'mount_all /vendor/etc/fstab.qcom --late' action=late-fs (/vendor/etc/init/hw/init.target.rc:69) took 498ms and succeeded
01-01 05:03:54.890 0 0 I binder : 639:639 ioctl 40046210 7fdaf17ac4 returned -22
01-01 05:03:54.897 0 0 D ProcessState: Binder ioctl to enable oneway spam detection failed: Invalid argument
01-01 05:03:54.897 0 0 D vdc : Waited 0ms for vold
01-01 05:03:54.889 565 565 I Checkpoint: cp_prepareCheckpoint called
01-01 05:03:54.913 638 640 D spcomlib: [spcom_register_service] spcom_register_service() name [sp_keymaster_ssr] pid [498220416176]
01-01 05:03:54.913 638 640 D spcomlib: [spcom_open] ch [sp_keymaster_ssr] doesn't exist, create it.
01-01 05:03:54.913 638 640 D spcomlib: [spcom_create_channel] Create Channel [sp_keymaster_ssr].
01-01 05:03:54.930 0 0 I binder : 641:641 ioctl 40046210 7fced187d4 returned -22
01-01 05:03:54.937 0 0 D ProcessState: Binder ioctl to enable oneway spam detection failed: Invalid argument
01-01 05:03:54.937 0 0 D vdc : Waited 0ms for vold
01-01 05:03:54.929 565 565 I vold : fscrypt_initialize_systemwide_keys
01-01 05:03:54.932 565 565 D vold : Key exists, using: /data/unencrypted/key
01-01 05:03:54.935 638 640 D spcomlib: [add_ssr_cb] ssr cb added!
01-01 05:03:54.935 638 640 D spcomlib: [start_ssr_thread] ch [spcom] ready!
01-01 05:03:54.935 638 640 D spcomlib: [start_ssr_thread] main pthread self_id [0x403cb0].
01-01 05:03:54.935 638 640 D spcomlib: [start_ssr_thread] pthread_create() ret [0] thread-id [0xff305cb0].
01-01 05:03:54.935 638 640 D spcomlib: [start_ssr_thread] Wait for SSR thread to run.
01-01 05:03:54.935 638 642 D spcomlib: [notify_ssr_thread] SSR pthread self_id [0xff305cb0].
01-01 05:03:54.936 638 640 D spcomlib: [start_ssr_thread] pthread_cond_wait() ret [0].
01-01 05:03:54.936 638 640 D spcomlib: [start_ssr_thread] done.
01-01 05:03:54.936 638 640 D spcomlib: [add_ch] add ch [sp_keymaster_ssr].
01-01 05:03:54.936 638 640 D spcomlib: [spcom_register_service] spcom_register_service() name [sp_keymaster_ssr] pid [498220416176] done
01-01 05:03:54.951 565 565 D vold : Installed fscrypt key with ref 7d817a4d8506106ba17629f73dcc8d4b to /data
01-01 05:03:54.951 565 565 D vold : Added fscrypt-provisioning key for 7d817a4d8506106ba17629f73dcc8d4b to session keyring
01-01 05:03:54.958 565 565 I vold : Wrote system DE key reference to:/data/unencrypted/ref
01-01 05:03:54.958 565 565 D vold : Generating wrapped storage key
01-01 05:03:54.960 565 565 E vold : keystore2 Keystore generateKey returned service specific error: -67
01-01 05:03:54.960 565 565 W vold : Failed to generate rollback-resistant key. This is expected if keymaster doesn't support rollback resistance. Falling back to non-rollback-resistant key.
01-01 05:03:54.971 565 565 D vold : Installed fscrypt key with ref 09ce98a6811d164cc8495065aed0c930 to /data
01-01 05:03:54.971 565 565 D vold : Added fscrypt-provisioning key for 09ce98a6811d164cc8495065aed0c930 to session keyring
01-01 05:03:54.973 565 565 I vold : Wrote per boot key reference to:/data/unencrypted/per_boot_ref
01-01 05:03:54.988 0 0 I fscrypt : AES-256-CTS-CBC using implementation "cts(cbc-aes-ce)"
01-01 05:03:55.046 0 0 I binder : 650:650 ioctl 40046210 7fe0e96df4 returned -22
01-01 05:03:55.053 0 0 D ProcessState: Binder ioctl to enable oneway spam detection failed: Invalid argument
01-01 05:03:55.053 0 0 D vdc : Waited 0ms for vold
01-01 05:03:55.045 565 565 I incfs : Initial API level of the device: 30
01-01 05:03:55.045 565 565 I incfs : ro.incremental.enable: 1
01-01 05:03:55.045 565 565 I incfs : isFsAvailable: true
01-01 05:03:55.046 565 565 I incfs : isFsAvailable: true
01-01 05:03:55.046 565 565 I incfs : IncFs_Features: v1
01-01 05:03:55.067 565 565 E vold : keystore2 Keystore earlyBootEnded returned service specific error: -68
01-01 05:03:55.118 0 0 I apexd : This device does not support updatable APEX. Exiting
01-01 05:03:55.125 0 0 I apexd : Marking APEXd as activated
01-01 05:03:55.284 0 0 I binder : 656:656 ioctl 40046210 7fd2349a44 returned -22
01-01 05:03:55.291 0 0 D ProcessState: Binder ioctl to enable oneway spam detection failed: Invalid argument
01-01 05:03:55.292 0 0 D vdc : Waited 0ms for vold
01-01 05:03:55.283 565 565 D vold : fscrypt_init_user0
01-01 05:03:55.284 565 565 D vold : Preparing: /data/misc/vold/user_keys
01-01 05:03:55.285 565 565 D vold : Preparing: /data/misc/vold/user_keys/ce
01-01 05:03:55.286 565 565 D vold : Preparing: /data/misc/vold/user_keys/de
01-01 05:03:55.304 565 565 D vold : Installed fscrypt key with ref 62dfcae02f1683f015a4439e7d62bd2c to /data
01-01 05:03:55.304 565 565 D vold : Added fscrypt-provisioning key for 62dfcae02f1683f015a4439e7d62bd2c to session keyring
01-01 05:03:55.304 565 565 D vold : Installed de key for user 0
01-01 05:03:55.304 565 565 D vold : fscrypt_prepare_user_storage for volume null, user 0, serial 0, flags 1
01-01 05:03:55.304 565 565 D vold : Preparing: /data/system/users/0
01-01 05:03:55.305 565 565 D vold : Preparing: /data/misc/profiles/cur/0
01-01 05:03:55.306 565 565 D vold : Preparing: /data/system_de/0
01-01 05:03:55.306 565 565 D vold : Preparing: /data/misc_de/0
01-01 05:03:55.307 565 565 D vold : Preparing: /data/vendor_de/0
01-01 05:03:55.307 565 565 D vold : Preparing: /data/user_de/0
01-01 05:03:55.308 565 565 I vold : Verified that /data/system_de/0 has the encryption policy 62dfcae02f1683f015a4439e7d62bd2c v2 modes 1/4 flags 0xa
01-01 05:03:55.308 565 565 I vold : Verified that /data/misc_de/0 has the encryption policy 62dfcae02f1683f015a4439e7d62bd2c v2 modes 1/4 flags 0xa
01-01 05:03:55.308 565 565 I vold : Verified that /data/vendor_de/0 has the encryption policy 62dfcae02f1683f015a4439e7d62bd2c v2 modes 1/4 flags 0xa
01-01 05:03:55.308 565 565 I vold : Verified that /data/user_de/0 has the encryption policy 62dfcae02f1683f015a4439e7d62bd2c v2 modes 1/4 flags 0xa
01-01 05:03:55.308 565 565 D vold : /system/bin/vold_prepare_subdirs
01-01 05:03:55.308 565 565 D vold : prepare
01-01 05:03:55.308 565 565 D vold :
01-01 05:03:55.308 565 565 D vold : 0
01-01 05:03:55.308 565 565 D vold : 1
01-01 05:03:55.369 565 565 D vold : Detected support for FS_IOC_ADD_ENCRYPTION_KEY
01-01 05:03:55.542 0 0 I apexd : This device does not support updatable APEX. Exiting
01-01 05:03:55.549 0 0 I apexd : Marking APEXd as ready
01-01 05:03:55.647 0 0 D cnss : File system is ready, fs_ready is 1, count is 1
01-01 05:03:55.647 0 0 D cnss : Posting event: COLD_BOOT_CAL_START(5), state: 0x0 flags: 0x0
01-01 05:03:55.647 0 0 D cnss : PM stay awake, state: 0x0, count: 1
01-01 05:03:55.648 0 0 D cnss : PM relax, state: 0x0, count: 0
01-01 05:03:55.648 0 0 D cnss : PM stay awake, state: 0x0, count: 1
01-01 05:03:55.648 0 0 D cnss : Processing driver event: COLD_BOOT_CAL_START(5), state: 0x0
01-01 05:03:55.648 0 0 D cnss : Regulator vdd-wlan-io is being enabled
01-01 05:03:55.648 0 0 D cnss : Regulator wlan-ant-switch is being enabled
01-01 05:03:55.649 0 0 D cnss : Regulator vdd-wlan-aon is being enabled
01-01 05:03:55.649 0 0 D cnss : Regulator vdd-wlan-dig is being enabled
01-01 05:03:55.650 0 0 D cnss : Regulator vdd-wlan-rfa1 is being enabled
01-01 05:03:55.650 0 0 D cnss : Regulator vdd-wlan-rfa2 is being enabled
01-01 05:03:55.650 0 0 D cnss : BT_EN_GPIO State: Off. Delay WLAN_GPIO enable
01-01 05:03:55.755 0 0 D cnss : Assert WLAN_EN GPIO successfully
01-01 05:03:55.755 0 0 D cnss : Resuming PCI link
01-01 05:03:55.755 0 0 I msm_pcie_enable: PCIe: Assert the reset of endpoint of RC0.
01-01 05:03:55.767 0 0 I msm_pcie_enable: PCIe: RC0: PCIE20_PARF_INT_ALL_MASK: 0x7f80d202
01-01 05:03:55.777 0 0 I pcie_phy_init: PCIe RC0 PHY is ready!
01-01 05:03:55.792 0 0 I msm_pcie_enable: PCIe: Release the reset of endpoint of RC0.
01-01 05:03:55.799 0 0 I logd : logd reinit
01-01 05:03:55.805 0 0 E logd : FrameworkListener: read() failed (Connection reset by peer)
01-01 05:03:55.818 0 0 I msm_pcie_link_train: PCIe RC0 link initialized
01-01 05:03:55.838 0 0 I cnss_pci 0000: 01:00.0: enabling device (0000 -> 0002)
01-01 05:03:55.845 0 0 D cnss : Read register offset 0x1f8031c, val = 0x6
01-01 05:03:55.845 0 0 D cnss : Write val 0x2 to register offset 0x1f8031c
01-01 05:03:55.845 0 0 D cnss : Setting MHI state: INIT(0)
01-01 05:03:55.861 0 0 D cnss : Setting MHI state: POWER_ON(2)
01-01 05:03:55.865 0 0 W cnss_pci 0000: 01:00.0: Falling back to syfs fallback for: qca6390/amss20.bin
01-01 05:03:55.882 0 0 I ueventd : firmware: loading 'qca6390/amss20.bin' for '/devices/platform/soc/1c00000.qcom,pcie/pci0000:00/0000:00:00.0/0000:01:00.0/firmware/qca6390!amss20.bin'
01-01 05:03:55.920 0 0 I ueventd : loading /devices/platform/soc/1c00000.qcom,pcie/pci0000:00/0000:00:00.0/0000:01:00.0/firmware/qca6390!amss20.bin took 38ms
01-01 05:03:55.222 677 677 I liblog : 46
01-01 05:03:55.222 677 677 I liblog : 1
01-01 05:03:56.169 0 0 I update_verifier: Started with arg 1: nonencrypted
01-01 05:03:56.175 0 0 I binder : 680:680 ioctl 40046210 7fe176be84 returned -22
01-01 05:03:56.181 0 0 D hw-ProcessState: Binder ioctl to enable oneway spam detection failed: Invalid argument
01-01 05:03:56.185 0 0 I update_verifier: Booting slot 0: isSlotMarkedSuccessful=1
01-01 05:03:56.191 0 0 I update_verifier: Leaving update_verifier.
01-01 05:03:56.255 0 0 I binder : 681:681 ioctl 40046210 7fc5284d74 returned -22
01-01 05:03:56.259 0 0 W subsys-pil-tz 17300000.qcom,lpass: Falling back to syfs fallback for: adsp.mdt
01-01 05:03:56.271 0 0 W subsys-pil-tz 8300000.qcom,turing: Falling back to syfs fallback for: cdsp.mdt
01-01 05:03:56.288 0 0 I ueventd : firmware: loading 'cdsp.mdt' for '/devices/platform/soc/8300000.qcom,turing/firmware/cdsp.mdt'
01-01 05:03:56.294 0 0 I ueventd : firmware: loading 'adsp.mdt' for '/devices/platform/soc/17300000.qcom,lpass/firmware/adsp.mdt'
01-01 05:03:56.302 0 0 I ueventd : loading /devices/platform/soc/8300000.qcom,turing/firmware/cdsp.mdt took 13ms
01-01 05:03:56.303 0 0 I subsys-pil-tz 8300000.qcom,turing: cdsp: loading from 0x0000000087800000 to 0x0000000088c00000
01-01 05:03:56.307 0 0 E ueventd : firmware: could not find firmware for dsi_prop
01-01 05:03:56.307 0 0 E ueventd : firmware: attempted /etc/firmware/dsi_prop, open failed: No such file or directory
01-01 05:03:56.307 0 0 E ueventd : firmware: attempted /odm/firmware/dsi_prop, open failed: No such file or directory
01-01 05:03:56.307 0 0 E ueventd : firmware: attempted /vendor/firmware/dsi_prop, open failed: No such file or directory
01-01 05:03:56.307 0 0 E ueventd : firmware: attempted /firmware/image/dsi_prop, open failed: No such file or directory
01-01 05:03:56.313 0 0 E OF : graph: no port node found in /soc/qcom,dsi-display-primary
01-01 05:03:56.313 0 0 D cnss : MHI status cb is called with reason MISSION_MODE(6)
01-01 05:03:56.318 0 0 W subsys-pil-tz 8300000.qcom,turing: Falling back to syfs fallback for: cdsp.b02
01-01 05:03:56.319 0 0 W subsys-pil-tz 8300000.qcom,turing: Falling back to syfs fallback for: cdsp.b03
01-01 05:03:56.320 0 0 D cnss : Notify MHI to use already allocated images
01-01 05:03:56.322 0 0 W subsys-pil-tz 8300000.qcom,turing: Falling back to syfs fallback for: cdsp.b04
01-01 05:03:56.323 0 0 W subsys-pil-tz 8300000.qcom,turing: Falling back to syfs fallback for: cdsp.b05
01-01 05:03:56.324 0 0 W subsys-pil-tz 8300000.qcom,turing: Falling back to syfs fallback for: cdsp.b06
01-01 05:03:56.324 0 0 W subsys-pil-tz 8300000.qcom,turing: Falling back to syfs fallback for: cdsp.b08
01-01 05:03:56.325 0 0 W subsys-pil-tz 8300000.qcom,turing: Falling back to syfs fallback for: cdsp.b09
01-01 05:03:56.325 0 0 W subsys-pil-tz 8300000.qcom,turing: Falling back to syfs fallback for: cdsp.b11
01-01 05:03:56.331 0 0 I subsys-pil-tz 17300000.qcom,lpass: adsp: loading from 0x000000008a100000 to 0x000000008be00000
01-01 05:03:56.333 0 0 E : [drm:dp_display_init_aux_switch][msm-dp-err][495 ]failed to register notifier (-22)
01-01 05:03:56.339 0 0 D cnss : PM relax, state: 0x8, count: 0
01-01 05:03:56.348 0 0 W [drm] [msm-dsi-warn]: [hx82101+hx8692 video mode dsi truly panel] fallback to default te-pin-select
01-01 05:03:56.353 0 0 E : [drm:dp_display_init_aux_switch][msm-dp-err][456 ]failed to register notifier (-22)
01-01 05:03:56.369 0 0 E : [drm:dp_display_init_aux_switch][msm-dp-err][456 ]failed to register notifier (-22)
01-01 05:03:56.382 0 0 W subsys-pil-tz 17300000.qcom,lpass: Falling back to syfs fallback for: adsp.b02
01-01 05:03:56.384 0 0 I msm_drm ae00000.qcom,mdss_mdp: Linked as a consumer to regulator.31
01-01 05:03:56.388 0 0 W subsys-pil-tz 17300000.qcom,lpass: Falling back to syfs fallback for: adsp.b03
01-01 05:03:56.398 0 0 W subsys-pil-tz 17300000.qcom,lpass: Falling back to syfs fallback for: adsp.b04
01-01 05:03:56.398 0 0 W subsys-pil-tz 17300000.qcom,lpass: Falling back to syfs fallback for: adsp.b05
01-01 05:03:56.402 0 0 W subsys-pil-tz 17300000.qcom,lpass: Falling back to syfs fallback for: adsp.b06
01-01 05:03:56.404 0 0 E register_client_adhoc: find path.src 1 dest 590
01-01 05:03:56.405 0 0 E register_client_adhoc: Client handle 16 mdss_reg
01-01 05:03:56.405 0 0 E register_client_adhoc: find path.src 22 dest 512
01-01 05:03:56.406 0 0 W subsys-pil-tz 17300000.qcom,lpass: Falling back to syfs fallback for: adsp.b07
01-01 05:03:56.407 0 0 E register_client_adhoc: find path.src 23 dest 512
01-01 05:03:56.408 0 0 E register_client_adhoc: Client handle 66 mdss_sde
01-01 05:03:56.408 0 0 I [drm:sde_dbg_init:4676] evtlog_status: enable:11, panic:1, dump:2
01-01 05:03:56.408 0 0 I msm_drm ae00000.qcom,mdss_mdp: bound soc:qcom,wb-display@0 (ops sde_wb_comp_ops)
01-01 05:03:56.410 0 0 I msm-dsi-display soc: qcom,dsi-display-primary: Linked as a consumer to regulator.25
01-01 05:03:56.420 0 0 W subsys-pil-tz 17300000.qcom,lpass: Falling back to syfs fallback for: adsp.b08
01-01 05:03:56.429 0 0 I [drm:dsi_display_bind] [msm-dsi-info]: Successfully bind display panel 'qcom,mdss_dsi_panel_hx82101_hx8692_truly_v2_video'
01-01 05:03:56.435 0 0 W subsys-pil-tz 17300000.qcom,lpass: Falling back to syfs fallback for: adsp.b09
01-01 05:03:56.436 0 0 W subsys-pil-tz 17300000.qcom,lpass: Falling back to syfs fallback for: adsp.b10
01-01 05:03:56.436 0 0 W subsys-pil-tz 17300000.qcom,lpass: Falling back to syfs fallback for: adsp.b11
01-01 05:03:56.439 0 0 W subsys-pil-tz 17300000.qcom,lpass: Falling back to syfs fallback for: adsp.b12
01-01 05:03:56.442 0 0 W subsys-pil-tz 17300000.qcom,lpass: Falling back to syfs fallback for: adsp.b13
01-01 05:03:56.445 0 0 I msm_drm ae00000.qcom,mdss_mdp: bound soc:qcom,dsi-display-primary (ops dsi_display_comp_ops)
01-01 05:03:56.445 0 0 W subsys-pil-tz 17300000.qcom,lpass: Falling back to syfs fallback for: adsp.b14
01-01 05:03:56.448 0 0 W subsys-pil-tz 17300000.qcom,lpass: Falling back to syfs fallback for: adsp.b15
01-01 05:03:56.450 0 0 W subsys-pil-tz 17300000.qcom,lpass: Falling back to syfs fallback for: adsp.b16
01-01 05:03:56.451 0 0 W subsys-pil-tz 17300000.qcom,lpass: Falling back to syfs fallback for: adsp.b17
01-01 05:03:56.455 0 0 W subsys-pil-tz 17300000.qcom,lpass: Falling back to syfs fallback for: adsp.b18
01-01 05:03:56.463 0 0 I msm_drm ae00000.qcom,mdss_mdp: bound af20000.qcom,sde_rscc (ops sde_rsc_comp_ops)
01-01 05:03:56.463 0 0 I : [drm] mapped mdp address space @ffffff8025500000
01-01 05:03:56.503 0 0 I qcom_rpmh DRV: apps_rsc TCS Busy, retrying RPMH message send: addr=0x30080
01-01 05:03:56.504 0 0 I qcom_rpmh DRV: apps_rsc TCS Busy, retrying RPMH message send: addr=0x30080
01-01 05:03:56.504 0 0 I qcom_rpmh DRV: apps_rsc TCS Busy, retrying RPMH message send: addr=0x30080
01-01 05:03:56.504 0 0 I qcom_rpmh DRV: apps_rsc TCS Busy, retrying RPMH message send: addr=0x30080
01-01 05:03:56.504 0 0 I qcom_rpmh DRV: apps_rsc TCS Busy, retrying RPMH message send: addr=0x30080
01-01 05:03:56.504 0 0 I qcom_rpmh DRV: apps_rsc TCS Busy, retrying RPMH message send: addr=0x30080
01-01 05:03:56.504 0 0 I : [drm:_sde_kms_hw_init_blocks:3613] sde hardware revision:0x60000000
01-01 05:03:56.507 0 0 I msmdrm_smmu ae00000.qcom,mdss_mdp: qcom,smmu_sde_unsec_cb: Linked as a consumer to 15000000.apps-smmu
01-01 05:03:56.514 0 0 I subsys-pil-tz 8300000.qcom,turing: cdsp: Brought out of reset
01-01 05:03:56.523 0 0 I subsys-pil-tz 8300000.qcom,turing: cdsp: Power/Clock ready interrupt received
01-01 05:03:56.831 0 0 I subsys-pil-tz 8300000.qcom,turing: Subsystem error monitoring/handling services are up
01-01 05:03:56.856 0 0 I qcom_smd_qrtr_probe: Entered
01-01 05:03:56.857 0 0 I adsprpc : fastrpc_restart_notifier_cb: cdsp subsystem is up
01-01 05:03:56.870 0 0 I qcom_smd_qrtr_probe: SMD QRTR driver probed
01-01 05:03:56.870 0 0 I iommu : Adding device ae00000.qcom,mdss_mdp:qcom,smmu_sde_unsec_cb to group 57
01-01 05:03:56.871 0 0 E : [drm:dp_display_init_aux_switch][msm-dp-err][506 ]failed to register notifier (-22)
01-01 05:03:56.874 0 0 I msm_cvp : info: Opening cvp instance: ffffffe8ad5e4480
01-01 05:03:56.878 0 0 I msm_cvp_v4l2 ab00000.qcom,cvp: Linked as a consumer to regulator.83
01-01 05:03:56.895 0 0 I : [drm] probing device qcom,smmu_sde_unsec
01-01 05:03:56.899 0 0 I binder : 682:682 ioctl 40046210 7ffd5ed904 returned -22
01-01 05:03:56.902 0 0 W subsys-pil-tz 9800000.qcom,npu: Falling back to syfs fallback for: npu.mdt
01-01 05:03:56.907 0 0 I msm_cvp_v4l2 ab00000.qcom,cvp: Linked as a consumer to regulator.82
01-01 05:03:56.911 0 0 I binder : 682:682 ioctl 40046210 7ffd5edb14 returned -22
01-01 05:03:56.935 0 0 I : [drm] Created domain mdp_ns, secure=0
01-01 05:03:56.962 0 0 I subsys-restart: __subsystem_get(): Changing subsys fw_name to cvpss
01-01 05:03:56.963 0 0 E : [drm:dp_display_init_aux_switch][msm-dp-err][350 ]failed to register notifier (-22)
01-01 05:03:56.970 0 0 W subsys-pil-tz abb0000.qcom,cvpss: Falling back to syfs fallback for: cvpss.mdt
01-01 05:03:56.970 0 0 I subsys-pil-tz 9800000.qcom,npu: npu: loading from 0x0000000086900000 to 0x0000000086e00000
01-01 05:03:56.971 0 0 I msmdrm_smmu ae00000.qcom,mdss_mdp: qcom,smmu_sde_sec_cb: Linked as a consumer to 15000000.apps-smmu
01-01 05:03:56.985 0 0 I subsys-pil-tz 17300000.qcom,lpass: adsp: Brought out of reset
01-01 05:03:56.988 0 0 W subsys-pil-tz 9800000.qcom,npu: Falling back to syfs fallback for: npu.b02
01-01 05:03:56.989 0 0 W subsys-pil-tz 9800000.qcom,npu: Falling back to syfs fallback for: npu.b03
01-01 05:03:56.990 0 0 W subsys-pil-tz 9800000.qcom,npu: Falling back to syfs fallback for: npu.b04
01-01 05:03:56.995 0 0 W subsys-pil-tz 9800000.qcom,npu: Falling back to syfs fallback for: npu.b05
01-01 05:03:56.995 0 0 W subsys-pil-tz 9800000.qcom,npu: Falling back to syfs fallback for: npu.b06
01-01 05:03:56.999 0 0 I iommu : Adding device ae00000.qcom,mdss_mdp:qcom,smmu_sde_sec_cb to group 58
01-01 05:03:57.010 0 0 I subsys-pil-tz 17300000.qcom,lpass: Subsystem error monitoring/handling services are up
01-01 05:03:57.010 0 0 I adsprpc : fastrpc_rpmsg_probe: opened rpmsg channel for cdsp
01-01 05:03:57.015 0 0 I : [drm] probing device qcom,smmu_sde_sec
01-01 05:03:57.020 0 0 I subsys-pil-tz abb0000.qcom,cvpss: cvpss: loading from 0x0000000087300000 to 0x0000000087800000
01-01 05:03:57.022 0 0 I subsys-pil-tz 17300000.qcom,lpass: adsp: Power/Clock ready interrupt received
01-01 05:03:57.023 0 0 W subsys-pil-tz abb0000.qcom,cvpss: Falling back to syfs fallback for: cvpss.b02
01-01 05:03:57.024 0 0 W subsys-pil-tz abb0000.qcom,cvpss: Falling back to syfs fallback for: cvpss.b03
01-01 05:03:57.024 0 0 W subsys-pil-tz abb0000.qcom,cvpss: Falling back to syfs fallback for: cvpss.b04
01-01 05:03:57.025 0 0 W subsys-pil-tz abb0000.qcom,cvpss: Falling back to syfs fallback for: cvpss.b05
01-01 05:03:57.025 0 0 W subsys-pil-tz abb0000.qcom,cvpss: Falling back to syfs fallback for: cvpss.b07
01-01 05:03:57.025 0 0 W subsys-pil-tz abb0000.qcom,cvpss: Falling back to syfs fallback for: cvpss.b06
01-01 05:03:57.025 0 0 W subsys-pil-tz abb0000.qcom,cvpss: Falling back to syfs fallback for: cvpss.b08
01-01 05:03:57.025 0 0 W subsys-pil-tz abb0000.qcom,cvpss: Falling back to syfs fallback for: cvpss.b09
01-01 05:03:57.026 0 0 W subsys-pil-tz abb0000.qcom,cvpss: Falling back to syfs fallback for: cvpss.b19
01-01 05:03:57.026 0 0 W subsys-pil-tz abb0000.qcom,cvpss: Falling back to syfs fallback for: cvpss.b10
01-01 05:03:57.032 0 0 I : [drm] Created domain mdp_s, secure=1
01-01 05:03:57.039 0 0 I qcom_rpmh DRV: apps_rsc TCS Busy, retrying RPMH message send: addr=0x30030
01-01 05:03:57.039 0 0 E : [drm:dp_display_init_aux_switch][msm-dp-err][350 ]failed to register notifier (-22)
01-01 05:03:57.050 0 0 I adsprpc : fastrpc_restart_notifier_cb: adsp subsystem is up
01-01 05:03:57.055 0 0 I qcom_rpmh DRV: apps_rsc TCS Busy, retrying RPMH message send: addr=0x30040
01-01 05:03:57.057 0 0 I adsprpc : fastrpc_rpmsg_probe: opened rpmsg channel for adsp
01-01 05:03:57.067 0 0 D cnss : DRV subsystem is connected
01-01 05:03:57.072 0 0 E : [drm:dp_display_init_aux_switch][msm-dp-err][420 ]failed to register notifier (-22)
01-01 05:03:56.362 683 683 I boot_progress_start: 43472
01-01 05:03:57.093 0 0 I [drm:dsi_panel_get_mode] [msm-dsi-info]: default topology: lm: 1 comp_enc:0 intf: 1
01-01 05:03:57.099 0 0 I qcom_smd_qrtr_probe: Entered
01-01 05:03:57.155 0 0 I subsys-pil-tz 9800000.qcom,npu: npu: Brought out of reset
01-01 05:03:57.162 0 0 I qcom_smd_qrtr_probe: SMD QRTR driver probed
01-01 05:03:57.162 0 0 I subsys-pil-tz abb0000.qcom,cvpss: cvpss: Brought out of reset
01-01 05:03:57.164 0 0 I : [drm] Supports vblank timestamp caching Rev 2 (21.10.2013).
01-01 05:03:57.164 0 0 I : [drm] No driver support for vblank timestamp query.
01-01 05:03:57.183 0 0 E : [drm:dp_display_init_aux_switch][msm-dp-err][78 ]failed to register notifier (-22)
01-01 05:03:57.199 0 0 I apr_tal_rpmsg qcom,glink: adsp.apr_audio_svc.-1.-1: apr_tal_rpmsg_probe: Channel[apr_audio_svc] state[Up]
01-01 05:03:57.211 0 0 I : [drm] Initialized msm_drm 1.3.0 20130625 for ae00000.qcom,mdss_mdp on minor 0
01-01 05:03:57.229 0 0 E : [drm:dp_display_init_aux_switch][msm-dp-err][78 ]failed to register notifier (-22)
01-01 05:03:57.231 0 0 I : [drm] cont_splash feature not enabled
01-01 05:03:57.239 0 0 I NPU_INFO: npu_get_fw_caps: 236 fw caps 0:2007
01-01 05:03:57.239 0 0 W NPU_WARN: host_session_msg_hdlr: 1904 handle npu session msg when FW is disabled
01-01 05:03:57.277 0 0 I msm_cvp : info: Closed cvp instance: ffffffe8ad5e4480 session_id = 0
01-01 05:03:57.279 0 0 I NPU_INFO: npu_get_fw_caps: 236 fw caps 1:80000005
01-01 05:03:57.362 0 0 I NPU_INFO: npu_get_fw_caps: 236 fw caps 2:0
01-01 05:03:57.368 0 0 I NPU_INFO: npu_get_fw_caps: 236 fw caps 3:0
01-01 05:03:57.373 0 0 I NPU_INFO: npu_get_fw_caps: 236 fw caps 4:0
01-01 05:03:57.379 0 0 I NPU_INFO: npu_get_fw_caps: 236 fw caps 5:0
01-01 05:03:57.384 0 0 I NPU_INFO: npu_get_fw_caps: 236 fw caps 6:0
01-01 05:03:57.389 0 0 I NPU_INFO: npu_get_fw_caps: 236 fw caps 7:0
01-01 05:03:57.403 0 0 I qcom_smd_qrtr_probe: Entered
01-01 05:03:57.408 0 0 I qcom_smd_qrtr_probe: SMD QRTR driver probed
01-01 05:03:57.432 0 0 E : [drm:dp_display_init_aux_switch][msm-dp-err][350 ]failed to register notifier (-22)
01-01 05:03:57.103 683 683 I snet_event_log: [200284993,-1,]
01-01 05:03:57.103 684 684 I snet_event_log: [200284993,-1,]
01-01 05:03:57.957 0 0 I subsys-restart: __subsystem_get(): Changing subsys fw_name to slpi
01-01 05:03:57.967 0 0 W subsys-pil-tz 5c00000.qcom,ssc: Falling back to syfs fallback for: slpi.mdt
01-01 05:03:57.253 683 683 I boot_progress_preload_start: 44363
01-01 05:03:57.993 0 0 I subsys-pil-tz 5c00000.qcom,ssc: slpi: loading from 0x0000000088c00000 to 0x000000008a100000
01-01 05:03:58.011 0 0 W subsys-pil-tz 5c00000.qcom,ssc: Falling back to syfs fallback for: slpi.b02
01-01 05:03:58.013 0 0 W subsys-pil-tz 5c00000.qcom,ssc: Falling back to syfs fallback for: slpi.b03
01-01 05:03:58.013 0 0 W subsys-pil-tz 5c00000.qcom,ssc: Falling back to syfs fallback for: slpi.b05
01-01 05:03:58.013 0 0 W subsys-pil-tz 5c00000.qcom,ssc: Falling back to syfs fallback for: slpi.b04
01-01 05:03:57.288 684 684 D Zygote32Timing: PostZygoteInitGC took to complete: 33ms
01-01 05:03:57.288 684 684 D Zygote32Timing: ZygoteInit took to complete: 40ms
01-01 05:03:58.020 0 0 W subsys-pil-tz 5c00000.qcom,ssc: Falling back to syfs fallback for: slpi.b06
01-01 05:03:58.026 0 0 W subsys-pil-tz 5c00000.qcom,ssc: Falling back to syfs fallback for: slpi.b08
01-01 05:03:58.027 0 0 W subsys-pil-tz 5c00000.qcom,ssc: Falling back to syfs fallback for: slpi.b09
01-01 05:03:58.027 0 0 W subsys-pil-tz 5c00000.qcom,ssc: Falling back to syfs fallback for: slpi.b07
01-01 05:03:58.027 0 0 W subsys-pil-tz 5c00000.qcom,ssc: Falling back to syfs fallback for: slpi.b10
01-01 05:03:58.027 0 0 W subsys-pil-tz 5c00000.qcom,ssc: Falling back to syfs fallback for: slpi.b11
01-01 05:03:58.027 0 0 W subsys-pil-tz 5c00000.qcom,ssc: Falling back to syfs fallback for: slpi.b12
01-01 05:03:58.028 0 0 W subsys-pil-tz 5c00000.qcom,ssc: Falling back to syfs fallback for: slpi.b13
01-01 05:03:58.041 0 0 W subsys-pil-tz 5c00000.qcom,ssc: Falling back to syfs fallback for: slpi.b15
01-01 05:03:58.041 0 0 W subsys-pil-tz 5c00000.qcom,ssc: Falling back to syfs fallback for: slpi.b14
01-01 05:03:58.057 0 0 W subsys-pil-tz 5c00000.qcom,ssc: Falling back to syfs fallback for: slpi.b16
01-01 05:03:58.061 0 0 W subsys-pil-tz 5c00000.qcom,ssc: Falling back to syfs fallback for: slpi.b17
01-01 05:03:58.061 0 0 W subsys-pil-tz 5c00000.qcom,ssc: Falling back to syfs fallback for: slpi.b18
01-01 05:03:58.061 0 0 W subsys-pil-tz 5c00000.qcom,ssc: Falling back to syfs fallback for: slpi.b19
01-01 05:03:58.061 0 0 W subsys-pil-tz 5c00000.qcom,ssc: Falling back to syfs fallback for: slpi.b20
01-01 05:03:57.361 683 683 D Zygote64Timing: BeginPreload took to complete: 107ms
01-01 05:03:58.159 0 0 I binder : 820:820 ioctl 40046210 7feb6fc654 returned -22
01-01 05:03:58.174 0 0 I binder : 823:823 ioctl 40046210 7fe93ca954 returned -22
01-01 05:03:58.223 0 0 I binder : 823:823 ioctl 40046210 7fe93ca934 returned -22
01-01 05:03:58.378 0 0 I binder : 893:893 ioctl 40046210 7fdd1d2794 returned -22
01-01 05:03:58.586 0 0 I binder : 917:917 ioctl 40046210 7fc6221ae4 returned -22
01-01 05:03:58.646 0 0 I subsys-pil-tz 5c00000.qcom,ssc: slpi: Brought out of reset
01-01 05:03:57.975 947 947 I android.hardware.wifi@1.0-service: Wifi Hal is booting up...
01-01 05:03:58.706 0 0 I subsys-pil-tz 5c00000.qcom,ssc: Subsystem error monitoring/handling services are up
01-01 05:03:58.715 0 0 I subsys-pil-tz 5c00000.qcom,ssc: slpi: Power/Clock ready interrupt received
01-01 05:03:58.723 0 0 I qcom_rpmh DRV: apps_rsc TCS Busy, retrying RPMH message send: addr=0x30030
01-01 05:03:57.994 947 947 I HidlServiceManagement: Registered android.hardware.wifi@1.4::IWifi/default (start delay of 204ms)
01-01 05:03:58.731 0 0 I qcom_rpmh DRV: apps_rsc TCS Busy, retrying RPMH message send: addr=0x30040
01-01 05:03:58.737 0 0 I adsprpc : fastrpc_restart_notifier_cb: slpi subsystem is up
01-01 05:03:58.743 0 0 I adsprpc : fastrpc_rpmsg_probe: opened rpmsg channel for slpi
01-01 05:03:58.779 0 0 E : [drm:dp_display_init_aux_switch][msm-dp-err][7 ]failed to register notifier (-22)
01-01 05:03:58.803 0 0 I qcom_smd_qrtr_probe: Entered
01-01 05:03:58.819 0 0 I qcom_smd_qrtr_probe: SMD QRTR driver probed
01-01 05:03:58.832 0 0 E : [drm:dp_display_init_aux_switch][msm-dp-err][7 ]failed to register notifier (-22)
01-01 05:03:58.867 0 0 E : [drm:dp_display_init_aux_switch][msm-dp-err][7 ]failed to register notifier (-22)
01-01 05:03:58.151 826 826 I liblog : 257
01-01 05:03:58.158 826 826 I liblog : 19
01-01 05:03:58.158 826 826 I liblog : 9
01-01 05:03:59.035 0 0 W cam-a5 ac00000.qcom,a5: Falling back to syfs fallback for: CAMERA_ICP.elf
01-01 05:03:59.108 0 0 I binder : 990:990 ioctl 40046210 7fddb63bb4 returned -22
01-01 05:03:59.131 0 0 I CAM_INFO: CAM-HFI: cam_hfi_init: 883 Init IO1 : [0x10c00000 0xcf300000] IO2 [0xe0200000 0x1ed00000]
01-01 05:03:59.156 0 0 I CAM_INFO: CAM-ICP: cam_icp_mgr_process_dbg_buf: 2585 FW_DBG:CICP_FW_E : HFI :QC_IMAGE_VERSION_STRING=CICP.FW.3.0-00012,OEM_IMAGE_VERSION_STRING=CRM,BUILD_TIME: Dec 1 2020 11:05:55,CACHE_ENABLED at icphostinterface.c:636 QC_IMAGE_VERSION_STRING=CICP.FW.3.0-00012 OEM_IMAGE_VERSION_STRING=CRM
01-01 05:03:59.159 0 0 I CAM_INFO: CAM-ICP: cam_icp_mgr_hw_open: 3892 FW download done successfully
01-01 05:03:59.184 0 0 W QSEECOM : qseecom_load_app: App (soter64) does'nt exist, loading apps for first time
01-01 05:03:59.184 0 0 I CAM_INFO: CAM-ICP: cam_icp_mgr_process_dbg_buf: 2585 FW_DBG:CICP_FW_E : HFI :ELF variant: CACHE-ENABLED:T480:API_V2:USE_CDM_1_1: , API version: 0x2000058 at icphostinterface.c:637 QC_IMAGE_VERSION_STRING=CICP.FW.3.0-00012 OEM_IMAGE_VERSION_STRING=CRM
01-01 05:03:59.204 0 0 W QSEECOM : qseecom_load_app: App with id 4 (soter64) now loaded
01-01 05:03:59.314 0 0 I init : starting service 'vendor.lowi'...
01-01 05:03:58.583 1006 1006 I irsc_util: Starting irsc tool
01-01 05:03:58.587 1006 1006 I irsc_util: Num of entries:298
01-01 05:03:58.587 1006 1006 I irsc_util: Ending irsc tool
01-01 05:03:59.323 0 0 E diag : In diag_send_peripheral_buffering_mode, buffering flag not set for 5
01-01 05:03:59.336 0 0 I init : starting service 'vendor.pd_mapper'...
01-01 05:03:59.364 0 0 I coresight-remote-etm soc: ssc_etm0: Connection established between QMI handle and 8 service
01-01 05:03:59.373 0 0 I coresight-remote-etm soc: audio_etm0: Connection established between QMI handle and 5 service
01-01 05:03:59.377 0 0 E diag : In diag_send_feature_mask_update, control channel is not open, p: 6, ffffffa5fd78e568
01-01 05:03:59.389 0 0 I sysmon-qmi: ssctl_new_server: Connection established between QMI handle and slpi's SSCTL service
01-01 05:03:59.390 0 0 I sysmon-qmi: ssctl_new_server: Connection established between QMI handle and cdsp's SSCTL service
01-01 05:03:59.390 0 0 I coresight-remote-etm soc: turing_etm0: Connection established between QMI handle and 13 service
01-01 05:03:59.400 0 0 E diag : In diag_send_feature_mask_update, control channel is not open, p: 3, ffffffa5fd78de78
01-01 05:03:59.413 0 0 I sysmon-qmi: ssctl_new_server: Connection established between QMI handle and adsp's SSCTL service
01-01 05:03:59.413 0 0 D cnss : WLFW server arriving: node 7 port 1
01-01 05:03:59.413 0 0 D cnss : Posting event: SERVER_ARRIVE(0), state: 0x8 flags: 0x0
01-01 05:03:59.413 0 0 D cnss : PM stay awake, state: 0x8, count: 1
01-01 05:03:59.413 0 0 I sysmon-qmi: ssctl_new_server: Connection established between QMI handle and slpi's SSCTL service
01-01 05:03:59.413 0 0 I coresight-remote-etm soc: npu_etm0: Connection established between QMI handle and 14 service
01-01 05:03:59.420 0 0 I init : starting service 'vendor.per_mgr'...
01-01 05:03:59.428 0 0 E diag : In diag_send_peripheral_buffering_mode, buffering flag not set for 3
01-01 05:03:59.434 0 0 D cnss : PM relax, state: 0x8, count: 0
01-01 05:03:59.436 0 0 D cnss : PM stay awake, state: 0x8, count: 1
01-01 05:03:59.436 0 0 D cnss : Processing driver event: SERVER_ARRIVE(0), state: 0x8
01-01 05:03:59.436 0 0 I cnss : QMI WLFW service connected, state: 0x9
01-01 05:03:59.436 0 0 D cnss : Sending indication register message, state: 0x9
01-01 05:03:59.446 0 0 I init : starting service 'vendor.mdm_launcher'...
01-01 05:03:59.460 0 0 E diag : In diag_send_peripheral_buffering_mode, buffering flag not set for 6
01-01 05:03:59.463 0 0 D cnss : Sending host capability message, state: 0x9
01-01 05:03:59.463 0 0 D cnss : Number of clients is 2
01-01 05:03:59.463 0 0 D cnss : Assign MSI to user: WAKE, num_vectors: 1, user_base_data: 813, base_vector: 13
01-01 05:03:59.463 0 0 D cnss : WAKE MSI base data is 813
01-01 05:03:59.463 0 0 D cnss : Calibration done is 0
01-01 05:03:59.463 0 0 D cnss : Sending iova starting 0xa0000000 with size 0x10010000
01-01 05:03:59.494 0 0 I init : starting service 'audioserver'...
01-01 05:03:59.497 0 0 D cnss : PM relax, state: 0x9, count: 0
01-01 05:03:59.498 0 0 E diag : In diag_send_feature_mask_update, control channel is not open, p: 1, ffffffa5fd78d9d8
01-01 05:03:59.500 0 0 E diag : In diag_send_peripheral_buffering_mode, buffering flag not set for 1
01-01 05:03:59.528 0 0 I init : starting service 'credstore'...
01-01 05:03:59.540 0 0 I servloc : service_locator_new_server: Connection established with the Service locator
01-01 05:03:59.540 0 0 I servloc : init_service_locator: Service locator initialized
01-01 05:03:59.576 0 0 I init : starting service 'gpu'...
01-01 05:03:59.591 0 0 I service-notifier: service_notifier_new_server: Connection established between QMI handle and 74 service
01-01 05:03:59.600 0 0 I msm_vidc: high: 00000001: ....d: Opening video instance: ffffffe88e944000, 1
01-01 05:03:59.602 0 0 I adsprpc : fastrpc_get_service_location_notify: PDR notifier for adsp registered for msm/adsp/audio_pd (audio_pdr_adsprpc)
01-01 05:03:59.602 0 0 I audio_notifer_reg_service: service PDR_ADSP is in use
01-01 05:03:59.607 0 0 I init : starting service 'surfaceflinger'...
01-01 05:03:59.608 0 0 I init : Could not create socket 'pdx/system/vr/display/client': Failed to bind socket 'pdx/system/vr/display/client': No such file or directory
01-01 05:03:59.609 0 0 I init : Could not create socket 'pdx/system/vr/display/manager': Failed to bind socket 'pdx/system/vr/display/manager': No such file or directory
01-01 05:03:59.624 0 0 I msm_vidc_v4l2 aa00000.qcom,vidc: Linked as a consumer to regulator.81
01-01 05:03:59.626 0 0 I adsprpc : fastrpc_pdr_notifier_cb: msm/adsp/audio_pd (audio_pdr_adsprpc) is up on adsp
01-01 05:03:59.626 0 0 I apr_adsp_up: Q6 is Up
01-01 05:03:59.629 0 0 I adsprpc : fastrpc_get_service_location_notify: audio_pdr_adsprpc (msm/adsp/audio_pd) PDR service for adsp is uninitialized
01-01 05:03:59.639 0 0 I sps : BAM 0x0000000003a84000 (va:0xffffff801c740000) enabled: ver:0x19, number of pipes:25
01-01 05:03:59.654 0 0 I msm_vidc_v4l2 aa00000.qcom,vidc: Linked as a consumer to regulator.80
01-01 05:03:59.694 0 0 I sps : BAM 0x0000000003a84000 is registered.
01-01 05:03:59.700 0 0 I binder : 1040:1040 ioctl 40046210 7fc32a12e4 returned -22
01-01 05:03:59.720 0 0 E rmt_storage: ERR:main: Mmap Failed for rmts (-1)...pausing execution!
01-01 05:03:59.745 0 0 I msm-audio-ion soc: qcom,msm-audio-apr:qcom,msm-audio-ion: Linked as a consumer to 15000000.apps-smmu
01-01 05:03:59.778 0 0 I iommu : Adding device soc:qcom,msm-audio-apr:qcom,msm-audio-ion to group 59
01-01 05:03:59.782 0 0 I subsys-restart: __subsystem_get(): Changing subsys fw_name to venus
01-01 05:03:59.813 0 0 W subsys-pil-tz aab0000.qcom,venus: Falling back to syfs fallback for: venus.mdt
01-01 05:03:59.818 0 0 E : [drm:dp_display_init_aux_switch][msm-dp-err][84 ]failed to register notifier (-22)
01-01 05:03:59.844 0 0 E : [drm:dp_display_init_aux_switch][msm-dp-err][84 ]failed to register notifier (-22)
01-01 05:03:59.849 0 0 I subsys-pil-tz aab0000.qcom,venus: venus: loading from 0x0000000086e00000 to 0x0000000087300000
01-01 05:03:59.071 1 1 I auditd : type=1107 audit(0.0:12): uid=0 auid=4294967295 ses=4294967295 subj=u:r:init:s0 msg='avc: denied { set } for property=ctl.start$console pid=1062 uid=0 gid=0 scontext=u:r:vendor_qti_init_shell:s0 tcontext=u:object_r:ctl_start_prop:s0 tclass=property_service permissive=0'
01-01 05:03:59.115 486 486 I auditd : type=1400 audit(0.0:13): avc: denied { setattr } for comm="init" name="rawdump" dev="tmpfs" ino=6512 scontext=u:r:vendor_init:s0 tcontext=u:object_r:block_device:s0 tclass=lnk_file permissive=0
01-01 05:03:59.119 486 486 I auditd : type=1400 audit(0.0:14): avc: denied { setattr } for comm="init" name="rawdump" dev="tmpfs" ino=6512 scontext=u:r:vendor_init:s0 tcontext=u:object_r:block_device:s0 tclass=lnk_file permissive=0
01-01 05:03:59.882 0 0 W subsys-pil-tz aab0000.qcom,venus: Falling back to syfs fallback for: venus.b02
01-01 05:03:59.883 0 0 W subsys-pil-tz aab0000.qcom,venus: Falling back to syfs fallback for: venus.b03
01-01 05:03:59.884 0 0 W subsys-pil-tz aab0000.qcom,venus: Falling back to syfs fallback for: venus.b04
01-01 05:03:59.886 0 0 W subsys-pil-tz aab0000.qcom,venus: Falling back to syfs fallback for: venus.b06
01-01 05:03:59.886 0 0 W subsys-pil-tz aab0000.qcom,venus: Falling back to syfs fallback for: venus.b07
01-01 05:03:59.886 0 0 W subsys-pil-tz aab0000.qcom,venus: Falling back to syfs fallback for: venus.b08
01-01 05:03:59.886 0 0 W subsys-pil-tz aab0000.qcom,venus: Falling back to syfs fallback for: venus.b05
01-01 05:03:59.887 0 0 W subsys-pil-tz aab0000.qcom,venus: Falling back to syfs fallback for: venus.b09
01-01 05:03:59.888 0 0 W subsys-pil-tz aab0000.qcom,venus: Falling back to syfs fallback for: venus.b19
01-01 05:03:59.889 0 0 W subsys-pil-tz aab0000.qcom,venus: Falling back to syfs fallback for: venus.b10
01-01 05:03:59.898 0 0 I : Mass Storage Function, version: 2009/09/11
01-01 05:03:59.898 0 0 I LUN : removable file: (no medium)
01-01 05:03:59.910 0 0 I binder : 1051:1051 ioctl 40046210 7ffbd26d54 returned -22
01-01 05:03:59.929 0 0 E : [drm:dp_display_init_aux_switch][msm-dp-err][78 ]failed to register notifier (-22)
01-01 05:03:59.959 0 0 I : file system registered
01-01 05:03:59.966 0 0 W kona-asoc-snd soc: qcom,msm-audio-apr:qcom,q6core-audio:sound: msm_init_aux_dev: Max WSA devices is 0 for this target?
01-01 05:03:59.968 0 0 E kona-asoc-snd soc: qcom,msm-audio-apr:qcom,q6core-audio:sound: ASoC: CODEC DAI wsa_macro_vifeedback not registered
01-01 05:03:59.994 0 0 I subsys-pil-tz aab0000.qcom,venus: venus: Brought out of reset
01-01 05:03:59.997 0 0 I f_cdev_alloc: port_name:at_usb0 (ffffffe88e931280) portno:(0)
01-01 05:04:00.001 0 0 W : bolero-clk-rsc-mngr bolero-clk-rsc-mngr: DMA mask not set
01-01 05:04:00.007 0 0 E qcom-lpi-pinctrl soc: qcom,msm-audio-apr:qcom,q6core-audio:lpi_pinctrl@33c0000: snd_event_notify: No snd dev entry found
01-01 05:04:00.015 0 0 I f_cdev_alloc: port_name:at_usb1 (ffffffe88e932480) portno:(1)
01-01 05:04:00.023 0 0 W tx_macro tx-macro: DMA mask not set
01-01 05:04:00.023 0 0 E tx_macro tx-macro: tx_macro_probe: va-macro not registered yet, defer
01-01 05:04:00.029 0 0 I f_cdev_alloc: port_name:at_usb2 (ffffffe88e935a80) portno:(2)
01-01 05:04:00.036 0 0 W rx_macro rx-macro: DMA mask not set
01-01 05:04:00.036 0 0 E rx_macro rx-macro: rx_macro_probe: va-macro not registered yet, defer
01-01 05:04:00.044 0 0 I msm_vidc: high: 00000001: h264d: Closed video instance: ffffffe88e944000
01-01 05:04:00.046 0 0 I msm_vidc: high: 00000001: ....d: Opening video instance: ffffffe88e944000, 1
01-01 05:04:00.075 0 0 I msm_vidc: high: 00000001: h264d: Closed video instance: ffffffe88e944000
01-01 05:04:00.076 0 0 I msm_vidc: high: 00000001: ....d: Opening video instance: ffffffe891d54000, 1
01-01 05:04:00.083 0 0 W wsa_macro wsa-macro: DMA mask not set
01-01 05:04:00.084 0 0 E wsa_macro wsa-macro: wsa_macro_probe: va-macro not registered yet, defer
01-01 05:04:00.092 0 0 I msm_vidc: high: 00000001: h265d: Closed video instance: ffffffe891d54000
01-01 05:04:00.098 0 0 I msm_vidc: high: 00000001: ....d: Opening video instance: ffffffe89ca1c000, 1
01-01 05:04:00.104 0 0 W va_macro va-macro: DMA mask not set
01-01 05:04:00.104 0 0 E msm_cdc_pinctrl_get_gpiodata: device node is null
01-01 05:04:00.111 0 0 I platform soc: qcom,msm-audio-apr:qcom,voice-mhi-audio: assigned reserved memory node mailbox_region
01-01 05:04:00.112 0 0 I msm_vidc: high: 00000001: h265d: Closed video instance: ffffffe89ca1c000
01-01 05:04:00.116 0 0 I msm_vidc: high: 00000001: ....d: Opening video instance: ffffffe88f308000, 1
01-01 05:04:00.117 0 0 I va_macro va-macro: Linked as a consumer to regulator.7
01-01 05:04:00.117 0 0 I va_macro va-macro: bolero_register_macro: register macro successful:3
01-01 05:04:00.119 0 0 W wcd938x_codec wcd938x-codec: DMA mask not set
01-01 05:04:00.119 0 0 I wcd938x_codec wcd938x-codec: msm_cdc_dt_parse_vreg_info: cdc-vdd-rxtx: vol=[1800000 1800000]uV, curr=[30000]uA, ond 0 lpm 0
01-01 05:04:00.119 0 0 I wcd938x_codec wcd938x-codec: msm_cdc_dt_parse_vreg_info: cdc-vddio: vol=[1800000 1800000]uV, curr=[30000]uA, ond 0 lpm 0
01-01 05:04:00.119 0 0 I wcd938x_codec wcd938x-codec: msm_cdc_dt_parse_vreg_info: cdc-vdd-buck: vol=[1800000 1800000]uV, curr=[650000]uA, ond 0 lpm 0
01-01 05:04:00.119 0 0 I wcd938x_codec wcd938x-codec: msm_cdc_dt_parse_vreg_info: cdc-vdd-mic-bias: vol=[3296000 3296000]uV, curr=[30000]uA, ond 0 lpm 0
01-01 05:04:00.119 0 0 I wcd938x_codec wcd938x-codec: Linked as a consumer to regulator.7
01-01 05:04:00.120 0 0 I wcd938x_codec wcd938x-codec: Linked as a consumer to regulator.48
01-01 05:03:59.397 683 683 D Zygote64Timing: PreloadClasses took to complete: 2037ms
01-01 05:04:00.125 0 0 E : [drm:dp_display_init_aux_switch][msm-dp-err][506 ]failed to register notifier (-22)
01-01 05:04:00.128 0 0 I msm_vidc: high: 00000001: vp8d: Closed video instance: ffffffe88f308000
01-01 05:04:00.138 0 0 I msm_vidc: high: 00000001: ....d: Opening video instance: ffffffe88f308000, 1
01-01 05:04:00.141 0 0 I binder : 1054:1054 ioctl 40046210 7fe8467504 returned -22
01-01 05:04:00.147 0 0 I msm_vidc: high: 00000001: vp9d: Closed video instance: ffffffe88f308000
01-01 05:04:00.148 0 0 I msm_vidc: high: 00000001: ....d: Opening video instance: ffffffe88fa78000, 1
01-01 05:04:00.148 0 0 W kona-asoc-snd soc: qcom,msm-audio-apr:qcom,q6core-audio:sound: msm_init_aux_dev: Max WSA devices is 0 for this target?
01-01 05:04:00.152 0 0 E kona-asoc-snd soc: qcom,msm-audio-apr:qcom,q6core-audio:sound: ASoC: CODEC DAI wsa_macro_vifeedback not registered
01-01 05:04:00.165 0 0 I msm_vidc: high: 00000001: vp9d: Closed video instance: ffffffe88fa78000
01-01 05:04:00.168 0 0 I binder : 1054:1054 ioctl 40046210 7fe8468f34 returned -22
01-01 05:04:00.168 0 0 I msm_vidc: high: 00000001: ....d: Opening video instance: ffffffe88fa78000, 1
01-01 05:04:00.168 0 0 I tx_macro tx-macro: bolero_register_macro: register macro successful:0
01-01 05:04:00.178 0 0 I rx_macro rx-macro: bolero_register_macro: register macro successful:1
01-01 05:04:00.179 0 0 I msm_vidc: high: 00000001: mpg2d: Closed video instance: ffffffe88fa78000
01-01 05:03:59.445 683 683 D Zygote64Timing: CacheNonBootClasspathClassLoaders took to complete: 48ms
01-01 05:04:00.186 0 0 I msm_vidc: high: 00000001: ....d: Opening video instance: ffffffe88fa78000, 1
01-01 05:04:00.189 0 0 I wsa_macro wsa-macro: bolero_register_macro: register macro successful:2
01-01 05:04:00.194 0 0 E : [drm:dp_display_init_aux_switch][msm-dp-err][506 ]failed to register notifier (-22)
01-01 05:04:00.202 0 0 I msm_vidc: high: 00000001: mpg2d: Closed video instance: ffffffe88fa78000
01-01 05:04:00.208 0 0 W kona-asoc-snd soc: qcom,msm-audio-apr:qcom,q6core-audio:sound: msm_init_aux_dev: Max WSA devices is 0 for this target?
01-01 05:04:00.211 0 0 I msm_vidc: high: 00000001: ....e: Opening video instance: ffffffe88c874000, 0
01-01 05:03:59.468 519 519 I auditd : avc: denied { find } for pid=1054 uid=1000 name=vendor.qti.hardware.display.config.IDisplayConfig/default scontext=u:r:surfaceflinger:s0 tcontext=u:object_r:default_android_service:s0 tclass=service_manager permissive=0
01-01 05:03:59.492 519 519 I auditd : avc: denied { find } for pid=1054 uid=1000 name=vendor.qti.hardware.display.config.IDisplayConfig/default scontext=u:r:surfaceflinger:s0 tcontext=u:object_r:default_android_service:s0 tclass=service_manager permissive=0
01-01 05:03:59.498 683 683 D Zygote64Timing: PreloadResources took to complete: 53ms
01-01 05:04:00.242 0 0 W swr-wcd tx_swr_ctrl: DMA mask not set
01-01 05:04:00.242 0 0 I msm_vidc: high: 00000001: h264e: Closed video instance: ffffffe88c874000
01-01 05:04:00.245 0 0 I msm_vidc: high: 00000001: ....e: Opening video instance: ffffffe88c874000, 0
01-01 05:04:00.248 0 0 W swr-wcd rx_swr_ctrl: DMA mask not set
01-01 05:04:00.267 0 0 I msm_vidc: high: 00000001: h265e: Closed video instance: ffffffe88c874000
01-01 05:04:00.271 0 0 I msm_vidc: high: 00000001: ....e: Opening video instance: ffffffe88c874000, 0
01-01 05:04:00.299 0 0 W swr-wcd wsa_swr_ctrl: DMA mask not set
01-01 05:04:00.311 0 0 I msm_vidc: high: 00000001: h265e: Closed video instance: ffffffe88c874000
01-01 05:04:00.312 0 0 I binder : 1036:1036 ioctl 40046210 7fcca310a4 returned -22
01-01 05:04:00.313 0 0 I binder : 1036:1036 ioctl 40046210 7fcca310c4 returned -22
01-01 05:04:00.323 0 0 I msm_vidc: high: 00000001: ....e: Opening video instance: ffffffe88ca4c000, 0
01-01 05:04:00.345 0 0 I msm_vidc: high: 00000001: h265e: Closed video instance: ffffffe88ca4c000
01-01 05:04:00.350 0 0 E swr-wcd rx_swr_ctrl: swrm_get_logical_dev_num: device 0xd01170224 is not ready
01-01 05:04:00.355 0 0 I msm_vidc: high: 00000001: ....e: Opening video instance: ffffffe88cab4000, 0
01-01 05:04:00.366 0 0 I msm_vidc: err : 00000001: ....e: msm_vidc_comm_update_ctrl: failed: control name Ltr Count, min 0, max 0, step 0, default_value 0
01-01 05:04:00.367 0 0 E swr-wcd wsa_swr_ctrl: swrm_get_logical_dev_num: device 0x1020170211 is not ready
01-01 05:04:00.382 0 0 E swr_get_logical_dev_num: Error -22 to get logical addr for device d01170224
01-01 05:04:00.397 0 0 I msm_vidc: high: 00000001: vp8e: Closed video instance: ffffffe88cab4000
01-01 05:04:00.399 0 0 E swr_get_logical_dev_num: Error -22 to get logical addr for device 1020170211
01-01 05:04:00.414 0 0 E swr-wcd rx_swr_ctrl: swrm_get_logical_dev_num: device 0xd01170224 is not ready
01-01 05:04:00.423 0 0 W wsa881x : probe of wsa881x.1020170211 failed with error -22
01-01 05:04:00.431 0 0 E swr-wcd wsa_swr_ctrl: swrm_get_logical_dev_num: device 0x1020170212 is not ready
01-01 05:04:00.440 0 0 E swr_get_logical_dev_num: Error -22 to get logical addr for device d01170224
01-01 05:04:00.454 0 0 E swr_get_logical_dev_num: Error -22 to get logical addr for device 1020170212
01-01 05:04:00.470 0 0 E swr-wcd rx_swr_ctrl: swrm_get_logical_dev_num: device 0xd01170224 is not ready
01-01 05:04:00.480 0 0 W wsa881x : probe of wsa881x.1020170212 failed with error -22
01-01 05:04:00.497 0 0 E swr_get_logical_dev_num: Error -22 to get logical addr for device d01170224
01-01 05:04:00.506 0 0 E swr-wcd wsa_swr_ctrl: swrm_get_logical_dev_num: device 0x1021170213 is not ready
01-01 05:04:00.513 0 0 W kgsl-3d0: Falling back to syfs fallback for: a650_sqe.fw
01-01 05:03:59.814 683 683 I boot_progress_preload_end: 46924
01-01 05:03:59.814 683 683 D Zygote64Timing: ZygotePreload took to complete: 2561ms
01-01 05:04:00.520 0 0 E msm-pcm-routing soc: qcom,msm-pcm-routing: ASoC: no source widget found for AUDIO_REF_EC_UL30 MUX
