08-16 16:52:19.495 1458 2658 D LOWI-9.0.0.87.a: [LOWI-Scan] is_qcom_ie, bss_age: 0
08-16 16:52:19.495 1458 2658 D LOWI-9.0.0.87.a: [LOWI-Scan] BSS f4:a4:d6:51:0e:10 LOWI_PHY_MODE_11AC_VHT40(9), Beacon Interval: 100, LOWI_ENCRYPTION_TYPE_WPA_PSK 11mcRanging: No, ANQP: No, LCI: No, Civic: No, capability(0x1511): ESS Privacy SpectrumMgmt ShortSlotTime
08-16 16:52:19.507 824 2574 I vendor.qti.bluetooth@1.0-ibs_handler: ProcessIbsCmd: Received IBS_SLEEP_IND: 0xFE
08-16 16:52:19.508 1283 2899 I liblog : 21
08-16 16:52:19.508 1283 2899 W Codec2Client: query -- param skipped: index = 1107298332.
08-16 16:52:19.508 1283 2899 D CCodec : setup formats input: AMessage(what = 0x00000000) = {
08-16 16:52:19.508 1283 2899 D CCodec : int32_t bitrate = 70000
08-16 16:52:19.508 1283 2899 D CCodec : int32_t channel-count = 1
08-16 16:52:19.508 1283 2899 D CCodec : int32_t max-input-size = 65307
08-16 16:52:19.508 1283 2899 D CCodec : string mime = "audio/vorbis"
08-16 16:52:19.508 1283 2899 D CCodec : int32_t sample-rate = 48000
08-16 16:52:19.508 1283 2899 D CCodec : }
08-16 16:52:19.508 1283 2899 D CCodec : setup formats output: AMessage(what = 0x00000000) = {
08-16 16:52:19.508 1283 2899 D CCodec : int32_t channel-count = 1
08-16 16:52:19.508 1283 2899 D CCodec : string mime = "audio/raw"
08-16 16:52:19.508 1283 2899 D CCodec : int32_t sample-rate = 48000
08-16 16:52:19.508 1283 2899 D CCodec : int32_t android._config-pcm-encoding = 2
08-16 16:52:19.508 1283 2899 D CCodec : }
08-16 16:52:19.514 1283 2899 I CCodecConfig: query failed after returning 7 values (BAD_INDEX)
08-16 16:52:19.514 1283 2899 I MediaCodec: MediaCodec will operate in async mode
08-16 16:52:19.515 1283 2898 D MediaCodec: keep callback message for reclaim
08-16 16:52:19.518 2863 2863 I liblog : 1
08-16 16:52:19.518 2863 2863 W alcomm.locatio: ClassLoaderContext shared library size mismatch. Expected=0, found=3 (PCL[] | PCL[]{PCL[/system/framework/com.android.location.provider.jar*3633238673]#PCL[/system/system_ext/framework/izat.xt.srv.jar*844606969]#PCL[/system/framework/services.jar*2080806883:/system/framework/services.jar!classes2.dex*2581735661]})
08-16 16:52:19.501 1458 2658 D LOWI-9.0.0.87.a: [LOWI-Scan] BSS f4:a4:d6:51:0d:90 LOWI_PHY_MODE_11AC_VHT40(9), Beacon Interval: 100, LOWI_ENCRYPTION_TYPE_WPA_PSK 11mcRanging: No, ANQP: No, LCI: No, Civic: No, capability(0x1511): ESS Privacy SpectrumMgmt ShortSlotTime
08-16 16:52:19.523 1458 2658 I liblog : 15
08-16 16:52:19.523 1458 2658 D LOWI-9.0.0.87.a: [LOWI-Scan]
08-16 16:52:19.524 1458 2658 D LOWI-9.0.0.87.a: [LOWI-Scan] print_bss_handler: Report Probe TSF 61717509 as it greater than Beacon TSF 61701834
08-16 16:52:19.524 1458 2658 D LOWI-9.0.0.87.a: [LOWI-Scan] decode_rsn_wpa_ie: LOWI_ENCRYPTION_TYPE_WPA_PSK
08-16 16:52:19.524 1458 2658 D LOWI-9.0.0.87.a: [LOWI-Scan] is_qcom_ie, bss_age: 0
08-16 16:52:19.524 1458 2658 D LOWI-9.0.0.87.a: [LOWI-Scan] BSS f4:a4:d6:51:0d:91 LOWI_PHY_MODE_11AC_VHT40(9), Beacon Interval: 100, LOWI_ENCRYPTION_TYPE_WPA_PSK 11mcRanging: No, ANQP: No, LCI: No, Civic: No, capability(0x1511): ESS Privacy SpectrumMgmt ShortSlotTime
08-16 16:52:19.524 1458 2658 D LOWI-9.0.0.87.a: [LOWI-Scan] BSS f4:a4:d6:51:0d:91 FREQ: 5300, cFreq1[40:80:160] = [5310:0:0] cFreq2 = 0 Country Code = CN
08-16 16:52:19.524 1283 2899 W Codec2Client: query -- param skipped: index = 1342179345.
08-16 16:52:19.524 1283 2899 W Codec2Client: query -- param skipped: index = 2415921170.
08-16 16:52:19.525 2155 2155 I aptxalsApplication: hasLowLatencyFeature: true
08-16 16:52:19.525 2155 2155 I aptxalsApplication: hasProFeature: true
08-16 16:52:19.525 2155 2155 I aptxalsApplication: framesPerBuffer: 144
08-16 16:52:19.525 2155 2155 I aptxalsApplication: mBTScanningEnabledForAudioProfileGamingMode: false
08-16 16:52:19.525 1283 2899 D C2Store : Using ION
08-16 16:52:19.525 2155 2155 I aptxalsApplication: mRefreshAudioProfileCountEnabled: false
08-16 16:52:19.525 2155 2155 I aptxalsApplication: mQssEnabled: false
08-16 16:52:19.525 2155 2155 I aptxalsApplication: startup complete
08-16 16:52:19.529 1458 2658 I liblog : 1
08-16 16:52:19.529 1458 2658 D LOWI-9.0.0.87.a: [LOWI-Scan]
08-16 16:52:19.529 1458 2658 D LOWI-9.0.0.87.a: [LOWI-Scan] print_bss_handler: Report Probe TSF 61717939 as it greater than Beacon TSF 61705246
08-16 16:52:19.529 1458 2658 D LOWI-9.0.0.87.a: [LOWI-Scan] decode_rsn_wpa_ie: LOWI_ENCRYPTION_TYPE_WPA_PSK
08-16 16:52:19.529 1458 2658 D LOWI-9.0.0.87.a: [LOWI-Scan] is_qcom_ie, bss_age: 0
08-16 16:52:19.529 1458 2658 D LOWI-9.0.0.87.a: [LOWI-Scan] BSS f4:a4:d6:51:0d:94 LOWI_PHY_MODE_11AC_VHT40(9), Beacon Interval: 100, LOWI_ENCRYPTION_TYPE_WPA_PSK 11mcRanging: No, ANQP: No, LCI: No, Civic: No, capability(0x1511): ESS Privacy SpectrumMgmt ShortSlotTime
08-16 16:52:19.529 2155 2155 I aptxalsAudioMonitor: SendEventRecordingConfigChanged
08-16 16:52:19.529 1458 2658 D LOWI-9.0.0.87.a: [LOWI-Scan] BSS f4:a4:d6:51:0d:94 FREQ: 5300, cFreq1[40:80:160] = [5310:0:0] cFreq2 = 0 Country Code = CN
08-16 16:52:19.529 1458 2658 D LOWI-9.0.0.87.a: [LOWI-Scan] BSS f4:a4:d6:51:0d:94 (wlan0) ASSO: NO AddInfo: 0x0, TSF 0, 00:01:01.717, RSSI: -132, CPL: 127, AGE: 528, SSID thundersoft, TSFDelta: 0xb2c257f2, TXRate: 0
08-16 16:52:19.529 2155 2155 I aptxalsAudioMonitor: listening for audio recording changed events
08-16 16:52:19.529 2155 2155 I aptxalsApplication: onServiceConnected: ComponentInfo{com.qualcomm.qtil.aptxals/com.qualcomm.qtil.aptxals.aptxalsService}
08-16 16:52:19.531 824 2574 I vendor.qti.bluetooth@1.0-ibs_handler: ProcessIbsCmd: Received IBS_WAKE_IND: 0xFD
08-16 16:52:19.531 824 2574 I vendor.qti.bluetooth@1.0-ibs_handler: ProcessIbsCmd: Writing IBS_WAKE_ACK
08-16 16:52:19.532 1816 2596 I liblog : 54
08-16 16:52:19.532 1816 2596 W bt_l2cap: L2CAP - LCID: 0x0041 st: W4_L2CAP_CON_RSP evt: PEER_CONNECT_RSP
08-16 16:52:19.532 1816 2596 W bt_l2cap: L2CAP - LCID: 0x0041 st: CONFIG evt: UPPER_LAYER_CONFIG_REQ
08-16 16:52:19.533 520 520 I hwservicemanager: Since vendor.qti.hardware.iop@2.0::IIop/default is not registered, trying to start it as a lazy HAL.
08-16 16:52:19.533 1816 2596 I bt_stack: [INFO:btsnoop.cc(635)] add_rfc_l2c_channel: rfcomm data going over l2cap channel. conn_handle=2 cid=65:64
08-16 16:52:19.534 1816 2596 W bt_l2cap: L2CAP - LCID: 0x0041 st: CONFIG evt: PEER_CONFIG_REQ
08-16 16:52:19.535 1816 2596 W bt_l2cap: L2CAP - LCID: 0x0041 st: CONFIG evt: UPPER_LAYER_CONFIG_RSP
08-16 16:52:19.535 1816 2596 W bt_l2cap: L2CAP-Upper layer Config_Rsp,Local CID: 0x0041,Remote CID: 0x0040,PSM: 3,our MTU present:1,our MTU:1691
08-16 16:52:19.536 1153 2894 I liblog : 13
08-16 16:52:19.536 1153 2894 E ANDR-PERF-JNI: UXEngine Trigger - Returning null
08-16 16:52:19.540 1283 2899 D CCodecBufferChannel: [c2.android.vorbis.decoder#949] Created input block pool with allocatorID 16 => poolID 17 - OK (0)
08-16 16:52:19.541 2373 2789 I liblog : 61
08-16 16:52:19.541 2373 2789 D SubscriptionController: [getSlotIndex]- subId invalid
08-16 16:52:19.545 1153 1738 W UnsafeUtil: platform method missing - proto runtime falling back to safer methods: java.lang.NoSuchMethodException: sun.misc.Unsafe.copyMemory [class java.lang.Object, long, class java.lang.Object, long, long]
08-16 16:52:19.546 2373 2789 D SubscriptionController: [getSlotIndex]- subId invalid
08-16 16:52:19.548 1458 2658 D LOWI-9.0.0.87.a: [LOWI-Scan]
08-16 16:52:19.548 1458 2658 D LOWI-9.0.0.87.a: [LOWI-Scan] print_bss_handler: Report beacon TSF 61917751 as it greater than probe TSF 61899002
08-16 16:52:19.548 1458 2658 D LOWI-9.0.0.87.a: [LOWI-Scan] decode_rsn_wpa_ie: LOWI_ENCRYPTION_TYPE_WPA_PSK
08-16 16:52:19.548 1458 2658 D LOWI-9.0.0.87.a: [LOWI-Scan] is_qcom_ie, bss_age: 0
08-16 16:52:19.548 1458 2658 D LOWI-9.0.0.87.a: [LOWI-Scan] BSS 0c:83:9a:56:43:e0 LOWI_PHY_MODE_11NG_HT20(5), Beacon Interval: 100, LOWI_ENCRYPTION_TYPE_WPA_PSK 11mcRanging: No, ANQP: No, LCI: No, Civic: No, capability(0x1431): ESS Privacy ShortPreamble ShortSlotTime
08-16 16:52:19.548 1458 2658 D LOWI-9.0.0.87.a: [LOWI-Scan] BSS 0c:83:9a:56:43:e0 FREQ: 2462, cFreq1[40:80:160] = [0:0:0] cFreq2 = 0 Country Code = CN
08-16 16:52:19.548 1458 2658 D LOWI-9.0.0.87.a: [LOWI-Scan] BSS 0c:83:9a:56:43:e0 (wlan0) ASSO: NO AddInfo: 0x1, TSF 0, 00:01:01.917, RSSI: -102, CPL: 127, AGE: 328, SSID HUAWEI-004YJ1, TSFDelta: 0x29212be0, TXRate: 0
08-16 16:52:19.549 1283 2899 I CCodecBufferChannel: [c2.android.vorbis.decoder#949] Created output block pool with allocatorID 16 => poolID 26 - OK
08-16 16:52:19.550 1458 2658 D LOWI-9.0.0.87.a: [LOWI-Scan]
08-16 16:52:19.550 1283 2899 D CCodecBufferChannel: [c2.android.vorbis.decoder#949] Configured output block pool ids 26 => OK
08-16 16:52:19.550 1458 2658 D LOWI-9.0.0.87.a: [LOWI-Scan] print_bss_handler: Report Probe TSF 61917373 as it greater than Beacon TSF 0
08-16 16:52:19.576 2901 2901 D ProcessState: Binder ioctl to enable oneway spam detection failed: Invalid argument
08-16 16:52:19.586 1283 2898 I liblog : 5
08-16 16:52:19.586 1283 2898 I ExtendedNuUtils: Both src and dst missing for bit-width
08-16 16:52:19.586 1283 2898 I ExtendedNuUtils: Overriding durationUs: with 64 bit src value 1728000
08-16 16:52:19.586 1283 2898 I ExtendedNuUtils: Both src and dst missing for channel-mask
08-16 16:52:19.606 683 683 I liblog : 1
08-16 16:52:19.606 683 683 D Zygote : Forked child process 2929
08-16 16:52:19.607 1153 1324 I liblog : 2
08-16 16:52:19.607 1153 1324 W ActivityManager: Slow operation: 468ms so far, now at startProcess: returned from zygote!
08-16 16:52:19.607 1153 1324 W ActivityManager: Slow operation: 468ms so far, now at startProcess: done updating battery stats
08-16 16:52:19.607 1153 1324 I am_proc_start: [0,2929,10065,.pasr,added application,.pasr]
08-16 16:52:19.607 1153 1324 W ActivityManager: Slow operation: 469ms so far, now at startProcess: building log message
08-16 16:52:19.607 1153 1324 I ActivityManager: Start proc 2929:.pasr/u0a65 for added application .pasr
08-16 16:52:19.607 1153 1324 W ActivityManager: Slow operation: 469ms so far, now at startProcess: starting to update pids map
08-16 16:52:19.608 1153 1324 W ActivityManager: Slow operation: 469ms so far, now at startProcess: done updating pids map
08-16 16:52:19.608 1153 1324 W ActivityManager: Slow operation: 464ms so far, now at startProcess: asking zygote to start proc
08-16 16:52:19.608 1153 1324 D CompatibilityChangeReporter: Compat change id reported: 143937733; UID 10123; state: DISABLED
08-16 16:52:19.608 1816 2596 W bt_l2cap: L2CAP - LCID: 0x0041 st: CONFIG evt: PEER_CONFIG_RSP
08-16 16:52:19.608 1816 2596 W bt_l2cap: L2CAP-peer_Config_Rsp,Local CID: 0x0041,Remote CID: 0x0040,PSM: 3,peer MTU present: 0,peer MTU: 133
08-16 16:52:19.603 2373 2902 D SmsBroadcastUndelivered: finished scanning raw table in 186 ms
08-16 16:52:19.629 2901 2901 I service_manager_slow: [14,activity]
08-16 16:52:19.631 1153 2442 I am_proc_bound: [0,2901,com.android.nfc]
08-16 16:52:19.632 818 818 I liblog : 7
08-16 16:52:19.632 818 818 D audio_hw_primary: adev_get_parameters:vr_audio_mode_on
08-16 16:52:19.632 818 818 I audio_hw_primary: getting vr mode to 0
08-16 16:52:19.632 818 818 D audio_hw_primary: adev_get_parameters: exit: returns - vr_audio_mode_on=false
08-16 16:52:19.632 1036 1766 I liblog : 1
08-16 16:52:19.632 1036 1766 I hash_map_utils: system/bt/osi/src/hash_map_utils.cc:81 hash_map_utils_dump_string_keys_string_values: key: 'vr_audio_mode_on' value: ''
08-16 16:52:19.633 1153 2442 D CompatibilityChangeReporter: Compat change id reported: 168419799; UID 1027; state: DISABLED
08-16 16:52:19.634 1153 2442 D CompatibilityInfo: mCompatibilityFlags - 4
08-16 16:52:19.634 1153 2442 D CompatibilityInfo: applicationDensity - 240
08-16 16:52:19.634 1153 2442 D CompatibilityInfo: applicationScale - 1.0
08-16 16:52:19.634 1036 1766 D AudioFlinger: Client defaulted notificationFrames to 12000 for frameCount 24000
08-16 16:52:19.638 1153 2442 I am_uid_active: 1027
08-16 16:52:19.649 1036 1766 D AF::TrackHandle: OpPlayAudio: track:55 usage:5 not muted
08-16 16:52:19.653 1153 1319 I UsageStatsService: User[0] Rollover scheduled @ 2022-08-17 16:52:17(1660755137736)
08-16 16:52:19.658 1153 1319 I UsageStatsService: Time changed in by 1660650484 seconds
08-16 16:52:19.662 2434 2434 D CompatibilityChangeReporter: Compat change id reported: 160794467; UID 10118; state: ENABLED
08-16 16:52:19.663 2889 2889 I liblog : 3
08-16 16:52:19.663 2889 2889 I ThermalEngine: devices_manager_init: Init
08-16 16:52:19.664 2889 2889 I ThermalEngine: Number of gpus :1
08-16 16:52:19.665 2889 2889 I ThermalEngine: Number of cpus :8
08-16 16:52:19.668 2889 2889 I ThermalEngine: update_cpu_topology: Cluster info node not found/sys/module/msm_thermal/cluster_info
08-16 16:52:19.669 2901 2901 D CompatibilityChangeReporter: Compat change id reported: 171979766; UID 1027; state: ENABLED
08-16 16:52:19.675 2889 2889 E ThermalEngine: tmd_add_cpufreq_dev_data: Invalid or no boost freqs
08-16 16:52:19.683 1153 1319 I UsageStatsService: User[0] Flushing usage stats to disk
08-16 16:52:19.690 2863 2863 I Perf : Connecting to perf service.
08-16 16:52:19.696 2889 2889 E ThermalEngine: tmd_add_cpufreq_dev_data: Invalid or no boost freqs
08-16 16:52:19.713 2889 2889 E ThermalEngine: tmd_add_cpufreq_dev_data: Invalid or no boost freqs
08-16 16:52:19.717 2863 2863 V GraphicsEnvironment: ANGLE Developer option for 'com.qualcomm.location' set to: 'default'
08-16 16:52:19.720 2863 2863 V GraphicsEnvironment: ANGLE GameManagerService for com.qualcomm.location: false
08-16 16:52:19.727 2863 2863 D NetworkSecurityConfig: No Network Security Config specified, using platform default
08-16 16:52:19.728 2863 2863 D NetworkSecurityConfig: No Network Security Config specified, using platform default
08-16 16:52:19.734 520 520 I liblog : 1
08-16 16:52:19.734 520 520 I hwservicemanager: Since vendor.qti.hardware.iop@2.0::IIop/default is not registered, trying to start it as a lazy HAL.
08-16 16:52:19.735 1297 1297 E ANDR-IOP: IIop:: Iop HAL Service is not available.
08-16 16:52:19.735 2889 2889 I ThermalEngine: tmd_init_cluster_devs: No clusters found
08-16 16:52:19.745 2584 2584 E wpa_supplicant: eap_proxy: eap_proxy_notify_config
08-16 16:52:19.745 2584 2584 E wpa_supplicant: eap_proxy: Not initialized
08-16 16:52:19.745 2584 2584 E wpa_supplicant: eap_proxy: eap_proxy_notify_config
08-16 16:52:19.746 2584 2584 E wpa_supplicant: eap_proxy: Not initialized
08-16 16:52:19.751 520 2949 W libc : Unable to set property "ctl.interface_start" to "vendor.qti.hardware.iop@2.0::IIop/default": error code: 0x20
08-16 16:52:19.752 520 2949 I hwservicemanager: Tried to start vendor.qti.hardware.iop@2.0::IIop/default as a lazy service, but was unable to. Usually this happens when a service is not installed, but if the service is intended to be used as a lazy service, then it may be configured incorrectly.
08-16 16:52:19.752 2889 2889 E ThermalEngine: devices_init: Init NPU TMD failed 5
01-01 05:04:15.650 0 0 D : mv2112_read_status
01-01 05:04:15.650 0 0 D mv2112_update_link: 3.0x901(1G): 0x4
01-01 05:04:15.650 0 0 D mv2112_update_link: 3.0x8109(100M): 0x8
01-01 05:04:15.650 0 0 D mv2112_update_link: link 0x4
01-01 05:04:15.650 0 0 D mv2112_read_status: autoneg is disabled
08-16 16:52:19.765 2889 2889 I ThermalEngine: vdd_rstr_init: Could not read /sys/module/msm_thermal/vdd_restriction/enabled
08-16 16:52:19.771 2889 2889 E ThermalEngine: Error reading /sys/class/leds/lcd-backlight/max_brightness
08-16 16:52:19.771 2889 2889 E ThermalEngine: open/sys/class/power_supply/battery/system_temp_level failed2
08-16 16:52:19.771 2889 2889 E ThermalEngine: Unable to init battery charging mitigation to 0
08-16 16:52:19.782 2434 2936 I AdrenoGLES-0: QUALCOMM build : 47421dbee6, I139f36ad46
08-16 16:52:19.782 2434 2936 I AdrenoGLES-0: Build Date : 02/18/22
08-16 16:52:19.782 2434 2936 I AdrenoGLES-0: OpenGL ES Shader Compiler Version: EV031.32.02.17
08-16 16:52:19.782 2434 2936 I AdrenoGLES-0: Local Branch :
08-16 16:52:19.782 2434 2936 I AdrenoGLES-0: Remote Branch :
08-16 16:52:19.782 2434 2936 I AdrenoGLES-0: Remote Branch :
08-16 16:52:19.782 2434 2936 I AdrenoGLES-0: Reconstruct Branch :
08-16 16:52:19.782 2434 2936 I AdrenoGLES-0: Build Config : S P 10.0.7 AArch64
08-16 16:52:19.782 2434 2936 I AdrenoGLES-0: Driver Path : /vendor/lib64/egl/libGLESv2_adreno.so
08-16 16:52:19.782 2889 2889 I ThermalEngine: sensors_manager_init: Init
08-16 16:52:19.789 1153 1772 V BackupManagerService: [UserID:0] No ancestral data
08-16 16:52:19.800 2889 2954 E ThermalEngine: socket creation success
08-16 16:52:19.804 1523 1540 I liblog : 1
08-16 16:52:19.804 1523 1540 I adbd : jdwp connection from 2929
08-16 16:52:19.805 1153 1995 D CompatibilityInfo: mCompatibilityFlags - 4
08-16 16:52:19.807 520 520 I hwservicemanager: getTransport: Cannot find entry android.hardware.graphics.mapper@4.0::IMapper/default in either framework or device VINTF manifest.
08-16 16:52:19.808 1153 1995 D CompatibilityInfo: applicationDensity - 240
08-16 16:52:19.808 1153 1995 D CompatibilityInfo: applicationScale - 1.0
01-01 05:04:15.716 0 0 I [schedu][0x564a2046][16:52:19.817703] wlan: [2222:I:HIF] Deinitializing Runtime PM wakelock &vdev->vdev_set_key_runtime_wakelock
08-16 16:52:19.821 818 896 I EffectsFactory: EffectCreate() create_effect
08-16 16:52:19.822 824 2574 I vendor.qti.bluetooth@1.0-ibs_handler: ProcessIbsCmd: Received IBS_SLEEP_IND: 0xFE
08-16 16:52:19.826 2889 2940 I ThermalEngine: ADSP thermal mitigation available.
08-16 16:52:19.827 818 818 E volume_listener: check_and_set_gain_dep_cal: Failed to set gain dep cal level
08-16 16:52:19.828 1153 1995 D CompatibilityInfo: mCompatibilityFlags - 4
08-16 16:52:19.828 1153 1995 D CompatibilityInfo: applicationDensity - 240
08-16 16:52:19.828 1153 1995 D CompatibilityInfo: applicationScale - 1.0
08-16 16:52:19.834 2863 2863 D IzatProvider: getNetworkProvider
08-16 16:52:19.834 1458 1499 I liblog : 32
08-16 16:52:19.834 1458 1499 D LOWI-9.0.0.87.a: [LOWINetlinkSocketReceiver] unpackRTMLinkMessage: RTM_NEWLINK - ifname wlan0, flags 0x1002 ()
08-16 16:52:19.834 1458 1499 D LOWI-9.0.0.87.a: [LOWINetlinkSocketReceiver] processNetlinkPacket: ifname(wlan0) status(0)
08-16 16:52:19.834 1458 1499 D LOWI-9.0.0.87.a: [LOWIController] intfStateReceived: ifname(wlan0) state(0)
08-16 16:52:19.834 1458 1503 D LOWI-9.0.0.87.a: [LOWIEventReceiver] handleEvent:FROM:NA, TO:NA, REQ:NA, IREQ:NA, REQ_ID:0, RESP:NA, INFO:INTF-STATUS-UPDATE
08-16 16:52:19.834 1458 1503 D LOWI-9.0.0.87.a: [LOWIEventReceiver] Info to [INTF-STATUS-UPDATE]
08-16 16:52:19.834 1458 1503 D LOWI-9.0.0.87.a: [LOWIController] updateIntfState: WIFI enabled 0 mNlWifiStatus 1 mWifiStateEnabled 1
08-16 16:52:19.834 1458 1503 D LOWI-9.0.0.87.a: [LOWIController] isWifiEnabled: mNlWifiStatus 0 mWifiStateEnabled 1
08-16 16:52:19.834 1458 1503 I LOWI-9.0.0.87.a: [LOWIController] isWifiEnabled: Wifi is now disabled
08-16 16:52:19.834 1458 1503 D LOWI-9.0.0.87.a: [LOWIController] terminateScanResultReceiver
08-16 16:52:19.835 1458 2658 D LOWI-9.0.0.87.a: [LOWI-Scan] wips_wait_on_nl_socket: read returned 6, Received string: Close
08-16 16:52:19.835 1458 2658 D LOWI-9.0.0.87.a: [LOWI-Scan] do_listen_events: Select Error return - -301
08-16 16:52:19.835 1458 2658 D LOWI-9.0.0.87.a: [LOWI-Scan] No dump done. Error -301
08-16 16:52:19.835 1458 2658 D LOWI-9.0.0.87.a: [LOWI-Scan] WipsScanUsingNL: passive scan cached 0, took 273 ms, err -301
08-16 16:52:19.835 1458 2658 D LOWI-9.0.0.87.a: [LOWI-Scan] lowi_proc_req_passive_scan_with_live_meas - No WLAN Frames to be parsed
08-16 16:52:19.835 1458 2658 D LOWI-9.0.0.87.a: [LOWIWifiDriverInterface] Scan terminated for passive listening request
08-16 16:52:19.835 1458 2658 I LOWI-9.0.0.87.a: [LOWIScanResultReceiver] Thread terminate was requested
08-16 16:52:19.836 1153 1247 I EthernetTracker: interfaceLinkStateChanged, iface: wlan0, up: false
08-16 16:52:19.840 2584 2584 E wpa_supplicant: eap_proxy: eap_proxy_notify_config
08-16 16:52:19.840 2584 2584 E wpa_supplicant: eap_proxy: Not initialized
08-16 16:52:19.841 1153 2442 D CompatibilityInfo: mCompatibilityFlags - 4
08-16 16:52:19.841 1153 2442 D CompatibilityInfo: applicationDensity - 240
08-16 16:52:19.841 1153 2442 D CompatibilityInfo: applicationScale - 1.0
01-01 05:04:15.728 0 0 I [schedu][0x564d8cd1][16:52:19.829391] wlan: [2222:I:HIF] Initializing Runtime PM wakelock &vdev->vdev_set_key_runtime_wakelock
08-16 16:52:19.841 1458 2658 D LOWI-9.0.0.87.a: [LOWI-Scan] Closing the pipe
01-01 05:04:15.745 0 0 I binder : 2929:2929 ioctl 40046210 7fd93f2444 returned -22
08-16 16:52:19.842 1458 1503 D LOWI-9.0.0.87.a: [LOWIScanResultReceiver] After join complete
08-16 16:52:19.842 1458 1503 D LOWI-9.0.0.87.a: [LOWI-ROME-RTT] RomeUnblockRangingThread
08-16 16:52:19.842 1458 2659 D LOWI-9.0.0.87.a: [LOWI-ROME-RTT] RomeWaitOnActivityOnSocketOrPipe: timed select over: TO: 5 retVal: 1
08-16 16:52:19.842 1458 2659 D LOWI-9.0.0.87.a: [LOWI-ROME-RTT] RomeWaitOnActivityOnSocketOrPipe: Ranging thread Received string: Close, request socket shutdown
08-16 16:52:19.842 2889 2940 I ThermalEngine: Mitigation:vdd_restriction[ADSP]:0 pending QMI request succeded
08-16 16:52:19.842 1458 2659 D LOWI-9.0.0.87.a: [LOWIRangingFSM] FSM: Received Terminate Thread request from Controller
08-16 16:52:19.842 1458 2659 I LOWI-9.0.0.87.a: [LOWIScanResultReceiver] Thread terminate was requested
08-16 16:52:19.842 1458 2659 D LOWI-9.0.0.87.a: [LOWI-ROME-RTT] Closing the Ranging pipe
08-16 16:52:19.842 1458 1503 D LOWI-9.0.0.87.a: [LOWIScanResultReceiver] After join complete
08-16 16:52:19.842 1458 1503 D LOWI-9.0.0.87.a: [LOWIController] terminateWifiDriver
08-16 16:52:19.843 1458 1503 I CLD80211: lowi-server: Sent msg on exit sock to unblock poll()
08-16 16:52:19.843 824 2574 I vendor.qti.bluetooth@1.0-ibs_handler: ProcessIbsCmd: Received IBS_WAKE_IND: 0xFD
08-16 16:52:19.843 824 2574 I vendor.qti.bluetooth@1.0-ibs_handler: ProcessIbsCmd: Writing IBS_WAKE_ACK
08-16 16:52:19.846 1830 2096 I QuickAccessWalletTile: QAW service is unavailable, recreating the wallet client.
08-16 16:52:19.846 2929 2929 I liblog : 1
01-01 05:04:15.750 0 0 I [wifi@1][0x565425c9][16:52:19.851909] wlan: [947:I:DP] dp_vdev_attach_wifi3: wlan_cfg_ap_bridge_enabled 0
08-16 16:52:19.846 2929 2929 D ProcessState: Binder ioctl to enable oneway spam detection failed: Invalid argument
08-16 16:52:19.847 1458 1499 D LOWI-9.0.0.87.a: [LOWINetlinkSocketReceiver] unpackRTMLinkMessage: RTM_NEWLINK - ifname wlan0, flags 0x1002 ()
08-16 16:52:19.847 1458 1499 D LOWI-9.0.0.87.a: [LOWINetlinkSocketReceiver] processNetlinkPacket: ifname(wlan0) status(0)
08-16 16:52:19.847 1458 1499 D LOWI-9.0.0.87.a: [LOWIController] intfStateReceived: ifname(wlan0) state(0)
08-16 16:52:19.847 1816 2596 I bt_stack: [INFO:btsnoop.cc(618)] whitelist_rfc_dlci: Whitelisting rfcomm channel. L2CAP CID=65 DLCI=
08-16 16:52:19.849 1816 2596 D bt_btif : bta_ag_hdl_event: p_scb 0xd06aed68
08-16 16:52:19.849 1458 1503 D LOWI-9.0.0.87.a: [LOWIEventReceiver] handleEvent:FROM:NA, TO:NA, REQ:NA, IREQ:NA, REQ_ID:0, RESP:NA, INFO:INTF-STATUS-UPDATE
08-16 16:52:19.849 1458 1503 D LOWI-9.0.0.87.a: [LOWIEventReceiver] Info to [INTF-STATUS-UPDATE]
08-16 16:52:19.849 1458 1503 D LOWI-9.0.0.87.a: [LOWIController] updateIntfState: WIFI enabled 0 mNlWifiStatus 0 mWifiStateEnabled 0
08-16 16:52:19.849 1458 1503 D LOWI-9.0.0.87.a: [LOWIController] isWifiEnabled: mNlWifiStatus 0 mWifiStateEnabled 0
08-16 16:52:19.849 1816 2596 W bt_l2cap: L2CA_SetDesireRole() new:x1, disallow_switch:0
08-16 16:52:19.849 1816 2596 W bt_btif : new conn_srvc id:5, app_id:0
08-16 16:52:19.849 1816 2596 W bt_btif : bta_dm_pm_cback: new conn_srvc id:5, app_id:0 count:1
08-16 16:52:19.849 1816 2596 W bt_btif : bta_dm_pm_ssr conn_srvc id:5, app_id:0
08-16 16:52:19.849 1816 2596 W bt_btif : bta_dm_pm_ssr ssr:2, lat:1200
08-16 16:52:19.850 1816 2596 D bt_btif : bta_ag_rfc_open: ag_conn_timeout: 5000
08-16 16:52:19.850 1816 2596 E bt_btif : 00:58:76:20:46:3d
08-16 16:52:19.850 1816 2596 I bt_stack: [INFO:bta_ag_sco.cc(2165)] bta_ag_sco_listen: 00:58:76:20:46:3d
08-16 16:52:19.850 1816 2596 D bt_btif : bta_ag_sco_event: index=0xffff, device=00:58:76:20:46:3d, state=BTA_AG_SCO_SHUTDOWN_ST[0], event=BTA_AG_SCO_LISTEN_E[0]
08-16 16:52:19.850 1816 2596 E bt_btif : 00:58:76:20:46:3d
08-16 16:52:19.850 1816 2596 E bt_btif : 00:58:76:20:46:3d
08-16 16:52:19.850 1816 2596 W bt_stack: [WARNING:bta_ag_sco.cc(614)] bta_ag_create_sco: device 00:58:76:20:46:3d is not active, active_device=00:00:00:00:00:00
08-16 16:52:19.851 1816 2596 E bt_btif : 00:58:76:20:46:3d
08-16 16:52:19.851 947 947 D android.hardware.wifi@1.0-service: Successfully SetMacAddress.
08-16 16:52:19.851 1816 2596 D bt_btif : BTA AG SCO State Change: [BTA_AG_SCO_SHUTDOWN_ST] -> [BTA_AG_SCO_LISTEN_ST] after Event [BTA_AG_SCO_LISTEN_E]
08-16 16:52:19.855 1153 1247 I EthernetTracker: interfaceLinkStateChanged, iface: wlan0, up: false
08-16 16:52:19.856 1458 1499 D LOWI-9.0.0.87.a: [LOWINetlinkSocketReceiver] unpackRTMLinkMessage: RTM_NEWLINK - ifname wlan0, flags 0x1003 ([UP])
08-16 16:52:19.856 1458 1499 D LOWI-9.0.0.87.a: [LOWINetlinkSocketReceiver] processNetlinkPacket: ifname(wlan0) status(1)
08-16 16:52:19.856 1458 1499 D LOWI-9.0.0.87.a: [LOWIController] intfStateReceived: ifname(wlan0) state(1)
08-16 16:52:19.856 1458 1503 D LOWI-9.0.0.87.a: [LOWIEventReceiver] handleEvent:FROM:NA, TO:NA, REQ:NA, IREQ:NA, REQ_ID:0, RESP:NA, INFO:INTF-STATUS-UPDATE
08-16 16:52:19.856 1458 1503 D LOWI-9.0.0.87.a: [LOWIEventReceiver] Info to [INTF-STATUS-UPDATE]
08-16 16:52:19.856 1458 1503 D LOWI-9.0.0.87.a: [LOWIController] updateIntfState: WIFI enabled 1 mNlWifiStatus 0 mWifiStateEnabled 0
08-16 16:52:19.856 1458 1503 D LOWI-9.0.0.87.a: [LOWIController] isWifiEnabled: mNlWifiStatus 1 mWifiStateEnabled 0
08-16 16:52:19.856 1458 1503 I LOWI-9.0.0.87.a: [LOWIController] isWifiEnabled: Wifi is now enabled
08-16 16:52:19.856 1458 1503 D LOWI-9.0.0.87.a: [LOWIController] terminateScanResultReceiver
08-16 16:52:19.857 1816 2596 D bt_btif : bta_ag_hdl_event: p_scb 0xd06aed68
08-16 16:52:19.857 1816 2596 D bt_btif : bta_ag_rfc_data: setting sys busy
08-16 16:52:19.857 1816 2596 D bt_btif : bta_ag_at_hfp_cback: AT command 260, arg_type 2, int_arg 127, arg 127
08-16 16:52:19.857 1816 2596 E bt_btif : 00:58:76:20:46:3d
08-16 16:52:19.858 1816 2596 E bt_btif : 00:58:76:20:46:3d
08-16 16:52:19.858 1153 1247 I EthernetTracker: interfaceLinkStateChanged, iface: wlan0, up: false
08-16 16:52:19.860 1153 1738 D WifiClientModeImpl[wlan0]: ConnectedMacRandomization SSID(TP-LINK_5G_9319). setMacAddress(02:fd:91:f2:ce:32) from 56:89:00:31:6d:b4 = true
08-16 16:52:19.860 1458 1503 D LOWI-9.0.0.87.a: [LOWIWpaInterface] OpenCtrl]61 Success for mCtrl
08-16 16:52:19.860 1458 1503 D LOWI-9.0.0.87.a: [LOWI-Scan] nl80211_init:SUCCESS
08-16 16:52:19.862 1458 1503 D LOWI-9.0.0.87.a: [LOWI-Scan] nl_get_wiphy_info, done err = 0
08-16 16:52:19.862 1458 1503 I LOWI-9.0.0.87.a: [LOWI-Scan] WipsGetSupportedChannels: return err = 0 num_2g_ch = 13 num_5g_ch = 13 num_6g_ch = 0
08-16 16:52:19.862 1458 1503 I LOWI-9.0.0.87.a: [LOWIWifiDriverUtils] set the band mask from wiphy 3
08-16 16:52:19.862 1458 1503 D LOWI-9.0.0.87.a: [LOWIWifiDriverUtils] getWiFiIdentityFromIoctl: ioctl(GET_MAC_ADDR) return: 0, Mac = 02:fd:91:f2:ce:32
08-16 16:52:19.867 2019 2019 I liblog : 4
08-16 16:52:19.867 2019 2019 D QcrilMsgTunnelAutoboot: ComponentInfo{com.qualcomm.qcrilmsgtunnel/com.qualcomm.qcrilmsgtunnel.QcrilMsgTunnelService} started successfully
08-16 16:52:19.869 1458 1503 I LOWI-9.0.0.87.a: [LOWI-ROME-RTT] RomeWipsOpen: libCld80211 found, load the symbols..
08-16 16:52:19.870 1458 1503 I CLD80211: lowi-server: initialized exit socket pair
08-16 16:52:19.870 1458 1503 D LOWI-9.0.0.87.a: [LOWI-ROME-RTT] cld80211InitAndRegister: Init and Registration done
08-16 16:52:19.873 818 896 E FMQ : grantorIdx must be less than 3
08-16 16:52:19.876 1458 1503 D LOWI-9.0.0.87.a: [LOWIController] createWifiDriver: wifi driver created.
08-16 16:52:19.876 1458 1503 D LOWI-9.0.0.87.a: [LOWIController] getWifiCapabilities
08-16 16:52:19.876 818 896 E FMQ : grantorIdx must be less than 3
08-16 16:52:19.876 1458 1503 D LOWI-9.0.0.87.a: [LOWIController] passContConfig
08-16 16:52:19.876 1458 1503 I LOWI-9.0.0.87.a: [LOWIWifiDriverUtils] return band_mask based on wiphy 3
08-16 16:52:19.876 1458 1503 D LOWI-9.0.0.87.a: [LOWIControllerExtn] createScanResultReceiver: scanbitmask(0x26)
08-16 16:52:19.876 1458 1503 D LOWI-9.0.0.87.a: [LOWIController] createScanResultReceiver: Capabilities: discovery(1), ranging(1), bgscan(0), scanbitmask(0x26)
08-16 16:52:19.876 1458 1503 D LOWI-9.0.0.87.a: [LOWIController] created scanReceiver successfully
08-16 16:52:19.877 1458 1503 D LOWI-9.0.0.87.a: [LOWIController] created scanReceiver successfully
08-16 16:52:19.878 2373 2373 D QtiDCT-C: [0]EVENT_GET_ENHANCED_RADIO_CAPABILITY_RETRY
08-16 16:52:19.878 2373 2373 D QTIRILJ : getEnhancedRadioCapability, response={ when=-1m2s879ms what=270394 target=com.qualcomm.qti.internal.telephony.dataconnection.QtiDcTracker }
08-16 16:52:19.879 2373 2373 D QtiPhoneUtils: getQtiRadioCapability, response={ when=-1m2s879ms what=270394 target=com.qualcomm.qti.internal.telephony.dataconnection.QtiDcTracker }
08-16 16:52:19.879 2019 2061 D ExtTelephonyService: enforceReadPrivilegedPermission for getQtiRadioCapability
08-16 16:52:19.880 2019 2061 D ExtTelephonyService: getQtiRadioCapability slot=0
08-16 16:52:19.880 2019 2061 D QtiRadioProxy: getQtiRadioCapability: slotId = 0
08-16 16:52:19.880 2019 2061 E JavaBinder: *** Uncaught remote exception! (Exceptions are not yet supported across processes.)
08-16 16:52:19.880 2019 2061 E JavaBinder: java.lang.RuntimeException: android.os.RemoteException: Radio is not supported
08-16 16:52:19.880 2019 2061 E JavaBinder: at android.os.Parcel.writeException(Parcel.java:2210)
08-16 16:52:19.880 2019 2061 E JavaBinder: at android.os.Binder.execTransactInternal(Binder.java:1203)
08-16 16:52:19.880 2019 2061 E JavaBinder: at android.os.Binder.execTransact(Binder.java:1143)
08-16 16:52:19.880 2019 2061 E JavaBinder: Caused by: android.os.RemoteException: Radio is not supported
08-16 16:52:19.880 2019 2061 E JavaBinder: at com.qti.phone.QtiRadioNotSupportedHal.fail(QtiRadioNotSupportedHal.java:28)
08-16 16:52:19.880 2019 2061 E JavaBinder: at com.qti.phone.QtiRadioNotSupportedHal.getQtiRadioCapability(QtiRadioNotSupportedHal.java:133)
08-16 16:52:19.880 2019 2061 E JavaBinder: at com.qti.phone.QtiRadioProxy.getQtiRadioCapability(QtiRadioProxy.java:776)
08-16 16:52:19.880 2019 2061 E JavaBinder: at com.qti.phone.ExtTelephonyServiceImpl.getQtiRadioCapability(ExtTelephonyServiceImpl.java:336)
08-16 16:52:19.880 2019 2061 E JavaBinder: at com.qti.phone.ExtTelephonyService$1.getQtiRadioCapability(ExtTelephonyService.java:228)
08-16 16:52:19.880 2019 2061 E JavaBinder: at com.qti.extphone.IExtPhone$Stub.onTransact(IExtPhone.java:774)
08-16 16:52:19.880 2019 2061 E JavaBinder: at android.os.Binder.execTransactInternal(Binder.java:1179)
08-16 16:52:19.880 2019 2061 E JavaBinder: ... 1 more
08-16 16:52:19.881 2373 2373 D QTIRILJ : getEnhancedRadioCapability, exception
08-16 16:52:19.881 818 818 D audio_hw_primary: out_set_parameters: enter: usecase(1: low-latency-playback) kvpairs: suspend_playback=true
08-16 16:52:19.881 2373 2373 W System.err: java.lang.NullPointerException: Attempt to invoke virtual method 'int com.qti.extphone.Token.get()' on a null object reference
08-16 16:52:19.881 818 818 D audio_hw_extn: audio_extn_fm_set_parameters: Enter
08-16 16:52:19.881 2373 2373 W System.err: at com.qualcomm.qti.internal.telephony.QtiPhoneUtils.getQtiRadioCapability(QtiPhoneUtils.java:180)
08-16 16:52:19.881 2373 2373 W System.err: at com.qualcomm.qti.internal.telephony.QtiRIL.getEnhancedRadioCapability(QtiRIL.java:410)
08-16 16:52:19.881 2373 2373 W System.err: at com.qualcomm.qti.internal.telephony.dataconnection.QtiDcTracker.handleMessage(QtiDcTracker.java:332)
08-16 16:52:19.881 2373 2373 W System.err: at android.os.Handler.dispatchMessage(Handler.java:106)
08-16 16:52:19.882 2373 2373 W System.err: at android.os.Looper.loopOnce(Looper.java:201)
08-16 16:52:19.882 2373 2373 W System.err: at android.os.Looper.loop(Looper.java:288)
08-16 16:52:19.882 2373 2373 W System.err: at android.app.ActivityThread.main(ActivityThread.java:7880)
08-16 16:52:19.882 2373 2373 W System.err: at java.lang.reflect.Method.invoke(Native Method)
08-16 16:52:19.882 2373 2373 W System.err: at com.android.internal.os.RuntimeInit$MethodAndArgsCaller.run(RuntimeInit.java:548)
08-16 16:52:19.882 2373 2373 W System.err: at com.android.internal.os.ZygoteInit.main(ZygoteInit.java:1009)
08-16 16:52:19.882 2373 2373 D QTIRILJ : getEnhancedRadioCapability request failed
08-16 16:52:19.882 2373 2373 D QtiDCT-C: [0]EVENT_GET_ENHANCED_RADIO_CAPABILITY
08-16 16:52:19.884 1153 1995 I am_uid_running: 10068
08-16 16:52:19.884 1153 1995 D CompatibilityChangeReporter: Compat change id reported: 135634846; UID 10068; state: DISABLED
08-16 16:52:19.884 1153 1995 D CompatibilityChangeReporter: Compat change id reported: 177438394; UID 10068; state: DISABLED
08-16 16:52:19.885 1153 1995 D CompatibilityChangeReporter: Compat change id reported: 135772972; UID 10068; state: DISABLED
08-16 16:52:19.885 1153 1995 D CompatibilityChangeReporter: Compat change id reported: 135754954; UID 10068; state: ENABLED
08-16 16:52:19.892 818 896 D audio_hw_primary: out_set_parameters: enter: usecase(1: low-latency-playback) kvpairs: suspend_playback=false
08-16 16:52:19.892 818 896 D audio_hw_extn: audio_extn_fm_set_parameters: Enter
08-16 16:52:19.893 1458 2979 D LOWI-9.0.0.87.a: [LOWI-Scan] Creating the pipe
08-16 16:52:19.894 1458 2979 D LOWI-9.0.0.87.a: [LOWIScanResultReceiver] Enter passive listening mode
08-16 16:52:19.894 1458 2979 D LOWI-9.0.0.87.a: [LOWIWifiDriverInterface] getMeasurements - Passive listening mode
08-16 16:52:19.894 1458 2979 D LOWI-9.0.0.87.a: [LOWI-Scan] WipsScanUsingNL:wait -1 sec for netlink message
08-16 16:52:19.894 1458 2980 D LOWI-9.0.0.87.a: [LOWI-ROME-RTT] Creating pipe to Ranging Thread
08-16 16:52:19.894 1458 2980 D LOWI-9.0.0.87.a: [LOWIScanResultReceiver] Enter passive listening mode
08-16 16:52:19.894 1458 2980 D LOWI-9.0.0.87.a: [LOWIRangingFSM] FSM: Received Event EVENT_START_THREAD, Current state: STATE_IDLE_START
08-16 16:52:19.897 818 2982 D audio_hw_primary: start_output_stream: enter: stream(0xf1304330)usecase(1: low-latency-playback) devices(0x2) is_haptic_usecase(0)
08-16 16:52:19.900 520 520 I hwservicemanager: getTransport: Cannot find entry android.hardware.power@1.2::IPower/default in either framework or device VINTF manifest.
08-16 16:52:19.900 818 2982 E audio_hw_primary: Unable to get Power service
08-16 16:52:19.901 818 896 D audio_hw_primary: out_set_parameters: enter: usecase(1: low-latency-playback) kvpairs: suspend_playback=true
08-16 16:52:19.900 683 683 D Zygote : Forked child process 2985
08-16 16:52:19.901 818 2982 E audio_hw_extn: audio_extn_perf_lock_acquire: Failed to acquire perf lock, err: -3
08-16 16:52:19.901 818 2982 D audio_hw_primary: select_devices for use case (low-latency-playback)
08-16 16:52:19.901 818 2982 D audio_hw_primary: select_devices: changing use case low-latency-playback output device from(0: , acdb -1) to (2: speaker, acdb 15)
08-16 16:52:19.902 818 2982 I msm8974_platform: platform_check_and_set_codec_backend_cfg:becf: afe: bitwidth 16, samplerate 48000 channels 2, backend_idx 0 usecase = 1 device (speaker)
08-16 16:52:19.902 818 2982 D msm8974_platform: platform_split_snd_device: snd_device(2) num devices(1) new_snd_devices(0)
08-16 16:52:19.902 818 2982 I msm8974_platform: platform_check_and_set_codec_backend_cfg: new_snd_devices[0] is 2
08-16 16:52:19.902 818 2982 I msm8974_platform: platform_check_codec_backend_cfg:becf: afe: bitwidth 16, samplerate 48000 channels 2, backend_idx 0 usecase = 1 device (speaker)
08-16 16:52:19.902 1153 1324 W ActivityManager: Slow operation: 758ms so far, now at startProcess: returned from zygote!
08-16 16:52:19.902 1153 1324 W ActivityManager: Slow operation: 759ms so far, now at startProcess: done updating battery stats
08-16 16:52:19.902 1153 1324 I am_proc_start: [0,2985,10123,com.qualcomm.qti.services.systemhelper:systemhelper_service,added application,com.qualcomm.qti.services.systemhelper:systemhelper_service]
08-16 16:52:19.903 1153 1324 W ActivityManager: Slow operation: 759ms so far, now at startProcess: building log message
08-16 16:52:19.903 1153 1324 I ActivityManager: Start proc 2985:com.qualcomm.qti.services.systemhelper:systemhelper_service/u0a123 for added application com.qualcomm.qti.services.systemhelper:systemhelper_service
08-16 16:52:19.903 1153 1324 W ActivityManager: Slow operation: 759ms so far, now at startProcess: starting to update pids map
08-16 16:52:19.903 1153 1324 W ActivityManager: Slow operation: 759ms so far, now at startProcess: done updating pids map
08-16 16:52:19.903 1153 1324 W ActivityManager: Slow operation: 759ms so far, now at startProcess: asking zygote to start proc
08-16 16:52:19.903 818 2982 D audio_hw_extn: audio_extn_enable_hifi_filter: mixer_value set 0
01-01 05:04:15.793 0 0 E [wifi@1][0x5660cd56][16:52:19.895103] wlan: [2563:E:wifipos] wifi_pos_process_app_reg_req: 608: Received App Req Req pid(-364903501), len(16)
01-01 05:04:15.837 0 0 E set_cps_config: get_wsa_dev_num is NULL
01-01 05:04:15.860 0 0 I [wifi@1][0x5674518f][16:52:19.961720] wlan: [2563:I:wifipos] wifi_pos_get_ch_info: 461: num channels: 26
01-01 05:04:15.865 0 0 I [wifi@1][0x5675b55e][16:52:19.966464] wlan: [2563:I:wifipos] wifi_pos_get_ch_info: 461: num channels: 26
01-01 05:04:15.868 0 0 I binder : 2863:2989 ioctl 40046210 7838b78934 returned -22
01-01 05:04:15.881 0 0 I __afe_port_start: port id: 0xb000
01-01 05:04:15.881 0 0 I afe_find_cal_topo_id_by_port: port id: 0xb000, dev_acdb_id: 15
01-01 05:04:15.882 0 0 I afe_find_cal_topo_id_by_port: top_id:112fc acdb_id:15 afe_port_id:0xb000
01-01 05:04:15.882 0 0 I afe_get_cal_topology_id: port_id = 0xb000 acdb_id = 15 topology_id = 0x112fc cal_type_index=8 ret=0
01-01 05:04:15.886 0 0 I afe_send_port_topology_id: AFE set topology id 0x112fc enable for port 0xb000 ret 0
01-01 05:04:15.886 0 0 I send_afe_cal_type: cal_index is 0
01-01 05:04:15.886 0 0 I send_afe_cal_type: dev_acdb_id[162] is 15
01-01 05:04:15.886 0 0 I afe_find_cal: cal_index 0 port_id 0xb000 port_index 162
01-01 05:04:15.886 0 0 I afe_find_cal: acdb_id 15 dev_acdb_id 15 sample_rate 48000 afe_sample_rates 48000
01-01 05:04:15.886 0 0 I afe_find_cal: cal block is a match, size is 0
01-01 05:04:15.886 0 0 I send_afe_cal_type: Sending cal_index cal 0
01-01 05:04:15.886 0 0 E send_afe_cal_type: No cal sent for cal_index 0, port_id = 0xb000! ret -22
01-01 05:04:15.900 0 0 I afe_send_hw_delay: port_id 0xb000 rate 48000 delay_usec 474 status 0
01-01 05:04:15.972 0 0 I logd : logdr: UID=2000 GID=2000 PID=2933 b tail=0 logMask=bf pid=0 start=0ns deadline=0ns
01-01 05:04:16.000 0 0 I binder : 2985:2985 ioctl 40046210 7fd93f2444 returned -22
08-16 16:52:19.903 1153 1324 D CompatibilityChangeReporter: Compat change id reported: 143937733; UID 10134; state: ENABLED
08-16 16:52:19.903 818 2982 D msm8974_platform: platform_check_codec_backend_cfg:becf: updated afe: bitwidth 16, samplerate 48000 channels 2,backend_idx 0 usecase = 1 device (speaker)
08-16 16:52:19.904 818 2982 D msm8974_platform: platform_check_codec_backend_cfg:becf: afe: playback on codec device not supporting native playback set default Sample Rate(48k)
08-16 16:52:19.904 818 2982 I msm8974_platform: platform_check_codec_backend_cfg:becf: afe: Codec selected backend: 0 updated bit width: 16 and sample rate: 48000
08-16 16:52:19.904 818 2982 D audio_hw_primary: check_usecases_codec_backend:becf: force routing 0
08-16 16:52:19.904 818 2982 E msm8974_platform: platform_check_backends_match: Invalid snd_device =
08-16 16:52:19.904 818 2982 D audio_hw_primary: check_usecases_codec_backend:becf: (78) check_usecases curr device: speaker, usecase device: backends match 0
08-16 16:52:19.904 818 2982 D audio_hw_primary: check_usecases_codec_backend:becf: check_usecases num.of Usecases to switch 0
08-16 16:52:19.904 818 2982 D hardware_info: hw_info_append_hw_type : device_name = speaker
08-16 16:52:19.904 818 2982 D msm8974_platform: platform_split_snd_device: snd_device(2) num devices(0) new_snd_devices(0)
08-16 16:52:19.904 818 2982 D audio_hw_primary: enable_snd_device: snd_device(2: speaker)
08-16 16:52:19.904 818 2982 D msm8974_platform: platform_get_island_cfg_on_device:island cfg status on snd_device = (speaker 0)
08-16 16:52:19.904 818 2982 I soundtrigger: audio_extn_sound_trigger_update_device_status: device 0x2 of type 0 for Event 1, with Raise=0
08-16 16:52:19.904 818 2982 D audio_route: Apply path: speaker
08-16 16:52:19.918 1830 2096 I service_manager_slow: [54,lock_settings]
08-16 16:52:19.922 2863 2863 D IzatProvider: getNetworkProvider finish
08-16 16:52:19.922 2863 2863 D IzatProvider_network: location provider loaded
08-16 16:52:19.923 818 2982 I audio_hw_utils: audio_extn_utils_update_stream_output_app_type_cfg Allowing 24 and above bits playback on speaker ONLY at default sampling rate
08-16 16:52:19.923 818 2982 E soundtrigger: audio_extn_sound_trigger_update_stream_status: invalid input device 0x0, for event 3
08-16 16:52:19.923 818 2982 D soundtrigger: audio_extn_sound_trigger_update_stream_status: uc_info->id 1 of type 0 for Event 3, with Raise=0
08-16 16:52:19.923 818 2982 D audio_hw_utils: audio_extn_utils_send_app_type_cfg: usecase->out_snd_device speaker
08-16 16:52:19.923 818 2982 D msm8974_platform: platform_split_snd_device: snd_device(2) num devices(0) new_snd_devices(0)
08-16 16:52:19.924 818 2982 D audio_hw_utils: audio_extn_btsco_get_sample_rate:Not a BT SCO device, need not update sampling rate
08-16 16:52:19.924 818 2982 I audio_hw_utils: send_app_type_cfg_for_device PLAYBACK app_type 69937, acdb_dev_id 15, sample_rate 48000, snd_device_be_idx 179
08-16 16:52:19.925 818 2982 D msm8974_platform: platform_split_snd_device: snd_device(2) num devices(1) new_snd_devices(0)
08-16 16:52:19.925 818 2982 D audio_hw_utils: audio_extn_btsco_get_sample_rate:Not a BT SCO device, need not update sampling rate
08-16 16:52:19.925 818 2982 D ACDB-LOADER: ACDB -> send_audio_cal, acdb_id = 15, path = 0, app id = 0x11131, sample rate = 48000, afe_sample_rate = 48000
08-16 16:52:19.925 818 2982 D ACDB-LOADER: ACDB -> send_asm_topology
08-16 16:52:19.925 818 2982 D ACDB-LOADER: ACDB -> ACDB_CMD_GET_AUDPROC_STREAM_TOPOLOGY_ID
08-16 16:52:19.925 818 2982 D ACDB-LOADER: ACDB -> send_adm_topology
08-16 16:52:19.925 818 2982 D ACDB-LOADER: ACDB -> ACDB_CMD_GET_AUDPROC_COMMON_TOPOLOGY_ID
08-16 16:52:19.926 818 2982 D ACDB-LOADER: ACDB -> send_audtable
08-16 16:52:19.926 818 2982 D ACDB-LOADER: ACDB -> ACDB_CMD_GET_AUDPROC_INSTANCE_COMMON_TABLE_SIZE
08-16 16:52:19.927 818 2982 D ACDB-LOADER: ACDB -> ACDB_CMD_GET_AUDPROC_INSTANCE_COMMON_TABLE
08-16 16:52:19.927 818 2982 D ACDB-LOADER: ACDB -> AUDIO_SET_AUDPROC_CAL cal_type[11] acdb_id[15] app_type[69937]
08-16 16:52:19.927 818 2982 D ACDB-LOADER: ACDB -> send_audvoltable
08-16 16:52:19.927 818 2982 D ACDB-LOADER: ACDB -> ACDB_CMD_GET_AUDPROC_INSTANCE_GAIN_DEP_STEP_TABLE_SIZE
08-16 16:52:19.927 818 2982 D ACDB-LOADER: ACDB -> ACDB_CMD_GET_AUDPROC_INSTANCE_GAIN_DEP_STEP_TABLE, vol index 0
08-16 16:52:19.927 818 2982 D ACDB-LOADER: ACDB -> AUDIO_SET_VOL_CAL cal type = 12
08-16 16:52:19.927 818 2982 D ACDB-LOADER: ACDB -> ACDB_CMD_GET_AUDPROC_INSTANCE_STREAM_TABLE_SIZE
08-16 16:52:19.927 818 2982 D ACDB-LOADER: ACDB -> send_audstrmtable
08-16 16:52:19.927 818 2982 D ACDB-LOADER: ACDB -> ACDB_CMD_GET_AUDPROC_INSTANCE_STREAM_TABLE
08-16 16:52:19.927 818 2982 D ACDB-LOADER: ACDB -> audstrm_cal->cal_type.cal_data.cal_size = 20
08-16 16:52:19.928 818 2982 D ACDB-LOADER: ACDB -> send_afe_topology
08-16 16:52:19.928 818 2982 D ACDB-LOADER: ACDB -> ACDB_CMD_GET_AFE_TOPOLOGY_ID
08-16 16:52:19.928 818 2982 D ACDB-LOADER: ACDB -> GET_AFE_TOPOLOGY_ID for adcd_id 15, Topology Id 112fc
08-16 16:52:19.928 818 2982 D ACDB-LOADER: ACDB -> send_afe_cal
08-16 16:52:19.928 818 2982 D ACDB-LOADER: ACDB -> ACDB_CMD_GET_AFE_INSTANCE_COMMON_TABLE_SIZE
08-16 16:52:19.928 818 2982 D android.hardware.audio.service: Failed to fetch the lookup information of the device 0000000F
08-16 16:52:19.928 818 2982 D ACDB-LOADER: Error: ACDB_CMD_GET_AFE_INSTANCE_COMMON_TABLE_SIZE Returned = -19
08-16 16:52:19.928 818 2982 D ACDB-LOADER: ACDB -> ACDB_CMD_GET_AFE_INSTANCE_COMMON_TABLE
08-16 16:52:19.928 818 2982 D android.hardware.audio.service: Failed to fetch the lookup information of the device 0000000F
08-16 16:52:19.928 818 2982 D ACDB-LOADER: Error: ACDB AFE returned = -19
08-16 16:52:19.928 818 2982 D ACDB-LOADER: ACDB -> AUDIO_SET_AFE_CAL cal_type[16] acdb_id[15]
08-16 16:52:19.929 818 2982 D ACDB-LOADER: ACDB -> send_hw_delay : acdb_id = 15 path = 0
08-16 16:52:19.929 818 2982 D ACDB-LOADER: ACDB -> ACDB_AVSYNC_INFO: ACDB_CMD_GET_DEVICE_PROPERTY
08-16 16:52:19.929 818 2982 D msm8974_platform: platform_split_snd_device: snd_device(2) num devices(0) new_snd_devices(0)
08-16 16:52:19.929 818 2982 I msm8974_platform: platform_get_custom_mtmx_params: no matching param with id 0 ip_ch 2 op_ch 2 uc_id 1 snd_dev 2
08-16 16:52:19.929 818 2982 D audio_hw_primary: enable_audio_route: apply mixer and update path: low-latency-playback
08-16 16:52:19.929 818 2982 D audio_route: Apply path: low-latency-playback
08-16 16:52:19.929 1153 1247 I ServiceWatcher: [network] connected to {com.qualcomm.location/com.qualcomm.location.izatprovider.NetworkLocationService}
08-16 16:52:19.930 818 2982 D audio_hw_primary: select_devices: done
08-16 16:52:19.931 2863 2863 D IzatProvider: getFusedProvider
08-16 16:52:19.931 2863 2863 D IzatProvider: getFusedProvider finish
08-16 16:52:19.932 2863 2863 D IzatProvider_fused: location provider loaded
08-16 16:52:19.933 1153 1247 I ServiceWatcher: [fused] connected to {com.qualcomm.location/com.qualcomm.location.izatprovider.FusedLocationService}
08-16 16:52:19.938 1153 1996 I am_proc_bound: [0,2929,.pasr]
08-16 16:52:19.938 1153 1738 I WifiClientModeImpl[wlan0]: Connecting with 02:fd:91:f2:ce:32 as the mac address
08-16 16:52:19.942 947 2563 I WifiHAL : send_nl_data: sent cld80211 msg of len: 48 to driver
08-16 16:52:19.943 1458 2980 D LOWI-9.0.0.87.a: [LOWI-ROME-RTT] send_cld80211_nlmsg: sent cld80211 message for pid 1458
08-16 16:52:19.943 1458 2980 D LOWI-9.0.0.87.a: [LOWIRangingFSM] FSM: New FSM state: STATE_IDLE_START
08-16 16:52:19.943 1458 2980 D LOWI-9.0.0.87.a: [LOWI-ROME-RTT] RomeWaitOnActivityOnSocketOrPipe: issue timed select: TO: 4
08-16 16:52:19.944 947 2563 I WifiHAL : send oem msg of len : 40 to apps
08-16 16:52:19.945 1458 2980 D LOWI-9.0.0.87.a: [LOWI-ROME-RTT] RomeWaitOnActivityOnSocketOrPipe: timed select over: TO: 4 retVal: 1
08-16 16:52:19.945 1458 2980 D LOWI-9.0.0.87.a: [LOWI-ROME-RTT] event_handler: Valid data with length 11
08-16 16:52:19.945 1458 2980 D LOWI-9.0.0.87.a: [LOWI-HELIUM-RTT] RomeNLRecvMessage: The Received RomeMsgType: ROME_REG_RSP_MSG
08-16 16:52:19.945 1458 2980 D LOWI-9.0.0.87.a: [LOWIRangingFSM] FSM: Received Event EVENT_REGISTRATION_SUCCESS, Current state: STATE_IDLE_START
08-16 16:52:19.945 1458 2980 D LOWI-9.0.0.87.a: [LOWI-ROME-RTT] RomeExtractRegRsp: driver support nl packing for oem data
08-16 16:52:19.945 1458 2980 I LOWI-9.0.0.87.a: [LOWI-ROME-RTT] RomeExtractRegRsp: nl format oem data enabled
08-16 16:52:19.945 1458 2980 D LOWI-9.0.0.87.a: [LOWI-ROME-RTT] RomeExtractRegRsp: Registered with CLD, 1 vDevs. Using 0 for STA
08-16 16:52:19.949 2863 2989 D LocIDLClientBase: try to get LOCAIDL service
08-16 16:52:19.951 1153 1996 D CompatibilityChangeReporter: Compat change id reported: 168419799; UID 10065; state: DISABLED
08-16 16:52:19.951 1153 1996 D CompatibilityInfo: mCompatibilityFlags - 4
08-16 16:52:19.951 1816 2657 D Avrcp_ext: AudioManager Player: AudioPlaybackConfiguration piid:375 deviceId:0 type:android.media.SoundPool u/pid:1000/1153 state:idle attr:AudioAttributes: usage=USAGE_ASSISTANCE_SONIFICATION content=CONTENT_TYPE_SONIFICATION flags=0x800 tags= bundle=null sessionId:0
08-16 16:52:19.951 1153 1996 D CompatibilityInfo: applicationDensity - 240
08-16 16:52:19.951 1153 1996 D CompatibilityInfo: applicationScale - 1.0
08-16 16:52:19.952 1816 2657 D Avrcp_ext: AudioManager Player: AudioPlaybackConfiguration piid:391 deviceId:3 type:android.media.MediaPlayer u/pid:10124/1830 state:started attr:AudioAttributes: usage=USAGE_NOTIFICATION content=CONTENT_TYPE_SONIFICATION flags=0x800 tags= bundle=null sessionId:0
08-16 16:52:19.952 519 519 E servicemanager: Could not find vendor.qti.gnss.ILocAidlGnss/default in the VINTF manifest.
08-16 16:52:19.952 2863 2989 D LocIDLClientBase: LOCAIDL service not available
08-16 16:52:19.953 2863 2989 D LocIDLClientBase: try to get 4.1 service
08-16 16:52:19.961 947 2563 I WifiHAL : send_nl_data: sent cld80211 msg of len: 32 to driver
08-16 16:52:19.963 2985 2985 I libc : SetHeapTaggingLevel: tag level set to 0
08-16 16:52:19.965 1816 2657 D Avrcp_ext: AudioManager Player in started state: com.android.systemui
08-16 16:52:19.965 1816 2657 D Avrcp_ext: AudioManager Active Player: com.android.systemui
08-16 16:52:19.965 1816 2657 D Avrcp_ext: AudioManager Player: AudioPlaybackConfiguration piid:383 deviceId:0 type:android.media.SoundPool u/pid:10124/1830 state:idle attr:AudioAttributes: usage=USAGE_ASSISTANCE_SONIFICATION content=CONTENT_TYPE_SONIFICATION flags=0x800 tags= bundle=null sessionId:0
08-16 16:52:19.965 1458 2980 D LOWI-9.0.0.87.a: [LOWI-ROME-RTT] send_oem_nl_msg: sent cld80211 message with subcmd: 3
08-16 16:52:19.965 1816 2657 D Avrcp_ext: AudioManager isPlaying: true, mAudioPlaybackIsActive = true
08-16 16:52:19.965 1458 2980 D LOWI-9.0.0.87.a: [LOWIRangingFSM] FSM: New FSM state: STATE_WAITING_OEM_CAP
