08-16 16:52:12.517 1153 1153 I SystemServerTiming: PhaseActivityManagerReady
08-16 16:52:12.517 1153 1153 I SystemServerTiming: controllersReady
08-16 16:52:12.520 1153 1248 W Looper : Slow dispatch took 159ms android.ui h=android.view.Choreographer$FrameHandler c=android.view.Choreographer$FrameDisplayEventReceiver@cd22ee2 m=0
08-16 16:52:12.520 1153 1699 I SystemServerTimingAsync: InitThreadPoolExec:Update app-ops uidState in case package com.tencent.mtt changed
08-16 16:52:12.520 1153 1699 D SystemServerInitThreadPool: Started executing Update app-ops uidState in case package com.tencent.mtt changed
08-16 16:52:12.521 1153 1712 I SystemServerTimingAsync: InitThreadPoolExec:Update app-ops uidState in case package com.android.cellbroadcastreceiver.module changed
08-16 16:52:12.521 1153 1712 D SystemServerInitThreadPool: Started executing Update app-ops uidState in case package com.android.cellbroadcastreceiver.module changed
08-16 16:52:12.521 1153 1712 D SystemServerInitThreadPool: Finished executing Update app-ops uidState in case package com.android.cellbroadcastreceiver.module changed
08-16 16:52:12.521 1153 1712 D SystemServerTimingAsync: InitThreadPoolExec:Update app-ops uidState in case package com.android.cellbroadcastreceiver.module changed took to complete: 0ms
08-16 16:52:12.521 1153 1712 I SystemServerTimingAsync: InitThreadPoolExec:Update app-ops uidState in case package com.android.providers.media.module changed
08-16 16:52:12.521 1153 1712 D SystemServerInitThreadPool: Started executing Update app-ops uidState in case package com.android.providers.media.module changed
08-16 16:52:12.521 1153 1712 D SystemServerInitThreadPool: Finished executing Update app-ops uidState in case package com.android.providers.media.module changed
08-16 16:52:12.521 1153 1712 D SystemServerTimingAsync: InitThreadPoolExec:Update app-ops uidState in case package com.android.providers.media.module changed took to complete: 0ms
08-16 16:52:12.521 1153 1712 I SystemServerTimingAsync: InitThreadPoolExec:Update app-ops uidState in case package com.qualcomm.qtil.aptxui changed
08-16 16:52:12.521 1153 1712 D SystemServerInitThreadPool: Started executing Update app-ops uidState in case package com.qualcomm.qtil.aptxui changed
08-16 16:52:12.521 1153 1712 D SystemServerInitThreadPool: Finished executing Update app-ops uidState in case package com.qualcomm.qtil.aptxui changed
08-16 16:52:12.521 1153 1712 D SystemServerTimingAsync: InitThreadPoolExec:Update app-ops uidState in case package com.qualcomm.qtil.aptxui changed took to complete: 0ms
08-16 16:52:12.521 1153 1712 I SystemServerTimingAsync: InitThreadPoolExec:Update app-ops uidState in case package com.qualcomm.qti.workloadclassifier changed
08-16 16:52:12.521 1153 1712 D SystemServerInitThreadPool: Started executing Update app-ops uidState in case package com.qualcomm.qti.workloadclassifier changed
08-16 16:52:12.521 1153 1712 D SystemServerInitThreadPool: Finished executing Update app-ops uidState in case package com.qualcomm.qti.workloadclassifier changed
08-16 16:52:12.521 1153 1712 D SystemServerTimingAsync: InitThreadPoolExec:Update app-ops uidState in case package com.qualcomm.qti.workloadclassifier changed took to complete: 0ms
08-16 16:52:12.521 1153 1712 I SystemServerTimingAsync: InitThreadPoolExec:Update app-ops uidState in case package com.qualcomm.qtil.aptxals changed
08-16 16:52:12.522 1153 1699 D SystemServerInitThreadPool: Finished executing Update app-ops uidState in case package com.tencent.mtt changed
08-16 16:52:12.522 1153 1699 D SystemServerTimingAsync: InitThreadPoolExec:Update app-ops uidState in case package com.tencent.mtt changed took to complete: 1ms
08-16 16:52:12.522 1153 1730 I SystemServerTimingAsync: InitThreadPoolExec:Update app-ops uidState in case package com.qualcomm.location changed
08-16 16:52:12.522 1153 1730 D SystemServerInitThreadPool: Started executing Update app-ops uidState in case package com.qualcomm.location changed
08-16 16:52:12.522 1153 1699 I SystemServerTimingAsync: InitThreadPoolExec:Update app-ops uidState in case package com.android.mms changed
08-16 16:52:12.522 1153 1699 D SystemServerInitThreadPool: Started executing Update app-ops uidState in case package com.android.mms changed
08-16 16:52:12.522 1153 1730 D SystemServerInitThreadPool: Finished executing Update app-ops uidState in case package com.qualcomm.location changed
08-16 16:52:12.522 1153 1699 D SystemServerInitThreadPool: Finished executing Update app-ops uidState in case package com.android.mms changed
08-16 16:52:12.522 1153 1699 D SystemServerTimingAsync: InitThreadPoolExec:Update app-ops uidState in case package com.android.mms changed took to complete: 1ms
08-16 16:52:12.522 1153 1730 D SystemServerTimingAsync: InitThreadPoolExec:Update app-ops uidState in case package com.qualcomm.location changed took to complete: 1ms
08-16 16:52:12.523 1153 1712 D SystemServerInitThreadPool: Started executing Update app-ops uidState in case package com.qualcomm.qtil.aptxals changed
08-16 16:52:12.523 1153 1688 I SystemServerTimingAsync: InitThreadPoolExec:Update app-ops uidState in case package com.qti.ltebc changed
08-16 16:52:12.523 1153 1652 I SystemServerTimingAsync: InitThreadPoolExec:Update app-ops uidState in case package com.android.cellbroadcastreceiver changed
08-16 16:52:12.523 1153 1652 D SystemServerInitThreadPool: Started executing Update app-ops uidState in case package com.android.cellbroadcastreceiver changed
08-16 16:52:12.523 1153 1730 I SystemServerTimingAsync: InitThreadPoolExec:Update app-ops uidState in case package com.qualcomm.qti.biometrics.fingerprint.service changed
08-16 16:52:12.523 1153 1652 D SystemServerInitThreadPool: Finished executing Update app-ops uidState in case package com.android.cellbroadcastreceiver changed
08-16 16:52:12.523 1153 1652 D SystemServerTimingAsync: InitThreadPoolExec:Update app-ops uidState in case package com.android.cellbroadcastreceiver changed took to complete: 0ms
08-16 16:52:12.523 1153 1699 I SystemServerTimingAsync: InitThreadPoolExec:Update app-ops uidState in case package com.android.deskclock changed
08-16 16:52:12.523 1153 1732 I SystemServerTimingAsync: InitThreadPoolExec:Update app-ops uidState in case package com.android.systemui changed
08-16 16:52:12.523 1153 1699 D SystemServerInitThreadPool: Started executing Update app-ops uidState in case package com.android.deskclock changed
08-16 16:52:12.523 1153 1698 I SystemServerTimingAsync: InitThreadPoolExec:Update app-ops uidState in case package com.android.providers.userdictionary changed
08-16 16:52:12.523 1153 1732 D SystemServerInitThreadPool: Started executing Update app-ops uidState in case package com.android.systemui changed
08-16 16:52:12.523 1153 1732 D SystemServerInitThreadPool: Finished executing Update app-ops uidState in case package com.android.systemui changed
08-16 16:52:12.523 1153 1732 D SystemServerTimingAsync: InitThreadPoolExec:Update app-ops uidState in case package com.android.systemui changed took to complete: 1ms
08-16 16:52:12.524 1153 1732 I SystemServerTimingAsync: InitThreadPoolExec:Update app-ops uidState in case package com.android.providers.contacts changed
08-16 16:52:12.524 1153 1698 D SystemServerInitThreadPool: Started executing Update app-ops uidState in case package com.android.providers.userdictionary changed
08-16 16:52:12.524 1153 1698 D SystemServerInitThreadPool: Finished executing Update app-ops uidState in case package com.android.providers.userdictionary changed
08-16 16:52:12.524 1153 1699 D SystemServerInitThreadPool: Finished executing Update app-ops uidState in case package com.android.deskclock changed
08-16 16:52:12.524 1153 1257 I SystemServerTimingAsync: InitThreadPoolExec:Update app-ops uidState in case package org.codeaurora.dialer changed
08-16 16:52:12.524 1153 1712 D SystemServerInitThreadPool: Finished executing Update app-ops uidState in case package com.qualcomm.qtil.aptxals changed
08-16 16:52:12.524 1153 1698 D SystemServerTimingAsync: InitThreadPoolExec:Update app-ops uidState in case package com.android.providers.userdictionary changed took to complete: 0ms
08-16 16:52:12.524 1153 1153 D SystemServerTiming: controllersReady took to complete: 5ms
08-16 16:52:12.525 1153 1712 D SystemServerTimingAsync: InitThreadPoolExec:Update app-ops uidState in case package com.qualcomm.qtil.aptxals changed took to complete: 3ms
08-16 16:52:12.525 1153 1712 I SystemServerTimingAsync: InitThreadPoolExec:Update app-ops uidState in case package com.android.cellbroadcastservice changed
08-16 16:52:12.525 1153 1712 D SystemServerInitThreadPool: Started executing Update app-ops uidState in case package com.android.cellbroadcastservice changed
08-16 16:52:12.525 1153 1688 D SystemServerInitThreadPool: Started executing Update app-ops uidState in case package com.qti.ltebc changed
08-16 16:52:12.525 1153 1732 D SystemServerInitThreadPool: Started executing Update app-ops uidState in case package com.android.providers.contacts changed
08-16 16:52:12.525 1153 1732 D SystemServerInitThreadPool: Finished executing Update app-ops uidState in case package com.android.providers.contacts changed
08-16 16:52:12.525 1153 1688 D SystemServerInitThreadPool: Finished executing Update app-ops uidState in case package com.qti.ltebc changed
08-16 16:52:12.525 1153 1257 D SystemServerInitThreadPool: Started executing Update app-ops uidState in case package org.codeaurora.dialer changed
08-16 16:52:12.526 1153 1257 D SystemServerInitThreadPool: Finished executing Update app-ops uidState in case package org.codeaurora.dialer changed
08-16 16:52:12.526 1153 1257 D SystemServerTimingAsync: InitThreadPoolExec:Update app-ops uidState in case package org.codeaurora.dialer changed took to complete: 2ms
08-16 16:52:12.526 1153 1257 I SystemServerTimingAsync: InitThreadPoolExec:Update app-ops uidState in case package com.android.nfc changed
08-16 16:52:12.526 1153 1257 D SystemServerInitThreadPool: Started executing Update app-ops uidState in case package com.android.nfc changed
08-16 16:52:12.526 1153 1257 D SystemServerInitThreadPool: Finished executing Update app-ops uidState in case package com.android.nfc changed
08-16 16:52:12.526 1153 1257 D SystemServerTimingAsync: InitThreadPoolExec:Update app-ops uidState in case package com.android.nfc changed took to complete: 0ms
08-16 16:52:12.526 1153 1257 I SystemServerTimingAsync: InitThreadPoolExec:Update app-ops uidState in case package com.android.bluetooth changed
08-16 16:52:12.526 1153 1652 I SystemServerTimingAsync: InitThreadPoolExec:Update app-ops uidState in case package com.android.providers.calendar changed
08-16 16:52:12.526 1153 1699 D SystemServerTimingAsync: InitThreadPoolExec:Update app-ops uidState in case package com.android.deskclock changed took to complete: 1ms
08-16 16:52:12.527 1153 1732 D SystemServerTimingAsync: InitThreadPoolExec:Update app-ops uidState in case package com.android.providers.contacts changed took to complete: 2ms
08-16 16:52:12.527 1153 1698 I SystemServerTimingAsync: InitThreadPoolExec:Update app-ops uidState in case package com.android.shell changed
08-16 16:52:12.527 1153 1698 D SystemServerInitThreadPool: Started executing Update app-ops uidState in case package com.android.shell changed
08-16 16:52:12.527 1153 1712 D SystemServerInitThreadPool: Finished executing Update app-ops uidState in case package com.android.cellbroadcastservice changed
08-16 16:52:12.527 1153 1698 D SystemServerInitThreadPool: Finished executing Update app-ops uidState in case package com.android.shell changed
08-16 16:52:12.527 1153 1257 D SystemServerInitThreadPool: Started executing Update app-ops uidState in case package com.android.bluetooth changed
08-16 16:52:12.527 1153 1730 D SystemServerInitThreadPool: Started executing Update app-ops uidState in case package com.qualcomm.qti.biometrics.fingerprint.service changed
08-16 16:52:12.527 1153 1698 D SystemServerTimingAsync: InitThreadPoolExec:Update app-ops uidState in case package com.android.shell changed took to complete: 0ms
08-16 16:52:12.527 1153 1257 D SystemServerInitThreadPool: Finished executing Update app-ops uidState in case package com.android.bluetooth changed
08-16 16:52:12.527 1153 1730 D SystemServerInitThreadPool: Finished executing Update app-ops uidState in case package com.qualcomm.qti.biometrics.fingerprint.service changed
08-16 16:52:12.527 1153 1730 D SystemServerTimingAsync: InitThreadPoolExec:Update app-ops uidState in case package com.qualcomm.qti.biometrics.fingerprint.service changed took to complete: 4ms
08-16 16:52:12.527 1153 1730 I SystemServerTimingAsync: InitThreadPoolExec:Update app-ops uidState in case package com.android.server.telecom changed
08-16 16:52:12.527 1153 1730 D SystemServerInitThreadPool: Started executing Update app-ops uidState in case package com.android.server.telecom changed
08-16 16:52:12.528 1153 1730 D SystemServerInitThreadPool: Finished executing Update app-ops uidState in case package com.android.server.telecom changed
08-16 16:52:12.528 1153 1730 D SystemServerTimingAsync: InitThreadPoolExec:Update app-ops uidState in case package com.android.server.telecom changed took to complete: 0ms
08-16 16:52:12.528 1153 1730 I SystemServerTimingAsync: InitThreadPoolExec:Update app-ops uidState in case package com.android.settings changed
08-16 16:52:12.528 1153 1730 D SystemServerInitThreadPool: Started executing Update app-ops uidState in case package com.android.settings changed
08-16 16:52:12.528 1153 1730 D SystemServerInitThreadPool: Finished executing Update app-ops uidState in case package com.android.settings changed
08-16 16:52:12.528 1153 1730 D SystemServerTimingAsync: InitThreadPoolExec:Update app-ops uidState in case package com.android.settings changed took to complete: 0ms
08-16 16:52:12.528 1153 1688 D SystemServerTimingAsync: InitThreadPoolExec:Update app-ops uidState in case package com.qti.ltebc changed took to complete: 3ms
08-16 16:52:12.528 1153 1699 I SystemServerTimingAsync: InitThreadPoolExec:Update app-ops uidState in case package com.android.ons changed
08-16 16:52:12.528 1153 1712 D SystemServerTimingAsync: InitThreadPoolExec:Update app-ops uidState in case package com.android.cellbroadcastservice changed took to complete: 2ms
08-16 16:52:12.528 1153 1698 I SystemServerTimingAsync: InitThreadPoolExec:Update app-ops uidState in case package android changed
08-16 16:52:12.528 1153 1698 D SystemServerInitThreadPool: Started executing Update app-ops uidState in case package android changed
08-16 16:52:12.528 1153 1652 D SystemServerInitThreadPool: Started executing Update app-ops uidState in case package com.android.providers.calendar changed
08-16 16:52:12.528 1153 1699 D SystemServerInitThreadPool: Started executing Update app-ops uidState in case package com.android.ons changed
08-16 16:52:12.528 1153 1652 D SystemServerInitThreadPool: Finished executing Update app-ops uidState in case package com.android.providers.calendar changed
08-16 16:52:12.528 1153 1699 D SystemServerInitThreadPool: Finished executing Update app-ops uidState in case package com.android.ons changed
08-16 16:52:12.529 1153 1699 D SystemServerTimingAsync: InitThreadPoolExec:Update app-ops uidState in case package com.android.ons changed took to complete: 1ms
08-16 16:52:12.529 1153 1652 D SystemServerTimingAsync: InitThreadPoolExec:Update app-ops uidState in case package com.android.providers.calendar changed took to complete: 2ms
08-16 16:52:12.529 1153 1257 D SystemServerTimingAsync: InitThreadPoolExec:Update app-ops uidState in case package com.android.bluetooth changed took to complete: 2ms
08-16 16:52:12.529 1153 1698 D SystemServerInitThreadPool: Finished executing Update app-ops uidState in case package android changed
08-16 16:52:12.529 1153 1698 D SystemServerTimingAsync: InitThreadPoolExec:Update app-ops uidState in case package android changed took to complete: 1ms
08-16 16:52:12.532 1153 1732 I SystemServerTimingAsync: InitThreadPoolExec:Update app-ops uidState in case package com.android.phone changed
08-16 16:52:12.532 1153 1732 D SystemServerInitThreadPool: Started executing Update app-ops uidState in case package com.android.phone changed
08-16 16:52:12.532 1153 1732 D SystemServerInitThreadPool: Finished executing Update app-ops uidState in case package com.android.phone changed
08-16 16:52:12.532 1153 1732 D SystemServerTimingAsync: InitThreadPoolExec:Update app-ops uidState in case package com.android.phone changed took to complete: 0ms
08-16 16:52:12.532 1153 1153 I SystemServerTiming: killProcesses
08-16 16:52:12.532 1153 1153 D SystemServerTiming: killProcesses took to complete: 0ms
08-16 16:52:12.532 1153 1153 I ActivityManager: System now ready
08-16 16:52:12.532 1153 1153 I boot_progress_ams_ready: 55533
08-16 16:52:12.533 1153 1153 I SystemServerTiming: updateTopComponentForFactoryTest
08-16 16:52:12.533 1153 1153 D SystemServerTiming: updateTopComponentForFactoryTest took to complete: 0ms
08-16 16:52:12.533 1153 1153 I SystemServerTiming: registerActivityLaunchObserver
08-16 16:52:12.533 1153 1153 D SystemServerTiming: registerActivityLaunchObserver took to complete: 0ms
08-16 16:52:12.534 1153 1153 I SystemServerTiming: watchDeviceProvisioning
08-16 16:52:12.553 1153 1153 D SystemServerTiming: watchDeviceProvisioning took to complete: 19ms
08-16 16:52:12.553 1153 1153 I SystemServerTiming: retrieveSettings
08-16 16:52:12.555 1153 1153 I configuration_changed: 268435712
08-16 16:52:12.555 1153 1153 I ActivityTaskManager: Config changes=10000100 {1.0 ?mcc?mnc [en_US] ldltr sw680dp w1586dp h608dp 240dpi lrg long land finger -keyb/v/h -nav/h winConfig={ mBounds=Rect(0, 0 - 2380, 1020) mAppBounds=Rect(0, 0 - 2380, 948) mMaxBounds=Rect(0, 0 - 2380, 1020) mWindowingMode=fullscreen mDisplayWindowingMode=fullscreen mActivityType=undefined mAlwaysOnTop=undefined mRotation=ROTATION_0} s.8 fontWeightAdjustment=0}
08-16 16:52:12.556 1153 1153 I WindowManager: Override config changes=10000100 {1.0 ?mcc?mnc [en_US] ldltr sw680dp w1586dp h608dp 240dpi lrg long land finger -keyb/v/h -nav/h winConfig={ mBounds=Rect(0, 0 - 2380, 1020) mAppBounds=Rect(0, 0 - 2380, 948) mMaxBounds=Rect(0, 0 - 2380, 1020) mWindowingMode=fullscreen mDisplayWindowingMode=fullscreen mActivityType=undefined mAlwaysOnTop=undefined mRotation=ROTATION_0} s.8 fontWeightAdjustment=0} for displayId=0
08-16 16:52:12.558 1153 1153 D SystemServerTiming: retrieveSettings took to complete: 5ms
08-16 16:52:12.558 1153 1153 I SystemServerTiming: Ugm.onSystemReady
08-16 16:52:12.558 1153 1153 D SystemServerTiming: Ugm.onSystemReady took to complete: 0ms
08-16 16:52:12.558 1153 1153 I SystemServerTiming: updateForceBackgroundCheck
08-16 16:52:12.558 1153 1153 D SystemServerTiming: updateForceBackgroundCheck took to complete: 0ms
08-16 16:52:12.558 1153 1153 I SystemServer: Making services ready
08-16 16:52:12.558 1153 1153 I SystemServerTiming: StartActivityManagerReadyPhase
08-16 16:52:12.558 1153 1153 I SystemServiceManager: Starting phase 550
08-16 16:52:12.558 1153 1153 I SystemServerTiming: OnBootPhase_550
08-16 16:52:12.559 1153 1153 I SystemServerTiming: OnBootPhase_550_com.android.server.security.FileIntegrityService
08-16 16:52:12.559 1153 1153 D SystemServerTiming: OnBootPhase_550_com.android.server.security.FileIntegrityService took to complete: 0ms
08-16 16:52:12.559 1153 1153 I SystemServerTiming: OnBootPhase_550_com.android.server.pm.Installer
08-16 16:52:12.559 1153 1153 D SystemServerTiming: OnBootPhase_550_com.android.server.pm.Installer took to complete: 0ms
08-16 16:52:12.559 1153 1153 I SystemServerTiming: OnBootPhase_550_com.android.server.os.DeviceIdentifiersPolicyService
08-16 16:52:12.559 1153 1153 D SystemServerTiming: OnBootPhase_550_com.android.server.os.DeviceIdentifiersPolicyService took to complete: 0ms
08-16 16:52:12.559 1153 1153 I SystemServerTiming: OnBootPhase_550_com.android.server.uri.UriGrantsManagerService$Lifecycle
08-16 16:52:12.559 1153 1153 D SystemServerTiming: OnBootPhase_550_com.android.server.uri.UriGrantsManagerService$Lifecycle took to complete: 0ms
08-16 16:52:12.559 1153 1153 I SystemServerTiming: OnBootPhase_550_com.android.server.powerstats.PowerStatsService
08-16 16:52:12.559 1153 1153 D SystemServerTiming: OnBootPhase_550_com.android.server.powerstats.PowerStatsService took to complete: 0ms
08-16 16:52:12.559 1153 1153 I SystemServerTiming: OnBootPhase_550_com.android.server.wm.ActivityTaskManagerService$Lifecycle
08-16 16:52:12.559 1153 1153 D SystemServerTiming: OnBootPhase_550_com.android.server.wm.ActivityTaskManagerService$Lifecycle took to complete: 0ms
08-16 16:52:12.559 1153 1153 I SystemServerTiming: OnBootPhase_550_com.android.server.am.ActivityManagerService$Lifecycle
08-16 16:52:12.560 1153 1153 D SystemServerTiming: OnBootPhase_550_com.android.server.am.ActivityManagerService$Lifecycle took to complete: 1ms
08-16 16:52:12.560 1153 1153 I SystemServerTiming: OnBootPhase_550_com.android.server.pm.DataLoaderManagerService
08-16 16:52:12.560 1153 1153 D SystemServerTiming: OnBootPhase_550_com.android.server.pm.DataLoaderManagerService took to complete: 0ms
08-16 16:52:12.560 1153 1153 I SystemServerTiming: OnBootPhase_550_com.android.server.power.PowerManagerService
08-16 16:52:12.560 1153 1153 D SystemServerTiming: OnBootPhase_550_com.android.server.power.PowerManagerService took to complete: 0ms
08-16 16:52:12.560 1153 1153 I SystemServerTiming: OnBootPhase_550_com.android.server.power.ThermalManagerService
08-16 16:52:12.562 1153 1153 I ThermalHalWrapper: Thermal HAL 2.0 service connected.
08-16 16:52:12.563 1153 1153 E ThermalHalWrapper: Couldn't get temperatures because of HAL error: ThermalHAL not initialized properly.
08-16 16:52:12.563 1153 1153 W ThermalManagerService: Thermal HAL reported invalid data, abort connection
08-16 16:52:12.563 1153 1153 E ThermalHalWrapper: Couldn't get temperature thresholds because of HAL error: ThermalHAL not initialized properly.
08-16 16:52:12.563 1153 1153 D SystemServerTiming: OnBootPhase_550_com.android.server.power.ThermalManagerService took to complete: 4ms
08-16 16:52:12.563 1153 1153 I SystemServerTiming: OnBootPhase_550_com.android.server.power.hint.HintManagerService
08-16 16:52:12.564 1153 1153 D SystemServerTiming: OnBootPhase_550_com.android.server.power.hint.HintManagerService took to complete: 0ms
08-16 16:52:12.564 1153 1153 I SystemServerTiming: OnBootPhase_550_com.android.server.recoverysystem.RecoverySystemService$Lifecycle
08-16 16:52:12.564 1153 1153 D SystemServerTiming: OnBootPhase_550_com.android.server.recoverysystem.RecoverySystemService$Lifecycle took to complete: 0ms
08-16 16:52:12.564 1153 1153 I SystemServerTiming: OnBootPhase_550_com.android.server.lights.LightsService
08-16 16:52:12.564 1153 1153 D SystemServerTiming: OnBootPhase_550_com.android.server.lights.LightsService took to complete: 0ms
08-16 16:52:12.564 1153 1153 I SystemServerTiming: OnBootPhase_550_com.android.server.display.DisplayManagerService
08-16 16:52:12.564 1153 1153 D SystemServerTiming: OnBootPhase_550_com.android.server.display.DisplayManagerService took to complete: 0ms
08-16 16:52:12.564 1153 1153 I SystemServerTiming: OnBootPhase_550_com.android.server.pm.verify.domain.DomainVerificationService
08-16 16:52:12.564 1153 1153 D SystemServerTiming: OnBootPhase_550_com.android.server.pm.verify.domain.DomainVerificationService took to complete: 0ms
08-16 16:52:12.564 1153 1153 I SystemServerTiming: OnBootPhase_550_com.android.server.pm.PackageInstallerService$Lifecycle
08-16 16:52:12.564 1153 1153 D SystemServerTiming: OnBootPhase_550_com.android.server.pm.PackageInstallerService$Lifecycle took to complete: 0ms
08-16 16:52:12.564 1153 1153 I SystemServerTiming: OnBootPhase_550_com.android.server.pm.UserManagerService$LifeCycle
08-16 16:52:12.564 1153 1153 D SystemServerTiming: OnBootPhase_550_com.android.server.pm.UserManagerService$LifeCycle took to complete: 0ms
08-16 16:52:12.564 1153 1153 I SystemServerTiming: OnBootPhase_550_com.android.server.om.OverlayManagerService
08-16 16:52:12.564 1153 1153 D SystemServerTiming: OnBootPhase_550_com.android.server.om.OverlayManagerService took to complete: 0ms
08-16 16:52:12.564 1153 1153 I SystemServerTiming: OnBootPhase_550_com.android.server.SensorPrivacyService
08-16 16:52:12.564 1153 1153 D SystemServerTiming: OnBootPhase_550_com.android.server.SensorPrivacyService took to complete: 0ms
08-16 16:52:12.564 1153 1153 I SystemServerTiming: OnBootPhase_550_com.android.server.sensors.SensorService
08-16 16:52:12.565 1153 1153 D SystemServerTiming: OnBootPhase_550_com.android.server.sensors.SensorService took to complete: 0ms
08-16 16:52:12.565 1153 1153 I SystemServerTiming: OnBootPhase_550_com.android.server.SystemConfigService
08-16 16:52:12.565 1153 1153 D SystemServerTiming: OnBootPhase_550_com.android.server.SystemConfigService took to complete: 0ms
08-16 16:52:12.565 1153 1153 I SystemServerTiming: OnBootPhase_550_com.android.server.BatteryService
08-16 16:52:12.565 1153 1153 D SystemServerTiming: OnBootPhase_550_com.android.server.BatteryService took to complete: 0ms
08-16 16:52:12.565 1153 1153 I SystemServerTiming: OnBootPhase_550_com.android.server.usage.UsageStatsService
08-16 16:52:12.565 1153 1153 D SystemServerTiming: OnBootPhase_550_com.android.server.usage.UsageStatsService took to complete: 0ms
08-16 16:52:12.565 1153 1153 I SystemServerTiming: OnBootPhase_550_com.android.server.webkit.WebViewUpdateService
08-16 16:52:12.565 1153 1153 D SystemServerTiming: OnBootPhase_550_com.android.server.webkit.WebViewUpdateService took to complete: 0ms
08-16 16:52:12.565 1153 1153 I SystemServerTiming: OnBootPhase_550_com.android.server.CachedDeviceStateService
08-16 16:52:12.565 1153 1153 D SystemServerTiming: OnBootPhase_550_com.android.server.CachedDeviceStateService took to complete: 0ms
08-16 16:52:12.565 1153 1153 I SystemServerTiming: OnBootPhase_550_com.android.server.BinderCallsStatsService$LifeCycle
08-16 16:52:12.566 1153 1153 D SystemServerTiming: OnBootPhase_550_com.android.server.BinderCallsStatsService$LifeCycle took to complete: 0ms
08-16 16:52:12.566 1153 1153 I SystemServerTiming: OnBootPhase_550_com.android.server.LooperStatsService$Lifecycle
08-16 16:52:12.566 1153 1153 D SystemServerTiming: OnBootPhase_550_com.android.server.LooperStatsService$Lifecycle took to complete: 0ms
08-16 16:52:12.566 1153 1153 I SystemServerTiming: OnBootPhase_550_com.android.server.rollback.RollbackManagerService
08-16 16:52:12.566 1153 1153 D SystemServerTiming: OnBootPhase_550_com.android.server.rollback.RollbackManagerService took to complete: 0ms
08-16 16:52:12.566 1153 1153 I SystemServerTiming: OnBootPhase_550_com.android.server.os.NativeTombstoneManagerService
08-16 16:52:12.566 1153 1153 D SystemServerTiming: OnBootPhase_550_com.android.server.os.NativeTombstoneManagerService took to complete: 0ms
08-16 16:52:12.566 1153 1153 I SystemServerTiming: OnBootPhase_550_com.android.server.os.BugreportManagerService
08-16 16:52:12.566 1153 1153 D SystemServerTiming: OnBootPhase_550_com.android.server.os.BugreportManagerService took to complete: 0ms
08-16 16:52:12.566 1153 1153 I SystemServerTiming: OnBootPhase_550_com.android.server.gpu.GpuService
08-16 16:52:12.566 1153 1153 D SystemServerTiming: OnBootPhase_550_com.android.server.gpu.GpuService took to complete: 0ms
08-16 16:52:12.566 1153 1153 I SystemServerTiming: OnBootPhase_550_com.android.server.security.KeyChainSystemService
08-16 16:52:12.566 1153 1153 D SystemServerTiming: OnBootPhase_550_com.android.server.security.KeyChainSystemService took to complete: 0ms
08-16 16:52:12.566 1153 1153 I SystemServerTiming: OnBootPhase_550_com.android.server.telecom.TelecomLoaderService
08-16 16:52:12.575 1153 1153 W ActivityManager: Too early to start/bind service in system_server: Phase=550 ComponentInfo{com.android.server.telecom/com.android.server.telecom.components.TelecomService}
08-16 16:52:12.575 1812 1812 F linker : CANNOT LINK EXECUTABLE "/vendor/bin/hw/qvrservice": library "vendor.qti.hardware.qxr-V1-ndk_platform.so" not found: needed by /vendor/lib64/libqvrservice.so in namespace (default)
08-16 16:52:12.577 1153 1153 W ActivityManager: Too early to start/bind service in system_server: Phase=550 ComponentInfo{com.android.server.telecom/com.android.server.telecom.components.TelecomService}
08-16 16:52:12.577 1153 1153 D SystemServerTiming: OnBootPhase_550_com.android.server.telecom.TelecomLoaderService took to complete: 10ms
08-16 16:52:12.577 1153 1153 I SystemServerTiming: OnBootPhase_550_com.android.server.accounts.AccountManagerService$Lifecycle
08-16 16:52:12.577 1153 1153 D SystemServerTiming: OnBootPhase_550_com.android.server.accounts.AccountManagerService$Lifecycle took to complete: 0ms
08-16 16:52:12.577 1153 1153 I SystemServerTiming: OnBootPhase_550_com.android.server.content.ContentService$Lifecycle
08-16 16:52:12.580 1153 1153 I SyncManager: No initial accounts
08-16 16:52:12.586 1813 1813 F linker : CANNOT LINK EXECUTABLE "/vendor/bin/hw/sxrservice": library "vendor.qti.hardware.qxr-V1-ndk_platform.so" not found: needed by main executable
08-16 16:52:12.589 1153 1153 D SystemServerTiming: OnBootPhase_550_com.android.server.content.ContentService$Lifecycle took to complete: 11ms
08-16 16:52:12.589 1153 1153 I SystemServerTiming: OnBootPhase_550_com.android.server.DropBoxManagerService
08-16 16:52:12.589 1153 1153 D SystemServerTiming: OnBootPhase_550_com.android.server.DropBoxManagerService took to complete: 0ms
08-16 16:52:12.589 1153 1153 I SystemServerTiming: OnBootPhase_550_com.android.role.RoleService
08-16 16:52:12.589 1153 1153 D SystemServerTiming: OnBootPhase_550_com.android.role.RoleService took to complete: 0ms
08-16 16:52:12.589 1153 1153 I SystemServerTiming: OnBootPhase_550_com.android.server.vibrator.VibratorManagerService$Lifecycle
08-16 16:52:12.589 1153 1153 D SystemServerTiming: OnBootPhase_550_com.android.server.vibrator.VibratorManagerService$Lifecycle took to complete: 0ms
08-16 16:52:12.589 1153 1153 I SystemServerTiming: OnBootPhase_550_com.android.server.alarm.AlarmManagerService
08-16 16:52:12.589 1153 1153 D SystemServerTiming: OnBootPhase_550_com.android.server.alarm.AlarmManagerService took to complete: 0ms
08-16 16:52:12.589 1153 1153 I SystemServerTiming: OnBootPhase_550_com.android.server.devicestate.DeviceStateManagerService
08-16 16:52:12.589 1153 1153 D SystemServerTiming: OnBootPhase_550_com.android.server.devicestate.DeviceStateManagerService took to complete: 0ms
08-16 16:52:12.589 1153 1153 I SystemServerTiming: OnBootPhase_550_com.android.server.camera.CameraServiceProxy
08-16 16:52:12.589 1153 1153 D SystemServerTiming: OnBootPhase_550_com.android.server.camera.CameraServiceProxy took to complete: 0ms
08-16 16:52:12.589 1153 1153 I SystemServerTiming: OnBootPhase_550_com.android.server.BluetoothService
08-16 16:52:12.589 1153 1153 D BluetoothManagerService: Bluetooth boot completed
08-16 16:52:12.590 1153 1153 D BluetoothManagerService: Auto-enabling Bluetooth.
08-16 16:52:12.590 1153 1250 D BluetoothManagerService: MESSAGE_ENABLE(0): mBluetooth = null
08-16 16:52:12.590 1153 1250 D BluetoothManagerService: MESSAGE_ENABLE: handleEnable
08-16 16:52:12.590 1153 1250 D BluetoothManagerService: binding Bluetooth service
08-16 16:52:12.594 1153 1250 I am_uid_running: 1002
08-16 16:52:12.595 1153 1250 D CompatibilityChangeReporter: Compat change id reported: 135634846; UID 1002; state: DISABLED
08-16 16:52:12.595 1153 1250 D CompatibilityChangeReporter: Compat change id reported: 177438394; UID 1002; state: DISABLED
08-16 16:52:12.595 1153 1250 D CompatibilityChangeReporter: Compat change id reported: 135772972; UID 1002; state: DISABLED
08-16 16:52:12.596 1153 1250 D CompatibilityChangeReporter: Compat change id reported: 135754954; UID 1002; state: ENABLED
08-16 16:52:12.596 1153 1250 D BluetoothManagerService: Binding BT service. Current user: 0
08-16 16:52:12.597 1153 1153 D SystemServerTiming: OnBootPhase_550_com.android.server.BluetoothService took to complete: 8ms
08-16 16:52:12.597 1153 1153 I SystemServerTiming: OnBootPhase_550_com.android.server.connectivity.IpConnectivityMetrics
08-16 16:52:12.598 1153 1153 D SystemServerTiming: OnBootPhase_550_com.android.server.connectivity.IpConnectivityMetrics took to complete: 0ms
08-16 16:52:12.598 1153 1153 I SystemServerTiming: OnBootPhase_550_com.android.server.net.watchlist.NetworkWatchlistService$Lifecycle
08-16 16:52:12.599 1153 1153 D SystemServerTiming: OnBootPhase_550_com.android.server.net.watchlist.NetworkWatchlistService$Lifecycle took to complete: 1ms
08-16 16:52:12.599 1153 1153 I SystemServerTiming: OnBootPhase_550_com.android.server.PinnerService
08-16 16:52:12.599 1153 1153 D SystemServerTiming: OnBootPhase_550_com.android.server.PinnerService took to complete: 0ms
08-16 16:52:12.599 1153 1153 I SystemServerTiming: OnBootPhase_550_com.google.android.startop.iorap.IorapForwardingService
08-16 16:52:12.599 1153 1153 D SystemServerTiming: OnBootPhase_550_com.google.android.startop.iorap.IorapForwardingService took to complete: 0ms
08-16 16:52:12.599 1153 1153 I SystemServerTiming: OnBootPhase_550_com.android.server.ActivityTriggerService
08-16 16:52:12.599 1153 1153 D SystemServerTiming: OnBootPhase_550_com.android.server.ActivityTriggerService took to complete: 0ms
08-16 16:52:12.599 1153 1153 I SystemServerTiming: OnBootPhase_550_com.android.server.integrity.AppIntegrityManagerService
08-16 16:52:12.599 1153 1153 D SystemServerTiming: OnBootPhase_550_com.android.server.integrity.AppIntegrityManagerService took to complete: 0ms
08-16 16:52:12.599 1153 1153 I SystemServerTiming: OnBootPhase_550_com.android.server.inputmethod.InputMethodManagerService$Lifecycle
08-16 16:52:12.630 1153 1153 D SystemServerTiming: OnBootPhase_550_com.android.server.inputmethod.InputMethodManagerService$Lifecycle took to complete: 32ms
08-16 16:52:12.630 1153 1153 I SystemServerTiming: OnBootPhase_550_com.android.server.accessibility.AccessibilityManagerService$Lifecycle
08-16 16:52:12.630 1153 1153 D SystemServerTiming: OnBootPhase_550_com.android.server.accessibility.AccessibilityManagerService$Lifecycle took to complete: 0ms
08-16 16:52:12.631 1153 1153 I SystemServerTiming: OnBootPhase_550_com.android.server.StorageManagerService$Lifecycle
08-16 16:52:12.631 1153 1153 D SystemServerTiming: OnBootPhase_550_com.android.server.StorageManagerService$Lifecycle took to complete: 0ms
08-16 16:52:12.631 1153 1153 I SystemServerTiming: OnBootPhase_550_com.android.server.usage.StorageStatsService$Lifecycle
08-16 16:52:12.631 1153 1153 D SystemServerTiming: OnBootPhase_550_com.android.server.usage.StorageStatsService$Lifecycle took to complete: 0ms
08-16 16:52:12.631 1153 1153 I SystemServerTiming: OnBootPhase_550_com.android.server.UiModeManagerService
08-16 16:52:12.631 1153 1153 D SystemServerTiming: OnBootPhase_550_com.android.server.UiModeManagerService took to complete: 0ms
08-16 16:52:12.631 1153 1153 I SystemServerTiming: OnBootPhase_550_com.android.server.locksettings.LockSettingsService$Lifecycle
08-16 16:52:12.632 1153 1153 I RebootEscrowManager: No reboot escrow data found for users, skipping loading escrow data
08-16 16:52:12.633 1153 1153 D SystemServerTiming: OnBootPhase_550_com.android.server.locksettings.LockSettingsService$Lifecycle took to complete: 3ms
08-16 16:52:12.633 1153 1153 I SystemServerTiming: OnBootPhase_550_com.android.server.PersistentDataBlockService
08-16 16:52:12.634 1153 1153 D SystemServerTiming: OnBootPhase_550_com.android.server.PersistentDataBlockService took to complete: 0ms
08-16 16:52:12.634 1153 1153 I SystemServerTiming: OnBootPhase_550_com.android.server.testharness.TestHarnessModeService
08-16 16:52:12.634 1153 1153 D SystemServerTiming: OnBootPhase_550_com.android.server.testharness.TestHarnessModeService took to complete: 0ms
08-16 16:52:12.634 1153 1153 I SystemServerTiming: OnBootPhase_550_com.android.server.oemlock.OemLockService
08-16 16:52:12.634 1153 1153 D SystemServerTiming: OnBootPhase_550_com.android.server.oemlock.OemLockService took to complete: 0ms
08-16 16:52:12.634 1153 1153 I SystemServerTiming: OnBootPhase_550_com.android.server.DeviceIdleController
08-16 16:52:12.634 1153 1153 D SystemServerTiming: OnBootPhase_550_com.android.server.DeviceIdleController took to complete: 0ms
08-16 16:52:12.634 1153 1153 I SystemServerTiming: OnBootPhase_550_com.android.server.devicepolicy.DevicePolicyManagerService$Lifecycle
08-16 16:52:12.634 1153 1153 D SystemServerTiming: OnBootPhase_550_com.android.server.devicepolicy.DevicePolicyManagerService$Lifecycle took to complete: 0ms
08-16 16:52:12.634 1153 1153 I SystemServerTiming: OnBootPhase_550_com.android.server.texttospeech.TextToSpeechManagerService
08-16 16:52:12.634 1153 1153 D SystemServerTiming: OnBootPhase_550_com.android.server.texttospeech.TextToSpeechManagerService took to complete: 0ms
08-16 16:52:12.634 1153 1153 I SystemServerTiming: OnBootPhase_550_com.android.server.speech.SpeechRecognitionManagerService
08-16 16:52:12.634 1153 1153 D SystemServerTiming: OnBootPhase_550_com.android.server.speech.SpeechRecognitionManagerService took to complete: 0ms
08-16 16:52:12.634 1153 1153 I SystemServerTiming: OnBootPhase_550_com.android.server.searchui.SearchUiManagerService
08-16 16:52:12.634 1153 1153 D SystemServerTiming: OnBootPhase_550_com.android.server.searchui.SearchUiManagerService took to complete: 0ms
08-16 16:52:12.634 1153 1153 I SystemServerTiming: OnBootPhase_550_com.android.server.smartspace.SmartspaceManagerService
08-16 16:52:12.634 1153 1153 D SystemServerTiming: OnBootPhase_550_com.android.server.smartspace.SmartspaceManagerService took to complete: 0ms
08-16 16:52:12.634 1153 1153 I SystemServerTiming: OnBootPhase_550_com.android.server.graphics.fonts.FontManagerService$Lifecycle
08-16 16:52:12.634 1153 1153 D SystemServerTiming: OnBootPhase_550_com.android.server.graphics.fonts.FontManagerService$Lifecycle took to complete: 0ms
08-16 16:52:12.634 1153 1153 I SystemServerTiming: OnBootPhase_550_com.android.server.textservices.TextServicesManagerService$Lifecycle
08-16 16:52:12.634 1153 1153 D SystemServerTiming: OnBootPhase_550_com.android.server.textservices.TextServicesManagerService$Lifecycle took to complete: 0ms
08-16 16:52:12.634 1153 1153 I SystemServerTiming: OnBootPhase_550_com.android.server.textclassifier.TextClassificationManagerService$Lifecycle
08-16 16:52:12.634 1153 1153 D SystemServerTiming: OnBootPhase_550_com.android.server.textclassifier.TextClassificationManagerService$Lifecycle took to complete: 0ms
08-16 16:52:12.634 1153 1153 I SystemServerTiming: OnBootPhase_550_com.android.server.NetworkScoreService$Lifecycle
08-16 16:52:12.634 1153 1153 D SystemServerTiming: OnBootPhase_550_com.android.server.NetworkScoreService$Lifecycle took to complete: 0ms
08-16 16:52:12.634 1153 1153 I SystemServerTiming: OnBootPhase_550_com.android.server.wifi.WifiService
08-16 16:52:12.635 1153 1153 D SystemServerTiming: OnBootPhase_550_com.android.server.wifi.WifiService took to complete: 0ms
08-16 16:52:12.635 1153 1153 I SystemServerTiming: OnBootPhase_550_com.android.server.wifi.scanner.WifiScanningService
08-16 16:52:12.635 1153 1153 D SystemServerTiming: OnBootPhase_550_com.android.server.wifi.scanner.WifiScanningService took to complete: 0ms
08-16 16:52:12.635 1153 1153 I SystemServerTiming: OnBootPhase_550_com.android.server.wifi.rtt.RttService
08-16 16:52:12.635 1153 1153 D SystemServerTiming: OnBootPhase_550_com.android.server.wifi.rtt.RttService took to complete: 0ms
08-16 16:52:12.635 1153 1153 I SystemServerTiming: OnBootPhase_550_com.android.server.wifi.aware.WifiAwareService
08-16 16:52:12.635 1153 1153 D SystemServerTiming: OnBootPhase_550_com.android.server.wifi.aware.WifiAwareService took to complete: 0ms
08-16 16:52:12.635 1153 1153 I SystemServerTiming: OnBootPhase_550_com.android.server.wifi.p2p.WifiP2pService
08-16 16:52:12.635 1153 1153 D SystemServerTiming: OnBootPhase_550_com.android.server.wifi.p2p.WifiP2pService took to complete: 0ms
08-16 16:52:12.635 1153 1153 I SystemServerTiming: OnBootPhase_550_com.android.server.ethernet.EthernetService
08-16 16:52:12.635 1153 1153 D SystemServerTiming: OnBootPhase_550_com.android.server.ethernet.EthernetService took to complete: 0ms
08-16 16:52:12.635 1153 1153 I SystemServerTiming: OnBootPhase_550_com.android.server.ConnectivityServiceInitializer
08-16 16:52:12.635 1153 1153 D SystemServerTiming: OnBootPhase_550_com.android.server.ConnectivityServiceInitializer took to complete: 0ms
08-16 16:52:12.635 1153 1153 I SystemServerTiming: OnBootPhase_550_com.android.server.notification.NotificationManagerService
08-16 16:52:12.635 1153 1153 D SystemServerTiming: OnBootPhase_550_com.android.server.notification.NotificationManagerService took to complete: 0ms
08-16 16:52:12.635 1153 1153 I SystemServerTiming: OnBootPhase_550_com.android.server.storage.DeviceStorageMonitorService
08-16 16:52:12.635 1153 1153 D SystemServerTiming: OnBootPhase_550_com.android.server.storage.DeviceStorageMonitorService took to complete: 0ms
08-16 16:52:12.635 1153 1153 I SystemServerTiming: OnBootPhase_550_com.android.server.location.LocationManagerService$Lifecycle
08-16 16:52:12.635 1153 1153 D SystemServerTiming: OnBootPhase_550_com.android.server.location.LocationManagerService$Lifecycle took to complete: 0ms
08-16 16:52:12.635 1153 1153 I SystemServerTiming: OnBootPhase_550_com.android.server.timedetector.TimeDetectorService$Lifecycle
08-16 16:52:12.635 1153 1153 D SystemServerTiming: OnBootPhase_550_com.android.server.timedetector.TimeDetectorService$Lifecycle took to complete: 0ms
08-16 16:52:12.635 1153 1153 I SystemServerTiming: OnBootPhase_550_com.android.server.timezonedetector.TimeZoneDetectorService$Lifecycle
08-16 16:52:12.635 1153 1153 D SystemServerTiming: OnBootPhase_550_com.android.server.timezonedetector.TimeZoneDetectorService$Lifecycle took to complete: 0ms
08-16 16:52:12.635 1153 1153 I SystemServerTiming: OnBootPhase_550_com.android.server.timezonedetector.location.LocationTimeZoneManagerService$Lifecycle
08-16 16:52:12.636 1153 1153 D SystemServerTiming: OnBootPhase_550_com.android.server.timezonedetector.location.LocationTimeZoneManagerService$Lifecycle took to complete: 0ms
08-16 16:52:12.636 1153 1153 I SystemServerTiming: OnBootPhase_550_com.android.server.search.SearchManagerService$Lifecycle
08-16 16:52:12.636 1153 1153 D SystemServerTiming: OnBootPhase_550_com.android.server.search.SearchManagerService$Lifecycle took to complete: 0ms
08-16 16:52:12.636 1153 1153 I SystemServerTiming: OnBootPhase_550_com.android.server.wallpaper.WallpaperManagerService$Lifecycle
08-16 16:52:12.638 1153 1153 I WallpaperManagerService: No static wallpaper imagery; defaults will be shown
08-16 16:52:12.638 1153 1153 V WallpaperManagerService: bindWallpaperComponentLocked: componentName=ComponentInfo{com.android.systemui/com.android.systemui.ImageWallpaper}
08-16 16:52:12.640 1153 1153 I am_uid_running: 10124
08-16 16:52:12.640 1153 1153 D CompatibilityChangeReporter: Compat change id reported: 135634846; UID 10124; state: DISABLED
08-16 16:52:12.640 1153 1153 D CompatibilityChangeReporter: Compat change id reported: 177438394; UID 10124; state: DISABLED
08-16 16:52:12.641 1153 1153 D CompatibilityChangeReporter: Compat change id reported: 135772972; UID 10124; state: DISABLED
08-16 16:52:12.641 1153 1153 D CompatibilityChangeReporter: Compat change id reported: 135754954; UID 10124; state: ENABLED
08-16 16:52:12.641 1153 1324 I am_proc_start: [0,1816,1002,com.android.bluetooth,service,{com.android.bluetooth/com.android.bluetooth.btservice.AdapterService}]
08-16 16:52:12.641 1153 1324 I ActivityManager: Start proc 1816:com.android.bluetooth/1002 for service {com.android.bluetooth/com.android.bluetooth.btservice.AdapterService}
08-16 16:52:12.642 1153 1324 D CompatibilityChangeReporter: Compat change id reported: 143937733; UID 10124; state: ENABLED
08-16 16:52:12.646 1153 1153 W WallpaperManagerService: Invalid wallpaper data
08-16 16:52:12.646 1153 1153 E WallpaperManagerService: Unable to apply new wallpaper
08-16 16:52:12.647 1153 1153 D SystemServerTiming: OnBootPhase_550_com.android.server.wallpaper.WallpaperManagerService$Lifecycle took to complete: 11ms
08-16 16:52:12.647 1153 1153 I SystemServerTiming: OnBootPhase_550_com.android.server.audio.AudioService$Lifecycle
08-16 16:52:12.647 1153 1153 D SystemServerTiming: OnBootPhase_550_com.android.server.audio.AudioService$Lifecycle took to complete: 0ms
08-16 16:52:12.647 1153 1153 I SystemServerTiming: OnBootPhase_550_com.android.server.soundtrigger_middleware.SoundTriggerMiddlewareService$Lifecycle
08-16 16:52:12.647 1153 1153 D SystemServerTiming: OnBootPhase_550_com.android.server.soundtrigger_middleware.SoundTriggerMiddlewareService$Lifecycle took to complete: 0ms
08-16 16:52:12.647 1153 1153 I SystemServerTiming: OnBootPhase_550_com.android.server.DockObserver
08-16 16:52:12.647 1153 1153 D SystemServerTiming: OnBootPhase_550_com.android.server.DockObserver took to complete: 0ms
08-16 16:52:12.647 1153 1153 I SystemServerTiming: OnBootPhase_550_com.android.server.midi.MidiService$Lifecycle
08-16 16:52:12.647 1153 1153 D SystemServerTiming: OnBootPhase_550_com.android.server.midi.MidiService$Lifecycle took to complete: 0ms
08-16 16:52:12.647 1153 1153 I SystemServerTiming: OnBootPhase_550_com.android.server.adb.AdbService$Lifecycle
08-16 16:52:12.647 1153 1153 D SystemServerTiming: OnBootPhase_550_com.android.server.adb.AdbService$Lifecycle took to complete: 0ms
08-16 16:52:12.647 1153 1153 I SystemServerTiming: OnBootPhase_550_com.android.server.usb.UsbService$Lifecycle
08-16 16:52:12.648 1153 1153 D SystemServerTiming: OnBootPhase_550_com.android.server.usb.UsbService$Lifecycle took to complete: 0ms
08-16 16:52:12.648 1153 1153 I SystemServerTiming: OnBootPhase_550_com.android.server.twilight.TwilightService
08-16 16:52:12.648 1153 1153 D SystemServerTiming: OnBootPhase_550_com.android.server.twilight.TwilightService took to complete: 0ms
08-16 16:52:12.648 1153 1153 I SystemServerTiming: OnBootPhase_550_com.android.server.display.color.ColorDisplayService
08-16 16:52:12.648 1153 1153 D SystemServerTiming: OnBootPhase_550_com.android.server.display.color.ColorDisplayService took to complete: 0ms
08-16 16:52:12.648 1153 1153 I SystemServerTiming: OnBootPhase_550_com.android.server.job.JobSchedulerService
08-16 16:52:12.648 1153 1153 D SystemServerTiming: OnBootPhase_550_com.android.server.job.JobSchedulerService took to complete: 0ms
08-16 16:52:12.648 1153 1153 I SystemServerTiming: OnBootPhase_550_com.android.server.soundtrigger.SoundTriggerService
08-16 16:52:12.648 1153 1153 D SoundTriggerService: onBootPhase: 550 : false
08-16 16:52:12.648 1153 1153 D SystemServerTiming: OnBootPhase_550_com.android.server.soundtrigger.SoundTriggerService took to complete: 0ms
08-16 16:52:12.648 1153 1153 I SystemServerTiming: OnBootPhase_550_com.android.server.trust.TrustManagerService
08-16 16:52:12.648 1153 1153 D SystemServerTiming: OnBootPhase_550_com.android.server.trust.TrustManagerService took to complete: 0ms
08-16 16:52:12.648 1153 1153 I SystemServerTiming: OnBootPhase_550_com.android.server.backup.BackupManagerService$Lifecycle
08-16 16:52:12.649 1153 1153 D SystemServerTiming: OnBootPhase_550_com.android.server.backup.BackupManagerService$Lifecycle took to complete: 0ms
08-16 16:52:12.649 1153 1153 I SystemServerTiming: OnBootPhase_550_com.android.server.appwidget.AppWidgetService
08-16 16:52:12.649 1153 1153 D SystemServerTiming: OnBootPhase_550_com.android.server.appwidget.AppWidgetService took to complete: 0ms
08-16 16:52:12.649 1153 1730 I SystemServerTimingAsync: InitThreadPoolExec:UsbService$Lifecycle#onBootPhase
08-16 16:52:12.649 1153 1761 W BluetoothManagerService: bindBluetoothProfileService:Trying to bind to profile: 1, while Bluetooth is disabled
08-16 16:52:12.649 1153 1153 I SystemServerTiming: OnBootPhase_550_com.android.server.voiceinteraction.VoiceInteractionManagerService
08-16 16:52:12.649 1153 1153 D SystemServerTiming: OnBootPhase_550_com.android.server.voiceinteraction.VoiceInteractionManagerService took to complete: 0ms
08-16 16:52:12.649 1153 1153 I SystemServerTiming: OnBootPhase_550_com.android.server.apphibernation.AppHibernationService
08-16 16:52:12.649 1153 1153 D SystemServerTiming: OnBootPhase_550_com.android.server.apphibernation.AppHibernationService took to complete: 0ms
08-16 16:52:12.649 1153 1153 I SystemServerTiming: OnBootPhase_550_com.android.server.GestureLauncherService
08-16 16:52:12.649 1153 1153 D SystemServerTiming: OnBootPhase_550_com.android.server.GestureLauncherService took to complete: 0ms
08-16 16:52:12.649 1153 1153 I SystemServerTiming: OnBootPhase_550_com.android.server.SensorNotificationService
08-16 16:52:12.649 1153 1153 D SystemServerTiming: OnBootPhase_550_com.android.server.SensorNotificationService took to complete: 0ms
08-16 16:52:12.649 1153 1730 D SystemServerInitThreadPool: Started executing UsbService$Lifecycle#onBootPhase
08-16 16:52:12.649 1153 1153 I SystemServerTiming: OnBootPhase_550_com.android.server.emergency.EmergencyAffordanceService
08-16 16:52:12.649 1153 1153 D SystemServerTiming: OnBootPhase_550_com.android.server.emergency.EmergencyAffordanceService took to complete: 0ms
08-16 16:52:12.649 1153 1153 I SystemServerTiming: OnBootPhase_550_com.android.server.blob.BlobStoreManagerService
08-16 16:52:12.650 1153 1153 D SystemServerTiming: OnBootPhase_550_com.android.server.blob.BlobStoreManagerService took to complete: 1ms
08-16 16:52:12.650 1153 1153 I SystemServerTiming: OnBootPhase_550_com.android.server.dreams.DreamManagerService
08-16 16:52:12.650 1153 1153 D SystemServerTiming: OnBootPhase_550_com.android.server.dreams.DreamManagerService took to complete: 0ms
08-16 16:52:12.650 1153 1153 I SystemServerTiming: OnBootPhase_550_com.android.server.print.PrintManagerService
