08-16 16:52:21.816 2901 2901 I com.android.nf: ConfigFile - [NFA_DM_DISC_NTF_TIMEOUT] = 0
08-16 16:52:21.817 2901 2901 I com.android.nf: ConfigFile - [AID_MATCHING_MODE] = 0x03
08-16 16:52:21.817 2901 2901 I com.android.nf: ConfigFile - [NXP_PRFD_TECH_SE] = 0x01
08-16 16:52:21.817 2901 2901 I com.android.nf: ConfigFile - [NFA_AID_BLOCK_ROUTE] = 0x00
08-16 16:52:21.817 2901 2901 I com.android.nf: ConfigFile - [NXP_WM_MAX_WTX_COUNT] = 30
08-16 16:52:21.817 2901 2901 I com.android.nf: ConfigFile - [DEFAULT_SYS_CODE] = {FE:FE}
08-16 16:52:21.817 2901 2901 I com.android.nf: ConfigFile - [NXP_NCI_CREDIT_NTF_TIMEOUT] = 2
08-16 16:52:21.817 2901 2901 I com.android.nf: [0816/165221.817418:INFO:NfcAdaptation.cc(590)] NfcAdaptation::InitializeHalDeviceContext: INfc::getService()
08-16 16:52:21.820 1816 2843 D HeadsetStateMachine: The current Network: 100 is avialable: true
08-16 16:52:21.820 818 896 D audio_hw_primary: out_set_parameters: enter: usecase(1: low-latency-playback) kvpairs: suspend_playback=true
08-16 16:52:21.820 818 896 D audio_hw_extn: audio_extn_fm_set_parameters: Enter
08-16 16:52:21.821 2901 2901 I com.android.nf: [0816/165221.821881:INFO:NfcAdaptation.cc(599)] NfcAdaptation::InitializeHalDeviceContext: INfc::getService() returned 0xb400007907fe86d0 (remote)
08-16 16:52:21.822 2901 2901 I com.android.nf: [0816/165221.822006:INFO:NfcAdaptation.cc(607)] NfcAdaptation::InitializeHalDeviceContext: Trying INqNfc V2_0::getService()
08-16 16:52:21.823 1153 1153 I Telecom : WiredHeadsetManager: ACTION_HEADSET_PLUG event, plugged in: false, : WHC.oADA@ABw
08-16 16:52:21.823 1153 1153 W Looper : Drained
08-16 16:52:21.823 1816 2848 D BluetoothHidHostService: getConnectionState: 00:1F:20:D5:AB:67
08-16 16:52:21.815 2020 2190 D UpstreamNetworkMonitor: New default Internet network: 100
08-16 16:52:21.825 2901 2901 I com.android.nf: [0816/165221.825599:INFO:NfcAdaptation.cc(612)] NfcAdaptation::InitializeHalDeviceContext: INqNfc::getService() returned 0xb400007907fe98d0 (remote)
08-16 16:52:21.827 949 949 E vendor.nxp.hardware.nfc@2.0-service: get vendor.qti.nfc.chipid fail, rc = 0
08-16 16:52:21.827 949 949 E vendor.nxp.hardware.nfc@2.0-service: get vendor.qti.nfc.fwver fail, rc = 0
08-16 16:52:21.827 949 949 I vendor.nxp.hardware.nfc@2.0-service: no matching file found, using default file for stability
08-16 16:52:21.827 949 949 I vendor.nxp.hardware.nfc@2.0-service: config file used =
08-16 16:52:21.828 949 949 E vendor.nxp.hardware.nfc@2.0-service: readConfig Cannot open config file
08-16 16:52:21.828 949 949 E vendor.nxp.hardware.nfc@2.0-service: readConfig Using default value for all settings
08-16 16:52:21.828 949 949 D vendor.nxp.hardware.nfc@2.0-service: readNxpRFConfig-Enter..Reading /system/vendor/libnfc-nxp_RF.conf
08-16 16:52:21.828 949 949 E vendor.nxp.hardware.nfc@2.0-service: readConfig Cannot open config file /system/vendor/libnfc-nxp_RF.conf
08-16 16:52:21.828 949 949 D vendor.nxp.hardware.nfc@2.0-service: readNxpTransitConfig-Enter..Reading /data/vendor/nfc/libnfc-nxpTransit.conf
08-16 16:52:21.828 949 949 E vendor.nxp.hardware.nfc@2.0-service: readConfig Cannot open config file /data/vendor/nfc/libnfc-nxpTransit.conf
08-16 16:52:21.828 1153 1746 D ConnectivityService: Sending CONNECTED broadcast for type 1 [100 WIFI] isDefaultNetwork=true
08-16 16:52:21.828 1153 1736 W BestClock: java.time.DateTimeException: Missing NTP fix
08-16 16:52:21.829 1153 1746 W ContextImpl: Calling a method in the system process without a qualified user: android.app.ContextImpl.sendStickyBroadcast:1559 com.android.server.ConnectivityService.sendStickyBroadcast:2811 com.android.server.ConnectivityService.sendGeneralBroadcast:2786 com.android.server.ConnectivityService.sendConnectedBroadcast:2759 com.android.server.ConnectivityService.sendLegacyNetworkBroadcast:8704
08-16 16:52:21.830 2901 2901 I com.android.nf: [0816/165221.829992:INFO:NativeJniExtns.cpp(77)] loadExtnsLibrary: Enter
08-16 16:52:21.830 2901 2901 I com.android.nf: [0816/165221.830882:INFO:NativeNfcManager.cpp(357)] initializeGlobalDebugEnabledFlag: level=1
08-16 16:52:21.831 2901 2901 I com.android.nf: [0816/165221.831006:INFO:NativeNfcManager.cpp(364)] initializeMfcReaderOption: mifare reader option=0
08-16 16:52:21.831 2901 2901 I com.android.nf: [0816/165221.831080:INFO:NativeNfcManager.cpp(371)] initializeRecoveryOption: recovery option=0
08-16 16:52:21.831 2901 2901 I com.android.nf: [0816/165221.831150:INFO:NativeNfcManager.cpp(958)] nfcManager_initNativeStruc: enter
08-16 16:52:21.831 2901 2901 I com.android.nf: [0816/165221.831331:INFO:NativeNfcManager.cpp(1039)] nfcManager_initNativeStruc: exit
08-16 16:52:21.831 2901 2901 D NfcService: NfcExtnsService not found
08-16 16:52:21.831 818 896 D audio_hw_primary: out_set_parameters: enter: usecase(1: low-latency-playback) kvpairs: suspend_playback=false
08-16 16:52:21.832 818 896 D audio_hw_extn: audio_extn_fm_set_parameters: Enter
08-16 16:52:21.833 1816 2848 E HeadsetStateMachine: returning mCurrentState as Connected
08-16 16:52:21.838 2901 2901 E NfcService: NfcAdapterExtrasService Class not found
08-16 16:52:21.838 2901 2901 W System.err: java.lang.ClassNotFoundException: com.android.nfc.NfcAdapterExtrasService
08-16 16:52:21.838 818 896 D audio_hw_primary: out_set_parameters: enter: usecase(1: low-latency-playback) kvpairs: suspend_playback=true
08-16 16:52:21.838 818 896 D audio_hw_extn: audio_extn_fm_set_parameters: Enter
08-16 16:52:21.838 2901 2901 W System.err: at java.lang.Class.classForName(Native Method)
08-16 16:52:21.838 2901 2901 W System.err: at java.lang.Class.forName(Class.java:454)
08-16 16:52:21.840 1153 1746 D ConnectivityService: NetReassign [39 : null → 100]
08-16 16:52:21.841 1816 2848 D BluetoothPbapService: getConnectionState: 00:58:76:20:46:3D
08-16 16:52:21.841 1153 1789 D Ethernet: got request NetworkRequest [ REQUEST id=39, [ Capabilities: INTERNET&NOT_RESTRICTED&TRUSTED&NOT_VCN_MANAGED Uid: 10043 RequestorUid: 10043 RequestorPkg: com.android.statementservice] ]
08-16 16:52:21.841 1153 1789 D EthernetNetworkFactory: acceptRequest, request: NetworkRequest [ REQUEST id=39, [ Capabilities: INTERNET&NOT_RESTRICTED&TRUSTED&NOT_VCN_MANAGED Uid: 10043 RequestorUid: 10043 RequestorPkg: com.android.statementservice] ]
08-16 16:52:21.842 1153 1789 I EthernetNetworkFactory: networkForRequest, request: NetworkRequest [ REQUEST id=39, [ Capabilities: INTERNET&NOT_RESTRICTED&TRUSTED&NOT_VCN_MANAGED Uid: 10043 RequestorUid: 10043 RequestorPkg: com.android.statementservice] ], network: NetworkInterfaceState{ refCount: 2, iface: eth0, up: true, hwAddress: 00:80:0f:74:31:00, networkCapabilities: [ Transports: ETHERNET Capabilities: NOT_METERED&INTERNET&NOT_RESTRICTED&TRUSTED&NOT_VPN&NOT_ROAMING&NOT_CONGESTED&NOT_SUSPENDED&NOT_VCN_MANAGED LinkUpBandwidth>=100000Kbps LinkDnBandwidth>=100000Kbps], networkAgent: null, score: 70, ipClient: android.net.ip.IIpClient$Stub$Proxy@16de185,linkProperties: {InterfaceName: eth0 LinkAddresses: [ fe80::d21b:ed9a:3fb0:7ad5/64 ] DnsAddresses: [ ] Domains: null MTU: 0 TcpBufferSizes: 524288,1048576,3145728,524288,1048576,2097152 Routes: [ fe80::/64 -> :: eth0 mtu 0 ]}}
08-16 16:52:21.843 1153 1916 I service_manager_slow: [26,connectivity]
08-16 16:52:21.843 1153 1738 D WifiNetworkFactory: got request NetworkRequest [ REQUEST id=39, [ Capabilities: INTERNET&NOT_RESTRICTED&TRUSTED&NOT_VCN_MANAGED Uid: 10043 RequestorUid: 10043 RequestorPkg: com.android.statementservice] ]
08-16 16:52:21.843 1153 1789 I EthernetNetworkFactory: networkForRequest, request: NetworkRequest [ REQUEST id=39, [ Capabilities: INTERNET&NOT_RESTRICTED&TRUSTED&NOT_VCN_MANAGED Uid: 10043 RequestorUid: 10043 RequestorPkg: com.android.statementservice] ], network: NetworkInterfaceState{ refCount: 2, iface: eth0, up: true, hwAddress: 00:80:0f:74:31:00, networkCapabilities: [ Transports: ETHERNET Capabilities: NOT_METERED&INTERNET&NOT_RESTRICTED&TRUSTED&NOT_VPN&NOT_ROAMING&NOT_CONGESTED&NOT_SUSPENDED&NOT_VCN_MANAGED LinkUpBandwidth>=100000Kbps LinkDnBandwidth>=100000Kbps], networkAgent: null, score: 70, ipClient: android.net.ip.IIpClient$Stub$Proxy@16de185,linkProperties: {InterfaceName: eth0 LinkAddresses: [ fe80::d21b:ed9a:3fb0:7ad5/64 ] DnsAddresses: [ ] Domains: null MTU: 0 TcpBufferSizes: 524288,1048576,3145728,524288,1048576,2097152 Routes: [ fe80::/64 -> :: eth0 mtu 0 ]}}
08-16 16:52:21.843 1816 3101 E HeadsetStateMachine: returning mCurrentState as Connected
08-16 16:52:21.843 1153 1738 D UntrustedWifiNetworkFactory: got request NetworkRequest [ REQUEST id=39, [ Capabilities: INTERNET&NOT_RESTRICTED&TRUSTED&NOT_VCN_MANAGED Uid: 10043 RequestorUid: 10043 RequestorPkg: com.android.statementservice] ]
08-16 16:52:21.843 1153 1738 D OemPaidWifiNetworkFactory: got request NetworkRequest [ REQUEST id=39, [ Capabilities: INTERNET&NOT_RESTRICTED&TRUSTED&NOT_VCN_MANAGED Uid: 10043 RequestorUid: 10043 RequestorPkg: com.android.statementservice] ]
08-16 16:52:21.843 1816 2848 D BluetoothHidHostService: getConnectionState: 00:1F:20:EB:59:9E
08-16 16:52:21.844 2901 2901 W System.err: at java.lang.Class.forName(Class.java:379)
08-16 16:52:21.844 2901 2901 W System.err: at com.android.nfc.NfcService.(NfcService.java:736)
08-16 16:52:21.844 2901 2901 W System.err: at com.android.nfc.NfcApplication.onCreate(NfcApplication.java:66)
08-16 16:52:21.844 2901 2901 W System.err: at android.app.Instrumentation.callApplicationOnCreate(Instrumentation.java:1212)
08-16 16:52:21.844 2901 2901 W System.err: at android.app.ActivityThread.handleBindApplication(ActivityThread.java:6744)
08-16 16:52:21.844 2901 2901 W System.err: at android.app.ActivityThread.access$1500(ActivityThread.java:248)
08-16 16:52:21.845 2373 2373 D TelephonyNetworkFactory[1]: got request NetworkRequest [ REQUEST id=39, [ Capabilities: INTERNET&NOT_RESTRICTED&TRUSTED&NOT_VCN_MANAGED Uid: 10043 RequestorUid: 10043 RequestorPkg: com.android.statementservice] ]
08-16 16:52:21.845 2373 2373 D TelephonyNetworkFactory[1]: onNeedNetworkFor NetworkRequest [ REQUEST id=39, [ Capabilities: INTERNET&NOT_RESTRICTED&TRUSTED&NOT_VCN_MANAGED Uid: 10043 RequestorUid: 10043 RequestorPkg: com.android.statementservice] ] shouldApply false
08-16 16:52:21.844 2901 2901 W System.err: at android.app.ActivityThread$H.handleMessage(ActivityThread.java:2054)
08-16 16:52:21.845 2901 2901 W System.err: at android.os.Handler.dispatchMessage(Handler.java:106)
08-16 16:52:21.845 2901 2901 W System.err: at android.os.Looper.loopOnce(Looper.java:201)
08-16 16:52:21.845 2901 2901 W System.err: at android.os.Looper.loop(Looper.java:288)
08-16 16:52:21.845 2901 2901 W System.err: at android.app.ActivityThread.main(ActivityThread.java:7880)
08-16 16:52:21.845 2901 2901 W System.err: at java.lang.reflect.Method.invoke(Native Method)
08-16 16:52:21.845 2901 2901 W System.err: at com.android.internal.os.RuntimeInit$MethodAndArgsCaller.run(RuntimeInit.java:548)
08-16 16:52:21.845 2901 2901 W System.err: at com.android.internal.os.ZygoteInit.main(ZygoteInit.java:1009)
08-16 16:52:21.845 2901 2901 W System.err: Caused by: java.lang.ClassNotFoundException: com.android.nfc.NfcAdapterExtrasService
08-16 16:52:21.846 2901 2901 W System.err: ... 16 more
08-16 16:52:21.846 2373 2373 D TelephonyNetworkFactory[0]: got request NetworkRequest [ REQUEST id=39, [ Capabilities: INTERNET&NOT_RESTRICTED&TRUSTED&NOT_VCN_MANAGED Uid: 10043 RequestorUid: 10043 RequestorPkg: com.android.statementservice] ]
08-16 16:52:21.847 2373 2373 D TelephonyNetworkFactory[0]: onNeedNetworkFor NetworkRequest [ REQUEST id=39, [ Capabilities: INTERNET&NOT_RESTRICTED&TRUSTED&NOT_VCN_MANAGED Uid: 10043 RequestorUid: 10043 RequestorPkg: com.android.statementservice] ] shouldApply false
08-16 16:52:21.849 1153 1736 W BestClock: java.time.DateTimeException: Missing NTP fix
08-16 16:52:21.849 818 1656 D audio_hw_primary: out_set_parameters: enter: usecase(1: low-latency-playback) kvpairs: suspend_playback=false
08-16 16:52:21.850 818 1656 D audio_hw_extn: audio_extn_fm_set_parameters: Enter
08-16 16:52:21.850 1153 1319 D CompatibilityChangeReporter: Compat change id reported: 135634846; UID 1000; state: DISABLED
08-16 16:52:21.850 682 3282 D resolv : GetAddrInfoHandler::run: {100 983140 100 983140 1000 1}
08-16 16:52:21.850 682 3282 D resolv : resolv_getaddrinfo: explore_fqdn(): ai_family=0 ai_socktype=1 ai_protocol=6
08-16 16:52:21.850 1153 1319 D CompatibilityChangeReporter: Compat change id reported: 177438394; UID 1000; state: DISABLED
08-16 16:52:21.851 1153 1319 D CompatibilityChangeReporter: Compat change id reported: 135772972; UID 1000; state: DISABLED
08-16 16:52:21.853 1153 1319 D CompatibilityChangeReporter: Compat change id reported: 135754954; UID 1000; state: ENABLED
08-16 16:52:21.855 818 896 D audio_hw_primary: out_set_parameters: enter: usecase(1: low-latency-playback) kvpairs: suspend_playback=true
08-16 16:52:21.856 818 896 D audio_hw_extn: audio_extn_fm_set_parameters: Enter
08-16 16:52:21.857 1816 3101 D BluetoothPbapService: getConnectionState: 00:58:76:20:46:3D
08-16 16:52:21.857 1153 1179 I MediaFocusControl: abandonAudioFocus() from uid/pid 10124/1830 clientId=android.media.AudioManager@7f36876
08-16 16:52:21.858 1830 2816 V MediaPlayer: resetDrmState: mDrmInfo=null mDrmProvisioningThread=null mPrepareDrmInProgress=false mActiveDrmScheme=false
08-16 16:52:21.858 1830 2816 V MediaPlayer: cleanDrmObj: mDrmObj=null mDrmSessionId=null
08-16 16:52:21.858 1283 1364 D NuPlayerDriver: reset(0xe9a410f0) at state 6
08-16 16:52:21.861 1816 2657 D Avrcp_ext: AudioManager Player: AudioPlaybackConfiguration piid:375 deviceId:0 type:android.media.SoundPool u/pid:1000/1153 state:idle attr:AudioAttributes: usage=USAGE_ASSISTANCE_SONIFICATION content=CONTENT_TYPE_SONIFICATION flags=0x800 tags= bundle=null sessionId:0
08-16 16:52:21.864 1816 2657 D Avrcp_ext: AudioManager Player: AudioPlaybackConfiguration piid:391 deviceId:3 type:android.media.MediaPlayer u/pid:10124/1830 state:stopped attr:AudioAttributes: usage=USAGE_NOTIFICATION content=CONTENT_TYPE_SONIFICATION flags=0x800 tags= bundle=null sessionId:0
08-16 16:52:21.864 1816 2657 D Avrcp_ext: AudioManager Player: AudioPlaybackConfiguration piid:383 deviceId:0 type:android.media.SoundPool u/pid:10124/1830 state:idle attr:AudioAttributes: usage=USAGE_ASSISTANCE_SONIFICATION content=CONTENT_TYPE_SONIFICATION flags=0x800 tags= bundle=null sessionId:0
08-16 16:52:21.864 1816 2657 D Avrcp_ext: AudioManager isPlaying: false, mAudioPlaybackIsActive = true
08-16 16:52:21.864 1816 2657 D Avrcp_ext: AudioManager Reset Active Player
08-16 16:52:21.865 1816 2848 D BluetoothHidHostService: getConnectionState: 00:1F:20:EB:59:9E
08-16 16:52:21.865 818 896 D audio_hw_primary: out_set_parameters: enter: usecase(1: low-latency-playback) kvpairs: suspend_playback=false
08-16 16:52:21.865 818 896 D audio_hw_extn: audio_extn_fm_set_parameters: Enter
08-16 16:52:21.868 1816 2657 V Avrcp_ext: updateCurrentMediaState: mMediaController: null
08-16 16:52:21.868 1816 2657 W Avrcp_ext: isMusicActive: false getBluetoothPlayState: 2 A2dp State: 11 mAudioPlaybackIsActive: false
08-16 16:52:21.868 1816 2657 W Avrcp_ext: updateCurrentMediaState: isPlaying = false
08-16 16:52:21.869 1816 2657 V Avrcp_ext: Media update: id -1➡-1? [MediaAttributes: none] : [MediaAttributes: none]
08-16 16:52:21.869 1816 2657 D Avrcp_ext: isPackageNameValid: browsedPackage = isValid = false
08-16 16:52:21.869 1816 2657 V Avrcp_ext: updatePlaybackState, state: PlaybackState {state=2, position=-1, buffered position=0, speed=0.0, updated=64869, actions=0, custom actions=[], active item id=-1, error=null} device: null
08-16 16:52:21.869 1816 2657 V Avrcp_ext: Device: no name:
08-16 16:52:21.869 1816 2657 V Avrcp_ext: Device: no name:
08-16 16:52:21.869 1816 2657 V Avrcp_ext: Device: no name:
08-16 16:52:21.869 1816 2657 V Avrcp_ext: Device: no name:
08-16 16:52:21.869 1816 2657 V Avrcp_ext: Device: no name:
08-16 16:52:21.870 1816 2657 V Avrcp_ext: updatePlayerStateAndPosition, old=PlaybackState {state=2, position=-1, buffered position=0, speed=0.0, updated=62384, actions=0, custom actions=[], active item id=-1, error=null}, state=PlaybackState {state=2, position=-1, buffered position=0, speed=0.0, updated=64869, actions=0, custom actions=[], active item id=-1, error=null}
08-16 16:52:21.870 1816 2657 V Avrcp_ext: old state = PlaybackState {state=2, position=-1, buffered position=0, speed=0.0, updated=62384, actions=0, custom actions=[], active item id=-1, error=null}, new state= PlaybackState {state=2, position=-1, buffered position=0, speed=0.0, updated=64869, actions=0, custom actions=[], active item id=-1, error=null}
08-16 16:52:21.870 1816 2657 D HeadsetService: getHeadsetService(): returning com.android.bluetooth.hfp.HeadsetService@e8610bd
08-16 16:52:21.870 1816 2657 E HeadsetStateMachine: returning mCurrentState as Connected
08-16 16:52:21.870 1816 2657 D HeadsetService: isAudioOn: The number of audio connected devices 0
08-16 16:52:21.870 1816 2657 D HeadsetService: isScoOrCallActive(): Call Active:falseCall is Ringing:falseSCO is Active:false
08-16 16:52:21.870 1816 2848 D BluetoothHidHostService: getConnectionState: 00:1F:20:D5:AB:67
08-16 16:52:21.870 682 3284 D resolv : doQuery: (1, 1)
08-16 16:52:21.871 682 3284 D resolv : res_nmkquery: (QUERY, IN, A)
08-16 16:52:21.871 682 3284 D resolv : res_nsend
08-16 16:52:21.871 1153 1736 W BestClock: java.time.DateTimeException: Missing NTP fix
08-16 16:52:21.871 682 3284 I resolv : resolv_cache_lookup: lookup
08-16 16:52:21.871 682 3284 I resolv : resolv_cache_lookup: NOT IN CACHE
08-16 16:52:21.871 682 3284 I resolv : resolv_populate_res_for_net: netid=100
08-16 16:52:21.871 682 3284 I resolv : res_stats_usable_server: NS stats: S 0 + E 0 + T 0 + I 0 = 0, rtt = -1, min_samples = 8
08-16 16:52:21.871 682 3284 D resolv : res_nsend: Querying server (# 1) address = 192.168.1.1:53
08-16 16:52:21.872 1816 2657 E HeadsetStateMachine: returning mCurrentState as Connected
08-16 16:52:21.872 1816 2657 D HeadsetService: isAudioOn: The number of audio connected devices 0
08-16 16:52:21.872 1816 2657 I Avrcp_ext: updatePlayStatusForDevice: device: null
08-16 16:52:21.872 1816 2657 V Avrcp_ext: updatePlaybackState (1): old=PlaybackState {state=2, position=-1, buffered position=0, speed=0.0, updated=62384, actions=0, custom actions=[], active item id=-1, error=null}(2), new=PlaybackState {state=2, position=-1, buffered position=0, speed=0.0, updated=64869, actions=0, custom actions=[], active item id=-1, error=null}(2)
08-16 16:52:21.872 1816 2657 I Avrcp_ext: Exit updatePlayStatusForDevice
08-16 16:52:21.872 1816 2657 E HeadsetStateMachine: returning mCurrentState as Connected
08-16 16:52:21.872 682 3284 D resolv : send_dg: new DG socket
08-16 16:52:21.873 1816 2657 D HeadsetService: isAudioOn: The number of audio connected devices 0
08-16 16:52:21.873 1816 2657 D HeadsetService: isScoOrCallActive(): Call Active:falseCall is Ringing:falseSCO is Active:false
08-16 16:52:21.873 1816 2657 E HeadsetStateMachine: returning mCurrentState as Connected
08-16 16:52:21.873 1816 2657 D HeadsetService: isAudioOn: The number of audio connected devices 0
08-16 16:52:21.873 1816 2657 I Avrcp_ext: updatePlayStatusForDevice: device: null
08-16 16:52:21.873 1816 2657 V Avrcp_ext: updatePlaybackState (1): old=PlaybackState {state=2, position=-1, buffered position=0, speed=0.0, updated=62384, actions=0, custom actions=[], active item id=-1, error=null}(2), new=PlaybackState {state=2, position=-1, buffered position=0, speed=0.0, updated=64869, actions=0, custom actions=[], active item id=-1, error=null}(2)
08-16 16:52:21.873 1816 2657 I Avrcp_ext: Exit updatePlayStatusForDevice
08-16 16:52:21.873 1816 2657 E HeadsetStateMachine: returning mCurrentState as Connected
08-16 16:52:21.873 1816 2657 D HeadsetService: isAudioOn: The number of audio connected devices 0
08-16 16:52:21.873 1816 2657 D HeadsetService: isScoOrCallActive(): Call Active:falseCall is Ringing:falseSCO is Active:false
08-16 16:52:21.873 1816 2657 E HeadsetStateMachine: returning mCurrentState as Connected
08-16 16:52:21.873 1816 2657 D HeadsetService: isAudioOn: The number of audio connected devices 0
08-16 16:52:21.873 1816 2657 I Avrcp_ext: updatePlayStatusForDevice: device: null
08-16 16:52:21.873 1816 2657 V Avrcp_ext: updatePlaybackState (1): old=PlaybackState {state=2, position=-1, buffered position=0, speed=0.0, updated=62384, actions=0, custom actions=[], active item id=-1, error=null}(2), new=PlaybackState {state=2, position=-1, buffered position=0, speed=0.0, updated=64869, actions=0, custom actions=[], active item id=-1, error=null}(2)
08-16 16:52:21.873 1816 2657 I Avrcp_ext: Exit updatePlayStatusForDevice
08-16 16:52:21.874 1816 2657 E HeadsetStateMachine: returning mCurrentState as Connected
08-16 16:52:21.874 1816 2657 D HeadsetService: isAudioOn: The number of audio connected devices 0
08-16 16:52:21.874 1816 2657 D HeadsetService: isScoOrCallActive(): Call Active:falseCall is Ringing:falseSCO is Active:false
08-16 16:52:21.874 1816 2657 E HeadsetStateMachine: returning mCurrentState as Connected
08-16 16:52:21.874 1816 2657 D HeadsetService: isAudioOn: The number of audio connected devices 0
08-16 16:52:21.874 1816 2657 I Avrcp_ext: updatePlayStatusForDevice: device: null
08-16 16:52:21.874 1816 2657 V Avrcp_ext: updatePlaybackState (1): old=PlaybackState {state=2, position=-1, buffered position=0, speed=0.0, updated=62384, actions=0, custom actions=[], active item id=-1, error=null}(2), new=PlaybackState {state=2, position=-1, buffered position=0, speed=0.0, updated=64869, actions=0, custom actions=[], active item id=-1, error=null}(2)
08-16 16:52:21.874 1816 2657 I Avrcp_ext: Exit updatePlayStatusForDevice
08-16 16:52:21.874 1816 2657 E HeadsetStateMachine: returning mCurrentState as Connected
08-16 16:52:21.874 1816 2657 D HeadsetService: isAudioOn: The number of audio connected devices 0
08-16 16:52:21.874 1816 2657 D HeadsetService: isScoOrCallActive(): Call Active:falseCall is Ringing:falseSCO is Active:false
08-16 16:52:21.874 1816 2657 E HeadsetStateMachine: returning mCurrentState as Connected
08-16 16:52:21.874 1816 2657 D HeadsetService: isAudioOn: The number of audio connected devices 0
08-16 16:52:21.874 1816 2657 I Avrcp_ext: updatePlayStatusForDevice: device: null
08-16 16:52:21.874 1816 2657 V Avrcp_ext: updatePlaybackState (1): old=PlaybackState {state=2, position=-1, buffered position=0, speed=0.0, updated=62384, actions=0, custom actions=[], active item id=-1, error=null}(2), new=PlaybackState {state=2, position=-1, buffered position=0, speed=0.0, updated=64869, actions=0, custom actions=[], active item id=-1, error=null}(2)
08-16 16:52:21.874 1816 2657 I Avrcp_ext: Exit updatePlayStatusForDevice
08-16 16:52:21.874 1816 2657 D Avrcp_ext: Enter sendPlayPosNotificationRsp
08-16 16:52:21.874 1816 2657 D Avrcp_ext: sendPlayPosNotificationRsp: Not registered or requesting.
08-16 16:52:21.875 1816 2657 D Avrcp_ext: Enter sendPlayPosNotificationRsp
08-16 16:52:21.875 1816 2657 D Avrcp_ext: sendPlayPosNotificationRsp: Not registered or requesting.
08-16 16:52:21.875 1816 2657 D Avrcp_ext: Enter sendPlayPosNotificationRsp
08-16 16:52:21.875 1816 2657 D Avrcp_ext: sendPlayPosNotificationRsp: Not registered or requesting.
08-16 16:52:21.875 1816 2657 D Avrcp_ext: Enter sendPlayPosNotificationRsp
08-16 16:52:21.875 1816 2657 D Avrcp_ext: sendPlayPosNotificationRsp: Not registered or requesting.
08-16 16:52:21.875 1816 2657 D Avrcp_ext: Enter sendPlayPosNotificationRsp
08-16 16:52:21.875 1816 2657 D Avrcp_ext: sendPlayPosNotificationRsp: Not registered or requesting.
08-16 16:52:21.875 1816 2657 V Avrcp_ext: Exit updatePlayerStateAndPosition
08-16 16:52:21.875 1816 2657 D Avrcp_ext: AudioManager Player: AudioPlaybackConfiguration piid:375 deviceId:0 type:android.media.SoundPool u/pid:1000/1153 state:idle attr:AudioAttributes: usage=USAGE_ASSISTANCE_SONIFICATION content=CONTENT_TYPE_SONIFICATION flags=0x800 tags= bundle=null sessionId:0
08-16 16:52:21.875 1153 1736 W BestClock: java.time.DateTimeException: Missing NTP fix
08-16 16:52:21.875 1816 2657 D Avrcp_ext: AudioManager Player: AudioPlaybackConfiguration piid:383 deviceId:0 type:android.media.SoundPool u/pid:10124/1830 state:idle attr:AudioAttributes: usage=USAGE_ASSISTANCE_SONIFICATION content=CONTENT_TYPE_SONIFICATION flags=0x800 tags= bundle=null sessionId:0
08-16 16:52:21.875 1816 2657 D Avrcp_ext: AudioManager isPlaying: false, mAudioPlaybackIsActive = false
08-16 16:52:21.875 1816 2657 D Avrcp_ext: AudioManager Reset Active Player
08-16 16:52:21.880 1153 1736 W BestClock: java.time.DateTimeException: Missing NTP fix
08-16 16:52:21.880 1816 2848 D BluetoothHidHostService: getConnectionState: 00:1F:20:D5:AB:67
08-16 16:52:21.881 1283 2899 I hw-BpHwBinder: onLastStrongRef automatically unlinking death recipients
08-16 16:52:21.881 1368 2690 I liblog : 3
08-16 16:52:21.881 1368 2690 I hw-BpHwBinder: onLastStrongRef automatically unlinking death recipients
08-16 16:52:21.881 682 3284 I resolv : get_timeout: using timeout of 5000 msec
08-16 16:52:21.881 682 3284 I resolv : retrying_poll: 58 retrying_poll
08-16 16:52:21.882 1368 2690 V C2Store : in ~ComponentModule
08-16 16:52:21.882 1368 2690 V C2Store : unloading dll
08-16 16:52:21.885 1283 2824 D NuPlayerDriver: notifyResetComplete(0xe9a410f0)
08-16 16:52:21.886 683 683 D Zygote : Forked child process 3288
08-16 16:52:21.886 1283 1364 W AMessage: failed to post message as target looper for handler 0 is gone.
08-16 16:52:21.887 1153 1324 W ActivityManager: Slow operation: 130ms so far, now at startProcess: returned from zygote!
08-16 16:52:21.887 1816 2848 E HeadsetStateMachine: returning mCurrentState as Connected
08-16 16:52:21.888 1153 1324 W ActivityManager: Slow operation: 131ms so far, now at startProcess: done updating battery stats
08-16 16:52:21.888 1153 1324 I am_proc_start: [0,3288,10144,com.qualcomm.qti.performancemode,broadcast,{com.qualcomm.qti.performancemode/com.qualcomm.qti.performancemode.SystemEventReceiver}]
08-16 16:52:21.888 1153 1324 W ActivityManager: Slow operation: 131ms so far, now at startProcess: building log message
08-16 16:52:21.888 1153 1324 I ActivityManager: Start proc 3288:com.qualcomm.qti.performancemode/u0a144 for broadcast {com.qualcomm.qti.performancemode/com.qualcomm.qti.performancemode.SystemEventReceiver}
08-16 16:52:21.888 1153 1324 W ActivityManager: Slow operation: 131ms so far, now at startProcess: starting to update pids map
08-16 16:52:21.888 1153 1324 W ActivityManager: Slow operation: 131ms so far, now at startProcess: done updating pids map
08-16 16:52:21.888 1153 1324 W ActivityManager: Slow operation: 75ms so far, now at startProcess: asking zygote to start proc
08-16 16:52:21.888 1153 1324 D CompatibilityChangeReporter: Compat change id reported: 143937733; UID 10068; state: ENABLED
08-16 16:52:21.890 1816 2848 D BluetoothPbapService: getConnectionState: 00:58:76:20:46:3D
08-16 16:52:21.894 1816 2848 E HeadsetStateMachine: returning mCurrentState as Connected
08-16 16:52:21.899 1816 2848 D BluetoothHidHostService: getConnectionState: 00:1F:20:EB:59:9E
08-16 16:52:21.901 1816 2848 D BluetoothHidHostService: getConnectionState: 00:1F:20:EB:59:9E
08-16 16:52:21.902 1816 2848 D BluetoothHidHostService: getConnectionState: 00:1F:20:D5:AB:67
08-16 16:52:21.904 1816 2848 E HeadsetStateMachine: returning mCurrentState as Connected
08-16 16:52:21.905 1816 2848 D BluetoothPbapService: getConnectionState: 00:58:76:20:46:3D
08-16 16:52:21.907 1816 2848 D BluetoothHidHostService: getConnectionState: 00:1F:20:EB:59:9E
08-16 16:52:21.915 2434 2434 D TouchInteractionService: Touch service destroyed: user=0
08-16 16:52:21.915 1153 1179 W InputManager-JNI: Input channel object 'recents_animation_input_consumer (client)' was disposed without first being removed with the input manager!
08-16 16:52:21.917 818 896 D audio_hw_primary: out_set_parameters: enter: usecase(1: low-latency-playback) kvpairs: suspend_playback=true
08-16 16:52:21.917 818 896 D audio_hw_extn: audio_extn_fm_set_parameters: Enter
08-16 16:52:21.918 1153 2776 D CompatibilityInfo: mCompatibilityFlags - 4
08-16 16:52:21.918 1153 2776 D CompatibilityInfo: applicationDensity - 240
08-16 16:52:21.918 1153 2776 D CompatibilityInfo: applicationScale - 1.0
08-16 16:52:21.918 818 896 D msm8974_platform: platform_split_snd_device: snd_device(2) num devices(1) new_snd_devices(0)
08-16 16:52:21.918 818 896 D ACDB-LOADER: ACDB -> send_audvoltable
08-16 16:52:21.918 818 896 D ACDB-LOADER: ACDB -> ACDB_CMD_GET_AUDPROC_INSTANCE_GAIN_DEP_STEP_TABLE_SIZE
08-16 16:52:21.919 818 896 D ACDB-LOADER: ACDB -> ACDB_CMD_GET_AUDPROC_INSTANCE_GAIN_DEP_STEP_TABLE, vol index 0
08-16 16:52:21.919 818 896 D ACDB-LOADER: ACDB -> AUDIO_SET_VOL_CAL cal type = 40
08-16 16:52:21.921 1153 1713 I InputDispatcher: Erasing monitor swipe-up (server) on display 0, pid=2434
08-16 16:52:21.923 818 1656 D msm8974_platform: platform_split_snd_device: snd_device(2) num devices(1) new_snd_devices(0)
08-16 16:52:21.927 1153 1793 I service_manager_stats: [102,518,5027]
08-16 16:52:21.939 1153 1995 I InputDispatcher: Created monitor swipe-up for display 0, gesture=true, pid=2434
08-16 16:52:21.940 1153 1713 I InputDispatcher: Erasing monitor swipe-up (server) on display 0, pid=2434
08-16 16:52:21.941 1153 1178 I InputDispatcher: Created monitor swipe-up for display 0, gesture=true, pid=2434
08-16 16:52:21.942 2434 2434 D TouchInteractionService: Touch service connected: user=0
08-16 16:52:21.954 683 683 D Zygote : Forked child process 3292
08-16 16:52:21.955 2434 2434 E libprocessgroup: set_timerslack_ns write failed: Operation not permitted
08-16 16:52:21.956 1153 1324 W ActivityManager: Slow operation: 142ms so far, now at startProcess: returned from zygote!
08-16 16:52:21.958 1153 1324 W ActivityManager: Slow operation: 144ms so far, now at startProcess: done updating battery stats
08-16 16:52:21.958 1153 1324 I am_proc_start: [0,3292,10068,com.qualcomm.qti.biometrics.fingerprint.service:remote,service,{com.qualcomm.qti.biometrics.fingerprint.service/com.qualcomm.qti.biometrics.fingerprint.service.FingerprintService}]
08-16 16:52:21.958 1153 1324 W ActivityManager: Slow operation: 144ms so far, now at startProcess: building log message
08-16 16:52:21.958 1153 1324 I ActivityManager: Start proc 3292:com.qualcomm.qti.biometrics.fingerprint.service:remote/u0a68 for service {com.qualcomm.qti.biometrics.fingerprint.service/com.qualcomm.qti.biometrics.fingerprint.service.FingerprintService}
08-16 16:52:21.958 1153 1324 W ActivityManager: Slow operation: 144ms so far, now at startProcess: starting to update pids map
08-16 16:52:21.958 1153 1324 W ActivityManager: Slow operation: 145ms so far, now at startProcess: done updating pids map
08-16 16:52:21.958 1153 1324 W ActivityManager: Slow operation: 119ms so far, now at startProcess: asking zygote to start proc
08-16 16:52:21.964 2901 2901 D NfcService: Enforcing a policy change on user: UserHandle{0}, isActiveForUser = false
08-16 16:52:21.966 1830 1830 I sysui_multi_action: [757,803,799,note_peek,802,1]
08-16 16:52:21.967 2901 2901 D NfcService: defaultAidRoute : 16776960
08-16 16:52:21.968 2901 2901 D RegisteredT3tIdentifiersCache: RegisteredT3tIdentifiersCache
08-16 16:52:21.971 1830 1830 D StatusBar: disable disable2
08-16 16:52:21.971 1153 2442 I sysui_multi_action: [757,127,758,1]
08-16 16:52:21.971 1153 2442 I sysui_multi_action: [757,804,799,note_load,801,1,802,1]
08-16 16:52:21.971 1153 2442 I notification_panel_revealed: 1
08-16 16:52:21.973 1830 1830 W TouchableRegionManager: onHeadsUpPinnedModeChanged
08-16 16:52:21.980 1830 1830 I sysui_heads_up_status: [-1|android|26|null|1000,1]
08-16 16:52:21.989 2901 2901 D RegisteredServicesCache: Dynamic AIDs file does not exist.
08-16 16:52:21.992 972 987 E ANDR-PERF-XMLPARSER: Could not access the XML file at /vendor/etc/perf/perfmapping.xml
08-16 16:52:22.006 972 987 E ANDR-PERF-TARGET: Unable to get mPmQosWfi latency, So initializing to default 0 value
08-16 16:52:22.006 972 987 E ANDR-PERF-TARGETCONFIG: Error: TargetConfig not initialized
08-16 16:52:22.009 972 987 E ANDR-PERF-XMLPARSER: Could not access the XML file at /vendor/etc/perf/targetsysnodesconfigs.xml
08-16 16:52:22.016 972 987 E ANDR-PERF-TARGET-INIT: Error reading KPM nodes. Does KPM exist
08-16 16:52:22.016 972 987 E ANDR-PERF-OPTSDATA: Couldn't find path for idx=69
08-16 16:52:22.016 972 987 E ANDR-PERF-OPTSDATA: Couldn't find path for idx=115
08-16 16:52:22.016 972 987 E ANDR-PERF-OPTSDATA: Couldn't find path for idx=145
08-16 16:52:22.016 972 987 E ANDR-PERF-OPTSDATA: Couldn't find path for idx=146
08-16 16:52:22.016 972 987 E ANDR-PERF-OPTSDATA: Couldn't find path for idx=147
08-16 16:52:22.018 972 987 E ANDR-PERF-TARGET: Error: Invalid cluster id 1
08-16 16:52:22.019 972 987 E ANDR-PERF-TARGET: Error: Invalid cluster id 1
08-16 16:52:22.019 972 987 E ANDR-PERF-TARGET: Error: Invalid cluster id 2
08-16 16:52:22.019 972 987 E ANDR-PERF-TARGET: Error: Invalid cluster id 2
08-16 16:52:22.020 2901 2901 D RegisteredNfcFServicesCache: Dynamic System Code, NFCID2 file does not exist.
08-16 16:52:22.021 2901 2901 D RegisteredNfcFServicesCache: Service unchanged, not updating
08-16 16:52:22.021 2901 2901 I com.android.nf: [0816/165222.021919:INFO:RoutingManager.cpp(1244)] setNfcSecure NfcService 0
08-16 16:52:22.030 2901 2901 E WlcServiceProxy: WlcServiceProxy constructor enter
08-16 16:52:22.031 2901 2901 E WlcServiceProxy: caught Exception during wlcClientInvocation!! java.lang.ClassNotFoundException: com.android.nfc.wlc.WlcClient
08-16 16:52:22.033 683 683 D Zygote : Forked child process 3296
08-16 16:52:22.034 972 987 E ANDR-PERF-OPTSHANDLER: Error: Sched Frequency Aggregation support not present
08-16 16:52:22.034 1153 1324 W ActivityManager: Slow operation: 194ms so far, now at startProcess: returned from zygote!
08-16 16:52:22.034 1153 1324 W ActivityManager: Slow operation: 195ms so far, now at startProcess: done updating battery stats
08-16 16:52:22.034 1153 1324 I am_proc_start: [0,3296,1000,com.android.keychain,service,{com.android.keychain/com.android.keychain.KeyChainService}]
08-16 16:52:22.034 1153 1324 W ActivityManager: Slow operation: 195ms so far, now at startProcess: building log message
08-16 16:52:22.034 1153 1324 I ActivityManager: Start proc 3296:com.android.keychain/1000 for service {com.android.keychain/com.android.keychain.KeyChainService}
08-16 16:52:22.034 1153 1324 W ActivityManager: Slow operation: 195ms so far, now at startProcess: starting to update pids map
08-16 16:52:22.036 1153 1324 W ActivityManager: Slow operation: 196ms so far, now at startProcess: done updating pids map
08-16 16:52:22.036 520 520 I hwservicemanager: getTransport: Cannot find entry vendor.qti.memory.pasrmanager@1.1::IPasrManager/pasrhal in either framework or device VINTF manifest.
08-16 16:52:22.040 520 520 I hwservicemanager: Since vendor.qti.hardware.iop@2.0::IIop/default is not registered, trying to start it as a lazy HAL.
08-16 16:52:22.041 1297 1297 E ANDR-IOP: IIop:: Iop HAL Service is not available.
08-16 16:52:22.042 2901 3295 D NfcService: checking on firmware download
08-16 16:52:22.042 2901 3295 D NfcService: NFC is on. Doing normal stuff
08-16 16:52:22.042 2901 3295 I NfcService: Enabling NFC
08-16 16:52:22.048 966 1098 I libdisplayconfigqti: Register client name: MPCTL972 device client: 0xb40000782325e6f0
08-16 16:52:22.049 1153 3290 I am_uid_running: 10157
08-16 16:52:22.050 1153 3290 D CompatibilityChangeReporter: Compat change id reported: 135634846; UID 10157; state: DISABLED
08-16 16:52:22.050 1153 1324 D CompatibilityChangeReporter: Compat change id reported: 143937733; UID 10157; state: DISABLED
08-16 16:52:22.063 520 3300 W libc : Unable to set property "ctl.interface_start" to "vendor.qti.hardware.iop@2.0::IIop/default": error code: 0x20
08-16 16:52:22.063 520 3300 I hwservicemanager: Tried to start vendor.qti.hardware.iop@2.0::IIop/default as a lazy service, but was unable to. Usually this happens when a service is not installed, but if the service is intended to be used as a lazy service, then it may be configured incorrectly.
08-16 16:52:22.069 1523 1540 I adbd : jdwp connection from 3288
08-16 16:52:22.070 2889 3124 I ThermalEngine: Thermal-Server: Adding thermal log/rule listener on fd 5
08-16 16:52:22.071 2889 3124 I ThermalEngine: Thermal-Server: Thermal received msg from config_query
08-16 16:52:22.071 2889 3124 I ThermalEngine: Thermal-Server: total num of config queried 0
08-16 16:52:22.071 972 3304 I Thermal-Lib: Thermal-Lib-Client: Client config query request sent config_query 0
08-16 16:52:22.071 972 3304 I Thermal-Lib: Thermal-Lib-Client:recv_and_extract_packet: Client received msg config_query 8
08-16 16:52:22.080 972 988 W ANDR-PERF-LM: FeatureState: writeState() 188: GameOptimization: State transition not allowed
08-16 16:52:22.080 972 988 W ANDR-PERF-LM: FeatureState: writeState() 188: GameOptimization: State transition not allowed
08-16 16:52:22.080 972 988 W ANDR-PERF-LM: FeatureState: writeState() 188: GameOptimization: State transition not allowed
08-16 16:52:22.081 972 3313 E ANDR-PERF-MPCTL: before pthread_cond_wait 1800, chk_core_online_poll
08-16 16:52:22.087 2901 3295 I com.android.nf: [0816/165222.087125:INFO:NativeNfcManager.cpp(357)] initializeGlobalDebugEnabledFlag: level=1
08-16 16:52:22.087 2901 3295 E com.android.nf: [0816/165222.087369:ERROR:NativeNfcManager.cpp(1581)] nfcManager_doInitialize: MW Version: NFC_AR_00_E000_12.04.01
08-16 16:52:22.087 2901 3295 I libnfc_nci: [INFO:NfcAdaptation.cc(120)] initializeGlobalDebugEnabledFlag: level=1
08-16 16:52:22.087 2901 3295 I libnfc_nci: [INFO:NfcAdaptation.cc(325)] NfcAdaptation::Initialize: enter
08-16 16:52:22.087 2901 3295 I libnfc_nci: [INFO:NfcAdaptation.cc(343)] NfcAdaptation::Initialize: Overriding NFA_EE_MAX_EE_SUPPORTED to use 3
08-16 16:52:22.087 2901 3295 I libnfc_nci: [INFO:NfcAdaptation.cc(351)] NfcAdaptation::Initialize: Overriding NFA_POLL_BAIL_OUT_MODE to use 0
08-16 16:52:22.087 2901 3295 I libnfc_nci: [INFO:NfcAdaptation.cc(389)] NfcAdaptation::Initialize: MAX_WTX_COUNT to wait for HCI response 30
08-16 16:52:22.087 2901 3295 I libnfc_nci: [INFO:libmain.cc(238)] verify_stack_non_volatile_store
08-16 16:52:22.088 2901 3295 I libnfc_nci: [INFO:CrcChecksum.cc(96)] crcChecksumVerifyIntegrity: filename=/data/nfc/nfaStorage.bin1
08-16 16:52:22.088 2901 3295 I libnfc_nci: [INFO:CrcChecksum.cc(96)] crcChecksumVerifyIntegrity: filename=/data/nfc/nfaStorage.bin4
08-16 16:52:22.088 2901 3295 I libnfc_nci: [INFO:CrcChecksum.cc(96)] crcChecksumVerifyIntegrity: filename=/data/nfc/nfaStorage.bin2
08-16 16:52:22.088 2901 3295 I libnfc_nci: [INFO:CrcChecksum.cc(96)] crcChecksumVerifyIntegrity: filename=/data/nfc/nfaStorage.bin3
08-16 16:52:22.088 2901 3295 I libnfc_nci: [INFO:CrcChecksum.cc(96)] crcChecksumVerifyIntegrity: filename=/data/nfc/nfaStorage.bin5
08-16 16:52:22.088 2901 3295 I libnfc_nci: [INFO:NfcAdaptation.cc(399)] Initialize: preserve stack NV store
08-16 16:52:22.088 2901 3295 I libnfc_nci: [INFO:gki_ulinux.cc(215)] GKI_create_task func=0x0x77d4ddf1f8 id=4 name=NFCA_TASK stack=0x0x0 stackSize=0
08-16 16:52:22.088 2901 3295 I libnfc_nci: [INFO:gki_ulinux.cc(241)] GKI creating task 4, pCond/pMutex=0x0/0x0
08-16 16:52:22.089 2901 3295 I libnfc_nci: [INFO:gki_ulinux.cc(283)] Leaving GKI_create_task 0x77d4ddf1f8 4 77d3626cb0 NFCA_TASK 0x0 0
08-16 16:52:22.089 2901 3295 I libnfc_nci: [INFO:gki_ulinux.cc(215)] GKI_create_task func=0x0x77d4ddf200 id=0 name=NFCA_THREAD stack=0x0x0 stackSize=0
08-16 16:52:22.089 2901 3295 I libnfc_nci: [INFO:gki_ulinux.cc(241)] GKI creating task 0, pCond/pMutex=0x0/0x0
08-16 16:52:22.089 2901 3295 I libnfc_nci: [INFO:gki_ulinux.cc(283)] Leaving GKI_create_task 0x77d4ddf200 0 77d3528cb0 NFCA_THREAD 0x0 0
08-16 16:52:22.090 2901 3320 I libnfc_nci: [INFO:gki_ulinux.cc(108)] gki_task_entry task_id=4, thread_id=77d3626cb0/77d3626cb0, pCond/pMutex=0x0/0x0
08-16 16:52:22.090 2901 3320 I libnfc_nci: [INFO:NfcAdaptation.cc(523)] NfcAdaptation::NFCA_TASK: enter
08-16 16:52:22.090 2901 3320 I libnfc_nci: [INFO:gki_ulinux.cc(448)] GKI_run enter
08-16 16:52:22.091 2901 3320 I libnfc_nci: [INFO:gki_ulinux.cc(458)] Start/Stop GKI_timer_update_registered!
08-16 16:52:22.091 2901 3320 I libnfc_nci: [INFO:gki_ulinux.cc(477)] GKI_run, run_cond(0x77d4df0a48)=1
08-16 16:52:22.091 2901 3321 I libnfc_nci: [INFO:gki_ulinux.cc(108)] gki_task_entry task_id=0, thread_id=77d3528cb0/77d3528cb0, pCond/pMutex=0x0/0x0
08-16 16:52:22.091 2901 3321 I libnfc_nci: [INFO:NfcAdaptation.cc(540)] NfcAdaptation::Thread: enter
01-01 05:04:17.997 0 0 I binder : 3288:3288 ioctl 40046210 7fd93f2444 returned -22
08-16 16:52:22.091 2901 3321 I libnfc_nci: [INFO:gki_ulinux.cc(215)] GKI_create_task func=0x0x77d4ddf1e8 id=3 name=NFC_TASK stack=0x0x0 stackSize=0
08-16 16:52:22.091 2901 3321 I libnfc_nci: [INFO:gki_ulinux.cc(241)] GKI creating task 3, pCond/pMutex=0x77d3528960/0x77d3528938
08-16 16:52:22.092 824 2601 I vendor.qti.bluetooth@1.0-ibs_handler: DeviceSleep: TX Awake, Sending SLEEP_IND
08-16 16:52:22.092 824 2601 D vendor.qti.bluetooth@1.0-ibs_handler: SerialClockVote: vote for UART CLK OFF
08-16 16:52:22.094 2901 3321 I libnfc_nci: [INFO:gki_ulinux.cc(283)] Leaving GKI_create_task 0x77d4ddf1e8 3 77d042acb0 NFC_TASK 0x0 0
08-16 16:52:22.094 2901 3322 I libnfc_nci: [INFO:gki_ulinux.cc(108)] gki_task_entry task_id=3, thread_id=77d042acb0/77d042acb0, pCond/pMutex=0x77d3528960/0x77d3528938
08-16 16:52:22.094 2901 3322 I libnfc_nci: [INFO:nfc_task.cc(389)] NFC_TASK started.
08-16 16:52:22.094 2901 3322 I libnfc_nci: [INFO:gki_ulinux.cc(591)] GKI_wait task=3, pCond/pMutex = 0x77d3528960/0x77d3528938
08-16 16:52:22.095 2901 3321 I libnfc_nci: [INFO:gki_ulinux.cc(1133)] GKI_exit_task 0 done
08-16 16:52:22.095 2901 3321 I libnfc_nci: [INFO:NfcAdaptation.cc(553)] NfcAdaptation::Thread: exit
08-16 16:52:22.095 2901 3321 E libnfc_nci: [ERROR:gki_ulinux.cc(117)] gki_task task_id=0 terminating
08-16 16:52:22.096 2901 3295 I libnfc_nci: [INFO:NfcAdaptation.cc(420)] NfcAdaptation::Initialize: exit
08-16 16:52:22.096 2901 3295 I libnfc_nci: [INFO:nfa_dm_api.cc(89)] NFA_Init
08-16 16:52:22.096 2901 3295 I libnfc_nci: [INFO:nfa_dm_main.cc(123)] nfa_dm_init
08-16 16:52:22.096 2901 3295 I libnfc_nci: [INFO:nfa_sys_main.cc(152)] id=1, enable_cplt_mask=0x0
08-16 16:52:22.096 2901 3295 I libnfc_nci: [INFO:nfa_p2p_main.cc(486)] nfa_p2p_init
08-16 16:52:22.096 2901 3295 I libnfc_nci: [INFO:nfa_sys_main.cc(152)] id=3, enable_cplt_mask=0x8
08-16 16:52:22.096 2901 3295 I libnfc_nci: [INFO:nfa_rw_main.cc(71)] nfa_rw_init
08-16 16:52:22.096 2901 3295 I libnfc_nci: [INFO:nfa_sys_main.cc(152)] id=5, enable_cplt_mask=0x28
08-16 16:52:22.096 2901 3295 I libnfc_nci: [INFO:nfa_ce_main.cc(76)] nfa_ce_init
08-16 16:52:22.096 2901 3295 I libnfc_nci: [INFO:nfa_sys_main.cc(152)] id=6, enable_cplt_mask=0x68
08-16 16:52:22.096 2901 3295 I libnfc_nci: [INFO:nfa_ee_main.cc(119)] nfa_ee_init
08-16 16:52:22.096 2901 3295 I libnfc_nci: [INFO:nfa_sys_main.cc(152)] id=2, enable_cplt_mask=0x6c
08-16 16:52:22.096 2901 3295 I libnfc_nci: [INFO:nfa_scr_main.cc(109)] nfa_scr_init: enter
08-16 16:52:22.096 2901 3295 I libnfc_nci: [INFO:nfa_sys_main.cc(152)] id=10, enable_cplt_mask=0x46c
08-16 16:52:22.096 2901 3295 I libnfc_nci: [INFO:nfa_scr_main.cc(124)] nfa_scr_init: exit
08-16 16:52:22.096 2901 3295 I libnfc_nci: [INFO:nfa_srd_main.cc(290)] nfa_srd_init Enter : srd_state 0x 0
08-16 16:52:22.096 2901 3295 I libnfc_nci: [INFO:nfa_srd_main.cc(304)] nfa_srd_init Exit : srd_state 0xff
08-16 16:52:22.096 2901 3295 I libnfc_nci: [INFO:nfa_hci_main.cc(468)] nfa_hci_init
08-16 16:52:22.097 2901 3295 I libnfc_nci: [INFO:nfa_sys_main.cc(152)] id=7, enable_cplt_mask=0x4ec
08-16 16:52:22.097 2901 3295 I libnfc_nci: [INFO:nfc_main.cc(907)] NAME_NXP_NCI_CREDIT_NTF_TIMEOUT to wait for credit ntf 2
08-16 16:52:22.097 2901 3295 I libnfc_nci: [INFO:llcp_main.cc(57)] llcp_init
08-16 16:52:22.097 2901 3295 I libnfc_nci: [INFO:llcp_main.cc(89)] num_rx_buff = 180, rx_congest_start = 126, rx_congest_end = 90, max_num_ll_rx_buff = 54
08-16 16:52:22.097 2901 3295 I libnfc_nci: [INFO:llcp_main.cc(102)] max_num_tx_buff = 252, max_num_ll_tx_buff = 75
08-16 16:52:22.097 2901 3295 I libnfc_nci: [INFO:llcp_api.cc(390)] SAP:0x1, link_type:0x2, ServiceName:
08-16 16:52:22.097 2901 3295 I libnfc_nci: [INFO:gki_buffer.cc(326)] GKI_getbuf 0xb400007888028e60 1:1
08-16 16:52:22.097 2901 3295 I libnfc_nci: [INFO:llcp_api.cc(474)] Registered SAP = 0x01
08-16 16:52:22.097 2901 3295 I libnfc_nci: [INFO:NfcAdaptation.cc(1002)] NfcAdaptation::DownloadFirmware: enter
08-16 16:52:22.097 2901 3295 I libnfc_nci: [INFO:nfa_dm_api.cc(151)] NFA_Enable
08-16 16:52:22.097 2901 3295 I libnfc_nci: [INFO:gki_buffer.cc(326)] GKI_getbuf 0xb4000078880293e0 2:2
08-16 16:52:22.097 2901 3322 I libnfc_nci: [INFO:nfa_sys_main.cc(96)] NFA got event 0x0100
08-16 16:52:22.097 2901 3322 I libnfc_nci: [INFO:nfa_dm_main.cc(152)] event: NFA_DM_API_ENABLE_EVT (0x00)
08-16 16:52:22.097 2901 3322 I libnfc_nci: [INFO:nfa_dm_act.cc(499)] nfa_dm_enable
08-16 16:52:22.098 2901 3322 I libnfc_nci: [INFO:nfc_main.cc(826)] NFC_Enable
08-16 16:52:22.098 2901 3322 I libnfc_nci: [INFO:nfc_main.cc(430)] nfc_set_state 0 (NONE)->1 (W4_HAL_OPEN)
08-16 16:52:22.098 2901 3322 I libnfc_nci: [INFO:NfcAdaptation.cc(665)] NfcAdaptation::HalOpen
08-16 16:52:22.098 3288 3288 D ProcessState: Binder ioctl to enable oneway spam detection failed: Invalid argument
01-01 05:04:18.016 0 0 I binder : 3296:3296 ioctl 40046210 7fd93f2444 returned -22
08-16 16:52:22.099 949 949 D android.hardware.nfc@1.2-impl: Nfc::open Enter
08-16 16:52:22.099 949 949 D NxpHal : phNxpNci_MinOpen(): enter
08-16 16:52:22.100 949 949 D vendor.nxp.hardware.nfc@2.0-service: nxp_rf_config_path=/system/vendor/libnfc-nxp_RF.conf
08-16 16:52:22.100 949 949 D vendor.nxp.hardware.nfc@2.0-service: Fw_Lib_Path=/system/vendor/lib/libsn100u_fw.so
08-16 16:52:22.100 949 949 D NxpHal : Error : opening (/system/vendor/lib64/libonebinary.so) !!
08-16 16:52:22.100 949 949 D NxpHal : nfc_debug_enabled : 1
08-16 16:52:22.100 949 949 D NxpNfcHal: phNxpLog_InitializeLogLevel: global =1, Fwdnld =1, extns =1, hal =1, tml =1, ncir =1, ncix =1
08-16 16:52:22.101 949 949 D NxpHal : Entering phNxpNciHal_init_monitor
08-16 16:52:22.101 949 949 D NxpHal : Returning with SUCCESS
08-16 16:52:22.101 949 949 D NxpHal : Invalid nfc device node name keeping the default device node /dev/nq-nci
08-16 16:52:22.101 949 949 D NxpTml : Opening port=/dev/nq-nci
08-16 16:52:22.102 949 949 E NxpTml : _i2c_open() Failed: retval ffffffff
08-16 16:52:22.102 949 949 E NxpHal : phTmlNfc_Init Failed
08-16 16:52:22.102 949 949 D NxpHal : Failed to deallocate (list empty)
08-16 16:52:22.102 949 949 D NxpHal : Node dump:
08-16 16:52:22.102 949 949 D NxpHal : Failed to deallocate (list empty)
08-16 16:52:22.102 949 949 D NxpHal : Node dump:
08-16 16:52:22.102 949 949 E NxpHal : phNxpNciHal_MinOpen failed
08-16 16:52:22.102 949 949 E NxpHal : nxpncihal_monitor is null
08-16 16:52:22.102 2901 3322 I libnfc_nci: [INFO:nfc_main.cc(704)] nfc_main_hal_cback event: HAL_NFC_OPEN_CPLT_EVT(0x0), status=1
08-16 16:52:22.103 2901 3322 I libnfc_nci: [INFO:gki_buffer.cc(326)] GKI_getbuf 0xb40000787802d210 3:3
08-16 16:52:22.103 949 949 D android.hardware.nfc@1.2-impl: Nfc::open Exit
08-16 16:52:22.103 2901 3322 I libnfc_nci: [INFO:nfc_main.cc(483)] HAL event=0x0
08-16 16:52:22.104 2901 3322 E libnfc_nci: [ERROR:nfc_utils.cc(190)] invalid conn_id.
08-16 16:52:22.104 2901 3322 I libnfc_nci: [INFO:nfc_main.cc(430)] nfc_set_state 1 (W4_HAL_OPEN)->0 (NONE)
08-16 16:52:22.104 2901 3322 I libnfc_nci: [INFO:nfa_dm_act.cc(294)] NFC_ENABLE_REVT(0x5000)
08-16 16:52:22.104 2901 3322 I libnfc_nci: [INFO:NativeNfcManager.cpp(1056)] nfaDeviceManagementCallback: enter; event=0x0
08-16 16:52:22.104 2901 3322 I libnfc_nci: [INFO:NativeNfcManager.cpp(1067)] nfaDeviceManagementCallback: NFA_DM_ENABLE_EVT; status=0x3
08-16 16:52:22.104 2901 3295 E libnfc_nci: [ERROR:NativeNfcManager.cpp(1704)] nfcManager_doInitialize: fail nfa enable; error=0x0
08-16 16:52:22.104 2901 3295 I libnfc_nci: [INFO:NfcAdaptation.cc(436)] NfcAdaptation::Finalize: enter
08-16 16:52:22.108 1153 1995 I am_proc_bound: [0,3288,com.qualcomm.qti.performancemode]
08-16 16:52:22.110 1153 1713 I InputDispatcher: Erasing monitor swipe-up (server) on display 0, pid=2434
08-16 16:52:22.111 1153 2442 I InputDispatcher: Created monitor swipe-up for display 0, gesture=true, pid=2434
08-16 16:52:22.112 1523 1540 I adbd : jdwp connection from 3296
08-16 16:52:22.113 1153 1995 D CompatibilityChangeReporter: Compat change id reported: 168419799; UID 10144; state: DISABLED
08-16 16:52:22.113 1153 1995 D CompatibilityInfo: mCompatibilityFlags - 4
08-16 16:52:22.113 1153 1995 D CompatibilityInfo: applicationDensity - 240
08-16 16:52:22.113 1153 1995 D CompatibilityInfo: applicationScale - 1.0
08-16 16:52:22.116 972 988 E ANDR-PERF-LM: AdaptiveLaunch: AdaptLaunchFeature() 74: Fast Loader enabled = 0 TapEventIgnore Status 1
08-16 16:52:22.118 3296 3296 D ProcessState: Binder ioctl to enable oneway spam detection failed: Invalid argument
08-16 16:52:22.118 1153 1995 I am_uid_active: 10144
08-16 16:52:22.119 1153 1995 D CompatibilityInfo: mCompatibilityFlags - 4
08-16 16:52:22.119 1153 1995 D CompatibilityInfo: applicationDensity - 240
08-16 16:52:22.120 1153 1995 D CompatibilityInfo: applicationScale - 1.0
08-16 16:52:22.128 1153 1793 D CompatibilityInfo: mCompatibilityFlags - 4
08-16 16:52:22.128 1153 1793 D CompatibilityInfo: applicationDensity - 240
08-16 16:52:22.128 1153 1793 D CompatibilityInfo: applicationScale - 1.0
08-16 16:52:22.129 3288 3288 D CompatibilityChangeReporter: Compat change id reported: 171979766; UID 10144; state: ENABLED
08-16 16:52:22.132 2223 2223 I QImsService: QtiImsExtService : QtiImsExtService created!
