01-01 05:04:06.197 1153 1153 E PackageManager: updateAllSharedLibrariesLPw failed: Package com.qti.snapdragon.qdcm_ff requires unavailable shared library vendor.display.color.V1_0.IDisplayColor; failing!
01-01 05:04:06.198 1153 1153 E PackageManager: updateAllSharedLibrariesLPw failed: Package com.qti.pasrservice requires unavailable shared library vendor.qti.power.pasrmanager.V1_0.IPasrManager; failing!
01-01 05:04:06.198 1153 1153 E PackageManager: updateAllSharedLibrariesLPw failed: Package com.qualcomm.wfd.service requires unavailable shared library .WfdService; failing!
01-01 05:04:06.202 1153 1153 I boot_progress_pms_scan_end: 53312
01-01 05:04:06.202 1153 1153 I PackageManager: Time to scan packages: 1.956 seconds
01-01 05:04:06.203 1153 1153 I PackageManager: Permission ownership changed. Updating all permissions.
01-01 05:04:06.228 1153 1153 V PackageManager: reconcileAppsData for null u0 0x1 migrateAppData=true
01-01 05:04:06.451 1153 1153 V PackageManager: reconcileAppsData finished 43 packages
01-01 05:04:06.452 1153 1153 I PackageManagerTiming: write settings
01-01 05:04:06.452 1153 1652 I SystemServerTimingAsync: InitThreadPoolExec:prepareAppData
01-01 05:04:06.452 1153 1652 D SystemServerInitThreadPool: Started executing prepareAppData
01-01 05:04:06.514 1153 1153 I commit_sys_config_file: [package-user-0,3]
01-01 05:04:06.515 1153 1153 I commit_sys_config_file: [package,63]
01-01 05:04:06.515 1153 1153 D PackageManagerTiming: write settings took to complete: 64ms
01-01 05:04:06.515 1153 1153 I boot_progress_pms_ready: 53625
01-01 05:04:06.515 1153 1153 W PackageManager: Domain verification agent not found
01-01 05:04:06.519 1153 1153 D PackageManager: Ephemeral resolver NOT found; no matching intent filters
01-01 05:04:06.519 1153 1153 D PackageManager: Instant App installer not found with android.intent.action.INSTALL_INSTANT_APP_PACKAGE
01-01 05:04:06.519 1153 1153 D PackageManager: Clear ephemeral installer activity
01-01 05:04:06.525 1153 1153 I PackageManagerTiming: GC
01-01 05:04:06.525 1153 1153 D PackageManagerTiming: GC took to complete: 0ms
01-01 05:04:06.525 1153 1153 I PackageManager: Fix for b/169414761 is applied
01-01 05:04:06.525 1153 1319 I dvm_lock_sample: [system_server,0,android.bg,97,Settings.java,5646,void com.android.server.pm.Settings$RuntimePermissionPersistence$MyHandler.handleMessage(android.os.Message),LegacyPermissionSettings.java,90,void com.android.server.pm.permission.LegacyPermissionSettings.replacePermissions(java.util.List),19]
01-01 05:04:06.525 1153 1153 D PackageManagerTiming: create package manager took to complete: 3154ms
01-01 05:04:06.539 1153 1153 V UserManagerService: Checking that all system packages are whitelisted.
01-01 05:04:06.540 1153 1153 W UserManagerService: checkWhitelistedSystemPackages(mode=ENFORCE|IMPLICIT_WHITELIST|IMPLICIT_WHITELIST_SYSTEM) has 54 warnings:
01-01 05:04:06.540 1153 1153 W UserManagerService: com.android.theme.color.amethyst is allowlisted but not present.
01-01 05:04:06.540 1153 1153 W UserManagerService: com.android.theme.icon.pebble is allowlisted but not present.
01-01 05:04:06.540 1153 1153 W UserManagerService: com.android.theme.color.sand is allowlisted but not present.
01-01 05:04:06.540 1153 1153 W UserManagerService: com.android.theme.icon.vessel is allowlisted but not present.
01-01 05:04:06.540 1153 1153 W UserManagerService: com.android.theme.color.cinnamon is allowlisted but not present.
01-01 05:04:06.540 1153 1153 W UserManagerService: com.android.theme.icon_pack.victor.settings is allowlisted but not present.
01-01 05:04:06.540 1153 1153 W UserManagerService: com.android.theme.icon_pack.rounded.systemui is allowlisted but not present.
01-01 05:04:06.540 1153 1153 W UserManagerService: com.android.theme.icon.taperedrect is allowlisted but not present.
01-01 05:04:06.540 1153 1153 W UserManagerService: com.android.theme.icon_pack.rounded.android is allowlisted but not present.
01-01 05:04:06.540 1153 1153 W UserManagerService: com.qualcomm.qti.euiccresource is allowlisted but not present.
01-01 05:04:06.540 1153 1153 W UserManagerService: com.android.theme.icon_pack.victor.systemui is allowlisted but not present.
01-01 05:04:06.540 1153 1153 W UserManagerService: com.android.theme.icon_pack.circular.themepicker is allowlisted but not present.
01-01 05:04:06.540 1153 1153 W UserManagerService: com.android.theme.color.tangerine is allowlisted but not present.
01-01 05:04:06.540 1153 1153 W UserManagerService: com.android.theme.color.aquamarine is allowlisted but not present.
01-01 05:04:06.540 1153 1153 W UserManagerService: com.android.theme.color.black is allowlisted but not present.
01-01 05:04:06.540 1153 1153 W UserManagerService: com.android.theme.color.green is allowlisted but not present.
01-01 05:04:06.541 1153 1153 W UserManagerService: com.android.theme.color.ocean is allowlisted but not present.
01-01 05:04:06.541 1153 1153 W UserManagerService: com.android.theme.color.space is allowlisted but not present.
01-01 05:04:06.541 1153 1153 W UserManagerService: com.android.theme.icon_pack.rounded.launcher is allowlisted but not present.
01-01 05:04:06.541 1153 1153 W UserManagerService: com.android.theme.icon_pack.kai.settings is allowlisted but not present.
01-01 05:04:06.541 1153 1153 W UserManagerService: com.android.internal.systemui.navbar.twobutton is allowlisted but not present.
01-01 05:04:06.541 1153 1153 W UserManagerService: com.android.theme.icon_pack.sam.settings is allowlisted but not present.
01-01 05:04:06.541 1153 1153 W UserManagerService: com.android.theme.icon_pack.kai.themepicker is allowlisted but not present.
01-01 05:04:06.541 1153 1153 W UserManagerService: com.android.theme.icon_pack.victor.launcher is allowlisted but not present.
01-01 05:04:06.541 1153 1153 W UserManagerService: com.android.theme.icon_pack.filled.settings is allowlisted but not present.
01-01 05:04:06.541 1153 1153 W UserManagerService: com.android.theme.icon_pack.kai.systemui is allowlisted but not present.
01-01 05:04:06.541 1153 1153 W UserManagerService: com.android.theme.icon_pack.circular.settings is allowlisted but not present.
01-01 05:04:06.541 1153 1153 W UserManagerService: com.android.theme.icon_pack.sam.systemui is allowlisted but not present.
01-01 05:04:06.541 1153 1153 W UserManagerService: com.android.theme.icon.teardrop is allowlisted but not present.
01-01 05:04:06.541 1153 1153 W UserManagerService: com.android.theme.icon_pack.rounded.themepicker is allowlisted but not present.
01-01 05:04:06.541 1153 1153 W UserManagerService: com.android.theme.icon_pack.filled.systemui is allowlisted but not present.
01-01 05:04:06.541 1153 1153 W UserManagerService: com.qualcomm.qti.imsiprivacy.tests is allowlisted but not present.
01-01 05:04:06.541 1153 1153 W UserManagerService: com.android.theme.icon_pack.sam.android is allowlisted but not present.
01-01 05:04:06.541 1153 1153 W UserManagerService: com.android.theme.icon_pack.filled.android is allowlisted but not present.
01-01 05:04:06.541 1153 1153 W UserManagerService: com.android.theme.icon_pack.circular.systemui is allowlisted but not present.
01-01 05:04:06.541 1153 1153 W UserManagerService: com.android.theme.icon_pack.kai.android is allowlisted but not present.
01-01 05:04:06.541 1153 1153 W UserManagerService: com.android.theme.icon_pack.kai.launcher is allowlisted but not present.
01-01 05:04:06.541 1153 1153 W UserManagerService: com.qualcomm.qti.sam.service is allowlisted but not present.
01-01 05:04:06.542 1153 1153 W UserManagerService: com.android.theme.icon_pack.sam.launcher is allowlisted but not present.
01-01 05:04:06.542 1153 1153 W UserManagerService: com.android.theme.icon.squircle is allowlisted but not present.
01-01 05:04:06.542 1153 1153 W UserManagerService: com.android.theme.icon_pack.victor.android is allowlisted but not present.
01-01 05:04:06.542 1153 1153 W UserManagerService: com.android.theme.color.palette is allowlisted but not present.
01-01 05:04:06.542 1153 1153 W UserManagerService: com.android.theme.icon_pack.filled.launcher is allowlisted but not present.
01-01 05:04:06.542 1153 1153 W UserManagerService: com.android.theme.color.carbon is allowlisted but not present.
01-01 05:04:06.542 1153 1153 W UserManagerService: com.android.theme.icon_pack.circular.launcher is allowlisted but not present.
01-01 05:04:06.542 1153 1153 W UserManagerService: com.android.theme.icon_pack.filled.themepicker is allowlisted but not present.
01-01 05:04:06.542 1153 1153 W UserManagerService: com.android.theme.icon_pack.victor.themepicker is allowlisted but not present.
01-01 05:04:06.542 1153 1153 W UserManagerService: com.android.theme.color.orchid is allowlisted but not present.
01-01 05:04:06.542 1153 1153 W UserManagerService: com.android.theme.color.purple is allowlisted but not present.
01-01 05:04:06.542 1153 1153 W UserManagerService: com.android.theme.icon_pack.sam.themepicker is allowlisted but not present.
01-01 05:04:06.542 1153 1153 W UserManagerService: com.android.theme.icon.roundedrect is allowlisted but not present.
01-01 05:04:06.542 1153 1153 W UserManagerService: com.android.theme.icon_pack.rounded.settings is allowlisted but not present.
01-01 05:04:06.542 1153 1153 W UserManagerService: org.codeaurora.qti.nrNetworkSettingApp is allowlisted but not present.
01-01 05:04:06.542 1153 1153 W UserManagerService: com.android.theme.icon_pack.circular.android is allowlisted but not present.
01-01 05:04:06.544 1153 1153 I Watchdog: Resuming HandlerChecker: main thread for reason: packagemanagermain. Pause count: 0
01-01 05:04:06.545 1153 1153 I SystemServerDexLoadReporter: Configuring system server dex reporter
01-01 05:04:06.553 1153 1153 D SystemServerTiming: StartPackageManagerService took to complete: 3182ms
01-01 05:04:06.553 1153 1153 I SystemServerTiming: StartOtaDexOptService
01-01 05:04:06.553 1153 1153 I Watchdog: Pausing HandlerChecker: main thread for reason: moveab. Pause count: 1
01-01 05:04:06.554 1153 1153 D OTADexopt: No upgrade, skipping A/B artifacts check.
01-01 05:04:06.554 1153 1153 I Watchdog: Resuming HandlerChecker: main thread for reason: moveab. Pause count: 0
01-01 05:04:06.555 1153 1153 D SystemServerTiming: StartOtaDexOptService took to complete: 1ms
01-01 05:04:06.555 1153 1153 I SystemServerTiming: StartUserManagerService
01-01 05:04:06.555 1153 1153 I SystemServiceManager: Starting com.android.server.pm.UserManagerService$LifeCycle
01-01 05:04:06.556 1153 1153 D SystemServerTiming: StartUserManagerService took to complete: 1ms
01-01 05:04:06.556 1153 1153 I SystemServerTiming: InitAttributerCache
01-01 05:04:06.556 1153 1153 D SystemServerTiming: InitAttributerCache took to complete: 0ms
01-01 05:04:06.556 1153 1153 I SystemServerTiming: SetSystemProcess
01-01 05:04:06.568 1153 1179 V HistoricalRegistry: Interaction before persistence initialized
01-01 05:04:06.569 1153 1153 I am_uid_running: 1000
01-01 05:04:06.573 1153 1325 I ActivityManager: Connection with lmkd established
01-01 05:04:06.578 1153 1153 I am_uid_active: 1000
01-01 05:04:06.580 1153 1153 D SystemServerTiming: SetSystemProcess took to complete: 24ms
01-01 05:04:06.580 1153 1153 I SystemServerTiming: InitWatchdog
01-01 05:04:06.580 1153 1153 D SystemServerTiming: InitWatchdog took to complete: 0ms
01-01 05:04:06.583 1153 1153 I SystemServerTiming: StartOverlayManagerService
01-01 05:04:06.611 1289 1678 I storaged: storaged: Start
01-01 05:04:06.688 1153 1153 I commit_sys_config_file: [overlays,3]
01-01 05:04:06.690 1153 1178 V HistoricalRegistry: Interaction before persistence initialized
01-01 05:04:06.695 1153 1247 W ActivityTaskManager: Skip updateConfiguration because mWindowManager isn't set
01-01 05:04:06.699 1153 1153 D SystemServerTiming: StartOverlayManagerService took to complete: 116ms
01-01 05:04:06.699 1153 1153 I SystemServerTiming: StartSensorPrivacyService
01-01 05:04:06.702 1153 1153 D SystemServerTiming: StartSensorPrivacyService took to complete: 3ms
01-01 05:04:06.703 1153 1153 I SystemServerTiming: StartSensorService
01-01 05:04:06.703 1153 1153 I SystemServiceManager: Starting com.android.server.sensors.SensorService
01-01 05:04:06.703 1153 1153 D SystemServerTiming: StartSensorService took to complete: 1ms
01-01 05:04:06.703 1153 1153 D SystemServerTiming: startBootstrapServices took to complete: 4894ms
01-01 05:04:06.703 1153 1153 I SystemServerTiming: startCoreServices
01-01 05:04:06.703 1153 1153 I SystemServerTiming: StartSystemConfigService
01-01 05:04:06.703 1153 1153 I SystemServiceManager: Starting com.android.server.SystemConfigService
01-01 05:04:06.703 1153 1688 I SystemServerTimingAsync: InitThreadPoolExec:StartNativeSensorService
01-01 05:04:06.703 1153 1688 D SystemServerInitThreadPool: Started executing StartNativeSensorService
01-01 05:04:06.704 1153 1688 I SystemServerTimingAsync: StartNativeSensorService
01-01 05:04:06.704 1153 1153 D SystemServerTiming: StartSystemConfigService took to complete: 1ms
01-01 05:04:06.704 1153 1153 I SystemServerTiming: StartBatteryService
01-01 05:04:06.704 1153 1153 I SystemServiceManager: Starting com.android.server.BatteryService
01-01 05:04:06.721 0 0 W healthd : battery none chg=
01-01 05:04:06.713 1153 1318 I battery_status: [1,1,0,0,]
01-01 05:04:06.718 1153 1688 D SystemServerTimingAsync: StartNativeSensorService took to complete: 15ms
01-01 05:04:06.718 1153 1688 D SystemServerInitThreadPool: Finished executing StartNativeSensorService
01-01 05:04:06.718 1153 1688 D SystemServerTimingAsync: InitThreadPoolExec:StartNativeSensorService took to complete: 15ms
01-01 05:04:06.719 1153 1153 I HealthServiceWrapper: health: HealthServiceWrapper listening to instance default
01-01 05:04:06.719 1153 1153 I BatteryService: health: Waited 0ms and received the update.
01-01 05:04:06.720 1153 1153 D SystemServerTiming: StartBatteryService took to complete: 16ms
01-01 05:04:06.720 1153 1153 I SystemServerTiming: StartUsageService
01-01 05:04:06.720 1153 1153 I SystemServiceManager: Starting com.android.server.usage.UsageStatsService
01-01 05:04:06.728 1153 1153 D SystemServerTiming: StartUsageService took to complete: 8ms
01-01 05:04:06.728 1153 1153 I SystemServerTiming: StartWebViewUpdateService
01-01 05:04:06.728 1153 1153 I SystemServiceManager: Starting com.android.server.webkit.WebViewUpdateService
01-01 05:04:06.730 1153 1153 D SystemServerTiming: StartWebViewUpdateService took to complete: 2ms
01-01 05:04:06.730 1153 1153 I SystemServerTiming: StartCachedDeviceStateService
01-01 05:04:06.730 1153 1153 I SystemServiceManager: Starting com.android.server.CachedDeviceStateService
01-01 05:04:06.730 1153 1153 D SystemServerTiming: StartCachedDeviceStateService took to complete: 0ms
01-01 05:04:06.730 1153 1153 I SystemServerTiming: StartBinderCallsStatsService
01-01 05:04:06.730 1153 1153 I SystemServiceManager: Starting com.android.server.BinderCallsStatsService$LifeCycle
01-01 05:04:06.731 1153 1153 D SystemServerTiming: StartBinderCallsStatsService took to complete: 1ms
01-01 05:04:06.732 1153 1153 I SystemServerTiming: StartLooperStatsService
01-01 05:04:06.732 1153 1153 I SystemServiceManager: Starting com.android.server.LooperStatsService$Lifecycle
01-01 05:04:06.732 1153 1153 D SystemServerTiming: StartLooperStatsService took to complete: 1ms
01-01 05:04:06.732 1153 1153 I SystemServerTiming: StartRollbackManagerService
01-01 05:04:06.732 1153 1153 I SystemServiceManager: Starting com.android.server.rollback.RollbackManagerService
01-01 05:04:06.738 1153 1153 I PackageWatchdog: Syncing state, reason: added new observer
01-01 05:04:06.738 1153 1153 I PackageWatchdog: Not pruning observers, elapsed time: 0ms
01-01 05:04:06.739 1153 1153 I PackageWatchdog: Cancelling state sync, nothing to sync
01-01 05:04:06.739 1153 1319 I PackageWatchdog: Saving observer state to file
01-01 05:04:06.741 1153 1153 D SystemServerTiming: StartRollbackManagerService took to complete: 9ms
01-01 05:04:06.741 1153 1153 I SystemServerTiming: StartNativeTombstoneManagerService
01-01 05:04:06.741 1153 1153 I SystemServiceManager: Starting com.android.server.os.NativeTombstoneManagerService
01-01 05:04:06.742 1153 1153 D SystemServerTiming: StartNativeTombstoneManagerService took to complete: 1ms
01-01 05:04:06.743 1153 1153 I SystemServerTiming: StartBugreportManagerService
01-01 05:04:06.743 1153 1153 I SystemServiceManager: Starting com.android.server.os.BugreportManagerService
01-01 05:04:06.743 1153 1153 D SystemServerTiming: StartBugreportManagerService took to complete: 1ms
01-01 05:04:06.743 1153 1153 I SystemServerTiming: GpuService
01-01 05:04:06.744 1153 1153 I SystemServiceManager: Starting com.android.server.gpu.GpuService
01-01 05:04:06.744 1153 1153 D SystemServerTiming: GpuService took to complete: 0ms
01-01 05:04:06.744 1153 1153 D SystemServerTiming: startCoreServices took to complete: 41ms
01-01 05:04:06.744 1153 1153 I SystemServerTiming: startOtherServices
01-01 05:04:06.744 1153 1153 I SystemServerTiming: StartKeyAttestationApplicationIdProviderService
01-01 05:04:06.745 1153 1698 I SystemServerTimingAsync: InitThreadPoolExec:SecondaryZygotePreload
01-01 05:04:06.745 1153 1698 D SystemServerInitThreadPool: Started executing SecondaryZygotePreload
01-01 05:04:06.745 1153 1698 I SystemServer: SecondaryZygotePreload
01-01 05:04:06.745 1153 1698 I SystemServerTimingAsync: SecondaryZygotePreload
01-01 05:04:06.745 1153 1153 D SystemServerTiming: StartKeyAttestationApplicationIdProviderService took to complete: 1ms
01-01 05:04:06.745 1153 1153 I SystemServerTiming: StartKeyChainSystemService
01-01 05:04:06.745 1153 1153 I SystemServiceManager: Starting com.android.server.security.KeyChainSystemService
01-01 05:04:06.745 1153 1153 D SystemServerTiming: StartKeyChainSystemService took to complete: 0ms
01-01 05:04:06.745 1153 1153 I SystemServerTiming: StartSchedulingPolicyService
01-01 05:04:06.746 1153 1153 D SystemServerTiming: StartSchedulingPolicyService took to complete: 1ms
01-01 05:04:06.746 1153 1153 I SystemServerTiming: StartTelecomLoaderService
01-01 05:04:06.746 1153 1153 I SystemServiceManager: Starting com.android.server.telecom.TelecomLoaderService
01-01 05:04:06.747 1153 1153 D SystemServerTiming: StartTelecomLoaderService took to complete: 0ms
01-01 05:04:06.747 1153 1153 I SystemServerTiming: StartTelephonyRegistry
01-01 05:04:06.748 1153 1153 D SystemServerTiming: StartTelephonyRegistry took to complete: 1ms
01-01 05:04:06.748 1153 1153 I SystemServerTiming: StartEntropyMixer
01-01 05:04:06.748 1153 1699 I SystemServerTimingAsync: InitThreadPoolExec:SchedulingPolicyService.
01-01 05:04:06.748 1153 1699 D SystemServerInitThreadPool: Started executing SchedulingPolicyService.
01-01 05:04:06.749 1153 1153 I EntropyMixer: Writing entropy...
01-01 05:04:06.753 1153 1153 D SystemServerTiming: StartEntropyMixer took to complete: 5ms
01-01 05:04:06.753 1153 1153 I SystemServerTiming: StartAccountManagerService
01-01 05:04:06.753 1153 1153 I SystemServiceManager: Starting com.android.server.accounts.AccountManagerService$Lifecycle
01-01 05:04:06.771 1153 1153 D SystemServerTiming: StartAccountManagerService took to complete: 18ms
01-01 05:04:06.771 1153 1153 I SystemServerTiming: StartContentService
01-01 05:04:06.772 1153 1153 I SystemServiceManager: Starting com.android.server.content.ContentService$Lifecycle
01-01 05:04:06.774 1153 1153 D SystemServerTiming: StartContentService took to complete: 1ms
01-01 05:04:06.774 1153 1153 I SystemServerTiming: InstallSystemProviders
01-01 05:04:06.797 684 684 D ZygoteInitTiming_lazy: BeginPreload took to complete: 48ms
01-01 05:04:06.809 1153 1699 D SystemServerInitThreadPool: Finished executing SchedulingPolicyService.
01-01 05:04:06.809 1153 1699 D SystemServerTimingAsync: InitThreadPoolExec:SchedulingPolicyService. took to complete: 61ms
01-01 05:04:06.852 1153 1323 D ActivityManager: Freezer enabled
01-01 05:04:06.852 1153 1323 D ActivityManager: freezer override set to false
01-01 05:04:06.856 1153 1153 D SystemServerTiming: InstallSystemProviders took to complete: 82ms
01-01 05:04:06.857 1153 1153 I SystemServerTiming: StartDropBoxManager
01-01 05:04:06.857 1153 1153 I SystemServiceManager: Starting com.android.server.DropBoxManagerService
01-01 05:04:06.858 1153 1153 D SystemServerTiming: StartDropBoxManager took to complete: 1ms
01-01 05:04:06.858 1153 1153 I SystemServerTiming: StartRoleManagerService
01-01 05:04:06.858 1153 1153 I SystemServiceManager: Starting com.android.role.RoleService
01-01 05:04:06.860 1153 1153 D SystemServerTiming: StartRoleManagerService took to complete: 3ms
01-01 05:04:06.860 1153 1153 I SystemServerTiming: StartVibratorManagerService
01-01 05:04:06.860 1153 1153 I SystemServiceManager: Starting com.android.server.vibrator.VibratorManagerService$Lifecycle
01-01 05:04:06.869 1153 1153 D SystemServerTiming: StartVibratorManagerService took to complete: 9ms
01-01 05:04:06.869 1153 1153 I SystemServerTiming: StartDynamicSystemService
01-01 05:04:06.870 1153 1153 D SystemServerTiming: StartDynamicSystemService took to complete: 1ms
01-01 05:04:06.870 1153 1153 I SystemServerTiming: StartConsumerIrService
01-01 05:04:06.872 1153 1153 D SystemServerTiming: StartConsumerIrService took to complete: 1ms
01-01 05:04:06.872 1153 1153 I SystemServerTiming: StartAlarmManagerService
01-01 05:04:06.872 1153 1153 I SystemServiceManager: Starting com.android.server.alarm.AlarmManagerService
01-01 05:04:06.890 1153 1153 I AlarmManager: Current time only 18246890, advancing to build time 1660668731000
08-16 16:52:11.004 1153 1153 D SystemServerTiming: StartAlarmManagerService took to complete: 23ms
08-16 16:52:11.004 1153 1153 I SystemServerTiming: StartInputManagerService
08-16 16:52:11.005 1153 1153 I InputManager: Initializing input manager, mUseDevInputEventForAudioJack=true
08-16 16:52:11.015 1153 1153 D SystemServerTiming: StartInputManagerService took to complete: 11ms
08-16 16:52:11.015 1153 1153 I SystemServerTiming: DeviceStateManagerService
08-16 16:52:11.015 1153 1153 I SystemServiceManager: Starting com.android.server.devicestate.DeviceStateManagerService
08-16 16:52:11.021 1153 1153 D SystemServerTiming: DeviceStateManagerService took to complete: 5ms
08-16 16:52:11.021 1153 1153 I SystemServerTiming: StartCameraServiceProxy
08-16 16:52:11.021 1153 1153 I SystemServiceManager: Starting com.android.server.camera.CameraServiceProxy
08-16 16:52:11.024 1153 1153 D SystemServerTiming: StartCameraServiceProxy took to complete: 3ms
08-16 16:52:11.024 1153 1153 I SystemServerTiming: StartWindowManagerService
08-16 16:52:11.024 1153 1153 I SystemServiceManager: Starting phase 200
08-16 16:52:11.024 1153 1153 I SystemServerTiming: OnBootPhase_200
08-16 16:52:11.024 1153 1153 I SystemServerTiming: OnBootPhase_200_com.android.server.security.FileIntegrityService
08-16 16:52:11.024 1153 1153 D SystemServerTiming: OnBootPhase_200_com.android.server.security.FileIntegrityService took to complete: 0ms
08-16 16:52:11.024 1153 1153 I SystemServerTiming: OnBootPhase_200_com.android.server.pm.Installer
08-16 16:52:11.024 1153 1153 D SystemServerTiming: OnBootPhase_200_com.android.server.pm.Installer took to complete: 0ms
08-16 16:52:11.024 1153 1153 I SystemServerTiming: OnBootPhase_200_com.android.server.os.DeviceIdentifiersPolicyService
08-16 16:52:11.024 1153 1153 D SystemServerTiming: OnBootPhase_200_com.android.server.os.DeviceIdentifiersPolicyService took to complete: 0ms
08-16 16:52:11.024 1153 1153 I SystemServerTiming: OnBootPhase_200_com.android.server.uri.UriGrantsManagerService$Lifecycle
08-16 16:52:11.025 1153 1153 D SystemServerTiming: OnBootPhase_200_com.android.server.uri.UriGrantsManagerService$Lifecycle took to complete: 0ms
08-16 16:52:11.025 1153 1153 I SystemServerTiming: OnBootPhase_200_com.android.server.powerstats.PowerStatsService
08-16 16:52:11.025 1153 1153 D SystemServerTiming: OnBootPhase_200_com.android.server.powerstats.PowerStatsService took to complete: 0ms
08-16 16:52:11.025 1153 1153 I SystemServerTiming: OnBootPhase_200_com.android.server.wm.ActivityTaskManagerService$Lifecycle
08-16 16:52:11.025 1153 1153 D SystemServerTiming: OnBootPhase_200_com.android.server.wm.ActivityTaskManagerService$Lifecycle took to complete: 0ms
08-16 16:52:11.025 1153 1153 I SystemServerTiming: OnBootPhase_200_com.android.server.am.ActivityManagerService$Lifecycle
08-16 16:52:11.025 1153 1153 D SystemServerTiming: OnBootPhase_200_com.android.server.am.ActivityManagerService$Lifecycle took to complete: 0ms
08-16 16:52:11.025 1153 1153 I SystemServerTiming: OnBootPhase_200_com.android.server.pm.DataLoaderManagerService
08-16 16:52:11.025 1153 1153 D SystemServerTiming: OnBootPhase_200_com.android.server.pm.DataLoaderManagerService took to complete: 0ms
08-16 16:52:11.025 1153 1153 I SystemServerTiming: OnBootPhase_200_com.android.server.power.PowerManagerService
08-16 16:52:11.025 1153 1153 D SystemServerTiming: OnBootPhase_200_com.android.server.power.PowerManagerService took to complete: 0ms
08-16 16:52:11.025 1153 1153 I SystemServerTiming: OnBootPhase_200_com.android.server.power.ThermalManagerService
08-16 16:52:11.025 1153 1153 D SystemServerTiming: OnBootPhase_200_com.android.server.power.ThermalManagerService took to complete: 0ms
08-16 16:52:11.025 1153 1153 I SystemServerTiming: OnBootPhase_200_com.android.server.power.hint.HintManagerService
08-16 16:52:11.025 1153 1153 D SystemServerTiming: OnBootPhase_200_com.android.server.power.hint.HintManagerService took to complete: 0ms
08-16 16:52:11.025 1153 1153 I SystemServerTiming: OnBootPhase_200_com.android.server.recoverysystem.RecoverySystemService$Lifecycle
08-16 16:52:11.025 1153 1153 D SystemServerTiming: OnBootPhase_200_com.android.server.recoverysystem.RecoverySystemService$Lifecycle took to complete: 0ms
08-16 16:52:11.025 1153 1153 I SystemServerTiming: OnBootPhase_200_com.android.server.lights.LightsService
08-16 16:52:11.025 1153 1153 D SystemServerTiming: OnBootPhase_200_com.android.server.lights.LightsService took to complete: 0ms
08-16 16:52:11.026 1153 1153 I SystemServerTiming: OnBootPhase_200_com.android.server.display.DisplayManagerService
08-16 16:52:11.026 1153 1153 D SystemServerTiming: OnBootPhase_200_com.android.server.display.DisplayManagerService took to complete: 0ms
08-16 16:52:11.026 1153 1153 I SystemServerTiming: OnBootPhase_200_com.android.server.pm.verify.domain.DomainVerificationService
08-16 16:52:11.026 1153 1153 D SystemServerTiming: OnBootPhase_200_com.android.server.pm.verify.domain.DomainVerificationService took to complete: 0ms
08-16 16:52:11.026 1153 1153 I SystemServerTiming: OnBootPhase_200_com.android.server.pm.PackageInstallerService$Lifecycle
08-16 16:52:11.026 1153 1153 D SystemServerTiming: OnBootPhase_200_com.android.server.pm.PackageInstallerService$Lifecycle took to complete: 0ms
08-16 16:52:11.026 1153 1153 I SystemServerTiming: OnBootPhase_200_com.android.server.pm.UserManagerService$LifeCycle
08-16 16:52:11.026 1153 1153 D SystemServerTiming: OnBootPhase_200_com.android.server.pm.UserManagerService$LifeCycle took to complete: 0ms
08-16 16:52:11.026 1153 1153 I SystemServerTiming: OnBootPhase_200_com.android.server.om.OverlayManagerService
08-16 16:52:11.026 1153 1153 D SystemServerTiming: OnBootPhase_200_com.android.server.om.OverlayManagerService took to complete: 0ms
08-16 16:52:11.026 1153 1153 I SystemServerTiming: OnBootPhase_200_com.android.server.SensorPrivacyService
08-16 16:52:11.026 1153 1153 D SystemServerTiming: OnBootPhase_200_com.android.server.SensorPrivacyService took to complete: 0ms
08-16 16:52:11.026 1153 1153 I SystemServerTiming: OnBootPhase_200_com.android.server.sensors.SensorService
08-16 16:52:11.026 1153 1153 D SystemServerTiming: OnBootPhase_200_com.android.server.sensors.SensorService took to complete: 0ms
08-16 16:52:11.026 1153 1153 I SystemServerTiming: OnBootPhase_200_com.android.server.SystemConfigService
08-16 16:52:11.026 1153 1153 D SystemServerTiming: OnBootPhase_200_com.android.server.SystemConfigService took to complete: 0ms
08-16 16:52:11.026 1153 1153 I SystemServerTiming: OnBootPhase_200_com.android.server.BatteryService
08-16 16:52:11.026 1153 1153 D SystemServerTiming: OnBootPhase_200_com.android.server.BatteryService took to complete: 0ms
08-16 16:52:11.026 1153 1153 I SystemServerTiming: OnBootPhase_200_com.android.server.usage.UsageStatsService
08-16 16:52:11.027 1153 1153 D SystemServerTiming: OnBootPhase_200_com.android.server.usage.UsageStatsService took to complete: 0ms
08-16 16:52:11.027 1153 1153 I SystemServerTiming: OnBootPhase_200_com.android.server.webkit.WebViewUpdateService
08-16 16:52:11.027 1153 1153 D SystemServerTiming: OnBootPhase_200_com.android.server.webkit.WebViewUpdateService took to complete: 0ms
08-16 16:52:11.027 1153 1153 I SystemServerTiming: OnBootPhase_200_com.android.server.CachedDeviceStateService
08-16 16:52:11.027 1153 1153 D SystemServerTiming: OnBootPhase_200_com.android.server.CachedDeviceStateService took to complete: 0ms
08-16 16:52:11.027 1153 1153 I SystemServerTiming: OnBootPhase_200_com.android.server.BinderCallsStatsService$LifeCycle
08-16 16:52:11.027 1153 1153 D SystemServerTiming: OnBootPhase_200_com.android.server.BinderCallsStatsService$LifeCycle took to complete: 0ms
08-16 16:52:11.027 1153 1153 I SystemServerTiming: OnBootPhase_200_com.android.server.LooperStatsService$Lifecycle
08-16 16:52:11.027 1153 1153 D SystemServerTiming: OnBootPhase_200_com.android.server.LooperStatsService$Lifecycle took to complete: 0ms
08-16 16:52:11.027 1153 1153 I SystemServerTiming: OnBootPhase_200_com.android.server.rollback.RollbackManagerService
08-16 16:52:11.027 1153 1153 D SystemServerTiming: OnBootPhase_200_com.android.server.rollback.RollbackManagerService took to complete: 0ms
08-16 16:52:11.027 1153 1153 I SystemServerTiming: OnBootPhase_200_com.android.server.os.NativeTombstoneManagerService
08-16 16:52:11.027 1153 1153 D SystemServerTiming: OnBootPhase_200_com.android.server.os.NativeTombstoneManagerService took to complete: 0ms
08-16 16:52:11.027 1153 1153 I SystemServerTiming: OnBootPhase_200_com.android.server.os.BugreportManagerService
08-16 16:52:11.027 1153 1153 D SystemServerTiming: OnBootPhase_200_com.android.server.os.BugreportManagerService took to complete: 0ms
08-16 16:52:11.027 1153 1153 I SystemServerTiming: OnBootPhase_200_com.android.server.gpu.GpuService
08-16 16:52:11.027 1153 1153 D SystemServerTiming: OnBootPhase_200_com.android.server.gpu.GpuService took to complete: 0ms
08-16 16:52:11.027 1153 1153 I SystemServerTiming: OnBootPhase_200_com.android.server.security.KeyChainSystemService
08-16 16:52:11.028 1153 1153 D SystemServerTiming: OnBootPhase_200_com.android.server.security.KeyChainSystemService took to complete: 0ms
08-16 16:52:11.028 1153 1153 I SystemServerTiming: OnBootPhase_200_com.android.server.telecom.TelecomLoaderService
08-16 16:52:11.028 1153 1153 D SystemServerTiming: OnBootPhase_200_com.android.server.telecom.TelecomLoaderService took to complete: 0ms
08-16 16:52:11.028 1153 1153 I SystemServerTiming: OnBootPhase_200_com.android.server.accounts.AccountManagerService$Lifecycle
08-16 16:52:11.028 1153 1153 D SystemServerTiming: OnBootPhase_200_com.android.server.accounts.AccountManagerService$Lifecycle took to complete: 0ms
08-16 16:52:11.028 1153 1153 I SystemServerTiming: OnBootPhase_200_com.android.server.content.ContentService$Lifecycle
08-16 16:52:11.028 1153 1153 D SystemServerTiming: OnBootPhase_200_com.android.server.content.ContentService$Lifecycle took to complete: 0ms
08-16 16:52:11.028 1153 1153 I SystemServerTiming: OnBootPhase_200_com.android.server.DropBoxManagerService
08-16 16:52:11.028 1153 1153 D SystemServerTiming: OnBootPhase_200_com.android.server.DropBoxManagerService took to complete: 0ms
08-16 16:52:11.028 1153 1153 I SystemServerTiming: OnBootPhase_200_com.android.role.RoleService
08-16 16:52:11.028 1153 1153 D SystemServerTiming: OnBootPhase_200_com.android.role.RoleService took to complete: 0ms
08-16 16:52:11.028 1153 1153 I SystemServerTiming: OnBootPhase_200_com.android.server.vibrator.VibratorManagerService$Lifecycle
08-16 16:52:11.028 1153 1153 D SystemServerTiming: OnBootPhase_200_com.android.server.vibrator.VibratorManagerService$Lifecycle took to complete: 0ms
08-16 16:52:11.028 1153 1153 I SystemServerTiming: OnBootPhase_200_com.android.server.alarm.AlarmManagerService
08-16 16:52:11.028 1153 1153 D SystemServerTiming: OnBootPhase_200_com.android.server.alarm.AlarmManagerService took to complete: 0ms
08-16 16:52:11.028 1153 1153 I SystemServerTiming: OnBootPhase_200_com.android.server.devicestate.DeviceStateManagerService
08-16 16:52:11.028 1153 1153 D SystemServerTiming: OnBootPhase_200_com.android.server.devicestate.DeviceStateManagerService took to complete: 0ms
08-16 16:52:11.028 1153 1153 I SystemServerTiming: OnBootPhase_200_com.android.server.camera.CameraServiceProxy
08-16 16:52:11.028 1153 1153 D SystemServerTiming: OnBootPhase_200_com.android.server.camera.CameraServiceProxy took to complete: 0ms
08-16 16:52:11.028 1153 1153 D SystemServerTiming: OnBootPhase_200 took to complete: 5ms
08-16 16:52:11.029 1153 1153 I WindowManager: No existing display settings, starting empty
08-16 16:52:11.030 1153 1153 I WindowManager: No existing display settings, starting empty
08-16 16:52:11.046 1153 1153 D SystemServerTiming: StartWindowManagerService took to complete: 23ms
08-16 16:52:11.046 1153 1153 I SystemServerTiming: SetWindowManagerService
08-16 16:52:11.086 1153 1153 I ActivityTaskManager: Loaded persisted task ids for user 0
08-16 16:52:11.087 1153 1153 I wm_task_created: [1,-1]
08-16 16:52:11.090 1153 1153 D SystemServerTiming: SetWindowManagerService took to complete: 43ms
08-16 16:52:11.090 1153 1153 I SystemServerTiming: WindowManagerServiceOnInitReady
08-16 16:52:11.106 1153 1251 I sysui_multi_action: [757,1594,758,4,759,0,806,NULL]
08-16 16:52:11.117 1153 1153 D SystemServerTiming: WindowManagerServiceOnInitReady took to complete: 28ms
08-16 16:52:11.118 1153 1153 I SystemServerTiming: StartInputManager
08-16 16:52:11.118 1153 1153 I InputManager: Starting input manager
08-16 16:52:11.123 1153 1153 D SystemServerTiming: StartInputManager took to complete: 5ms
08-16 16:52:11.124 1153 1153 I SystemServerTiming: DisplayManagerWindowManagerAndInputReady
08-16 16:52:11.124 1153 1153 D SystemServerTiming: DisplayManagerWindowManagerAndInputReady took to complete: 0ms
08-16 16:52:11.124 1153 1153 I SystemServerTiming: StartBluetoothService
08-16 16:52:11.124 1153 1153 I SystemServiceManager: Starting com.android.server.BluetoothService
08-16 16:52:11.124 1153 1251 I LogicalDisplayMapper: Requesting Transition to state: 0
08-16 16:52:11.125 1153 1712 I SystemServerTimingAsync: InitThreadPoolExec:StartHidlServices
08-16 16:52:11.125 1153 1251 I LogicalDisplayMapper: Applying layout: [{addr: {port=129, model=0x40446d3026322d}, dispId: 0(ON)}], Previous layout: [{addr: {port=129, model=0x40446d3026322d}, dispId: 0(ON)}]
08-16 16:52:11.125 1153 1712 D SystemServerInitThreadPool: Started executing StartHidlServices
08-16 16:52:11.126 1153 1712 I SystemServerTimingAsync: StartHidlServices
08-16 16:52:11.126 1153 1153 D BluetoothManagerService: Loading stored name and address
08-16 16:52:11.126 1153 1153 D BluetoothManagerService: Stored bluetooth Name=QCOM-BTD,Address=22:22:C8:96:9F:72
08-16 16:52:11.127 1153 1153 D BluetoothManagerService: Bluetooth persisted state: 1
08-16 16:52:11.127 1153 1153 D BluetoothManagerService: Startup: Bluetooth persisted state is ON.
08-16 16:52:11.127 1153 1153 D BluetoothManagerService: Detected SystemUiUid: 10124
08-16 16:52:11.127 1153 1153 D SystemServerTiming: StartBluetoothService took to complete: 2ms
08-16 16:52:11.127 1153 1153 I SystemServerTiming: IpConnectivityMetrics
08-16 16:52:11.128 1153 1153 I SystemServiceManager: Starting com.android.server.connectivity.IpConnectivityMetrics
08-16 16:52:11.128 1153 1153 D SystemServerTiming: IpConnectivityMetrics took to complete: 1ms
08-16 16:52:11.128 1153 1153 I SystemServerTiming: NetworkWatchlistService
08-16 16:52:11.128 1153 1153 I SystemServiceManager: Starting com.android.server.net.watchlist.NetworkWatchlistService$Lifecycle
08-16 16:52:11.136 1153 1712 D SystemServerTimingAsync: StartHidlServices took to complete: 11ms
08-16 16:52:11.136 1153 1712 D SystemServerInitThreadPool: Finished executing StartHidlServices
08-16 16:52:11.136 1153 1712 D SystemServerTimingAsync: InitThreadPoolExec:StartHidlServices took to complete: 12ms
08-16 16:52:11.140 1153 1153 I WatchlistSettings: Reload watchlist settings done
08-16 16:52:11.142 1153 1717 I WatchlistLoggingHandler: No need to aggregate record yet.
08-16 16:52:11.142 1153 1717 I WatchlistLoggingHandler: Milliseconds spent on tryAggregateRecords(): 0
08-16 16:52:11.143 1153 1153 D SystemServerTiming: NetworkWatchlistService took to complete: 15ms
08-16 16:52:11.143 1153 1153 I SystemServerTiming: PinnerService
08-16 16:52:11.143 1153 1153 I SystemServiceManager: Starting com.android.server.PinnerService
08-16 16:52:11.144 1153 1153 V HistoricalRegistry: Interaction before persistence initialized
08-16 16:52:11.147 1153 1153 D SystemServerTiming: PinnerService took to complete: 2ms
08-16 16:52:11.147 1153 1153 I SystemServerTiming: IorapForwardingService
08-16 16:52:11.147 1153 1153 I SystemServiceManager: Starting com.google.android.startop.iorap.IorapForwardingService
08-16 16:52:11.148 1153 1319 D PinnerService: pinRangeStream: null
08-16 16:52:11.149 1153 1153 D SystemServerTiming: IorapForwardingService took to complete: 2ms
08-16 16:52:11.149 1153 1153 I SystemServiceManager: Starting com.android.server.ActivityTriggerService
08-16 16:52:11.149 1153 1153 I ActivityTriggerService: Starting ActivityTriggerService
08-16 16:52:11.167 1153 1319 D PinnerService: pinRangeStream: null
08-16 16:52:11.169 1153 1153 I SystemServerTiming: SignedConfigService
08-16 16:52:11.169 1153 1319 D PinnerService: pinRangeStream: null
08-16 16:52:11.169 1153 1153 D SystemServerTiming: SignedConfigService took to complete: 0ms
08-16 16:52:11.169 1153 1153 I SystemServerTiming: AppIntegrityService
08-16 16:52:11.169 1153 1153 I SystemServiceManager: Starting com.android.server.integrity.AppIntegrityManagerService
08-16 16:52:11.169 1153 1319 D PinnerService: pinRangeStream: null
08-16 16:52:11.171 1153 1153 E IntegrityFileManager: Error creating staging and rules directory
08-16 16:52:11.167 1153 1153 I auditd : type=1400 audit(0.0:86): avc: denied { read } for comm="InputReader" name="virtualkeys.cyttsp7_mt" dev="sysfs" ino=73357 scontext=u:r:system_server:s0 tcontext=u:object_r:sysfs:s0 tclass=file permissive=0
08-16 16:52:11.176 1153 1153 D SystemServerTiming: AppIntegrityService took to complete: 7ms
08-16 16:52:11.195 1153 1153 I WindowManager: SAFE MODE not enabled
08-16 16:52:11.195 1153 1153 I SystemServerTiming: StartInputMethodManagerLifecycle
08-16 16:52:11.195 1153 1153 I SystemServiceManager: Starting com.android.server.inputmethod.InputMethodManagerService$Lifecycle
08-16 16:52:11.201 1153 1153 D SystemServerTiming: StartInputMethodManagerLifecycle took to complete: 6ms
08-16 16:52:11.201 1153 1153 I SystemServerTiming: StartAccessibilityManagerService
08-16 16:52:11.201 1153 1153 I SystemServiceManager: Starting com.android.server.accessibility.AccessibilityManagerService$Lifecycle
08-16 16:52:11.211 1153 1153 D SystemServerTiming: StartAccessibilityManagerService took to complete: 10ms
08-16 16:52:11.211 1153 1153 I SystemServerTiming: MakeDisplayReady
08-16 16:52:11.215 1153 1153 I configuration_changed: 536894968
08-16 16:52:11.216 1153 1153 I ActivityTaskManager: Config changes=20005df8 {1.0 ?mcc?mnc [en_US] ldltr sw680dp w1586dp h608dp 240dpi lrg long land ?uimode ?night -touch -keyb/v/h -nav/h winConfig={ mBounds=Rect(0, 0 - 2380, 1020) mAppBounds=Rect(0, 0 - 2380, 948) mMaxBounds=Rect(0, 0 - 2380, 1020) mWindowingMode=fullscreen mDisplayWindowingMode=fullscreen mActivityType=undefined mAlwaysOnTop=undefined mRotation=ROTATION_0} s.2 ?fontWeightAdjustment}
08-16 16:52:11.217 1153 1153 I WindowManager: Override config changes=60007dfc {1.0 ?mcc?mnc [en_US] ldltr sw680dp w1586dp h608dp 240dpi lrg long land ?uimode ?night -touch -keyb/v/h -nav/h winConfig={ mBounds=Rect(0, 0 - 2380, 1020) mAppBounds=Rect(0, 0 - 2380, 948) mMaxBounds=Rect(0, 0 - 2380, 1020) mWindowingMode=fullscreen mDisplayWindowingMode=fullscreen mActivityType=undefined mAlwaysOnTop=undefined mRotation=ROTATION_0} s.2 ?fontWeightAdjustment} for displayId=0
08-16 16:52:11.232 1153 1153 I sysui_multi_action: [757,1659,758,4,759,2,1660,0]
08-16 16:52:11.233 1153 1319 D PinnerService: pinRangeStream: null
08-16 16:52:11.233 1153 1319 D PinnerService: pinRangeStream: null
08-16 16:52:11.237 1153 1153 I configuration_changed: 8
08-16 16:52:11.238 1153 1153 I ActivityTaskManager: Config changes=8 {1.0 ?mcc?mnc [en_US] ldltr sw680dp w1586dp h608dp 240dpi lrg long land ?uimode ?night finger -keyb/v/h -nav/h winConfig={ mBounds=Rect(0, 0 - 2380, 1020) mAppBounds=Rect(0, 0 - 2380, 948) mMaxBounds=Rect(0, 0 - 2380, 1020) mWindowingMode=fullscreen mDisplayWindowingMode=fullscreen mActivityType=undefined mAlwaysOnTop=undefined mRotation=ROTATION_0} s.4 ?fontWeightAdjustment}
08-16 16:52:11.239 1153 1153 I WindowManager: Override config changes=8 {1.0 ?mcc?mnc [en_US] ldltr sw680dp w1586dp h608dp 240dpi lrg long land ?uimode ?night finger -keyb/v/h -nav/h winConfig={ mBounds=Rect(0, 0 - 2380, 1020) mAppBounds=Rect(0, 0 - 2380, 948) mMaxBounds=Rect(0, 0 - 2380, 1020) mWindowingMode=fullscreen mDisplayWindowingMode=fullscreen mActivityType=undefined mAlwaysOnTop=undefined mRotation=ROTATION_0} s.4 ?fontWeightAdjustment} for displayId=0
08-16 16:52:11.240 1153 1319 D PinnerService: pinRangeStream: null
08-16 16:52:11.241 1153 1153 D SystemServerTiming: MakeDisplayReady took to complete: 29ms
08-16 16:52:11.241 1153 1153 I SystemServerTiming: StartStorageManagerService
08-16 16:52:11.241 1153 1153 I SystemServiceManager: Starting com.android.server.StorageManagerService$Lifecycle
08-16 16:52:11.290 1153 1319 D PinnerService: pinRangeStream: null
08-16 16:52:11.292 1153 1726 D StorageManagerService: Thinking about init, mBootCompleted=false, mDaemonConnected=true
08-16 16:52:11.292 1153 1726 D StorageManagerService: Thinking about reset, mBootCompleted=false, mDaemonConnected=true
08-16 16:52:11.293 1153 1153 W SystemServiceManager: Service com.android.server.StorageManagerService$Lifecycle took 52 ms in onStart
08-16 16:52:11.293 1153 1726 D StorageManagerService: Thinking about init, mBootCompleted=false, mDaemonConnected=true
08-16 16:52:11.294 1153 1726 D StorageManagerService: Thinking about reset, mBootCompleted=false, mDaemonConnected=true
08-16 16:52:11.294 1153 1153 D SystemServerTiming: StartStorageManagerService took to complete: 52ms
08-16 16:52:11.294 1153 1153 I SystemServerTiming: StartStorageStatsService
08-16 16:52:11.294 1153 1153 I SystemServiceManager: Starting com.android.server.usage.StorageStatsService$Lifecycle
08-16 16:52:11.312 1153 1153 D SystemServerTiming: StartStorageStatsService took to complete: 18ms
08-16 16:52:11.312 1153 1153 I SystemServerTiming: StartUiModeManager
08-16 16:52:11.312 1153 1153 I SystemServiceManager: Starting com.android.server.UiModeManagerService
08-16 16:52:11.312 1153 1319 D PinnerService: pinRangeStream: null
08-16 16:52:11.313 1153 1319 D PinnerService: pinRangeStream: null
08-16 16:52:11.314 1153 1153 D SystemServerTiming: StartUiModeManager took to complete: 2ms
08-16 16:52:11.314 1153 1153 I SystemServerTiming: UpdatePackagesIfNeeded
08-16 16:52:11.314 1153 1153 I Watchdog: Pausing HandlerChecker: main thread for reason: dexopt. Pause count: 1
08-16 16:52:11.314 1153 1153 I Watchdog: Resuming HandlerChecker: main thread for reason: dexopt. Pause count: 0
08-16 16:52:11.314 1153 1153 D SystemServerTiming: UpdatePackagesIfNeeded took to complete: 0ms
08-16 16:52:11.314 1153 1153 I SystemServerTiming: PerformFstrimIfNeeded
08-16 16:52:11.315 1153 1153 D SystemServerTiming: PerformFstrimIfNeeded took to complete: 1ms
08-16 16:52:11.315 1153 1153 I SystemServerTiming: StartLockSettingsService
08-16 16:52:11.315 1153 1153 I SystemServiceManager: Starting com.android.server.locksettings.LockSettingsService$Lifecycle
08-16 16:52:11.325 1153 1319 D PinnerService: pinRangeStream: null
08-16 16:52:11.326 1153 1730 I SystemServerTimingAsync: InitThreadPoolExec:UiModeManager.onStart
08-16 16:52:11.326 1153 1730 D SystemServerInitThreadPool: Started executing UiModeManager.onStart
08-16 16:52:11.328 1153 1319 D PinnerService: pinRangeStream: null
08-16 16:52:11.328 1153 1319 E PinnerService: Could not pin file /system/lib64/libsurfaceflinger.so
08-16 16:52:11.328 1153 1319 E PinnerService: android.system.ErrnoException: open failed: ENOENT (No such file or directory)
08-16 16:52:11.328 1153 1319 E PinnerService: at libcore.io.Linux.open(Native Method)
08-16 16:52:11.328 1153 1319 E PinnerService: at libcore.io.ForwardingOs.open(ForwardingOs.java:567)
08-16 16:52:11.328 1153 1319 E PinnerService: at libcore.io.BlockGuardOs.open(BlockGuardOs.java:273)
08-16 16:52:11.328 1153 1319 E PinnerService: at android.system.Os.open(Os.java:501)
08-16 16:52:11.328 1153 1319 E PinnerService: at com.android.server.PinnerService.pinFileRanges(PinnerService.java:939)
08-16 16:52:11.328 1153 1319 E PinnerService: at com.android.server.PinnerService.pinFile(PinnerService.java:814)
08-16 16:52:11.328 1153 1319 E PinnerService: at com.android.server.PinnerService.handlePinOnStart(PinnerService.java:273)
08-16 16:52:11.328 1153 1319 E PinnerService: at com.android.server.PinnerService.access$1600(PinnerService.java:91)
08-16 16:52:11.328 1153 1319 E PinnerService: at com.android.server.PinnerService$PinnerHandler.handleMessage(PinnerService.java:1183)
08-16 16:52:11.328 1153 1319 E PinnerService: at android.os.Handler.dispatchMessage(Handler.java:106)
08-16 16:52:11.328 1153 1319 E PinnerService: at android.os.Looper.loopOnce(Looper.java:201)
08-16 16:52:11.328 1153 1319 E PinnerService: at android.os.Looper.loop(Looper.java:288)
08-16 16:52:11.328 1153 1319 E PinnerService: at android.os.HandlerThread.run(HandlerThread.java:67)
08-16 16:52:11.328 1153 1319 E PinnerService: Failed to pin file = /system/lib64/libsurfaceflinger.so
08-16 16:52:11.340 1153 1652 D SystemServerTimingAsync: AppDataFixup took to complete: 779ms
08-16 16:52:11.343 1153 1730 D SystemServerInitThreadPool: Finished executing UiModeManager.onStart
08-16 16:52:11.343 1153 1730 D SystemServerTimingAsync: InitThreadPoolExec:UiModeManager.onStart took to complete: 17ms
08-16 16:52:11.349 1153 1153 D SystemServerTiming: StartLockSettingsService took to complete: 35ms
08-16 16:52:11.349 1153 1153 I SystemServerTiming: StartPersistentDataBlock
08-16 16:52:11.350 1153 1153 I SystemServiceManager: Starting com.android.server.PersistentDataBlockService
08-16 16:52:11.350 1153 1153 D SystemServerTiming: StartPersistentDataBlock took to complete: 1ms
08-16 16:52:11.350 1153 1153 I SystemServerTiming: StartTestHarnessMode
08-16 16:52:11.350 1153 1153 I SystemServiceManager: Starting com.android.server.testharness.TestHarnessModeService
08-16 16:52:11.351 1153 1153 D SystemServerTiming: StartTestHarnessMode took to complete: 1ms
08-16 16:52:11.351 1153 1153 I SystemServerTiming: StartOemLockService
08-16 16:52:11.351 1153 1153 I SystemServiceManager: Starting com.android.server.oemlock.OemLockService
08-16 16:52:11.352 1153 1732 I SystemServerTimingAsync: InitThreadPoolExec:PersistentDataBlockService.onStart
08-16 16:52:11.353 1153 1153 I OemLock : OemLock HAL not present on device
08-16 16:52:11.353 1153 1153 I OemLock : Using persistent data block based lock
08-16 16:52:11.353 1153 1153 D SystemServerTiming: StartOemLockService took to complete: 2ms
08-16 16:52:11.353 1153 1153 I SystemServerTiming: StartDeviceIdleController
08-16 16:52:11.354 1153 1153 I SystemServiceManager: Starting com.android.server.DeviceIdleController
08-16 16:52:11.356 1153 1732 D SystemServerInitThreadPool: Started executing PersistentDataBlockService.onStart
08-16 16:52:11.357 1153 1153 D SystemServerTiming: StartDeviceIdleController took to complete: 3ms
08-16 16:52:11.357 1153 1153 I SystemServerTiming: StartDevicePolicyManager
08-16 16:52:11.357 1153 1153 I SystemServiceManager: Starting com.android.server.devicepolicy.DevicePolicyManagerService$Lifecycle
08-16 16:52:11.359 1153 1732 E PersistentDataBlockService: not able to find package com.google.android.gms
08-16 16:52:11.359 1153 1732 E PersistentDataBlockService: android.content.pm.PackageManager$NameNotFoundException: com.google.android.gms
08-16 16:52:11.359 1153 1732 E PersistentDataBlockService: at android.app.ApplicationPackageManager.getPackageUidAsUser(ApplicationPackageManager.java:364)
08-16 16:52:11.359 1153 1732 E PersistentDataBlockService: at com.android.server.PersistentDataBlockService.getAllowedUid(PersistentDataBlockService.java:162)
08-16 16:52:11.359 1153 1732 E PersistentDataBlockService: at com.android.server.PersistentDataBlockService.lambda$onStart$0$PersistentDataBlockService(PersistentDataBlockService.java:176)
08-16 16:52:11.359 1153 1732 E PersistentDataBlockService: at com.android.server.PersistentDataBlockService$$ExternalSyntheticLambda0.run(Unknown Source:2)
08-16 16:52:11.359 1153 1732 E PersistentDataBlockService: at com.android.server.SystemServerInitThreadPool.lambda$submitTask$0$SystemServerInitThreadPool(SystemServerInitThreadPool.java:105)
08-16 16:52:11.359 1153 1732 E PersistentDataBlockService: at com.android.server.SystemServerInitThreadPool$$ExternalSyntheticLambda0.run(Unknown Source:6)
08-16 16:52:11.359 1153 1732 E PersistentDataBlockService: at java.util.concurrent.Executors$RunnableAdapter.call(Executors.java:462)
08-16 16:52:11.359 1153 1732 E PersistentDataBlockService: at java.util.concurrent.FutureTask.run(FutureTask.java:266)
