01-01 05:04:09.417 0 0 I : worker_thread+0x268/0x4b8
01-01 05:04:09.417 0 0 I : kthread+0x140/0x150
01-01 05:04:09.417 0 0 I : ret_from_fork+0x10/0x1c
01-01 05:04:09.422 0 0 E : INFO: trying to register non-static key.
01-01 05:04:09.423 0 0 I ueventd : loading /devices/platform/soc/b0000000.qcom,cnss-qca6390/firmware/qca6390!regdb.bin took 92ms
01-01 05:04:09.425 0 0 E cnss : Failed to load BDF: qca6390/regdb.bin
01-01 05:04:09.425 0 0 D cnss : Sending BDF download message, state: 0x13, type: 1
01-01 05:04:09.425 0 0 D cnss : FW name added with prefix: qca6390/bdwlan.elf
01-01 05:04:09.426 0 0 W cnss2 b0000000.qcom,cnss-qca6390: Falling back to syfs fallback for: qca6390/bdwlan.elf
01-01 05:04:09.428 0 0 E : the code is fine but needs lockdep annotation.
01-01 05:04:09.428 0 0 I : CPU: 7 PID: 1863 Comm: HwBinder:1303_2 Tainted: G S W O 4.19.157+ #1
01-01 05:04:09.428 0 0 I Hardware name: Qualcomm Technologies, Inc. kona MTP-RmPM8150b (DT)
01-01 05:04:09.428 0 0 I Call trace:
01-01 05:04:09.428 0 0 I : dump_backtrace+0x0/0x258
01-01 05:04:09.428 0 0 I : show_stack+0x20/0x30
01-01 05:04:09.428 0 0 I : dump_stack+0xd8/0x12c
01-01 05:04:09.428 0 0 I : register_lock_class+0x4d0/0x5c8
01-01 05:04:09.428 0 0 I : __lock_acquire+0xbc/0x1e58
01-01 05:04:09.428 0 0 I : lock_acquire+0x1cc/0x218
01-01 05:04:09.428 0 0 I : _raw_spin_lock_irqsave+0x54/0x98
01-01 05:04:09.428 0 0 I : __ion_system_secure_heap_resize+0x768/0x8c0
01-01 05:04:09.428 0 0 I : ion_system_secure_heap_drain+0x28/0x38
01-01 05:04:09.428 0 0 I : ion_walk_heaps+0x88/0xb8
01-01 05:04:09.428 0 0 I : ion_ioctl+0x1b0/0x2a8
01-01 05:04:09.428 0 0 I : __arm64_compat_sys_ioctl+0xf4/0x240
01-01 05:04:09.428 0 0 I : el0_svc_common+0xa4/0x190
01-01 05:04:09.428 0 0 I : el0_svc_compat_handler+0x28/0x38
01-01 05:04:09.428 0 0 I : el0_svc_compat+0x8/0x34
01-01 05:04:09.431 0 0 E : INFO: trying to register non-static key.
08-16 16:52:13.524 1153 1973 W ContextImpl: Calling a method in the system process without a qualified user: android.app.ContextImpl.bindService:1895 android.content.ContextWrapper.bindService:810 com.qualcomm.qti.activityextension.ActivityNotifier.bindToDynamicDDSService:103 com.qualcomm.qti.activityextension.ActivityNotifier.handleSendActivityInvokeNotification:184 com.qualcomm.qti.activityextension.ActivityNotifier.access$300:26
08-16 16:52:13.526 1153 1153 W Looper : Slow delivery took 5936ms main h=android.app.PropertyInvalidatedCache$AutoCorker$1 c=null m=0
08-16 16:52:13.532 1153 1179 I wm_task_created: [3,-1]
01-01 05:04:09.439 0 0 E : INFO: trying to register non-static key.
01-01 05:04:09.444 0 0 E : the code is fine but needs lockdep annotation.
01-01 05:04:09.450 0 0 E : the code is fine but needs lockdep annotation.
01-01 05:04:09.450 0 0 I : CPU: 7 PID: 1863 Comm: HwBinder:1303_2 Tainted: G S W O 4.19.157+ #1
01-01 05:04:09.520 0 0 E init : Control message: Could not find 'vendor.qti.hardware.iop@2.0::IIop/default' for ctl.interface_start from pid: 520 (/system/bin/hwservicemanager)
01-01 05:04:09.521 0 0 I Hardware name: Qualcomm Technologies, Inc. kona MTP-RmPM8150b (DT)
01-01 05:04:09.521 0 0 I Call trace:
01-01 05:04:09.521 0 0 I : dump_backtrace+0x0/0x258
08-16 16:52:13.540 1153 1179 I wm_task_created: [4,-1]
08-16 16:52:13.543 1153 1153 D ConditionProviders.SCP: onConnected
01-01 05:04:09.541 0 0 I ueventd : firmware: loading 'qca6390/bdwlan.elf' for '/devices/platform/soc/b0000000.qcom,cnss-qca6390/firmware/qca6390!bdwlan.elf'
08-16 16:52:13.544 1153 1324 W ActivityManager: Slow operation: 311ms so far, now at startProcess: returned from zygote!
08-16 16:52:13.544 1153 1324 W ActivityManager: Slow operation: 311ms so far, now at startProcess: done updating battery stats
08-16 16:52:13.545 1153 1324 I am_proc_start: [0,2014,10072,.qtidataservices,added application,.qtidataservices]
08-16 16:52:13.545 1153 1324 W ActivityManager: Slow operation: 311ms so far, now at startProcess: building log message
08-16 16:52:13.545 1153 1324 I ActivityManager: Start proc 2014:.qtidataservices/u0a72 for added application .qtidataservices
08-16 16:52:13.545 1153 1324 W ActivityManager: Slow operation: 311ms so far, now at startProcess: starting to update pids map
08-16 16:52:13.545 1153 1324 W ActivityManager: Slow operation: 311ms so far, now at startProcess: done updating pids map
08-16 16:52:13.545 1153 1324 W ActivityManager: Slow operation: 308ms so far, now at startProcess: asking zygote to start proc
08-16 16:52:13.545 1153 1324 D CompatibilityChangeReporter: Compat change id reported: 143937733; UID 10093; state: ENABLED
08-16 16:52:13.546 1153 1153 D ConditionProviders: Subscribing to condition://android/event?userId=-10000&calendar=&reply=1 with ComponentInfo{android/com.android.server.notification.EventConditionProvider}
08-16 16:52:13.547 1153 1153 D ConditionProviders: Subscribing to condition://android/schedule?days=1.2.3.4.5.6.7&start=22.0&end=7.0&exitAtAlarm=true with ComponentInfo{android/com.android.server.notification.ScheduleConditionProvider}
08-16 16:52:13.547 1153 1153 I notification_cancel_all: [1000,1153,android,0,0,0,20,NULL]
08-16 16:52:13.557 1153 1153 I am_uid_running: 10153
08-16 16:52:13.557 1153 1153 D CompatibilityChangeReporter: Compat change id reported: 135634846; UID 10153; state: DISABLED
08-16 16:52:13.558 1153 1153 D CompatibilityChangeReporter: Compat change id reported: 177438394; UID 10153; state: DISABLED
08-16 16:52:13.558 1153 1153 D CompatibilityChangeReporter: Compat change id reported: 135772972; UID 10153; state: DISABLED
08-16 16:52:13.558 1153 1153 D CompatibilityChangeReporter: Compat change id reported: 135754954; UID 10153; state: ENABLED
01-01 05:04:09.552 0 0 I : show_stack+0x20/0x30
01-01 05:04:09.552 0 0 I : dump_stack+0xd8/0x12c
01-01 05:04:09.552 0 0 I : register_lock_class+0x4d0/0x5c8
01-01 05:04:09.552 0 0 I : __lock_acquire+0xbc/0x1e58
01-01 05:04:09.552 0 0 I : lock_acquire+0x1cc/0x218
01-01 05:04:09.552 0 0 I : _raw_spin_lock_irqsave+0x54/0x98
01-01 05:04:09.552 0 0 I : __ion_system_secure_heap_resize+0x768/0x8c0
01-01 05:04:09.552 0 0 I : ion_system_secure_heap_drain+0x28/0x38
01-01 05:04:09.552 0 0 I : ion_walk_heaps+0x88/0xb8
01-01 05:04:09.552 0 0 I : ion_ioctl+0x1b0/0x2a8
01-01 05:04:09.552 0 0 I : __arm64_compat_sys_ioctl+0xf4/0x240
01-01 05:04:09.552 0 0 I : el0_svc_common+0xa4/0x190
01-01 05:04:09.552 0 0 I : el0_svc_compat_handler+0x28/0x38
01-01 05:04:09.552 0 0 I : el0_svc_compat+0x8/0x34
01-01 05:04:09.552 0 0 I : CPU: 0 PID: 482 Comm: kworker/u16:16 Tainted: G S W O 4.19.157+ #1
01-01 05:04:09.552 0 0 I Hardware name: Qualcomm Technologies, Inc. kona MTP-RmPM8150b (DT)
01-01 05:04:09.552 0 0 I Workqueue: events_unbound ion_system_secure_heap_prefetch_work
01-01 05:04:09.552 0 0 I Call trace:
01-01 05:04:09.552 0 0 I : dump_backtrace+0x0/0x258
01-01 05:04:09.552 0 0 I : show_stack+0x20/0x30
01-01 05:04:09.552 0 0 I : dump_stack+0xd8/0x12c
01-01 05:04:09.552 0 0 I : register_lock_class+0x4d0/0x5c8
01-01 05:04:09.552 0 0 I : __lock_acquire+0xbc/0x1e58
01-01 05:04:09.552 0 0 I : lock_acquire+0x1cc/0x218
01-01 05:04:09.552 0 0 I : _raw_spin_lock_irqsave+0x54/0x98
01-01 05:04:09.552 0 0 I : ion_system_secure_heap_prefetch_work+0x94/0x2c0
01-01 05:04:09.552 0 0 I : process_one_work+0x38c/0x660
01-01 05:04:09.552 0 0 I : worker_thread+0x268/0x4b8
01-01 05:04:09.552 0 0 I : kthread+0x140/0x150
01-01 05:04:09.552 0 0 I : ret_from_fork+0x10/0x1c
01-01 05:04:09.554 0 0 I msm_vidc: high: 00000001: h264d: Closed video instance: ffffffe8560cc000
08-16 16:52:13.595 1153 1324 W ActivityManager: Slow operation: 358ms so far, now at startProcess: returned from zygote!
08-16 16:52:13.595 1153 1324 W ActivityManager: Slow operation: 359ms so far, now at startProcess: done updating battery stats
08-16 16:52:13.595 1153 1324 I am_proc_start: [0,2019,10093,com.qti.phone,added application,com.qti.phone]
08-16 16:52:13.595 1153 1324 W ActivityManager: Slow operation: 359ms so far, now at startProcess: building log message
08-16 16:52:13.595 1153 1324 I ActivityManager: Start proc 2019:com.qti.phone/u0a93 for added application com.qti.phone
08-16 16:52:13.596 1153 1324 W ActivityManager: Slow operation: 359ms so far, now at startProcess: starting to update pids map
08-16 16:52:13.596 1153 1324 W ActivityManager: Slow operation: 359ms so far, now at startProcess: done updating pids map
08-16 16:52:13.596 1153 1324 W ActivityManager: Slow operation: 358ms so far, now at startProcess: asking zygote to start proc
01-01 05:04:09.565 0 0 I ueventd : loading /devices/platform/soc/b0000000.qcom,cnss-qca6390/firmware/qca6390!bdwlan.elf took 25ms
08-16 16:52:13.654 1153 1153 I service_manager_slow: [95,window]
08-16 16:52:13.655 1830 1830 I service_manager_slow: [69,media_session]
08-16 16:52:13.664 1153 1324 W ActivityManager: Slow operation: 426ms so far, now at startProcess: returned from zygote!
08-16 16:52:13.664 1153 1324 W ActivityManager: Slow operation: 426ms so far, now at startProcess: done updating battery stats
08-16 16:52:13.664 1153 1324 I am_proc_start: [0,2020,1073,com.android.networkstack.process,added application,com.android.networkstack.process]
08-16 16:52:13.664 1153 1324 W ActivityManager: Slow operation: 426ms so far, now at startProcess: building log message
08-16 16:52:13.664 1153 1324 I ActivityManager: Start proc 2020:com.android.networkstack.process/1073 for added application com.android.networkstack.process
08-16 16:52:13.664 1153 1324 W ActivityManager: Slow operation: 426ms so far, now at startProcess: starting to update pids map
08-16 16:52:13.665 1153 1324 W ActivityManager: Slow operation: 427ms so far, now at startProcess: done updating pids map
08-16 16:52:13.665 1153 1324 W ActivityManager: Slow operation: 426ms so far, now at startProcess: asking zygote to start proc
08-16 16:52:13.665 1153 1324 D CompatibilityChangeReporter: Compat change id reported: 143937733; UID 10147; state: ENABLED
08-16 16:52:13.681 1153 1179 I wm_task_created: [5,-1]
08-16 16:52:13.683 1153 1179 I wm_task_created: [6,-1]
08-16 16:52:13.686 1153 1179 I wm_task_created: [7,-1]
08-16 16:52:13.698 1153 1319 I netstats_mobile_sample: [0,0,0,0,0,0,0,0,0,0,0,0,1660668733687]
08-16 16:52:13.698 1153 1319 I netstats_wifi_sample: [0,0,0,0,0,0,0,0,0,0,0,0,1660668733687]
08-16 16:52:13.756 1153 1179 D CompatibilityChangeReporter: Compat change id reported: 171306433; UID 1000; state: ENABLED
08-16 16:52:13.762 1153 1860 E WebViewUpdateServiceImpl: Timed out waiting for relro creation, relros started 2 relros finished 1 package dirty? false
08-16 16:52:13.762 1153 1860 W WebViewUpdateServiceImpl: creating relro file timed out
08-16 16:52:13.798 1153 1736 I dvm_lock_sample: [system_server,0,NetworkPolicy,281,NetworkStatsService.java,1026,void com.android.server.net.NetworkStatsService.advisePersistThreshold(long),-,1506,void com.android.server.net.NetworkStatsService.performPoll(int),56]
08-16 16:52:13.805 1153 1179 I am_proc_bound: [0,2019,com.qti.phone]
08-16 16:52:13.808 1153 1179 D CompatibilityChangeReporter: Compat change id reported: 168419799; UID 10093; state: DISABLED
01-01 05:04:09.565 0 0 D cnss : Downloading BDF: qca6390/bdwlan.elf, size: 57908
08-16 16:52:13.809 1830 1830 W OneHandedController: Device doesn't support OneHanded feature
01-01 05:04:09.570 0 0 E : INFO: trying to register non-static key.
01-01 05:04:09.575 0 0 E : the code is fine but needs lockdep annotation.
08-16 16:52:13.818 1153 1179 D CompatibilityChangeReporter: Compat change id reported: 181136395; UID 1000; state: DISABLED
08-16 16:52:13.825 1153 1179 D CompatibilityChangeReporter: Compat change id reported: 174042936; UID 1000; state: DISABLED
08-16 16:52:13.825 1153 1179 I am_uid_active: 10093
01-01 05:04:09.581 0 0 I : CPU: 0 PID: 482 Comm: kworker/u16:16 Tainted: G S W O 4.19.157+ #1
01-01 05:04:09.581 0 0 I Hardware name: Qualcomm Technologies, Inc. kona MTP-RmPM8150b (DT)
01-01 05:04:09.581 0 0 I Workqueue: events_unbound ion_system_secure_heap_prefetch_work
01-01 05:04:09.581 0 0 I Call trace:
01-01 05:04:09.581 0 0 I : dump_backtrace+0x0/0x258
01-01 05:04:09.581 0 0 I : show_stack+0x20/0x30
01-01 05:04:09.581 0 0 I : dump_stack+0xd8/0x12c
01-01 05:04:09.581 0 0 I : register_lock_class+0x4d0/0x5c8
01-01 05:04:09.581 0 0 I : __lock_acquire+0xbc/0x1e58
01-01 05:04:09.581 0 0 I : lock_acquire+0x1cc/0x218
08-16 16:52:13.832 1153 1153 W Looper : Slow dispatch took 173ms main h=android.app.ActivityThread$H c=null m=114
01-01 05:04:09.581 0 0 I : _raw_spin_lock_irqsave+0x54/0x98
01-01 05:04:09.581 0 0 I : ion_system_secure_heap_prefetch_work+0x94/0x2c0
01-01 05:04:09.581 0 0 I : process_one_work+0x38c/0x660
01-01 05:04:09.581 0 0 I : worker_thread+0x268/0x4b8
08-16 16:52:13.834 1153 1179 I am_proc_bound: [0,2014,.qtidataservices]
08-16 16:52:13.837 1153 1179 D CompatibilityChangeReporter: Compat change id reported: 168419799; UID 10072; state: DISABLED
01-01 05:04:09.581 0 0 I : kthread+0x140/0x150
01-01 05:04:09.581 0 0 I : ret_from_fork+0x10/0x1c
01-01 05:04:09.604 0 0 E : INFO: trying to register non-static key.
01-01 05:04:09.609 0 0 E : the code is fine but needs lockdep annotation.
01-01 05:04:09.615 0 0 I : CPU: 0 PID: 482 Comm: kworker/u16:16 Tainted: G S W O 4.19.157+ #1
01-01 05:04:09.615 0 0 I Hardware name: Qualcomm Technologies, Inc. kona MTP-RmPM8150b (DT)
01-01 05:04:09.615 0 0 I Workqueue: events_unbound ion_system_secure_heap_prefetch_work
01-01 05:04:09.615 0 0 I Call trace:
01-01 05:04:09.615 0 0 I : dump_backtrace+0x0/0x258
01-01 05:04:09.615 0 0 I : show_stack+0x20/0x30
01-01 05:04:09.615 0 0 I : dump_stack+0xd8/0x12c
01-01 05:04:09.615 0 0 I : register_lock_class+0x4d0/0x5c8
01-01 05:04:09.615 0 0 I : __lock_acquire+0xbc/0x1e58
01-01 05:04:09.615 0 0 I : lock_acquire+0x1cc/0x218
01-01 05:04:09.615 0 0 I : _raw_spin_lock_irqsave+0x54/0x98
01-01 05:04:09.615 0 0 I : ion_system_secure_heap_prefetch_work+0x94/0x2c0
01-01 05:04:09.615 0 0 I : process_one_work+0x38c/0x660
01-01 05:04:09.615 0 0 I : worker_thread+0x268/0x4b8
01-01 05:04:09.615 0 0 I : kthread+0x140/0x150
01-01 05:04:09.615 0 0 I : ret_from_fork+0x10/0x1c
01-01 05:04:09.631 0 0 I binder : undelivered TRANSACTION_COMPLETE
01-01 05:04:09.631 0 0 I binder : undelivered transaction 12044, process died.
01-01 05:04:09.637 0 0 E : INFO: trying to register non-static key.
01-01 05:04:09.642 0 0 E : the code is fine but needs lockdep annotation.
01-01 05:04:09.647 0 0 I : CPU: 0 PID: 482 Comm: kworker/u16:16 Tainted: G S W O 4.19.157+ #1
01-01 05:04:09.647 0 0 I Hardware name: Qualcomm Technologies, Inc. kona MTP-RmPM8150b (DT)
01-01 05:04:09.647 0 0 I Workqueue: events_unbound ion_system_secure_heap_prefetch_work
08-16 16:52:13.841 1153 1179 I am_uid_active: 10072
08-16 16:52:13.843 1153 1153 I PackageWatchdog: Syncing health check requests for packages: {}
08-16 16:52:13.844 1153 1153 I ExplicitHealthCheckController: Service not ready to get health check supported packages. Binding...
08-16 16:52:13.844 1816 2062 I bt_config_source: 1
08-16 16:52:13.847 1816 2062 I bt_config_source: 1
08-16 16:52:13.844 1153 1153 I ExplicitHealthCheckController: Explicit health check service is bound
08-16 16:52:13.849 2020 2020 I service_manager_slow: [13,activity]
08-16 16:52:13.850 1153 1727 I am_proc_bound: [0,2020,com.android.networkstack.process]
08-16 16:52:13.854 1153 1727 D CompatibilityChangeReporter: Compat change id reported: 168419799; UID 1073; state: DISABLED
08-16 16:52:13.858 1153 1727 I am_uid_active: 1073
08-16 16:52:13.871 1153 1324 W ActivityManager: Slow operation: 633ms so far, now at startProcess: returned from zygote!
08-16 16:52:13.878 1153 1727 D CompatibilityChangeReporter: Compat change id reported: 168419799; UID 1073; state: DISABLED
08-16 16:52:13.880 1153 1324 W ActivityManager: Slow operation: 641ms so far, now at startProcess: done updating battery stats
08-16 16:52:13.880 1153 1324 I am_proc_start: [0,2097,10147,com.qualcomm.qtil.aptxacu,added application,com.qualcomm.qtil.aptxacu]
08-16 16:52:13.880 1153 1324 W ActivityManager: Slow operation: 641ms so far, now at startProcess: building log message
08-16 16:52:13.880 1153 1324 I ActivityManager: Start proc 2097:com.qualcomm.qtil.aptxacu/u0a147 for added application com.qualcomm.qtil.aptxacu
08-16 16:52:13.880 1153 1324 W ActivityManager: Slow operation: 641ms so far, now at startProcess: starting to update pids map
08-16 16:52:13.880 1153 1324 W ActivityManager: Slow operation: 642ms so far, now at startProcess: done updating pids map
08-16 16:52:13.880 1153 1324 W ActivityManager: Slow operation: 637ms so far, now at startProcess: asking zygote to start proc
08-16 16:52:13.880 1153 1324 D CompatibilityChangeReporter: Compat change id reported: 143937733; UID 10126; state: ENABLED
01-01 05:04:09.647 0 0 I Call trace:
01-01 05:04:09.647 0 0 I : dump_backtrace+0x0/0x258
01-01 05:04:09.647 0 0 I : show_stack+0x20/0x30
01-01 05:04:09.647 0 0 I : dump_stack+0xd8/0x12c
01-01 05:04:09.647 0 0 I : register_lock_class+0x4d0/0x5c8
01-01 05:04:09.647 0 0 I : __lock_acquire+0xbc/0x1e58
01-01 05:04:09.647 0 0 I : lock_acquire+0x1cc/0x218
01-01 05:04:09.647 0 0 I : _raw_spin_lock_irqsave+0x54/0x98
01-01 05:04:09.647 0 0 I : ion_system_secure_heap_prefetch_work+0x94/0x2c0
01-01 05:04:09.647 0 0 I : process_one_work+0x38c/0x660
01-01 05:04:09.647 0 0 I : worker_thread+0x268/0x4b8
01-01 05:04:09.647 0 0 I : kthread+0x140/0x150
01-01 05:04:09.647 0 0 I : ret_from_fork+0x10/0x1c
01-01 05:04:09.652 0 0 E init : Control message: Could not find 'vendor.qti.hardware.iop@2.0::IIop/default' for ctl.interface_start from pid: 520 (/system/bin/hwservicemanager)
01-01 05:04:09.654 0 0 I binder : 2014:2014 ioctl 40046210 7fd93f2444 returned -22
01-01 05:04:09.668 0 0 E : INFO: trying to register non-static key.
01-01 05:04:09.673 0 0 E : the code is fine but needs lockdep annotation.
01-01 05:04:09.679 0 0 I : CPU: 0 PID: 482 Comm: kworker/u16:16 Tainted: G S W O 4.19.157+ #1
01-01 05:04:09.679 0 0 I Hardware name: Qualcomm Technologies, Inc. kona MTP-RmPM8150b (DT)
01-01 05:04:09.679 0 0 I Workqueue: events_unbound ion_system_secure_heap_prefetch_work
01-01 05:04:09.679 0 0 I Call trace:
01-01 05:04:09.679 0 0 I : dump_backtrace+0x0/0x258
01-01 05:04:09.679 0 0 I : show_stack+0x20/0x30
01-01 05:04:09.679 0 0 I : dump_stack+0xd8/0x12c
01-01 05:04:09.679 0 0 I : register_lock_class+0x4d0/0x5c8
01-01 05:04:09.679 0 0 I : __lock_acquire+0xbc/0x1e58
01-01 05:04:09.679 0 0 I : lock_acquire+0x1cc/0x218
01-01 05:04:09.679 0 0 I : _raw_spin_lock_irqsave+0x54/0x98
01-01 05:04:09.679 0 0 I : ion_system_secure_heap_prefetch_work+0x94/0x2c0
01-01 05:04:09.679 0 0 I : process_one_work+0x38c/0x660
01-01 05:04:09.679 0 0 I : worker_thread+0x268/0x4b8
01-01 05:04:09.679 0 0 I : kthread+0x140/0x150
01-01 05:04:09.679 0 0 I : ret_from_fork+0x10/0x1c
01-01 05:04:09.679 0 0 I binder : 2019:2019 ioctl 40046210 7fd93f2444 returned -22
01-01 05:04:09.688 0 0 E : INFO: trying to register non-static key.
01-01 05:04:09.693 0 0 E : the code is fine but needs lockdep annotation.
01-01 05:04:09.699 0 0 I : CPU: 0 PID: 482 Comm: kworker/u16:16 Tainted: G S W O 4.19.157+ #1
01-01 05:04:09.699 0 0 I Hardware name: Qualcomm Technologies, Inc. kona MTP-RmPM8150b (DT)
01-01 05:04:09.699 0 0 I Workqueue: events_unbound ion_system_secure_heap_prefetch_work
01-01 05:04:09.699 0 0 I Call trace:
01-01 05:04:09.699 0 0 I : dump_backtrace+0x0/0x258
01-01 05:04:09.699 0 0 I : show_stack+0x20/0x30
01-01 05:04:09.699 0 0 I : dump_stack+0xd8/0x12c
01-01 05:04:09.699 0 0 I : register_lock_class+0x4d0/0x5c8
01-01 05:04:09.699 0 0 I : __lock_acquire+0xbc/0x1e58
01-01 05:04:09.699 0 0 I : lock_acquire+0x1cc/0x218
01-01 05:04:09.699 0 0 I : _raw_spin_lock_irqsave+0x54/0x98
01-01 05:04:09.699 0 0 I : ion_system_secure_heap_prefetch_work+0x94/0x2c0
01-01 05:04:09.699 0 0 I : process_one_work+0x38c/0x660
01-01 05:04:09.699 0 0 I : worker_thread+0x268/0x4b8
01-01 05:04:09.699 0 0 I : kthread+0x140/0x150
01-01 05:04:09.699 0 0 I : ret_from_fork+0x10/0x1c
01-01 05:04:09.703 0 0 E : INFO: trying to register non-static key.
01-01 05:04:09.706 0 0 I init : processing action (vendor.bluetooth.startbtlogger=true) from (/system_ext/etc/init/init.qti.bt.logger.rc:29)
01-01 05:04:09.708 0 0 E : the code is fine but needs lockdep annotation.
01-01 05:04:09.709 0 0 I init : starting service 'vendor.bt_logger'...
01-01 05:04:09.714 0 0 I : CPU: 0 PID: 482 Comm: kworker/u16:16 Tainted: G S W O 4.19.157+ #1
01-01 05:04:09.714 0 0 I Hardware name: Qualcomm Technologies, Inc. kona MTP-RmPM8150b (DT)
01-01 05:04:09.714 0 0 I Workqueue: events_unbound ion_system_secure_heap_prefetch_work
01-01 05:04:09.714 0 0 I Call trace:
01-01 05:04:09.714 0 0 I : dump_backtrace+0x0/0x258
01-01 05:04:09.714 0 0 I : show_stack+0x20/0x30
01-01 05:04:09.714 0 0 I : dump_stack+0xd8/0x12c
01-01 05:04:09.714 0 0 I : register_lock_class+0x4d0/0x5c8
01-01 05:04:09.714 0 0 I : __lock_acquire+0xbc/0x1e58
01-01 05:04:09.714 0 0 I : lock_acquire+0x1cc/0x218
01-01 05:04:09.714 0 0 I : _raw_spin_lock_irqsave+0x54/0x98
01-01 05:04:09.714 0 0 I : ion_system_secure_heap_prefetch_work+0x94/0x2c0
01-01 05:04:09.714 0 0 I : process_one_work+0x38c/0x660
01-01 05:04:09.714 0 0 I : worker_thread+0x268/0x4b8
01-01 05:04:09.714 0 0 I : kthread+0x140/0x150
01-01 05:04:09.714 0 0 I : ret_from_fork+0x10/0x1c
01-01 05:04:09.718 0 0 E : INFO: trying to register non-static key.
01-01 05:04:09.723 0 0 E : the code is fine but needs lockdep annotation.
01-01 05:04:09.729 0 0 I : CPU: 0 PID: 482 Comm: kworker/u16:16 Tainted: G S W O 4.19.157+ #1
01-01 05:04:09.729 0 0 I Hardware name: Qualcomm Technologies, Inc. kona MTP-RmPM8150b (DT)
01-01 05:04:09.729 0 0 I Workqueue: events_unbound ion_system_secure_heap_prefetch_work
01-01 05:04:09.729 0 0 I Call trace:
01-01 05:04:09.729 0 0 I : dump_backtrace+0x0/0x258
01-01 05:04:09.729 0 0 I : show_stack+0x20/0x30
01-01 05:04:09.729 0 0 I : dump_stack+0xd8/0x12c
01-01 05:04:09.729 0 0 I : register_lock_class+0x4d0/0x5c8
01-01 05:04:09.729 0 0 I : __lock_acquire+0xbc/0x1e58
01-01 05:04:09.729 0 0 I : lock_acquire+0x1cc/0x218
01-01 05:04:09.729 0 0 I : _raw_spin_lock_irqsave+0x54/0x98
01-01 05:04:09.729 0 0 I : ion_system_secure_heap_prefetch_work+0x94/0x2c0
01-01 05:04:09.729 0 0 I : process_one_work+0x38c/0x660
01-01 05:04:09.729 0 0 I : worker_thread+0x268/0x4b8
01-01 05:04:09.729 0 0 I : kthread+0x140/0x150
01-01 05:04:09.729 0 0 I : ret_from_fork+0x10/0x1c
01-01 05:04:09.730 0 0 I binder : 2020:2020 ioctl 40046210 7fd93f2444 returned -22
01-01 05:04:09.734 0 0 E : INFO: trying to register non-static key.
01-01 05:04:09.739 0 0 E : the code is fine but needs lockdep annotation.
01-01 05:04:09.745 0 0 I : CPU: 0 PID: 482 Comm: kworker/u16:16 Tainted: G S W O 4.19.157+ #1
01-01 05:04:09.745 0 0 I Hardware name: Qualcomm Technologies, Inc. kona MTP-RmPM8150b (DT)
01-01 05:04:09.745 0 0 I Workqueue: events_unbound ion_system_secure_heap_prefetch_work
01-01 05:04:09.745 0 0 I Call trace:
01-01 05:04:09.745 0 0 I : dump_backtrace+0x0/0x258
01-01 05:04:09.745 0 0 I : show_stack+0x20/0x30
01-01 05:04:09.745 0 0 I : dump_stack+0xd8/0x12c
01-01 05:04:09.745 0 0 I : register_lock_class+0x4d0/0x5c8
01-01 05:04:09.745 0 0 I : __lock_acquire+0xbc/0x1e58
01-01 05:04:09.745 0 0 I : lock_acquire+0x1cc/0x218
01-01 05:04:09.745 0 0 I : _raw_spin_lock_irqsave+0x54/0x98
01-01 05:04:09.745 0 0 I : ion_system_secure_heap_prefetch_work+0x94/0x2c0
01-01 05:04:09.745 0 0 I : process_one_work+0x38c/0x660
01-01 05:04:09.745 0 0 I : worker_thread+0x268/0x4b8
01-01 05:04:09.745 0 0 I : kthread+0x140/0x150
01-01 05:04:09.745 0 0 I : ret_from_fork+0x10/0x1c
01-01 05:04:09.746 0 0 D cnss : Sending M3 information message, state: 0x13
01-01 05:04:09.746 0 0 D cnss : M3 memory, va: 0xffffff8020f55000, pa: 0x00000000a1800000, size: 0x411bc
01-01 05:04:09.751 0 0 D cnss : PM relax, state: 0x13, count: 0
01-01 05:04:09.751 0 0 D cnss : Received QMI WLFW FW initialization done indication
01-01 05:04:09.751 0 0 D cnss : Posting event: FW_READY(4), state: 0x13 flags: 0x0
01-01 05:04:09.751 0 0 D cnss : PM stay awake, state: 0x13, count: 1
01-01 05:04:09.751 0 0 D cnss : PM relax, state: 0x13, count: 0
01-01 05:04:09.751 0 0 D cnss : PM stay awake, state: 0x13, count: 1
01-01 05:04:09.751 0 0 D cnss : Processing driver event: FW_READY(4), state: 0x13
01-01 05:04:09.751 0 0 D cnss : PCIE Gen speed not setup
01-01 05:04:09.758 0 0 E : INFO: trying to register non-static key.
01-01 05:04:09.763 0 0 E : the code is fine but needs lockdep annotation.
01-01 05:04:09.767 0 0 I init : Command 'start vendor.bt_logger' action=vendor.bluetooth.startbtlogger=true (/system_ext/etc/init/init.qti.bt.logger.rc:30) took 59ms and succeeded
01-01 05:04:09.769 0 0 I : CPU: 0 PID: 482 Comm: kworker/u16:16 Tainted: G S W O 4.19.157+ #1
01-01 05:04:09.769 0 0 I Hardware name: Qualcomm Technologies, Inc. kona MTP-RmPM8150b (DT)
01-01 05:04:09.769 0 0 I Workqueue: events_unbound ion_system_secure_heap_prefetch_work
01-01 05:04:09.769 0 0 I Call trace:
01-01 05:04:09.769 0 0 I : dump_backtrace+0x0/0x258
01-01 05:04:09.769 0 0 I : show_stack+0x20/0x30
01-01 05:04:09.769 0 0 I : dump_stack+0xd8/0x12c
01-01 05:04:09.769 0 0 I : register_lock_class+0x4d0/0x5c8
01-01 05:04:09.769 0 0 I : __lock_acquire+0xbc/0x1e58
01-01 05:04:09.769 0 0 I : lock_acquire+0x1cc/0x218
01-01 05:04:09.769 0 0 I : _raw_spin_lock_irqsave+0x54/0x98
01-01 05:04:09.769 0 0 I : ion_system_secure_heap_prefetch_work+0x94/0x2c0
01-01 05:04:09.769 0 0 I : process_one_work+0x38c/0x660
01-01 05:04:09.769 0 0 I : worker_thread+0x268/0x4b8
01-01 05:04:09.769 0 0 I : kthread+0x140/0x150
01-01 05:04:09.769 0 0 I : ret_from_fork+0x10/0x1c
01-01 05:04:09.816 0 0 I binder : 1953:2092 ioctl 40046210 7838a2c344 returned -22
01-01 05:04:09.866 0 0 W : (NULL device *): Falling back to syfs fallback for: wlan/qca_cld/qca6390/WCNSS_qcom_cfg.ini
01-01 05:04:09.896 0 0 I binder : 2097:2097 ioctl 40046210 7fd93f2444 returned -22
01-01 05:04:09.919 0 0 E init : Control message: Could not find 'vendor.qti.hardware.iop@2.0::IIop/default' for ctl.interface_start from pid: 520 (/system/bin/hwservicemanager)
01-01 05:04:09.941 0 0 E : INFO: trying to register non-static key.
01-01 05:04:09.946 0 0 E : the code is fine but needs lockdep annotation.
01-01 05:04:09.952 0 0 I : CPU: 5 PID: 482 Comm: kworker/u16:16 Tainted: G S W O 4.19.157+ #1
01-01 05:04:09.952 0 0 I Hardware name: Qualcomm Technologies, Inc. kona MTP-RmPM8150b (DT)
01-01 05:04:09.952 0 0 I Workqueue: events_unbound ion_system_secure_heap_prefetch_work
01-01 05:04:09.952 0 0 I Call trace:
01-01 05:04:09.952 0 0 I : dump_backtrace+0x0/0x258
01-01 05:04:09.952 0 0 I : show_stack+0x20/0x30
01-01 05:04:09.952 0 0 I : dump_stack+0xd8/0x12c
01-01 05:04:09.952 0 0 I : register_lock_class+0x4d0/0x5c8
01-01 05:04:09.952 0 0 I : __lock_acquire+0xbc/0x1e58
01-01 05:04:09.952 0 0 I : lock_acquire+0x1cc/0x218
01-01 05:04:09.952 0 0 I : _raw_spin_lock_irqsave+0x54/0x98
01-01 05:04:09.952 0 0 I : ion_system_secure_heap_prefetch_work+0x94/0x2c0
01-01 05:04:09.952 0 0 I : process_one_work+0x38c/0x660
01-01 05:04:09.952 0 0 I : worker_thread+0x268/0x4b8
01-01 05:04:09.952 0 0 I : kthread+0x140/0x150
01-01 05:04:09.952 0 0 I : ret_from_fork+0x10/0x1c
08-16 16:52:13.979 1153 1153 W Looper : Slow dispatch took 130ms main h=android.app.ActivityThread$H c=null m=114
08-16 16:52:13.986 1953 1953 I service_manager_slow: [68,content_capture]
08-16 16:52:13.999 1153 1179 I ActivityManager: Process WebViewLoader-armeabi-v7a (pid 1902) has died: psvc PER
01-01 05:04:09.964 0 0 E : INFO: trying to register non-static key.
01-01 05:04:09.968 0 0 I msm_vidc: high: 00000001: ....d: Opening video instance: ffffffe859c40000, 1
01-01 05:04:09.969 0 0 E : the code is fine but needs lockdep annotation.
08-16 16:52:14.003 1153 1179 I am_proc_died: [0,1902,WebViewLoader-armeabi-v7a,-700,0]
08-16 16:52:14.011 1153 1179 I am_low_memory: 8
08-16 16:52:14.019 1816 2062 I liblog : 3
08-16 16:52:14.019 1153 1178 I am_proc_bound: [0,2097,com.qualcomm.qtil.aptxacu]
01-01 05:04:09.974 0 0 I : CPU: 5 PID: 482 Comm: kworker/u16:16 Tainted: G S W O 4.19.157+ #1
01-01 05:04:09.974 0 0 I Hardware name: Qualcomm Technologies, Inc. kona MTP-RmPM8150b (DT)
01-01 05:04:09.974 0 0 I Workqueue: events_unbound ion_system_secure_heap_prefetch_work
01-01 05:04:09.974 0 0 I Call trace:
01-01 05:04:09.974 0 0 I : dump_backtrace+0x0/0x258
01-01 05:04:09.974 0 0 I : show_stack+0x20/0x30
01-01 05:04:09.974 0 0 I : dump_stack+0xd8/0x12c
01-01 05:04:09.974 0 0 I : register_lock_class+0x4d0/0x5c8
01-01 05:04:09.974 0 0 I : __lock_acquire+0xbc/0x1e58
08-16 16:52:14.036 1153 1178 D CompatibilityChangeReporter: Compat change id reported: 168419799; UID 10147; state: DISABLED
01-01 05:04:09.974 0 0 I : lock_acquire+0x1cc/0x218
01-01 05:04:09.974 0 0 I : _raw_spin_lock_irqsave+0x54/0x98
01-01 05:04:09.974 0 0 I : ion_system_secure_heap_prefetch_work+0x94/0x2c0
08-16 16:52:14.037 1153 1319 I netstats_mobile_sample: [0,0,0,0,0,0,0,0,0,0,0,0,1660668734037]
01-01 05:04:09.974 0 0 I : process_one_work+0x38c/0x660
08-16 16:52:14.037 1153 1319 I netstats_wifi_sample: [0,0,0,0,0,0,0,0,0,0,0,0,1660668734037]
01-01 05:04:09.974 0 0 I : worker_thread+0x268/0x4b8
08-16 16:52:14.039 1153 1178 I am_uid_active: 10147
01-01 05:04:09.974 0 0 I : kthread+0x140/0x150
08-16 16:52:14.045 1153 1736 I dvm_lock_sample: [system_server,0,NetworkPolicy,175,NetworkStatsService.java,1026,void com.android.server.net.NetworkStatsService.advisePersistThreshold(long),-,1506,void com.android.server.net.NetworkStatsService.performPoll(int),35]
01-01 05:04:09.974 0 0 I : ret_from_fork+0x10/0x1c
08-16 16:52:14.045 1153 1727 I dvm_lock_sample: [system_server,1,Binder:1153_3,26,ActivityManagerService.java,12561,android.content.Intent com.android.server.am.ActivityManagerService.registerReceiverWithFeature(android.app.IApplicationThread, java.lang.String, java.lang.String, java.lang.String, android.content.IIntentReceiver, android.content.IntentFilter, java.lang.String, int, int),-,4737,void com.android.server.am.ActivityManagerService.attachApplication(android.app.IApplicationThread, long),5]
08-16 16:52:14.052 1153 1727 D TelephonyRegistry: listen oscl: mHasNotifySubscriptionInfoChangedOccurred==false no callback
01-01 05:04:09.975 0 0 E init : Control message: Could not find 'vendor.qti.hardware.iop@2.0::IIop/default' for ctl.interface_start from pid: 520 (/system/bin/hwservicemanager)
08-16 16:52:14.067 2020 2020 I service_manager_slow: [19,vendor.perfservice]
01-01 05:04:09.987 0 0 E : INFO: trying to register non-static key.
01-01 05:04:09.988 0 0 I binder : 1233:1233 ioctl 40046210 7ff2699704 returned -22
01-01 05:04:09.995 0 0 E : the code is fine but needs lockdep annotation.
01-01 05:04:10.001 0 0 I : CPU: 5 PID: 482 Comm: kworker/u16:16 Tainted: G S W O 4.19.157+ #1
01-01 05:04:10.001 0 0 I Hardware name: Qualcomm Technologies, Inc. kona MTP-RmPM8150b (DT)
01-01 05:04:10.001 0 0 I Workqueue: events_unbound ion_system_secure_heap_prefetch_work
01-01 05:04:10.001 0 0 I Call trace:
01-01 05:04:10.001 0 0 I : dump_backtrace+0x0/0x258
01-01 05:04:10.001 0 0 I : show_stack+0x20/0x30
01-01 05:04:10.001 0 0 I : dump_stack+0xd8/0x12c
01-01 05:04:10.001 0 0 I : register_lock_class+0x4d0/0x5c8
01-01 05:04:10.001 0 0 I : __lock_acquire+0xbc/0x1e58
01-01 05:04:10.001 0 0 I : lock_acquire+0x1cc/0x218
01-01 05:04:10.001 0 0 I : _raw_spin_lock_irqsave+0x54/0x98
01-01 05:04:10.001 0 0 I : ion_system_secure_heap_prefetch_work+0x94/0x2c0
01-01 05:04:10.001 0 0 I : process_one_work+0x38c/0x660
01-01 05:04:10.001 0 0 I : worker_thread+0x268/0x4b8
01-01 05:04:10.001 0 0 I : kthread+0x140/0x150
01-01 05:04:10.001 0 0 I : ret_from_fork+0x10/0x1c
01-01 05:04:10.014 0 0 I msm_vidc: high: 00000001: h265d: Closed video instance: ffffffe859c40000
01-01 05:04:10.017 0 0 E : INFO: trying to register non-static key.
08-16 16:52:14.098 1153 1153 I SystemServerTiming: ManagedServices.unbindOtherUserServices_current0
08-16 16:52:14.098 1153 1153 D SystemServerTiming: ManagedServices.unbindOtherUserServices_current0 took to complete: 0ms
08-16 16:52:14.098 1153 1153 I SystemServerTiming: ManagedServices.unbindOtherUserServices_current0
08-16 16:52:14.098 1153 1153 D SystemServerTiming: ManagedServices.unbindOtherUserServices_current0 took to complete: 0ms
08-16 16:52:14.098 1153 1153 I SystemServerTiming: ManagedServices.unbindOtherUserServices_current0
08-16 16:52:14.098 1153 1153 D SystemServerTiming: ManagedServices.unbindOtherUserServices_current0 took to complete: 0ms
08-16 16:52:14.098 1153 1153 V NotificationAssistants: enabling notification assistant for 0: ComponentInfo{android.ext.services/android.ext.services.notification.Assistant}
08-16 16:52:14.098 1153 1153 V NotificationAssistants: binding: Intent { act=android.service.notification.NotificationAssistantService cmp=android.ext.services/.notification.Assistant (has extras) }
01-01 05:04:10.022 0 0 E : the code is fine but needs lockdep annotation.
01-01 05:04:10.027 0 0 I : CPU: 5 PID: 482 Comm: kworker/u16:16 Tainted: G S W O 4.19.157+ #1
01-01 05:04:10.027 0 0 I Hardware name: Qualcomm Technologies, Inc. kona MTP-RmPM8150b (DT)
01-01 05:04:10.027 0 0 I Workqueue: events_unbound ion_system_secure_heap_prefetch_work
01-01 05:04:10.027 0 0 I Call trace:
01-01 05:04:10.027 0 0 I : dump_backtrace+0x0/0x258
01-01 05:04:10.027 0 0 I : show_stack+0x20/0x30
01-01 05:04:10.027 0 0 I : dump_stack+0xd8/0x12c
08-16 16:52:14.114 1153 1179 D CompatibilityChangeReporter: Compat change id reported: 157233955; UID 10124; state: ENABLED
01-01 05:04:10.028 0 0 I : register_lock_class+0x4d0/0x5c8
01-01 05:04:10.028 0 0 I : __lock_acquire+0xbc/0x1e58
08-16 16:52:14.123 1153 1179 I ActivityManager: Process WebViewLoader-arm64-v8a (pid 1917) has died: psvc PER
01-01 05:04:10.028 0 0 I : lock_acquire+0x1cc/0x218
01-01 05:04:10.028 0 0 I : _raw_spin_lock_irqsave+0x54/0x98
01-01 05:04:10.028 0 0 I : ion_system_secure_heap_prefetch_work+0x94/0x2c0
01-01 05:04:10.028 0 0 I : process_one_work+0x38c/0x660
01-01 05:04:10.028 0 0 I : worker_thread+0x268/0x4b8
01-01 05:04:10.028 0 0 I : kthread+0x140/0x150
01-01 05:04:10.028 0 0 I : ret_from_fork+0x10/0x1c
08-16 16:52:14.138 1153 1179 I am_proc_died: [0,1917,WebViewLoader-arm64-v8a,-700,0]
08-16 16:52:14.139 1153 1179 I am_uid_stopped: 1037
08-16 16:52:14.140 1153 1179 I am_low_memory: 8
01-01 05:04:10.045 0 0 E init : Control message: Could not find 'vendor.qti.hardware.iop@2.0::IIop/default' for ctl.interface_start from pid: 520 (/system/bin/hwservicemanager)
01-01 05:04:10.048 0 0 I [kworke][0x4fcd7e9a][16:52:14.149415] wlan: [483:I:HDD] hdd_pm_qos_add_request: 9360: Set cpu_mask 0f for affine_cores
01-01 05:04:10.062 0 0 I [kworke][0x4fd1ba5b][16:52:14.163866] wlan: [483:I:HDD] hdd_pm_qos_add_request: 9362: Set cpu_mask 0f for affine_cores
01-01 05:04:10.064 0 0 D cnss : Sending ini sync request, state: 0x17, fw_log_mode: 1
01-01 05:04:10.068 0 0 E : INFO: trying to register non-static key.
01-01 05:04:10.072 0 0 I [kworke][0x4fd498f7][16:52:14.173661] wlan: [483:I:HIF] Initializing Runtime PM wakelock &sc->prevent_linkdown_lock
01-01 05:04:10.073 0 0 E : the code is fine but needs lockdep annotation.
01-01 05:04:10.073 0 0 I : CPU: 5 PID: 482 Comm: kworker/u16:16 Tainted: G S W O 4.19.157+ #1
01-01 05:04:10.073 0 0 I Hardware name: Qualcomm Technologies, Inc. kona MTP-RmPM8150b (DT)
01-01 05:04:10.073 0 0 I Workqueue: events_unbound ion_system_secure_heap_prefetch_work
01-01 05:04:10.073 0 0 I Call trace:
01-01 05:04:10.073 0 0 I : dump_backtrace+0x0/0x258
01-01 05:04:10.073 0 0 I : show_stack+0x20/0x30
01-01 05:04:10.073 0 0 I : dump_stack+0xd8/0x12c
01-01 05:04:10.073 0 0 I : register_lock_class+0x4d0/0x5c8
01-01 05:04:10.073 0 0 I : __lock_acquire+0xbc/0x1e58
01-01 05:04:10.073 0 0 I : lock_acquire+0x1cc/0x218
01-01 05:04:10.073 0 0 I : _raw_spin_lock_irqsave+0x54/0x98
01-01 05:04:10.073 0 0 I : ion_system_secure_heap_prefetch_work+0x94/0x2c0
01-01 05:04:10.073 0 0 I : process_one_work+0x38c/0x660
01-01 05:04:10.073 0 0 I : worker_thread+0x268/0x4b8
01-01 05:04:10.073 0 0 I : kthread+0x140/0x150
01-01 05:04:10.073 0 0 I : ret_from_fork+0x10/0x1c
01-01 05:04:10.087 0 0 I [kworke][0x4fd7a20c][16:52:14.184021] wlan: [483:I:HIF] hif_pci_enable_bus: con_mode = 0x0, WLAN_SOC_device_id = 0x1101
01-01 05:04:10.087 0 0 I [kworke][0x4fd90feb][16:52:14.188900] wlan: [483:I:HIF] hif_pci_enable_bus: hif_enable_pci done
01-01 05:04:10.088 0 0 I [kworke][0x4fd964ce][16:52:14.190031] wlan: [483:I:HIF] *********** QCA6390 *************
01-01 05:04:10.088 0 0 I [kworke][0x4fd9672c][16:52:14.190062] wlan: [483:I:HIF] hif_pci_enable_bus: hif_type = 0x12, target_type = 0x17
01-01 05:04:10.088 0 0 I [kworke][0x4fd9695e][16:52:14.190091] wlan: [483:I:HIF] hif_register_tbl_attach: HIF_TYPE_QCA6390
01-01 05:04:10.088 0 0 I [kworke][0x4fd96b5d][16:52:14.190118] wlan: [483:I:HIF] hif_target_register_tbl_attach: TARGET_TYPE_QCA6390
01-01 05:04:10.088 0 0 I [kworke][0x4fd96d57][16:52:14.190145] wlan: [483:I:HIF] hif_pci_enable_bus:Skip tgt_wake up for srng devices
01-01 05:04:10.097 0 0 E : INFO: trying to register non-static key.
01-01 05:04:10.100 0 0 E [kworke][0x4fdcedd4][16:52:14.202098] wlan: [483:E:TXRX] hif_print_hal_shadow_register_cfg: num_config 28
01-01 05:04:10.102 0 0 E : the code is fine but needs lockdep annotation.
01-01 05:04:10.102 0 0 I : CPU: 5 PID: 482 Comm: kworker/u16:16 Tainted: G S W O 4.19.157+ #1
01-01 05:04:10.102 0 0 I Hardware name: Qualcomm Technologies, Inc. kona MTP-RmPM8150b (DT)
01-01 05:04:10.102 0 0 I Workqueue: events_unbound ion_system_secure_heap_prefetch_work
01-01 05:04:10.102 0 0 I Call trace:
01-01 05:04:10.102 0 0 I : dump_backtrace+0x0/0x258
01-01 05:04:10.102 0 0 I : show_stack+0x20/0x30
01-01 05:04:10.102 0 0 I : dump_stack+0xd8/0x12c
01-01 05:04:10.102 0 0 I : register_lock_class+0x4d0/0x5c8
01-01 05:04:10.102 0 0 I : __lock_acquire+0xbc/0x1e58
01-01 05:04:10.102 0 0 I : lock_acquire+0x1cc/0x218
01-01 05:04:10.102 0 0 I : _raw_spin_lock_irqsave+0x54/0x98
01-01 05:04:10.102 0 0 I : ion_system_secure_heap_prefetch_work+0x94/0x2c0
01-01 05:04:10.102 0 0 I : process_one_work+0x38c/0x660
01-01 05:04:10.102 0 0 I : worker_thread+0x268/0x4b8
01-01 05:04:10.102 0 0 I : kthread+0x140/0x150
01-01 05:04:10.102 0 0 I : ret_from_fork+0x10/0x1c
01-01 05:04:10.104 0 0 E init : Control message: Could not find 'vendor.qti.hardware.iop@2.0::IIop/default' for ctl.interface_start from pid: 520 (/system/bin/hwservicemanager)
01-01 05:04:10.116 0 0 E : INFO: trying to register non-static key.
01-01 05:04:10.116 0 0 I msm_vidc: high: 00000001: ....d: Opening video instance: ffffffe8dc0a4000, 1
01-01 05:04:10.120 0 0 I [kworke][0x4fe28ee5][16:52:14.221313] wlan: [483:I:TXRX] hif_print_hal_shadow_register_cfg: i 0, val a3b034
01-01 05:04:10.130 0 0 I binder : 1816:1816 ioctl 40046210 7fd93f1ab4 returned -22
01-01 05:04:10.134 0 0 E : INFO: trying to register non-static key.
01-01 05:04:10.134 0 0 E : the code is fine but needs lockdep annotation.
01-01 05:04:10.134 0 0 E : the code is fine but needs lockdep annotation.
01-01 05:04:10.134 0 0 I : CPU: 5 PID: 482 Comm: kworker/u16:16 Tainted: G S W O 4.19.157+ #1
01-01 05:04:10.134 0 0 I Hardware name: Qualcomm Technologies, Inc. kona MTP-RmPM8150b (DT)
01-01 05:04:10.134 0 0 I Workqueue: events_unbound ion_system_secure_heap_prefetch_work
01-01 05:04:10.134 0 0 I Call trace:
01-01 05:04:10.134 0 0 I : dump_backtrace+0x0/0x258
01-01 05:04:10.134 0 0 I : show_stack+0x20/0x30
01-01 05:04:10.134 0 0 I : dump_stack+0xd8/0x12c
01-01 05:04:10.134 0 0 I : register_lock_class+0x4d0/0x5c8
01-01 05:04:10.134 0 0 I : __lock_acquire+0xbc/0x1e58
01-01 05:04:10.134 0 0 I : lock_acquire+0x1cc/0x218
01-01 05:04:10.134 0 0 I : _raw_spin_lock_irqsave+0x54/0x98
01-01 05:04:10.134 0 0 I : ion_system_secure_heap_prefetch_work+0x94/0x2c0
01-01 05:04:10.134 0 0 I : process_one_work+0x38c/0x660
01-01 05:04:10.134 0 0 I : worker_thread+0x268/0x4b8
01-01 05:04:10.134 0 0 I : kthread+0x140/0x150
01-01 05:04:10.134 0 0 I : ret_from_fork+0x10/0x1c
01-01 05:04:10.134 0 0 I : CPU: 0 PID: 2156 Comm: VideoDecMsgThre Tainted: G S W O 4.19.157+ #1
01-01 05:04:10.134 0 0 I Hardware name: Qualcomm Technologies, Inc. kona MTP-RmPM8150b (DT)
01-01 05:04:10.134 0 0 I Call trace:
01-01 05:04:10.134 0 0 I : dump_backtrace+0x0/0x258
01-01 05:04:10.134 0 0 I : show_stack+0x20/0x30
01-01 05:04:10.134 0 0 I : dump_stack+0xd8/0x12c
01-01 05:04:10.134 0 0 I : register_lock_class+0x4d0/0x5c8
01-01 05:04:10.134 0 0 I : __lock_acquire+0xbc/0x1e58
01-01 05:04:10.134 0 0 I : lock_acquire+0x1cc/0x218
01-01 05:04:10.134 0 0 I : _raw_spin_lock_irqsave+0x54/0x98
01-01 05:04:10.134 0 0 I : __ion_system_secure_heap_resize+0x768/0x8c0
01-01 05:04:10.134 0 0 I : ion_system_secure_heap_prefetch+0x28/0x38
01-01 05:04:10.134 0 0 I : ion_walk_heaps+0x88/0xb8
01-01 05:04:10.134 0 0 I : ion_ioctl+0x1b0/0x2a8
01-01 05:04:10.134 0 0 I : __arm64_compat_sys_ioctl+0xf4/0x240
01-01 05:04:10.134 0 0 I : el0_svc_common+0xa4/0x190
01-01 05:04:10.134 0 0 I : el0_svc_compat_handler+0x28/0x38
01-01 05:04:10.134 0 0 I : el0_svc_compat+0x8/0x34
01-01 05:04:10.135 0 0 E : INFO: trying to register non-static key.
01-01 05:04:10.143 0 0 I [kworke][0x4fe94264][16:52:14.244187] wlan: [483:I:TXRX] hif_print_hal_shadow_register_cfg: i 1, val a3b03c
01-01 05:04:10.145 0 0 E : the code is fine but needs lockdep annotation.
01-01 05:04:10.145 0 0 I : CPU: 0 PID: 2156 Comm: VideoDecMsgThre Tainted: G S W O 4.19.157+ #1
01-01 05:04:10.145 0 0 I Hardware name: Qualcomm Technologies, Inc. kona MTP-RmPM8150b (DT)
01-01 05:04:10.154 0 0 I [kworke][0x4fec9982][16:52:14.255588] wlan: [483:I:TXRX] hif_print_hal_shadow_register_cfg: i 2, val a3b044
08-16 16:52:14.257 1153 1324 W ActivityManager: Slow operation: 1013ms so far, now at startProcess: returned from zygote!
08-16 16:52:14.257 1153 1319 I netstats_mobile_sample: [0,0,0,0,0,0,0,0,0,0,0,0,1660668734257]
01-01 05:04:10.156 0 0 I Call trace:
01-01 05:04:10.156 0 0 I : dump_backtrace+0x0/0x258
01-01 05:04:10.156 0 0 I : show_stack+0x20/0x30
01-01 05:04:10.156 0 0 I : dump_stack+0xd8/0x12c
01-01 05:04:10.156 0 0 I : register_lock_class+0x4d0/0x5c8
01-01 05:04:10.156 0 0 I : __lock_acquire+0xbc/0x1e58
01-01 05:04:10.156 0 0 I : lock_acquire+0x1cc/0x218
01-01 05:04:10.156 0 0 I : _raw_spin_lock_irqsave+0x54/0x98
01-01 05:04:10.156 0 0 I : __ion_system_secure_heap_resize+0x768/0x8c0
01-01 05:04:10.156 0 0 I : ion_system_secure_heap_prefetch+0x28/0x38
01-01 05:04:10.156 0 0 I : ion_walk_heaps+0x88/0xb8
01-01 05:04:10.156 0 0 I : ion_ioctl+0x1b0/0x2a8
01-01 05:04:10.156 0 0 I : __arm64_compat_sys_ioctl+0xf4/0x240
01-01 05:04:10.156 0 0 I : el0_svc_common+0xa4/0x190
01-01 05:04:10.156 0 0 I : el0_svc_compat_handler+0x28/0x38
01-01 05:04:10.156 0 0 I : el0_svc_compat+0x8/0x34
01-01 05:04:10.167 0 0 E : INFO: trying to register non-static key.
01-01 05:04:10.168 0 0 I [kworke][0x4ff0b1a0][16:52:14.269563] wlan: [483:I:TXRX] hif_print_hal_shadow_register_cfg: i 3, val a3b04c
01-01 05:04:10.168 0 0 E : INFO: trying to register non-static key.
01-01 05:04:10.168 0 0 E : the code is fine but needs lockdep annotation.
01-01 05:04:10.168 0 0 I : CPU: 5 PID: 482 Comm: kworker/u16:16 Tainted: G S W O 4.19.157+ #1
01-01 05:04:10.168 0 0 I Hardware name: Qualcomm Technologies, Inc. kona MTP-RmPM8150b (DT)
01-01 05:04:10.168 0 0 I Workqueue: events_unbound ion_system_secure_heap_prefetch_work
01-01 05:04:10.168 0 0 I Call trace:
01-01 05:04:10.168 0 0 I : dump_backtrace+0x0/0x258
01-01 05:04:10.168 0 0 I : show_stack+0x20/0x30
01-01 05:04:10.168 0 0 I : dump_stack+0xd8/0x12c
01-01 05:04:10.168 0 0 I : register_lock_class+0x4d0/0x5c8
01-01 05:04:10.168 0 0 I : __lock_acquire+0xbc/0x1e58
01-01 05:04:10.168 0 0 I : lock_acquire+0x1cc/0x218
01-01 05:04:10.168 0 0 I : _raw_spin_lock_irqsave+0x54/0x98
01-01 05:04:10.168 0 0 I : ion_system_secure_heap_prefetch_work+0x94/0x2c0
01-01 05:04:10.168 0 0 I : process_one_work+0x38c/0x660
01-01 05:04:10.168 0 0 I : worker_thread+0x268/0x4b8
01-01 05:04:10.168 0 0 I : kthread+0x140/0x150
01-01 05:04:10.168 0 0 I : ret_from_fork+0x10/0x1c
01-01 05:04:10.172 0 0 E : the code is fine but needs lockdep annotation.
01-01 05:04:10.172 0 0 I : CPU: 0 PID: 2143 Comm: HwBinder:1303_3 Tainted: G S W O 4.19.157+ #1
01-01 05:04:10.172 0 0 I Hardware name: Qualcomm Technologies, Inc. kona MTP-RmPM8150b (DT)
01-01 05:04:10.172 0 0 I Call trace:
01-01 05:04:10.172 0 0 I : dump_backtrace+0x0/0x258
01-01 05:04:10.172 0 0 I : show_stack+0x20/0x30
01-01 05:04:10.172 0 0 I : dump_stack+0xd8/0x12c
01-01 05:04:10.172 0 0 I : register_lock_class+0x4d0/0x5c8
01-01 05:04:10.172 0 0 I : __lock_acquire+0xbc/0x1e58
01-01 05:04:10.172 0 0 I : lock_acquire+0x1cc/0x218
01-01 05:04:10.172 0 0 I : _raw_spin_lock_irqsave+0x54/0x98
01-01 05:04:10.172 0 0 I : __ion_system_secure_heap_resize+0x768/0x8c0
01-01 05:04:10.172 0 0 I : ion_system_secure_heap_drain+0x28/0x38
01-01 05:04:10.172 0 0 I : ion_walk_heaps+0x88/0xb8
01-01 05:04:10.172 0 0 I : ion_ioctl+0x1b0/0x2a8
01-01 05:04:10.172 0 0 I : __arm64_compat_sys_ioctl+0xf4/0x240
01-01 05:04:10.172 0 0 I : el0_svc_common+0xa4/0x190
01-01 05:04:10.172 0 0 I : el0_svc_compat_handler+0x28/0x38
01-01 05:04:10.172 0 0 I : el0_svc_compat+0x8/0x34
08-16 16:52:14.258 1153 1319 I netstats_wifi_sample: [0,0,0,0,0,0,0,0,0,0,0,0,1660668734257]
08-16 16:52:14.259 1153 1324 W ActivityManager: Slow operation: 1015ms so far, now at startProcess: done updating battery stats
08-16 16:52:14.259 1153 1324 I am_proc_start: [0,2155,10126,com.qualcomm.qtil.aptxals,added application,com.qualcomm.qtil.aptxals]
08-16 16:52:14.259 1153 1324 W ActivityManager: Slow operation: 1015ms so far, now at startProcess: building log message
08-16 16:52:14.259 1153 1324 I ActivityManager: Start proc 2155:com.qualcomm.qtil.aptxals/u0a126 for added application com.qualcomm.qtil.aptxals
08-16 16:52:14.259 1153 1324 W ActivityManager: Slow operation: 1015ms so far, now at startProcess: starting to update pids map
08-16 16:52:14.264 1153 1324 W ActivityManager: Slow operation: 1020ms so far, now at startProcess: done updating pids map
08-16 16:52:14.264 1153 1324 W ActivityManager: Slow operation: 1019ms so far, now at startProcess: asking zygote to start proc
08-16 16:52:14.283 1153 1737 I dvm_lock_sample: [system_server,1,NetworkPolicy.uid,141,NetworkStatsService.java,969,void com.android.server.net.NetworkStatsService.setUidForeground(int, boolean),-,1506,void com.android.server.net.NetworkStatsService.performPoll(int),28]
01-01 05:04:10.178 0 0 E : INFO: trying to register non-static key.
01-01 05:04:10.184 0 0 I [kworke][0x4ff578e1][16:52:14.285873] wlan: [483:I:TXRX] hif_print_hal_shadow_register_cfg: i 4, val a3b054
01-01 05:04:10.185 0 0 E : INFO: trying to register non-static key.
01-01 05:04:10.185 0 0 E : the code is fine but needs lockdep annotation.
01-01 05:04:10.185 0 0 I : CPU: 5 PID: 482 Comm: kworker/u16:16 Tainted: G S W O 4.19.157+ #1
01-01 05:04:10.185 0 0 I Hardware name: Qualcomm Technologies, Inc. kona MTP-RmPM8150b (DT)
01-01 05:04:10.185 0 0 I Workqueue: events_unbound ion_system_secure_heap_prefetch_work
01-01 05:04:10.185 0 0 I Call trace:
01-01 05:04:10.185 0 0 I : dump_backtrace+0x0/0x258
01-01 05:04:10.185 0 0 I : show_stack+0x20/0x30
01-01 05:04:10.185 0 0 I : dump_stack+0xd8/0x12c
01-01 05:04:10.185 0 0 I : register_lock_class+0x4d0/0x5c8
01-01 05:04:10.185 0 0 I : __lock_acquire+0xbc/0x1e58
01-01 05:04:10.185 0 0 I : lock_acquire+0x1cc/0x218
01-01 05:04:10.185 0 0 I : _raw_spin_lock_irqsave+0x54/0x98
01-01 05:04:10.185 0 0 I : ion_system_secure_heap_prefetch_work+0x94/0x2c0
01-01 05:04:10.185 0 0 I : process_one_work+0x38c/0x660
01-01 05:04:10.185 0 0 I : worker_thread+0x268/0x4b8
01-01 05:04:10.185 0 0 I : kthread+0x140/0x150
01-01 05:04:10.185 0 0 I : ret_from_fork+0x10/0x1c
01-01 05:04:10.189 0 0 E : the code is fine but needs lockdep annotation.
01-01 05:04:10.189 0 0 I : CPU: 0 PID: 2143 Comm: HwBinder:1303_3 Tainted: G S W O 4.19.157+ #1
01-01 05:04:10.189 0 0 I Hardware name: Qualcomm Technologies, Inc. kona MTP-RmPM8150b (DT)
01-01 05:04:10.189 0 0 I Call trace:
01-01 05:04:10.189 0 0 I : dump_backtrace+0x0/0x258
01-01 05:04:10.189 0 0 I : show_stack+0x20/0x30
01-01 05:04:10.189 0 0 I : dump_stack+0xd8/0x12c
01-01 05:04:10.189 0 0 I : register_lock_class+0x4d0/0x5c8
01-01 05:04:10.189 0 0 I : __lock_acquire+0xbc/0x1e58
01-01 05:04:10.189 0 0 I : lock_acquire+0x1cc/0x218
01-01 05:04:10.189 0 0 I : _raw_spin_lock_irqsave+0x54/0x98
01-01 05:04:10.189 0 0 I : __ion_system_secure_heap_resize+0x768/0x8c0
01-01 05:04:10.189 0 0 I : ion_system_secure_heap_drain+0x28/0x38
01-01 05:04:10.189 0 0 I : ion_walk_heaps+0x88/0xb8
01-01 05:04:10.189 0 0 I : ion_ioctl+0x1b0/0x2a8
01-01 05:04:10.189 0 0 I : __arm64_compat_sys_ioctl+0xf4/0x240
01-01 05:04:10.189 0 0 I : el0_svc_common+0xa4/0x190
01-01 05:04:10.189 0 0 I : el0_svc_compat_handler+0x28/0x38
01-01 05:04:10.189 0 0 I : el0_svc_compat+0x8/0x34
08-16 16:52:14.303 1830 1830 D SystemUIBootTiming: DependencyInjection took to complete: 0ms
01-01 05:04:10.201 0 0 E : INFO: trying to register non-static key.
01-01 05:04:10.207 0 0 I [kworke][0x4ffc0cf6][16:52:14.308327] wlan: [483:I:TXRX] hif_print_hal_shadow_register_cfg: i 5, val a3b028
01-01 05:04:10.208 0 0 I msm_vidc: high: 00000001: h265d: Closed video instance: ffffffe8dc0a4000
01-01 05:04:10.212 0 0 E : the code is fine but needs lockdep annotation.
01-01 05:04:10.212 0 0 I : CPU: 5 PID: 482 Comm: kworker/u16:16 Tainted: G S W O 4.19.157+ #1
01-01 05:04:10.212 0 0 I Hardware name: Qualcomm Technologies, Inc. kona MTP-RmPM8150b (DT)
01-01 05:04:10.212 0 0 I Workqueue: events_unbound ion_system_secure_heap_prefetch_work
01-01 05:04:10.212 0 0 I Call trace:
01-01 05:04:10.212 0 0 I : dump_backtrace+0x0/0x258
01-01 05:04:10.212 0 0 I : show_stack+0x20/0x30
01-01 05:04:10.212 0 0 I : dump_stack+0xd8/0x12c
01-01 05:04:10.212 0 0 I : register_lock_class+0x4d0/0x5c8
