01-01 05:55:48.631 1142 1700 D SystemServerInitThreadPool: Started executing SecondaryZygotePreload
01-01 05:55:48.631 1142 1700 I SystemServer: SecondaryZygotePreload
01-01 05:55:48.631 1142 1700 I SystemServerTimingAsync: SecondaryZygotePreload
01-01 05:55:48.632 1142 1142 D SystemServerTiming: StartKeyAttestationApplicationIdProviderService took to complete: 1ms
01-01 05:55:48.632 1142 1142 I SystemServerTiming: StartKeyChainSystemService
01-01 05:55:48.632 1142 1142 I SystemServiceManager: Starting com.android.server.security.KeyChainSystemService
01-01 05:55:48.632 1142 1142 D SystemServerTiming: StartKeyChainSystemService took to complete: 0ms
01-01 05:55:48.632 1142 1142 I SystemServerTiming: StartSchedulingPolicyService
01-01 05:55:48.632 1142 1701 I SystemServerTimingAsync: InitThreadPoolExec:SchedulingPolicyService.
01-01 05:55:48.632 1142 1701 D SystemServerInitThreadPool: Started executing SchedulingPolicyService.
01-01 05:55:48.633 1142 1142 D SystemServerTiming: StartSchedulingPolicyService took to complete: 1ms
01-01 05:55:48.633 1142 1142 I SystemServerTiming: StartTelecomLoaderService
01-01 05:55:48.633 1142 1142 I SystemServiceManager: Starting com.android.server.telecom.TelecomLoaderService
01-01 05:55:48.633 1142 1142 D SystemServerTiming: StartTelecomLoaderService took to complete: 1ms
01-01 05:55:48.633 1142 1142 I SystemServerTiming: StartTelephonyRegistry
01-01 05:55:48.634 1142 1142 D SystemServerTiming: StartTelephonyRegistry took to complete: 1ms
01-01 05:55:48.634 1142 1142 I SystemServerTiming: StartEntropyMixer
01-01 05:55:48.635 1142 1142 I EntropyMixer: Writing entropy...
01-01 05:55:48.638 1142 1142 D SystemServerTiming: StartEntropyMixer took to complete: 4ms
01-01 05:55:48.638 1142 1142 I SystemServerTiming: StartAccountManagerService
01-01 05:55:48.638 1142 1142 I SystemServiceManager: Starting com.android.server.accounts.AccountManagerService$Lifecycle
01-01 05:55:48.649 1142 1142 D SystemServerTiming: StartAccountManagerService took to complete: 11ms
01-01 05:55:48.649 1142 1142 I SystemServerTiming: StartContentService
01-01 05:55:48.649 1142 1142 I SystemServiceManager: Starting com.android.server.content.ContentService$Lifecycle
01-01 05:55:48.650 1142 1142 D SystemServerTiming: StartContentService took to complete: 1ms
01-01 05:55:48.650 1142 1142 I SystemServerTiming: InstallSystemProviders
01-01 05:55:48.686 682 682 D ZygoteInitTiming_lazy: BeginPreload took to complete: 47ms
01-01 05:55:48.686 1142 1701 D SystemServerInitThreadPool: Finished executing SchedulingPolicyService.
01-01 05:55:48.686 1142 1701 D SystemServerTimingAsync: InitThreadPoolExec:SchedulingPolicyService. took to complete: 54ms
01-01 05:55:48.703 1142 1171 V HistoricalRegistry: Interaction before persistence initialized
01-01 05:55:48.738 1142 1242 D ActivityManager: Freezer enabled
01-01 05:55:48.743 1142 1142 D SystemServerTiming: InstallSystemProviders took to complete: 93ms
01-01 05:55:48.743 1142 1142 I SystemServerTiming: StartDropBoxManager
01-01 05:55:48.743 1142 1142 I SystemServiceManager: Starting com.android.server.DropBoxManagerService
01-01 05:55:48.744 1142 1242 D ActivityManager: freezer override set to false
01-01 05:55:48.745 1142 1142 D SystemServerTiming: StartDropBoxManager took to complete: 2ms
01-01 05:55:48.745 1142 1142 I SystemServerTiming: StartRoleManagerService
01-01 05:55:48.746 1142 1142 I SystemServiceManager: Starting com.android.role.RoleService
01-01 05:55:48.750 1142 1142 D SystemServerTiming: StartRoleManagerService took to complete: 4ms
01-01 05:55:48.750 1142 1142 I SystemServerTiming: StartVibratorManagerService
01-01 05:55:48.750 1142 1142 I SystemServiceManager: Starting com.android.server.vibrator.VibratorManagerService$Lifecycle
01-01 05:55:48.760 1142 1142 D SystemServerTiming: StartVibratorManagerService took to complete: 11ms
01-01 05:55:48.760 1142 1142 I SystemServerTiming: StartDynamicSystemService
01-01 05:55:48.761 1142 1142 D SystemServerTiming: StartDynamicSystemService took to complete: 1ms
01-01 05:55:48.761 1142 1142 I SystemServerTiming: StartConsumerIrService
01-01 05:55:48.763 1142 1142 D SystemServerTiming: StartConsumerIrService took to complete: 2ms
01-01 05:55:48.763 1142 1142 I SystemServerTiming: StartAlarmManagerService
01-01 05:55:48.763 1142 1142 I SystemServiceManager: Starting com.android.server.alarm.AlarmManagerService
01-01 05:55:48.796 1142 1142 I AlarmManager: Current time only 21348796, advancing to build time 1660668731000
08-16 16:52:11.003 1142 1142 D SystemServerTiming: StartAlarmManagerService took to complete: 37ms
08-16 16:52:11.003 1142 1142 I SystemServerTiming: StartInputManagerService
08-16 16:52:11.004 1142 1142 I InputManager: Initializing input manager, mUseDevInputEventForAudioJack=true
08-16 16:52:11.019 1142 1142 D SystemServerTiming: StartInputManagerService took to complete: 15ms
08-16 16:52:11.019 1142 1142 I SystemServerTiming: DeviceStateManagerService
08-16 16:52:11.019 1142 1142 I SystemServiceManager: Starting com.android.server.devicestate.DeviceStateManagerService
08-16 16:52:11.024 1142 1142 D SystemServerTiming: DeviceStateManagerService took to complete: 5ms
08-16 16:52:11.024 1142 1142 I SystemServerTiming: StartCameraServiceProxy
08-16 16:52:11.024 1142 1142 I SystemServiceManager: Starting com.android.server.camera.CameraServiceProxy
08-16 16:52:11.027 1142 1142 D SystemServerTiming: StartCameraServiceProxy took to complete: 2ms
08-16 16:52:11.027 1142 1142 I SystemServerTiming: StartWindowManagerService
08-16 16:52:11.027 1142 1142 I SystemServiceManager: Starting phase 200
08-16 16:52:11.027 1142 1142 I SystemServerTiming: OnBootPhase_200
08-16 16:52:11.027 1142 1142 I SystemServerTiming: OnBootPhase_200_com.android.server.security.FileIntegrityService
08-16 16:52:11.027 1142 1142 D SystemServerTiming: OnBootPhase_200_com.android.server.security.FileIntegrityService took to complete: 0ms
08-16 16:52:11.027 1142 1142 I SystemServerTiming: OnBootPhase_200_com.android.server.pm.Installer
08-16 16:52:11.027 1142 1142 D SystemServerTiming: OnBootPhase_200_com.android.server.pm.Installer took to complete: 0ms
08-16 16:52:11.027 1142 1142 I SystemServerTiming: OnBootPhase_200_com.android.server.os.DeviceIdentifiersPolicyService
08-16 16:52:11.027 1142 1142 D SystemServerTiming: OnBootPhase_200_com.android.server.os.DeviceIdentifiersPolicyService took to complete: 0ms
08-16 16:52:11.027 1142 1142 I SystemServerTiming: OnBootPhase_200_com.android.server.uri.UriGrantsManagerService$Lifecycle
08-16 16:52:11.027 1142 1142 D SystemServerTiming: OnBootPhase_200_com.android.server.uri.UriGrantsManagerService$Lifecycle took to complete: 0ms
08-16 16:52:11.027 1142 1142 I SystemServerTiming: OnBootPhase_200_com.android.server.powerstats.PowerStatsService
08-16 16:52:11.027 1142 1142 D SystemServerTiming: OnBootPhase_200_com.android.server.powerstats.PowerStatsService took to complete: 0ms
08-16 16:52:11.027 1142 1142 I SystemServerTiming: OnBootPhase_200_com.android.server.wm.ActivityTaskManagerService$Lifecycle
08-16 16:52:11.028 1142 1142 D SystemServerTiming: OnBootPhase_200_com.android.server.wm.ActivityTaskManagerService$Lifecycle took to complete: 0ms
08-16 16:52:11.028 1142 1142 I SystemServerTiming: OnBootPhase_200_com.android.server.am.ActivityManagerService$Lifecycle
08-16 16:52:11.028 1142 1142 D SystemServerTiming: OnBootPhase_200_com.android.server.am.ActivityManagerService$Lifecycle took to complete: 0ms
08-16 16:52:11.028 1142 1142 I SystemServerTiming: OnBootPhase_200_com.android.server.pm.DataLoaderManagerService
08-16 16:52:11.028 1142 1142 D SystemServerTiming: OnBootPhase_200_com.android.server.pm.DataLoaderManagerService took to complete: 0ms
08-16 16:52:11.028 1142 1142 I SystemServerTiming: OnBootPhase_200_com.android.server.power.PowerManagerService
08-16 16:52:11.028 1142 1142 D SystemServerTiming: OnBootPhase_200_com.android.server.power.PowerManagerService took to complete: 0ms
08-16 16:52:11.028 1142 1142 I SystemServerTiming: OnBootPhase_200_com.android.server.power.ThermalManagerService
08-16 16:52:11.028 1142 1142 D SystemServerTiming: OnBootPhase_200_com.android.server.power.ThermalManagerService took to complete: 0ms
08-16 16:52:11.028 1142 1142 I SystemServerTiming: OnBootPhase_200_com.android.server.power.hint.HintManagerService
08-16 16:52:11.028 1142 1142 D SystemServerTiming: OnBootPhase_200_com.android.server.power.hint.HintManagerService took to complete: 0ms
08-16 16:52:11.028 1142 1142 I SystemServerTiming: OnBootPhase_200_com.android.server.recoverysystem.RecoverySystemService$Lifecycle
08-16 16:52:11.028 1142 1142 D SystemServerTiming: OnBootPhase_200_com.android.server.recoverysystem.RecoverySystemService$Lifecycle took to complete: 0ms
08-16 16:52:11.028 1142 1142 I SystemServerTiming: OnBootPhase_200_com.android.server.lights.LightsService
08-16 16:52:11.028 1142 1142 D SystemServerTiming: OnBootPhase_200_com.android.server.lights.LightsService took to complete: 0ms
08-16 16:52:11.029 1142 1142 I SystemServerTiming: OnBootPhase_200_com.android.server.display.DisplayManagerService
08-16 16:52:11.029 1142 1142 D SystemServerTiming: OnBootPhase_200_com.android.server.display.DisplayManagerService took to complete: 0ms
08-16 16:52:11.029 1142 1142 I SystemServerTiming: OnBootPhase_200_com.android.server.pm.verify.domain.DomainVerificationService
08-16 16:52:11.029 1142 1142 D SystemServerTiming: OnBootPhase_200_com.android.server.pm.verify.domain.DomainVerificationService took to complete: 0ms
08-16 16:52:11.029 1142 1142 I SystemServerTiming: OnBootPhase_200_com.android.server.pm.PackageInstallerService$Lifecycle
08-16 16:52:11.029 1142 1142 D SystemServerTiming: OnBootPhase_200_com.android.server.pm.PackageInstallerService$Lifecycle took to complete: 0ms
08-16 16:52:11.029 1142 1142 I SystemServerTiming: OnBootPhase_200_com.android.server.pm.UserManagerService$LifeCycle
08-16 16:52:11.029 1142 1142 D SystemServerTiming: OnBootPhase_200_com.android.server.pm.UserManagerService$LifeCycle took to complete: 0ms
08-16 16:52:11.029 1142 1142 I SystemServerTiming: OnBootPhase_200_com.android.server.om.OverlayManagerService
08-16 16:52:11.029 1142 1142 D SystemServerTiming: OnBootPhase_200_com.android.server.om.OverlayManagerService took to complete: 0ms
08-16 16:52:11.029 1142 1142 I SystemServerTiming: OnBootPhase_200_com.android.server.SensorPrivacyService
08-16 16:52:11.029 1142 1142 D SystemServerTiming: OnBootPhase_200_com.android.server.SensorPrivacyService took to complete: 0ms
08-16 16:52:11.029 1142 1142 I SystemServerTiming: OnBootPhase_200_com.android.server.sensors.SensorService
08-16 16:52:11.029 1142 1142 D SystemServerTiming: OnBootPhase_200_com.android.server.sensors.SensorService took to complete: 0ms
08-16 16:52:11.029 1142 1142 I SystemServerTiming: OnBootPhase_200_com.android.server.SystemConfigService
08-16 16:52:11.029 1142 1142 D SystemServerTiming: OnBootPhase_200_com.android.server.SystemConfigService took to complete: 0ms
08-16 16:52:11.030 1142 1142 I SystemServerTiming: OnBootPhase_200_com.android.server.BatteryService
08-16 16:52:11.030 1142 1142 D SystemServerTiming: OnBootPhase_200_com.android.server.BatteryService took to complete: 0ms
08-16 16:52:11.030 1142 1142 I SystemServerTiming: OnBootPhase_200_com.android.server.usage.UsageStatsService
08-16 16:52:11.030 1142 1142 D SystemServerTiming: OnBootPhase_200_com.android.server.usage.UsageStatsService took to complete: 0ms
08-16 16:52:11.030 1142 1142 I SystemServerTiming: OnBootPhase_200_com.android.server.webkit.WebViewUpdateService
08-16 16:52:11.030 1142 1142 D SystemServerTiming: OnBootPhase_200_com.android.server.webkit.WebViewUpdateService took to complete: 0ms
08-16 16:52:11.030 1142 1142 I SystemServerTiming: OnBootPhase_200_com.android.server.CachedDeviceStateService
08-16 16:52:11.030 1142 1142 D SystemServerTiming: OnBootPhase_200_com.android.server.CachedDeviceStateService took to complete: 0ms
08-16 16:52:11.030 1142 1142 I SystemServerTiming: OnBootPhase_200_com.android.server.BinderCallsStatsService$LifeCycle
08-16 16:52:11.030 1142 1142 D SystemServerTiming: OnBootPhase_200_com.android.server.BinderCallsStatsService$LifeCycle took to complete: 0ms
08-16 16:52:11.030 1142 1142 I SystemServerTiming: OnBootPhase_200_com.android.server.LooperStatsService$Lifecycle
08-16 16:52:11.030 1142 1142 D SystemServerTiming: OnBootPhase_200_com.android.server.LooperStatsService$Lifecycle took to complete: 0ms
08-16 16:52:11.030 1142 1142 I SystemServerTiming: OnBootPhase_200_com.android.server.rollback.RollbackManagerService
08-16 16:52:11.030 1142 1142 D SystemServerTiming: OnBootPhase_200_com.android.server.rollback.RollbackManagerService took to complete: 0ms
08-16 16:52:11.030 1142 1142 I SystemServerTiming: OnBootPhase_200_com.android.server.os.NativeTombstoneManagerService
08-16 16:52:11.030 1142 1142 D SystemServerTiming: OnBootPhase_200_com.android.server.os.NativeTombstoneManagerService took to complete: 0ms
08-16 16:52:11.031 1142 1142 I SystemServerTiming: OnBootPhase_200_com.android.server.os.BugreportManagerService
08-16 16:52:11.031 1142 1142 D SystemServerTiming: OnBootPhase_200_com.android.server.os.BugreportManagerService took to complete: 0ms
08-16 16:52:11.031 1142 1142 I SystemServerTiming: OnBootPhase_200_com.android.server.gpu.GpuService
08-16 16:52:11.031 1142 1142 D SystemServerTiming: OnBootPhase_200_com.android.server.gpu.GpuService took to complete: 0ms
08-16 16:52:11.031 1142 1142 I SystemServerTiming: OnBootPhase_200_com.android.server.security.KeyChainSystemService
08-16 16:52:11.031 1142 1142 D SystemServerTiming: OnBootPhase_200_com.android.server.security.KeyChainSystemService took to complete: 0ms
08-16 16:52:11.031 1142 1142 I SystemServerTiming: OnBootPhase_200_com.android.server.telecom.TelecomLoaderService
08-16 16:52:11.031 1142 1142 D SystemServerTiming: OnBootPhase_200_com.android.server.telecom.TelecomLoaderService took to complete: 0ms
08-16 16:52:11.031 1142 1142 I SystemServerTiming: OnBootPhase_200_com.android.server.accounts.AccountManagerService$Lifecycle
08-16 16:52:11.031 1142 1142 D SystemServerTiming: OnBootPhase_200_com.android.server.accounts.AccountManagerService$Lifecycle took to complete: 0ms
08-16 16:52:11.031 1142 1142 I SystemServerTiming: OnBootPhase_200_com.android.server.content.ContentService$Lifecycle
08-16 16:52:11.031 1142 1142 D SystemServerTiming: OnBootPhase_200_com.android.server.content.ContentService$Lifecycle took to complete: 0ms
08-16 16:52:11.031 1142 1142 I SystemServerTiming: OnBootPhase_200_com.android.server.DropBoxManagerService
08-16 16:52:11.032 1142 1142 D SystemServerTiming: OnBootPhase_200_com.android.server.DropBoxManagerService took to complete: 0ms
08-16 16:52:11.032 1142 1142 I SystemServerTiming: OnBootPhase_200_com.android.role.RoleService
08-16 16:52:11.032 1142 1142 D SystemServerTiming: OnBootPhase_200_com.android.role.RoleService took to complete: 0ms
08-16 16:52:11.032 1142 1142 I SystemServerTiming: OnBootPhase_200_com.android.server.vibrator.VibratorManagerService$Lifecycle
08-16 16:52:11.032 1142 1142 D SystemServerTiming: OnBootPhase_200_com.android.server.vibrator.VibratorManagerService$Lifecycle took to complete: 0ms
08-16 16:52:11.032 1142 1142 I SystemServerTiming: OnBootPhase_200_com.android.server.alarm.AlarmManagerService
08-16 16:52:11.032 1142 1142 D SystemServerTiming: OnBootPhase_200_com.android.server.alarm.AlarmManagerService took to complete: 0ms
08-16 16:52:11.032 1142 1142 I SystemServerTiming: OnBootPhase_200_com.android.server.devicestate.DeviceStateManagerService
08-16 16:52:11.032 1142 1142 D SystemServerTiming: OnBootPhase_200_com.android.server.devicestate.DeviceStateManagerService took to complete: 0ms
08-16 16:52:11.032 1142 1142 I SystemServerTiming: OnBootPhase_200_com.android.server.camera.CameraServiceProxy
08-16 16:52:11.032 1142 1142 D SystemServerTiming: OnBootPhase_200_com.android.server.camera.CameraServiceProxy took to complete: 0ms
08-16 16:52:11.032 1142 1142 D SystemServerTiming: OnBootPhase_200 took to complete: 5ms
08-16 16:52:11.033 1142 1142 I WindowManager: No existing display settings, starting empty
08-16 16:52:11.034 1142 1142 I WindowManager: No existing display settings, starting empty
08-16 16:52:11.054 1142 1142 D SystemServerTiming: StartWindowManagerService took to complete: 28ms
08-16 16:52:11.054 1142 1142 I SystemServerTiming: SetWindowManagerService
08-16 16:52:11.109 1142 1142 I ActivityTaskManager: Loaded persisted task ids for user 0
08-16 16:52:11.111 1142 1142 D SystemServerTiming: SetWindowManagerService took to complete: 56ms
08-16 16:52:11.111 1142 1142 I SystemServerTiming: WindowManagerServiceOnInitReady
08-16 16:52:11.124 1142 1142 D SystemServerTiming: WindowManagerServiceOnInitReady took to complete: 12ms
08-16 16:52:11.124 1142 1142 I SystemServerTiming: StartInputManager
08-16 16:52:11.124 1142 1142 I InputManager: Starting input manager
08-16 16:52:11.124 1142 1719 I SystemServerTimingAsync: InitThreadPoolExec:StartHidlServices
08-16 16:52:11.124 1142 1719 D SystemServerInitThreadPool: Started executing StartHidlServices
08-16 16:52:11.124 1142 1719 I SystemServerTimingAsync: StartHidlServices
08-16 16:52:11.129 1142 1142 D SystemServerTiming: StartInputManager took to complete: 5ms
08-16 16:52:11.129 1142 1142 I SystemServerTiming: DisplayManagerWindowManagerAndInputReady
08-16 16:52:11.129 1142 1142 D SystemServerTiming: DisplayManagerWindowManagerAndInputReady took to complete: 0ms
08-16 16:52:11.129 1142 1142 I SystemServerTiming: StartBluetoothService
08-16 16:52:11.129 1142 1142 I SystemServiceManager: Starting com.android.server.BluetoothService
08-16 16:52:11.129 1142 1221 I LogicalDisplayMapper: Requesting Transition to state: 0
08-16 16:52:11.130 1142 1221 I LogicalDisplayMapper: Applying layout: [{addr: {port=129, model=0x40446d3026322d}, dispId: 0(ON)}], Previous layout: [{addr: {port=129, model=0x40446d3026322d}, dispId: 0(ON)}]
08-16 16:52:11.131 1142 1142 D BluetoothManagerService: Loading stored name and address
08-16 16:52:11.133 1142 1142 D BluetoothManagerService: Stored bluetooth Name=QCOM-BTD,Address=22:22:C8:96:9F:72
08-16 16:52:11.133 1142 1142 D BluetoothManagerService: Bluetooth persisted state: 1
08-16 16:52:11.133 1142 1142 D BluetoothManagerService: Startup: Bluetooth persisted state is ON.
08-16 16:52:11.133 1142 1142 D BluetoothManagerService: Detected SystemUiUid: 10124
08-16 16:52:11.133 1142 1142 D SystemServerTiming: StartBluetoothService took to complete: 4ms
08-16 16:52:11.133 1142 1142 I SystemServerTiming: IpConnectivityMetrics
08-16 16:52:11.134 1142 1142 I SystemServiceManager: Starting com.android.server.connectivity.IpConnectivityMetrics
08-16 16:52:11.134 1142 1142 D SystemServerTiming: IpConnectivityMetrics took to complete: 0ms
08-16 16:52:11.134 1142 1142 I SystemServerTiming: NetworkWatchlistService
08-16 16:52:11.134 1142 1142 I SystemServiceManager: Starting com.android.server.net.watchlist.NetworkWatchlistService$Lifecycle
08-16 16:52:11.139 1142 1719 D SystemServerTimingAsync: StartHidlServices took to complete: 14ms
08-16 16:52:11.139 1142 1719 D SystemServerInitThreadPool: Finished executing StartHidlServices
08-16 16:52:11.139 1142 1719 D SystemServerTimingAsync: InitThreadPoolExec:StartHidlServices took to complete: 15ms
08-16 16:52:11.142 1142 1142 I WatchlistSettings: Reload watchlist settings done
08-16 16:52:11.144 1142 1142 D SystemServerTiming: NetworkWatchlistService took to complete: 10ms
08-16 16:52:11.144 1142 1142 I SystemServerTiming: PinnerService
08-16 16:52:11.144 1142 1142 I SystemServiceManager: Starting com.android.server.PinnerService
08-16 16:52:11.144 1142 1142 V HistoricalRegistry: Interaction before persistence initialized
08-16 16:52:11.146 1142 1142 D SystemServerTiming: PinnerService took to complete: 2ms
08-16 16:52:11.146 1142 1142 I SystemServerTiming: IorapForwardingService
08-16 16:52:11.146 1142 1142 I SystemServiceManager: Starting com.google.android.startop.iorap.IorapForwardingService
08-16 16:52:11.147 1142 1233 D PinnerService: pinRangeStream: null
08-16 16:52:11.149 1142 1727 I WatchlistLoggingHandler: No need to aggregate record yet.
08-16 16:52:11.150 1142 1142 D SystemServerTiming: IorapForwardingService took to complete: 3ms
08-16 16:52:11.150 1142 1142 I SystemServiceManager: Starting com.android.server.ActivityTriggerService
08-16 16:52:11.150 1142 1142 I ActivityTriggerService: Starting ActivityTriggerService
08-16 16:52:11.150 1142 1727 I WatchlistLoggingHandler: Milliseconds spent on tryAggregateRecords(): 2
08-16 16:52:11.162 1142 1142 I SystemServerTiming: SignedConfigService
08-16 16:52:11.162 1142 1142 D SystemServerTiming: SignedConfigService took to complete: 0ms
08-16 16:52:11.162 1142 1142 I SystemServerTiming: AppIntegrityService
08-16 16:52:11.162 1142 1142 I SystemServiceManager: Starting com.android.server.integrity.AppIntegrityManagerService
08-16 16:52:11.163 1142 1233 D PinnerService: pinRangeStream: null
08-16 16:52:11.163 1142 1233 D PinnerService: pinRangeStream: null
08-16 16:52:11.163 1142 1142 E IntegrityFileManager: Error creating staging and rules directory
08-16 16:52:11.164 1142 1233 D PinnerService: pinRangeStream: null
08-16 16:52:11.169 1142 1142 D SystemServerTiming: AppIntegrityService took to complete: 8ms
08-16 16:52:11.200 1142 1142 I WindowManager: SAFE MODE not enabled
08-16 16:52:11.200 1142 1142 I SystemServerTiming: StartInputMethodManagerLifecycle
08-16 16:52:11.200 1142 1142 I SystemServiceManager: Starting com.android.server.inputmethod.InputMethodManagerService$Lifecycle
08-16 16:52:11.215 1142 1233 D PinnerService: pinRangeStream: null
08-16 16:52:11.215 1142 1233 D PinnerService: pinRangeStream: null
08-16 16:52:11.218 1142 1142 D SystemServerTiming: StartInputMethodManagerLifecycle took to complete: 18ms
08-16 16:52:11.218 1142 1142 I SystemServerTiming: StartAccessibilityManagerService
08-16 16:52:11.218 1142 1142 I SystemServiceManager: Starting com.android.server.accessibility.AccessibilityManagerService$Lifecycle
08-16 16:52:11.218 1142 1233 D PinnerService: pinRangeStream: null
08-16 16:52:11.262 1142 1233 D PinnerService: pinRangeStream: null
08-16 16:52:11.263 1142 1142 D SystemServerTiming: StartAccessibilityManagerService took to complete: 46ms
08-16 16:52:11.263 1142 1142 I SystemServerTiming: MakeDisplayReady
08-16 16:52:11.268 1142 1142 I ActivityTaskManager: Config changes=20005df8 {1.0 ?mcc?mnc [en_US] ldltr sw680dp w1586dp h608dp 240dpi lrg long land ?uimode ?night -touch -keyb/v/h -nav/h winConfig={ mBounds=Rect(0, 0 - 2380, 1020) mAppBounds=Rect(0, 0 - 2380, 948) mMaxBounds=Rect(0, 0 - 2380, 1020) mWindowingMode=fullscreen mDisplayWindowingMode=fullscreen mActivityType=undefined mAlwaysOnTop=undefined mRotation=ROTATION_0} s.2 ?fontWeightAdjustment}
08-16 16:52:11.269 1142 1142 I WindowManager: Override config changes=60007dfc {1.0 ?mcc?mnc [en_US] ldltr sw680dp w1586dp h608dp 240dpi lrg long land ?uimode ?night -touch -keyb/v/h -nav/h winConfig={ mBounds=Rect(0, 0 - 2380, 1020) mAppBounds=Rect(0, 0 - 2380, 948) mMaxBounds=Rect(0, 0 - 2380, 1020) mWindowingMode=fullscreen mDisplayWindowingMode=fullscreen mActivityType=undefined mAlwaysOnTop=undefined mRotation=ROTATION_0} s.2 ?fontWeightAdjustment} for displayId=0
08-16 16:52:11.278 1142 1142 I ActivityTaskManager: Config changes=8 {1.0 ?mcc?mnc [en_US] ldltr sw680dp w1586dp h608dp 240dpi lrg long land ?uimode ?night finger -keyb/v/h -nav/h winConfig={ mBounds=Rect(0, 0 - 2380, 1020) mAppBounds=Rect(0, 0 - 2380, 948) mMaxBounds=Rect(0, 0 - 2380, 1020) mWindowingMode=fullscreen mDisplayWindowingMode=fullscreen mActivityType=undefined mAlwaysOnTop=undefined mRotation=ROTATION_0} s.4 ?fontWeightAdjustment}
08-16 16:52:11.279 1142 1142 I WindowManager: Override config changes=8 {1.0 ?mcc?mnc [en_US] ldltr sw680dp w1586dp h608dp 240dpi lrg long land ?uimode ?night finger -keyb/v/h -nav/h winConfig={ mBounds=Rect(0, 0 - 2380, 1020) mAppBounds=Rect(0, 0 - 2380, 948) mMaxBounds=Rect(0, 0 - 2380, 1020) mWindowingMode=fullscreen mDisplayWindowingMode=fullscreen mActivityType=undefined mAlwaysOnTop=undefined mRotation=ROTATION_0} s.4 ?fontWeightAdjustment} for displayId=0
08-16 16:52:11.282 1142 1142 D SystemServerTiming: MakeDisplayReady took to complete: 18ms
08-16 16:52:11.282 1142 1142 I SystemServerTiming: StartStorageManagerService
08-16 16:52:11.282 1142 1142 I SystemServiceManager: Starting com.android.server.StorageManagerService$Lifecycle
08-16 16:52:11.290 1142 1233 D PinnerService: pinRangeStream: null
08-16 16:52:11.291 1142 1233 D PinnerService: pinRangeStream: null
08-16 16:52:11.303 1142 1733 D StorageManagerService: Thinking about init, mBootCompleted=false, mDaemonConnected=true
08-16 16:52:11.303 1142 1733 D StorageManagerService: Thinking about reset, mBootCompleted=false, mDaemonConnected=true
08-16 16:52:11.305 1142 1733 D StorageManagerService: Thinking about init, mBootCompleted=false, mDaemonConnected=true
08-16 16:52:11.305 1142 1733 D StorageManagerService: Thinking about reset, mBootCompleted=false, mDaemonConnected=true
08-16 16:52:11.306 1142 1142 D SystemServerTiming: StartStorageManagerService took to complete: 23ms
08-16 16:52:11.306 1142 1142 I SystemServerTiming: StartStorageStatsService
08-16 16:52:11.306 1142 1142 I SystemServiceManager: Starting com.android.server.usage.StorageStatsService$Lifecycle
08-16 16:52:11.311 1142 1233 D PinnerService: pinRangeStream: null
08-16 16:52:11.317 1142 1233 D PinnerService: pinRangeStream: null
08-16 16:52:11.318 1142 1233 E PinnerService: Could not pin file /system/lib64/libsurfaceflinger.so
08-16 16:52:11.318 1142 1233 E PinnerService: android.system.ErrnoException: open failed: ENOENT (No such file or directory)
08-16 16:52:11.318 1142 1233 E PinnerService: at libcore.io.Linux.open(Native Method)
08-16 16:52:11.318 1142 1233 E PinnerService: at libcore.io.ForwardingOs.open(ForwardingOs.java:567)
08-16 16:52:11.318 1142 1233 E PinnerService: at libcore.io.BlockGuardOs.open(BlockGuardOs.java:273)
08-16 16:52:11.318 1142 1233 E PinnerService: at android.system.Os.open(Os.java:501)
08-16 16:52:11.318 1142 1233 E PinnerService: at com.android.server.PinnerService.pinFileRanges(PinnerService.java:939)
08-16 16:52:11.318 1142 1233 E PinnerService: at com.android.server.PinnerService.pinFile(PinnerService.java:814)
08-16 16:52:11.318 1142 1233 E PinnerService: at com.android.server.PinnerService.handlePinOnStart(PinnerService.java:273)
08-16 16:52:11.318 1142 1233 E PinnerService: at com.android.server.PinnerService.access$1600(PinnerService.java:91)
08-16 16:52:11.318 1142 1233 E PinnerService: at com.android.server.PinnerService$PinnerHandler.handleMessage(PinnerService.java:1183)
08-16 16:52:11.318 1142 1233 E PinnerService: at android.os.Handler.dispatchMessage(Handler.java:106)
08-16 16:52:11.318 1142 1233 E PinnerService: at android.os.Looper.loopOnce(Looper.java:201)
08-16 16:52:11.318 1142 1233 E PinnerService: at android.os.Looper.loop(Looper.java:288)
08-16 16:52:11.318 1142 1233 E PinnerService: at android.os.HandlerThread.run(HandlerThread.java:67)
08-16 16:52:11.318 1142 1233 E PinnerService: Failed to pin file = /system/lib64/libsurfaceflinger.so
08-16 16:52:11.320 1142 1142 D SystemServerTiming: StartStorageStatsService took to complete: 15ms
08-16 16:52:11.320 1142 1142 I SystemServerTiming: StartUiModeManager
08-16 16:52:11.321 1142 1142 I SystemServiceManager: Starting com.android.server.UiModeManagerService
08-16 16:52:11.322 1142 1142 D SystemServerTiming: StartUiModeManager took to complete: 2ms
08-16 16:52:11.322 1142 1142 I SystemServerTiming: UpdatePackagesIfNeeded
08-16 16:52:11.322 1142 1142 I Watchdog: Pausing HandlerChecker: main thread for reason: dexopt. Pause count: 1
08-16 16:52:11.322 1142 1142 I Watchdog: Resuming HandlerChecker: main thread for reason: dexopt. Pause count: 0
08-16 16:52:11.322 1142 1142 D SystemServerTiming: UpdatePackagesIfNeeded took to complete: 0ms
08-16 16:52:11.322 1142 1142 I SystemServerTiming: PerformFstrimIfNeeded
08-16 16:52:11.323 1142 1142 D SystemServerTiming: PerformFstrimIfNeeded took to complete: 0ms
08-16 16:52:11.323 1142 1142 I SystemServerTiming: StartLockSettingsService
08-16 16:52:11.323 1142 1142 I SystemServiceManager: Starting com.android.server.locksettings.LockSettingsService$Lifecycle
08-16 16:52:11.325 1142 1734 I SystemServerTimingAsync: InitThreadPoolExec:UiModeManager.onStart
08-16 16:52:11.325 1142 1734 D SystemServerInitThreadPool: Started executing UiModeManager.onStart
08-16 16:52:11.338 1142 1734 D SystemServerInitThreadPool: Finished executing UiModeManager.onStart
08-16 16:52:11.338 1142 1734 D SystemServerTimingAsync: InitThreadPoolExec:UiModeManager.onStart took to complete: 12ms
08-16 16:52:11.340 1142 1142 D SystemServerTiming: StartLockSettingsService took to complete: 17ms
08-16 16:52:11.340 1142 1142 I SystemServerTiming: StartPersistentDataBlock
08-16 16:52:11.340 1142 1142 I SystemServiceManager: Starting com.android.server.PersistentDataBlockService
08-16 16:52:11.340 1142 1649 D SystemServerTimingAsync: AppDataFixup took to complete: 799ms
08-16 16:52:11.341 1142 1142 D SystemServerTiming: StartPersistentDataBlock took to complete: 0ms
08-16 16:52:11.341 1142 1142 I SystemServerTiming: StartTestHarnessMode
08-16 16:52:11.341 1142 1142 I SystemServiceManager: Starting com.android.server.testharness.TestHarnessModeService
08-16 16:52:11.341 1142 1736 I SystemServerTimingAsync: InitThreadPoolExec:PersistentDataBlockService.onStart
08-16 16:52:11.341 1142 1736 D SystemServerInitThreadPool: Started executing PersistentDataBlockService.onStart
08-16 16:52:11.342 1142 1142 D SystemServerTiming: StartTestHarnessMode took to complete: 1ms
08-16 16:52:11.342 1142 1142 I SystemServerTiming: StartOemLockService
08-16 16:52:11.342 1142 1142 I SystemServiceManager: Starting com.android.server.oemlock.OemLockService
08-16 16:52:11.343 1142 1142 I OemLock : OemLock HAL not present on device
08-16 16:52:11.343 1142 1142 I OemLock : Using persistent data block based lock
08-16 16:52:11.344 1142 1736 E PersistentDataBlockService: not able to find package com.google.android.gms
08-16 16:52:11.344 1142 1736 E PersistentDataBlockService: android.content.pm.PackageManager$NameNotFoundException: com.google.android.gms
08-16 16:52:11.344 1142 1736 E PersistentDataBlockService: at android.app.ApplicationPackageManager.getPackageUidAsUser(ApplicationPackageManager.java:364)
08-16 16:52:11.344 1142 1736 E PersistentDataBlockService: at com.android.server.PersistentDataBlockService.getAllowedUid(PersistentDataBlockService.java:162)
08-16 16:52:11.344 1142 1736 E PersistentDataBlockService: at com.android.server.PersistentDataBlockService.lambda$onStart$0$PersistentDataBlockService(PersistentDataBlockService.java:176)
08-16 16:52:11.344 1142 1736 E PersistentDataBlockService: at com.android.server.PersistentDataBlockService$$ExternalSyntheticLambda0.run(Unknown Source:2)
08-16 16:52:11.344 1142 1736 E PersistentDataBlockService: at com.android.server.SystemServerInitThreadPool.lambda$submitTask$0$SystemServerInitThreadPool(SystemServerInitThreadPool.java:105)
08-16 16:52:11.344 1142 1736 E PersistentDataBlockService: at com.android.server.SystemServerInitThreadPool$$ExternalSyntheticLambda0.run(Unknown Source:6)
08-16 16:52:11.344 1142 1736 E PersistentDataBlockService: at java.util.concurrent.Executors$RunnableAdapter.call(Executors.java:462)
08-16 16:52:11.344 1142 1736 E PersistentDataBlockService: at java.util.concurrent.FutureTask.run(FutureTask.java:266)
08-16 16:52:11.344 1142 1736 E PersistentDataBlockService: at java.util.concurrent.ThreadPoolExecutor.runWorker(ThreadPoolExecutor.java:1167)
08-16 16:52:11.344 1142 1736 E PersistentDataBlockService: at java.util.concurrent.ThreadPoolExecutor$Worker.run(ThreadPoolExecutor.java:641)
08-16 16:52:11.344 1142 1736 E PersistentDataBlockService: at com.android.internal.util.ConcurrentUtils$1$1.run(ConcurrentUtils.java:65)
08-16 16:52:11.344 1142 1142 D SystemServerTiming: StartOemLockService took to complete: 2ms
08-16 16:52:11.344 1142 1142 I SystemServerTiming: StartDeviceIdleController
08-16 16:52:11.344 1142 1142 I SystemServiceManager: Starting com.android.server.DeviceIdleController
08-16 16:52:11.355 1142 1142 D SystemServerTiming: StartDeviceIdleController took to complete: 10ms
08-16 16:52:11.355 1142 1142 I SystemServerTiming: StartDevicePolicyManager
08-16 16:52:11.355 1142 1142 I SystemServiceManager: Starting com.android.server.devicepolicy.DevicePolicyManagerService$Lifecycle
08-16 16:52:11.360 1142 1142 D SLog : static_init took to complete: 1ms
08-16 16:52:11.360 1142 1142 I DevicePolicyManager: Set ro.organization_owned property to false
08-16 16:52:11.362 1142 1142 D SystemServerTiming: StartDevicePolicyManager took to complete: 7ms
08-16 16:52:11.362 1142 1142 I SystemServerTiming: StartStatusBarManagerService
08-16 16:52:11.363 1142 1142 D SystemServerTiming: StartStatusBarManagerService took to complete: 1ms
08-16 16:52:11.363 1142 1142 D SystemServer: MusicRecognitionManagerService not defined by OEM or disabled by flag
08-16 16:52:11.363 1142 1142 D SystemServer: ContentCaptureService disabled because resource is not overlaid
08-16 16:52:11.363 1142 1142 D SystemServer: AttentionService is not configured on this device
08-16 16:52:11.363 1142 1142 D SystemServer: RotationResolverService is not configured on this device
08-16 16:52:11.363 1142 1142 D SystemServer: SystemCaptionsManagerService disabled because resource is not overlaid
08-16 16:52:11.363 1142 1142 I SystemServerTiming: StartTextToSpeechManagerService
08-16 16:52:11.363 1142 1142 I SystemServiceManager: Starting com.android.server.texttospeech.TextToSpeechManagerService
08-16 16:52:11.364 1142 1736 D SystemServerInitThreadPool: Finished executing PersistentDataBlockService.onStart
08-16 16:52:11.364 1142 1736 D SystemServerTimingAsync: InitThreadPoolExec:PersistentDataBlockService.onStart took to complete: 23ms
08-16 16:52:11.365 1142 1142 D SystemServerTiming: StartTextToSpeechManagerService took to complete: 1ms
08-16 16:52:11.365 1142 1142 I SystemServerTiming: StartSpeechRecognitionManagerService
08-16 16:52:11.365 1142 1142 I SystemServiceManager: Starting com.android.server.speech.SpeechRecognitionManagerService
08-16 16:52:11.366 1142 1142 D SystemServerTiming: StartSpeechRecognitionManagerService took to complete: 1ms
08-16 16:52:11.366 1142 1142 D SystemServer: AppPredictionService not defined by OEM
08-16 16:52:11.366 1142 1142 D SystemServer: ContentSuggestionsService not defined by OEM
08-16 16:52:11.366 1142 1142 I SystemServerTiming: StartSearchUiService
08-16 16:52:11.366 1142 1142 I SystemServiceManager: Starting com.android.server.searchui.SearchUiManagerService
08-16 16:52:11.367 1142 1142 D SystemServerTiming: StartSearchUiService took to complete: 1ms
08-16 16:52:11.367 1142 1142 I SystemServerTiming: StartSmartspaceService
08-16 16:52:11.367 1142 1142 I SystemServiceManager: Starting com.android.server.smartspace.SmartspaceManagerService
08-16 16:52:11.368 1142 1142 D SystemServerTiming: StartSmartspaceService took to complete: 1ms
08-16 16:52:11.368 1142 1142 I SystemServerTiming: InitConnectivityModuleConnector
08-16 16:52:11.368 1142 1142 D ConnectivityModuleConnector: Network stack init
08-16 16:52:11.368 1142 1142 D SystemServerTiming: InitConnectivityModuleConnector took to complete: 1ms
08-16 16:52:11.368 1142 1142 I SystemServerTiming: InitNetworkStackClient
08-16 16:52:11.369 1142 1142 D SystemServerTiming: InitNetworkStackClient took to complete: 0ms
08-16 16:52:11.369 1142 1142 I SystemServerTiming: StartNetworkManagementService
08-16 16:52:11.373 1142 1142 D SystemServerTiming: StartNetworkManagementService took to complete: 4ms
08-16 16:52:11.373 1142 1142 I SystemServerTiming: StartIpSecService
08-16 16:52:11.374 1142 1142 D SystemServerTiming: StartIpSecService took to complete: 1ms
08-16 16:52:11.374 1142 1142 I SystemServerTiming: StartFontManagerService
08-16 16:52:11.511 1142 1142 D SystemServerTiming: StartFontManagerService took to complete: 138ms
08-16 16:52:11.512 1142 1142 I SystemServerTiming: StartTextServicesManager
08-16 16:52:11.512 1142 1142 I SystemServiceManager: Starting com.android.server.textservices.TextServicesManagerService$Lifecycle
08-16 16:52:11.513 1142 1142 D SystemServerTiming: StartTextServicesManager took to complete: 1ms
08-16 16:52:11.513 1142 1142 I SystemServerTiming: StartTextClassificationManagerService
08-16 16:52:11.513 1142 1142 I SystemServiceManager: Starting com.android.server.textclassifier.TextClassificationManagerService$Lifecycle
08-16 16:52:11.514 1142 1142 D SystemServerTiming: StartTextClassificationManagerService took to complete: 1ms
08-16 16:52:11.514 1142 1142 I SystemServerTiming: StartNetworkScoreService
08-16 16:52:11.514 1142 1142 I SystemServiceManager: Starting com.android.server.NetworkScoreService$Lifecycle
08-16 16:52:11.515 1142 1142 D SystemServerTiming: StartNetworkScoreService took to complete: 1ms
08-16 16:52:11.515 1142 1142 I SystemServerTiming: StartNetworkStatsService
08-16 16:52:11.519 1142 1142 D SystemServerTiming: StartNetworkStatsService took to complete: 4ms
08-16 16:52:11.519 1142 1142 I SystemServerTiming: StartNetworkPolicyManagerService
08-16 16:52:11.524 1142 1142 D SystemServerTiming: StartNetworkPolicyManagerService took to complete: 4ms
08-16 16:52:11.524 1142 1142 I SystemServerTiming: StartWifi
08-16 16:52:11.558 1142 1142 I SystemServiceManager: Starting com.android.server.wifi.WifiService --------- beginning of radio
08-16 16:52:11.614 1142 1142 D TelephonyRegistry: listen oscl: mHasNotifySubscriptionInfoChangedOccurred==false no callback
08-16 16:52:11.632 1299 1299 I wificond: New wificond event callback registered
08-16 16:52:11.635 1142 1142 V HistoricalRegistry: Interaction before persistence initialized
08-16 16:52:11.639 1142 1142 D SystemServerTiming: StartWifi took to complete: 115ms
08-16 16:52:11.639 1142 1142 I SystemServerTiming: StartWifiScanning
08-16 16:52:11.639 1142 1142 I SystemServiceManager: Starting com.android.server.wifi.scanner.WifiScanningService
08-16 16:52:11.643 1142 1142 D SystemServerTiming: StartWifiScanning took to complete: 5ms
08-16 16:52:11.643 1142 1142 I SystemServerTiming: StartRttService
08-16 16:52:11.644 1142 1142 I SystemServiceManager: Starting com.android.server.wifi.rtt.RttService
08-16 16:52:11.645 1142 1142 D SystemServerTiming: StartRttService took to complete: 1ms
08-16 16:52:11.645 1142 1142 I SystemServerTiming: StartWifiAware
08-16 16:52:11.645 1142 1142 I SystemServiceManager: Starting com.android.server.wifi.aware.WifiAwareService
08-16 16:52:11.647 1142 1142 D SystemServerTiming: StartWifiAware took to complete: 3ms
08-16 16:52:11.647 1142 1142 I SystemServerTiming: StartWifiP2P
08-16 16:52:11.648 1142 1142 I SystemServiceManager: Starting com.android.server.wifi.p2p.WifiP2pService
08-16 16:52:11.651 1142 1142 D SystemServerTiming: StartWifiP2P took to complete: 4ms
08-16 16:52:11.652 1142 1142 I SystemServerTiming: StartEthernet
08-16 16:52:11.652 1142 1142 I SystemServiceManager: Starting com.android.server.ethernet.EthernetService
08-16 16:52:11.653 1142 1142 D SystemServerTiming: StartEthernet took to complete: 2ms
08-16 16:52:11.654 1142 1142 I SystemServerTiming: StartPacProxyService
08-16 16:52:11.656 1142 1142 D SystemServerTiming: StartPacProxyService took to complete: 2ms
08-16 16:52:11.656 1142 1142 I SystemServerTiming: StartConnectivityService
08-16 16:52:11.670 1142 1142 I SystemServiceManager: Starting com.android.server.ConnectivityServiceInitializer
08-16 16:52:11.693 1142 1142 D CompatibilityChangeReporter: Compat change id reported: 182478738; UID 1000; state: ENABLED
08-16 16:52:11.697 1142 1142 D SystemServerTiming: StartConnectivityService took to complete: 42ms
08-16 16:52:11.697 1142 1142 I SystemServerTiming: StartVpnManagerService
08-16 16:52:11.701 1142 1142 D SystemServerTiming: StartVpnManagerService took to complete: 3ms
08-16 16:52:11.701 1142 1142 I SystemServerTiming: StartVcnManagementService
08-16 16:52:11.704 1142 1142 D SystemServerTiming: StartVcnManagementService took to complete: 3ms
08-16 16:52:11.704 1142 1142 I SystemServerTiming: StartNsdService
08-16 16:52:11.705 1142 1142 D NsdService: Network service discovery is enabled
08-16 16:52:11.707 1142 1142 D SystemServerTiming: StartNsdService took to complete: 3ms
08-16 16:52:11.707 1142 1142 I SystemServerTiming: StartSystemUpdateManagerService
08-16 16:52:11.708 1142 1142 I SystemUpdateManagerService: No existing info file /data/system/system-update-info.xml
08-16 16:52:11.708 1142 1142 D SystemServerTiming: StartSystemUpdateManagerService took to complete: 2ms
08-16 16:52:11.709 1142 1142 I SystemServerTiming: StartUpdateLockService
08-16 16:52:11.709 1142 1142 D SystemServerTiming: StartUpdateLockService took to complete: 1ms
08-16 16:52:11.709 1142 1142 I SystemServerTiming: StartNotificationManager
08-16 16:52:11.710 1142 1142 I SystemServiceManager: Starting com.android.server.notification.NotificationManagerService
08-16 16:52:11.715 1142 1142 D ConditionProviders.SCP: new ScheduleConditionProvider()
08-16 16:52:11.726 1142 1142 I NotificationAssistants: Read notification assistant permissions from xml
08-16 16:52:11.726 1142 1142 I ConditionProviders: Read condition provider permissions from xml
08-16 16:52:11.726 1142 1142 I ConditionProviders: Read condition provider permissions from xml
08-16 16:52:11.727 1142 1142 D NotificationAssistants: Approving default notification assistant for user 0
08-16 16:52:11.727 1142 1142 I ConditionProviders: Allowing condition provider android.ext.services/android.ext.services.notification.Assistant (userSet: true)
08-16 16:52:11.736 1142 1142 D CompatibilityChangeReporter: Compat change id reported: 157233955; UID 1000; state: ENABLED
08-16 16:52:11.751 1142 1142 D SystemServerTiming: StartNotificationManager took to complete: 42ms
08-16 16:52:11.751 1142 1142 I SystemServerTiming: StartDeviceMonitor
08-16 16:52:11.752 1142 1142 I SystemServiceManager: Starting com.android.server.storage.DeviceStorageMonitorService
08-16 16:52:11.754 1142 1142 D SystemServerTiming: StartDeviceMonitor took to complete: 2ms
08-16 16:52:11.754 1142 1142 I SystemServerTiming: StartLocationManagerService
08-16 16:52:11.754 1142 1142 I SystemServiceManager: Starting com.android.server.location.LocationManagerService$Lifecycle
08-16 16:52:11.758 1142 1142 D SystemServerTiming: StartLocationManagerService took to complete: 4ms
08-16 16:52:11.758 1142 1142 I SystemServerTiming: StartCountryDetectorService
08-16 16:52:11.772 1142 1142 D SystemServerTiming: StartCountryDetectorService took to complete: 14ms
08-16 16:52:11.772 1142 1142 I SystemServerTiming: StartTimeDetectorService
08-16 16:52:11.772 1142 1142 I SystemServiceManager: Starting com.android.server.timedetector.TimeDetectorService$Lifecycle
08-16 16:52:11.780 1142 1142 D SystemServerTiming: StartTimeDetectorService took to complete: 8ms
08-16 16:52:11.780 1142 1142 I SystemServerTiming: StartTimeZoneDetectorService
08-16 16:52:11.780 1142 1142 I SystemServiceManager: Starting com.android.server.timezonedetector.TimeZoneDetectorService$Lifecycle
08-16 16:52:11.782 1142 1142 D SystemServerTiming: StartTimeZoneDetectorService took to complete: 2ms
08-16 16:52:11.782 1142 1142 I SystemServerTiming: StartLocationTimeZoneManagerService
08-16 16:52:11.782 1142 1142 I SystemServiceManager: Starting com.android.server.timezonedetector.location.LocationTimeZoneManagerService$Lifecycle
08-16 16:52:11.783 1142 1142 D SystemServerTiming: StartLocationTimeZoneManagerService took to complete: 1ms
08-16 16:52:11.783 1142 1142 I SystemServerTiming: StartSearchManagerService
08-16 16:52:11.783 1142 1142 I SystemServiceManager: Starting com.android.server.search.SearchManagerService$Lifecycle
08-16 16:52:11.784 1142 1142 D SystemServerTiming: StartSearchManagerService took to complete: 1ms
08-16 16:52:11.784 1142 1142 I SystemServerTiming: StartWallpaperManagerService
08-16 16:52:11.784 1142 1142 I SystemServiceManager: Starting com.android.server.wallpaper.WallpaperManagerService$Lifecycle
08-16 16:52:11.785 1142 1142 D SystemServerTiming: StartWallpaperManagerService took to complete: 1ms
08-16 16:52:11.785 1142 1142 I SystemServerTiming: StartAudioService
08-16 16:52:11.785 1142 1142 I SystemServiceManager: Starting com.android.server.audio.AudioService$Lifecycle
08-16 16:52:11.794 1244 1244 W iorapd : Readahead disabled by system property
08-16 16:52:11.800 1244 1244 W iorapd : Reconnect to package manager service: 1 times
08-16 16:52:11.829 1142 1142 D SystemServerTiming: StartAudioService took to complete: 45ms
08-16 16:52:11.829 1142 1142 I SystemServerTiming: StartSoundTriggerMiddlewareService
08-16 16:52:11.829 1142 1142 I SystemServiceManager: Starting com.android.server.soundtrigger_middleware.SoundTriggerMiddlewareService$Lifecycle
08-16 16:52:11.835 1142 1142 D SystemServerTiming: StartSoundTriggerMiddlewareService took to complete: 6ms
08-16 16:52:11.836 1142 1142 I SystemServerTiming: StartDockObserver
08-16 16:52:11.836 1142 1142 I SystemServiceManager: Starting com.android.server.DockObserver
08-16 16:52:11.836 1142 1142 W DockObserver: This kernel does not have dock station support
08-16 16:52:11.836 1142 1142 D SystemServerTiming: StartDockObserver took to complete: 1ms
08-16 16:52:11.837 1142 1142 I SystemServerTiming: StartWiredAccessoryManager
08-16 16:52:11.837 1142 1142 W WiredAccessoryManager: This kernel does not have usb audio support
08-16 16:52:11.837 1142 1142 W WiredAccessoryManager: This kernel does not have HDMI audio support
08-16 16:52:11.838 1142 1142 E WiredAccessoryManager: file /sys/devices/platform/soc/soc:qcom,msm-ext-disp/extcon/extcon3/name not found
08-16 16:52:11.838 1142 1142 W WiredAccessoryManager: Conn soc:qcom,msm-ext-disp/3/0 does not have DP audio support
08-16 16:52:11.838 1142 1142 E WiredAccessoryManager: file /sys/devices/platform/soc/soc:qcom,msm-ext-disp/extcon/extcon2/name not found
08-16 16:52:11.840 1142 1142 W WiredAccessoryManager: Conn soc:qcom,msm-ext-disp/2/0 does not have DP audio support
08-16 16:52:11.843 1142 1142 E WiredAccessoryManager: set dev_index 1
08-16 16:52:11.845 682 682 D ZygoteInitTiming_lazy: PreloadClasses took to complete: 956ms
08-16 16:52:11.845 1142 1142 W WiredAccessoryManager: checkCableIndex set cable 0
08-16 16:52:11.847 1142 1142 E WiredAccessoryManager: set dev_index 0
08-16 16:52:11.849 1142 1142 W WiredAccessoryManager: checkCableIndex set cable 0
08-16 16:52:11.850 1142 1142 D SystemServerTiming: StartWiredAccessoryManager took to complete: 13ms
08-16 16:52:11.850 1142 1142 I SystemServerTiming: StartMidiManager
08-16 16:52:11.850 1142 1142 I SystemServiceManager: Starting com.android.server.midi.MidiService$Lifecycle
08-16 16:52:11.853 1142 1142 D SystemServerTiming: StartMidiManager took to complete: 3ms
08-16 16:52:11.854 1142 1142 I SystemServerTiming: StartAdbService
08-16 16:52:11.854 1142 1142 I SystemServiceManager: Starting com.android.server.adb.AdbService$Lifecycle
08-16 16:52:11.854 1764 1764 D iorap.prefetcherd: Installing minijail
08-16 16:52:11.856 1764 1764 W iorap.prefetcherd: No seccomp filter defined for this architecture.
08-16 16:52:11.856 1142 1142 D SystemServerTiming: StartAdbService took to complete: 3ms
08-16 16:52:11.857 1142 1142 I SystemServerTiming: StartUsbService
08-16 16:52:11.857 1142 1142 I SystemServiceManager: Starting com.android.server.usb.UsbService$Lifecycle
08-16 16:52:11.857 1142 1142 D SystemServerTiming: StartUsbService took to complete: 0ms
08-16 16:52:11.857 1142 1142 I SystemServerTiming: StartSerialService
08-16 16:52:11.857 1142 1225 I SystemServerTimingAsync: InitThreadPoolExec:UsbService$Lifecycle#onStart
08-16 16:52:11.857 1142 1225 D SystemServerInitThreadPool: Started executing UsbService$Lifecycle#onStart
08-16 16:52:11.857 1142 1142 D SystemServerTiming: StartSerialService took to complete: 1ms
08-16 16:52:11.858 1142 1142 I SystemServerTiming: StartHardwarePropertiesManagerService
08-16 16:52:11.859 1142 1225 E UsbDeviceManager: failed to write to /sys/class/android_usb/android0/f_rndis/ethaddr
08-16 16:52:11.861 1142 1225 I UsbDeviceManager: USB GADGET HAL not present in the device
08-16 16:52:11.861 1142 1225 I UsbDeviceManager: java.util.NoSuchElementException
08-16 16:52:11.861 1142 1225 I UsbDeviceManager: at android.os.HwBinder.getService(Native Method)
08-16 16:52:11.861 1142 1225 I UsbDeviceManager: at android.hardware.usb.gadget.V1_0.IUsbGadget.getService(IUsbGadget.java:57)
08-16 16:52:11.861 1142 1225 I UsbDeviceManager: at android.hardware.usb.gadget.V1_0.IUsbGadget.getService(IUsbGadget.java:64)
08-16 16:52:11.861 1142 1225 I UsbDeviceManager: at com.android.server.usb.UsbDeviceManager.(UsbDeviceManager.java:293)
08-16 16:52:11.861 1142 1225 I UsbDeviceManager: at com.android.server.usb.UsbService.(UsbService.java:178)
08-16 16:52:11.861 1142 1225 I UsbDeviceManager: at com.android.server.usb.UsbService$Lifecycle.lambda$onStart$0$UsbService$Lifecycle(UsbService.java:92)
08-16 16:52:11.861 1142 1225 I UsbDeviceManager: at com.android.server.usb.UsbService$Lifecycle$$ExternalSyntheticLambda1.run(Unknown Source:2)
08-16 16:52:11.861 1142 1225 I UsbDeviceManager: at com.android.server.SystemServerInitThreadPool.lambda$submitTask$0$SystemServerInitThreadPool(SystemServerInitThreadPool.java:105)
08-16 16:52:11.861 1142 1225 I UsbDeviceManager: at com.android.server.SystemServerInitThreadPool$$ExternalSyntheticLambda0.run(Unknown Source:6)
08-16 16:52:11.861 1142 1225 I UsbDeviceManager: at java.util.concurrent.Executors$RunnableAdapter.call(Executors.java:462)
08-16 16:52:11.861 1142 1225 I UsbDeviceManager: at java.util.concurrent.FutureTask.run(FutureTask.java:266)
