01-01 05:55:46.074 0 0 I CAM_ERR : CAM-CCI: cam_cci_read_bytes: 1561 failed to read rc:-22
01-01 05:55:46.074 0 0 I CAM_ERR : CAM-SENSOR: cam_cci_i2c_read: 35 rc = -22
01-01 05:55:46.074 0 0 I CAM_WARN: CAM-SENSOR: cam_sensor_match_id: 769 read id: 0x0 expected id 0x3841:
01-01 05:55:46.076 0 0 I qcom,camera ac50000.qcom,cci: qcom,cam-sensor2: Dropping the link to regulator.77
01-01 05:55:46.076 0 0 I binder : 1278:1278 ioctl 40046210 7fe0a64e44 returned -22
01-01 05:55:46.082 0 0 I qcom,camera ac50000.qcom,cci: qcom,cam-sensor2: Dropping the link to regulator.54
01-01 05:55:46.082 0 0 I qcom,camera ac50000.qcom,cci: qcom,cam-sensor2: Dropping the link to regulator.57
01-01 05:55:46.083 0 0 I qcom,camera ac50000.qcom,cci: qcom,cam-sensor2: Dropping the link to regulator.56
01-01 05:55:45.525 1142 1171 W android.permission.PermissionManager: Missing ActivityManager; assuming 1047 does not hold android.permission.UPDATE_DEVICE_STATS
01-01 05:55:46.096 0 0 I cnss-daemon: NL group_id 10, cnss_nl.family_id 28
01-01 05:55:46.096 0 0 I cnss-daemon: wlfw_start: Starting
01-01 05:55:46.099 0 0 I binder : 1292:1292 ioctl 40046210 ffd21fd8 returned -22
01-01 05:55:45.538 1142 1171 W android.permission.PermissionManager: Missing ActivityManager; assuming 1013 does not hold android.permission.UPDATE_DEVICE_STATS
01-01 05:55:46.119 0 0 I binder : 1292:1292 ioctl 40046210 ffd21fc0 returned -22
01-01 05:55:45.549 1142 1171 W android.permission.PermissionManager: Missing ActivityManager; assuming 1013 does not hold android.permission.UPDATE_DEVICE_STATS
01-01 05:55:46.128 0 0 I ueventd : firmware: loading 'a650_zap.mdt' for '/devices/platform/soc/soc:qcom,kgsl-hyp/firmware/a650_zap.mdt'
01-01 05:55:46.131 0 0 I binder : 1366:1366 ioctl 40046210 7ff71b3ae4 returned -22
01-01 05:55:46.134 0 0 I qcom,camera ac4f000.qcom,cci: qcom,cam-sensor5: Linked as a consumer to regulator.56
01-01 05:55:45.568 1142 1171 W android.permission.PermissionManager: Missing ActivityManager; assuming 1047 does not hold android.permission.UPDATE_DEVICE_STATS
01-01 05:55:46.138 0 0 I qcom,camera ac4f000.qcom,cci: qcom,cam-sensor5: Linked as a consumer to regulator.53
01-01 05:55:46.140 0 0 I ueventd : loading /devices/platform/soc/soc:qcom,kgsl-hyp/firmware/a650_zap.mdt took 12ms
01-01 05:55:46.144 0 0 I qcom,camera ac4f000.qcom,cci: qcom,cam-sensor5: Linked as a consumer to regulator.57
01-01 05:55:46.145 0 0 I qcom,camera ac4f000.qcom,cci: qcom,cam-sensor5: Linked as a consumer to regulator.77
01-01 05:55:46.150 0 0 I subsys-pil-tz soc: qcom,kgsl-hyp: a650_zap: loading from 0x00000000fcf00000 to 0x00000000fcf01000
01-01 05:55:46.152 0 0 I cnss-daemon: no interop issues ap currently
01-01 05:55:46.153 0 0 I cnss-daemon: wlfw_service_request: Start the pthread: 0x0K
01-01 05:55:46.157 0 0 W subsys-pil-tz soc: qcom,kgsl-hyp: Falling back to syfs fallback for: a650_zap.b02
01-01 05:55:46.165 0 0 I ueventd : firmware: loading 'a650_zap.b02' for '/devices/platform/soc/soc:qcom,kgsl-hyp/firmware/a650_zap.b02'
01-01 05:55:45.607 1294 1294 W HidlServiceManagement: Waited one second for android.hardware.health@2.0::IHealth/default
01-01 05:55:46.171 0 0 I ueventd : loading /devices/platform/soc/soc:qcom,kgsl-hyp/firmware/a650_zap.b02 took 7ms
01-01 05:55:46.174 0 0 I subsys-pil-tz soc: qcom,kgsl-hyp: a650_zap: Brought out of reset
01-01 05:55:46.177 0 0 I cnss-daemon: pm_release_vote: pm_handle is NULL
01-01 05:55:46.177 0 0 I cnss-daemon: pm_release_vote: pm_handle is NULL
01-01 05:55:46.177 0 0 I cnss-daemon: wlfw_build_cal_table: not read /data/vendor/wifi/wlfw_cal_00.bin
01-01 05:55:46.177 0 0 I CAM_ERR : CAM-CCI: cam_cci_irq: 264 Base:ffffff80197fd000, M1_Q1 NACK ERROR: 0x40000000
01-01 05:55:46.178 0 0 I CAM_ERR : CAM-CCI: cam_cci_read: 1306 ERROR with Slave 0xc0:
01-01 05:55:46.178 0 0 I CAM_ERR : CAM-CCI: cam_cci_read_bytes: 1561 failed to read rc:-22
01-01 05:55:46.178 0 0 I CAM_ERR : CAM-SENSOR: cam_cci_i2c_read: 35 rc = -22
01-01 05:55:46.178 0 0 I CAM_WARN: CAM-SENSOR: cam_sensor_match_id: 769 read id: 0x0 expected id 0x6710:
01-01 05:55:46.178 0 0 I qcom,camera ac4f000.qcom,cci: qcom,cam-sensor5: Dropping the link to regulator.77
01-01 05:55:46.183 0 0 I qcom,camera ac4f000.qcom,cci: qcom,cam-sensor5: Dropping the link to regulator.57
01-01 05:55:46.184 0 0 I qcom,camera ac4f000.qcom,cci: qcom,cam-sensor5: Dropping the link to regulator.53
01-01 05:55:46.184 0 0 I qcom,camera ac4f000.qcom,cci: qcom,cam-sensor5: Dropping the link to regulator.56
01-01 05:55:46.185 0 0 I cnss-daemon: wlfw_build_cal_table: not read /data/vendor/wifi/wlfw_cal_02.bin
01-01 05:55:46.185 0 0 I cnss-daemon: wlfw_build_cal_table: not read /data/vendor/wifi/wlfw_cal_03.bin
01-01 05:55:46.185 0 0 I cnss-daemon: wlfw_build_cal_table: not read /data/vendor/wifi/wlfw_cal_04.bin
01-01 05:55:46.198 0 0 D cnss : Received QMI WLFW request memory indication
01-01 05:55:46.198 0 0 D cnss : FW requests for memory, size: 0x5e0000, type: 1
01-01 05:55:46.198 0 0 D cnss : FW requests for memory, size: 0xd8000, type: 4
01-01 05:55:46.198 0 0 D cnss : Posting event: REQUEST_MEM(2), state: 0x9 flags: 0x0
01-01 05:55:46.198 0 0 D cnss : PM stay awake, state: 0x9, count: 1
01-01 05:55:46.202 0 0 D cnss : Processing driver event: REQUEST_MEM(2), state: 0x9
01-01 05:55:45.663 1142 1142 D PackageManagerTiming: read user settings took to complete: 632ms
01-01 05:55:46.244 0 0 I qcom,camera ac50000.qcom,cci: qcom,cam-sensor3: Linked as a consumer to regulator.57
01-01 05:55:46.245 0 0 I binder : 1132:1145 ioctl 40046210 6eba55f144 returned -22
01-01 05:55:46.249 0 0 I qcom,camera ac50000.qcom,cci: qcom,cam-sensor3: Linked as a consumer to regulator.86
01-01 05:55:45.685 1142 1142 D PackageManager: Keeping known cache b7e8b465be774e40852796e7db13a619c5c8447f
01-01 05:55:45.695 1142 1142 W android.permission.PermissionManager: Missing ActivityManager; assuming 1000 holds android.permission.WATCH_APPOPS
01-01 05:55:45.698 1142 1142 W android.permission.PermissionManager: Missing ActivityManager; assuming 1000 holds android.permission.WATCH_APPOPS
01-01 05:55:46.269 0 0 I qcom,camera ac50000.qcom,cci: qcom,cam-sensor3: Linked as a consumer to regulator.77
01-01 05:55:45.709 1132 1145 D BootAnimation: BootAnimationShownTiming start time: 50740ms
01-01 05:55:46.296 0 0 D cnss : Sending respond memory message, state: 0x9
01-01 05:55:46.296 0 0 D cnss : Memory for FW, va: 0xffffff8025a9b000, pa: 0x00000000a1000000, size: 0x5e0000, type: 1
01-01 05:55:46.296 0 0 D cnss : Memory for FW, va: 0xffffff8021001000, pa: 0x00000000a1600000, size: 0xd8000, type: 4
01-01 05:55:45.745 1142 1142 D CompatibilityChangeReporter: Compat change id reported: 143539591; UID -1; state: ENABLED
01-01 05:55:46.316 0 0 D cnss : PM relax, state: 0x9, count: 0
01-01 05:55:46.322 0 0 D cnss : Received QMI WLFW FW memory ready indication
01-01 05:55:46.322 0 0 D cnss : Posting event: FW_MEM_READY(3), state: 0x9 flags: 0x0
01-01 05:55:46.322 0 0 D cnss : PM stay awake, state: 0x9, count: 1
01-01 05:55:46.322 0 0 D cnss : PM relax, state: 0x9, count: 0
01-01 05:55:46.322 0 0 D cnss : PM stay awake, state: 0x9, count: 1
01-01 05:55:46.322 0 0 D cnss : Processing driver event: FW_MEM_READY(3), state: 0x9
01-01 05:55:46.322 0 0 D cnss : Sending target capability message, state: 0xb
01-01 05:55:46.327 0 0 D cnss : Voltage for CPR: 948mV
01-01 05:55:46.327 0 0 D cnss : Got voltage 800mV from i: 0, j: 0
01-01 05:55:46.327 0 0 D cnss : Got voltage 1012mV from i: 4, j: 1
01-01 05:55:46.327 0 0 D cnss : Update TCS CMD data address 0x000000000b2e5844 with voltage 950mV
01-01 05:55:46.327 0 0 D cnss : Device frequency is 24000000 HZ
01-01 05:55:46.327 0 0 D cnss : Target capability: chip_id: 0x0, chip_family: 0xb, board_id: 0xff, soc_id: 0xffffffff, fw_version: 0x101a0521, fw_build_timestamp: 2021-12-20 07:54, fw_build_id: QC_IMAGE_VERSION_STRING=WLAN.HST.1.0.1.r1-01313-QCAHSTSWPL_SILICONZ-1, otp_version: 0x0
01-01 05:55:46.327 0 0 D cnss : Sending BDF download message, state: 0xb, type: 4
01-01 05:55:46.328 0 0 D cnss : FW name added with prefix: qca6390/regdb.bin
01-01 05:55:46.328 0 0 W cnss2 b0000000.qcom,cnss-qca6390: Falling back to syfs fallback for: qca6390/regdb.bin
01-01 05:55:46.357 0 0 I ueventd : firmware: loading 'qca6390/regdb.bin' for '/devices/platform/soc/b0000000.qcom,cnss-qca6390/firmware/qca6390!regdb.bin'
01-01 05:55:46.371 0 0 E ueventd : firmware: could not find firmware for qca6390/regdb.bin
01-01 05:55:46.379 0 0 E ueventd : firmware: attempted /etc/firmware/qca6390/regdb.bin, open failed: No such file or directory
01-01 05:55:46.388 0 0 I CAM_ERR : CAM-CCI: cam_cci_irq: 264 Base:ffffff801a005000, M1_Q1 NACK ERROR: 0x40000000
01-01 05:55:46.390 0 0 I CAM_ERR : CAM-CCI: cam_cci_read: 1306 ERROR with Slave 0x7a:
01-01 05:55:46.390 0 0 I CAM_ERR : CAM-CCI: cam_cci_read_bytes: 1561 failed to read rc:-22
01-01 05:55:46.390 0 0 I CAM_ERR : CAM-SENSOR: cam_cci_i2c_read: 35 rc = -22
01-01 05:55:46.390 0 0 I CAM_WARN: CAM-SENSOR: cam_sensor_match_id: 769 read id: 0x0 expected id 0x30:
01-01 05:55:46.393 0 0 I qcom,camera ac50000.qcom,cci: qcom,cam-sensor3: Dropping the link to regulator.77
01-01 05:55:46.395 0 0 E ueventd : firmware: attempted /odm/firmware/qca6390/regdb.bin, open failed: No such file or directory
01-01 05:55:46.396 0 0 I qcom,camera ac50000.qcom,cci: qcom,cam-sensor3: Dropping the link to regulator.86
01-01 05:55:46.408 0 0 E ueventd : firmware: attempted /vendor/firmware/qca6390/regdb.bin, open failed: No such file or directory
01-01 05:55:46.425 0 0 I qcom,camera ac50000.qcom,cci: qcom,cam-sensor3: Dropping the link to regulator.57
01-01 05:55:46.429 0 0 E ueventd : firmware: attempted /firmware/image/qca6390/regdb.bin, open failed: No such file or directory
01-01 05:55:46.444 0 0 E cnss : Failed to load BDF: qca6390/regdb.bin
01-01 05:55:45.879 1142 1142 D CompatibilityChangeReporter: Compat change id reported: 143539591; UID -1; state: DISABLED
01-01 05:55:45.879 1142 1142 D CompatibilityChangeReporter: Compat change id reported: 168782947; UID -1; state: ENABLED
01-01 05:55:46.454 0 0 D cnss : Sending BDF download message, state: 0xb, type: 1
01-01 05:55:46.454 0 0 D cnss : FW name added with prefix: qca6390/bdwlan.elf
01-01 05:55:45.895 1142 1142 W PackageManager: Failed to parse /system/framework/arm: Missing base APK in /system/framework/arm
01-01 05:55:45.895 1142 1142 W PackageManager: Failed to parse /system/framework/arm64: Missing base APK in /system/framework/arm64
01-01 05:55:45.895 1142 1142 W PackageManager: Failed to parse /system/framework/oat: Missing base APK in /system/framework/oat
01-01 05:55:46.466 0 0 W cnss2 b0000000.qcom,cnss-qca6390: Falling back to syfs fallback for: qca6390/bdwlan.elf
01-01 05:55:46.481 0 0 I qcom,camera ac4f000.qcom,cci: qcom,cam-sensor0: Linked as a consumer to regulator.55
01-01 05:55:46.492 0 0 I qcom,camera ac4f000.qcom,cci: qcom,cam-sensor0: Linked as a consumer to regulator.52
01-01 05:55:46.495 0 0 I qcom,camera ac4f000.qcom,cci: qcom,cam-sensor0: Linked as a consumer to regulator.57
01-01 05:55:46.496 0 0 I qcom,camera ac4f000.qcom,cci: qcom,cam-sensor0: Linked as a consumer to regulator.77 --------- beginning of crash
01-01 05:55:45.963 1515 1515 F linker : CANNOT LINK EXECUTABLE "/vendor/bin/hw/qvrservice": library "vendor.qti.hardware.qxr-V1-ndk_platform.so" not found: needed by /vendor/lib64/libqvrservice.so in namespace (default)
01-01 05:55:46.531 0 0 I CAM_ERR : CAM-CCI: cam_cci_irq: 238 Base:ffffff80197fd000, M0_Q1 NACK ERROR: 0x10000000
01-01 05:55:46.531 0 0 I CAM_ERR : CAM-CCI: cam_cci_read: 1306 ERROR with Slave 0xc0:
01-01 05:55:46.531 0 0 I CAM_ERR : CAM-CCI: cam_cci_read_bytes: 1561 failed to read rc:-22
01-01 05:55:46.531 0 0 I CAM_ERR : CAM-SENSOR: cam_cci_i2c_read: 35 rc = -22
01-01 05:55:46.531 0 0 I CAM_WARN: CAM-SENSOR: cam_sensor_match_id: 769 read id: 0x0 expected id 0x6710:
01-01 05:55:46.531 0 0 I qcom,camera ac4f000.qcom,cci: qcom,cam-sensor0: Dropping the link to regulator.77
01-01 05:55:46.536 0 0 I qcom,camera ac4f000.qcom,cci: qcom,cam-sensor0: Dropping the link to regulator.57
01-01 05:55:46.537 0 0 I qcom,camera ac4f000.qcom,cci: qcom,cam-sensor0: Dropping the link to regulator.52
01-01 05:55:46.538 0 0 I qcom,camera ac4f000.qcom,cci: qcom,cam-sensor0: Dropping the link to regulator.55
01-01 05:55:46.558 0 0 I binder : 1474:1474 ioctl 40046210 7fcd2e23a4 returned -22
01-01 05:55:46.558 0 0 D cnss : Downloading BDF: qca6390/bdwlan.elf, size: 57908
01-01 05:55:46.559 0 0 D qbt : qbt_open: entry minor_no=0 fd_available=1
01-01 05:55:46.559 0 0 D qbt : qbt_open: exit : 0 fd_available=0
01-01 05:55:46.559 0 0 D qbt : qbt_open: entry minor_no=1 fd_available=0
01-01 05:55:46.559 0 0 D qbt : qbt_open: exit : 0 fd_available=0
01-01 05:55:46.559 0 0 D qbt : qbt_ioctl: cmd received 102
01-01 05:55:46.560 0 0 D qbt : qbt_ioctl: qbt_ioctl: QBT_ENABLE_IPC
01-01 05:55:46.565 0 0 I binder : 1474:1474 ioctl 40046210 7fcd2e21d4 returned -22
01-01 05:55:46.572 0 0 D qbt : qbt_ioctl: cmd received 107
01-01 05:55:46.572 0 0 D qbt : qbt_ioctl: Acquiring wakelock
01-01 05:55:46.600 0 0 I qcom,camera ac50000.qcom,cci: qcom,cam-sensor3: Linked as a consumer to regulator.57
01-01 05:55:46.606 0 0 I qcom,camera ac50000.qcom,cci: qcom,cam-sensor3: Linked as a consumer to regulator.86
01-01 05:55:46.030 1530 1530 F linker : CANNOT LINK EXECUTABLE "/vendor/bin/hw/sxrservice": library "vendor.qti.hardware.qxr-V1-ndk_platform.so" not found: needed by main executable
01-01 05:55:46.624 0 0 D cnss : FW name added with prefix: qca6390/m3.bin
01-01 05:55:46.624 0 0 W cnss_pci 0000: 01:00.0: Falling back to syfs fallback for: qca6390/m3.bin
01-01 05:55:46.627 0 0 I qcom,camera ac50000.qcom,cci: qcom,cam-sensor3: Linked as a consumer to regulator.77
01-01 05:55:46.644 0 0 I CAM_ERR : CAM-CCI: cam_cci_irq: 264 Base:ffffff801a005000, M1_Q1 NACK ERROR: 0x40000000
01-01 05:55:46.644 0 0 I CAM_ERR : CAM-CCI: cam_cci_read: 1306 ERROR with Slave 0x20:
01-01 05:55:46.644 0 0 I CAM_ERR : CAM-CCI: cam_cci_read_bytes: 1561 failed to read rc:-22
01-01 05:55:46.644 0 0 I CAM_ERR : CAM-SENSOR: cam_cci_i2c_read: 35 rc = -22
01-01 05:55:46.644 0 0 I CAM_WARN: CAM-SENSOR: cam_sensor_match_id: 769 read id: 0x0 expected id 0x3841:
01-01 05:55:46.645 0 0 I qcom,camera ac50000.qcom,cci: qcom,cam-sensor3: Dropping the link to regulator.77
01-01 05:55:46.649 0 0 I qcom,camera ac50000.qcom,cci: qcom,cam-sensor3: Dropping the link to regulator.86
01-01 05:55:46.649 0 0 I qcom,camera ac50000.qcom,cci: qcom,cam-sensor3: Dropping the link to regulator.57
01-01 05:55:46.655 0 0 I binder : 1492:1492 ioctl 40046210 7fc0ca3ce4 returned -22
01-01 05:55:46.677 0 0 I init : Command 'class_start late_start' action=nonencrypted (/system/etc/init/hw/init.rc:1119) took 803ms and succeeded
01-01 05:55:46.677 0 0 I init : Service 'vendor.mutualex' (pid 1349) exited with status 0 oneshot service took 1.204000 seconds in background
01-01 05:55:46.677 0 0 I init : Sending signal 9 to service 'vendor.mutualex' (pid 1349) process group...
01-01 05:55:46.677 0 0 I libprocessgroup: Successfully killed process cgroup uid 1001 pid 1349 in 0ms
01-01 05:55:46.681 0 0 I init : Service 'vendor.light-hal-2-0' (pid 1405) exited with status 0
01-01 05:55:46.681 0 0 I init : Sending signal 9 to service 'vendor.light-hal-2-0' (pid 1405) process group...
01-01 05:55:46.681 0 0 I libprocessgroup: Successfully killed process cgroup uid 1000 pid 1405 in 0ms
01-01 05:55:46.685 0 0 I init : Service 'nqnfcinfo' (pid 1420) exited with status 1 oneshot service took 0.789000 seconds in background
01-01 05:55:46.685 0 0 I init : Sending signal 9 to service 'nqnfcinfo' (pid 1420) process group...
01-01 05:55:46.686 0 0 I libprocessgroup: Successfully killed process cgroup uid 1000 pid 1420 in 0ms
01-01 05:55:46.691 0 0 I binder : 1489:1489 ioctl 40046210 7fd42fd0d4 returned -22
01-01 05:55:46.694 0 0 I qcom,camera ac4f000.qcom,cci: qcom,cam-sensor4: Linked as a consumer to regulator.55
01-01 05:55:46.698 0 0 I qcom,camera ac4f000.qcom,cci: qcom,cam-sensor4: Linked as a consumer to regulator.52
01-01 05:55:46.702 0 0 I qcom,camera ac4f000.qcom,cci: qcom,cam-sensor4: Linked as a consumer to regulator.57
01-01 05:55:46.703 0 0 I qcom,camera ac4f000.qcom,cci: qcom,cam-sensor4: Linked as a consumer to regulator.77
01-01 05:55:46.711 0 0 I binder : 1489:1489 ioctl 40046210 7fd42fccd4 returned -22
01-01 05:55:46.173 1142 1484 D CompatibilityChangeReporter: Compat change id reported: 150232615; UID -1; state: DISABLED
01-01 05:55:46.749 0 0 D cnss : Sending M3 information message, state: 0xb
01-01 05:55:46.749 0 0 D cnss : M3 memory, va: 0xffffff8022200000, pa: 0x00000000a1800000, size: 0x411bc
01-01 05:55:46.755 0 0 D cnss : PM relax, state: 0xb, count: 0
01-01 05:55:46.755 0 0 D cnss : Received QMI WLFW FW initialization done indication
01-01 05:55:46.755 0 0 D cnss : Posting event: FW_READY(4), state: 0xb flags: 0x0
01-01 05:55:46.755 0 0 D cnss : PM stay awake, state: 0xb, count: 1
01-01 05:55:46.755 0 0 D cnss : PM relax, state: 0xb, count: 0
01-01 05:55:46.756 0 0 D cnss : PM stay awake, state: 0xb, count: 1
01-01 05:55:46.756 0 0 D cnss : Processing driver event: FW_READY(4), state: 0xb
01-01 05:55:46.756 0 0 D cnss : PCIE Gen speed not setup
01-01 05:55:46.756 0 0 D cnss : Sending antenna switch sync request, state: 0xf
01-01 05:55:46.766 0 0 I CAM_ERR : CAM-CCI: cam_cci_irq: 238 Base:ffffff80197fd000, M0_Q1 NACK ERROR: 0x10000000
01-01 05:55:46.766 0 0 I CAM_ERR : CAM-CCI: cam_cci_read: 1306 ERROR with Slave 0xc0:
01-01 05:55:46.766 0 0 I CAM_ERR : CAM-CCI: cam_cci_read_bytes: 1561 failed to read rc:-22
01-01 05:55:46.766 0 0 I CAM_ERR : CAM-SENSOR: cam_cci_i2c_read: 35 rc = -22
01-01 05:55:46.767 0 0 I CAM_WARN: CAM-SENSOR: cam_sensor_match_id: 769 read id: 0x0 expected id 0x6710:
01-01 05:55:46.767 0 0 E cnss : Antenna switch request failed, result: 1, err: 94
01-01 05:55:46.767 0 0 I qcom,camera ac4f000.qcom,cci: qcom,cam-sensor4: Dropping the link to regulator.77
01-01 05:55:46.198 1536 1536 I TLOC : [main ]"TLOC DAEMON main thread"
01-01 05:55:46.201 1536 1536 D TLOC : [TLOCDaemon ]"---------- TLOC Daemon Starts ----------"
01-01 05:55:46.201 1142 1142 D CompatibilityChangeReporter: Compat change id reported: 168782947; UID -1; state: DISABLED
01-01 05:55:46.781 0 0 D cnss : Sending mode message, mode: CALIBRATION(7), state: 0xf
01-01 05:55:46.213 1536 1536 D TLOC : [TLOCChannel]"The channel was initialized successfully for TLOCD"
01-01 05:55:46.783 0 0 I qcom,camera ac4f000.qcom,cci: qcom,cam-sensor4: Dropping the link to regulator.57
01-01 05:55:46.784 0 0 I qcom,camera ac4f000.qcom,cci: qcom,cam-sensor4: Dropping the link to regulator.52
01-01 05:55:46.784 0 0 I qcom,camera ac4f000.qcom,cci: qcom,cam-sensor4: Dropping the link to regulator.55
01-01 05:55:46.216 1536 1536 D TLOC : [TLOCChannel]"The channel was initialized successfully for TLOCL"
01-01 05:55:46.219 1536 1536 D TLOC : [TLOCChannel]"The channel was initialized successfully for MODEM"
01-01 05:55:46.219 1536 1536 D TLOC : [TLOCChannel]"TLOCChannel was initialized successfully"
01-01 05:55:46.219 1536 1536 D TLOC : [TLOCChannel] "TLOCChannel is already initialized"
01-01 05:55:46.793 0 0 W QSEECOM : qseecom_load_app: App (fingerpr) does'nt exist, loading apps for first time
01-01 05:55:46.834 0 0 I qcom,camera ac50000.qcom,cci: qcom,cam-sensor2: Linked as a consumer to regulator.56
01-01 05:55:46.838 0 0 I qcom,camera ac50000.qcom,cci: qcom,cam-sensor2: Linked as a consumer to regulator.54
01-01 05:55:46.842 0 0 I qcom,camera ac50000.qcom,cci: qcom,cam-sensor2: Linked as a consumer to regulator.57
01-01 05:55:46.844 0 0 I qcom,camera ac50000.qcom,cci: qcom,cam-sensor2: Linked as a consumer to regulator.77
01-01 05:55:46.879 0 0 I CAM_ERR : CAM-CCI: cam_cci_irq: 238 Base:ffffff801a005000, M0_Q1 NACK ERROR: 0x10000000
01-01 05:55:46.879 0 0 I CAM_ERR : CAM-CCI: cam_cci_read: 1306 ERROR with Slave 0x34:
01-01 05:55:46.879 0 0 I CAM_ERR : CAM-CCI: cam_cci_read_bytes: 1561 failed to read rc:-22
01-01 05:55:46.879 0 0 I CAM_ERR : CAM-SENSOR: cam_cci_i2c_read: 35 rc = -22
01-01 05:55:46.879 0 0 I CAM_WARN: CAM-SENSOR: cam_sensor_match_id: 769 read id: 0x0 expected id 0x476:
01-01 05:55:46.879 0 0 I qcom,camera ac50000.qcom,cci: qcom,cam-sensor2: Dropping the link to regulator.77
01-01 05:55:46.889 0 0 I qcom,camera ac50000.qcom,cci: qcom,cam-sensor2: Dropping the link to regulator.57
01-01 05:55:46.890 0 0 I qcom,camera ac50000.qcom,cci: qcom,cam-sensor2: Dropping the link to regulator.54
01-01 05:55:46.890 0 0 I qcom,camera ac50000.qcom,cci: qcom,cam-sensor2: Dropping the link to regulator.56
01-01 05:55:46.928 0 0 I qcom,camera ac4f000.qcom,cci: qcom,cam-sensor5: Linked as a consumer to regulator.56
01-01 05:55:46.943 0 0 I qcom,camera ac4f000.qcom,cci: qcom,cam-sensor5: Linked as a consumer to regulator.57
01-01 05:55:46.946 0 0 I qcom,camera ac4f000.qcom,cci: qcom,cam-sensor5: Linked as a consumer to regulator.53
01-01 05:55:46.947 0 0 D cnss : Removing vote for Regulator vdd-wlan-rfa2
01-01 05:55:46.947 0 0 D cnss : Removing vote for Regulator vdd-wlan-rfa1
01-01 05:55:46.947 0 0 D cnss : Removing vote for Regulator vdd-wlan-dig
01-01 05:55:46.947 0 0 I qcom_rpmh DRV: apps_rsc TCS Busy, retrying RPMH message send: addr=0x43200
01-01 05:55:46.947 0 0 D cnss : Removing vote for Regulator vdd-wlan-aon
01-01 05:55:46.947 0 0 D cnss : Removing vote for Regulator vdd-wlan-io
01-01 05:55:46.947 0 0 D cnss : PM relax, state: 0xf, count: 0
01-01 05:55:46.947 0 0 D cnss : Received QMI WLFW pin connect result indication
01-01 05:55:46.947 0 0 D cnss : Pin connect Result: pwr_pin: 0x1 phy_io_pin: 0x0 rf_io_pin: 0x0
01-01 05:55:46.967 0 0 I qcom,camera ac4f000.qcom,cci: qcom,cam-sensor5: Linked as a consumer to regulator.77
01-01 05:55:46.413 1142 1486 W PackageParsing: No actions in intent-filter at /system/app/Bluetooth/Bluetooth.apk Binary XML file line #284
01-01 05:55:46.988 0 0 I CAM_ERR : CAM-CCI: cam_cci_irq: 264 Base:ffffff80197fd000, M1_Q1 NACK ERROR: 0x40000000
01-01 05:55:46.988 0 0 I CAM_ERR : CAM-CCI: cam_cci_read: 1306 ERROR with Slave 0x20:
01-01 05:55:46.988 0 0 I CAM_ERR : CAM-CCI: cam_cci_read_bytes: 1561 failed to read rc:-22
01-01 05:55:46.988 0 0 I CAM_ERR : CAM-SENSOR: cam_cci_i2c_read: 35 rc = -22
01-01 05:55:46.988 0 0 I CAM_WARN: CAM-SENSOR: cam_sensor_match_id: 769 read id: 0x0 expected id 0x30d5:
01-01 05:55:47.000 0 0 I qcom,camera ac4f000.qcom,cci: qcom,cam-sensor5: Dropping the link to regulator.77
01-01 05:55:47.010 0 0 I qcom,camera ac4f000.qcom,cci: qcom,cam-sensor5: Dropping the link to regulator.53
01-01 05:55:47.011 0 0 I qcom,camera ac4f000.qcom,cci: qcom,cam-sensor5: Dropping the link to regulator.57
01-01 05:55:47.011 0 0 I qcom,camera ac4f000.qcom,cci: qcom,cam-sensor5: Dropping the link to regulator.56
01-01 05:55:47.015 0 0 I capability: warning: `msm_irqbalance' uses 32-bit capabilities (legacy support in use)
01-01 05:55:47.021 0 0 I : read descriptors
01-01 05:55:47.021 0 0 I : read strings
01-01 05:55:47.061 0 0 I qcom,camera ac50000.qcom,cci: qcom,cam-sensor6: Linked as a consumer to regulator.56
01-01 05:55:47.072 0 0 I qcom,camera ac50000.qcom,cci: qcom,cam-sensor6: Linked as a consumer to regulator.54
01-01 05:55:47.079 0 0 I qcom,camera ac50000.qcom,cci: qcom,cam-sensor6: Linked as a consumer to regulator.57
01-01 05:55:47.084 0 0 W QSEECOM : qseecom_load_app: App with id 6 (fingerpr) now loaded
01-01 05:55:47.084 0 0 I qcom,camera ac50000.qcom,cci: qcom,cam-sensor6: Linked as a consumer to regulator.77
01-01 05:55:46.523 1142 1484 W PackageParsing: No actions in intent-filter at /system/app/CarrierDefaultApp/CarrierDefaultApp.apk Binary XML file line #43
01-01 05:55:47.104 0 0 I CAM_ERR : CAM-CCI: cam_cci_irq: 238 Base:ffffff801a005000, M0_Q1 NACK ERROR: 0x10000000
01-01 05:55:47.105 0 0 I CAM_ERR : CAM-CCI: cam_cci_read: 1306 ERROR with Slave 0x34:
01-01 05:55:47.105 0 0 I CAM_ERR : CAM-CCI: cam_cci_read_bytes: 1561 failed to read rc:-22
01-01 05:55:47.105 0 0 I CAM_ERR : CAM-SENSOR: cam_cci_i2c_read: 35 rc = -22
01-01 05:55:47.105 0 0 I CAM_WARN: CAM-SENSOR: cam_sensor_match_id: 769 read id: 0x0 expected id 0x481:
01-01 05:55:47.108 0 0 I qcom,camera ac50000.qcom,cci: qcom,cam-sensor6: Dropping the link to regulator.77
01-01 05:55:47.110 0 0 I qcom,camera ac50000.qcom,cci: qcom,cam-sensor6: Dropping the link to regulator.57
01-01 05:55:47.111 0 0 I qcom,camera ac50000.qcom,cci: qcom,cam-sensor6: Dropping the link to regulator.54
01-01 05:55:47.112 0 0 I qcom,camera ac50000.qcom,cci: qcom,cam-sensor6: Dropping the link to regulator.56
01-01 05:55:47.133 0 0 I android_work: did not send uevent (0 0 0000000000000000)
01-01 05:55:46.621 1294 1294 W HidlServiceManagement: Waited one second for android.hardware.health@2.0::IHealth/default
01-01 05:55:46.629 1142 1142 W PackageManager: Failed to parse /vendor/app/CneApp: Missing base APK in /vendor/app/CneApp/lib/arm64
01-01 05:55:47.239 0 0 E msm-dwc3 a600000.ssusb: Could not get usb psy
01-01 05:55:46.695 1142 1484 W PackageParsing: No actions in intent-filter at /product/priv-app/Contacts/Contacts.apk Binary XML file line #558
01-01 05:55:46.713 1142 1486 W PackageParsing: Unknown element under : meta-data at /product/priv-app/Dialer/Dialer.apk Binary XML file line #115
01-01 05:55:47.330 0 0 E msm-dwc3 a600000.ssusb: Could not get usb psy
01-01 05:55:46.807 1142 1487 W PackageParsing: No actions in intent-filter at /product/app/SnapdragonMusic/SnapdragonMusic.apk Binary XML file line #80
01-01 05:55:46.807 1142 1487 W PackageParsing: No actions in intent-filter at /product/app/SnapdragonMusic/SnapdragonMusic.apk Binary XML file line #216
01-01 05:55:47.383 0 0 I android_work: sent uevent USB_STATE=CONNECTED
01-01 05:55:47.385 0 0 W QSEECOM : __qseecom_unload_app: App (6) is unloaded
01-01 05:55:47.386 0 0 D qbt : qbt_release: entry minor_no=0 fd_available=0
01-01 05:55:47.386 0 0 D qbt : qbt_release: Releasing wakelock
01-01 05:55:47.386 0 0 D qbt : qbt_release: exit : fd_available=1
01-01 05:55:47.386 0 0 D qbt : qbt_release: entry minor_no=1 fd_available=1
01-01 05:55:47.386 0 0 D qbt : qbt_release: exit : fd_available=1
01-01 05:55:47.578 0 0 I configfs-gadget gadget: high-speed config #1: b
01-01 05:55:47.583 0 0 E msm-dwc3 a600000.ssusb: Could not get usb psy
01-01 05:55:47.037 1142 1487 W PackageParsing: Unknown element under : meta-data at /system_ext/priv-app/QtiDialer/QtiDialer.apk Binary XML file line #119
01-01 05:55:47.612 0 0 I android_work: sent uevent USB_STATE=CONFIGURED
01-01 05:55:47.630 0 0 E ipa_mpm_vote_unvote_pcie_clk: 1530 MHI not initialized yet
01-01 05:55:47.641 0 0 E ipa_mpm_start_stop_remote_mhip_chan: 1644 MHI not initialized yet, probe in progress
01-01 05:55:47.098 1142 1487 W PackageParsing: Ignoring duplicate uses-permissions/uses-permissions-sdk-m: android.permission.ACCESS_NETWORK_STATE in package: com.android.mms at: Binary XML file line #60
01-01 05:55:47.656 0 0 E ipa_mpm_start_stop_mhip_chan: 1736 MHIP probe 1 not initialized
01-01 05:55:47.665 0 0 E ipa3_cfg_ep_ctrl: 4812 pipe setting delay is not supported
01-01 05:55:47.147 1142 1486 W PackageParsing: Ignoring duplicate uses-permissions/uses-permissions-sdk-m: android.permission.CONFIGURE_WIFI_DISPLAY in package: com.android.systemui at: Binary XML file line #160
01-01 05:55:47.170 1142 1486 I PackageParsing: Parse times for '/system_ext/priv-app/SystemUI': parse=240ms, update_cache=2 ms
01-01 05:55:47.698 0 0 E ipa_usb_notify_cb: Set net_ready_trigger
01-01 05:55:47.715 0 0 E ipa_mpm_vote_unvote_pcie_clk: 1530 MHI not initialized yet
01-01 05:55:47.730 0 0 E ipa_mpm_start_stop_remote_mhip_chan: 1644 MHI not initialized yet, probe in progress
01-01 05:55:47.744 0 0 E ipa_usb_notify_cb: Set net_ready_trigger
01-01 05:55:47.783 0 0 E diag : In diag_ioctl_set_buffering_mode, invalid peripheral = -22
01-01 05:55:47.827 0 0 E : msm_qti_pp_get_rms_value_control, back not active to query rms be_idx:3
01-01 05:55:47.853 0 0 I core_get_license_status: cmdrsp_license_result.result = 0x15 for module 0x131ff
01-01 05:55:47.854 0 0 E msm_ext_disp_update_audio_ops: Display not found (EXT_DISPLAY_TYPE_DP) ctld (0) stream (0)
01-01 05:55:47.864 0 0 E msm_ext_disp_update_audio_ops: Display not found (EXT_DISPLAY_TYPE_HDMI) ctld (0) stream (0)
01-01 05:55:47.874 0 0 E msm_ext_disp_update_audio_ops: Display not found (EXT_DISPLAY_TYPE_DP) ctld (0) stream (0)
01-01 05:55:47.883 0 0 E msm_ext_disp_update_audio_ops: Display not found (EXT_DISPLAY_TYPE_DP) ctld (0) stream (0)
01-01 05:55:47.893 0 0 E msm_ext_disp_update_audio_ops: Display not found (EXT_DISPLAY_TYPE_DP) ctld (0) stream (0)
01-01 05:55:47.903 0 0 E msm-ext-disp-audio-codec-rx soc: qcom,msm-ext-disp:qcom,msm-ext-disp-audio-codec-rx: msm_ext_disp_audio_type_get: get_audio_edid_blk() or get_intf_id is NULL
01-01 05:55:47.920 0 0 E msm_ext_disp_update_audio_ops: Display not found (EXT_DISPLAY_TYPE_DP) ctld (0) stream (0)
01-01 05:55:47.930 0 0 E msm-ext-disp-audio-codec-rx soc: qcom,msm-ext-disp:qcom,msm-ext-disp-audio-codec-rx: msm_ext_disp_audio_type_get: get_audio_edid_blk() or get_intf_id is NULL
01-01 05:55:47.938 0 0 W healthd : No battery devices found
01-01 05:55:47.945 0 0 E msm_ext_disp_update_audio_ops: Display not found (EXT_DISPLAY_TYPE_DP) ctld (0) stream (0)
01-01 05:55:47.956 0 0 E msm-ext-disp-audio-codec-rx soc: qcom,msm-ext-disp:qcom,msm-ext-disp-audio-codec-rx: msm_ext_disp_audio_type_get: get_audio_edid_blk() or get_intf_id is NULL
01-01 05:55:47.397 0 0 W healthd : battery none chg=
01-01 05:55:47.404 0 0 E : msm_qti_pp_get_rms_value_control, back not active to query rms be_idx:3
01-01 05:55:47.413 0 0 E msm-ext-disp-audio-codec-rx soc: qcom,msm-ext-disp:qcom,msm-ext-disp-audio-codec-rx: msm_ext_disp_audio_device_get: invalid dai id: 4
01-01 05:55:47.419 1294 1294 W storaged: health: invalid battery status
01-01 05:55:47.424 0 0 I core_get_license_status: cmdrsp_license_result.result = 0x15 for module 0x131ff
01-01 05:55:47.435 0 0 I binder : 1294:1294 ioctl 40046210 7fe438cd84 returned -22
01-01 05:55:47.435 0 0 E msm_ext_disp_update_audio_ops: Display not found (EXT_DISPLAY_TYPE_DP) ctld (0) stream (0)
01-01 05:55:47.446 0 0 E msm_ext_disp_update_audio_ops: Display not found (EXT_DISPLAY_TYPE_HDMI) ctld (0) stream (0)
01-01 05:55:47.456 0 0 E msm_ext_disp_update_audio_ops: Display not found (EXT_DISPLAY_TYPE_DP) ctld (0) stream (0)
01-01 05:55:47.465 0 0 E msm_ext_disp_update_audio_ops: Display not found (EXT_DISPLAY_TYPE_DP) ctld (0) stream (0)
01-01 05:55:47.475 0 0 E msm_ext_disp_update_audio_ops: Display not found (EXT_DISPLAY_TYPE_DP) ctld (0) stream (0)
01-01 05:55:47.485 0 0 E msm-ext-disp-audio-codec-rx soc: qcom,msm-ext-disp:qcom,msm-ext-disp-audio-codec-rx: msm_ext_disp_audio_type_get: get_audio_edid_blk() or get_intf_id is NULL
01-01 05:55:47.496 0 0 E : msm_pcm_volume_ctl_get substream not found
01-01 05:55:47.501 0 0 E msm_ext_disp_update_audio_ops: Display not found (EXT_DISPLAY_TYPE_DP) ctld (0) stream (0)
01-01 05:55:47.515 0 0 E msm-ext-disp-audio-codec-rx soc: qcom,msm-ext-disp:qcom,msm-ext-disp-audio-codec-rx: msm_ext_disp_audio_type_get: get_audio_edid_blk() or get_intf_id is NULL
01-01 05:55:47.539 1142 1484 I PackageParsing: Parse times for '/system_ext/priv-app/Settings': parse=554ms, update_cache=5 ms
01-01 05:55:47.531 0 0 E msm_ext_disp_update_audio_ops: Display not found (EXT_DISPLAY_TYPE_DP) ctld (0) stream (0)
01-01 05:55:47.541 0 0 E msm-ext-disp-audio-codec-rx soc: qcom,msm-ext-disp:qcom,msm-ext-disp-audio-codec-rx: msm_ext_disp_audio_type_get: get_audio_edid_blk() or get_intf_id is NULL
01-01 05:55:47.560 0 0 E msm-ext-disp-audio-codec-rx soc: qcom,msm-ext-disp:qcom,msm-ext-disp-audio-codec-rx: msm_ext_disp_audio_device_get: invalid dai id: 4
01-01 05:55:47.640 0 0 E : msm_pcm_volume_ctl_get substream not found
01-01 05:55:47.804 0 0 I qcom_rpmh DRV: apps_rsc TCS Busy, retrying RPMH message send: addr=0x30080
01-01 05:55:47.809 0 0 E : [MAX975X:max96755x_drm_notifier_callback] *ERROR* receives EARLY_BLANK:UNBLANK
01-01 05:55:47.818 0 0 I [drm:dsi_display_set_mode] [msm-dsi-info]: mdp_transfer_time_us=0 us
01-01 05:55:47.818 0 0 I [drm:dsi_display_set_mode] [msm-dsi-info]: hactive= 2380,vactive= 1020,fps=60
01-01 05:55:47.819 0 0 I [drm:dsi_ctrl_isr_configure] [msm-dsi-info]: dsi-ctrl-0: IRQ 457 registered
01-01 05:55:47.879 0 0 E MAIN_MGR: hvdcp_opti Version: 3:0:0
01-01 05:55:47.905 0 0 E : [MAX975X:max96755x_drm_notifier_callback] *ERROR* receives BLANK:UNBLANK
01-01 05:55:47.924 0 0 E MAIN_MGR: set keepcaps failed!
01-01 05:55:47.925 0 0 E CHG_POLICY_PATH: Failed to get IIO path for MAIN_PSY
01-01 05:55:48.016 1142 1142 I PackageManager: Finished scanning system apps. Time: 2334 ms, packageCount: 206 , timePerPackage: 11 , cached: 0
01-01 05:55:48.045 1142 1142 D CompatibilityChangeReporter: Compat change id reported: 133396946; UID -1; state: ENABLED
01-01 05:55:48.060 1142 1484 W PackageParsing: Unknown element under : meta-data at /data/app/~~I5lGQTSmHtnHrK0CdxsyXA==/com.tencent.mtt-pU5U2IqCkVJvx1JVNLClXg==/base.apk Binary XML file line #140
01-01 05:55:48.063 1142 1142 W PackageManager: Skipping provider name com.antutu.ABenchMark.fileprovider (in package com.antutu.ABenchMark): name already used by com.antutu.ABenchMark
01-01 05:55:48.083 1142 1142 D CompatibilityChangeReporter: Compat change id reported: 133396946; UID -1; state: DISABLED
01-01 05:55:48.086 1142 1142 W PackageManager: Skipping provider name com.tencent.mtt.fileProvider (in package com.tencent.mtt): name already used by com.tencent.mtt
01-01 05:55:48.087 1142 1142 I PackageManager: Finished scanning non-system apps. Time: 72 ms, packageCount: 3 , timePerPackage: 24 , cached: 0
01-01 05:55:48.089 1142 1142 E PackageManager: updateAllSharedLibrariesLPw failed: Package com.qti.snapdragon.qdcm_ff requires unavailable shared library vendor.display.color.V1_0.IDisplayColor; failing!
01-01 05:55:48.089 1142 1142 E PackageManager: updateAllSharedLibrariesLPw failed: Package com.qti.pasrservice requires unavailable shared library vendor.qti.power.pasrmanager.V1_0.IPasrManager; failing!
01-01 05:55:48.089 1142 1142 E PackageManager: updateAllSharedLibrariesLPw failed: Package com.qualcomm.wfd.service requires unavailable shared library .WfdService; failing!
01-01 05:55:48.095 1142 1142 I PackageManager: Time to scan packages: 2.413 seconds
01-01 05:55:48.095 1142 1142 I PackageManager: Permission ownership changed. Updating all permissions.
01-01 05:55:48.120 1142 1142 V PackageManager: reconcileAppsData for null u0 0x1 migrateAppData=true
01-01 05:55:48.337 1142 1142 V PackageManager: reconcileAppsData finished 43 packages
01-01 05:55:48.338 1142 1142 I PackageManagerTiming: write settings
01-01 05:55:48.338 1142 1649 I SystemServerTimingAsync: InitThreadPoolExec:prepareAppData
01-01 05:55:48.338 1142 1649 D SystemServerInitThreadPool: Started executing prepareAppData
01-01 05:55:48.399 1142 1142 D PackageManagerTiming: write settings took to complete: 61ms
01-01 05:55:48.399 1142 1142 W PackageManager: Domain verification agent not found
01-01 05:55:48.404 1142 1142 D PackageManager: Ephemeral resolver NOT found; no matching intent filters
01-01 05:55:48.404 1142 1142 D PackageManager: Instant App installer not found with android.intent.action.INSTALL_INSTANT_APP_PACKAGE
01-01 05:55:48.404 1142 1142 D PackageManager: Clear ephemeral installer activity
01-01 05:55:48.411 1142 1142 I PackageManagerTiming: GC
01-01 05:55:48.411 1142 1142 D PackageManagerTiming: GC took to complete: 0ms
01-01 05:55:48.412 1142 1142 I PackageManager: Fix for b/169414761 is applied
01-01 05:55:48.412 1142 1142 D PackageManagerTiming: create package manager took to complete: 3556ms
01-01 05:55:48.431 1142 1142 V UserManagerService: Checking that all system packages are whitelisted.
01-01 05:55:48.432 1142 1142 W UserManagerService: checkWhitelistedSystemPackages(mode=ENFORCE|IMPLICIT_WHITELIST|IMPLICIT_WHITELIST_SYSTEM) has 54 warnings:
01-01 05:55:48.432 1142 1142 W UserManagerService: com.android.theme.color.amethyst is allowlisted but not present.
01-01 05:55:48.432 1142 1142 W UserManagerService: com.android.theme.icon.pebble is allowlisted but not present.
01-01 05:55:48.432 1142 1142 W UserManagerService: com.android.theme.color.sand is allowlisted but not present.
01-01 05:55:48.432 1142 1142 W UserManagerService: com.android.theme.icon.vessel is allowlisted but not present.
01-01 05:55:48.432 1142 1142 W UserManagerService: com.android.theme.color.cinnamon is allowlisted but not present.
01-01 05:55:48.432 1142 1142 W UserManagerService: com.android.theme.icon_pack.victor.settings is allowlisted but not present.
01-01 05:55:48.432 1142 1142 W UserManagerService: com.android.theme.icon_pack.rounded.systemui is allowlisted but not present.
01-01 05:55:48.432 1142 1142 W UserManagerService: com.android.theme.icon.taperedrect is allowlisted but not present.
01-01 05:55:48.432 1142 1142 W UserManagerService: com.android.theme.icon_pack.rounded.android is allowlisted but not present.
01-01 05:55:48.432 1142 1142 W UserManagerService: com.qualcomm.qti.euiccresource is allowlisted but not present.
01-01 05:55:48.432 1142 1142 W UserManagerService: com.android.theme.icon_pack.victor.systemui is allowlisted but not present.
01-01 05:55:48.432 1142 1142 W UserManagerService: com.android.theme.icon_pack.circular.themepicker is allowlisted but not present.
01-01 05:55:48.432 1142 1142 W UserManagerService: com.android.theme.color.tangerine is allowlisted but not present.
01-01 05:55:48.432 1142 1142 W UserManagerService: com.android.theme.color.aquamarine is allowlisted but not present.
01-01 05:55:48.432 1142 1142 W UserManagerService: com.android.theme.color.black is allowlisted but not present.
01-01 05:55:48.432 1142 1142 W UserManagerService: com.android.theme.color.green is allowlisted but not present.
01-01 05:55:48.432 1142 1142 W UserManagerService: com.android.theme.color.ocean is allowlisted but not present.
01-01 05:55:48.432 1142 1142 W UserManagerService: com.android.theme.color.space is allowlisted but not present.
01-01 05:55:48.432 1142 1142 W UserManagerService: com.android.theme.icon_pack.rounded.launcher is allowlisted but not present.
01-01 05:55:48.432 1142 1142 W UserManagerService: com.android.theme.icon_pack.kai.settings is allowlisted but not present.
01-01 05:55:48.432 1142 1142 W UserManagerService: com.android.internal.systemui.navbar.twobutton is allowlisted but not present.
01-01 05:55:48.433 1142 1142 W UserManagerService: com.android.theme.icon_pack.sam.settings is allowlisted but not present.
01-01 05:55:48.433 1142 1142 W UserManagerService: com.android.theme.icon_pack.kai.themepicker is allowlisted but not present.
01-01 05:55:48.433 1142 1142 W UserManagerService: com.android.theme.icon_pack.victor.launcher is allowlisted but not present.
01-01 05:55:48.433 1142 1142 W UserManagerService: com.android.theme.icon_pack.filled.settings is allowlisted but not present.
01-01 05:55:48.433 1142 1142 W UserManagerService: com.android.theme.icon_pack.kai.systemui is allowlisted but not present.
01-01 05:55:48.433 1142 1142 W UserManagerService: com.android.theme.icon_pack.circular.settings is allowlisted but not present.
01-01 05:55:48.433 1142 1142 W UserManagerService: com.android.theme.icon_pack.sam.systemui is allowlisted but not present.
01-01 05:55:48.433 1142 1142 W UserManagerService: com.android.theme.icon.teardrop is allowlisted but not present.
01-01 05:55:48.433 1142 1142 W UserManagerService: com.android.theme.icon_pack.rounded.themepicker is allowlisted but not present.
01-01 05:55:48.433 1142 1142 W UserManagerService: com.android.theme.icon_pack.filled.systemui is allowlisted but not present.
01-01 05:55:48.433 1142 1142 W UserManagerService: com.qualcomm.qti.imsiprivacy.tests is allowlisted but not present.
01-01 05:55:48.433 1142 1142 W UserManagerService: com.android.theme.icon_pack.sam.android is allowlisted but not present.
01-01 05:55:48.433 1142 1142 W UserManagerService: com.android.theme.icon_pack.filled.android is allowlisted but not present.
01-01 05:55:48.433 1142 1142 W UserManagerService: com.android.theme.icon_pack.circular.systemui is allowlisted but not present.
01-01 05:55:48.433 1142 1142 W UserManagerService: com.android.theme.icon_pack.kai.android is allowlisted but not present.
01-01 05:55:48.433 1142 1142 W UserManagerService: com.android.theme.icon_pack.kai.launcher is allowlisted but not present.
01-01 05:55:48.433 1142 1142 W UserManagerService: com.qualcomm.qti.sam.service is allowlisted but not present.
01-01 05:55:48.433 1142 1142 W UserManagerService: com.android.theme.icon_pack.sam.launcher is allowlisted but not present.
01-01 05:55:48.433 1142 1142 W UserManagerService: com.android.theme.icon.squircle is allowlisted but not present.
01-01 05:55:48.433 1142 1142 W UserManagerService: com.android.theme.icon_pack.victor.android is allowlisted but not present.
01-01 05:55:48.434 1142 1142 W UserManagerService: com.android.theme.color.palette is allowlisted but not present.
01-01 05:55:48.434 1142 1142 W UserManagerService: com.android.theme.icon_pack.filled.launcher is allowlisted but not present.
01-01 05:55:48.434 1142 1142 W UserManagerService: com.android.theme.color.carbon is allowlisted but not present.
01-01 05:55:48.434 1142 1142 W UserManagerService: com.android.theme.icon_pack.circular.launcher is allowlisted but not present.
01-01 05:55:48.434 1142 1142 W UserManagerService: com.android.theme.icon_pack.filled.themepicker is allowlisted but not present.
01-01 05:55:48.434 1142 1142 W UserManagerService: com.android.theme.icon_pack.victor.themepicker is allowlisted but not present.
01-01 05:55:48.434 1142 1142 W UserManagerService: com.android.theme.color.orchid is allowlisted but not present.
01-01 05:55:48.434 1142 1142 W UserManagerService: com.android.theme.color.purple is allowlisted but not present.
01-01 05:55:48.434 1142 1142 W UserManagerService: com.android.theme.icon_pack.sam.themepicker is allowlisted but not present.
01-01 05:55:48.434 1142 1142 W UserManagerService: com.android.theme.icon.roundedrect is allowlisted but not present.
01-01 05:55:48.434 1142 1142 W UserManagerService: com.android.theme.icon_pack.rounded.settings is allowlisted but not present.
01-01 05:55:48.434 1142 1142 W UserManagerService: org.codeaurora.qti.nrNetworkSettingApp is allowlisted but not present.
01-01 05:55:48.434 1142 1142 W UserManagerService: com.android.theme.icon_pack.circular.android is allowlisted but not present.
01-01 05:55:48.436 1142 1142 I Watchdog: Resuming HandlerChecker: main thread for reason: packagemanagermain. Pause count: 0
01-01 05:55:48.436 1142 1142 I SystemServerDexLoadReporter: Configuring system server dex reporter
01-01 05:55:48.453 1294 1662 I storaged: storaged: Start
01-01 05:55:48.457 1142 1142 D SystemServerTiming: StartPackageManagerService took to complete: 3613ms
01-01 05:55:48.457 1142 1142 I SystemServerTiming: StartOtaDexOptService
01-01 05:55:48.458 1142 1142 I Watchdog: Pausing HandlerChecker: main thread for reason: moveab. Pause count: 1
01-01 05:55:48.459 1142 1142 D OTADexopt: No upgrade, skipping A/B artifacts check.
01-01 05:55:48.459 1142 1142 I Watchdog: Resuming HandlerChecker: main thread for reason: moveab. Pause count: 0
01-01 05:55:48.460 1142 1142 D SystemServerTiming: StartOtaDexOptService took to complete: 2ms
01-01 05:55:48.460 1142 1142 I SystemServerTiming: StartUserManagerService
01-01 05:55:48.460 1142 1142 I SystemServiceManager: Starting com.android.server.pm.UserManagerService$LifeCycle
01-01 05:55:48.462 1142 1142 D SystemServerTiming: StartUserManagerService took to complete: 2ms
01-01 05:55:48.462 1142 1142 I SystemServerTiming: InitAttributerCache
01-01 05:55:48.462 1142 1142 D SystemServerTiming: InitAttributerCache took to complete: 1ms
01-01 05:55:48.462 1142 1142 I SystemServerTiming: SetSystemProcess
01-01 05:55:48.472 1142 1253 I ActivityManager: Connection with lmkd established
01-01 05:55:48.474 1142 1142 D SystemServerTiming: SetSystemProcess took to complete: 11ms
01-01 05:55:48.474 1142 1142 I SystemServerTiming: InitWatchdog
01-01 05:55:48.474 1142 1142 D SystemServerTiming: InitWatchdog took to complete: 0ms
01-01 05:55:48.477 1142 1142 I SystemServerTiming: StartOverlayManagerService
01-01 05:55:48.487 1142 1171 V HistoricalRegistry: Interaction before persistence initialized
01-01 05:55:48.579 1142 1142 D SystemServerTiming: StartOverlayManagerService took to complete: 102ms
01-01 05:55:48.579 1142 1142 I SystemServerTiming: StartSensorPrivacyService
01-01 05:55:48.582 1142 1218 W ActivityTaskManager: Skip updateConfiguration because mWindowManager isn't set
01-01 05:55:48.584 1142 1142 D SystemServerTiming: StartSensorPrivacyService took to complete: 4ms
01-01 05:55:48.584 1142 1142 I SystemServerTiming: StartSensorService
01-01 05:55:48.584 1142 1142 I SystemServiceManager: Starting com.android.server.sensors.SensorService
01-01 05:55:48.584 1142 1142 D SystemServerTiming: StartSensorService took to complete: 1ms
01-01 05:55:48.585 1142 1142 D SystemServerTiming: startBootstrapServices took to complete: 4957ms
01-01 05:55:48.585 1142 1142 I SystemServerTiming: startCoreServices
01-01 05:55:48.585 1142 1142 I SystemServerTiming: StartSystemConfigService
01-01 05:55:48.585 1142 1142 I SystemServiceManager: Starting com.android.server.SystemConfigService
01-01 05:55:48.586 1142 1142 D SystemServerTiming: StartSystemConfigService took to complete: 1ms
01-01 05:55:48.586 1142 1142 I SystemServerTiming: StartBatteryService
01-01 05:55:48.586 1142 1142 I SystemServiceManager: Starting com.android.server.BatteryService
01-01 05:55:48.587 1142 1681 I SystemServerTimingAsync: InitThreadPoolExec:StartNativeSensorService
01-01 05:55:48.587 1142 1681 D SystemServerInitThreadPool: Started executing StartNativeSensorService
01-01 05:55:48.587 1142 1681 I SystemServerTimingAsync: StartNativeSensorService
01-01 05:55:48.603 0 0 W healthd : battery none chg=
01-01 05:55:48.601 1142 1142 I HealthServiceWrapper: health: HealthServiceWrapper listening to instance default
01-01 05:55:48.602 1142 1142 I BatteryService: health: Waited 0ms and received the update.
01-01 05:55:48.604 1142 1142 D SystemServerTiming: StartBatteryService took to complete: 18ms
01-01 05:55:48.604 1142 1142 I SystemServerTiming: StartUsageService
01-01 05:55:48.604 1142 1142 I SystemServiceManager: Starting com.android.server.usage.UsageStatsService
01-01 05:55:48.607 1142 1681 D SystemServerTimingAsync: StartNativeSensorService took to complete: 20ms
01-01 05:55:48.609 1142 1681 D SystemServerInitThreadPool: Finished executing StartNativeSensorService
01-01 05:55:48.609 1142 1681 D SystemServerTimingAsync: InitThreadPoolExec:StartNativeSensorService took to complete: 21ms
01-01 05:55:48.616 1142 1142 D SystemServerTiming: StartUsageService took to complete: 12ms
01-01 05:55:48.616 1142 1142 I SystemServerTiming: StartWebViewUpdateService
01-01 05:55:48.616 1142 1142 I SystemServiceManager: Starting com.android.server.webkit.WebViewUpdateService
01-01 05:55:48.618 1142 1142 D SystemServerTiming: StartWebViewUpdateService took to complete: 1ms
01-01 05:55:48.618 1142 1142 I SystemServerTiming: StartCachedDeviceStateService
01-01 05:55:48.618 1142 1142 I SystemServiceManager: Starting com.android.server.CachedDeviceStateService
01-01 05:55:48.618 1142 1142 D SystemServerTiming: StartCachedDeviceStateService took to complete: 0ms
01-01 05:55:48.618 1142 1142 I SystemServerTiming: StartBinderCallsStatsService
01-01 05:55:48.618 1142 1142 I SystemServiceManager: Starting com.android.server.BinderCallsStatsService$LifeCycle
01-01 05:55:48.619 1142 1142 D SystemServerTiming: StartBinderCallsStatsService took to complete: 1ms
01-01 05:55:48.619 1142 1142 I SystemServerTiming: StartLooperStatsService
01-01 05:55:48.619 1142 1142 I SystemServiceManager: Starting com.android.server.LooperStatsService$Lifecycle
01-01 05:55:48.620 1142 1142 D SystemServerTiming: StartLooperStatsService took to complete: 0ms
01-01 05:55:48.620 1142 1142 I SystemServerTiming: StartRollbackManagerService
01-01 05:55:48.620 1142 1142 I SystemServiceManager: Starting com.android.server.rollback.RollbackManagerService
01-01 05:55:48.625 1142 1142 I PackageWatchdog: Syncing state, reason: added new observer
01-01 05:55:48.625 1142 1142 I PackageWatchdog: Not pruning observers, elapsed time: 0ms
01-01 05:55:48.625 1142 1142 I PackageWatchdog: Cancelling state sync, nothing to sync
01-01 05:55:48.625 1142 1233 I PackageWatchdog: Saving observer state to file
01-01 05:55:48.628 1142 1142 D SystemServerTiming: StartRollbackManagerService took to complete: 8ms
01-01 05:55:48.628 1142 1142 I SystemServerTiming: StartNativeTombstoneManagerService
01-01 05:55:48.628 1142 1142 I SystemServiceManager: Starting com.android.server.os.NativeTombstoneManagerService
01-01 05:55:48.629 1142 1142 D SystemServerTiming: StartNativeTombstoneManagerService took to complete: 1ms
01-01 05:55:48.629 1142 1142 I SystemServerTiming: StartBugreportManagerService
01-01 05:55:48.629 1142 1142 I SystemServiceManager: Starting com.android.server.os.BugreportManagerService
01-01 05:55:48.630 1142 1142 D SystemServerTiming: StartBugreportManagerService took to complete: 2ms
01-01 05:55:48.630 1142 1142 I SystemServerTiming: GpuService
01-01 05:55:48.630 1142 1142 I SystemServiceManager: Starting com.android.server.gpu.GpuService
01-01 05:55:48.630 1142 1142 D SystemServerTiming: GpuService took to complete: 0ms
01-01 05:55:48.630 1142 1142 D SystemServerTiming: startCoreServices took to complete: 46ms
01-01 05:55:48.630 1142 1142 I SystemServerTiming: startOtherServices
01-01 05:55:48.631 1142 1142 I SystemServerTiming: StartKeyAttestationApplicationIdProviderService
01-01 05:55:48.631 1142 1700 I SystemServerTimingAsync: InitThreadPoolExec:SecondaryZygotePreload
