08-16 16:53:12.066 1142 1803 E DisplayDeviceConfig: requesting nits when no mapping exists.
08-16 16:53:12.081 1142 1803 E DisplayDeviceConfig: requesting nits when no mapping exists.
08-16 16:53:12.082 1142 1803 E DisplayDeviceConfig: requesting nits when no mapping exists.
08-16 16:53:12.096 1142 1803 E DisplayDeviceConfig: requesting nits when no mapping exists.
08-16 16:53:12.096 1142 1803 E DisplayDeviceConfig: requesting nits when no mapping exists.
08-16 16:53:12.112 1142 1803 E DisplayDeviceConfig: requesting nits when no mapping exists.
08-16 16:53:12.113 1142 1803 E DisplayDeviceConfig: requesting nits when no mapping exists.
08-16 16:53:12.129 1142 1803 E DisplayDeviceConfig: requesting nits when no mapping exists.
08-16 16:53:12.129 1142 1803 E DisplayDeviceConfig: requesting nits when no mapping exists.
08-16 16:53:12.146 1142 1803 E DisplayDeviceConfig: requesting nits when no mapping exists.
08-16 16:53:12.146 1142 1803 E DisplayDeviceConfig: requesting nits when no mapping exists.
08-16 16:53:12.162 1142 1803 E DisplayDeviceConfig: requesting nits when no mapping exists.
08-16 16:53:12.163 1142 1803 E DisplayDeviceConfig: requesting nits when no mapping exists.
08-16 16:53:12.179 1142 1803 E DisplayDeviceConfig: requesting nits when no mapping exists.
08-16 16:53:12.180 1142 1803 E DisplayDeviceConfig: requesting nits when no mapping exists.
08-16 16:53:12.195 1142 1803 E DisplayDeviceConfig: requesting nits when no mapping exists.
08-16 16:53:12.196 1142 1803 E DisplayDeviceConfig: requesting nits when no mapping exists.
08-16 16:53:12.212 1142 1803 E DisplayDeviceConfig: requesting nits when no mapping exists.
08-16 16:53:12.213 1142 1803 E DisplayDeviceConfig: requesting nits when no mapping exists.
08-16 16:53:12.229 1142 1803 E DisplayDeviceConfig: requesting nits when no mapping exists.
08-16 16:53:12.229 1142 1803 E DisplayDeviceConfig: requesting nits when no mapping exists.
08-16 16:53:12.246 1142 1803 E DisplayDeviceConfig: requesting nits when no mapping exists.
08-16 16:53:12.246 1142 1803 E DisplayDeviceConfig: requesting nits when no mapping exists.
08-16 16:53:12.262 1142 1803 E DisplayDeviceConfig: requesting nits when no mapping exists.
08-16 16:53:12.263 1142 1803 E DisplayDeviceConfig: requesting nits when no mapping exists.
08-16 16:53:12.298 1142 1218 D CompatibilityChangeReporter: Compat change id reported: 168419799; UID 10151; state: DISABLED
01-01 05:56:50.433 0 0 D : mv2112_read_status
01-01 05:56:50.434 0 0 D mv2112_update_link: 3.0x901(1G): 0x4
01-01 05:56:50.434 0 0 D mv2112_update_link: 3.0x8109(100M): 0x8
01-01 05:56:50.434 0 0 D mv2112_update_link: link 0x4
01-01 05:56:50.434 0 0 D mv2112_read_status: autoneg is disabled
01-01 05:56:51.369 0 0 I init : starting service 'vendor.light-hal-2-0'...
01-01 05:56:51.439 0 0 I init : starting service 'qvrd_vndr'...
01-01 05:56:51.446 0 0 I init : Created socket '/dev/socket/qvrservice_vndr', mode 660, user 1000, group 1000
01-01 05:56:51.452 0 0 I init : Created socket '/dev/socket/qvrservice_vndr_camera', mode 660, user 1000, group 1000
01-01 05:56:51.457 0 0 D : mv2112_read_status
01-01 05:56:51.458 0 0 D mv2112_update_link: 3.0x901(1G): 0x4
01-01 05:56:51.458 0 0 D mv2112_update_link: 3.0x8109(100M): 0x8
01-01 05:56:51.458 0 0 D mv2112_update_link: link 0x4
01-01 05:56:51.458 0 0 D mv2112_read_status: autoneg is disabled
01-01 05:56:51.497 0 0 I init : starting service 'sxrd'...
01-01 05:56:51.519 0 0 I init : Service 'vendor.light-hal-2-0' (pid 4781) exited with status 0
01-01 05:56:51.519 0 0 I init : Sending signal 9 to service 'vendor.light-hal-2-0' (pid 4781) process group...
01-01 05:56:51.519 0 0 I libprocessgroup: Successfully killed process cgroup uid 1000 pid 4781 in 0ms
08-16 16:53:13.743 4783 4783 F linker : CANNOT LINK EXECUTABLE "/vendor/bin/hw/sxrservice": library "vendor.qti.hardware.qxr-V1-ndk_platform.so" not found: needed by main executable
08-16 16:53:13.748 4782 4782 F linker : CANNOT LINK EXECUTABLE "/vendor/bin/hw/qvrservice": library "vendor.qti.hardware.qxr-V1-ndk_platform.so" not found: needed by /vendor/lib64/libqvrservice.so in namespace (default)
01-01 05:56:51.550 0 0 I init : Service 'sxrd' (pid 4783) exited with status 1
01-01 05:56:51.550 0 0 I init : Sending signal 9 to service 'sxrd' (pid 4783) process group...
01-01 05:56:52.481 0 0 D : mv2112_read_status
01-01 05:56:52.482 0 0 D mv2112_update_link: 3.0x901(1G): 0x4
01-01 05:56:52.482 0 0 D mv2112_update_link: 3.0x8109(100M): 0x8
01-01 05:56:52.482 0 0 D mv2112_update_link: link 0x4
01-01 05:56:52.482 0 0 D mv2112_read_status: autoneg is disabled
01-01 05:56:53.506 0 0 D : mv2112_read_status
01-01 05:56:53.506 0 0 D mv2112_update_link: 3.0x901(1G): 0x4
01-01 05:56:53.506 0 0 D mv2112_update_link: 3.0x8109(100M): 0x8
01-01 05:56:53.506 0 0 D mv2112_update_link: link 0x4
01-01 05:56:53.506 0 0 D mv2112_read_status: autoneg is disabled
01-01 05:56:54.529 0 0 D : mv2112_read_status
01-01 05:56:54.529 0 0 D mv2112_update_link: 3.0x901(1G): 0x4
01-01 05:56:54.530 0 0 D mv2112_update_link: 3.0x8109(100M): 0x8
01-01 05:56:54.530 0 0 D mv2112_update_link: link 0x4
01-01 05:56:54.530 0 0 D mv2112_read_status: autoneg is disabled
01-01 05:56:55.553 0 0 D : mv2112_read_status
01-01 05:56:55.554 0 0 D mv2112_update_link: 3.0x901(1G): 0x4
01-01 05:56:55.554 0 0 D mv2112_update_link: 3.0x8109(100M): 0x8
01-01 05:56:55.554 0 0 D mv2112_update_link: link 0x4
01-01 05:56:55.554 0 0 D mv2112_read_status: autoneg is disabled
01-01 05:56:56.410 0 0 I init : starting service 'vendor.light-hal-2-0'...
01-01 05:56:56.486 0 0 I init : starting service 'qvrd_vndr'...
01-01 05:56:56.490 0 0 I init : Created socket '/dev/socket/qvrservice_vndr', mode 660, user 1000, group 1000
01-01 05:56:56.492 0 0 I init : Created socket '/dev/socket/qvrservice_vndr_camera', mode 660, user 1000, group 1000
01-01 05:56:56.528 0 0 I init : starting service 'sxrd'...
01-01 05:56:56.545 0 0 I init : Service 'vendor.light-hal-2-0' (pid 4811) exited with status 0
01-01 05:56:56.545 0 0 I init : Sending signal 9 to service 'vendor.light-hal-2-0' (pid 4811) process group...
01-01 05:56:56.545 0 0 I libprocessgroup: Successfully killed process cgroup uid 1000 pid 4811 in 0ms
08-16 16:53:18.769 4812 4812 F linker : CANNOT LINK EXECUTABLE "/vendor/bin/hw/qvrservice": library "vendor.qti.hardware.qxr-V1-ndk_platform.so" not found: needed by /vendor/lib64/libqvrservice.so in namespace (default)
01-01 05:56:56.575 0 0 I init : Service 'qvrd_vndr' (pid 4812) exited with status 1
01-01 05:56:56.576 0 0 I init : Sending signal 9 to service 'qvrd_vndr' (pid 4812) process group...
01-01 05:56:56.576 0 0 D : mv2112_read_status
01-01 05:56:56.577 0 0 D mv2112_update_link: 3.0x901(1G): 0x4
01-01 05:56:56.577 0 0 D mv2112_update_link: 3.0x8109(100M): 0x8
01-01 05:56:56.577 0 0 D mv2112_update_link: link 0x4
01-01 05:56:56.577 0 0 D mv2112_read_status: autoneg is disabled
08-16 16:53:18.775 4813 4813 F linker : CANNOT LINK EXECUTABLE "/vendor/bin/hw/sxrservice": library "vendor.qti.hardware.qxr-V1-ndk_platform.so" not found: needed by main executable
01-01 05:56:56.995 0 0 I perf : interrupt took too long (2521 > 2500), lowering kernel.perf_event_max_sample_rate to 79250
01-01 05:56:57.601 0 0 D : mv2112_read_status
01-01 05:56:57.601 0 0 D mv2112_update_link: 3.0x901(1G): 0x4
01-01 05:56:57.602 0 0 D mv2112_update_link: 3.0x8109(100M): 0x8
01-01 05:56:57.602 0 0 D mv2112_update_link: link 0x4
01-01 05:56:57.602 0 0 D mv2112_read_status: autoneg is disabled
08-16 16:53:20.765 2360 2360 D SST : [0] SST.requestAllCellInfo(): not implemented
08-16 16:53:20.765 2360 2360 D LocaleTracker-0: processCellInfo: cell info=null
08-16 16:53:20.765 2360 2360 D LocaleTracker-0: updateLocale: countryIso = , countryIsoDebugInfo = radio off
08-16 16:53:20.765 2360 2360 D LocaleTracker-0: updateLocale: timeZoneCountryIso = , timeZoneCountryIsoDebugInfo = Defaulted: radio off
08-16 16:53:20.766 2360 2360 D NewNitzStateMachineImpl: handleCountryUnavailable: mLatestNitzSignal=null
08-16 16:53:20.766 2360 2360 D NewNitzStateMachineImpl: doTimeZoneDetection: countryIsoCode=null, nitzSignal=null, suggestion=TelephonyTimeZoneSuggestion{mSlotIndex=0, mZoneId='null', mMatchType=0, mQuality=0, mDebugInfo=[getTimeZoneSuggestion: nitzSignal=null, countryIsoCode=null, Detection reason=handleCountryUnavailable()]}, reason=handleCountryUnavailable()
08-16 16:53:20.766 2360 2360 D LocaleTracker-0: Can't get cell info. Try again in 64 secs.
08-16 16:53:20.819 2360 2360 D SST : [1] SST.requestAllCellInfo(): not implemented
08-16 16:53:20.819 2360 2360 D LocaleTracker-1: processCellInfo: cell info=null
08-16 16:53:20.820 2360 2360 D LocaleTracker-1: updateLocale: countryIso = , countryIsoDebugInfo = radio off
08-16 16:53:20.820 2360 2360 D LocaleTracker-1: updateLocale: timeZoneCountryIso = , timeZoneCountryIsoDebugInfo = Defaulted: radio off
08-16 16:53:20.820 2360 2360 D NewNitzStateMachineImpl: handleCountryUnavailable: mLatestNitzSignal=null
08-16 16:53:20.820 2360 2360 D NewNitzStateMachineImpl: doTimeZoneDetection: countryIsoCode=null, nitzSignal=null, suggestion=TelephonyTimeZoneSuggestion{mSlotIndex=1, mZoneId='null', mMatchType=0, mQuality=0, mDebugInfo=[getTimeZoneSuggestion: nitzSignal=null, countryIsoCode=null, Detection reason=handleCountryUnavailable()]}, reason=handleCountryUnavailable()
08-16 16:53:20.820 2360 2360 D LocaleTracker-1: Can't get cell info. Try again in 64 secs.
01-01 05:56:58.625 0 0 D : mv2112_read_status
01-01 05:56:58.625 0 0 D mv2112_update_link: 3.0x901(1G): 0x4
01-01 05:56:58.626 0 0 D mv2112_update_link: 3.0x8109(100M): 0x8
01-01 05:56:58.626 0 0 D mv2112_update_link: link 0x4
01-01 05:56:58.626 0 0 D mv2112_read_status: autoneg is disabled
08-16 16:53:20.864 1142 1333 I PowerManagerService: Napping display group (groupId=0, uid=1000)...
08-16 16:53:20.864 1142 1333 I PowerManagerService: Nap time (uid 1000)...
08-16 16:53:20.868 1142 1333 I DreamManagerService: Entering dreamland.
08-16 16:53:20.875 1142 1333 I PowerManagerService: Dreaming...
08-16 16:53:20.880 1142 1218 I DreamController: Starting dream: name=ComponentInfo{com.android.deskclock/com.android.deskclock.Screensaver}, isTest=false, canDoze=false, userId=0
08-16 16:53:20.898 1142 1218 D AutofillManagerService: Close system dialogs
08-16 16:53:20.925 1142 2775 I ActivityTaskManager: START u0 {flg=0x10000000 pkg=com.android.deskclock cmp=com.android.deskclock/android.service.dreams.DreamActivity (has extras)} from uid 10092
08-16 16:53:20.930 1142 2775 D CompatibilityChangeReporter: Compat change id reported: 184838306; UID 10092; state: DISABLED
08-16 16:53:20.933 1142 2775 D CompatibilityChangeReporter: Compat change id reported: 185004937; UID 10092; state: DISABLED
08-16 16:53:20.935 1142 2775 D CompatibilityChangeReporter: Compat change id reported: 181136395; UID 10092; state: DISABLED
08-16 16:53:20.936 1142 2775 D CompatibilityChangeReporter: Compat change id reported: 174042936; UID 10092; state: DISABLED
08-16 16:53:20.938 1142 2775 D CompatibilityChangeReporter: Compat change id reported: 174042980; UID 10092; state: DISABLED
08-16 16:53:20.940 1142 2775 W ActivityTaskManager: Can't find TaskDisplayArea to determine support for multi window. Task id=81 attached=false
08-16 16:53:20.947 1142 2775 V SplashScreenExceptionList: SplashScreen checking exception for package com.android.deskclock (target sdk:29) -> false
08-16 16:53:20.958 1142 1758 I ActivityTaskManager: The Process com.android.deskclock Already Exists in BG. So sending its PID: 2690
08-16 16:53:21.003 1142 2084 W WindowManager: Failed looking up window session=Session{8902b07 2690:u0a10092} callers=com.android.server.wm.WindowManagerService.windowForClientLocked:5626 com.android.server.wm.Session.insetsModified:629 android.view.IWindowSession$Stub.onTransact:1151
01-01 05:56:58.934 0 0 I binder : 2690:4816 ioctl 40046210 77447f21f4 returned -22
08-16 16:53:21.183 1142 1333 V DisplayPowerController[0]: Brightness [0.39763778] reason changing to: 'manual', previous reason: 'manual [ dim ]'.
08-16 16:53:21.196 1142 1803 E DisplayDeviceConfig: requesting nits when no mapping exists.
08-16 16:53:21.196 1142 1803 E DisplayDeviceConfig: requesting nits when no mapping exists.
08-16 16:53:21.220 1142 1803 E DisplayDeviceConfig: requesting nits when no mapping exists.
08-16 16:53:21.220 1142 1803 E DisplayDeviceConfig: requesting nits when no mapping exists.
08-16 16:53:21.255 1142 1803 E DisplayDeviceConfig: requesting nits when no mapping exists.
08-16 16:53:21.256 1142 1803 E DisplayDeviceConfig: requesting nits when no mapping exists.
08-16 16:53:21.286 1142 1803 E DisplayDeviceConfig: requesting nits when no mapping exists.
08-16 16:53:21.287 1142 1803 E DisplayDeviceConfig: requesting nits when no mapping exists.
08-16 16:53:21.319 1142 1803 E DisplayDeviceConfig: requesting nits when no mapping exists.
08-16 16:53:21.321 1142 1803 E DisplayDeviceConfig: requesting nits when no mapping exists.
08-16 16:53:21.353 1142 1803 E DisplayDeviceConfig: requesting nits when no mapping exists.
08-16 16:53:21.354 1142 1803 E DisplayDeviceConfig: requesting nits when no mapping exists.
08-16 16:53:21.389 1142 1803 E DisplayDeviceConfig: requesting nits when no mapping exists.
08-16 16:53:21.390 1142 1803 E DisplayDeviceConfig: requesting nits when no mapping exists.
08-16 16:53:21.425 1142 1803 E DisplayDeviceConfig: requesting nits when no mapping exists.
08-16 16:53:21.426 1142 1803 E DisplayDeviceConfig: requesting nits when no mapping exists.
08-16 16:53:21.453 1142 1803 E DisplayDeviceConfig: requesting nits when no mapping exists.
08-16 16:53:21.454 1142 1803 E DisplayDeviceConfig: requesting nits when no mapping exists.
08-16 16:53:21.490 1142 1803 E DisplayDeviceConfig: requesting nits when no mapping exists.
08-16 16:53:21.491 1142 1803 E DisplayDeviceConfig: requesting nits when no mapping exists.
08-16 16:53:21.524 1142 1803 E DisplayDeviceConfig: requesting nits when no mapping exists.
08-16 16:53:21.525 1142 1803 E DisplayDeviceConfig: requesting nits when no mapping exists.
08-16 16:53:21.553 1142 1803 E DisplayDeviceConfig: requesting nits when no mapping exists.
08-16 16:53:21.553 1142 1803 E DisplayDeviceConfig: requesting nits when no mapping exists.
08-16 16:53:21.587 1142 1803 E DisplayDeviceConfig: requesting nits when no mapping exists.
08-16 16:53:21.588 1142 1803 E DisplayDeviceConfig: requesting nits when no mapping exists.
08-16 16:53:21.603 1142 1803 E DisplayDeviceConfig: requesting nits when no mapping exists.
08-16 16:53:21.604 1142 1803 E DisplayDeviceConfig: requesting nits when no mapping exists.
08-16 16:53:21.627 1142 1803 E DisplayDeviceConfig: requesting nits when no mapping exists.
08-16 16:53:21.629 1142 1803 E DisplayDeviceConfig: requesting nits when no mapping exists.
08-16 16:53:21.636 1142 1803 E DisplayDeviceConfig: requesting nits when no mapping exists.
08-16 16:53:21.637 1142 1803 E DisplayDeviceConfig: requesting nits when no mapping exists.
08-16 16:53:21.654 1142 1803 E DisplayDeviceConfig: requesting nits when no mapping exists.
08-16 16:53:21.655 1142 1803 E DisplayDeviceConfig: requesting nits when no mapping exists.
08-16 16:53:21.672 1142 1803 E DisplayDeviceConfig: requesting nits when no mapping exists.
08-16 16:53:21.673 1142 1803 E DisplayDeviceConfig: requesting nits when no mapping exists.
08-16 16:53:21.687 1142 1803 E DisplayDeviceConfig: requesting nits when no mapping exists.
08-16 16:53:21.688 1142 1803 E DisplayDeviceConfig: requesting nits when no mapping exists.
01-01 05:56:59.648 0 0 D : mv2112_read_status
01-01 05:56:59.649 0 0 D mv2112_update_link: 3.0x901(1G): 0x4
01-01 05:56:59.649 0 0 D mv2112_update_link: 3.0x8109(100M): 0x8
01-01 05:56:59.649 0 0 D mv2112_update_link: link 0x4
01-01 05:56:59.649 0 0 D mv2112_read_status: autoneg is disabled
01-01 05:57:00.673 0 0 D : mv2112_read_status
01-01 05:57:00.673 0 0 D mv2112_update_link: 3.0x901(1G): 0x4
01-01 05:57:00.674 0 0 D mv2112_update_link: 3.0x8109(100M): 0x8
01-01 05:57:00.674 0 0 D mv2112_update_link: link 0x4
01-01 05:57:00.674 0 0 D mv2112_read_status: autoneg is disabled
01-01 05:57:01.445 0 0 I init : starting service 'vendor.light-hal-2-0'...
01-01 05:57:01.522 0 0 I init : starting service 'qvrd_vndr'...
01-01 05:57:01.525 0 0 I init : Created socket '/dev/socket/qvrservice_vndr', mode 660, user 1000, group 1000
01-01 05:57:01.529 0 0 I init : Created socket '/dev/socket/qvrservice_vndr_camera', mode 660, user 1000, group 1000
01-01 05:57:01.577 0 0 I init : starting service 'sxrd'...
01-01 05:57:01.594 0 0 I init : Service 'vendor.light-hal-2-0' (pid 4854) exited with status 0
01-01 05:57:01.594 0 0 I init : Sending signal 9 to service 'vendor.light-hal-2-0' (pid 4854) process group...
01-01 05:57:01.595 0 0 I libprocessgroup: Successfully killed process cgroup uid 1000 pid 4854 in 0ms
08-16 16:53:23.806 4855 4855 F linker : CANNOT LINK EXECUTABLE "/vendor/bin/hw/qvrservice": library "vendor.qti.hardware.qxr-V1-ndk_platform.so" not found: needed by /vendor/lib64/libqvrservice.so in namespace (default)
01-01 05:57:01.613 0 0 I init : Service 'qvrd_vndr' (pid 4855) exited with status 1
01-01 05:57:01.613 0 0 I init : Sending signal 9 to service 'qvrd_vndr' (pid 4855) process group...
08-16 16:53:23.822 4856 4856 F linker : CANNOT LINK EXECUTABLE "/vendor/bin/hw/sxrservice": library "vendor.qti.hardware.qxr-V1-ndk_platform.so" not found: needed by main executable
01-01 05:57:01.697 0 0 D : mv2112_read_status
01-01 05:57:01.697 0 0 D mv2112_update_link: 3.0x901(1G): 0x4
01-01 05:57:01.698 0 0 D mv2112_update_link: 3.0x8109(100M): 0x8
01-01 05:57:01.698 0 0 D mv2112_update_link: link 0x4
01-01 05:57:01.698 0 0 D mv2112_read_status: autoneg is disabled
01-01 05:57:02.721 0 0 D : mv2112_read_status
01-01 05:57:02.722 0 0 D mv2112_update_link: 3.0x901(1G): 0x4
01-01 05:57:02.722 0 0 D mv2112_update_link: 3.0x8109(100M): 0x8
01-01 05:57:02.722 0 0 D mv2112_update_link: link 0x4
01-01 05:57:02.722 0 0 D mv2112_read_status: autoneg is disabled
01-01 05:57:03.745 0 0 D : mv2112_read_status
01-01 05:57:03.745 0 0 D mv2112_update_link: 3.0x901(1G): 0x4
01-01 05:57:03.746 0 0 D mv2112_update_link: 3.0x8109(100M): 0x8
01-01 05:57:03.746 0 0 D mv2112_update_link: link 0x4
01-01 05:57:03.746 0 0 D mv2112_read_status: autoneg is disabled
01-01 05:57:04.769 0 0 D : mv2112_read_status
01-01 05:57:04.770 0 0 D mv2112_update_link: 3.0x901(1G): 0x4
01-01 05:57:04.770 0 0 D mv2112_update_link: 3.0x8109(100M): 0x8
01-01 05:57:04.770 0 0 D mv2112_update_link: link 0x4
01-01 05:57:04.770 0 0 D mv2112_read_status: autoneg is disabled
01-01 05:57:05.794 0 0 D : mv2112_read_status
01-01 05:57:05.794 0 0 D mv2112_update_link: 3.0x901(1G): 0x4
01-01 05:57:05.794 0 0 D mv2112_update_link: 3.0x8109(100M): 0x8
01-01 05:57:05.794 0 0 D mv2112_update_link: link 0x4
01-01 05:57:05.794 0 0 D mv2112_read_status: autoneg is disabled
01-01 05:57:06.497 0 0 I init : starting service 'vendor.light-hal-2-0'...
01-01 05:57:06.568 0 0 I init : starting service 'qvrd_vndr'...
01-01 05:57:06.571 0 0 I init : Created socket '/dev/socket/qvrservice_vndr', mode 660, user 1000, group 1000
01-01 05:57:06.575 0 0 I init : Created socket '/dev/socket/qvrservice_vndr_camera', mode 660, user 1000, group 1000
01-01 05:57:06.615 0 0 I init : starting service 'sxrd'...
01-01 05:57:06.642 0 0 I init : Service 'vendor.light-hal-2-0' (pid 4889) exited with status 0
01-01 05:57:06.642 0 0 I init : Sending signal 9 to service 'vendor.light-hal-2-0' (pid 4889) process group...
01-01 05:57:06.642 0 0 I libprocessgroup: Successfully killed process cgroup uid 1000 pid 4889 in 0ms
08-16 16:53:28.863 4891 4891 F linker : CANNOT LINK EXECUTABLE "/vendor/bin/hw/sxrservice": library "vendor.qti.hardware.qxr-V1-ndk_platform.so" not found: needed by main executable
01-01 05:57:06.670 0 0 I init : Service 'sxrd' (pid 4891) exited with status 1
01-01 05:57:06.670 0 0 I init : Sending signal 9 to service 'sxrd' (pid 4891) process group...
08-16 16:53:28.869 4890 4890 F linker : CANNOT LINK EXECUTABLE "/vendor/bin/hw/qvrservice": library "vendor.qti.hardware.qxr-V1-ndk_platform.so" not found: needed by /vendor/lib64/libqvrservice.so in namespace (default)
01-01 05:57:06.818 0 0 D : mv2112_read_status
01-01 05:57:06.818 0 0 D mv2112_update_link: 3.0x901(1G): 0x4
01-01 05:57:06.818 0 0 D mv2112_update_link: 3.0x8109(100M): 0x8
01-01 05:57:06.818 0 0 D mv2112_update_link: link 0x4
01-01 05:57:06.818 0 0 D mv2112_read_status: autoneg is disabled
01-01 05:57:07.841 0 0 D : mv2112_read_status
01-01 05:57:07.841 0 0 D mv2112_update_link: 3.0x901(1G): 0x4
01-01 05:57:07.842 0 0 D mv2112_update_link: 3.0x8109(100M): 0x8
01-01 05:57:07.842 0 0 D mv2112_update_link: link 0x4
01-01 05:57:07.842 0 0 D mv2112_read_status: autoneg is disabled
01-01 05:57:08.865 0 0 D : mv2112_read_status
01-01 05:57:08.865 0 0 D mv2112_update_link: 3.0x901(1G): 0x4
01-01 05:57:08.866 0 0 D mv2112_update_link: 3.0x8109(100M): 0x8
01-01 05:57:08.866 0 0 D mv2112_update_link: link 0x4
01-01 05:57:08.866 0 0 D mv2112_read_status: autoneg is disabled
01-01 05:57:09.889 0 0 D : mv2112_read_status
01-01 05:57:09.890 0 0 D mv2112_update_link: 3.0x901(1G): 0x4
01-01 05:57:09.890 0 0 D mv2112_update_link: 3.0x8109(100M): 0x8
01-01 05:57:09.890 0 0 D mv2112_update_link: link 0x4
01-01 05:57:09.890 0 0 D mv2112_read_status: autoneg is disabled
01-01 05:57:10.913 0 0 D : mv2112_read_status
01-01 05:57:10.913 0 0 D mv2112_update_link: 3.0x901(1G): 0x4
01-01 05:57:10.914 0 0 D mv2112_update_link: 3.0x8109(100M): 0x8
01-01 05:57:10.914 0 0 D mv2112_update_link: link 0x4
01-01 05:57:10.914 0 0 D mv2112_read_status: autoneg is disabled
01-01 05:57:11.553 0 0 I init : starting service 'vendor.light-hal-2-0'...
01-01 05:57:11.626 0 0 I init : starting service 'qvrd_vndr'...
01-01 05:57:11.629 0 0 I init : Created socket '/dev/socket/qvrservice_vndr', mode 660, user 1000, group 1000
01-01 05:57:11.631 0 0 I init : Created socket '/dev/socket/qvrservice_vndr_camera', mode 660, user 1000, group 1000
01-01 05:57:11.653 0 0 I init : starting service 'sxrd'...
01-01 05:57:11.677 0 0 I init : Service 'vendor.light-hal-2-0' (pid 4928) exited with status 0
01-01 05:57:11.677 0 0 I init : Sending signal 9 to service 'vendor.light-hal-2-0' (pid 4928) process group...
01-01 05:57:11.678 0 0 I libprocessgroup: Successfully killed process cgroup uid 1000 pid 4928 in 0ms
08-16 16:53:33.904 4930 4930 F linker : CANNOT LINK EXECUTABLE "/vendor/bin/hw/sxrservice": library "vendor.qti.hardware.qxr-V1-ndk_platform.so" not found: needed by main executable
01-01 05:57:11.710 0 0 I init : Service 'sxrd' (pid 4930) exited with status 1
01-01 05:57:11.710 0 0 I init : Sending signal 9 to service 'sxrd' (pid 4930) process group...
08-16 16:53:33.912 4929 4929 F linker : CANNOT LINK EXECUTABLE "/vendor/bin/hw/qvrservice": library "vendor.qti.hardware.qxr-V1-ndk_platform.so" not found: needed by /vendor/lib64/libqvrservice.so in namespace (default)
01-01 05:57:11.937 0 0 D : mv2112_read_status
01-01 05:57:11.938 0 0 D mv2112_update_link: 3.0x901(1G): 0x4
01-01 05:57:11.938 0 0 D mv2112_update_link: 3.0x8109(100M): 0x8
01-01 05:57:11.938 0 0 D mv2112_update_link: link 0x4
01-01 05:57:11.938 0 0 D mv2112_read_status: autoneg is disabled
01-01 05:57:12.961 0 0 D : mv2112_read_status
01-01 05:57:12.961 0 0 D mv2112_update_link: 3.0x901(1G): 0x4
01-01 05:57:12.962 0 0 D mv2112_update_link: 3.0x8109(100M): 0x8
01-01 05:57:12.962 0 0 D mv2112_update_link: link 0x4
01-01 05:57:12.962 0 0 D mv2112_read_status: autoneg is disabled
08-16 16:53:35.988 1142 1220 I DropBoxManagerService: add tag=system_server_strictmode isTagEnabled=true flags=0x2
01-01 05:57:13.985 0 0 D : mv2112_read_status
01-01 05:57:13.985 0 0 D mv2112_update_link: 3.0x901(1G): 0x4
01-01 05:57:13.986 0 0 D mv2112_update_link: 3.0x8109(100M): 0x8
01-01 05:57:13.986 0 0 D mv2112_update_link: link 0x4
01-01 05:57:13.986 0 0 D mv2112_read_status: autoneg is disabled
01-01 05:57:14.085 0 0 I [schedu][0xad9497d8][16:53:36.280512] wlan: [2366:I:OSIF] scan start scan id 40963
01-01 05:57:15.009 0 0 D : mv2112_read_status
01-01 05:57:15.010 0 0 D mv2112_update_link: 3.0x901(1G): 0x4
01-01 05:57:15.010 0 0 D mv2112_update_link: 3.0x8109(100M): 0x8
01-01 05:57:15.010 0 0 D mv2112_update_link: link 0x4
01-01 05:57:15.010 0 0 D mv2112_read_status: autoneg is disabled
01-01 05:57:16.033 0 0 D : mv2112_read_status
01-01 05:57:16.034 0 0 D mv2112_update_link: 3.0x901(1G): 0x4
01-01 05:57:16.034 0 0 D mv2112_update_link: 3.0x8109(100M): 0x8
01-01 05:57:16.034 0 0 D mv2112_update_link: link 0x4
01-01 05:57:16.034 0 0 D mv2112_read_status: autoneg is disabled
08-16 16:53:38.300 1142 1758 I DreamManagerService: Gently waking up from dream.
08-16 16:53:38.302 1142 1218 I DreamManagerService: Performing gentle wake from dream.
01-01 05:57:16.086 0 0 I [schedu][0xafdec219][16:53:38.281285] wlan: [2366:I:OSIF] vdev 0, scan id 40963 type COMPLETED(1) reason COMPLETED(1) scan found 31 bss
08-16 16:53:38.342 1142 1333 I PowerManagerService: Powering on display group fromDreaming (groupId=0, uid=1000, reason=WAKE_REASON_UNKNOWN, details=android.server.power:DREAM_FINISHED)...
08-16 16:53:38.342 1142 1333 I PowerManagerService: Waking up from Dreaming (uid=1000, reason=WAKE_REASON_UNKNOWN, details=android.server.power:DREAM_FINISHED)...
08-16 16:53:38.672 1142 1758 I DreamManagerService: Leaving dreamland.
08-16 16:53:38.672 1142 1218 I DreamManagerService: Performing gentle wake from dream.
08-16 16:53:38.672 1142 1218 I DreamController: Stopping dream: name=ComponentInfo{com.android.deskclock/com.android.deskclock.Screensaver}, isTest=false, canDoze=false, userId=0, reason='finished self'(from 'finished self')
08-16 16:53:38.692 1142 1222 W ActivityTaskManager: Can't find TaskDisplayArea to determine support for multi window. Task id=81 attached=false
01-01 05:57:16.609 0 0 I init : starting service 'vendor.light-hal-2-0'...
01-01 05:57:16.650 0 0 I init : starting service 'qvrd_vndr'...
01-01 05:57:16.651 0 0 I init : Created socket '/dev/socket/qvrservice_vndr', mode 660, user 1000, group 1000
01-01 05:57:16.652 0 0 I init : Created socket '/dev/socket/qvrservice_vndr_camera', mode 660, user 1000, group 1000
01-01 05:57:16.683 0 0 I init : starting service 'sxrd'...
08-16 16:53:38.903 4983 4983 F linker : CANNOT LINK EXECUTABLE "/vendor/bin/hw/qvrservice": library "vendor.qti.hardware.qxr-V1-ndk_platform.so" not found: needed by /vendor/lib64/libqvrservice.so in namespace (default)
01-01 05:57:16.720 0 0 I init : Service 'qvrd_vndr' (pid 4983) exited with status 1
01-01 05:57:16.720 0 0 I init : Sending signal 9 to service 'qvrd_vndr' (pid 4983) process group...
01-01 05:57:16.721 0 0 I libprocessgroup: Successfully killed process cgroup uid 1000 pid 4983 in 0ms
01-01 05:57:16.723 0 0 I init : Service 'vendor.light-hal-2-0' (pid 4982) exited with status 0
01-01 05:57:16.723 0 0 I init : Sending signal 9 to service 'vendor.light-hal-2-0' (pid 4982) process group...
08-16 16:53:38.940 4984 4984 F linker : CANNOT LINK EXECUTABLE "/vendor/bin/hw/sxrservice": library "vendor.qti.hardware.qxr-V1-ndk_platform.so" not found: needed by main executable
01-01 05:57:17.057 0 0 D : mv2112_read_status
01-01 05:57:17.058 0 0 D mv2112_update_link: 3.0x901(1G): 0x4
01-01 05:57:17.058 0 0 D mv2112_update_link: 3.0x8109(100M): 0x8
01-01 05:57:17.058 0 0 D mv2112_update_link: link 0x4
01-01 05:57:17.058 0 0 D mv2112_read_status: autoneg is disabled
01-01 05:57:18.081 0 0 D : mv2112_read_status
01-01 05:57:18.082 0 0 D mv2112_update_link: 3.0x901(1G): 0x4
01-01 05:57:18.082 0 0 D mv2112_update_link: 3.0x8109(100M): 0x8
01-01 05:57:18.082 0 0 D mv2112_update_link: link 0x4
01-01 05:57:18.082 0 0 D mv2112_read_status: autoneg is disabled
01-01 05:57:19.105 0 0 D : mv2112_read_status
01-01 05:57:19.105 0 0 D mv2112_update_link: 3.0x901(1G): 0x4
01-01 05:57:19.106 0 0 D mv2112_update_link: 3.0x8109(100M): 0x8
01-01 05:57:19.106 0 0 D mv2112_update_link: link 0x4
01-01 05:57:19.106 0 0 D mv2112_read_status: autoneg is disabled
01-01 05:57:20.129 0 0 D : mv2112_read_status
01-01 05:57:20.130 0 0 D mv2112_update_link: 3.0x901(1G): 0x4
01-01 05:57:20.130 0 0 D mv2112_update_link: 3.0x8109(100M): 0x8
01-01 05:57:20.130 0 0 D mv2112_update_link: link 0x4
01-01 05:57:20.130 0 0 D mv2112_read_status: autoneg is disabled
01-01 05:57:21.153 0 0 D : mv2112_read_status
01-01 05:57:21.154 0 0 D mv2112_update_link: 3.0x901(1G): 0x4
01-01 05:57:21.154 0 0 D mv2112_update_link: 3.0x8109(100M): 0x8
01-01 05:57:21.154 0 0 D mv2112_update_link: link 0x4
01-01 05:57:21.154 0 0 D mv2112_read_status: autoneg is disabled
01-01 05:57:21.651 0 0 I init : starting service 'vendor.light-hal-2-0'...
01-01 05:57:21.720 0 0 I init : starting service 'qvrd_vndr'...
01-01 05:57:21.721 0 0 I init : Created socket '/dev/socket/qvrservice_vndr', mode 660, user 1000, group 1000
01-01 05:57:21.722 0 0 I init : Created socket '/dev/socket/qvrservice_vndr_camera', mode 660, user 1000, group 1000
01-01 05:57:21.743 0 0 I init : starting service 'sxrd'...
01-01 05:57:21.775 0 0 I init : Service 'vendor.light-hal-2-0' (pid 5022) exited with status 0
01-01 05:57:21.775 0 0 I init : Sending signal 9 to service 'vendor.light-hal-2-0' (pid 5022) process group...
01-01 05:57:21.775 0 0 I libprocessgroup: Successfully killed process cgroup uid 1000 pid 5022 in 0ms
08-16 16:53:43.980 5024 5024 F linker : CANNOT LINK EXECUTABLE "/vendor/bin/hw/sxrservice": library "vendor.qti.hardware.qxr-V1-ndk_platform.so" not found: needed by main executable
08-16 16:53:43.982 5023 5023 F linker : CANNOT LINK EXECUTABLE "/vendor/bin/hw/qvrservice": library "vendor.qti.hardware.qxr-V1-ndk_platform.so" not found: needed by /vendor/lib64/libqvrservice.so in namespace (default)
01-01 05:57:21.786 0 0 I init : Service 'sxrd' (pid 5024) exited with status 1
01-01 05:57:21.786 0 0 I init : Sending signal 9 to service 'sxrd' (pid 5024) process group...
01-01 05:57:22.177 0 0 D : mv2112_read_status
01-01 05:57:22.178 0 0 D mv2112_update_link: 3.0x901(1G): 0x4
01-01 05:57:22.178 0 0 D mv2112_update_link: 3.0x8109(100M): 0x8
01-01 05:57:22.178 0 0 D mv2112_update_link: link 0x4
01-01 05:57:22.178 0 0 D mv2112_read_status: autoneg is disabled
01-01 05:57:23.201 0 0 D : mv2112_read_status
01-01 05:57:23.201 0 0 D mv2112_update_link: 3.0x901(1G): 0x4
01-01 05:57:23.202 0 0 D mv2112_update_link: 3.0x8109(100M): 0x8
01-01 05:57:23.202 0 0 D mv2112_update_link: link 0x4
01-01 05:57:23.202 0 0 D mv2112_read_status: autoneg is disabled
01-01 05:57:24.225 0 0 D : mv2112_read_status
01-01 05:57:24.225 0 0 D mv2112_update_link: 3.0x901(1G): 0x4
01-01 05:57:24.226 0 0 D mv2112_update_link: 3.0x8109(100M): 0x8
01-01 05:57:24.226 0 0 D mv2112_update_link: link 0x4
01-01 05:57:24.226 0 0 D mv2112_read_status: autoneg is disabled
01-01 05:57:25.249 0 0 D : mv2112_read_status
01-01 05:57:25.250 0 0 D mv2112_update_link: 3.0x901(1G): 0x4
01-01 05:57:25.250 0 0 D mv2112_update_link: 3.0x8109(100M): 0x8
01-01 05:57:25.250 0 0 D mv2112_update_link: link 0x4
01-01 05:57:25.250 0 0 D mv2112_read_status: autoneg is disabled
01-01 05:57:26.273 0 0 D : mv2112_read_status
01-01 05:57:26.274 0 0 D mv2112_update_link: 3.0x901(1G): 0x4
01-01 05:57:26.274 0 0 D mv2112_update_link: 3.0x8109(100M): 0x8
01-01 05:57:26.274 0 0 D mv2112_update_link: link 0x4
01-01 05:57:26.274 0 0 D mv2112_read_status: autoneg is disabled
01-01 05:57:26.711 0 0 I init : starting service 'vendor.light-hal-2-0'...
01-01 05:57:26.769 0 0 I init : starting service 'qvrd_vndr'...
01-01 05:57:26.771 0 0 I init : Created socket '/dev/socket/qvrservice_vndr', mode 660, user 1000, group 1000
01-01 05:57:26.774 0 0 I init : Created socket '/dev/socket/qvrservice_vndr_camera', mode 660, user 1000, group 1000
01-01 05:57:26.794 0 0 I init : starting service 'sxrd'...
01-01 05:57:26.814 0 0 I init : Service 'vendor.light-hal-2-0' (pid 5060) exited with status 0
01-01 05:57:26.814 0 0 I init : Sending signal 9 to service 'vendor.light-hal-2-0' (pid 5060) process group...
01-01 05:57:26.815 0 0 I libprocessgroup: Successfully killed process cgroup uid 1000 pid 5060 in 0ms
08-16 16:53:49.043 5062 5062 F linker : CANNOT LINK EXECUTABLE "/vendor/bin/hw/sxrservice": library "vendor.qti.hardware.qxr-V1-ndk_platform.so" not found: needed by main executable
01-01 05:57:26.850 0 0 I init : Service 'sxrd' (pid 5062) exited with status 1
01-01 05:57:26.850 0 0 I init : Sending signal 9 to service 'sxrd' (pid 5062) process group...
08-16 16:53:49.050 5061 5061 F linker : CANNOT LINK EXECUTABLE "/vendor/bin/hw/qvrservice": library "vendor.qti.hardware.qxr-V1-ndk_platform.so" not found: needed by /vendor/lib64/libqvrservice.so in namespace (default)
01-01 05:57:27.297 0 0 D : mv2112_read_status
01-01 05:57:27.298 0 0 D mv2112_update_link: 3.0x901(1G): 0x4
01-01 05:57:27.298 0 0 D mv2112_update_link: 3.0x8109(100M): 0x8
01-01 05:57:27.298 0 0 D mv2112_update_link: link 0x4
01-01 05:57:27.298 0 0 D mv2112_read_status: autoneg is disabled
01-01 05:57:28.321 0 0 D : mv2112_read_status
01-01 05:57:28.322 0 0 D mv2112_update_link: 3.0x901(1G): 0x4
01-01 05:57:28.322 0 0 D mv2112_update_link: 3.0x8109(100M): 0x8
01-01 05:57:28.322 0 0 D mv2112_update_link: link 0x4
01-01 05:57:28.322 0 0 D mv2112_read_status: autoneg is disabled
01-01 05:57:29.345 0 0 D : mv2112_read_status
01-01 05:57:29.346 0 0 D mv2112_update_link: 3.0x901(1G): 0x4
01-01 05:57:29.346 0 0 D mv2112_update_link: 3.0x8109(100M): 0x8
01-01 05:57:29.346 0 0 D mv2112_update_link: link 0x4
01-01 05:57:29.346 0 0 D mv2112_read_status: autoneg is disabled
01-01 05:57:30.369 0 0 D : mv2112_read_status
01-01 05:57:30.369 0 0 D mv2112_update_link: 3.0x901(1G): 0x4
01-01 05:57:30.370 0 0 D mv2112_update_link: 3.0x8109(100M): 0x8
01-01 05:57:30.370 0 0 D mv2112_update_link: link 0x4
01-01 05:57:30.370 0 0 D mv2112_read_status: autoneg is disabled
01-01 05:57:30.672 0 0 W audit : audit_lost=1 audit_rate_limit=5 audit_backlog_limit=64
01-01 05:57:30.672 0 0 E audit : rate limit exceeded
01-01 05:57:31.393 0 0 D : mv2112_read_status
01-01 05:57:31.393 0 0 D mv2112_update_link: 3.0x901(1G): 0x4
01-01 05:57:31.394 0 0 D mv2112_update_link: 3.0x8109(100M): 0x8
01-01 05:57:31.394 0 0 D mv2112_update_link: link 0x4
01-01 05:57:31.394 0 0 D mv2112_read_status: autoneg is disabled
01-01 05:57:31.761 0 0 I init : starting service 'vendor.light-hal-2-0'...
01-01 05:57:31.819 0 0 I init : starting service 'qvrd_vndr'...
01-01 05:57:31.822 0 0 I init : Created socket '/dev/socket/qvrservice_vndr', mode 660, user 1000, group 1000
01-01 05:57:31.825 0 0 I init : Created socket '/dev/socket/qvrservice_vndr_camera', mode 660, user 1000, group 1000
01-01 05:57:31.850 0 0 I init : starting service 'sxrd'...
01-01 05:57:31.874 0 0 I init : Service 'vendor.light-hal-2-0' (pid 5103) exited with status 0
01-01 05:57:31.874 0 0 I init : Sending signal 9 to service 'vendor.light-hal-2-0' (pid 5103) process group...
01-01 05:57:31.874 0 0 I libprocessgroup: Successfully killed process cgroup uid 1000 pid 5103 in 0ms
08-16 16:53:54.099 5105 5105 F linker : CANNOT LINK EXECUTABLE "/vendor/bin/hw/sxrservice": library "vendor.qti.hardware.qxr-V1-ndk_platform.so" not found: needed by main executable
01-01 05:57:31.905 0 0 I init : Service 'sxrd' (pid 5105) exited with status 1
01-01 05:57:31.905 0 0 I init : Sending signal 9 to service 'sxrd' (pid 5105) process group...
08-16 16:53:54.103 5104 5104 F linker : CANNOT LINK EXECUTABLE "/vendor/bin/hw/qvrservice": library "vendor.qti.hardware.qxr-V1-ndk_platform.so" not found: needed by /vendor/lib64/libqvrservice.so in namespace (default)
01-01 05:57:32.418 0 0 D : mv2112_read_status
01-01 05:57:32.418 0 0 D mv2112_update_link: 3.0x901(1G): 0x4
01-01 05:57:32.418 0 0 D mv2112_update_link: 3.0x8109(100M): 0x8
01-01 05:57:32.418 0 0 D mv2112_update_link: link 0x4
01-01 05:57:32.418 0 0 D mv2112_read_status: autoneg is disabled
01-01 05:57:33.441 0 0 D : mv2112_read_status
01-01 05:57:33.442 0 0 D mv2112_update_link: 3.0x901(1G): 0x4
01-01 05:57:33.442 0 0 D mv2112_update_link: 3.0x8109(100M): 0x8
01-01 05:57:33.442 0 0 D mv2112_update_link: link 0x4
01-01 05:57:33.442 0 0 D mv2112_read_status: autoneg is disabled
01-01 05:57:34.465 0 0 D : mv2112_read_status
01-01 05:57:34.466 0 0 D mv2112_update_link: 3.0x901(1G): 0x4
01-01 05:57:34.466 0 0 D mv2112_update_link: 3.0x8109(100M): 0x8
01-01 05:57:34.466 0 0 D mv2112_update_link: link 0x4
01-01 05:57:34.466 0 0 D mv2112_read_status: autoneg is disabled
01-01 05:57:35.490 0 0 D : mv2112_read_status
01-01 05:57:35.490 0 0 D mv2112_update_link: 3.0x901(1G): 0x4
01-01 05:57:35.490 0 0 D mv2112_update_link: 3.0x8109(100M): 0x8
01-01 05:57:35.490 0 0 D mv2112_update_link: link 0x4
01-01 05:57:35.490 0 0 D mv2112_read_status: autoneg is disabled
01-01 05:57:36.513 0 0 D : mv2112_read_status
01-01 05:57:36.513 0 0 D mv2112_update_link: 3.0x901(1G): 0x4
01-01 05:57:36.514 0 0 D mv2112_update_link: 3.0x8109(100M): 0x8
01-01 05:57:36.514 0 0 D mv2112_update_link: link 0x4
01-01 05:57:36.514 0 0 D mv2112_read_status: autoneg is disabled
01-01 05:57:36.811 0 0 I init : starting service 'vendor.light-hal-2-0'...
01-01 05:57:36.871 0 0 I init : starting service 'qvrd_vndr'...
01-01 05:57:36.874 0 0 I init : Created socket '/dev/socket/qvrservice_vndr', mode 660, user 1000, group 1000
01-01 05:57:36.877 0 0 I init : Created socket '/dev/socket/qvrservice_vndr_camera', mode 660, user 1000, group 1000
01-01 05:57:36.891 0 0 I init : starting service 'sxrd'...
01-01 05:57:36.910 0 0 I perf : interrupt took too long (3207 > 3151), lowering kernel.perf_event_max_sample_rate to 62250
01-01 05:57:36.916 0 0 I init : Service 'vendor.light-hal-2-0' (pid 5158) exited with status 0
01-01 05:57:36.916 0 0 I init : Sending signal 9 to service 'vendor.light-hal-2-0' (pid 5158) process group...
01-01 05:57:36.916 0 0 I libprocessgroup: Successfully killed process cgroup uid 1000 pid 5158 in 0ms
08-16 16:53:59.144 5162 5162 F linker : CANNOT LINK EXECUTABLE "/vendor/bin/hw/sxrservice": library "vendor.qti.hardware.qxr-V1-ndk_platform.so" not found: needed by main executable
08-16 16:53:59.146 5161 5161 F linker : CANNOT LINK EXECUTABLE "/vendor/bin/hw/qvrservice": library "vendor.qti.hardware.qxr-V1-ndk_platform.so" not found: needed by /vendor/lib64/libqvrservice.so in namespace (default)
01-01 05:57:36.951 0 0 I init : Service 'sxrd' (pid 5162) exited with status 1
01-01 05:57:36.951 0 0 I init : Sending signal 9 to service 'sxrd' (pid 5162) process group...
01-01 05:57:37.537 0 0 D : mv2112_read_status
01-01 05:57:37.538 0 0 D mv2112_update_link: 3.0x901(1G): 0x4
01-01 05:57:37.538 0 0 D mv2112_update_link: 3.0x8109(100M): 0x8
01-01 05:57:37.538 0 0 D mv2112_update_link: link 0x4
01-01 05:57:37.538 0 0 D mv2112_read_status: autoneg is disabled
01-01 05:57:38.562 0 0 D : mv2112_read_status
01-01 05:57:38.562 0 0 D mv2112_update_link: 3.0x901(1G): 0x4
01-01 05:57:38.562 0 0 D mv2112_update_link: 3.0x8109(100M): 0x8
01-01 05:57:38.562 0 0 D mv2112_update_link: link 0x4
01-01 05:57:38.562 0 0 D mv2112_read_status: autoneg is disabled
01-01 05:57:39.585 0 0 D : mv2112_read_status
01-01 05:57:39.586 0 0 D mv2112_update_link: 3.0x901(1G): 0x4
01-01 05:57:39.586 0 0 D mv2112_update_link: 3.0x8109(100M): 0x8
01-01 05:57:39.586 0 0 D mv2112_update_link: link 0x4
01-01 05:57:39.586 0 0 D mv2112_read_status: autoneg is disabled
01-01 05:57:40.610 0 0 D : mv2112_read_status
01-01 05:57:40.610 0 0 D mv2112_update_link: 3.0x901(1G): 0x4
01-01 05:57:40.610 0 0 D mv2112_update_link: 3.0x8109(100M): 0x8
01-01 05:57:40.610 0 0 D mv2112_update_link: link 0x4
01-01 05:57:40.610 0 0 D mv2112_read_status: autoneg is disabled
01-01 05:57:41.633 0 0 D : mv2112_read_status
01-01 05:57:41.633 0 0 D mv2112_update_link: 3.0x901(1G): 0x4
01-01 05:57:41.634 0 0 D mv2112_update_link: 3.0x8109(100M): 0x8
01-01 05:57:41.634 0 0 D mv2112_update_link: link 0x4
01-01 05:57:41.634 0 0 D mv2112_read_status: autoneg is disabled
01-01 05:57:41.861 0 0 I init : starting service 'vendor.light-hal-2-0'...
01-01 05:57:41.925 0 0 I init : starting service 'qvrd_vndr'...
01-01 05:57:41.927 0 0 I init : Created socket '/dev/socket/qvrservice_vndr', mode 660, user 1000, group 1000
01-01 05:57:41.930 0 0 I init : Created socket '/dev/socket/qvrservice_vndr_camera', mode 660, user 1000, group 1000
01-01 05:57:41.951 0 0 I init : starting service 'sxrd'...
01-01 05:57:41.973 0 0 I init : Service 'vendor.light-hal-2-0' (pid 5206) exited with status 0
01-01 05:57:41.973 0 0 I init : Sending signal 9 to service 'vendor.light-hal-2-0' (pid 5206) process group...
01-01 05:57:41.974 0 0 I libprocessgroup: Successfully killed process cgroup uid 1000 pid 5206 in 0ms
08-16 16:54:04.204 5208 5208 F linker : CANNOT LINK EXECUTABLE "/vendor/bin/hw/sxrservice": library "vendor.qti.hardware.qxr-V1-ndk_platform.so" not found: needed by main executable
01-01 05:57:42.010 0 0 I init : Service 'sxrd' (pid 5208) exited with status 1
01-01 05:57:42.010 0 0 I init : Sending signal 9 to service 'sxrd' (pid 5208) process group...
08-16 16:54:04.209 5207 5207 F linker : CANNOT LINK EXECUTABLE "/vendor/bin/hw/qvrservice": library "vendor.qti.hardware.qxr-V1-ndk_platform.so" not found: needed by /vendor/lib64/libqvrservice.so in namespace (default)
01-01 05:57:42.657 0 0 D : mv2112_read_status
01-01 05:57:42.658 0 0 D mv2112_update_link: 3.0x901(1G): 0x4
01-01 05:57:42.658 0 0 D mv2112_update_link: 3.0x8109(100M): 0x8
01-01 05:57:42.658 0 0 D mv2112_update_link: link 0x4
01-01 05:57:42.658 0 0 D mv2112_read_status: autoneg is disabled
01-01 05:57:43.681 0 0 D : mv2112_read_status
01-01 05:57:43.682 0 0 D mv2112_update_link: 3.0x901(1G): 0x4
01-01 05:57:43.682 0 0 D mv2112_update_link: 3.0x8109(100M): 0x8
01-01 05:57:43.682 0 0 D mv2112_update_link: link 0x4
01-01 05:57:43.682 0 0 D mv2112_read_status: autoneg is disabled
01-01 05:57:44.706 0 0 D : mv2112_read_status
01-01 05:57:44.706 0 0 D mv2112_update_link: 3.0x901(1G): 0x4
01-01 05:57:44.706 0 0 D mv2112_update_link: 3.0x8109(100M): 0x8
01-01 05:57:44.706 0 0 D mv2112_update_link: link 0x4
01-01 05:57:44.706 0 0 D mv2112_read_status: autoneg is disabled
01-01 05:57:45.729 0 0 D : mv2112_read_status
01-01 05:57:45.730 0 0 D mv2112_update_link: 3.0x901(1G): 0x4
01-01 05:57:45.730 0 0 D mv2112_update_link: 3.0x8109(100M): 0x8
01-01 05:57:45.730 0 0 D mv2112_update_link: link 0x4
01-01 05:57:45.730 0 0 D mv2112_read_status: autoneg is disabled
01-01 05:57:46.754 0 0 D : mv2112_read_status
01-01 05:57:46.754 0 0 D mv2112_update_link: 3.0x901(1G): 0x4
01-01 05:57:46.754 0 0 D mv2112_update_link: 3.0x8109(100M): 0x8
01-01 05:57:46.754 0 0 D mv2112_update_link: link 0x4
01-01 05:57:46.754 0 0 D mv2112_read_status: autoneg is disabled
01-01 05:57:46.914 0 0 I init : starting service 'vendor.light-hal-2-0'...
01-01 05:57:46.949 0 0 I init : starting service 'qvrd_vndr'...
01-01 05:57:46.950 0 0 I init : Created socket '/dev/socket/qvrservice_vndr', mode 660, user 1000, group 1000
01-01 05:57:46.951 0 0 I init : Created socket '/dev/socket/qvrservice_vndr_camera', mode 660, user 1000, group 1000
01-01 05:57:46.971 0 0 I init : starting service 'sxrd'...
01-01 05:57:47.020 0 0 I init : Service 'vendor.light-hal-2-0' (pid 5262) exited with status 0
01-01 05:57:47.020 0 0 I init : Sending signal 9 to service 'vendor.light-hal-2-0' (pid 5262) process group...
01-01 05:57:47.020 0 0 I libprocessgroup: Successfully killed process cgroup uid 1000 pid 5262 in 0ms
08-16 16:54:09.218 5264 5264 F linker : CANNOT LINK EXECUTABLE "/vendor/bin/hw/sxrservice": library "vendor.qti.hardware.qxr-V1-ndk_platform.so" not found: needed by main executable
01-01 05:57:47.025 0 0 I init : Service 'sxrd' (pid 5264) exited with status 1
01-01 05:57:47.025 0 0 I init : Sending signal 9 to service 'sxrd' (pid 5264) process group...
08-16 16:54:09.219 5263 5263 F linker : CANNOT LINK EXECUTABLE "/vendor/bin/hw/qvrservice": library "vendor.qti.hardware.qxr-V1-ndk_platform.so" not found: needed by /vendor/lib64/libqvrservice.so in namespace (default)
01-01 05:57:47.778 0 0 D : mv2112_read_status
01-01 05:57:47.778 0 0 D mv2112_update_link: 3.0x901(1G): 0x4
01-01 05:57:47.778 0 0 D mv2112_update_link: 3.0x8109(100M): 0x8
01-01 05:57:47.778 0 0 D mv2112_update_link: link 0x4
01-01 05:57:47.778 0 0 D mv2112_read_status: autoneg is disabled
01-01 05:57:48.802 0 0 D : mv2112_read_status
01-01 05:57:48.802 0 0 D mv2112_update_link: 3.0x901(1G): 0x4
01-01 05:57:48.802 0 0 D mv2112_update_link: 3.0x8109(100M): 0x8
01-01 05:57:48.802 0 0 D mv2112_update_link: link 0x4
01-01 05:57:48.802 0 0 D mv2112_read_status: autoneg is disabled
01-01 05:57:49.825 0 0 D : mv2112_read_status
01-01 05:57:49.826 0 0 D mv2112_update_link: 3.0x901(1G): 0x4
01-01 05:57:49.826 0 0 D mv2112_update_link: 3.0x8109(100M): 0x8
01-01 05:57:49.826 0 0 D mv2112_update_link: link 0x4
01-01 05:57:49.826 0 0 D mv2112_read_status: autoneg is disabled
01-01 05:57:49.879 0 0 I : Dns_101_1073 (5164) used greatest stack depth: 9600 bytes left
01-01 05:57:50.850 0 0 D : mv2112_read_status
01-01 05:57:50.850 0 0 D mv2112_update_link: 3.0x901(1G): 0x4
01-01 05:57:50.850 0 0 D mv2112_update_link: 3.0x8109(100M): 0x8
01-01 05:57:50.850 0 0 D mv2112_update_link: link 0x4
01-01 05:57:50.850 0 0 D mv2112_read_status: autoneg is disabled
01-01 05:57:51.873 0 0 D : mv2112_read_status
01-01 05:57:51.874 0 0 D mv2112_update_link: 3.0x901(1G): 0x4
01-01 05:57:51.874 0 0 D mv2112_update_link: 3.0x8109(100M): 0x8
01-01 05:57:51.874 0 0 D mv2112_update_link: link 0x4
01-01 05:57:51.874 0 0 D mv2112_read_status: autoneg is disabled
01-01 05:57:51.948 0 0 I init : starting service 'vendor.light-hal-2-0'...
01-01 05:57:51.982 0 0 I init : starting service 'qvrd_vndr'...
01-01 05:57:51.985 0 0 I init : Created socket '/dev/socket/qvrservice_vndr', mode 660, user 1000, group 1000
01-01 05:57:51.988 0 0 I init : Created socket '/dev/socket/qvrservice_vndr_camera', mode 660, user 1000, group 1000
01-01 05:57:52.024 0 0 I init : starting service 'sxrd'...
01-01 05:57:52.053 0 0 I init : Service 'vendor.light-hal-2-0' (pid 5310) exited with status 0
01-01 05:57:52.053 0 0 I init : Sending signal 9 to service 'vendor.light-hal-2-0' (pid 5310) process group...
01-01 05:57:52.054 0 0 I libprocessgroup: Successfully killed process cgroup uid 1000 pid 5310 in 0ms
08-16 16:54:14.258 5312 5312 F linker : CANNOT LINK EXECUTABLE "/vendor/bin/hw/sxrservice": library "vendor.qti.hardware.qxr-V1-ndk_platform.so" not found: needed by main executable
08-16 16:54:14.262 5311 5311 F linker : CANNOT LINK EXECUTABLE "/vendor/bin/hw/qvrservice": library "vendor.qti.hardware.qxr-V1-ndk_platform.so" not found: needed by /vendor/lib64/libqvrservice.so in namespace (default)
01-01 05:57:52.064 0 0 I init : Service 'sxrd' (pid 5312) exited with status 1
01-01 05:57:52.064 0 0 I init : Sending signal 9 to service 'sxrd' (pid 5312) process group...
01-01 05:57:52.897 0 0 D : mv2112_read_status
01-01 05:57:52.897 0 0 D mv2112_update_link: 3.0x901(1G): 0x4
01-01 05:57:52.898 0 0 D mv2112_update_link: 3.0x8109(100M): 0x8
01-01 05:57:52.898 0 0 D mv2112_update_link: link 0x4
01-01 05:57:52.898 0 0 D mv2112_read_status: autoneg is disabled
01-01 05:57:53.921 0 0 D : mv2112_read_status
01-01 05:57:53.922 0 0 D mv2112_update_link: 3.0x901(1G): 0x4
01-01 05:57:53.922 0 0 D mv2112_update_link: 3.0x8109(100M): 0x8
01-01 05:57:53.922 0 0 D mv2112_update_link: link 0x4
01-01 05:57:53.922 0 0 D mv2112_read_status: autoneg is disabled
01-01 05:57:54.945 0 0 D : mv2112_read_status
01-01 05:57:54.945 0 0 D mv2112_update_link: 3.0x901(1G): 0x4
01-01 05:57:54.946 0 0 D mv2112_update_link: 3.0x8109(100M): 0x8
01-01 05:57:54.946 0 0 D mv2112_update_link: link 0x4
01-01 05:57:54.946 0 0 D mv2112_read_status: autoneg is disabled
01-01 05:57:55.969 0 0 D : mv2112_read_status
01-01 05:57:55.969 0 0 D mv2112_update_link: 3.0x901(1G): 0x4
01-01 05:57:55.970 0 0 D mv2112_update_link: 3.0x8109(100M): 0x8
01-01 05:57:55.970 0 0 D mv2112_update_link: link 0x4
01-01 05:57:55.970 0 0 D mv2112_read_status: autoneg is disabled
01-01 05:57:56.975 0 0 I init : starting service 'vendor.light-hal-2-0'...
01-01 05:57:56.993 0 0 D : mv2112_read_status
01-01 05:57:56.994 0 0 D mv2112_update_link: 3.0x901(1G): 0x4
01-01 05:57:56.994 0 0 D mv2112_update_link: 3.0x8109(100M): 0x8
01-01 05:57:56.994 0 0 D mv2112_update_link: link 0x4
01-01 05:57:56.994 0 0 D mv2112_read_status: autoneg is disabled
01-01 05:57:57.040 0 0 I init : starting service 'qvrd_vndr'...
01-01 05:57:57.042 0 0 I init : Created socket '/dev/socket/qvrservice_vndr', mode 660, user 1000, group 1000
01-01 05:57:57.043 0 0 I init : Created socket '/dev/socket/qvrservice_vndr_camera', mode 660, user 1000, group 1000
01-01 05:57:57.066 0 0 I init : starting service 'sxrd'...
01-01 05:57:57.101 0 0 I init : Service 'vendor.light-hal-2-0' (pid 5360) exited with status 0
01-01 05:57:57.101 0 0 I init : Sending signal 9 to service 'vendor.light-hal-2-0' (pid 5360) process group...
01-01 05:57:57.102 0 0 I libprocessgroup: Successfully killed process cgroup uid 1000 pid 5360 in 0ms
08-16 16:54:19.299 5362 5362 F linker : CANNOT LINK EXECUTABLE "/vendor/bin/hw/sxrservice": library "vendor.qti.hardware.qxr-V1-ndk_platform.so" not found: needed by main executable
08-16 16:54:19.303 5361 5361 F linker : CANNOT LINK EXECUTABLE "/vendor/bin/hw/qvrservice": library "vendor.qti.hardware.qxr-V1-ndk_platform.so" not found: needed by /vendor/lib64/libqvrservice.so in namespace (default)
01-01 05:57:57.106 0 0 I init : Service 'sxrd' (pid 5362) exited with status 1
01-01 05:57:57.106 0 0 I init : Sending signal 9 to service 'sxrd' (pid 5362) process group...
01-01 05:57:58.017 0 0 D : mv2112_read_status
01-01 05:57:58.017 0 0 D mv2112_update_link: 3.0x901(1G): 0x4
01-01 05:57:58.018 0 0 D mv2112_update_link: 3.0x8109(100M): 0x8
01-01 05:57:58.018 0 0 D mv2112_update_link: link 0x4
