08-16 17:02:22.312 2360 2360 D TelephonyNetworkFactory[1]: onNeedNetworkFor NetworkRequest [ REQUEST id=79, [ Capabilities: INTERNET&NOT_RESTRICTED&TRUSTED&NOT_VCN_MANAGED Uid: 10155 RequestorUid: 1000 RequestorPkg: android] ] shouldApply false
01-01 06:06:00.121 0 0 I init : starting service 'vendor.light-hal-2-0'...
01-01 06:06:00.202 0 0 I init : Service 'vendor.light-hal-2-0' (pid 19098) exited with status 0
01-01 06:06:00.210 0 0 I init : Sending signal 9 to service 'vendor.light-hal-2-0' (pid 19098) process group...
01-01 06:06:00.219 0 0 I libprocessgroup: Successfully killed process cgroup uid 1000 pid 19098 in 0ms
08-16 17:02:22.419 18731 18731 I auditd : type=1400 audit(0.0:213): avc: granted { execute } for comm="pool-6-thread-1" path="/data/data/com.antutu.ABenchMark/app_e_qq_com_plugin_c198c715d99ba250d5a335743408f64f/libyaqpro.ba7eb076.so" dev="dm-10" ino=13069 scontext=u:r:untrusted_app:s0:c155,c256,c512,c768 tcontext=u:object_r:app_data_file:s0:c155,c256,c512,c768 tclass=file app=com.antutu.ABenchMark
01-01 06:06:00.256 0 0 D : mv2112_read_status
01-01 06:06:00.268 0 0 D mv2112_update_link: 3.0x901(1G): 0x4
01-01 06:06:00.269 0 0 W audit : audit_lost=61 audit_rate_limit=5 audit_backlog_limit=64
01-01 06:06:00.269 0 0 E audit : rate limit exceeded
08-16 17:02:22.423 18731 18731 I auditd : type=1400 audit(0.0:214): avc: granted { execute } for comm="pool-6-thread-1" path="/data/data/com.antutu.ABenchMark/app_e_qq_com_plugin_c198c715d99ba250d5a335743408f64f/libyaqbasic.ba7eb076.so" dev="dm-10" ino=13071 scontext=u:r:untrusted_app:s0:c155,c256,c512,c768 tcontext=u:object_r:app_data_file:s0:c155,c256,c512,c768 tclass=file app=com.antutu.ABenchMark
01-01 06:06:00.306 0 0 D mv2112_update_link: 3.0x8109(100M): 0x8
08-16 17:02:22.427 18731 18731 I auditd : type=1400 audit(0.0:215): avc: granted { execute } for comm="pool-6-thread-1" path="/data/data/com.antutu.ABenchMark/app_e_qq_com_plugin_c198c715d99ba250d5a335743408f64f/libMMANDKSignature.ba7eb076.so" dev="dm-10" ino=13073 scontext=u:r:untrusted_app:s0:c155,c256,c512,c768 tcontext=u:object_r:app_data_file:s0:c155,c256,c512,c768 tclass=file app=com.antutu.ABenchMark
01-01 06:06:00.317 0 0 D mv2112_update_link: link 0x4
01-01 06:06:00.317 0 0 D mv2112_read_status: autoneg is disabled
08-16 17:02:22.515 1142 2509 D CompatibilityChangeReporter: Compat change id reported: 149924527; UID 10155; state: ENABLED
08-16 17:02:22.515 1142 2509 D CompatibilityChangeReporter: Compat change id reported: 132649864; UID 10155; state: DISABLED
08-16 17:02:22.520 1142 1705 I commit_sys_config_file: [settings-3-0,22]
08-16 17:02:22.530 1142 2509 W ActivityManager: Unable to start service Intent { act=action.com.heytap.openid.OPEN_ID_SERVICE cmp=com.heytap.openid/.IdentifyService } U=0: not found
08-16 17:02:22.431 18731 18731 I auditd : type=1400 audit(0.0:216): avc: granted { execute } for comm="pool-6-thread-1" path="/data/data/com.antutu.ABenchMark/app_e_qq_com_plugin_c198c715d99ba250d5a335743408f64f/libturingau.ba7eb076.so" dev="dm-10" ino=13074 scontext=u:r:untrusted_app:s0:c155,c256,c512,c768 tcontext=u:object_r:app_data_file:s0:c155,c256,c512,c768 tclass=file app=com.antutu.ABenchMark
08-16 17:02:22.610 1142 2768 I ActivityTaskManager: START u0 {cmp=com.antutu.ABenchMark/com.example.benchmark.ui.home.activity.MainActivity} from uid 10155
08-16 17:02:22.615 1142 2768 I wm_task_moved: [90,1,10]
08-16 17:02:22.615 1142 2768 I wm_set_resumed_activity: [0,com.antutu.ABenchMark/com.example.ABenchMark.ABenchMarkStart,positionChildAt]
08-16 17:02:22.615 1142 2768 I wm_create_activity: [0,28238471,90,com.antutu.ABenchMark/com.example.benchmark.ui.home.activity.MainActivity,NULL,NULL,NULL,268435456]
08-16 17:02:22.616 1142 2768 I wm_pause_activity: [0,84609870,com.antutu.ABenchMark/com.example.ABenchMark.ABenchMarkStart,userLeaving=true,resumeTopActivityInnerLocked]
01-01 06:06:00.431 0 0 W is_dc_online: 2 callbacks suppressed
01-01 06:06:00.431 0 0 E HL6111R : is_dc_online: DC psy unavailable
08-16 17:02:22.620 1142 2775 I wm_finish_activity: [0,84609870,90,com.antutu.ABenchMark/com.example.ABenchMark.ABenchMarkStart,app-request]
08-16 17:02:22.621 18731 18731 I wm_on_top_resumed_lost_called: [84609870,com.example.ABenchMark.ABenchMarkStart,topStateChangedWhenResumed]
08-16 17:02:22.623 1142 1720 I input_focus: [Focus entering 965daf8 com.antutu.ABenchMark/com.example.ABenchMark.ABenchMarkStart (server),reason=Window became focusable. Previous reason: NOT_VISIBLE]
08-16 17:02:22.631 18731 18731 I wm_on_paused_called: [84609870,com.example.ABenchMark.ABenchMarkStart,performPause]
08-16 17:02:22.631 1142 1982 I wm_add_to_stopping: [0,84609870,com.antutu.ABenchMark/com.example.ABenchMark.ABenchMarkStart,completeFinishing]
08-16 17:02:22.632 1142 1982 I ActivityTaskManager: The Process com.antutu.ABenchMark Already Exists in BG. So sending its PID: 18731
08-16 17:02:22.632 1142 1982 W ActivityTaskManager: Tried to set launchTime (0) < mLastActivityLaunchTime (661982)
08-16 17:02:22.633 1142 1982 I wm_restart_activity: [0,28238471,90,com.antutu.ABenchMark/com.example.benchmark.ui.home.activity.MainActivity]
08-16 17:02:22.634 1142 1982 I wm_set_resumed_activity: [0,com.antutu.ABenchMark/com.example.benchmark.ui.home.activity.MainActivity,minimalResumeActivityLocked]
08-16 17:02:22.638 1142 1221 I sysui_multi_action: [757,803,799,window_time_0,802,2]
08-16 17:02:22.653 1142 1720 I input_focus: [Focus leaving 965daf8 com.antutu.ABenchMark/com.example.ABenchMark.ABenchMarkStart (server),reason=NO_WINDOW]
08-16 17:02:22.723 18731 18731 I wm_on_create_called: [28238471,com.example.benchmark.ui.home.activity.MainActivity,performCreate]
08-16 17:02:22.724 18731 18731 I wm_on_start_called: [28238471,com.example.benchmark.ui.home.activity.MainActivity,handleStartActivity]
08-16 17:02:22.725 18731 18731 I wm_on_resume_called: [28238471,com.example.benchmark.ui.home.activity.MainActivity,RESUME_ACTIVITY]
08-16 17:02:22.730 18731 18731 I wm_on_top_resumed_gained_called: [28238471,com.example.benchmark.ui.home.activity.MainActivity,topStateChangedWhenResumed]
08-16 17:02:22.821 2360 2360 D TelephonyNetworkFactory[1]: got request NetworkRequest [ REQUEST id=81, [ Capabilities: INTERNET&NOT_RESTRICTED&TRUSTED&NOT_VCN_MANAGED Uid: 10155 RequestorUid: 10155 RequestorPkg: com.antutu.ABenchMark] ]
08-16 17:02:22.821 2360 2360 D TelephonyNetworkFactory[1]: onNeedNetworkFor NetworkRequest [ REQUEST id=81, [ Capabilities: INTERNET&NOT_RESTRICTED&TRUSTED&NOT_VCN_MANAGED Uid: 10155 RequestorUid: 10155 RequestorPkg: com.antutu.ABenchMark] ] shouldApply false
08-16 17:02:22.825 2360 2360 D TelephonyNetworkFactory[0]: got request NetworkRequest [ REQUEST id=81, [ Capabilities: INTERNET&NOT_RESTRICTED&TRUSTED&NOT_VCN_MANAGED Uid: 10155 RequestorUid: 10155 RequestorPkg: com.antutu.ABenchMark] ]
08-16 17:02:22.825 2360 2360 D TelephonyNetworkFactory[0]: onNeedNetworkFor NetworkRequest [ REQUEST id=81, [ Capabilities: INTERNET&NOT_RESTRICTED&TRUSTED&NOT_VCN_MANAGED Uid: 10155 RequestorUid: 10155 RequestorPkg: com.antutu.ABenchMark] ] shouldApply false
08-16 17:02:22.881 2306 18784 I liblog : 3
01-01 06:06:00.712 0 0 E HL6111R : is_dc_online: DC psy unavailable
08-16 17:02:23.016 1142 1222 I input_focus: [Focus request 8955c38 com.antutu.ABenchMark/com.example.benchmark.ui.home.activity.MainActivity,reason=UpdateInputWindows]
08-16 17:02:23.064 1142 1218 I wm_activity_launch_time: [0,28238471,com.antutu.ABenchMark/com.example.benchmark.ui.home.activity.MainActivity,453]
08-16 17:02:23.080 1142 1720 I input_focus: [Focus entering 8955c38 com.antutu.ABenchMark/com.example.benchmark.ui.home.activity.MainActivity (server),reason=Window became focusable. Previous reason: NOT_VISIBLE]
08-16 17:02:23.095 2360 2779 D SubscriptionController: [getSlotIndex]- subId invalid
08-16 17:02:23.158 1142 2775 I wm_destroy_activity: [0,45388666,90,com.antutu.ABenchMark/com.example.benchmark.ui.gdpr.GDPRActivity,finish-imm:idle]
08-16 17:02:23.160 1142 1221 I ActivityManager: PendingStartActivityUids startActivity to updateOomAdj delay:2652ms, uid:10155
08-16 17:02:23.185 2360 2360 D TelephonyNetworkFactory[0]: got request NetworkRequest [ REQUEST id=83, [ Capabilities: INTERNET&NOT_RESTRICTED&TRUSTED&NOT_VCN_MANAGED Uid: 10155 RequestorUid: 10155 RequestorPkg: com.antutu.ABenchMark] ]
08-16 17:02:23.189 2360 2360 D TelephonyNetworkFactory[0]: onNeedNetworkFor NetworkRequest [ REQUEST id=83, [ Capabilities: INTERNET&NOT_RESTRICTED&TRUSTED&NOT_VCN_MANAGED Uid: 10155 RequestorUid: 10155 RequestorPkg: com.antutu.ABenchMark] ] shouldApply false
08-16 17:02:23.189 2360 2360 D TelephonyNetworkFactory[1]: got request NetworkRequest [ REQUEST id=83, [ Capabilities: INTERNET&NOT_RESTRICTED&TRUSTED&NOT_VCN_MANAGED Uid: 10155 RequestorUid: 10155 RequestorPkg: com.antutu.ABenchMark] ]
08-16 17:02:23.189 2360 2360 D TelephonyNetworkFactory[1]: onNeedNetworkFor NetworkRequest [ REQUEST id=83, [ Capabilities: INTERNET&NOT_RESTRICTED&TRUSTED&NOT_VCN_MANAGED Uid: 10155 RequestorUid: 10155 RequestorPkg: com.antutu.ABenchMark] ] shouldApply false
08-16 17:02:23.230 18731 18731 I wm_on_stop_called: [45388666,com.example.benchmark.ui.gdpr.GDPRActivity,LIFECYCLER_STOP_ACTIVITY]
08-16 17:02:23.230 1142 2768 I ActivityManager: Killing 18811:com.android.webview:sandboxed_process0:org.chromium.content.app.SandboxedProcessService0:0/u0a155i1 (adj 0): isolated not needed
08-16 17:02:23.231 18731 18731 I wm_on_destroy_called: [45388666,com.example.benchmark.ui.gdpr.GDPRActivity,performDestroy]
08-16 17:02:23.231 1142 2768 I am_kill : [0,18811,com.android.webview:sandboxed_process0:org.chromium.content.app.SandboxedProcessService0:0,0,isolated not needed]
08-16 17:02:23.232 2360 2360 D TelephonyNetworkFactory[1]: onReleaseNetworkFor NetworkRequest [ REQUEST id=83, [ Capabilities: INTERNET&NOT_RESTRICTED&TRUSTED&NOT_VCN_MANAGED Uid: 10155 RequestorUid: 10155 RequestorPkg: com.antutu.ABenchMark] ] applied false
08-16 17:02:23.232 2360 2360 D TelephonyNetworkFactory[0]: onReleaseNetworkFor NetworkRequest [ REQUEST id=83, [ Capabilities: INTERNET&NOT_RESTRICTED&TRUSTED&NOT_VCN_MANAGED Uid: 10155 RequestorUid: 10155 RequestorPkg: com.antutu.ABenchMark] ] applied false
01-01 06:06:01.158 0 0 I binder : undelivered transaction 350343, process died.
01-01 06:06:01.166 0 0 I binder : undelivered transaction 350346, process died.
01-01 06:06:01.173 0 0 I binder : undelivered transaction 350347, process died.
08-16 17:02:23.376 1142 1982 I am_proc_died: [0,18811,com.android.webview:sandboxed_process0:org.chromium.content.app.SandboxedProcessService0:0,0,10]
08-16 17:02:23.377 1142 1982 I am_uid_stopped: 99001
08-16 17:02:23.397 1142 1269 E KernelCpuSpeedReader: Failed to read cpu-freq: /sys/devices/system/cpu/cpu4/cpufreq/stats/time_in_state: open failed: ENOENT (No such file or directory)
08-16 17:02:23.397 1142 1269 E KernelCpuSpeedReader: Failed to read cpu-freq: /sys/devices/system/cpu/cpu0/cpufreq/stats/time_in_state: open failed: ENOENT (No such file or directory)
08-16 17:02:23.398 1142 1269 D KernelCpuUidUserSysTimeReader: Removing uids 99000-99000
08-16 17:02:23.465 1142 1221 I wm_destroy_activity: [0,84609870,90,com.antutu.ABenchMark/com.example.ABenchMark.ABenchMarkStart,finish-imm:idle]
08-16 17:02:23.481 18731 18731 I wm_on_stop_called: [84609870,com.example.ABenchMark.ABenchMarkStart,LIFECYCLER_STOP_ACTIVITY]
08-16 17:02:23.483 18731 18731 I wm_on_destroy_called: [84609870,com.example.ABenchMark.ABenchMarkStart,performDestroy]
01-01 06:06:01.344 0 0 D : mv2112_read_status
01-01 06:06:01.348 0 0 D mv2112_update_link: 3.0x901(1G): 0x4
01-01 06:06:01.353 0 0 D mv2112_update_link: 3.0x8109(100M): 0x8
01-01 06:06:01.358 0 0 D mv2112_update_link: link 0x4
01-01 06:06:01.362 0 0 D mv2112_read_status: autoneg is disabled
01-01 06:06:01.833 0 0 I afe_close: port_id = 0x400e
01-01 06:06:01.844 0 0 I btfm_slim_disable_ch: port:16, grp: 0, ch->grph:0x0, ch->ch_hdl:0x1d
01-01 06:06:01.999 0 0 I init : starting service 'qvrd_vndr'...
01-01 06:06:02.005 0 0 I init : Created socket '/dev/socket/qvrservice_vndr', mode 660, user 1000, group 1000
01-01 06:06:02.014 0 0 I init : Created socket '/dev/socket/qvrservice_vndr_camera', mode 660, user 1000, group 1000
01-01 06:06:02.037 0 0 I init : starting service 'sxrd'...
08-16 17:02:24.255 19259 19259 F linker : CANNOT LINK EXECUTABLE "/vendor/bin/hw/sxrservice": library "vendor.qti.hardware.qxr-V1-ndk_platform.so" not found: needed by main executable
01-01 06:06:02.061 0 0 I init : Service 'sxrd' (pid 19259) exited with status 1
01-01 06:06:02.068 0 0 I init : Sending signal 9 to service 'sxrd' (pid 19259) process group...
08-16 17:02:24.277 19258 19258 F linker : CANNOT LINK EXECUTABLE "/vendor/bin/hw/qvrservice": library "vendor.qti.hardware.qxr-V1-ndk_platform.so" not found: needed by /vendor/lib64/libqvrservice.so in namespace (default)
01-01 06:06:02.369 0 0 D : mv2112_read_status
01-01 06:06:02.373 0 0 D mv2112_update_link: 3.0x901(1G): 0x4
01-01 06:06:02.378 0 0 D mv2112_update_link: 3.0x8109(100M): 0x8
01-01 06:06:02.383 0 0 D mv2112_update_link: link 0x4
01-01 06:06:02.387 0 0 D mv2112_read_status: autoneg is disabled
08-16 17:02:25.324 2306 18939 I liblog : 2
08-16 17:02:25.334 2306 18940 I liblog : 5
08-16 17:02:25.371 2306 2334 I liblog : 1
08-16 17:02:25.373 2306 18948 I liblog : 2
08-16 17:02:25.374 2306 18948 I liblog : 7
08-16 17:02:25.374 2306 18950 I liblog : 2
08-16 17:02:25.374 2306 18950 I liblog : 1
08-16 17:02:25.374 2306 18950 I liblog : 5
08-16 17:02:25.375 2306 18950 I liblog : 5
08-16 17:02:25.378 2306 18953 I liblog : 5
08-16 17:02:25.382 2306 18952 I liblog : 1
08-16 17:02:25.382 2306 18952 I liblog : 4
08-16 17:02:25.383 2306 18952 I liblog : 4
08-16 17:02:25.387 2306 18955 I liblog : 2
08-16 17:02:25.388 2306 18954 I liblog : 3
08-16 17:02:25.389 2306 18954 I liblog : 4
08-16 17:02:25.389 2306 18954 I liblog : 7
08-16 17:02:25.391 2306 18956 I liblog : 6
08-16 17:02:25.392 2306 18956 I liblog : 5
08-16 17:02:25.392 2306 18956 I liblog : 3
08-16 17:02:25.394 2306 18957 I liblog : 2
08-16 17:02:25.396 2306 18957 I liblog : 1
08-16 17:02:25.396 2306 18957 I liblog : 2
08-16 17:02:25.396 2306 18958 I liblog : 2
08-16 17:02:25.397 2306 18958 I liblog : 6
08-16 17:02:25.397 2306 18958 I liblog : 6
08-16 17:02:25.399 2306 18959 I liblog : 5
08-16 17:02:25.400 2306 18959 I liblog : 6
08-16 17:02:25.401 2306 18960 I liblog : 4
08-16 17:02:25.402 2306 18960 I liblog : 4
08-16 17:02:25.409 2306 18961 I liblog : 8
08-16 17:02:25.427 2306 18967 I liblog : 6
08-16 17:02:25.427 2306 18967 I liblog : 1
08-16 17:02:25.428 2306 18967 I liblog : 7
08-16 17:02:25.431 2306 18968 I liblog : 6
08-16 17:02:25.432 2306 18968 I liblog : 2
08-16 17:02:25.435 2306 18969 I liblog : 1
08-16 17:02:25.436 2306 18969 I liblog : 3
08-16 17:02:25.451 2306 18971 I liblog : 4
08-16 17:02:25.459 2306 18976 I liblog : 1
08-16 17:02:25.469 2306 18974 I dvm_lock_sample: [com.thundercomm.remotecontrolser,0,Thread-12445,14,Throwable.java,665,void java.lang.Throwable.printStackTrace(java.lang.Throwable$PrintStreamOrWriter),,0,null,2]
08-16 17:02:25.474 2306 18978 I liblog : 5
08-16 17:02:25.474 2306 18978 I liblog : 2
08-16 17:02:25.474 2306 18978 I liblog : 7
08-16 17:02:25.475 2306 18977 I liblog : 8
08-16 17:02:25.476 2306 18977 I liblog : 4
08-16 17:02:25.477 2306 18977 I liblog : 1
08-16 17:02:25.477 2306 18977 I liblog : 1
08-16 17:02:25.478 2306 18977 I liblog : 3
08-16 17:02:25.480 2306 18980 I liblog : 2
08-16 17:02:25.490 2306 18982 I liblog : 12
01-01 06:06:03.396 0 0 D : mv2112_read_status
01-01 06:06:03.401 0 0 D mv2112_update_link: 3.0x901(1G): 0x4
01-01 06:06:03.409 0 0 D mv2112_update_link: 3.0x8109(100M): 0x8
01-01 06:06:03.414 0 0 D mv2112_update_link: link 0x4
01-01 06:06:03.418 0 0 D mv2112_read_status: autoneg is disabled
08-16 17:02:25.549 2306 18995 I liblog : 11
08-16 17:02:25.549 2306 18995 I liblog : 6
08-16 17:02:25.549 2306 18995 I liblog : 5
08-16 17:02:25.550 2306 18999 I liblog : 3
08-16 17:02:25.551 2306 18999 I liblog : 6
08-16 17:02:25.552 2306 19001 I liblog : 6
08-16 17:02:25.552 2306 19001 I liblog : 1
08-16 17:02:25.552 2306 19001 I liblog : 2
08-16 17:02:25.553 2306 19001 I liblog : 5
08-16 17:02:25.553 2306 19001 I liblog : 2
08-16 17:02:25.553 2306 19001 I liblog : 3
08-16 17:02:25.554 2306 18993 I liblog : 3
08-16 17:02:25.554 2306 18993 I liblog : 3
08-16 17:02:25.555 2306 18993 I liblog : 6
08-16 17:02:25.561 2306 19002 I liblog : 6
08-16 17:02:25.564 2306 19004 I liblog : 1
08-16 17:02:25.564 2306 19004 I liblog : 5
08-16 17:02:25.564 2306 19003 I liblog : 1
08-16 17:02:25.564 2306 19003 I liblog : 1
08-16 17:02:25.565 2306 19003 I liblog : 5
08-16 17:02:25.565 2306 19003 I liblog : 5
08-16 17:02:25.568 2306 19007 I liblog : 6
08-16 17:02:25.568 2306 19007 I liblog : 1
08-16 17:02:25.569 2306 19005 I liblog : 6
08-16 17:02:25.570 2306 19005 I liblog : 2
08-16 17:02:25.570 2306 19005 I liblog : 2
08-16 17:02:25.571 2306 19005 I liblog : 5
08-16 17:02:25.573 2306 19006 I liblog : 3
08-16 17:02:25.573 2306 19006 I liblog : 1
08-16 17:02:25.578 2306 19008 I liblog : 8
08-16 17:02:25.583 2306 19010 I liblog : 3
08-16 17:02:25.585 2306 19009 I liblog : 2
08-16 17:02:25.588 2306 19009 I liblog : 1
08-16 17:02:25.588 2306 19011 I liblog : 1
08-16 17:02:25.591 2306 19011 I liblog : 1
08-16 17:02:25.593 2306 19012 I liblog : 5
08-16 17:02:25.594 2306 19012 I liblog : 4
08-16 17:02:25.594 2306 19012 I liblog : 5
08-16 17:02:25.594 2306 19013 I liblog : 3
08-16 17:02:25.594 2306 19013 I liblog : 5
08-16 17:02:25.595 2306 19013 I liblog : 6
08-16 17:02:25.595 2306 19014 I liblog : 6
08-16 17:02:25.595 2306 19014 I liblog : 3
08-16 17:02:25.596 2306 19014 I liblog : 8
08-16 17:02:25.599 2306 19015 I liblog : 6
08-16 17:02:25.602 2306 19017 I liblog : 5
08-16 17:02:25.604 2306 19017 I liblog : 4
08-16 17:02:25.604 2306 19016 I liblog : 1
08-16 17:02:25.604 2306 19016 I liblog : 5
08-16 17:02:25.605 2306 19016 I liblog : 6
08-16 17:02:25.605 2306 19019 I liblog : 6
08-16 17:02:25.605 2306 19019 I liblog : 1
08-16 17:02:25.606 2306 19019 I liblog : 10
08-16 17:02:25.606 2306 19018 I liblog : 5
08-16 17:02:25.606 2306 19018 I liblog : 5
08-16 17:02:25.607 2306 19018 I liblog : 6
08-16 17:02:25.610 2306 19021 I liblog : 6
08-16 17:02:25.610 2306 19021 I liblog : 2
08-16 17:02:25.611 2306 19020 I liblog : 6
08-16 17:02:25.611 2306 19020 I liblog : 1
08-16 17:02:25.611 2306 19020 I liblog : 8
08-16 17:02:25.612 2306 19020 I liblog : 6
08-16 17:02:25.612 2306 19023 I liblog : 2
08-16 17:02:25.612 2306 19023 I liblog : 4
08-16 17:02:25.613 2306 19023 I liblog : 7
08-16 17:02:25.614 2306 19022 I liblog : 6
08-16 17:02:25.614 2306 19022 I liblog : 1
08-16 17:02:25.615 2306 19022 I liblog : 6
08-16 17:02:25.615 2306 19024 I liblog : 6
08-16 17:02:25.615 2306 19024 I liblog : 3
08-16 17:02:25.616 2306 19024 I liblog : 3
08-16 17:02:25.616 2306 19025 I liblog : 10
08-16 17:02:25.617 2306 19025 I liblog : 6
08-16 17:02:25.617 2306 19026 I liblog : 8
08-16 17:02:25.618 2306 19026 I liblog : 6
08-16 17:02:25.618 2306 19026 I liblog : 9
08-16 17:02:25.625 2306 19027 I liblog : 2
08-16 17:02:25.632 2306 19029 I liblog : 4
08-16 17:02:25.633 2306 19029 I liblog : 5
08-16 17:02:25.633 2306 19030 I liblog : 1
08-16 17:02:25.634 2306 19030 I liblog : 4
08-16 17:02:25.634 2306 19033 I liblog : 10
08-16 17:02:25.635 2306 19033 I liblog : 6
08-16 17:02:25.635 2306 19033 I liblog : 7
08-16 17:02:25.635 2306 19031 I liblog : 6
08-16 17:02:25.636 2306 19031 I liblog : 8
08-16 17:02:25.637 2306 19032 I liblog : 6
08-16 17:02:25.638 2306 19034 I liblog : 15
08-16 17:02:25.638 2306 19034 I liblog : 2
08-16 17:02:25.638 2306 19034 I liblog : 8
08-16 17:02:25.642 2306 19035 I liblog : 6
08-16 17:02:25.658 2306 19036 I liblog : 2
08-16 17:02:26.161 1142 2883 E TaskPersister: File error accessing recents directory (directory doesn't exist?).
08-16 17:02:26.262 1142 1359 I commit_sys_config_file: [package-user-0,9]
01-01 06:06:04.449 0 0 D : mv2112_read_status
01-01 06:06:04.453 0 0 D mv2112_update_link: 3.0x901(1G): 0x4
01-01 06:06:04.458 0 0 D mv2112_update_link: 3.0x8109(100M): 0x8
01-01 06:06:04.463 0 0 D mv2112_update_link: link 0x4
01-01 06:06:04.467 0 0 D mv2112_read_status: autoneg is disabled
01-01 06:06:05.137 0 0 I init : starting service 'vendor.light-hal-2-0'...
01-01 06:06:05.243 0 0 I init : Service 'vendor.light-hal-2-0' (pid 19460) exited with status 0
01-01 06:06:05.251 0 0 I init : Sending signal 9 to service 'vendor.light-hal-2-0' (pid 19460) process group...
01-01 06:06:05.262 0 0 I libprocessgroup: Successfully killed process cgroup uid 1000 pid 19460 in 0ms
01-01 06:06:05.473 0 0 D : mv2112_read_status
01-01 06:06:05.477 0 0 D mv2112_update_link: 3.0x901(1G): 0x4
01-01 06:06:05.482 0 0 D mv2112_update_link: 3.0x8109(100M): 0x8
01-01 06:06:05.487 0 0 D mv2112_update_link: link 0x4
01-01 06:06:05.491 0 0 D mv2112_read_status: autoneg is disabled
08-16 17:02:27.890 1142 1707 D ActivityManager: freezing 3978 com.android.contacts
01-01 06:06:05.696 0 0 I binder : 1142:1707 ioctl 400c620e 76acf3c5d8 returned -22
08-16 17:02:27.898 1142 1707 E ActivityManager: Unable to freeze binder for 3978 com.android.contacts
08-16 17:02:27.908 1142 1707 D ActivityManager: froze 3978 com.android.contacts
08-16 17:02:27.908 1142 1707 I am_freeze: [3978,com.android.contacts]
01-01 06:06:05.713 0 0 I binder : 1142:1707 ioctl c00c620f 76acf3c5b8 returned -22
08-16 17:02:27.915 1142 1707 E ActivityManager: Unable to freeze binder for 3978 com.android.contacts
08-16 17:02:27.917 1142 1707 I ActivityManager: Killing 3978:com.android.contacts/u0a81 (adj 995): Unable to freeze binder interface
08-16 17:02:27.917 1142 1707 I am_kill : [0,3978,com.android.contacts,995,Unable to freeze binder interface]
08-16 17:02:28.018 1142 2768 I am_proc_died: [0,3978,com.android.contacts,995,19]
08-16 17:02:28.019 1142 2768 I am_uid_stopped: 10081
01-01 06:06:05.820 0 0 E HL6111R : is_dc_online: DC psy unavailable
08-16 17:02:28.031 1142 1707 D ActivityManager: freezing 3748 com.android.dialer
01-01 06:06:05.836 0 0 I binder : 1142:1707 ioctl 400c620e 76acf3c5d8 returned -22
08-16 17:02:28.038 1142 1707 E ActivityManager: Unable to freeze binder for 3748 com.android.dialer
08-16 17:02:28.040 1142 1707 D ActivityManager: froze 3748 com.android.dialer
08-16 17:02:28.040 1142 1707 I am_freeze: [3748,com.android.dialer]
08-16 17:02:28.048 1142 1707 E ActivityManager: Unable to freeze binder for 3748 com.android.dialer
08-16 17:02:28.050 1142 1707 I ActivityManager: Killing 3748:com.android.dialer/u0a82 (adj 995): Unable to freeze binder interface
08-16 17:02:28.050 1142 1707 I am_kill : [0,3748,com.android.dialer,995,Unable to freeze binder interface]
01-01 06:06:05.846 0 0 I binder : 1142:1707 ioctl c00c620f 76acf3c5b8 returned -22
08-16 17:02:28.069 1142 1233 I am_pss : [18731,10155,com.antutu.ABenchMark,169375744,148406272,0,324313088,0,2,22]
08-16 17:02:28.085 1142 1233 I am_pss : [15531,10091,com.android.music,24974336,19304448,0,153075712,0,4,13]
08-16 17:02:28.158 1142 6484 I am_proc_died: [0,3748,com.android.dialer,995,19]
08-16 17:02:28.159 1142 6484 I am_uid_stopped: 10082
01-01 06:06:06.123 0 0 I binder : 1142:1707 ioctl 400c620e 76acf3c5d8 returned -22
08-16 17:02:28.317 1142 1707 D ActivityManager: freezing 4008 com.android.dynsystem
08-16 17:02:28.325 1142 1707 E ActivityManager: Unable to freeze binder for 4008 com.android.dynsystem
08-16 17:02:28.328 1142 1707 D ActivityManager: froze 4008 com.android.dynsystem
08-16 17:02:28.328 1142 1707 I am_freeze: [4008,com.android.dynsystem]
08-16 17:02:28.335 1142 1707 E ActivityManager: Unable to freeze binder for 4008 com.android.dynsystem
01-01 06:06:06.133 0 0 I binder : 1142:1707 ioctl c00c620f 76acf3c5b8 returned -22
08-16 17:02:28.338 1142 1707 I ActivityManager: Killing 4008:com.android.dynsystem/1000 (adj 995): Unable to freeze binder interface
08-16 17:02:28.338 1142 1707 I am_kill : [0,4008,com.android.dynsystem,995,Unable to freeze binder interface]
08-16 17:02:28.477 1142 2768 I am_proc_died: [0,4008,com.android.dynsystem,995,19]
08-16 17:02:28.559 1142 1707 D ActivityManager: freezing 4036 com.android.dynsystem:dynsystem
01-01 06:06:06.364 0 0 I binder : 1142:1707 ioctl 400c620e 76acf3c5d8 returned -22
08-16 17:02:28.566 1142 1707 E ActivityManager: Unable to freeze binder for 4036 com.android.dynsystem:dynsystem
01-01 06:06:06.374 0 0 I binder : 1142:1707 ioctl c00c620f 76acf3c5b8 returned -22
08-16 17:02:28.568 1142 1707 D ActivityManager: froze 4036 com.android.dynsystem:dynsystem
08-16 17:02:28.568 1142 1707 I am_freeze: [4036,com.android.dynsystem:dynsystem]
08-16 17:02:28.576 1142 1707 E ActivityManager: Unable to freeze binder for 4036 com.android.dynsystem:dynsystem
08-16 17:02:28.578 1142 1707 I ActivityManager: Killing 4036:com.android.dynsystem:dynsystem/1000 (adj 985): Unable to freeze binder interface
08-16 17:02:28.578 1142 1707 I am_kill : [0,4036,com.android.dynsystem:dynsystem,985,Unable to freeze binder interface]
01-01 06:06:06.437 0 0 I binder : 1142:1707 ioctl 400c620e 76acf3c5d8 returned -22
01-01 06:06:06.446 0 0 I binder : 1142:1707 ioctl c00c620f 76acf3c5b8 returned -22
08-16 17:02:28.632 1142 1707 D ActivityManager: freezing 4043 com.android.imsserviceentitlement
08-16 17:02:28.639 1142 1707 E ActivityManager: Unable to freeze binder for 4043 com.android.imsserviceentitlement
08-16 17:02:28.641 1142 1707 D ActivityManager: froze 4043 com.android.imsserviceentitlement
08-16 17:02:28.641 1142 1707 I am_freeze: [4043,com.android.imsserviceentitlement]
08-16 17:02:28.648 1142 1707 E ActivityManager: Unable to freeze binder for 4043 com.android.imsserviceentitlement
08-16 17:02:28.650 1142 1707 I ActivityManager: Killing 4043:com.android.imsserviceentitlement/u0a80 (adj 985): Unable to freeze binder interface
08-16 17:02:28.650 1142 1707 I am_kill : [0,4043,com.android.imsserviceentitlement,985,Unable to freeze binder interface]
01-01 06:06:06.497 0 0 D : mv2112_read_status
01-01 06:06:06.500 0 0 D mv2112_update_link: 3.0x901(1G): 0x4
08-16 17:02:28.705 1142 2768 I am_proc_died: [0,4036,com.android.dynsystem:dynsystem,985,19]
01-01 06:06:06.505 0 0 D mv2112_update_link: 3.0x8109(100M): 0x8
01-01 06:06:06.510 0 0 D mv2112_update_link: link 0x4
01-01 06:06:06.514 0 0 D mv2112_read_status: autoneg is disabled
08-16 17:02:28.764 1142 2768 I am_proc_died: [0,4043,com.android.imsserviceentitlement,985,19]
08-16 17:02:28.765 1142 2768 I am_uid_stopped: 10080
08-16 17:02:29.114 1142 1720 I input_interaction: Interaction with: 8955c38 com.antutu.ABenchMark/com.example.benchmark.ui.home.activity.MainActivity (server), edge-swipe (server), swipe-up (server), PointerEventDispatcher0 (server),
01-01 06:06:07.034 0 0 I init : starting service 'qvrd_vndr'...
08-16 17:02:29.250 1142 1982 I ActivityTaskManager: START u0 {cmp=com.antutu.ABenchMark/com.example.benchmark.ui.testscreen.activity.MultiTouchActivity} from uid 10155
01-01 06:06:07.043 0 0 I init : Created socket '/dev/socket/qvrservice_vndr', mode 660, user 1000, group 1000
01-01 06:06:07.057 0 0 I init : Created socket '/dev/socket/qvrservice_vndr_camera', mode 660, user 1000, group 1000
08-16 17:02:29.262 1142 1982 D CompatibilityChangeReporter: Compat change id reported: 181136395; UID 10155; state: DISABLED
08-16 17:02:29.263 1142 1982 D CompatibilityChangeReporter: Compat change id reported: 174042936; UID 10155; state: DISABLED
08-16 17:02:29.265 1142 1982 I wm_task_moved: [90,1,10]
08-16 17:02:29.265 1142 1982 I wm_set_resumed_activity: [0,com.antutu.ABenchMark/com.example.benchmark.ui.home.activity.MainActivity,positionChildAt]
08-16 17:02:29.265 1142 1982 I wm_create_activity: [0,1530913,90,com.antutu.ABenchMark/com.example.benchmark.ui.testscreen.activity.MultiTouchActivity,NULL,NULL,NULL,0]
08-16 17:02:29.267 1142 1982 D CompatibilityChangeReporter: Compat change id reported: 168419799; UID 10155; state: DISABLED
08-16 17:02:29.269 1142 1982 I wm_pause_activity: [0,28238471,com.antutu.ABenchMark/com.example.benchmark.ui.home.activity.MainActivity,userLeaving=true,resumeTopActivityInnerLocked]
01-01 06:06:07.086 0 0 I init : starting service 'sxrd'...
08-16 17:02:29.295 18731 18731 I wm_on_top_resumed_lost_called: [28238471,com.example.benchmark.ui.home.activity.MainActivity,topStateChangedWhenResumed]
08-16 17:02:29.297 18731 18731 I wm_on_paused_called: [28238471,com.example.benchmark.ui.home.activity.MainActivity,performPause]
08-16 17:02:29.298 1142 6484 I ActivityTaskManager: The Process com.antutu.ABenchMark Already Exists in BG. So sending its PID: 18731
08-16 17:02:29.301 1142 6484 W ActivityTaskManager: Tried to set launchTime (0) < mLastActivityLaunchTime (665461)
08-16 17:02:29.302 1142 6484 I wm_add_to_stopping: [0,28238471,com.antutu.ABenchMark/com.example.benchmark.ui.home.activity.MainActivity,makeInvisible]
08-16 17:02:29.302 1142 6484 I wm_restart_activity: [0,1530913,90,com.antutu.ABenchMark/com.example.benchmark.ui.testscreen.activity.MultiTouchActivity]
08-16 17:02:29.305 19465 19465 F linker : CANNOT LINK EXECUTABLE "/vendor/bin/hw/sxrservice": library "vendor.qti.hardware.qxr-V1-ndk_platform.so" not found: needed by main executable
08-16 17:02:29.308 1142 6484 I wm_set_resumed_activity: [0,com.antutu.ABenchMark/com.example.benchmark.ui.testscreen.activity.MultiTouchActivity,minimalResumeActivityLocked]
08-16 17:02:29.310 19463 19463 F linker : CANNOT LINK EXECUTABLE "/vendor/bin/hw/qvrservice": library "vendor.qti.hardware.qxr-V1-ndk_platform.so" not found: needed by /vendor/lib64/libqvrservice.so in namespace (default)
08-16 17:02:29.316 1142 1221 I sysui_multi_action: [757,803,799,window_time_0,802,7]
01-01 06:06:07.111 0 0 I init : Service 'sxrd' (pid 19465) exited with status 1
01-01 06:06:07.117 0 0 I init : Sending signal 9 to service 'sxrd' (pid 19465) process group...
08-16 17:02:29.336 18731 18731 I wm_on_create_called: [1530913,com.example.benchmark.ui.testscreen.activity.MultiTouchActivity,performCreate]
08-16 17:02:29.337 18731 18731 I wm_on_start_called: [1530913,com.example.benchmark.ui.testscreen.activity.MultiTouchActivity,handleStartActivity]
08-16 17:02:29.337 1142 1720 I input_focus: [Focus leaving 8955c38 com.antutu.ABenchMark/com.example.benchmark.ui.home.activity.MainActivity (server),reason=NO_WINDOW]
08-16 17:02:29.338 18731 18731 I wm_on_resume_called: [1530913,com.example.benchmark.ui.testscreen.activity.MultiTouchActivity,RESUME_ACTIVITY]
08-16 17:02:29.342 1142 2768 W WindowManager: Failed looking up window session=Session{2dbbf55 18731:u0a10155} callers=com.android.server.wm.WindowManagerService.windowForClientLocked:5626 com.android.server.wm.Session.insetsModified:629 android.view.IWindowSession$Stub.onTransact:1151
08-16 17:02:29.344 18731 18731 I wm_on_top_resumed_gained_called: [1530913,com.example.benchmark.ui.testscreen.activity.MultiTouchActivity,topStateChangedWhenResumed]
08-16 17:02:29.352 1142 1222 I input_focus: [Focus request 882efa3 com.antutu.ABenchMark/com.example.benchmark.ui.testscreen.activity.MultiTouchActivity,reason=UpdateInputWindows]
01-01 06:06:07.168 0 0 I btfm_slim_hw_init: PGD Enum Addr: 00:01:20:02:17: 02
01-01 06:06:07.175 0 0 I btfm_slim_hw_init: IFD Enum Addr: 00:00:20:02:17: 02
01-01 06:06:07.181 0 0 I btfm_slim_hw_init: chipset soc version:400a0200
01-01 06:06:07.187 0 0 I btfm_slim_hw_init: chipset is hastings 2.0, overwriting EA
08-16 17:02:29.388 1142 1218 I wm_activity_launch_time: [0,1530913,com.antutu.ABenchMark/com.example.benchmark.ui.testscreen.activity.MultiTouchActivity,138]
08-16 17:02:29.392 1142 2768 I dvm_lock_sample: [system_server,0,Binder:1142_B,6,ActivityClientController.java,127,void com.android.server.wm.ActivityClientController.activityIdle(android.os.IBinder, android.content.res.Configuration, boolean),WindowSurfacePlacer.java,58,void com.android.server.wm.WindowSurfacePlacer$Traverser.run(),1]
01-01 06:06:07.194 0 0 I btfm_slim_hw_init: PGD Enum Addr: 00:01:20:02:17: 02
01-01 06:06:07.200 0 0 I btfm_slim_hw_init: IFD Enum Addr: 00:00:20:02:17: 02
01-01 06:06:07.207 0 0 I btfm_slim_alloc_port: chipset soc version:400a0200
08-16 17:02:29.425 1142 1720 I input_focus: [Focus entering 882efa3 com.antutu.ABenchMark/com.example.benchmark.ui.testscreen.activity.MultiTouchActivity (server),reason=Window became focusable. Previous reason: NOT_VISIBLE]
01-01 06:06:07.224 0 0 I btfm_slim_enable_ch: chipset soc version:400a0200
01-01 06:06:07.230 0 0 I btfm_slim_enable_ch: channel define - prot:2, dataf:0, auxf:0
01-01 06:06:07.237 0 0 I btfm_slim_enable_ch: channel define - rates:44100, baser:2, ratem:4
01-01 06:06:07.245 0 0 I btfm_slim_enable_ch: slim_connect_sink(port: 16, ch: 157)
01-01 06:06:07.252 0 0 I btfm_slim_enable_ch: port: 16, ch: 157, grp: 0, ch->grph: 0x0, ch_hdl: 0x1d
01-01 06:06:07.261 0 0 I __afe_port_start: port id: 0x400e
01-01 06:06:07.266 0 0 I afe_find_cal_topo_id_by_port: port id: 0x400e, dev_acdb_id: 20
01-01 06:06:07.273 0 0 I afe_find_cal_topo_id_by_port: top_id:112fc acdb_id:20 afe_port_id:0x400e
01-01 06:06:07.281 0 0 I afe_get_cal_topology_id: port_id = 0x400e acdb_id = 20 topology_id = 0x112fc cal_type_index=8 ret=0
01-01 06:06:07.292 0 0 I afe_send_port_topology_id: AFE set topology id 0x112fc enable for port 0x400e ret 0
01-01 06:06:07.301 0 0 I send_afe_cal_type: cal_index is 0
01-01 06:06:07.306 0 0 I send_afe_cal_type: dev_acdb_id[119] is 20
01-01 06:06:07.312 0 0 I afe_find_cal: cal_index 0 port_id 0x400e port_index 119
01-01 06:06:07.318 0 0 I afe_find_cal: acdb_id 20 dev_acdb_id 20 sample_rate 48000 afe_sample_rates 44100
01-01 06:06:07.327 0 0 I afe_find_cal: no matching cal_block found
01-01 06:06:07.332 0 0 E : send_afe_cal_type cal_block not found!!
01-01 06:06:07.338 0 0 I afe_send_hw_delay: port_id 0x400e rate 44100 delay_usec 0 status 0
08-16 17:02:29.710 1142 1707 D ActivityManager: freezing 4123 com.android.onetimeinitializer
01-01 06:06:07.515 0 0 I binder : 1142:1707 ioctl 400c620e 76acf3c5d8 returned -22
01-01 06:06:07.520 0 0 D : mv2112_read_status
08-16 17:02:29.719 1142 1707 E ActivityManager: Unable to freeze binder for 4123 com.android.onetimeinitializer
08-16 17:02:29.721 1142 1707 D ActivityManager: froze 4123 com.android.onetimeinitializer
08-16 17:02:29.721 1142 1707 I am_freeze: [4123,com.android.onetimeinitializer]
01-01 06:06:07.525 0 0 D mv2112_update_link: 3.0x901(1G): 0x4
01-01 06:06:07.526 0 0 I binder : 1142:1707 ioctl c00c620f 76acf3c5b8 returned -22
08-16 17:02:29.733 1142 1707 E ActivityManager: Unable to freeze binder for 4123 com.android.onetimeinitializer
08-16 17:02:29.735 1142 1707 I ActivityManager: Killing 4123:com.android.onetimeinitializer/u0a77 (adj 975): Unable to freeze binder interface
08-16 17:02:29.735 1142 1707 I am_kill : [0,4123,com.android.onetimeinitializer,975,Unable to freeze binder interface]
01-01 06:06:07.530 0 0 D mv2112_update_link: 3.0x8109(100M): 0x8
01-01 06:06:07.542 0 0 D mv2112_update_link: link 0x4
01-01 06:06:07.546 0 0 D mv2112_read_status: autoneg is disabled
08-16 17:02:29.795 1142 1221 I wm_stop_activity: [0,28238471,com.antutu.ABenchMark/com.example.benchmark.ui.home.activity.MainActivity]
08-16 17:02:29.804 3321 6636 I liblog : 17
08-16 17:02:29.805 3321 6636 I liblog : 6
08-16 17:02:29.805 3321 3467 I liblog : 10
08-16 17:02:29.806 3321 6636 I liblog : 2
08-16 17:02:29.806 3321 6636 I liblog : 7
08-16 17:02:29.806 3321 6636 I liblog : 1
08-16 17:02:29.813 3321 3467 I liblog : 3
08-16 17:02:29.813 3321 3467 I liblog : 15
08-16 17:02:29.814 3321 6636 I liblog : 10
08-16 17:02:29.814 3321 6636 I liblog : 7
08-16 17:02:29.818 18731 18731 I wm_on_stop_called: [28238471,com.example.benchmark.ui.home.activity.MainActivity,STOP_ACTIVITY_ITEM]
08-16 17:02:29.902 1142 2768 I am_proc_died: [0,4123,com.android.onetimeinitializer,975,19]
08-16 17:02:29.903 1142 2768 I am_uid_stopped: 10077
08-16 17:02:29.953 3321 3467 I liblog : 3
08-16 17:02:29.954 3321 6636 I liblog : 16
08-16 17:02:29.955 3321 6636 I liblog : 31
08-16 17:02:29.956 3321 6636 I liblog : 6
08-16 17:02:29.956 3321 3467 I liblog : 3
08-16 17:02:29.957 3321 6636 I liblog : 15
08-16 17:02:29.957 3321 6636 I liblog : 1
08-16 17:02:29.958 3321 6636 I liblog : 2
08-16 17:02:29.958 3321 6636 I liblog : 3
08-16 17:02:29.958 3321 6636 I liblog : 4
08-16 17:02:29.959 3321 6636 I liblog : 3
08-16 17:02:29.962 3321 6636 I liblog : 62
08-16 17:02:29.962 3321 6636 I liblog : 7
08-16 17:02:29.963 3321 6636 I liblog : 6
08-16 17:02:29.963 3321 6636 I liblog : 4
08-16 17:02:29.964 3321 6636 I liblog : 16
08-16 17:02:29.964 3321 6636 I liblog : 5
08-16 17:02:29.965 3321 3467 I liblog : 10
08-16 17:02:29.965 3321 3467 I liblog : 4
08-16 17:02:29.966 3321 6636 I liblog : 8
08-16 17:02:29.966 3321 6636 I liblog : 4
08-16 17:02:29.967 3321 6636 I liblog : 12
08-16 17:02:29.969 3321 6636 I liblog : 30
08-16 17:02:29.970 3321 3467 I liblog : 22
08-16 17:02:29.975 3321 6636 I liblog : 1
08-16 17:02:29.975 3321 6636 I liblog : 13
08-16 17:02:29.977 3321 3467 I liblog : 16
08-16 17:02:29.980 3321 6636 I liblog : 16
08-16 17:02:29.980 3321 6636 I liblog : 8
08-16 17:02:29.980 3321 6636 I liblog : 2
08-16 17:02:29.981 3321 6636 I liblog : 5
08-16 17:02:29.982 3321 6636 I liblog : 24
08-16 17:02:29.983 3321 6636 I liblog : 23
08-16 17:02:29.983 3321 6636 I liblog : 1
08-16 17:02:30.002 3321 6636 I liblog : 3
08-16 17:02:30.002 3321 6636 I liblog : 1
08-16 17:02:30.002 3321 6636 I liblog : 1
08-16 17:02:30.106 3321 6636 I liblog : 3
08-16 17:02:30.106 3321 6636 I liblog : 1
08-16 17:02:30.106 3321 6636 I liblog : 1
08-16 17:02:30.107 3321 3467 I liblog : 12
08-16 17:02:30.124 3321 6636 I liblog : 1
08-16 17:02:30.124 3321 6636 I liblog : 1
08-16 17:02:30.124 3321 6636 I liblog : 1
08-16 17:02:30.124 3321 6636 I liblog : 1
08-16 17:02:30.124 3321 6636 I liblog : 1
08-16 17:02:30.124 3321 6636 I liblog : 1
08-16 17:02:30.126 3321 6636 I liblog : 10
08-16 17:02:30.126 3321 6636 I liblog : 13
08-16 17:02:30.127 3321 3467 I liblog : 9
08-16 17:02:30.127 3321 6636 I liblog : 5
08-16 17:02:30.127 3321 6636 I liblog : 1
08-16 17:02:30.128 3321 6636 I liblog : 10
08-16 17:02:30.128 3321 6636 I liblog : 5
08-16 17:02:30.128 3321 6636 I liblog : 5
08-16 17:02:30.128 3321 6636 I liblog : 1
08-16 17:02:30.129 3321 6636 I liblog : 17
08-16 17:02:30.130 3321 6636 I liblog : 2
08-16 17:02:30.130 3321 6636 I liblog : 12
08-16 17:02:30.134 3321 6636 I liblog : 3
08-16 17:02:30.135 3321 6636 I liblog : 6
08-16 17:02:30.135 3321 6636 I liblog : 10
08-16 17:02:30.136 3321 6636 I liblog : 2
08-16 17:02:30.136 3321 6636 I liblog : 5
08-16 17:02:30.136 3321 6636 I liblog : 9
08-16 17:02:30.138 3321 3467 I liblog : 31
08-16 17:02:30.138 3321 6636 I liblog : 12
08-16 17:02:30.139 3321 6636 I liblog : 3
08-16 17:02:30.139 3321 6636 I liblog : 2
08-16 17:02:30.144 3321 6636 I liblog : 74
08-16 17:02:30.145 3321 3467 I liblog : 4
08-16 17:02:30.146 3321 3467 I liblog : 14
08-16 17:02:30.148 3321 6636 I liblog : 28
08-16 17:02:30.148 3321 6636 I liblog : 4
08-16 17:02:30.151 3321 6636 I liblog : 46
08-16 17:02:30.161 3321 6636 I liblog : 8
08-16 17:02:30.162 3321 6636 I liblog : 7
08-16 17:02:30.162 3321 6636 I liblog : 5
08-16 17:02:30.163 3321 6636 I liblog : 1
08-16 17:02:30.163 3321 6636 I liblog : 6
08-16 17:02:30.163 3321 6636 I liblog : 5
08-16 17:02:30.164 3321 6636 I liblog : 2
08-16 17:02:30.165 3321 6636 I liblog : 27
08-16 17:02:30.165 3321 3467 I liblog : 9
08-16 17:02:30.166 3321 6636 I liblog : 9
08-16 17:02:30.166 3321 3467 I liblog : 1
08-16 17:02:30.166 3321 6636 I liblog : 10
08-16 17:02:30.167 3321 6636 I liblog : 10
08-16 17:02:30.167 3321 6636 I liblog : 2
08-16 17:02:30.167 3321 6636 I liblog : 9
08-16 17:02:30.167 3321 6636 I liblog : 4
08-16 17:02:30.168 3321 6636 I liblog : 1
08-16 17:02:30.169 3321 6636 I liblog : 29
08-16 17:02:30.170 3321 6636 I liblog : 4
08-16 17:02:30.171 3321 6636 I liblog : 2
08-16 17:02:30.173 3321 6636 I liblog : 40
08-16 17:02:30.173 3321 6636 I liblog : 8
08-16 17:02:30.174 3321 6636 I liblog : 10
08-16 17:02:30.177 3321 6636 I liblog : 61
08-16 17:02:30.177 3321 3467 I liblog : 19
08-16 17:02:30.179 3321 6636 I liblog : 7
08-16 17:02:30.184 3321 6636 I liblog : 100
08-16 17:02:30.184 3321 6636 I liblog : 1
08-16 17:02:30.184 3321 6636 I liblog : 2
08-16 17:02:30.184 3321 6636 I liblog : 1
08-16 17:02:30.184 3321 6636 I liblog : 1
08-16 17:02:30.184 3321 6636 I liblog : 1
08-16 17:02:30.184 3321 6636 I liblog : 1
08-16 17:02:30.184 3321 6636 I liblog : 1
08-16 17:02:30.185 3321 6636 I liblog : 1
08-16 17:02:30.314 3321 6636 I liblog : 20
08-16 17:02:30.314 3321 6636 I liblog : 2
08-16 17:02:30.321 3321 6636 I liblog : 8
08-16 17:02:30.321 3321 6636 I liblog : 2
08-16 17:02:30.321 3321 6636 I liblog : 4
08-16 17:02:30.323 3321 3759 I liblog : 32
08-16 17:02:30.323 2306 19343 I liblog : 8
08-16 17:02:30.325 3321 3759 I liblog : 19
08-16 17:02:30.328 3321 6636 I liblog : 69
08-16 17:02:30.329 3321 6636 I liblog : 5
08-16 17:02:30.330 3321 6636 I liblog : 36
08-16 17:02:30.335 3321 6636 I liblog : 66
08-16 17:02:30.335 3321 6636 I liblog : 1
08-16 17:02:30.335 3321 6636 I liblog : 1
08-16 17:02:30.337 3321 6636 I liblog : 20
08-16 17:02:30.337 3321 6636 I liblog : 15
08-16 17:02:30.338 3321 6636 I liblog : 19
08-16 17:02:30.340 3321 3467 I liblog : 35
08-16 17:02:30.340 3321 3467 I liblog : 11
08-16 17:02:30.341 3321 6636 I liblog : 10
08-16 17:02:30.341 2306 19345 I liblog : 1
08-16 17:02:30.345 3321 6636 I liblog : 30
08-16 17:02:30.345 3321 3467 I liblog : 4
08-16 17:02:30.345 3321 3467 I liblog : 7
08-16 17:02:30.347 3321 6636 I liblog : 7
08-16 17:02:30.360 3321 6636 I liblog : 215
08-16 17:02:30.361 3321 6636 I liblog : 2
08-16 17:02:30.361 3321 6636 I liblog : 15
08-16 17:02:30.362 3321 6636 I liblog : 6
08-16 17:02:30.362 3321 6636 I liblog : 7
08-16 17:02:30.363 3321 6636 I liblog : 13
08-16 17:02:30.363 3321 3467 I liblog : 1
08-16 17:02:30.363 3321 6636 I liblog : 8
08-16 17:02:30.364 3321 6636 I liblog : 10
08-16 17:02:30.364 3321 6636 I liblog : 10
08-16 17:02:30.364 3321 6636 I liblog : 5
08-16 17:02:30.365 3321 6636 I liblog : 6
08-16 17:02:30.366 3321 6636 I liblog : 5
08-16 17:02:30.367 3321 6636 I liblog : 6
08-16 17:02:30.368 3321 6636 I liblog : 8
08-16 17:02:30.370 3321 6636 I liblog : 18
08-16 17:02:30.371 3321 6636 I liblog : 7
08-16 17:02:30.371 3321 6636 I liblog : 1
08-16 17:02:30.371 3321 6636 I liblog : 1
08-16 17:02:30.371 3321 6636 I liblog : 1
08-16 17:02:30.371 3321 6636 I liblog : 1
08-16 17:02:30.373 3321 6636 I liblog : 1
08-16 17:02:30.374 3321 6636 I liblog : 16
08-16 17:02:30.375 3321 6636 I liblog : 12
08-16 17:02:30.375 3321 6636 I liblog : 3
08-16 17:02:30.376 3321 6636 I liblog : 12
08-16 17:02:30.378 3321 6636 I liblog : 23
08-16 17:02:30.379 3321 6636 I liblog : 1
08-16 17:02:30.382 3321 6636 I liblog : 26
08-16 17:02:30.383 2306 19355 I liblog : 2
08-16 17:02:30.384 2306 19357 I liblog : 5
08-16 17:02:30.384 2306 19357 I liblog : 1
08-16 17:02:30.384 2306 19357 I liblog : 4
08-16 17:02:30.384 2306 19357 I liblog : 3
08-16 17:02:30.388 2306 19357 I liblog : 4
08-16 17:02:30.389 2306 19360 I liblog : 4
08-16 17:02:30.390 2306 19356 I liblog : 4
08-16 17:02:30.390 2306 19359 I liblog : 15
08-16 17:02:30.391 2306 19359 I liblog : 3
08-16 17:02:30.391 2306 19359 I liblog : 3
08-16 17:02:30.392 3321 6636 I liblog : 142
08-16 17:02:30.392 2306 19359 I liblog : 5
08-16 17:02:30.392 2306 19359 I liblog : 3
08-16 17:02:30.392 2306 19358 I liblog : 2
08-16 17:02:30.393 3321 6636 I liblog : 9
08-16 17:02:30.393 2306 19358 I liblog : 7
08-16 17:02:30.393 3321 6636 I liblog : 1
08-16 17:02:30.393 3321 6636 I liblog : 4
08-16 17:02:30.393 3321 6636 I liblog : 1
08-16 17:02:30.393 2306 19358 I liblog : 8
08-16 17:02:30.393 3321 6636 I liblog : 3
08-16 17:02:30.393 2306 19361 I liblog : 3
08-16 17:02:30.394 3321 6636 I liblog : 10
08-16 17:02:30.394 3321 6636 I liblog : 3
08-16 17:02:30.394 3321 6636 I liblog : 7
08-16 17:02:30.394 3321 6636 I liblog : 1
08-16 17:02:30.395 3321 6636 I liblog : 4
08-16 17:02:30.395 2306 19361 I liblog : 1
08-16 17:02:30.395 2306 19361 I liblog : 10
08-16 17:02:30.396 3321 6636 I liblog : 7
08-16 17:02:30.396 2306 19354 I liblog : 5
08-16 17:02:30.396 3321 6636 I liblog : 8
08-16 17:02:30.396 2306 19354 I liblog : 7
08-16 17:02:30.396 2306 19362 I liblog : 6
08-16 17:02:30.397 2306 19362 I liblog : 8
08-16 17:02:30.397 3321 6636 I liblog : 10
08-16 17:02:30.397 2306 19362 I liblog : 8
08-16 17:02:30.397 3321 6636 I liblog : 7
08-16 17:02:30.397 2306 19363 I liblog : 2
08-16 17:02:30.398 3321 6636 I liblog : 14
08-16 17:02:30.398 3321 6636 I liblog : 3
08-16 17:02:30.398 2306 19363 I liblog : 6
08-16 17:02:30.398 3321 6636 I liblog : 5
08-16 17:02:30.398 2306 19363 I liblog : 3
08-16 17:02:30.399 2306 19363 I liblog : 3
08-16 17:02:30.399 3321 6636 I liblog : 17
08-16 17:02:30.400 3321 6636 I liblog : 4
08-16 17:02:30.400 2306 19364 I liblog : 17
08-16 17:02:30.400 2306 19365 I liblog : 1
08-16 17:02:30.401 3321 6636 I liblog : 6
08-16 17:02:30.404 2306 19367 I liblog : 34
08-16 17:02:30.404 2306 19367 I liblog : 6
08-16 17:02:30.405 2306 19368 I liblog : 7
08-16 17:02:30.405 3321 6636 I liblog : 3
08-16 17:02:30.405 2306 19368 I liblog : 1
08-16 17:02:30.405 2306 19368 I liblog : 8
08-16 17:02:30.406 3321 3467 I liblog : 8
08-16 17:02:30.408 3321 6636 I liblog : 27
08-16 17:02:30.409 3321 6636 I liblog : 8
08-16 17:02:30.413 3321 6636 I liblog : 55
08-16 17:02:30.413 2306 19369 I liblog : 8
08-16 17:02:30.421 3321 6636 I liblog : 149
08-16 17:02:30.421 3321 6636 I liblog : 2
08-16 17:02:30.424 3321 6636 I liblog : 14
08-16 17:02:30.425 3321 6636 I liblog : 3
08-16 17:02:30.426 2306 19372 I liblog : 1
08-16 17:02:30.426 3321 3467 I liblog : 37
08-16 17:02:30.427 3321 6636 I liblog : 8
08-16 17:02:30.427 2306 19372 I liblog : 4
08-16 17:02:30.427 3321 6636 I liblog : 4
08-16 17:02:30.428 3321 3467 I liblog : 22
08-16 17:02:30.430 3321 6636 I liblog : 24
08-16 17:02:30.431 2306 19373 I liblog : 3
08-16 17:02:30.432 2306 19373 I liblog : 5
08-16 17:02:30.432 2306 19374 I liblog : 6
08-16 17:02:30.432 2306 19374 I liblog : 4
08-16 17:02:30.432 2306 19374 I liblog : 7
08-16 17:02:30.435 2306 19375 I liblog : 6
08-16 17:02:30.436 2306 19375 I liblog : 2
08-16 17:02:30.439 2306 19376 I liblog : 6
08-16 17:02:30.440 2306 19376 I liblog : 3
08-16 17:02:30.442 3321 6636 I liblog : 176
08-16 17:02:30.443 3321 6636 I liblog : 27
08-16 17:02:30.443 3321 6636 I liblog : 1
08-16 17:02:30.443 3321 6636 I liblog : 2
08-16 17:02:30.444 3321 6636 I liblog : 12
08-16 17:02:30.445 3321 3467 I liblog : 33
08-16 17:02:30.449 3321 6636 I liblog : 15
08-16 17:02:30.453 3321 3467 I liblog : 11
08-16 17:02:30.455 3321 6636 I liblog : 35
08-16 17:02:30.456 3321 6636 I liblog : 12
08-16 17:02:30.456 3321 6636 I liblog : 12
08-16 17:02:30.456 3321 6636 I liblog : 1
08-16 17:02:30.457 3321 3467 I liblog : 8
08-16 17:02:30.457 2306 19377 I liblog : 3
08-16 17:02:30.458 3321 6636 I liblog : 5
08-16 17:02:30.459 3321 6636 I liblog : 9
08-16 17:02:30.461 3321 6636 I liblog : 24
08-16 17:02:30.461 3321 3467 I liblog : 21
08-16 17:02:30.464 3321 6636 I liblog : 45
08-16 17:02:30.466 3321 6636 I liblog : 45
08-16 17:02:30.475 2306 19383 I liblog : 3
08-16 17:02:30.475 2306 19383 I liblog : 1
08-16 17:02:30.475 2306 19383 I liblog : 6
08-16 17:02:30.475 2306 19383 I liblog : 8
08-16 17:02:30.477 2306 19384 I liblog : 2
08-16 17:02:30.477 3321 6636 I liblog : 179
08-16 17:02:30.478 3321 6636 I liblog : 8
08-16 17:02:30.478 2306 19384 I liblog : 3
08-16 17:02:30.478 2306 19384 I liblog : 6
08-16 17:02:30.478 3321 3467 I liblog : 5
08-16 17:02:30.484 2306 19385 I liblog : 2
08-16 17:02:30.486 3321 6636 I liblog : 126
08-16 17:02:30.487 2306 19386 I liblog : 4
08-16 17:02:30.488 2306 19387 I liblog : 5
08-16 17:02:30.489 3321 3467 I liblog : 50
08-16 17:02:30.489 2306 19387 I liblog : 9
08-16 17:02:30.489 3321 6636 I liblog : 12
08-16 17:02:30.489 3321 6636 I liblog : 1
08-16 17:02:30.490 3321 6636 I liblog : 14
08-16 17:02:30.491 3321 6636 I liblog : 10
08-16 17:02:30.491 3321 3467 I liblog : 4
08-16 17:02:30.491 3321 6636 I liblog : 5
08-16 17:02:30.491 3321 6636 I liblog : 2
08-16 17:02:30.491 3321 6636 I liblog : 1
08-16 17:02:30.491 3321 6636 I liblog : 1
08-16 17:02:30.493 3321 6636 I liblog : 16
08-16 17:02:30.494 3321 6636 I liblog : 1
08-16 17:02:30.494 3321 6636 I liblog : 7
08-16 17:02:30.495 3321 6636 I liblog : 11
08-16 17:02:30.495 3321 6636 I liblog : 2
08-16 17:02:30.495 3321 6636 I liblog : 5
08-16 17:02:30.495 2306 19388 I liblog : 6
08-16 17:02:30.495 3321 6636 I liblog : 3
08-16 17:02:30.496 3321 6636 I liblog : 10
08-16 17:02:30.496 3321 6636 I liblog : 5
08-16 17:02:30.496 3321 6636 I liblog : 1
08-16 17:02:30.497 3321 3467 I liblog : 17
08-16 17:02:30.498 3321 6636 I liblog : 30
08-16 17:02:30.503 2306 19390 I liblog : 8
08-16 17:02:30.504 2306 19390 I liblog : 2
08-16 17:02:30.504 3321 6636 I liblog : 2
08-16 17:02:30.506 2306 19391 I liblog : 7
08-16 17:02:30.506 2306 19391 I liblog : 1
08-16 17:02:30.507 2306 19391 I liblog : 6
08-16 17:02:30.514 3321 6636 I liblog : 189
08-16 17:02:30.515 2306 19392 I liblog : 3
08-16 17:02:30.516 3321 6636 I liblog : 44
08-16 17:02:30.517 3321 3467 I liblog : 29
08-16 17:02:30.519 3321 3759 I liblog : 18
08-16 17:02:30.519 3321 6636 I liblog : 1
08-16 17:02:30.522 3321 3467 I liblog : 1
08-16 17:02:30.522 3321 3759 I liblog : 5
08-16 17:02:30.523 3321 3759 I liblog : 9
08-16 17:02:30.524 3321 6636 I liblog : 17
08-16 17:02:30.524 3321 6636 I liblog : 6
08-16 17:02:30.525 3321 3759 I liblog : 2
08-16 17:02:30.525 3321 3759 I liblog : 3
08-16 17:02:30.526 3321 3467 I liblog : 5
08-16 17:02:30.526 3321 3759 I liblog : 11
08-16 17:02:30.527 3321 6636 I liblog : 19
08-16 17:02:30.527 3321 6636 I liblog : 10
08-16 17:02:30.527 3321 3467 I liblog : 1
08-16 17:02:30.528 3321 6636 I liblog : 5
08-16 17:02:30.528 3321 3467 I liblog : 1
08-16 17:02:30.528 3321 3467 I liblog : 9
08-16 17:02:30.530 2306 19395 I liblog : 2
