08-16 16:52:12.075 1142 1142 I SystemServerTiming: OnBootPhase_480_com.android.server.tracing.TracingServiceProxy
08-16 16:52:12.075 1142 1142 D SystemServerTiming: OnBootPhase_480_com.android.server.tracing.TracingServiceProxy took to complete: 0ms
08-16 16:52:12.075 1142 1142 D SystemServerTiming: OnBootPhase_480 took to complete: 28ms
08-16 16:52:12.075 1142 1142 D SystemServerTiming: StartBootPhaseLockSettingsReady took to complete: 28ms
08-16 16:52:12.075 1142 1142 I SystemServerTiming: StartBootPhaseSystemServicesReady
08-16 16:52:12.075 1142 1142 I SystemServiceManager: Starting phase 500
08-16 16:52:12.075 1142 1142 I SystemServerTiming: OnBootPhase_500
08-16 16:52:12.075 1142 1142 I SystemServerTiming: OnBootPhase_500_com.android.server.security.FileIntegrityService
08-16 16:52:12.075 1142 1142 D SystemServerTiming: OnBootPhase_500_com.android.server.security.FileIntegrityService took to complete: 0ms
08-16 16:52:12.075 1142 1142 I SystemServerTiming: OnBootPhase_500_com.android.server.pm.Installer
08-16 16:52:12.075 1142 1142 D SystemServerTiming: OnBootPhase_500_com.android.server.pm.Installer took to complete: 0ms
08-16 16:52:12.075 1142 1142 I SystemServerTiming: OnBootPhase_500_com.android.server.os.DeviceIdentifiersPolicyService
08-16 16:52:12.075 1142 1142 D SystemServerTiming: OnBootPhase_500_com.android.server.os.DeviceIdentifiersPolicyService took to complete: 0ms
08-16 16:52:12.075 1142 1142 I SystemServerTiming: OnBootPhase_500_com.android.server.uri.UriGrantsManagerService$Lifecycle
08-16 16:52:12.075 1142 1142 D SystemServerTiming: OnBootPhase_500_com.android.server.uri.UriGrantsManagerService$Lifecycle took to complete: 0ms
08-16 16:52:12.075 1142 1142 I SystemServerTiming: OnBootPhase_500_com.android.server.powerstats.PowerStatsService
08-16 16:52:12.076 1142 1142 E StatsPullAtomCallbackImpl: Failed to start PowerStatsService statsd pullers
08-16 16:52:12.076 1142 1142 D SystemServerTiming: OnBootPhase_500_com.android.server.powerstats.PowerStatsService took to complete: 0ms
08-16 16:52:12.076 1142 1142 I SystemServerTiming: OnBootPhase_500_com.android.server.wm.ActivityTaskManagerService$Lifecycle
08-16 16:52:12.076 1142 1142 D SystemServerTiming: OnBootPhase_500_com.android.server.wm.ActivityTaskManagerService$Lifecycle took to complete: 0ms
08-16 16:52:12.076 1142 1142 I SystemServerTiming: OnBootPhase_500_com.android.server.am.ActivityManagerService$Lifecycle
08-16 16:52:12.078 1142 1142 E BatteryStatsService: Could not register PowerStatsInternal
08-16 16:52:12.081 1142 1142 D SystemServerTiming: OnBootPhase_500_com.android.server.am.ActivityManagerService$Lifecycle took to complete: 5ms
08-16 16:52:12.081 1142 1142 I SystemServerTiming: OnBootPhase_500_com.android.server.pm.DataLoaderManagerService
08-16 16:52:12.081 1142 1142 D SystemServerTiming: OnBootPhase_500_com.android.server.pm.DataLoaderManagerService took to complete: 0ms
08-16 16:52:12.081 1142 1142 I SystemServerTiming: OnBootPhase_500_com.android.server.power.PowerManagerService
08-16 16:52:12.081 1142 1142 D SystemServerTiming: OnBootPhase_500_com.android.server.power.PowerManagerService took to complete: 0ms
08-16 16:52:12.081 1142 1142 I SystemServerTiming: OnBootPhase_500_com.android.server.power.ThermalManagerService
08-16 16:52:12.081 1142 1142 D SystemServerTiming: OnBootPhase_500_com.android.server.power.ThermalManagerService took to complete: 0ms
08-16 16:52:12.081 1142 1142 I SystemServerTiming: OnBootPhase_500_com.android.server.power.hint.HintManagerService
08-16 16:52:12.081 1142 1142 V HintManagerService: Initializing HintManager service...
08-16 16:52:12.081 1142 1142 V HistoricalRegistry: Interaction before persistence initialized
08-16 16:52:12.081 1142 1142 D SystemServerTiming: OnBootPhase_500_com.android.server.power.hint.HintManagerService took to complete: 0ms
08-16 16:52:12.081 1142 1142 I SystemServerTiming: OnBootPhase_500_com.android.server.recoverysystem.RecoverySystemService$Lifecycle
08-16 16:52:12.081 1142 1142 D SystemServerTiming: OnBootPhase_500_com.android.server.recoverysystem.RecoverySystemService$Lifecycle took to complete: 0ms
08-16 16:52:12.081 1142 1142 I SystemServerTiming: OnBootPhase_500_com.android.server.lights.LightsService
08-16 16:52:12.081 1142 1142 D SystemServerTiming: OnBootPhase_500_com.android.server.lights.LightsService took to complete: 0ms
08-16 16:52:12.082 1142 1142 I SystemServerTiming: OnBootPhase_500_com.android.server.display.DisplayManagerService
08-16 16:52:12.082 1142 1142 D SystemServerTiming: OnBootPhase_500_com.android.server.display.DisplayManagerService took to complete: 0ms
08-16 16:52:12.082 1142 1142 I SystemServerTiming: OnBootPhase_500_com.android.server.pm.verify.domain.DomainVerificationService
08-16 16:52:12.082 1142 1142 D SystemServerTiming: OnBootPhase_500_com.android.server.pm.verify.domain.DomainVerificationService took to complete: 0ms
08-16 16:52:12.082 1142 1142 I SystemServerTiming: OnBootPhase_500_com.android.server.pm.PackageInstallerService$Lifecycle
08-16 16:52:12.082 1142 1142 D SystemServerTiming: OnBootPhase_500_com.android.server.pm.PackageInstallerService$Lifecycle took to complete: 0ms
08-16 16:52:12.082 1142 1142 I SystemServerTiming: OnBootPhase_500_com.android.server.pm.UserManagerService$LifeCycle
08-16 16:52:12.082 1142 1142 D SystemServerTiming: OnBootPhase_500_com.android.server.pm.UserManagerService$LifeCycle took to complete: 0ms
08-16 16:52:12.082 1142 1142 I SystemServerTiming: OnBootPhase_500_com.android.server.om.OverlayManagerService
08-16 16:52:12.082 1142 1142 D SystemServerTiming: OnBootPhase_500_com.android.server.om.OverlayManagerService took to complete: 0ms
08-16 16:52:12.082 1142 1142 I SystemServerTiming: OnBootPhase_500_com.android.server.SensorPrivacyService
08-16 16:52:12.086 1142 1142 D SystemServerTiming: OnBootPhase_500_com.android.server.SensorPrivacyService took to complete: 4ms
08-16 16:52:12.086 1142 1142 I SystemServerTiming: OnBootPhase_500_com.android.server.sensors.SensorService
08-16 16:52:12.086 1142 1142 D SystemServerTiming: OnBootPhase_500_com.android.server.sensors.SensorService took to complete: 0ms
08-16 16:52:12.086 1142 1142 I SystemServerTiming: OnBootPhase_500_com.android.server.SystemConfigService
08-16 16:52:12.086 1142 1142 D SystemServerTiming: OnBootPhase_500_com.android.server.SystemConfigService took to complete: 0ms
08-16 16:52:12.086 1142 1142 I SystemServerTiming: OnBootPhase_500_com.android.server.BatteryService
08-16 16:52:12.086 1142 1142 D SystemServerTiming: OnBootPhase_500_com.android.server.BatteryService took to complete: 0ms
08-16 16:52:12.086 1142 1142 I SystemServerTiming: OnBootPhase_500_com.android.server.usage.UsageStatsService
08-16 16:52:12.089 1142 1142 D AppStandbyController: Setting app idle enabled state
08-16 16:52:12.096 1142 1142 V HistoricalRegistry: Interaction before persistence initialized
08-16 16:52:12.096 1142 1142 D SystemServerTiming: OnBootPhase_500_com.android.server.usage.UsageStatsService took to complete: 11ms
08-16 16:52:12.096 1142 1142 I SystemServerTiming: OnBootPhase_500_com.android.server.webkit.WebViewUpdateService
08-16 16:52:12.096 1142 1142 D SystemServerTiming: OnBootPhase_500_com.android.server.webkit.WebViewUpdateService took to complete: 0ms
08-16 16:52:12.096 1142 1142 I SystemServerTiming: OnBootPhase_500_com.android.server.CachedDeviceStateService
08-16 16:52:12.097 1142 1142 D SystemServerTiming: OnBootPhase_500_com.android.server.CachedDeviceStateService took to complete: 0ms
08-16 16:52:12.097 1142 1142 I SystemServerTiming: OnBootPhase_500_com.android.server.BinderCallsStatsService$LifeCycle
08-16 16:52:12.099 1142 1142 D SystemServerTiming: OnBootPhase_500_com.android.server.BinderCallsStatsService$LifeCycle took to complete: 2ms
08-16 16:52:12.099 1142 1142 I SystemServerTiming: OnBootPhase_500_com.android.server.LooperStatsService$Lifecycle
08-16 16:52:12.099 1142 1142 D SystemServerTiming: OnBootPhase_500_com.android.server.LooperStatsService$Lifecycle took to complete: 0ms
08-16 16:52:12.099 1142 1142 I SystemServerTiming: OnBootPhase_500_com.android.server.rollback.RollbackManagerService
08-16 16:52:12.099 1142 1142 D SystemServerTiming: OnBootPhase_500_com.android.server.rollback.RollbackManagerService took to complete: 0ms
08-16 16:52:12.099 1142 1142 I SystemServerTiming: OnBootPhase_500_com.android.server.os.NativeTombstoneManagerService
08-16 16:52:12.099 1142 1142 D SystemServerTiming: OnBootPhase_500_com.android.server.os.NativeTombstoneManagerService took to complete: 0ms
08-16 16:52:12.099 1142 1142 I SystemServerTiming: OnBootPhase_500_com.android.server.os.BugreportManagerService
08-16 16:52:12.099 1142 1142 D SystemServerTiming: OnBootPhase_500_com.android.server.os.BugreportManagerService took to complete: 0ms
08-16 16:52:12.099 1142 1142 I SystemServerTiming: OnBootPhase_500_com.android.server.gpu.GpuService
08-16 16:52:12.099 1142 1142 D SystemServerTiming: OnBootPhase_500_com.android.server.gpu.GpuService took to complete: 0ms
08-16 16:52:12.099 1142 1142 I SystemServerTiming: OnBootPhase_500_com.android.server.security.KeyChainSystemService
08-16 16:52:12.100 1142 1142 D SystemServerTiming: OnBootPhase_500_com.android.server.security.KeyChainSystemService took to complete: 0ms
08-16 16:52:12.100 1142 1142 I SystemServerTiming: OnBootPhase_500_com.android.server.telecom.TelecomLoaderService
08-16 16:52:12.100 1142 1142 D SystemServerTiming: OnBootPhase_500_com.android.server.telecom.TelecomLoaderService took to complete: 0ms
08-16 16:52:12.100 1142 1142 I SystemServerTiming: OnBootPhase_500_com.android.server.accounts.AccountManagerService$Lifecycle
08-16 16:52:12.100 1142 1142 D SystemServerTiming: OnBootPhase_500_com.android.server.accounts.AccountManagerService$Lifecycle took to complete: 0ms
08-16 16:52:12.100 1142 1142 I SystemServerTiming: OnBootPhase_500_com.android.server.content.ContentService$Lifecycle
08-16 16:52:12.100 1142 1142 D SystemServerTiming: OnBootPhase_500_com.android.server.content.ContentService$Lifecycle took to complete: 0ms
08-16 16:52:12.100 1142 1142 I SystemServerTiming: OnBootPhase_500_com.android.server.DropBoxManagerService
08-16 16:52:12.100 1142 1142 D SystemServerTiming: OnBootPhase_500_com.android.server.DropBoxManagerService took to complete: 0ms
08-16 16:52:12.100 1142 1142 I SystemServerTiming: OnBootPhase_500_com.android.role.RoleService
08-16 16:52:12.100 1142 1142 D SystemServerTiming: OnBootPhase_500_com.android.role.RoleService took to complete: 0ms
08-16 16:52:12.100 1142 1142 I SystemServerTiming: OnBootPhase_500_com.android.server.vibrator.VibratorManagerService$Lifecycle
08-16 16:52:12.101 1142 1142 V VibratorManagerService: Initializing VibratorManager service...
08-16 16:52:12.101 1142 1142 V HistoricalRegistry: Interaction before persistence initialized
08-16 16:52:12.103 1142 1142 V VibratorManagerService: VibratorManager service initialized
08-16 16:52:12.103 1142 1142 D SystemServerTiming: OnBootPhase_500_com.android.server.vibrator.VibratorManagerService$Lifecycle took to complete: 2ms
08-16 16:52:12.103 1142 1142 I SystemServerTiming: OnBootPhase_500_com.android.server.alarm.AlarmManagerService
08-16 16:52:12.103 1142 1142 E LazyAlarmStore: Removed TIME_TICK alarm
08-16 16:52:12.105 1142 1242 I DropBoxManagerService: add tag=system_server_wtf isTagEnabled=true flags=0x2
08-16 16:52:12.105 1142 1142 D SystemServerTiming: OnBootPhase_500_com.android.server.alarm.AlarmManagerService took to complete: 3ms
08-16 16:52:12.105 1142 1142 I SystemServerTiming: OnBootPhase_500_com.android.server.devicestate.DeviceStateManagerService
08-16 16:52:12.105 1142 1142 D SystemServerTiming: OnBootPhase_500_com.android.server.devicestate.DeviceStateManagerService took to complete: 0ms
08-16 16:52:12.105 1142 1142 I SystemServerTiming: OnBootPhase_500_com.android.server.camera.CameraServiceProxy
08-16 16:52:12.105 1142 1142 D SystemServerTiming: OnBootPhase_500_com.android.server.camera.CameraServiceProxy took to complete: 0ms
08-16 16:52:12.106 1142 1142 I SystemServerTiming: OnBootPhase_500_com.android.server.BluetoothService
08-16 16:52:12.106 1142 1142 D SystemServerTiming: OnBootPhase_500_com.android.server.BluetoothService took to complete: 1ms
08-16 16:52:12.106 1142 1142 I SystemServerTiming: OnBootPhase_500_com.android.server.connectivity.IpConnectivityMetrics
08-16 16:52:12.116 1142 1142 D SystemServerTiming: OnBootPhase_500_com.android.server.connectivity.IpConnectivityMetrics took to complete: 10ms
08-16 16:52:12.117 1142 1142 I SystemServerTiming: OnBootPhase_500_com.android.server.net.watchlist.NetworkWatchlistService$Lifecycle
08-16 16:52:12.117 1142 1142 D SystemServerTiming: OnBootPhase_500_com.android.server.net.watchlist.NetworkWatchlistService$Lifecycle took to complete: 0ms
08-16 16:52:12.117 1142 1142 I SystemServerTiming: OnBootPhase_500_com.android.server.PinnerService
08-16 16:52:12.117 1142 1142 D SystemServerTiming: OnBootPhase_500_com.android.server.PinnerService took to complete: 1ms
08-16 16:52:12.118 1142 1142 I SystemServerTiming: OnBootPhase_500_com.google.android.startop.iorap.IorapForwardingService
08-16 16:52:12.118 1142 1142 D SystemServerTiming: OnBootPhase_500_com.google.android.startop.iorap.IorapForwardingService took to complete: 0ms
08-16 16:52:12.118 1142 1142 I SystemServerTiming: OnBootPhase_500_com.android.server.ActivityTriggerService
08-16 16:52:12.118 1142 1142 D SystemServerTiming: OnBootPhase_500_com.android.server.ActivityTriggerService took to complete: 0ms
08-16 16:52:12.118 1142 1142 I SystemServerTiming: OnBootPhase_500_com.android.server.integrity.AppIntegrityManagerService
08-16 16:52:12.118 1142 1142 D SystemServerTiming: OnBootPhase_500_com.android.server.integrity.AppIntegrityManagerService took to complete: 0ms
08-16 16:52:12.118 1142 1142 I SystemServerTiming: OnBootPhase_500_com.android.server.inputmethod.InputMethodManagerService$Lifecycle
08-16 16:52:12.118 1142 1142 D SystemServerTiming: OnBootPhase_500_com.android.server.inputmethod.InputMethodManagerService$Lifecycle took to complete: 0ms
08-16 16:52:12.118 1142 1142 I SystemServerTiming: OnBootPhase_500_com.android.server.accessibility.AccessibilityManagerService$Lifecycle
08-16 16:52:12.118 1142 1142 D SystemServerTiming: OnBootPhase_500_com.android.server.accessibility.AccessibilityManagerService$Lifecycle took to complete: 0ms
08-16 16:52:12.118 1142 1142 I SystemServerTiming: OnBootPhase_500_com.android.server.StorageManagerService$Lifecycle
08-16 16:52:12.119 1142 1142 D SystemServerTiming: OnBootPhase_500_com.android.server.StorageManagerService$Lifecycle took to complete: 2ms
08-16 16:52:12.119 1142 1142 I SystemServerTiming: OnBootPhase_500_com.android.server.usage.StorageStatsService$Lifecycle
08-16 16:52:12.120 1142 1142 D SystemServerTiming: OnBootPhase_500_com.android.server.usage.StorageStatsService$Lifecycle took to complete: 0ms
08-16 16:52:12.120 1142 1142 I SystemServerTiming: OnBootPhase_500_com.android.server.UiModeManagerService
08-16 16:52:12.122 1142 1142 I ActivityTaskManager: Config changes=200 {1.0 ?mcc?mnc [en_US] ldltr sw680dp w1586dp h608dp 240dpi lrg long land finger -keyb/v/h -nav/h winConfig={ mBounds=Rect(0, 0 - 2380, 1020) mAppBounds=Rect(0, 0 - 2380, 948) mMaxBounds=Rect(0, 0 - 2380, 1020) mWindowingMode=fullscreen mDisplayWindowingMode=fullscreen mActivityType=undefined mAlwaysOnTop=undefined mRotation=ROTATION_0} s.6 ?fontWeightAdjustment}
08-16 16:52:12.123 1142 1142 I WindowManager: Override config changes=200 {1.0 ?mcc?mnc [en_US] ldltr sw680dp w1586dp h608dp 240dpi lrg long land finger -keyb/v/h -nav/h winConfig={ mBounds=Rect(0, 0 - 2380, 1020) mAppBounds=Rect(0, 0 - 2380, 948) mMaxBounds=Rect(0, 0 - 2380, 1020) mWindowingMode=fullscreen mDisplayWindowingMode=fullscreen mActivityType=undefined mAlwaysOnTop=undefined mRotation=ROTATION_0} s.6 ?fontWeightAdjustment} for displayId=0
08-16 16:52:12.125 1142 1142 D SystemServerTiming: OnBootPhase_500_com.android.server.UiModeManagerService took to complete: 6ms
08-16 16:52:12.125 1142 1142 I SystemServerTiming: OnBootPhase_500_com.android.server.locksettings.LockSettingsService$Lifecycle
08-16 16:52:12.126 1142 1142 D SystemServerTiming: OnBootPhase_500_com.android.server.locksettings.LockSettingsService$Lifecycle took to complete: 0ms
08-16 16:52:12.126 1142 1142 I SystemServerTiming: OnBootPhase_500_com.android.server.PersistentDataBlockService
08-16 16:52:12.126 1142 1142 D SystemServerTiming: OnBootPhase_500_com.android.server.PersistentDataBlockService took to complete: 0ms
08-16 16:52:12.126 1142 1142 I SystemServerTiming: OnBootPhase_500_com.android.server.testharness.TestHarnessModeService
08-16 16:52:12.126 1142 1142 D TestHarnessModeService: Setting up test harness mode
08-16 16:52:12.126 1142 1142 D TestHarnessModeService: Getting PersistentDataBlockManagerInternal from LocalServices
08-16 16:52:12.135 1142 1649 D SystemServerTimingAsync: AppDataPrepare took to complete: 795ms
08-16 16:52:12.135 1142 1649 I PackageManager: Deferred reconcileAppsData finished 166 packages
08-16 16:52:12.136 1142 1649 D SystemServerInitThreadPool: Finished executing prepareAppData
08-16 16:52:12.136 1142 1649 D SystemServerTimingAsync: InitThreadPoolExec:prepareAppData took to complete: 1594ms
08-16 16:52:12.142 1142 1142 D SystemServerTiming: OnBootPhase_500_com.android.server.testharness.TestHarnessModeService took to complete: 16ms
08-16 16:52:12.142 1142 1142 I SystemServerTiming: OnBootPhase_500_com.android.server.oemlock.OemLockService
08-16 16:52:12.142 1142 1142 D SystemServerTiming: OnBootPhase_500_com.android.server.oemlock.OemLockService took to complete: 0ms
08-16 16:52:12.142 1142 1142 I SystemServerTiming: OnBootPhase_500_com.android.server.DeviceIdleController
08-16 16:52:12.144 1142 1142 V HistoricalRegistry: Interaction before persistence initialized
08-16 16:52:12.144 1142 1142 D SystemServerTiming: OnBootPhase_500_com.android.server.DeviceIdleController took to complete: 2ms
08-16 16:52:12.144 1142 1142 I SystemServerTiming: OnBootPhase_500_com.android.server.devicepolicy.DevicePolicyManagerService$Lifecycle
08-16 16:52:12.144 1142 1142 D SystemServerTiming: OnBootPhase_500_com.android.server.devicepolicy.DevicePolicyManagerService$Lifecycle took to complete: 0ms
08-16 16:52:12.144 1142 1142 I SystemServerTiming: OnBootPhase_500_com.android.server.texttospeech.TextToSpeechManagerService
08-16 16:52:12.144 1142 1142 D SystemServerTiming: OnBootPhase_500_com.android.server.texttospeech.TextToSpeechManagerService took to complete: 0ms
08-16 16:52:12.144 1142 1142 I SystemServerTiming: OnBootPhase_500_com.android.server.speech.SpeechRecognitionManagerService
08-16 16:52:12.144 1142 1142 D SystemServerTiming: OnBootPhase_500_com.android.server.speech.SpeechRecognitionManagerService took to complete: 0ms
08-16 16:52:12.144 1142 1142 I SystemServerTiming: OnBootPhase_500_com.android.server.searchui.SearchUiManagerService
08-16 16:52:12.145 1142 1142 D SystemServerTiming: OnBootPhase_500_com.android.server.searchui.SearchUiManagerService took to complete: 0ms
08-16 16:52:12.145 1142 1142 I SystemServerTiming: OnBootPhase_500_com.android.server.smartspace.SmartspaceManagerService
08-16 16:52:12.145 1142 1142 D SystemServerTiming: OnBootPhase_500_com.android.server.smartspace.SmartspaceManagerService took to complete: 0ms
08-16 16:52:12.145 1142 1142 I SystemServerTiming: OnBootPhase_500_com.android.server.graphics.fonts.FontManagerService$Lifecycle
08-16 16:52:12.145 1142 1142 D SystemServerTiming: OnBootPhase_500_com.android.server.graphics.fonts.FontManagerService$Lifecycle took to complete: 0ms
08-16 16:52:12.145 1142 1142 I SystemServerTiming: OnBootPhase_500_com.android.server.textservices.TextServicesManagerService$Lifecycle
08-16 16:52:12.145 1142 1142 D SystemServerTiming: OnBootPhase_500_com.android.server.textservices.TextServicesManagerService$Lifecycle took to complete: 0ms
08-16 16:52:12.145 1142 1142 I SystemServerTiming: OnBootPhase_500_com.android.server.textclassifier.TextClassificationManagerService$Lifecycle
08-16 16:52:12.145 1142 1142 D SystemServerTiming: OnBootPhase_500_com.android.server.textclassifier.TextClassificationManagerService$Lifecycle took to complete: 0ms
08-16 16:52:12.145 1142 1142 I SystemServerTiming: OnBootPhase_500_com.android.server.NetworkScoreService$Lifecycle
08-16 16:52:12.145 1142 1142 D SystemServerTiming: OnBootPhase_500_com.android.server.NetworkScoreService$Lifecycle took to complete: 0ms
08-16 16:52:12.145 1142 1142 I SystemServerTiming: OnBootPhase_500_com.android.server.wifi.WifiService
08-16 16:52:12.145 1142 1142 D SystemServerTiming: OnBootPhase_500_com.android.server.wifi.WifiService took to complete: 0ms
08-16 16:52:12.145 1142 1142 I SystemServerTiming: OnBootPhase_500_com.android.server.wifi.scanner.WifiScanningService
08-16 16:52:12.146 1142 1142 D SystemServerTiming: OnBootPhase_500_com.android.server.wifi.scanner.WifiScanningService took to complete: 0ms
08-16 16:52:12.146 1142 1142 I SystemServerTiming: OnBootPhase_500_com.android.server.wifi.rtt.RttService
08-16 16:52:12.153 1142 1142 D SystemServerTiming: OnBootPhase_500_com.android.server.wifi.rtt.RttService took to complete: 7ms
08-16 16:52:12.153 1142 1142 I SystemServerTiming: OnBootPhase_500_com.android.server.wifi.aware.WifiAwareService
08-16 16:52:12.162 1142 1142 D SystemServerTiming: OnBootPhase_500_com.android.server.wifi.aware.WifiAwareService took to complete: 9ms
08-16 16:52:12.162 1142 1142 I SystemServerTiming: OnBootPhase_500_com.android.server.wifi.p2p.WifiP2pService
08-16 16:52:12.162 1142 1142 D SystemServerTiming: OnBootPhase_500_com.android.server.wifi.p2p.WifiP2pService took to complete: 0ms
08-16 16:52:12.162 1142 1142 I SystemServerTiming: OnBootPhase_500_com.android.server.ethernet.EthernetService
08-16 16:52:12.164 1142 1700 D SystemServerTimingAsync: SecondaryZygotePreload took to complete: 1329ms
08-16 16:52:12.164 1142 1700 D SystemServerInitThreadPool: Finished executing SecondaryZygotePreload
08-16 16:52:12.164 1142 1700 D SystemServerTimingAsync: InitThreadPoolExec:SecondaryZygotePreload took to complete: 1329ms
08-16 16:52:12.167 1142 1142 D SystemServerTiming: OnBootPhase_500_com.android.server.ethernet.EthernetService took to complete: 5ms
08-16 16:52:12.167 1142 1142 I SystemServerTiming: OnBootPhase_500_com.android.server.ConnectivityServiceInitializer
08-16 16:52:12.167 1142 1142 D SystemServerTiming: OnBootPhase_500_com.android.server.ConnectivityServiceInitializer took to complete: 0ms
08-16 16:52:12.167 1142 1142 I SystemServerTiming: OnBootPhase_500_com.android.server.notification.NotificationManagerService
01-01 05:55:49.979 0 0 I lan743x 0001: 01:00.0 eth0: using MSIX interrupts, number of vectors = 6
01-01 05:55:50.003 0 0 I mv2112_config_aneg: autoneg 1
01-01 05:55:50.003 0 0 I : mv2112_restart_aneg
01-01 05:55:50.004 0 0 D : mv2112_read_status
01-01 05:55:50.005 0 0 D mv2112_update_link: 3.0x901(1G): 0x880
01-01 05:55:50.006 0 0 D mv2112_update_link: 3.0x8109(100M): 0x0
01-01 05:55:50.006 0 0 D mv2112_update_link: link 0x0
01-01 05:55:50.014 0 0 I lan743x 0001: 01:00.0 eth0: successfully registered ptp clock
01-01 05:55:50.016 0 0 I : Wifi Turning On from UI
08-16 16:52:12.228 1142 1142 W SystemServiceManager: Service com.android.server.notification.NotificationManagerService took 62 ms in onBootPhase
08-16 16:52:12.228 1142 1142 D SystemServerTiming: OnBootPhase_500_com.android.server.notification.NotificationManagerService took to complete: 61ms
08-16 16:52:12.228 1142 1142 I SystemServerTiming: OnBootPhase_500_com.android.server.storage.DeviceStorageMonitorService
08-16 16:52:12.228 1142 1142 D SystemServerTiming: OnBootPhase_500_com.android.server.storage.DeviceStorageMonitorService took to complete: 0ms
08-16 16:52:12.228 1142 1142 I SystemServerTiming: OnBootPhase_500_com.android.server.location.LocationManagerService$Lifecycle
08-16 16:52:12.229 1142 1142 V HistoricalRegistry: Interaction before persistence initialized
08-16 16:52:12.230 1142 1142 D SystemServerTiming: OnBootPhase_500_com.android.server.location.LocationManagerService$Lifecycle took to complete: 1ms
08-16 16:52:12.230 1142 1142 I SystemServerTiming: OnBootPhase_500_com.android.server.timedetector.TimeDetectorService$Lifecycle
08-16 16:52:12.230 1142 1142 D SystemServerTiming: OnBootPhase_500_com.android.server.timedetector.TimeDetectorService$Lifecycle took to complete: 0ms
08-16 16:52:12.230 1142 1142 I SystemServerTiming: OnBootPhase_500_com.android.server.timezonedetector.TimeZoneDetectorService$Lifecycle
08-16 16:52:12.230 1142 1142 D SystemServerTiming: OnBootPhase_500_com.android.server.timezonedetector.TimeZoneDetectorService$Lifecycle took to complete: 0ms
08-16 16:52:12.230 1142 1142 I SystemServerTiming: OnBootPhase_500_com.android.server.timezonedetector.location.LocationTimeZoneManagerService$Lifecycle
08-16 16:52:12.230 1142 1142 D SystemServerTiming: OnBootPhase_500_com.android.server.timezonedetector.location.LocationTimeZoneManagerService$Lifecycle took to complete: 0ms
08-16 16:52:12.230 1142 1142 I SystemServerTiming: OnBootPhase_500_com.android.server.search.SearchManagerService$Lifecycle
08-16 16:52:12.230 1142 1142 D SystemServerTiming: OnBootPhase_500_com.android.server.search.SearchManagerService$Lifecycle took to complete: 0ms
08-16 16:52:12.230 1142 1142 I SystemServerTiming: OnBootPhase_500_com.android.server.wallpaper.WallpaperManagerService$Lifecycle
08-16 16:52:12.230 1142 1142 D SystemServerTiming: OnBootPhase_500_com.android.server.wallpaper.WallpaperManagerService$Lifecycle took to complete: 0ms
08-16 16:52:12.230 1142 1142 I SystemServerTiming: OnBootPhase_500_com.android.server.audio.AudioService$Lifecycle
08-16 16:52:12.230 1142 1142 D SystemServerTiming: OnBootPhase_500_com.android.server.audio.AudioService$Lifecycle took to complete: 0ms
08-16 16:52:12.230 1142 1142 I SystemServerTiming: OnBootPhase_500_com.android.server.soundtrigger_middleware.SoundTriggerMiddlewareService$Lifecycle
08-16 16:52:12.230 1142 1142 D SystemServerTiming: OnBootPhase_500_com.android.server.soundtrigger_middleware.SoundTriggerMiddlewareService$Lifecycle took to complete: 0ms
08-16 16:52:12.230 1142 1142 I SystemServerTiming: OnBootPhase_500_com.android.server.DockObserver
08-16 16:52:12.230 1142 1142 D SystemServerTiming: OnBootPhase_500_com.android.server.DockObserver took to complete: 0ms
08-16 16:52:12.231 1142 1142 I SystemServerTiming: OnBootPhase_500_com.android.server.midi.MidiService$Lifecycle
08-16 16:52:12.231 1142 1142 D SystemServerTiming: OnBootPhase_500_com.android.server.midi.MidiService$Lifecycle took to complete: 0ms
08-16 16:52:12.231 1142 1142 I SystemServerTiming: OnBootPhase_500_com.android.server.adb.AdbService$Lifecycle
08-16 16:52:12.231 1142 1142 D SystemServerTiming: OnBootPhase_500_com.android.server.adb.AdbService$Lifecycle took to complete: 0ms
08-16 16:52:12.231 1142 1142 I SystemServerTiming: OnBootPhase_500_com.android.server.usb.UsbService$Lifecycle
01-01 05:55:50.038 0 0 I IPv6 : ADDRCONF(NETDEV_UP): eth0: link is not ready
08-16 16:52:12.231 1142 1142 D SystemServerTiming: OnBootPhase_500_com.android.server.usb.UsbService$Lifecycle took to complete: 0ms
08-16 16:52:12.231 1142 1142 I SystemServerTiming: OnBootPhase_500_com.android.server.twilight.TwilightService
08-16 16:52:12.231 1142 1142 D SystemServerTiming: OnBootPhase_500_com.android.server.twilight.TwilightService took to complete: 0ms
08-16 16:52:12.231 1142 1142 I SystemServerTiming: OnBootPhase_500_com.android.server.display.color.ColorDisplayService
08-16 16:52:12.231 1142 1142 D SystemServerTiming: OnBootPhase_500_com.android.server.display.color.ColorDisplayService took to complete: 0ms
08-16 16:52:12.235 1142 1142 I SystemServerTiming: OnBootPhase_500_com.android.server.job.JobSchedulerService
08-16 16:52:12.244 1142 1142 V HistoricalRegistry: Interaction before persistence initialized
08-16 16:52:12.244 1142 1142 D SystemServerTiming: OnBootPhase_500_com.android.server.job.JobSchedulerService took to complete: 10ms
08-16 16:52:12.245 1142 1142 I SystemServerTiming: OnBootPhase_500_com.android.server.soundtrigger.SoundTriggerService
08-16 16:52:12.245 1142 1142 D SoundTriggerService: onBootPhase: 500 : false
08-16 16:52:12.245 1142 1142 D SystemServerTiming: OnBootPhase_500_com.android.server.soundtrigger.SoundTriggerService took to complete: 0ms
08-16 16:52:12.245 1142 1142 I SystemServerTiming: OnBootPhase_500_com.android.server.trust.TrustManagerService
08-16 16:52:12.246 1142 1142 D SystemServerTiming: OnBootPhase_500_com.android.server.trust.TrustManagerService took to complete: 1ms
08-16 16:52:12.246 1142 1142 I SystemServerTiming: OnBootPhase_500_com.android.server.backup.BackupManagerService$Lifecycle
08-16 16:52:12.246 1142 1142 D SystemServerTiming: OnBootPhase_500_com.android.server.backup.BackupManagerService$Lifecycle took to complete: 0ms
08-16 16:52:12.247 1142 1142 I SystemServerTiming: OnBootPhase_500_com.android.server.appwidget.AppWidgetService
08-16 16:52:12.247 1142 1142 D SystemServerTiming: OnBootPhase_500_com.android.server.appwidget.AppWidgetService took to complete: 0ms
08-16 16:52:12.247 1142 1142 I SystemServerTiming: OnBootPhase_500_com.android.server.voiceinteraction.VoiceInteractionManagerService
08-16 16:52:12.247 1142 1142 D SystemServerTiming: OnBootPhase_500_com.android.server.voiceinteraction.VoiceInteractionManagerService took to complete: 0ms
08-16 16:52:12.247 1142 1142 I SystemServerTiming: OnBootPhase_500_com.android.server.apphibernation.AppHibernationService
08-16 16:52:12.248 1142 1142 D SystemServerTiming: OnBootPhase_500_com.android.server.apphibernation.AppHibernationService took to complete: 1ms
08-16 16:52:12.248 1142 1142 I SystemServerTiming: OnBootPhase_500_com.android.server.GestureLauncherService
08-16 16:52:12.248 1142 1142 D SystemServerTiming: OnBootPhase_500_com.android.server.GestureLauncherService took to complete: 0ms
08-16 16:52:12.248 1142 1142 I SystemServerTiming: OnBootPhase_500_com.android.server.SensorNotificationService
08-16 16:52:12.248 1142 1142 D SystemServerTiming: OnBootPhase_500_com.android.server.SensorNotificationService took to complete: 0ms
08-16 16:52:12.248 1142 1142 I SystemServerTiming: OnBootPhase_500_com.android.server.emergency.EmergencyAffordanceService
08-16 16:52:12.248 1142 1142 D SystemServerTiming: OnBootPhase_500_com.android.server.emergency.EmergencyAffordanceService took to complete: 0ms
08-16 16:52:12.248 1142 1142 I SystemServerTiming: OnBootPhase_500_com.android.server.blob.BlobStoreManagerService
08-16 16:52:12.248 1142 1142 D SystemServerTiming: OnBootPhase_500_com.android.server.blob.BlobStoreManagerService took to complete: 0ms
08-16 16:52:12.248 1142 1142 I SystemServerTiming: OnBootPhase_500_com.android.server.dreams.DreamManagerService
08-16 16:52:12.248 1142 1142 D SystemServerTiming: OnBootPhase_500_com.android.server.dreams.DreamManagerService took to complete: 0ms
08-16 16:52:12.248 1142 1142 I SystemServerTiming: OnBootPhase_500_com.android.server.print.PrintManagerService
08-16 16:52:12.248 1142 1142 D SystemServerTiming: OnBootPhase_500_com.android.server.print.PrintManagerService took to complete: 0ms
08-16 16:52:12.248 1142 1142 I SystemServerTiming: OnBootPhase_500_com.android.server.companion.CompanionDeviceManagerService
08-16 16:52:12.250 1142 1142 I CompanionDeviceManagerService: initBleScanning()
08-16 16:52:12.250 1142 1142 D SystemServerTiming: OnBootPhase_500_com.android.server.companion.CompanionDeviceManagerService took to complete: 1ms
08-16 16:52:12.250 1142 1142 I SystemServerTiming: OnBootPhase_500_com.android.server.restrictions.RestrictionsManagerService
08-16 16:52:12.250 1142 1142 D SystemServerTiming: OnBootPhase_500_com.android.server.restrictions.RestrictionsManagerService took to complete: 0ms
08-16 16:52:12.250 1142 1142 I SystemServerTiming: OnBootPhase_500_com.android.server.media.MediaSessionService
08-16 16:52:12.251 1142 1142 D SystemServerTiming: OnBootPhase_500_com.android.server.media.MediaSessionService took to complete: 0ms
08-16 16:52:12.251 1142 1142 I SystemServerTiming: OnBootPhase_500_com.android.server.media.MediaResourceMonitorService
08-16 16:52:12.251 1142 1142 D SystemServerTiming: OnBootPhase_500_com.android.server.media.MediaResourceMonitorService took to complete: 0ms
08-16 16:52:12.251 1142 1142 I SystemServerTiming: OnBootPhase_500_com.android.server.biometrics.sensors.fingerprint.FingerprintService
08-16 16:52:12.251 1142 1142 D SystemServerTiming: OnBootPhase_500_com.android.server.biometrics.sensors.fingerprint.FingerprintService took to complete: 0ms
08-16 16:52:12.251 1142 1142 I SystemServerTiming: OnBootPhase_500_com.android.server.biometrics.BiometricService
08-16 16:52:12.251 1142 1142 D SystemServerTiming: OnBootPhase_500_com.android.server.biometrics.BiometricService took to complete: 0ms
08-16 16:52:12.251 1142 1142 I SystemServerTiming: OnBootPhase_500_com.android.server.biometrics.AuthService
08-16 16:52:12.251 1142 1142 D SystemServerTiming: OnBootPhase_500_com.android.server.biometrics.AuthService took to complete: 0ms
08-16 16:52:12.251 1142 1142 I SystemServerTiming: OnBootPhase_500_com.android.server.pm.ShortcutService$Lifecycle
08-16 16:52:12.251 1142 1142 D SystemServerTiming: OnBootPhase_500_com.android.server.pm.ShortcutService$Lifecycle took to complete: 0ms
08-16 16:52:12.251 1142 1142 I SystemServerTiming: OnBootPhase_500_com.android.server.pm.LauncherAppsService
08-16 16:52:12.252 1142 1142 D SystemServerTiming: OnBootPhase_500_com.android.server.pm.LauncherAppsService took to complete: 0ms
08-16 16:52:12.252 1142 1142 I SystemServerTiming: OnBootPhase_500_com.android.server.pm.CrossProfileAppsService
08-16 16:52:12.252 1142 1142 D SystemServerTiming: OnBootPhase_500_com.android.server.pm.CrossProfileAppsService took to complete: 0ms
08-16 16:52:12.252 1142 1142 I SystemServerTiming: OnBootPhase_500_com.android.server.people.PeopleService
08-16 16:52:12.252 1142 1142 D SystemServerTiming: OnBootPhase_500_com.android.server.people.PeopleService took to complete: 0ms
08-16 16:52:12.252 1142 1142 I SystemServerTiming: OnBootPhase_500_com.android.server.media.metrics.MediaMetricsManagerService
08-16 16:52:12.252 1142 1142 D SystemServerTiming: OnBootPhase_500_com.android.server.media.metrics.MediaMetricsManagerService took to complete: 0ms
08-16 16:52:12.252 1142 1142 I SystemServerTiming: OnBootPhase_500_com.android.server.media.projection.MediaProjectionManagerService
08-16 16:52:12.252 1142 1142 D SystemServerTiming: OnBootPhase_500_com.android.server.media.projection.MediaProjectionManagerService took to complete: 0ms
08-16 16:52:12.252 1142 1142 I SystemServerTiming: OnBootPhase_500_com.android.server.slice.SliceManagerService$Lifecycle
08-16 16:52:12.252 1142 1142 D SystemServerTiming: OnBootPhase_500_com.android.server.slice.SliceManagerService$Lifecycle took to complete: 0ms
08-16 16:52:12.252 1142 1142 I SystemServerTiming: OnBootPhase_500_com.android.server.stats.StatsCompanion$Lifecycle
08-16 16:52:12.252 1142 1142 D SystemServerTiming: OnBootPhase_500_com.android.server.stats.StatsCompanion$Lifecycle took to complete: 0ms
08-16 16:52:12.252 1142 1142 I SystemServerTiming: OnBootPhase_500_com.android.server.scheduling.RebootReadinessManagerService$Lifecycle
08-16 16:52:12.252 1142 1142 D SystemServerTiming: OnBootPhase_500_com.android.server.scheduling.RebootReadinessManagerService$Lifecycle took to complete: 0ms
08-16 16:52:12.253 1142 1142 I SystemServerTiming: OnBootPhase_500_com.android.server.stats.pull.StatsPullAtomService
08-16 16:52:12.253 1142 1142 D SystemServerTiming: OnBootPhase_500_com.android.server.stats.pull.StatsPullAtomService took to complete: 0ms
08-16 16:52:12.253 1142 1142 I SystemServerTiming: OnBootPhase_500_com.android.server.incident.IncidentCompanionService
08-16 16:52:12.253 1142 1142 D SystemServerTiming: OnBootPhase_500_com.android.server.incident.IncidentCompanionService took to complete: 0ms
08-16 16:52:12.253 1142 1142 I SystemServerTiming: OnBootPhase_500_com.android.server.MmsServiceBroker
08-16 16:52:12.253 1142 1142 D SystemServerTiming: OnBootPhase_500_com.android.server.MmsServiceBroker took to complete: 0ms
08-16 16:52:12.253 1142 1142 I SystemServerTiming: OnBootPhase_500_com.android.server.autofill.AutofillManagerService
08-16 16:52:12.253 1142 1142 D SystemServerTiming: OnBootPhase_500_com.android.server.autofill.AutofillManagerService took to complete: 0ms
08-16 16:52:12.253 1142 1142 I SystemServerTiming: OnBootPhase_500_com.android.server.clipboard.ClipboardService
08-16 16:52:12.253 1142 1142 D SystemServerTiming: OnBootPhase_500_com.android.server.clipboard.ClipboardService took to complete: 0ms
08-16 16:52:12.254 1142 1142 I SystemServerTiming: OnBootPhase_500_com.android.server.appbinding.AppBindingService$Lifecycle
08-16 16:52:12.254 1142 1142 D SystemServerTiming: OnBootPhase_500_com.android.server.appbinding.AppBindingService$Lifecycle took to complete: 0ms
08-16 16:52:12.254 1142 1142 I SystemServerTiming: OnBootPhase_500_com.android.server.tracing.TracingServiceProxy
08-16 16:52:12.254 1142 1142 D SystemServerTiming: OnBootPhase_500_com.android.server.tracing.TracingServiceProxy took to complete: 0ms
08-16 16:52:12.254 1142 1142 D SystemServerTiming: OnBootPhase_500 took to complete: 179ms
08-16 16:52:12.254 1142 1142 D SystemServerTiming: StartBootPhaseSystemServicesReady took to complete: 180ms
08-16 16:52:12.254 1142 1142 I SystemServerTiming: MakeWindowManagerServiceReady
08-16 16:52:12.261 1142 1142 D SystemServerTiming: MakeWindowManagerServiceReady took to complete: 6ms
08-16 16:52:12.262 1142 1142 I SystemServerTiming: MakePowerManagerServiceReady
08-16 16:52:12.263 1142 1142 I AttentionDetector: readValuesFromDeviceConfig():
08-16 16:52:12.263 1142 1142 I AttentionDetector: mMaximumExtensionMillis=900000
08-16 16:52:12.263 1142 1142 I AttentionDetector: mPreDimCheckDurationMillis=2000
08-16 16:52:12.263 1142 1142 I AttentionDetector: mRequestedPostDimTimeoutMillis=0
08-16 16:52:12.267 1142 1142 E DisplayPowerController[0]: failed to set up display white-balance: java.lang.IllegalStateException: cannot find light sensor
08-16 16:52:12.267 1142 1142 W DisplayPowerController[0]: Screen brightness nits configuration is unavailable; falling back
08-16 16:52:12.276 1142 1333 W KeyguardServiceDelegate: onScreenTurningOn(): no keyguard service!
08-16 16:52:12.278 1142 1142 I FaceDownDetector: readValuesFromDeviceConfig():
08-16 16:52:12.278 1142 1142 I FaceDownDetector: mAccelerationThreshold=0.2
08-16 16:52:12.278 1142 1142 I FaceDownDetector: mZAccelerationThreshold=-9.5
08-16 16:52:12.278 1142 1142 I FaceDownDetector: mTimeThreshold=PT1S
08-16 16:52:12.278 1142 1142 I FaceDownDetector: mIsEnabled=true
08-16 16:52:12.278 1142 1333 V DisplayPowerController[0]: Brightness [0.39763778] reason changing to: 'override', previous reason: '0'.
08-16 16:52:12.278 1142 1142 I ScreenUndimDetector: readValuesFromDeviceConfig():
08-16 16:52:12.278 1142 1142 I ScreenUndimDetector: mKeepScreenOnForMillis=600000
08-16 16:52:12.278 1142 1142 I ScreenUndimDetector: mKeepScreenOnNotificationEnabled=true
08-16 16:52:12.278 1142 1142 I ScreenUndimDetector: mUndimsRequired=2
08-16 16:52:12.280 1142 1142 D SystemServerTiming: MakePowerManagerServiceReady took to complete: 17ms
08-16 16:52:12.280 1142 1142 I SystemServerTiming: StartPermissionPolicyService
08-16 16:52:12.280 1142 1142 I SystemServiceManager: Starting com.android.server.policy.PermissionPolicyService
08-16 16:52:12.282 1142 1142 D SystemServerTiming: StartPermissionPolicyService took to complete: 2ms
08-16 16:52:12.282 1142 1142 I SystemServerTiming: MakePackageManagerServiceReady
08-16 16:52:12.284 1142 1233 I HealthServiceWrapper: health: HealthServiceWrapper listening to instance default
08-16 16:52:12.285 1142 1269 E KernelCpuSpeedReader: Failed to read cpu-freq: /sys/devices/system/cpu/cpu4/cpufreq/stats/time_in_state: open failed: ENOENT (No such file or directory)
08-16 16:52:12.285 1142 1269 E KernelCpuSpeedReader: Failed to read cpu-freq: /sys/devices/system/cpu/cpu0/cpufreq/stats/time_in_state: open failed: ENOENT (No such file or directory)
08-16 16:52:12.301 1142 1219 D CompatibilityChangeReporter: Compat change id reported: 168419799; UID 1000; state: DISABLED
08-16 16:52:12.308 1142 1233 D StatsPullAtomService: Registering pullers with statsd
08-16 16:52:12.309 1142 1142 V UserDataPreparer: Found /data/user_de/0 with serial number 0
08-16 16:52:12.310 1142 1142 V UserDataPreparer: Found /data/user/0 with serial number 0
08-16 16:52:12.310 1142 1142 V UserDataPreparer: Found /data/system_de/0 with serial number 0
08-16 16:52:12.310 1142 1142 V UserDataPreparer: Found /data/system_ce/0 with serial number 0
08-16 16:52:12.310 1142 1142 V UserDataPreparer: Found /data/misc_ce/0 with serial number 0
08-16 16:52:12.311 1142 1142 I PackageManager: Permission ownership changed. Updating all permissions.
08-16 16:52:12.313 1142 1233 I StatsPullAtomService: register thermal listener successfully
08-16 16:52:12.359 1142 1355 E DefaultPermGrantPolicy: Package not found: com.qualcomm.qti.cne
08-16 16:52:12.361 1142 1142 D StagingManagerTiming: restoreSessions took to complete: 5ms
08-16 16:52:12.361 1142 1142 D SystemServerTiming: MakePackageManagerServiceReady took to complete: 78ms
08-16 16:52:12.361 1142 1142 I SystemServerTiming: MakeDisplayManagerServiceReady
08-16 16:52:12.368 1142 1221 E DisplayModeDirector: Asked about unknown display, returning empty display mode specs!(id=0)
08-16 16:52:12.368 1142 1221 E DisplayModeDirector: Asked about unknown display, returning empty display mode specs!(id=0)
08-16 16:52:12.380 1142 1142 D SystemServerTiming: MakeDisplayManagerServiceReady took to complete: 19ms
08-16 16:52:12.380 1142 1142 I SystemServerTiming: StartDeviceSpecificServices
08-16 16:52:12.380 1142 1142 D SystemServerTiming: StartDeviceSpecificServices took to complete: 1ms
08-16 16:52:12.380 1142 1142 I SystemServerTiming: GameManagerService
08-16 16:52:12.380 1142 1142 I SystemServiceManager: Starting com.android.server.app.GameManagerService$Lifecycle
08-16 16:52:12.385 1142 1142 D SystemServerTiming: GameManagerService took to complete: 4ms
08-16 16:52:12.385 1142 1142 I SystemServerTiming: StartBootPhaseDeviceSpecificServicesReady
08-16 16:52:12.385 1142 1142 I SystemServiceManager: Starting phase 520
08-16 16:52:12.385 1142 1142 I SystemServerTiming: OnBootPhase_520
08-16 16:52:12.386 1142 1142 I SystemServerTiming: OnBootPhase_520_com.android.server.security.FileIntegrityService
08-16 16:52:12.386 1142 1142 D SystemServerTiming: OnBootPhase_520_com.android.server.security.FileIntegrityService took to complete: 0ms
08-16 16:52:12.386 1142 1142 I SystemServerTiming: OnBootPhase_520_com.android.server.pm.Installer
08-16 16:52:12.386 1142 1142 D SystemServerTiming: OnBootPhase_520_com.android.server.pm.Installer took to complete: 0ms
08-16 16:52:12.386 1142 1142 I SystemServerTiming: OnBootPhase_520_com.android.server.os.DeviceIdentifiersPolicyService
01-01 05:55:50.192 0 0 D cnss : Received QMI WLFW pin connect result indication
01-01 05:55:50.192 0 0 D cnss : Pin connect Result: pwr_pin: 0x0 phy_io_pin: 0x0 rf_io_pin: 0x2b
01-01 05:55:50.192 0 0 D cnss : Received QMI WLFW calibration done indication
01-01 05:55:50.192 0 0 D cnss : Posting event: COLD_BOOT_CAL_DONE(6), state: 0xf flags: 0x0
01-01 05:55:50.192 0 0 D cnss : PM stay awake, state: 0xf, count: 1
01-01 05:55:50.192 0 0 D cnss : Processing driver event: COLD_BOOT_CAL_DONE(6), state: 0xf
01-01 05:55:50.192 0 0 D cnss : Calibration completed successfully
01-01 05:55:50.192 0 0 D cnss : Received QMI WLFW FW ready indication
01-01 05:55:50.192 0 0 D cnss : Posting event: COLD_BOOT_CAL_DONE(6), state: 0xf flags: 0x0
08-16 16:52:12.386 1142 1142 D SystemServerTiming: OnBootPhase_520_com.android.server.os.DeviceIdentifiersPolicyService took to complete: 0ms
08-16 16:52:12.386 1142 1142 I SystemServerTiming: OnBootPhase_520_com.android.server.uri.UriGrantsManagerService$Lifecycle
08-16 16:52:12.387 1142 1142 D SystemServerTiming: OnBootPhase_520_com.android.server.uri.UriGrantsManagerService$Lifecycle took to complete: 0ms
08-16 16:52:12.387 1142 1142 I SystemServerTiming: OnBootPhase_520_com.android.server.powerstats.PowerStatsService
08-16 16:52:12.387 1142 1142 D SystemServerTiming: OnBootPhase_520_com.android.server.powerstats.PowerStatsService took to complete: 0ms
08-16 16:52:12.387 1142 1142 I SystemServerTiming: OnBootPhase_520_com.android.server.wm.ActivityTaskManagerService$Lifecycle
08-16 16:52:12.387 1142 1142 D SystemServerTiming: OnBootPhase_520_com.android.server.wm.ActivityTaskManagerService$Lifecycle took to complete: 0ms
08-16 16:52:12.387 1142 1142 I SystemServerTiming: OnBootPhase_520_com.android.server.am.ActivityManagerService$Lifecycle
08-16 16:52:12.387 1142 1142 D SystemServerTiming: OnBootPhase_520_com.android.server.am.ActivityManagerService$Lifecycle took to complete: 0ms
08-16 16:52:12.387 1142 1142 I SystemServerTiming: OnBootPhase_520_com.android.server.pm.DataLoaderManagerService
08-16 16:52:12.387 1142 1142 D SystemServerTiming: OnBootPhase_520_com.android.server.pm.DataLoaderManagerService took to complete: 0ms
08-16 16:52:12.387 1142 1142 I SystemServerTiming: OnBootPhase_520_com.android.server.power.PowerManagerService
08-16 16:52:12.387 1142 1142 D SystemServerTiming: OnBootPhase_520_com.android.server.power.PowerManagerService took to complete: 0ms
08-16 16:52:12.387 1142 1142 I SystemServerTiming: OnBootPhase_520_com.android.server.power.ThermalManagerService
08-16 16:52:12.387 1142 1142 D SystemServerTiming: OnBootPhase_520_com.android.server.power.ThermalManagerService took to complete: 0ms
08-16 16:52:12.387 1142 1142 I SystemServerTiming: OnBootPhase_520_com.android.server.power.hint.HintManagerService
08-16 16:52:12.387 1142 1142 D SystemServerTiming: OnBootPhase_520_com.android.server.power.hint.HintManagerService took to complete: 0ms
08-16 16:52:12.387 1142 1142 I SystemServerTiming: OnBootPhase_520_com.android.server.recoverysystem.RecoverySystemService$Lifecycle
08-16 16:52:12.387 1142 1142 D SystemServerTiming: OnBootPhase_520_com.android.server.recoverysystem.RecoverySystemService$Lifecycle took to complete: 0ms
08-16 16:52:12.388 1142 1142 I SystemServerTiming: OnBootPhase_520_com.android.server.lights.LightsService
08-16 16:52:12.388 1142 1142 D SystemServerTiming: OnBootPhase_520_com.android.server.lights.LightsService took to complete: 0ms
08-16 16:52:12.388 1142 1142 I SystemServerTiming: OnBootPhase_520_com.android.server.display.DisplayManagerService
08-16 16:52:12.388 1142 1142 D SystemServerTiming: OnBootPhase_520_com.android.server.display.DisplayManagerService took to complete: 0ms
08-16 16:52:12.388 1142 1142 I SystemServerTiming: OnBootPhase_520_com.android.server.pm.verify.domain.DomainVerificationService
08-16 16:52:12.388 1142 1142 D SystemServerTiming: OnBootPhase_520_com.android.server.pm.verify.domain.DomainVerificationService took to complete: 0ms
08-16 16:52:12.388 1142 1142 I SystemServerTiming: OnBootPhase_520_com.android.server.pm.PackageInstallerService$Lifecycle
08-16 16:52:12.388 1142 1142 D SystemServerTiming: OnBootPhase_520_com.android.server.pm.PackageInstallerService$Lifecycle took to complete: 0ms
08-16 16:52:12.388 1142 1142 I SystemServerTiming: OnBootPhase_520_com.android.server.pm.UserManagerService$LifeCycle
08-16 16:52:12.388 1142 1142 D SystemServerTiming: OnBootPhase_520_com.android.server.pm.UserManagerService$LifeCycle took to complete: 0ms
08-16 16:52:12.388 1142 1142 I SystemServerTiming: OnBootPhase_520_com.android.server.om.OverlayManagerService
08-16 16:52:12.388 1142 1142 D SystemServerTiming: OnBootPhase_520_com.android.server.om.OverlayManagerService took to complete: 0ms
08-16 16:52:12.388 1142 1142 I SystemServerTiming: OnBootPhase_520_com.android.server.SensorPrivacyService
08-16 16:52:12.388 1142 1142 D SystemServerTiming: OnBootPhase_520_com.android.server.SensorPrivacyService took to complete: 0ms
08-16 16:52:12.388 1142 1142 I SystemServerTiming: OnBootPhase_520_com.android.server.sensors.SensorService
08-16 16:52:12.388 1142 1142 D SystemServerTiming: OnBootPhase_520_com.android.server.sensors.SensorService took to complete: 0ms
08-16 16:52:12.389 1142 1142 I SystemServerTiming: OnBootPhase_520_com.android.server.SystemConfigService
08-16 16:52:12.389 1142 1142 D SystemServerTiming: OnBootPhase_520_com.android.server.SystemConfigService took to complete: 0ms
08-16 16:52:12.389 1142 1142 I SystemServerTiming: OnBootPhase_520_com.android.server.BatteryService
08-16 16:52:12.389 1142 1142 D SystemServerTiming: OnBootPhase_520_com.android.server.BatteryService took to complete: 0ms
08-16 16:52:12.389 1142 1142 I SystemServerTiming: OnBootPhase_520_com.android.server.usage.UsageStatsService
08-16 16:52:12.389 1142 1142 D SystemServerTiming: OnBootPhase_520_com.android.server.usage.UsageStatsService took to complete: 0ms
08-16 16:52:12.389 1142 1142 I SystemServerTiming: OnBootPhase_520_com.android.server.webkit.WebViewUpdateService
08-16 16:52:12.389 1142 1142 D SystemServerTiming: OnBootPhase_520_com.android.server.webkit.WebViewUpdateService took to complete: 0ms
08-16 16:52:12.389 1142 1142 I SystemServerTiming: OnBootPhase_520_com.android.server.CachedDeviceStateService
08-16 16:52:12.389 1142 1142 D SystemServerTiming: OnBootPhase_520_com.android.server.CachedDeviceStateService took to complete: 0ms
08-16 16:52:12.389 1142 1142 I SystemServerTiming: OnBootPhase_520_com.android.server.BinderCallsStatsService$LifeCycle
08-16 16:52:12.389 1142 1142 D SystemServerTiming: OnBootPhase_520_com.android.server.BinderCallsStatsService$LifeCycle took to complete: 0ms
08-16 16:52:12.389 1142 1142 I SystemServerTiming: OnBootPhase_520_com.android.server.LooperStatsService$Lifecycle
