01-01 06:03:49.347 0 0 I init : Sending signal 9 to service 'vendor.light-hal-2-0' (pid 14174) process group...
01-01 06:03:49.357 0 0 I libprocessgroup: Successfully killed process cgroup uid 1000 pid 14174 in 0ms
01-01 06:03:49.921 0 0 D : mv2112_read_status
01-01 06:03:49.925 0 0 D mv2112_update_link: 3.0x901(1G): 0x4
01-01 06:03:49.930 0 0 D mv2112_update_link: 3.0x8109(100M): 0x8
01-01 06:03:49.935 0 0 D mv2112_update_link: link 0x4
01-01 06:03:49.939 0 0 D mv2112_read_status: autoneg is disabled
01-01 06:03:50.654 0 0 I init : starting service 'qvrd_vndr'...
01-01 06:03:50.666 0 0 I init : Created socket '/dev/socket/qvrservice_vndr', mode 660, user 1000, group 1000
01-01 06:03:50.679 0 0 I init : Created socket '/dev/socket/qvrservice_vndr_camera', mode 660, user 1000, group 1000
01-01 06:03:50.728 0 0 I init : starting service 'sxrd'...
08-16 17:00:12.943 14176 14176 F linker : CANNOT LINK EXECUTABLE "/vendor/bin/hw/qvrservice": library "vendor.qti.hardware.qxr-V1-ndk_platform.so" not found: needed by /vendor/lib64/libqvrservice.so in namespace (default)
01-01 06:03:50.749 0 0 I init : Service 'qvrd_vndr' (pid 14176) exited with status 1
01-01 06:03:50.756 0 0 I init : Sending signal 9 to service 'qvrd_vndr' (pid 14176) process group...
08-16 17:00:12.994 14177 14177 F linker : CANNOT LINK EXECUTABLE "/vendor/bin/hw/sxrservice": library "vendor.qti.hardware.qxr-V1-ndk_platform.so" not found: needed by main executable
01-01 06:03:50.945 0 0 D : mv2112_read_status
01-01 06:03:50.949 0 0 D mv2112_update_link: 3.0x901(1G): 0x4
01-01 06:03:50.954 0 0 D mv2112_update_link: 3.0x8109(100M): 0x8
01-01 06:03:50.959 0 0 D mv2112_update_link: link 0x4
01-01 06:03:50.963 0 0 D mv2112_read_status: autoneg is disabled
01-01 06:03:51.969 0 0 D : mv2112_read_status
01-01 06:03:51.973 0 0 D mv2112_update_link: 3.0x901(1G): 0x4
01-01 06:03:51.978 0 0 D mv2112_update_link: 3.0x8109(100M): 0x8
01-01 06:03:51.983 0 0 D mv2112_update_link: link 0x4
01-01 06:03:51.987 0 0 D mv2112_read_status: autoneg is disabled
01-01 06:03:52.992 0 0 D : mv2112_read_status
01-01 06:03:52.996 0 0 D mv2112_update_link: 3.0x901(1G): 0x4
01-01 06:03:53.001 0 0 D mv2112_update_link: 3.0x8109(100M): 0x8
01-01 06:03:53.006 0 0 D mv2112_update_link: link 0x4
01-01 06:03:53.010 0 0 D mv2112_read_status: autoneg is disabled
01-01 06:03:54.017 0 0 D : mv2112_read_status
01-01 06:03:54.021 0 0 D mv2112_update_link: 3.0x901(1G): 0x4
01-01 06:03:54.026 0 0 D mv2112_update_link: 3.0x8109(100M): 0x8
01-01 06:03:54.031 0 0 D mv2112_update_link: link 0x4
01-01 06:03:54.035 0 0 D mv2112_read_status: autoneg is disabled
01-01 06:03:54.283 0 0 I init : starting service 'vendor.light-hal-2-0'...
01-01 06:03:54.387 0 0 I init : Service 'vendor.light-hal-2-0' (pid 14335) exited with status 0
01-01 06:03:54.395 0 0 I init : Sending signal 9 to service 'vendor.light-hal-2-0' (pid 14335) process group...
01-01 06:03:54.406 0 0 I libprocessgroup: Successfully killed process cgroup uid 1000 pid 14335 in 0ms
01-01 06:03:55.041 0 0 D : mv2112_read_status
01-01 06:03:55.045 0 0 D mv2112_update_link: 3.0x901(1G): 0x4
01-01 06:03:55.050 0 0 D mv2112_update_link: 3.0x8109(100M): 0x8
01-01 06:03:55.055 0 0 D mv2112_update_link: link 0x4
01-01 06:03:55.059 0 0 D mv2112_read_status: autoneg is disabled
01-01 06:03:55.719 0 0 I init : starting service 'qvrd_vndr'...
01-01 06:03:55.727 0 0 I init : Created socket '/dev/socket/qvrservice_vndr', mode 660, user 1000, group 1000
01-01 06:03:55.738 0 0 I init : Created socket '/dev/socket/qvrservice_vndr_camera', mode 660, user 1000, group 1000
01-01 06:03:55.769 0 0 I init : starting service 'sxrd'...
08-16 17:00:17.998 14339 14339 F linker : CANNOT LINK EXECUTABLE "/vendor/bin/hw/qvrservice": library "vendor.qti.hardware.qxr-V1-ndk_platform.so" not found: needed by /vendor/lib64/libqvrservice.so in namespace (default)
01-01 06:03:55.804 0 0 I init : Service 'qvrd_vndr' (pid 14339) exited with status 1
01-01 06:03:55.811 0 0 I init : Sending signal 9 to service 'qvrd_vndr' (pid 14339) process group...
08-16 17:00:18.015 14340 14340 F linker : CANNOT LINK EXECUTABLE "/vendor/bin/hw/sxrservice": library "vendor.qti.hardware.qxr-V1-ndk_platform.so" not found: needed by main executable
01-01 06:03:56.065 0 0 D : mv2112_read_status
01-01 06:03:56.068 0 0 D mv2112_update_link: 3.0x901(1G): 0x4
01-01 06:03:56.073 0 0 D mv2112_update_link: 3.0x8109(100M): 0x8
01-01 06:03:56.078 0 0 D mv2112_update_link: link 0x4
01-01 06:03:56.082 0 0 D mv2112_read_status: autoneg is disabled
01-01 06:03:57.089 0 0 D : mv2112_read_status
01-01 06:03:57.092 0 0 D mv2112_update_link: 3.0x901(1G): 0x4
01-01 06:03:57.097 0 0 D mv2112_update_link: 3.0x8109(100M): 0x8
01-01 06:03:57.102 0 0 D mv2112_update_link: link 0x4
01-01 06:03:57.106 0 0 D mv2112_read_status: autoneg is disabled
01-01 06:03:58.112 0 0 D : mv2112_read_status
01-01 06:03:58.116 0 0 D mv2112_update_link: 3.0x901(1G): 0x4
01-01 06:03:58.121 0 0 D mv2112_update_link: 3.0x8109(100M): 0x8
01-01 06:03:58.126 0 0 D mv2112_update_link: link 0x4
01-01 06:03:58.130 0 0 D mv2112_read_status: autoneg is disabled
01-01 06:03:59.137 0 0 D : mv2112_read_status
01-01 06:03:59.141 0 0 D mv2112_update_link: 3.0x901(1G): 0x4
01-01 06:03:59.146 0 0 D mv2112_update_link: 3.0x8109(100M): 0x8
01-01 06:03:59.151 0 0 D mv2112_update_link: link 0x4
01-01 06:03:59.155 0 0 D mv2112_read_status: autoneg is disabled
01-01 06:03:59.311 0 0 I init : starting service 'vendor.light-hal-2-0'...
01-01 06:03:59.423 0 0 I init : Service 'vendor.light-hal-2-0' (pid 14499) exited with status 0
01-01 06:03:59.431 0 0 I init : Sending signal 9 to service 'vendor.light-hal-2-0' (pid 14499) process group...
01-01 06:03:59.441 0 0 I libprocessgroup: Successfully killed process cgroup uid 1000 pid 14499 in 0ms
01-01 06:04:00.161 0 0 D : mv2112_read_status
01-01 06:04:00.165 0 0 D mv2112_update_link: 3.0x901(1G): 0x4
01-01 06:04:00.170 0 0 D mv2112_update_link: 3.0x8109(100M): 0x8
01-01 06:04:00.175 0 0 D mv2112_update_link: link 0x4
01-01 06:04:00.179 0 0 D mv2112_read_status: autoneg is disabled
01-01 06:04:00.766 0 0 I init : starting service 'qvrd_vndr'...
01-01 06:04:00.773 0 0 I init : Created socket '/dev/socket/qvrservice_vndr', mode 660, user 1000, group 1000
01-01 06:04:00.785 0 0 I init : Created socket '/dev/socket/qvrservice_vndr_camera', mode 660, user 1000, group 1000
01-01 06:04:00.832 0 0 I init : starting service 'sxrd'...
08-16 17:00:23.062 14501 14501 F linker : CANNOT LINK EXECUTABLE "/vendor/bin/hw/qvrservice": library "vendor.qti.hardware.qxr-V1-ndk_platform.so" not found: needed by /vendor/lib64/libqvrservice.so in namespace (default)
01-01 06:04:00.868 0 0 I init : Service 'qvrd_vndr' (pid 14501) exited with status 1
01-01 06:04:00.875 0 0 I init : Sending signal 9 to service 'qvrd_vndr' (pid 14501) process group...
08-16 17:00:23.085 14502 14502 F linker : CANNOT LINK EXECUTABLE "/vendor/bin/hw/sxrservice": library "vendor.qti.hardware.qxr-V1-ndk_platform.so" not found: needed by main executable
01-01 06:04:01.185 0 0 D : mv2112_read_status
01-01 06:04:01.189 0 0 D mv2112_update_link: 3.0x901(1G): 0x4
01-01 06:04:01.194 0 0 D mv2112_update_link: 3.0x8109(100M): 0x8
01-01 06:04:01.199 0 0 D mv2112_update_link: link 0x4
01-01 06:04:01.203 0 0 D mv2112_read_status: autoneg is disabled
08-16 17:00:24.242 1142 1692 I ActivityManager: PendingStartActivityUids startActivity to updateOomAdj delay:19004ms, uid:10118
01-01 06:04:02.209 0 0 D : mv2112_read_status
01-01 06:04:02.213 0 0 D mv2112_update_link: 3.0x901(1G): 0x4
01-01 06:04:02.218 0 0 D mv2112_update_link: 3.0x8109(100M): 0x8
01-01 06:04:02.223 0 0 D mv2112_update_link: link 0x4
01-01 06:04:02.227 0 0 D mv2112_read_status: autoneg is disabled
01-01 06:04:03.233 0 0 D : mv2112_read_status
01-01 06:04:03.237 0 0 D mv2112_update_link: 3.0x901(1G): 0x4
01-01 06:04:03.242 0 0 D mv2112_update_link: 3.0x8109(100M): 0x8
01-01 06:04:03.247 0 0 D mv2112_update_link: link 0x4
01-01 06:04:03.251 0 0 D mv2112_read_status: autoneg is disabled
01-01 06:04:04.257 0 0 D : mv2112_read_status
01-01 06:04:04.261 0 0 D mv2112_update_link: 3.0x901(1G): 0x4
01-01 06:04:04.266 0 0 D mv2112_update_link: 3.0x8109(100M): 0x8
01-01 06:04:04.271 0 0 D mv2112_update_link: link 0x4
01-01 06:04:04.275 0 0 D mv2112_read_status: autoneg is disabled
01-01 06:04:04.365 0 0 I init : starting service 'vendor.light-hal-2-0'...
01-01 06:04:04.466 0 0 I init : Service 'vendor.light-hal-2-0' (pid 14660) exited with status 0
01-01 06:04:04.474 0 0 I init : Sending signal 9 to service 'vendor.light-hal-2-0' (pid 14660) process group...
01-01 06:04:04.486 0 0 I libprocessgroup: Successfully killed process cgroup uid 1000 pid 14660 in 1ms
01-01 06:04:05.281 0 0 D : mv2112_read_status
01-01 06:04:05.285 0 0 D mv2112_update_link: 3.0x901(1G): 0x4
01-01 06:04:05.290 0 0 D mv2112_update_link: 3.0x8109(100M): 0x8
01-01 06:04:05.295 0 0 D mv2112_update_link: link 0x4
01-01 06:04:05.299 0 0 D mv2112_read_status: autoneg is disabled
01-01 06:04:05.824 0 0 I init : starting service 'qvrd_vndr'...
01-01 06:04:05.835 0 0 I init : Created socket '/dev/socket/qvrservice_vndr', mode 660, user 1000, group 1000
01-01 06:04:05.849 0 0 I init : Created socket '/dev/socket/qvrservice_vndr_camera', mode 660, user 1000, group 1000
01-01 06:04:05.901 0 0 I init : starting service 'sxrd'...
08-16 17:00:28.120 14664 14664 F linker : CANNOT LINK EXECUTABLE "/vendor/bin/hw/qvrservice": library "vendor.qti.hardware.qxr-V1-ndk_platform.so" not found: needed by /vendor/lib64/libqvrservice.so in namespace (default)
01-01 06:04:05.927 0 0 I init : Service 'qvrd_vndr' (pid 14664) exited with status 1
01-01 06:04:05.933 0 0 I init : Sending signal 9 to service 'qvrd_vndr' (pid 14664) process group...
08-16 17:00:28.173 14665 14665 F linker : CANNOT LINK EXECUTABLE "/vendor/bin/hw/sxrservice": library "vendor.qti.hardware.qxr-V1-ndk_platform.so" not found: needed by main executable
01-01 06:04:06.305 0 0 D : mv2112_read_status
01-01 06:04:06.308 0 0 D mv2112_update_link: 3.0x901(1G): 0x4
01-01 06:04:06.314 0 0 D mv2112_update_link: 3.0x8109(100M): 0x8
01-01 06:04:06.319 0 0 D mv2112_update_link: link 0x4
01-01 06:04:06.323 0 0 D mv2112_read_status: autoneg is disabled
01-01 06:04:07.329 0 0 D : mv2112_read_status
01-01 06:04:07.332 0 0 D mv2112_update_link: 3.0x901(1G): 0x4
01-01 06:04:07.337 0 0 D mv2112_update_link: 3.0x8109(100M): 0x8
01-01 06:04:07.342 0 0 D mv2112_update_link: link 0x4
01-01 06:04:07.346 0 0 D mv2112_read_status: autoneg is disabled
01-01 06:04:08.353 0 0 D : mv2112_read_status
01-01 06:04:08.356 0 0 D mv2112_update_link: 3.0x901(1G): 0x4
01-01 06:04:08.361 0 0 D mv2112_update_link: 3.0x8109(100M): 0x8
01-01 06:04:08.366 0 0 D mv2112_update_link: link 0x4
01-01 06:04:08.370 0 0 D mv2112_read_status: autoneg is disabled
01-01 06:04:09.377 0 0 D : mv2112_read_status
01-01 06:04:09.381 0 0 D mv2112_update_link: 3.0x901(1G): 0x4
01-01 06:04:09.386 0 0 D mv2112_update_link: 3.0x8109(100M): 0x8
01-01 06:04:09.391 0 0 D mv2112_update_link: link 0x4
01-01 06:04:09.395 0 0 D mv2112_read_status: autoneg is disabled
01-01 06:04:09.411 0 0 I init : starting service 'vendor.light-hal-2-0'...
01-01 06:04:09.506 0 0 I init : Service 'vendor.light-hal-2-0' (pid 14831) exited with status 0
01-01 06:04:09.514 0 0 I init : Sending signal 9 to service 'vendor.light-hal-2-0' (pid 14831) process group...
01-01 06:04:09.526 0 0 I libprocessgroup: Successfully killed process cgroup uid 1000 pid 14831 in 1ms
01-01 06:04:10.401 0 0 D : mv2112_read_status
01-01 06:04:10.405 0 0 D mv2112_update_link: 3.0x901(1G): 0x4
01-01 06:04:10.410 0 0 D mv2112_update_link: 3.0x8109(100M): 0x8
01-01 06:04:10.415 0 0 D mv2112_update_link: link 0x4
01-01 06:04:10.419 0 0 D mv2112_read_status: autoneg is disabled
01-01 06:04:10.893 0 0 I init : starting service 'qvrd_vndr'...
01-01 06:04:10.903 0 0 I init : Created socket '/dev/socket/qvrservice_vndr', mode 660, user 1000, group 1000
01-01 06:04:10.916 0 0 I init : Created socket '/dev/socket/qvrservice_vndr_camera', mode 660, user 1000, group 1000
01-01 06:04:10.967 0 0 I init : starting service 'sxrd'...
08-16 17:00:33.181 14833 14833 F linker : CANNOT LINK EXECUTABLE "/vendor/bin/hw/qvrservice": library "vendor.qti.hardware.qxr-V1-ndk_platform.so" not found: needed by /vendor/lib64/libqvrservice.so in namespace (default)
01-01 06:04:10.988 0 0 I init : Service 'qvrd_vndr' (pid 14833) exited with status 1
01-01 06:04:10.994 0 0 I init : Sending signal 9 to service 'qvrd_vndr' (pid 14833) process group...
08-16 17:00:33.234 14834 14834 F linker : CANNOT LINK EXECUTABLE "/vendor/bin/hw/sxrservice": library "vendor.qti.hardware.qxr-V1-ndk_platform.so" not found: needed by main executable
01-01 06:04:11.425 0 0 D : mv2112_read_status
01-01 06:04:11.429 0 0 D mv2112_update_link: 3.0x901(1G): 0x4
01-01 06:04:11.434 0 0 D mv2112_update_link: 3.0x8109(100M): 0x8
01-01 06:04:11.439 0 0 D mv2112_update_link: link 0x4
01-01 06:04:11.443 0 0 D mv2112_read_status: autoneg is disabled
01-01 06:04:11.882 0 0 I [schedu][0x28bb5f805][17:00:34.077205] wlan: [2366:I:OSIF] scan start scan id 40976
01-01 06:04:12.449 0 0 D : mv2112_read_status
01-01 06:04:12.453 0 0 D mv2112_update_link: 3.0x901(1G): 0x4
01-01 06:04:12.458 0 0 D mv2112_update_link: 3.0x8109(100M): 0x8
01-01 06:04:12.463 0 0 D mv2112_update_link: link 0x4
01-01 06:04:12.467 0 0 D mv2112_read_status: autoneg is disabled
01-01 06:04:13.473 0 0 D : mv2112_read_status
01-01 06:04:13.476 0 0 D mv2112_update_link: 3.0x901(1G): 0x4
01-01 06:04:13.481 0 0 D mv2112_update_link: 3.0x8109(100M): 0x8
01-01 06:04:13.486 0 0 D mv2112_update_link: link 0x4
01-01 06:04:13.491 0 0 D mv2112_read_status: autoneg is disabled
01-01 06:04:13.605 0 0 I [schedu][0x28daebf1c][17:00:35.800179] wlan: [2366:I:OSIF] vdev 0, scan id 40976 type COMPLETED(1) reason COMPLETED(1) scan found 40 bss
01-01 06:04:14.195 0 0 I btfm_slim_hw_init: PGD Enum Addr: 00:01:20:02:17: 02
01-01 06:04:14.202 0 0 I btfm_slim_hw_init: IFD Enum Addr: 00:00:20:02:17: 02
01-01 06:04:14.208 0 0 I btfm_slim_hw_init: chipset soc version:400a0200
01-01 06:04:14.214 0 0 I btfm_slim_hw_init: chipset is hastings 2.0, overwriting EA
01-01 06:04:14.220 0 0 I btfm_slim_hw_init: PGD Enum Addr: 00:01:20:02:17: 02
01-01 06:04:14.227 0 0 I btfm_slim_hw_init: IFD Enum Addr: 00:00:20:02:17: 02
01-01 06:04:14.233 0 0 I btfm_slim_alloc_port: chipset soc version:400a0200
01-01 06:04:14.250 0 0 I btfm_slim_enable_ch: chipset soc version:400a0200
01-01 06:04:14.256 0 0 I btfm_slim_enable_ch: channel define - prot:2, dataf:0, auxf:0
01-01 06:04:14.263 0 0 I btfm_slim_enable_ch: channel define - rates:44100, baser:2, ratem:4
01-01 06:04:14.270 0 0 I btfm_slim_enable_ch: slim_connect_sink(port: 16, ch: 157)
01-01 06:04:14.277 0 0 I btfm_slim_enable_ch: port: 16, ch: 157, grp: 0, ch->grph: 0x0, ch_hdl: 0x1d
01-01 06:04:14.287 0 0 I __afe_port_start: port id: 0x400e
01-01 06:04:14.291 0 0 I afe_find_cal_topo_id_by_port: port id: 0x400e, dev_acdb_id: 20
01-01 06:04:14.299 0 0 I afe_find_cal_topo_id_by_port: top_id:112fc acdb_id:20 afe_port_id:0x400e
01-01 06:04:14.307 0 0 I afe_get_cal_topology_id: port_id = 0x400e acdb_id = 20 topology_id = 0x112fc cal_type_index=8 ret=0
01-01 06:04:14.318 0 0 I afe_send_port_topology_id: AFE set topology id 0x112fc enable for port 0x400e ret 0
01-01 06:04:14.327 0 0 I send_afe_cal_type: cal_index is 0
01-01 06:04:14.331 0 0 I send_afe_cal_type: dev_acdb_id[119] is 20
01-01 06:04:14.337 0 0 I afe_find_cal: cal_index 0 port_id 0x400e port_index 119
01-01 06:04:14.343 0 0 I afe_find_cal: acdb_id 20 dev_acdb_id 20 sample_rate 48000 afe_sample_rates 44100
01-01 06:04:14.352 0 0 I afe_find_cal: no matching cal_block found
01-01 06:04:14.357 0 0 E : send_afe_cal_type cal_block not found!!
01-01 06:04:14.363 0 0 I afe_send_hw_delay: port_id 0x400e rate 44100 delay_usec 0 status 0
01-01 06:04:14.433 0 0 I init : starting service 'vendor.light-hal-2-0'...
08-16 17:00:36.695 1142 1233 W UsageStatsService: Unexpected activity event reported! (com.android.launcher3/com.android.launcher3.uioverrides.QuickstepLauncher event : 23 instanceId : 188335284)
01-01 06:04:14.500 0 0 D : mv2112_read_status
01-01 06:04:14.504 0 0 D mv2112_update_link: 3.0x901(1G): 0x4
01-01 06:04:14.509 0 0 D mv2112_update_link: 3.0x8109(100M): 0x8
01-01 06:04:14.511 0 0 I init : Service 'vendor.light-hal-2-0' (pid 14995) exited with status 0
01-01 06:04:14.516 0 0 D mv2112_update_link: link 0x4
01-01 06:04:14.522 0 0 I init : Sending signal 9 to service 'vendor.light-hal-2-0' (pid 14995) process group...
01-01 06:04:14.525 0 0 D mv2112_read_status: autoneg is disabled
01-01 06:04:14.541 0 0 I libprocessgroup: Successfully killed process cgroup uid 1000 pid 14995 in 0ms
08-16 17:00:37.237 1142 1220 I DropBoxManagerService: add tag=system_app_strictmode isTagEnabled=true flags=0x2
08-16 17:00:37.312 1142 1218 D AutofillManagerService: Close system dialogs
01-01 06:04:15.553 0 0 D : mv2112_read_status
01-01 06:04:15.557 0 0 D mv2112_update_link: 3.0x901(1G): 0x4
01-01 06:04:15.562 0 0 D mv2112_update_link: 3.0x8109(100M): 0x8
01-01 06:04:15.567 0 0 D mv2112_update_link: link 0x4
08-16 17:00:37.765 1142 1233 W UsageStatsService: Unexpected activity event reported! (com.android.launcher3/com.android.launcher3.uioverrides.QuickstepLauncher event : 23 instanceId : 188335284)
01-01 06:04:15.571 0 0 D mv2112_read_status: autoneg is disabled
01-01 06:04:15.958 0 0 I init : starting service 'qvrd_vndr'...
01-01 06:04:15.963 0 0 I init : Created socket '/dev/socket/qvrservice_vndr', mode 660, user 1000, group 1000
01-01 06:04:15.973 0 0 I init : Created socket '/dev/socket/qvrservice_vndr_camera', mode 660, user 1000, group 1000
01-01 06:04:15.996 0 0 I init : starting service 'sxrd'...
08-16 17:00:38.239 15000 15000 F linker : CANNOT LINK EXECUTABLE "/vendor/bin/hw/sxrservice": library "vendor.qti.hardware.qxr-V1-ndk_platform.so" not found: needed by main executable
08-16 17:00:38.244 14999 14999 F linker : CANNOT LINK EXECUTABLE "/vendor/bin/hw/qvrservice": library "vendor.qti.hardware.qxr-V1-ndk_platform.so" not found: needed by /vendor/lib64/libqvrservice.so in namespace (default)
01-01 06:04:16.046 0 0 I init : Service 'sxrd' (pid 15000) exited with status 1
01-01 06:04:16.052 0 0 I init : Sending signal 9 to service 'sxrd' (pid 15000) process group...
08-16 17:00:38.670 1142 1220 I DropBoxManagerService: add tag=system_app_strictmode isTagEnabled=true flags=0x2
08-16 17:00:38.725 1142 1218 D AutofillManagerService: Close system dialogs
01-01 06:04:16.578 0 0 D : mv2112_read_status
01-01 06:04:16.583 0 0 D mv2112_update_link: 3.0x901(1G): 0x4
01-01 06:04:16.588 0 0 D mv2112_update_link: 3.0x8109(100M): 0x8
01-01 06:04:16.593 0 0 D mv2112_update_link: link 0x4
01-01 06:04:16.598 0 0 D mv2112_read_status: autoneg is disabled
08-16 17:00:38.804 1142 1233 W UsageStatsService: Unexpected activity event reported! (com.android.launcher3/com.android.launcher3.uioverrides.QuickstepLauncher event : 23 instanceId : 188335284)
01-01 06:04:17.601 0 0 D : mv2112_read_status
01-01 06:04:17.605 0 0 D mv2112_update_link: 3.0x901(1G): 0x4
01-01 06:04:17.610 0 0 D mv2112_update_link: 3.0x8109(100M): 0x8
01-01 06:04:17.615 0 0 D mv2112_update_link: link 0x4
01-01 06:04:17.619 0 0 D mv2112_read_status: autoneg is disabled
01-01 06:04:17.861 0 0 I afe_close: port_id = 0x400e
01-01 06:04:17.872 0 0 I btfm_slim_disable_ch: port:16, grp: 0, ch->grph:0x0, ch->ch_hdl:0x1d
08-16 17:00:40.417 1142 1220 I DropBoxManagerService: add tag=system_app_strictmode isTagEnabled=true flags=0x2
08-16 17:00:40.499 1142 1218 D AutofillManagerService: Close system dialogs
01-01 06:04:18.625 0 0 D : mv2112_read_status
01-01 06:04:18.629 0 0 D mv2112_update_link: 3.0x901(1G): 0x4
01-01 06:04:18.634 0 0 D mv2112_update_link: 3.0x8109(100M): 0x8
01-01 06:04:18.639 0 0 D mv2112_update_link: link 0x4
01-01 06:04:18.644 0 0 D mv2112_read_status: autoneg is disabled
01-01 06:04:19.457 0 0 I init : starting service 'vendor.light-hal-2-0'...
01-01 06:04:19.519 0 0 I init : Service 'vendor.light-hal-2-0' (pid 15168) exited with status 0
01-01 06:04:19.527 0 0 I init : Sending signal 9 to service 'vendor.light-hal-2-0' (pid 15168) process group...
01-01 06:04:19.537 0 0 I libprocessgroup: Successfully killed process cgroup uid 1000 pid 15168 in 0ms
01-01 06:04:19.648 0 0 D : mv2112_read_status
01-01 06:04:19.652 0 0 D mv2112_update_link: 3.0x901(1G): 0x4
01-01 06:04:19.657 0 0 D mv2112_update_link: 3.0x8109(100M): 0x8
01-01 06:04:19.662 0 0 D mv2112_update_link: link 0x4
01-01 06:04:19.666 0 0 D mv2112_read_status: autoneg is disabled
08-16 17:00:42.640 1142 1221 D CompatibilityChangeReporter: Compat change id reported: 135634846; UID 10066; state: DISABLED
08-16 17:00:42.640 1142 1221 D CompatibilityChangeReporter: Compat change id reported: 177438394; UID 10066; state: DISABLED
08-16 17:00:42.640 1142 1221 D CompatibilityChangeReporter: Compat change id reported: 135772972; UID 10066; state: DISABLED
08-16 17:00:42.641 1142 1221 D CompatibilityChangeReporter: Compat change id reported: 135754954; UID 10066; state: ENABLED
08-16 17:00:42.641 1142 1243 D CompatibilityChangeReporter: Compat change id reported: 143937733; UID 10066; state: ENABLED
08-16 17:00:42.641 1142 1221 I ActivityManager: PendingStartActivityUids startActivity to updateOomAdj delay:2205ms, uid:10118
08-16 17:00:42.682 1142 1243 I ActivityManager: Start proc 15169:com.qualcomm.qti.biometrics.fingerprint.qfpcalibration/u0a66 for null
01-01 06:04:20.526 0 0 I binder : 15169:15169 ioctl 40046210 7fe0a4c4c4 returned -22
08-16 17:00:42.735 1142 1171 D CompatibilityChangeReporter: Compat change id reported: 168419799; UID 10066; state: DISABLED
01-01 06:04:20.673 0 0 D : mv2112_read_status
01-01 06:04:20.676 0 0 D mv2112_update_link: 3.0x901(1G): 0x4
01-01 06:04:20.681 0 0 D mv2112_update_link: 3.0x8109(100M): 0x8
01-01 06:04:20.686 0 0 D mv2112_update_link: link 0x4
01-01 06:04:20.690 0 0 D mv2112_read_status: autoneg is disabled
01-01 06:04:20.992 0 0 I init : starting service 'qvrd_vndr'...
01-01 06:04:20.999 0 0 I init : Created socket '/dev/socket/qvrservice_vndr', mode 660, user 1000, group 1000
01-01 06:04:21.009 0 0 I init : Created socket '/dev/socket/qvrservice_vndr_camera', mode 660, user 1000, group 1000
01-01 06:04:21.034 0 0 I init : starting service 'sxrd'...
08-16 17:00:43.260 15187 15187 F linker : CANNOT LINK EXECUTABLE "/vendor/bin/hw/qvrservice": library "vendor.qti.hardware.qxr-V1-ndk_platform.so" not found: needed by /vendor/lib64/libqvrservice.so in namespace (default)
08-16 17:00:43.274 15188 15188 F linker : CANNOT LINK EXECUTABLE "/vendor/bin/hw/sxrservice": library "vendor.qti.hardware.qxr-V1-ndk_platform.so" not found: needed by main executable
01-01 06:04:21.066 0 0 I init : Service 'qvrd_vndr' (pid 15187) exited with status 1
01-01 06:04:21.073 0 0 I init : Sending signal 9 to service 'qvrd_vndr' (pid 15187) process group...
01-01 06:04:21.697 0 0 D : mv2112_read_status
01-01 06:04:21.701 0 0 D mv2112_update_link: 3.0x901(1G): 0x4
01-01 06:04:21.706 0 0 D mv2112_update_link: 3.0x8109(100M): 0x8
01-01 06:04:21.711 0 0 D mv2112_update_link: link 0x4
01-01 06:04:21.715 0 0 D mv2112_read_status: autoneg is disabled
01-01 06:04:22.721 0 0 D : mv2112_read_status
01-01 06:04:22.725 0 0 D mv2112_update_link: 3.0x901(1G): 0x4
01-01 06:04:22.730 0 0 D mv2112_update_link: 3.0x8109(100M): 0x8
01-01 06:04:22.735 0 0 D mv2112_update_link: link 0x4
01-01 06:04:22.739 0 0 D mv2112_read_status: autoneg is disabled
01-01 06:04:23.745 0 0 D : mv2112_read_status
01-01 06:04:23.749 0 0 D mv2112_update_link: 3.0x901(1G): 0x4
01-01 06:04:23.754 0 0 D mv2112_update_link: 3.0x8109(100M): 0x8
01-01 06:04:23.759 0 0 D mv2112_update_link: link 0x4
01-01 06:04:23.763 0 0 D mv2112_read_status: autoneg is disabled
08-16 17:00:46.278 1142 1218 D AutofillManagerService: Close system dialogs
01-01 06:04:24.478 0 0 I init : starting service 'vendor.light-hal-2-0'...
01-01 06:04:24.542 0 0 I init : Service 'vendor.light-hal-2-0' (pid 15357) exited with status 0
01-01 06:04:24.550 0 0 I init : Sending signal 9 to service 'vendor.light-hal-2-0' (pid 15357) process group...
01-01 06:04:24.560 0 0 I libprocessgroup: Successfully killed process cgroup uid 1000 pid 15357 in 0ms
01-01 06:04:24.772 0 0 D : mv2112_read_status
01-01 06:04:24.776 0 0 D mv2112_update_link: 3.0x901(1G): 0x4
01-01 06:04:24.781 0 0 D mv2112_update_link: 3.0x8109(100M): 0x8
01-01 06:04:24.786 0 0 D mv2112_update_link: link 0x4
01-01 06:04:24.790 0 0 D mv2112_read_status: autoneg is disabled
01-01 06:04:25.793 0 0 D : mv2112_read_status
01-01 06:04:25.796 0 0 D mv2112_update_link: 3.0x901(1G): 0x4
01-01 06:04:25.802 0 0 D mv2112_update_link: 3.0x8109(100M): 0x8
01-01 06:04:25.807 0 0 D mv2112_update_link: link 0x4
01-01 06:04:25.811 0 0 D mv2112_read_status: autoneg is disabled
01-01 06:04:26.031 0 0 I init : starting service 'qvrd_vndr'...
01-01 06:04:26.038 0 0 I init : Created socket '/dev/socket/qvrservice_vndr', mode 660, user 1000, group 1000
01-01 06:04:26.052 0 0 I init : Created socket '/dev/socket/qvrservice_vndr_camera', mode 660, user 1000, group 1000
01-01 06:04:26.087 0 0 I init : starting service 'sxrd'...
08-16 17:00:48.308 15360 15360 F linker : CANNOT LINK EXECUTABLE "/vendor/bin/hw/sxrservice": library "vendor.qti.hardware.qxr-V1-ndk_platform.so" not found: needed by main executable
08-16 17:00:48.320 15359 15359 F linker : CANNOT LINK EXECUTABLE "/vendor/bin/hw/qvrservice": library "vendor.qti.hardware.qxr-V1-ndk_platform.so" not found: needed by /vendor/lib64/libqvrservice.so in namespace (default)
01-01 06:04:26.114 0 0 I init : Service 'sxrd' (pid 15360) exited with status 1
01-01 06:04:26.120 0 0 I init : Sending signal 9 to service 'sxrd' (pid 15360) process group...
08-16 17:00:48.770 2360 2360 D SST : [0] SST.requestAllCellInfo(): not implemented
08-16 17:00:48.770 2360 2360 D LocaleTracker-0: processCellInfo: cell info=null
08-16 17:00:48.770 2360 2360 D LocaleTracker-0: updateLocale: countryIso = , countryIsoDebugInfo = radio off
08-16 17:00:48.770 2360 2360 D LocaleTracker-0: updateLocale: timeZoneCountryIso = , timeZoneCountryIsoDebugInfo = Defaulted: radio off
08-16 17:00:48.770 2360 2360 D NewNitzStateMachineImpl: handleCountryUnavailable: mLatestNitzSignal=null
08-16 17:00:48.771 2360 2360 D NewNitzStateMachineImpl: doTimeZoneDetection: countryIsoCode=null, nitzSignal=null, suggestion=TelephonyTimeZoneSuggestion{mSlotIndex=0, mZoneId='null', mMatchType=0, mQuality=0, mDebugInfo=[getTimeZoneSuggestion: nitzSignal=null, countryIsoCode=null, Detection reason=handleCountryUnavailable()]}, reason=handleCountryUnavailable()
08-16 17:00:48.771 2360 2360 D LocaleTracker-0: Can't get cell info. Try again in 512 secs.
08-16 17:00:48.823 2360 2360 D SST : [1] SST.requestAllCellInfo(): not implemented
08-16 17:00:48.824 2360 2360 D LocaleTracker-1: processCellInfo: cell info=null
08-16 17:00:48.824 2360 2360 D LocaleTracker-1: updateLocale: countryIso = , countryIsoDebugInfo = radio off
08-16 17:00:48.824 2360 2360 D LocaleTracker-1: updateLocale: timeZoneCountryIso = , timeZoneCountryIsoDebugInfo = Defaulted: radio off
08-16 17:00:48.824 2360 2360 D NewNitzStateMachineImpl: handleCountryUnavailable: mLatestNitzSignal=null
08-16 17:00:48.824 2360 2360 D NewNitzStateMachineImpl: doTimeZoneDetection: countryIsoCode=null, nitzSignal=null, suggestion=TelephonyTimeZoneSuggestion{mSlotIndex=1, mZoneId='null', mMatchType=0, mQuality=0, mDebugInfo=[getTimeZoneSuggestion: nitzSignal=null, countryIsoCode=null, Detection reason=handleCountryUnavailable()]}, reason=handleCountryUnavailable()
08-16 17:00:48.824 2360 2360 D LocaleTracker-1: Can't get cell info. Try again in 512 secs.
01-01 06:04:26.817 0 0 D : mv2112_read_status
01-01 06:04:26.821 0 0 D mv2112_update_link: 3.0x901(1G): 0x4
01-01 06:04:26.826 0 0 D mv2112_update_link: 3.0x8109(100M): 0x8
01-01 06:04:26.831 0 0 D mv2112_update_link: link 0x4
01-01 06:04:26.835 0 0 D mv2112_read_status: autoneg is disabled
08-16 17:00:50.010 1142 1982 I ActivityTaskManager: START u0 {act=android.intent.action.MAIN cat=[android.intent.category.LAUNCHER] flg=0x10200000 pkg=com.android.music cmp=com.android.music/.MusicBrowserActivity bnds=[2150,276][2344,516]} from uid 10118
01-01 06:04:27.840 0 0 D : mv2112_read_status
01-01 06:04:27.844 0 0 D mv2112_update_link: 3.0x901(1G): 0x4
08-16 17:00:50.018 1142 1220 I DropBoxManagerService: add tag=system_app_strictmode isTagEnabled=true flags=0x2
08-16 17:00:50.020 1142 1982 W ActivityTaskManager: Can't find TaskDisplayArea to determine support for multi window. Task id=89 attached=false
08-16 17:00:50.024 1142 1982 D CompatibilityChangeReporter: Compat change id reported: 174042980; UID 10091; state: DISABLED
08-16 17:00:50.025 1142 1982 D CompatibilityChangeReporter: Compat change id reported: 184838306; UID 10091; state: DISABLED
08-16 17:00:50.026 1142 1982 D CompatibilityChangeReporter: Compat change id reported: 185004937; UID 10091; state: DISABLED
08-16 17:00:50.028 1142 1982 D CompatibilityChangeReporter: Compat change id reported: 181136395; UID 10091; state: DISABLED
08-16 17:00:50.029 1142 1982 D CompatibilityChangeReporter: Compat change id reported: 174042936; UID 10091; state: DISABLED
08-16 17:00:50.033 1142 1982 D CompatibilityChangeReporter: Compat change id reported: 168419799; UID 10091; state: DISABLED
08-16 17:00:50.035 1822 2010 D PhoneStartingWindowTypeAlgorithm: preferredStartingWindowType newTask:true taskSwitch:true processRunning:false allowTaskSnapshot:true activityCreated:false useEmptySplashScreen:false legacySplashScreen:false topIsHome:false
08-16 17:00:50.035 1822 2010 D StartingSurfaceDrawer: addSplashScreen com.android.music theme=7f100009 task=89 suggestType=1
08-16 17:00:50.044 1822 2011 D StartingSurfaceDrawer: window attributes color: 0 icon null duration 0 brandImage null
08-16 17:00:50.046 1822 2011 D StartingSurfaceDrawer: The icon is not an AdaptiveIconDrawable
01-01 06:04:27.855 0 0 D mv2112_update_link: 3.0x8109(100M): 0x8
01-01 06:04:27.864 0 0 D mv2112_update_link: link 0x4
01-01 06:04:27.868 0 0 D mv2112_read_status: autoneg is disabled
08-16 17:00:50.056 1822 2011 D StartingSurfaceDrawer: fillViewWithIcon surfaceWindowView android.window.SplashScreenView{eb69272 V.E...... ......ID 0,0-0,0}
08-16 17:00:50.062 1142 1221 D CompatibilityChangeReporter: Compat change id reported: 135634846; UID 10091; state: DISABLED
08-16 17:00:50.062 1142 1221 D CompatibilityChangeReporter: Compat change id reported: 177438394; UID 10091; state: DISABLED
08-16 17:00:50.063 1142 1221 D CompatibilityChangeReporter: Compat change id reported: 135772972; UID 10091; state: DISABLED
08-16 17:00:50.063 1142 1221 D CompatibilityChangeReporter: Compat change id reported: 135754954; UID 10091; state: ENABLED
08-16 17:00:50.063 1142 1243 D CompatibilityChangeReporter: Compat change id reported: 143937733; UID 10091; state: ENABLED
01-01 06:04:27.928 0 0 I btfm_slim_hw_init: PGD Enum Addr: 00:01:20:02:17: 02
01-01 06:04:27.934 0 0 I btfm_slim_hw_init: IFD Enum Addr: 00:00:20:02:17: 02
01-01 06:04:27.941 0 0 I btfm_slim_hw_init: chipset soc version:400a0200
01-01 06:04:27.945 0 0 I binder : 15442:15442 ioctl 40046210 7fe0a4c4c4 returned -22
01-01 06:04:27.946 0 0 I btfm_slim_hw_init: chipset is hastings 2.0, overwriting EA
01-01 06:04:27.960 0 0 I btfm_slim_hw_init: PGD Enum Addr: 00:01:20:02:17: 02
01-01 06:04:27.966 0 0 I btfm_slim_hw_init: IFD Enum Addr: 00:00:20:02:17: 02
01-01 06:04:27.972 0 0 I btfm_slim_alloc_port: chipset soc version:400a0200
01-01 06:04:27.996 0 0 I btfm_slim_enable_ch: chipset soc version:400a0200
08-16 17:00:50.104 1142 1243 I ActivityManager: Start proc 15442:com.android.music/u0a91 for pre-top-activity {com.android.music/com.android.music.MusicBrowserActivity}
08-16 17:00:50.104 1142 15443 W ContextImpl: Calling a method in the system process without a qualified user: android.app.ContextImpl.sendBroadcast:1173 com.qualcomm.qti.Performance$SendGameLaunchBroadcast.run:217 java.lang.Thread.run:920
01-01 06:04:28.002 0 0 I btfm_slim_enable_ch: channel define - prot:2, dataf:0, auxf:0
01-01 06:04:28.009 0 0 I btfm_slim_enable_ch: channel define - rates:44100, baser:2, ratem:4
01-01 06:04:28.017 0 0 I btfm_slim_enable_ch: slim_connect_sink(port: 16, ch: 157)
01-01 06:04:28.024 0 0 I btfm_slim_enable_ch: port: 16, ch: 157, grp: 0, ch->grph: 0x0, ch_hdl: 0x1d
01-01 06:04:28.034 0 0 I __afe_port_start: port id: 0x400e
01-01 06:04:28.038 0 0 I afe_find_cal_topo_id_by_port: port id: 0x400e, dev_acdb_id: 20
01-01 06:04:28.046 0 0 I afe_find_cal_topo_id_by_port: top_id:112fc acdb_id:20 afe_port_id:0x400e
01-01 06:04:28.054 0 0 I afe_get_cal_topology_id: port_id = 0x400e acdb_id = 20 topology_id = 0x112fc cal_type_index=8 ret=0
01-01 06:04:28.065 0 0 I afe_send_port_topology_id: AFE set topology id 0x112fc enable for port 0x400e ret 0
01-01 06:04:28.074 0 0 I send_afe_cal_type: cal_index is 0
01-01 06:04:28.078 0 0 I perfetto: enabled ftrace
01-01 06:04:28.079 0 0 I send_afe_cal_type: dev_acdb_id[119] is 20
01-01 06:04:28.088 0 0 I afe_find_cal: cal_index 0 port_id 0x400e port_index 119
01-01 06:04:28.094 0 0 I afe_find_cal: acdb_id 20 dev_acdb_id 20 sample_rate 48000 afe_sample_rates 44100
01-01 06:04:28.103 0 0 I afe_find_cal: no matching cal_block found
01-01 06:04:28.108 0 0 E : send_afe_cal_type cal_block not found!!
01-01 06:04:28.114 0 0 I afe_send_hw_delay: port_id 0x400e rate 44100 delay_usec 0 status 0
08-16 17:00:50.252 1142 2084 I ActivityTaskManager: START u0 {cmp=com.android.music/com.codeaurora.music.custom.PermissionActivity (has extras)} from uid 10091
08-16 17:00:50.290 1142 2768 I ActivityManager: Process com.android.music (pid 15442) has died: fg TOP
08-16 17:00:50.299 1142 1221 D CompatibilityChangeReporter: Compat change id reported: 135634846; UID 10091; state: DISABLED
08-16 17:00:50.299 1142 1221 D CompatibilityChangeReporter: Compat change id reported: 177438394; UID 10091; state: DISABLED
08-16 17:00:50.299 1142 1221 D CompatibilityChangeReporter: Compat change id reported: 135772972; UID 10091; state: DISABLED
08-16 17:00:50.299 1142 1221 D CompatibilityChangeReporter: Compat change id reported: 135754954; UID 10091; state: ENABLED
08-16 17:00:50.299 1142 1243 D CompatibilityChangeReporter: Compat change id reported: 143937733; UID 10091; state: ENABLED
01-01 06:04:28.201 0 0 I binder : 15531:15531 ioctl 40046210 7fe0a4c4c4 returned -22
08-16 17:00:50.354 1142 1243 W ActivityManager: Slow operation: 56ms so far, now at startProcess: returned from zygote!
08-16 17:00:50.355 1142 1243 W ActivityManager: Slow operation: 56ms so far, now at startProcess: done updating battery stats
08-16 17:00:50.355 1142 1243 W ActivityManager: Slow operation: 56ms so far, now at startProcess: building log message
08-16 17:00:50.355 1142 1243 I ActivityManager: Start proc 15531:com.android.music/u0a91 for top-activity {com.android.music/com.codeaurora.music.custom.PermissionActivity}
08-16 17:00:50.355 1142 1243 W ActivityManager: Slow operation: 56ms so far, now at startProcess: starting to update pids map
08-16 17:00:50.355 1142 1243 W ActivityManager: Slow operation: 56ms so far, now at startProcess: done updating pids map
08-16 17:00:50.410 1142 2768 I ActivityTaskManager: The Process com.android.music Already Exists in BG. So sending its PID: 15531
08-16 17:00:50.447 1142 2511 I ActivityTaskManager: START u0 {act=android.content.pm.action.REQUEST_PERMISSIONS pkg=com.android.permissioncontroller cmp=com.android.permissioncontroller/.permission.ui.GrantPermissionsActivity (has extras)} from uid 10091
08-16 17:00:50.452 1142 2511 D CompatibilityChangeReporter: Compat change id reported: 174042980; UID 10151; state: DISABLED
08-16 17:00:50.452 1142 2511 D CompatibilityChangeReporter: Compat change id reported: 184838306; UID 10151; state: DISABLED
08-16 17:00:50.453 1142 2511 D CompatibilityChangeReporter: Compat change id reported: 185004937; UID 10151; state: DISABLED
08-16 17:00:50.454 1142 2511 D CompatibilityChangeReporter: Compat change id reported: 181136395; UID 10151; state: DISABLED
08-16 17:00:50.455 1142 2511 D CompatibilityChangeReporter: Compat change id reported: 174042936; UID 10151; state: DISABLED
08-16 17:00:50.493 1142 2768 I ActivityTaskManager: The Process com.android.permissioncontroller Already Exists in BG. So sending its PID: 4164
01-01 06:04:28.354 0 0 I binder : 15531:15573 ioctl 40046210 7742b081f4 returned -22
08-16 17:00:50.594 1822 2010 D StartingSurfaceDrawer: Task start finish, remove starting surface for task 89
08-16 17:00:50.594 1822 2010 V StartingSurfaceDrawer: Removing splash screen window for task: 89
01-01 06:04:28.534 0 0 I binder : 4164:4164 ioctl 40046210 7fe0a4b904 returned -22
08-16 17:00:50.760 1142 1221 W ActivityTaskManager: Activity top resumed state loss timeout for ActivityRecord{d0630e1 u0 com.android.music/.MusicBrowserActivity t-1 f}}
01-01 06:04:28.897 0 0 D : mv2112_read_status
01-01 06:04:28.901 0 0 D mv2112_update_link: 3.0x901(1G): 0x4
01-01 06:04:28.906 0 0 D mv2112_update_link: 3.0x8109(100M): 0x8
01-01 06:04:28.911 0 0 D mv2112_update_link: link 0x4
01-01 06:04:28.915 0 0 D mv2112_read_status: autoneg is disabled
01-01 06:04:29.501 0 0 I init : starting service 'vendor.light-hal-2-0'...
01-01 06:04:29.605 0 0 I init : Service 'vendor.light-hal-2-0' (pid 15591) exited with status 0
01-01 06:04:29.613 0 0 I init : Sending signal 9 to service 'vendor.light-hal-2-0' (pid 15591) process group...
01-01 06:04:29.623 0 0 I libprocessgroup: Successfully killed process cgroup uid 1000 pid 15591 in 0ms
01-01 06:04:29.921 0 0 D : mv2112_read_status
01-01 06:04:29.925 0 0 D mv2112_update_link: 3.0x901(1G): 0x4
01-01 06:04:29.930 0 0 D mv2112_update_link: 3.0x8109(100M): 0x8
01-01 06:04:29.935 0 0 D mv2112_update_link: link 0x4
01-01 06:04:29.939 0 0 D mv2112_read_status: autoneg is disabled
08-16 17:00:52.367 1142 1171 I ActivityTaskManager: START u0 {act=android.intent.action.MAIN cat=[android.intent.category.LAUNCHER] flg=0x10200000 pkg=com.android.music cmp=com.android.music/.MusicBrowserActivity bnds=[2150,276][2344,516]} from uid 10091
08-16 17:00:52.369 1142 1220 I DropBoxManagerService: add tag=system_app_strictmode isTagEnabled=true flags=0x2
08-16 17:00:52.385 1142 2768 I ActivityTaskManager: The Process com.android.music Already Exists in BG. So sending its PID: 15531
08-16 17:00:52.386 1142 2768 W ActivityTaskManager: Tried to set launchTime (0) < mLastActivityLaunchTime (573239)
08-16 17:00:52.411 1142 1171 D CompatibilityChangeReporter: Compat change id reported: 149924527; UID 10091; state: ENABLED
08-16 17:00:52.411 1142 1171 D CompatibilityChangeReporter: Compat change id reported: 132649864; UID 10091; state: DISABLED
08-16 17:00:52.412 1142 2084 D CompatibilityChangeReporter: Compat change id reported: 182734110; UID 10091; state: ENABLED
08-16 17:00:52.447 1142 1171 D CompatibilityChangeReporter: Compat change id reported: 172100307; UID 10091; state: ENABLED
08-16 17:00:52.448 1142 1220 I DropBoxManagerService: add tag=system_app_strictmode isTagEnabled=true flags=0x2
08-16 17:00:52.556 1142 2084 D CompatibilityChangeReporter: Compat change id reported: 157233955; UID 10091; state: ENABLED
08-16 17:00:52.764 1142 1142 I NotificationService: Cannot find enqueued record for key: 0|com.android.music|1|null|10091
08-16 17:00:52.766 1142 1142 I NotificationService: Cannot find enqueued record for key: 0|com.android.music|1|null|10091
08-16 17:00:52.775 1142 1142 I NotificationService: Cannot find enqueued record for key: 0|com.android.music|1|null|10091
08-16 17:00:52.777 1142 1142 I NotificationService: Cannot find enqueued record for key: 0|com.android.music|1|null|10091
08-16 17:00:52.789 1142 1142 I NotificationService: Cannot find enqueued record for key: 0|com.android.music|1|null|10091
08-16 17:00:52.792 1142 1142 I NotificationService: Cannot find enqueued record for key: 0|com.android.music|1|null|10091
01-01 06:04:30.945 0 0 D : mv2112_read_status
01-01 06:04:30.948 0 0 D mv2112_update_link: 3.0x901(1G): 0x4
01-01 06:04:30.954 0 0 D mv2112_update_link: 3.0x8109(100M): 0x8
01-01 06:04:30.959 0 0 D mv2112_update_link: link 0x4
01-01 06:04:30.963 0 0 D mv2112_read_status: autoneg is disabled
01-01 06:04:31.086 0 0 I init : starting service 'qvrd_vndr'...
01-01 06:04:31.101 0 0 I init : Created socket '/dev/socket/qvrservice_vndr', mode 660, user 1000, group 1000
01-01 06:04:31.115 0 0 I init : Created socket '/dev/socket/qvrservice_vndr_camera', mode 660, user 1000, group 1000
01-01 06:04:31.164 0 0 I init : starting service 'sxrd'...
08-16 17:00:53.387 15606 15606 F linker : CANNOT LINK EXECUTABLE "/vendor/bin/hw/sxrservice": library "vendor.qti.hardware.qxr-V1-ndk_platform.so" not found: needed by main executable
08-16 17:00:53.401 15605 15605 F linker : CANNOT LINK EXECUTABLE "/vendor/bin/hw/qvrservice": library "vendor.qti.hardware.qxr-V1-ndk_platform.so" not found: needed by /vendor/lib64/libqvrservice.so in namespace (default)
01-01 06:04:31.194 0 0 I init : Service 'sxrd' (pid 15606) exited with status 1
01-01 06:04:31.200 0 0 I init : Sending signal 9 to service 'sxrd' (pid 15606) process group...
08-16 17:00:53.574 1142 2883 E TaskPersister: File error accessing recents directory (directory doesn't exist?).
08-16 17:00:53.817 1142 1220 I DropBoxManagerService: add tag=system_app_strictmode isTagEnabled=true flags=0x2
08-16 17:00:53.885 1142 1218 D AutofillManagerService: Close system dialogs
01-01 06:04:31.968 0 0 D : mv2112_read_status
01-01 06:04:31.972 0 0 D mv2112_update_link: 3.0x901(1G): 0x4
01-01 06:04:31.977 0 0 D mv2112_update_link: 3.0x8109(100M): 0x8
01-01 06:04:31.982 0 0 D mv2112_update_link: link 0x4
01-01 06:04:31.986 0 0 D mv2112_read_status: autoneg is disabled
01-01 06:04:32.926 0 0 I perfetto: disabled ftrace
01-01 06:04:32.992 0 0 D : mv2112_read_status
01-01 06:04:32.996 0 0 D mv2112_update_link: 3.0x901(1G): 0x4
01-01 06:04:33.004 0 0 D mv2112_update_link: 3.0x8109(100M): 0x8
01-01 06:04:33.009 0 0 D mv2112_update_link: link 0x4
01-01 06:04:33.015 0 0 D mv2112_read_status: autoneg is disabled
01-01 06:04:33.595 0 0 I afe_close: port_id = 0x400e
01-01 06:04:33.606 0 0 I btfm_slim_disable_ch: port:16, grp: 0, ch->grph:0x0, ch->ch_hdl:0x1d
01-01 06:04:34.049 0 0 D : mv2112_read_status
01-01 06:04:34.052 0 0 D mv2112_update_link: 3.0x901(1G): 0x4
01-01 06:04:34.057 0 0 D mv2112_update_link: 3.0x8109(100M): 0x8
01-01 06:04:34.062 0 0 D mv2112_update_link: link 0x4
01-01 06:04:34.066 0 0 D mv2112_read_status: autoneg is disabled
08-16 17:00:56.659 1142 1171 I ActivityManager: PendingStartActivityUids startActivity to updateOomAdj delay:2825ms, uid:10118
01-01 06:04:34.545 0 0 I init : starting service 'vendor.light-hal-2-0'...
01-01 06:04:34.631 0 0 I init : Service 'vendor.light-hal-2-0' (pid 15782) exited with status 0
01-01 06:04:34.638 0 0 I init : Sending signal 9 to service 'vendor.light-hal-2-0' (pid 15782) process group...
01-01 06:04:34.648 0 0 I libprocessgroup: Successfully killed process cgroup uid 1000 pid 15782 in 0ms
01-01 06:04:35.073 0 0 D : mv2112_read_status
01-01 06:04:35.077 0 0 D mv2112_update_link: 3.0x901(1G): 0x4
01-01 06:04:35.082 0 0 D mv2112_update_link: 3.0x8109(100M): 0x8
01-01 06:04:35.087 0 0 D mv2112_update_link: link 0x4
01-01 06:04:35.091 0 0 D mv2112_read_status: autoneg is disabled
01-01 06:04:36.097 0 0 D : mv2112_read_status
01-01 06:04:36.101 0 0 D mv2112_update_link: 3.0x901(1G): 0x4
01-01 06:04:36.106 0 0 D mv2112_update_link: 3.0x8109(100M): 0x8
01-01 06:04:36.111 0 0 D mv2112_update_link: link 0x4
01-01 06:04:36.115 0 0 D mv2112_read_status: autoneg is disabled
01-01 06:04:36.161 0 0 I init : starting service 'qvrd_vndr'...
01-01 06:04:36.173 0 0 I init : Created socket '/dev/socket/qvrservice_vndr', mode 660, user 1000, group 1000
01-01 06:04:36.186 0 0 I init : Created socket '/dev/socket/qvrservice_vndr_camera', mode 660, user 1000, group 1000
01-01 06:04:36.236 0 0 I init : starting service 'sxrd'...
08-16 17:00:58.476 15784 15784 F linker : CANNOT LINK EXECUTABLE "/vendor/bin/hw/qvrservice": library "vendor.qti.hardware.qxr-V1-ndk_platform.so" not found: needed by /vendor/lib64/libqvrservice.so in namespace (default)
08-16 17:00:58.478 15785 15785 F linker : CANNOT LINK EXECUTABLE "/vendor/bin/hw/sxrservice": library "vendor.qti.hardware.qxr-V1-ndk_platform.so" not found: needed by main executable
01-01 06:04:36.283 0 0 I init : Service 'qvrd_vndr' (pid 15784) exited with status 1
01-01 06:04:36.290 0 0 I init : Sending signal 9 to service 'qvrd_vndr' (pid 15784) process group...
01-01 06:04:37.121 0 0 D : mv2112_read_status
01-01 06:04:37.125 0 0 D mv2112_update_link: 3.0x901(1G): 0x4
01-01 06:04:37.130 0 0 D mv2112_update_link: 3.0x8109(100M): 0x8
01-01 06:04:37.135 0 0 D mv2112_update_link: link 0x4
01-01 06:04:37.139 0 0 D mv2112_read_status: autoneg is disabled
01-01 06:04:38.145 0 0 D : mv2112_read_status
01-01 06:04:38.149 0 0 D mv2112_update_link: 3.0x901(1G): 0x4
01-01 06:04:38.154 0 0 D mv2112_update_link: 3.0x8109(100M): 0x8
01-01 06:04:38.159 0 0 D mv2112_update_link: link 0x4
01-01 06:04:38.163 0 0 D mv2112_read_status: autoneg is disabled
01-01 06:04:39.169 0 0 D : mv2112_read_status
01-01 06:04:39.173 0 0 D mv2112_update_link: 3.0x901(1G): 0x4
01-01 06:04:39.178 0 0 D mv2112_update_link: 3.0x8109(100M): 0x8
01-01 06:04:39.183 0 0 D mv2112_update_link: link 0x4
01-01 06:04:39.187 0 0 D mv2112_read_status: autoneg is disabled
01-01 06:04:39.566 0 0 I init : starting service 'vendor.light-hal-2-0'...
01-01 06:04:39.684 0 0 I init : Service 'vendor.light-hal-2-0' (pid 15953) exited with status 0
01-01 06:04:39.692 0 0 I init : Sending signal 9 to service 'vendor.light-hal-2-0' (pid 15953) process group...
08-16 17:01:01.879 1142 1218 D AutofillManagerService: Close system dialogs
01-01 06:04:39.702 0 0 I libprocessgroup: Successfully killed process cgroup uid 1000 pid 15953 in 0ms
01-01 06:04:40.192 0 0 D : mv2112_read_status
01-01 06:04:40.196 0 0 D mv2112_update_link: 3.0x901(1G): 0x4
01-01 06:04:40.205 0 0 D mv2112_update_link: 3.0x8109(100M): 0x8
01-01 06:04:40.210 0 0 I logd : start watching /data/system/packages.list ...
01-01 06:04:40.210 0 0 D mv2112_update_link: link 0x4
01-01 06:04:40.220 0 0 D mv2112_read_status: autoneg is disabled
01-01 06:04:40.220 0 0 I logd : ReadPackageList, total packages: 165
08-16 17:01:02.776 1142 1142 W NotificationHistory: Attempted to add notif for locked/gone/disabled user 0
01-01 06:04:41.226 0 0 I init : starting service 'qvrd_vndr'...
01-01 06:04:41.233 0 0 I init : Created socket '/dev/socket/qvrservice_vndr', mode 660, user 1000, group 1000
01-01 06:04:41.246 0 0 I init : Created socket '/dev/socket/qvrservice_vndr_camera', mode 660, user 1000, group 1000
01-01 06:04:41.249 0 0 D : mv2112_read_status
01-01 06:04:41.259 0 0 D mv2112_update_link: 3.0x901(1G): 0x4
01-01 06:04:41.264 0 0 D mv2112_update_link: 3.0x8109(100M): 0x8
01-01 06:04:41.269 0 0 D mv2112_update_link: link 0x4
01-01 06:04:41.273 0 0 D mv2112_read_status: autoneg is disabled
01-01 06:04:41.286 0 0 I init : starting service 'sxrd'...
08-16 17:01:03.511 15959 15959 F linker : CANNOT LINK EXECUTABLE "/vendor/bin/hw/sxrservice": library "vendor.qti.hardware.qxr-V1-ndk_platform.so" not found: needed by main executable
08-16 17:01:03.518 15958 15958 F linker : CANNOT LINK EXECUTABLE "/vendor/bin/hw/qvrservice": library "vendor.qti.hardware.qxr-V1-ndk_platform.so" not found: needed by /vendor/lib64/libqvrservice.so in namespace (default)
01-01 06:04:41.317 0 0 I init : Service 'sxrd' (pid 15959) exited with status 1
01-01 06:04:41.324 0 0 I init : Sending signal 9 to service 'sxrd' (pid 15959) process group...
01-01 06:04:42.305 0 0 D : mv2112_read_status
01-01 06:04:42.309 0 0 D mv2112_update_link: 3.0x901(1G): 0x4
01-01 06:04:42.314 0 0 D mv2112_update_link: 3.0x8109(100M): 0x8
01-01 06:04:42.319 0 0 D mv2112_update_link: link 0x4
01-01 06:04:42.323 0 0 D mv2112_read_status: autoneg is disabled
01-01 06:04:43.328 0 0 D : mv2112_read_status
01-01 06:04:43.332 0 0 D mv2112_update_link: 3.0x901(1G): 0x4
01-01 06:04:43.337 0 0 D mv2112_update_link: 3.0x8109(100M): 0x8
01-01 06:04:43.342 0 0 D mv2112_update_link: link 0x4
01-01 06:04:43.346 0 0 D mv2112_read_status: autoneg is disabled
08-16 17:01:06.320 1142 2768 D CompatibilityChangeReporter: Compat change id reported: 168419799; UID 10091; state: DISABLED
08-16 17:01:06.336 1822 2010 D PhoneStartingWindowTypeAlgorithm: preferredStartingWindowType newTask:false taskSwitch:true processRunning:true allowTaskSnapshot:true activityCreated:true useEmptySplashScreen:true legacySplashScreen:false topIsHome:false
08-16 17:01:06.336 1822 2010 D PhoneStartingWindowTypeAlgorithm: isSnapshotCompatible rotation 0 snapshot 0
08-16 17:01:06.338 1142 1982 D CompatibilityChangeReporter: Compat change id reported: 181136395; UID 10091; state: DISABLED
08-16 17:01:06.339 1142 1982 D CompatibilityChangeReporter: Compat change id reported: 174042936; UID 10091; state: DISABLED
08-16 17:01:06.419 1822 2010 D StartingSurfaceDrawer: Task start finish, remove starting surface for task 89
01-01 06:04:44.352 0 0 D : mv2112_read_status
01-01 06:04:44.356 0 0 D mv2112_update_link: 3.0x901(1G): 0x4
01-01 06:04:44.361 0 0 D mv2112_update_link: 3.0x8109(100M): 0x8
01-01 06:04:44.366 0 0 D mv2112_update_link: link 0x4
01-01 06:04:44.370 0 0 D mv2112_read_status: autoneg is disabled
01-01 06:04:44.624 0 0 I init : starting service 'vendor.light-hal-2-0'...
01-01 06:04:44.705 0 0 I init : Service 'vendor.light-hal-2-0' (pid 16139) exited with status 0
01-01 06:04:44.714 0 0 I init : Sending signal 9 to service 'vendor.light-hal-2-0' (pid 16139) process group...
01-01 06:04:44.724 0 0 I libprocessgroup: Successfully killed process cgroup uid 1000 pid 16139 in 0ms
01-01 06:04:45.377 0 0 D : mv2112_read_status
01-01 06:04:45.381 0 0 D mv2112_update_link: 3.0x901(1G): 0x4
