01-01 05:55:52.446 0 0 E : INFO: trying to register non-static key.
01-01 05:55:52.451 0 0 E : the code is fine but needs lockdep annotation.
01-01 05:55:52.457 0 0 I : CPU: 0 PID: 8 Comm: kworker/u16:0 Tainted: G S W O 4.19.157+ #1
01-01 05:55:52.457 0 0 I Hardware name: Qualcomm Technologies, Inc. kona MTP-RmPM8150b (DT)
01-01 05:55:52.457 0 0 I Workqueue: events_unbound ion_system_secure_heap_prefetch_work
01-01 05:55:52.457 0 0 I Call trace:
01-01 05:55:52.457 0 0 I : dump_backtrace+0x0/0x258
01-01 05:55:52.457 0 0 I : show_stack+0x20/0x30
01-01 05:55:52.457 0 0 I : dump_stack+0xd8/0x12c
01-01 05:55:52.457 0 0 I : register_lock_class+0x4d0/0x5c8
01-01 05:55:52.457 0 0 I : __lock_acquire+0xbc/0x1e58
01-01 05:55:52.457 0 0 I : lock_acquire+0x1cc/0x218
01-01 05:55:52.457 0 0 I : _raw_spin_lock_irqsave+0x54/0x98
01-01 05:55:52.457 0 0 I : ion_system_secure_heap_prefetch_work+0x94/0x2c0
01-01 05:55:52.457 0 0 I : process_one_work+0x38c/0x660
01-01 05:55:52.457 0 0 I : worker_thread+0x268/0x4b8
01-01 05:55:52.457 0 0 I : kthread+0x140/0x150
01-01 05:55:52.457 0 0 I : ret_from_fork+0x10/0x1c
01-01 05:55:52.467 0 0 E : INFO: trying to register non-static key.
01-01 05:55:52.472 0 0 E : the code is fine but needs lockdep annotation.
01-01 05:55:52.478 0 0 I : CPU: 0 PID: 8 Comm: kworker/u16:0 Tainted: G S W O 4.19.157+ #1
01-01 05:55:52.478 0 0 I Hardware name: Qualcomm Technologies, Inc. kona MTP-RmPM8150b (DT)
01-01 05:55:52.478 0 0 I Workqueue: events_unbound ion_system_secure_heap_prefetch_work
01-01 05:55:52.478 0 0 I Call trace:
01-01 05:55:52.478 0 0 I : dump_backtrace+0x0/0x258
01-01 05:55:52.478 0 0 I : show_stack+0x20/0x30
01-01 05:55:52.478 0 0 I : dump_stack+0xd8/0x12c
01-01 05:55:52.478 0 0 I : register_lock_class+0x4d0/0x5c8
01-01 05:55:52.478 0 0 I : __lock_acquire+0xbc/0x1e58
01-01 05:55:52.478 0 0 I : lock_acquire+0x1cc/0x218
01-01 05:55:52.478 0 0 I : _raw_spin_lock_irqsave+0x54/0x98
01-01 05:55:52.478 0 0 I : ion_system_secure_heap_prefetch_work+0x94/0x2c0
01-01 05:55:52.478 0 0 I : process_one_work+0x38c/0x660
01-01 05:55:52.478 0 0 I : worker_thread+0x268/0x4b8
01-01 05:55:52.478 0 0 I : kthread+0x140/0x150
01-01 05:55:52.478 0 0 I : ret_from_fork+0x10/0x1c
01-01 05:55:52.487 0 0 E : INFO: trying to register non-static key.
01-01 05:55:52.489 0 0 I binder : 2262:2262 ioctl 40046210 7fe0a4c4c4 returned -22
01-01 05:55:52.492 0 0 E : the code is fine but needs lockdep annotation.
01-01 05:55:52.492 0 0 I : CPU: 0 PID: 8 Comm: kworker/u16:0 Tainted: G S W O 4.19.157+ #1
01-01 05:55:52.492 0 0 I Hardware name: Qualcomm Technologies, Inc. kona MTP-RmPM8150b (DT)
01-01 05:55:52.492 0 0 I Workqueue: events_unbound ion_system_secure_heap_prefetch_work
01-01 05:55:52.492 0 0 I Call trace:
01-01 05:55:52.492 0 0 I : dump_backtrace+0x0/0x258
01-01 05:55:52.497 0 0 W : (NULL device *): Falling back to syfs fallback for: wlan/qca_cld/qca6390/WCNSS_qcom_cfg.ini
01-01 05:55:52.498 0 0 I : show_stack+0x20/0x30
01-01 05:55:52.498 0 0 I : dump_stack+0xd8/0x12c
01-01 05:55:52.498 0 0 I : register_lock_class+0x4d0/0x5c8
01-01 05:55:52.498 0 0 I : __lock_acquire+0xbc/0x1e58
01-01 05:55:52.498 0 0 I : lock_acquire+0x1cc/0x218
01-01 05:55:52.498 0 0 I : _raw_spin_lock_irqsave+0x54/0x98
01-01 05:55:52.498 0 0 I : ion_system_secure_heap_prefetch_work+0x94/0x2c0
01-01 05:55:52.498 0 0 I : process_one_work+0x38c/0x660
01-01 05:55:52.498 0 0 I : worker_thread+0x268/0x4b8
01-01 05:55:52.498 0 0 I : kthread+0x140/0x150
01-01 05:55:52.498 0 0 I : ret_from_fork+0x10/0x1c
01-01 05:55:52.510 0 0 E : INFO: trying to register non-static key.
01-01 05:55:52.515 0 0 E : the code is fine but needs lockdep annotation.
01-01 05:55:52.519 0 0 E bt_ioctl: BT_CMD_PWR_CTRL pwr_cntrl:0
01-01 05:55:52.521 0 0 I : CPU: 0 PID: 8 Comm: kworker/u16:0 Tainted: G S W O 4.19.157+ #1
01-01 05:55:52.521 0 0 I Hardware name: Qualcomm Technologies, Inc. kona MTP-RmPM8150b (DT)
01-01 05:55:52.521 0 0 I Workqueue: events_unbound ion_system_secure_heap_prefetch_work
01-01 05:55:52.521 0 0 I Call trace:
01-01 05:55:52.521 0 0 I : dump_backtrace+0x0/0x258
01-01 05:55:52.521 0 0 I : show_stack+0x20/0x30
01-01 05:55:52.521 0 0 I : dump_stack+0xd8/0x12c
01-01 05:55:52.521 0 0 I : register_lock_class+0x4d0/0x5c8
01-01 05:55:52.521 0 0 I : __lock_acquire+0xbc/0x1e58
01-01 05:55:52.521 0 0 I : lock_acquire+0x1cc/0x218
01-01 05:55:52.521 0 0 I : _raw_spin_lock_irqsave+0x54/0x98
01-01 05:55:52.521 0 0 I : ion_system_secure_heap_prefetch_work+0x94/0x2c0
01-01 05:55:52.526 0 0 I : process_one_work+0x38c/0x660
01-01 05:55:52.526 0 0 I : worker_thread+0x268/0x4b8
01-01 05:55:52.526 0 0 I : kthread+0x140/0x150
01-01 05:55:52.526 0 0 I : ret_from_fork+0x10/0x1c
01-01 05:55:52.526 0 0 E bt_ioctl: BT state already:0 no change done
01-01 05:55:52.534 0 0 E bt_ioctl: BT_CMD_PWR_CTRL pwr_cntrl:1
01-01 05:55:52.536 0 0 I msm_vidc: high: 00000001: vp8d: Closed video instance: ffffffed1e468000
08-16 16:52:14.720 1142 1758 I StatusBarManagerService: registerStatusBar bar=com.android.internal.statusbar.IStatusBar$Stub$Proxy@ae86e5f
08-16 16:52:14.732 1142 1758 D CompatibilityChangeReporter: Compat change id reported: 168419799; UID 10132; state: DISABLED
01-01 05:55:52.557 0 0 I bt_power vendor: bt_qca6390: Linked as a consumer to regulator.9
08-16 16:52:14.741 1142 1243 W ActivityManager: Slow operation: 1592ms so far, now at startProcess: returned from zygote!
08-16 16:52:14.741 1142 1242 I DropBoxManagerService: add tag=system_server_wtf isTagEnabled=true flags=0x2
08-16 16:52:14.751 1142 1243 W ActivityManager: Slow operation: 1602ms so far, now at startProcess: done updating battery stats
08-16 16:52:14.751 1142 1243 W ActivityManager: Slow operation: 1602ms so far, now at startProcess: building log message
08-16 16:52:14.751 1142 1243 I ActivityManager: Start proc 2293:com.android.se/1068 for added application com.android.se
08-16 16:52:14.751 1142 1243 W ActivityManager: Slow operation: 1602ms so far, now at startProcess: starting to update pids map
08-16 16:52:14.751 1142 1243 W ActivityManager: Slow operation: 1603ms so far, now at startProcess: done updating pids map
08-16 16:52:14.751 1142 1243 W ActivityManager: Slow operation: 1602ms so far, now at startProcess: asking zygote to start proc
01-01 05:55:52.557 0 0 E bt_vreg_enable: vreg_en successful for : qca,bt-vdd-aon
01-01 05:55:52.568 0 0 I bt_power vendor: bt_qca6390: Linked as a consumer to regulator.51
01-01 05:55:52.568 0 0 E bt_vreg_enable: vreg_en successful for : qca,bt-vdd-dig
01-01 05:55:52.577 0 0 I bt_power vendor: bt_qca6390: Linked as a consumer to regulator.8
01-01 05:55:52.577 0 0 E bt_vreg_enable: vreg_en successful for : qca,bt-vdd-rfa1
01-01 05:55:52.585 0 0 I bt_power vendor: bt_qca6390: Linked as a consumer to regulator.36
01-01 05:55:52.586 0 0 E bt_vreg_enable: vreg_en successful for : qca,bt-vdd-rfa2
01-01 05:55:52.594 0 0 I bt_power vendor: bt_qca6390: Linked as a consumer to regulator.27
01-01 05:55:52.596 0 0 E bt_vreg_enable: vreg_en successful for : qca,bt-vdd-asd
01-01 05:55:52.641 0 0 E : INFO: trying to register non-static key.
01-01 05:55:52.646 0 0 E : the code is fine but needs lockdep annotation.
01-01 05:55:52.652 0 0 I : CPU: 0 PID: 8 Comm: kworker/u16:0 Tainted: G S W O 4.19.157+ #1
01-01 05:55:52.652 0 0 I Hardware name: Qualcomm Technologies, Inc. kona MTP-RmPM8150b (DT)
01-01 05:55:52.652 0 0 I Workqueue: events_unbound ion_system_secure_heap_prefetch_work
01-01 05:55:52.652 0 0 I Call trace:
01-01 05:55:52.652 0 0 I : dump_backtrace+0x0/0x258
01-01 05:55:52.652 0 0 I : show_stack+0x20/0x30
01-01 05:55:52.652 0 0 I : dump_stack+0xd8/0x12c
01-01 05:55:52.652 0 0 I : register_lock_class+0x4d0/0x5c8
01-01 05:55:52.652 0 0 I : __lock_acquire+0xbc/0x1e58
01-01 05:55:52.652 0 0 I : lock_acquire+0x1cc/0x218
01-01 05:55:52.652 0 0 I : _raw_spin_lock_irqsave+0x54/0x98
01-01 05:55:52.652 0 0 I : ion_system_secure_heap_prefetch_work+0x94/0x2c0
01-01 05:55:52.652 0 0 I : process_one_work+0x38c/0x660
01-01 05:55:52.652 0 0 I : worker_thread+0x268/0x4b8
01-01 05:55:52.652 0 0 I : kthread+0x140/0x150
01-01 05:55:52.652 0 0 I : ret_from_fork+0x10/0x1c
01-01 05:55:52.656 0 0 I binder : 2293:2293 ioctl 40046210 7fe0a4c4c4 returned -22
01-01 05:55:52.657 0 0 I bt_configure_gpios: BTON:Turn Bt Off bt-reset-gpio(1121) value(0)
01-01 05:55:52.657 0 0 I bt_configure_gpios: BTON:Turn Bt Off
01-01 05:55:52.657 0 0 I bt_configure_gpios: bt-sw-ctrl-gpio(1224) value(1)
01-01 05:55:52.657 0 0 I bt_enable_bt_reset_gpios_safely: bt_enable_bt_reset_gpios_safely: BTON:Turn Bt On
01-01 05:55:52.657 0 0 I bt_enable_bt_reset_gpios_safely: bt_enable_bt_reset_gpios_safely: wl-reset-gpio(1120) value(1)
01-01 05:55:52.657 0 0 I bt_enable_bt_reset_gpios_safely: bt_enable_bt_reset_gpios_safely: BTON: Asserting BT_EN
01-01 05:55:52.665 0 0 I [kworke][0x506700c3][16:52:14.860255] wlan: [278:I:HDD] hdd_pm_qos_add_request: 9360: Set cpu_mask 0f for affine_cores
01-01 05:55:52.665 0 0 I [kworke][0x50670391][16:52:14.860292] wlan: [278:I:HDD] hdd_pm_qos_add_request: 9362: Set cpu_mask 0f for affine_cores
01-01 05:55:52.667 0 0 D cnss : Sending ini sync request, state: 0x17, fw_log_mode: 1
01-01 05:55:52.674 0 0 E : INFO: trying to register non-static key.
08-16 16:52:14.840 1142 1243 W ActivityManager: Slow operation: 1691ms so far, now at startProcess: returned from zygote!
08-16 16:52:14.841 1142 1243 W ActivityManager: Slow operation: 1691ms so far, now at startProcess: done updating battery stats
08-16 16:52:14.841 1142 1243 W ActivityManager: Slow operation: 1691ms so far, now at startProcess: building log message
08-16 16:52:14.841 1142 1243 I ActivityManager: Start proc 2306:com.thundercomm.remotecontrolservice/1000 for added application com.thundercomm.remotecontrolservice
08-16 16:52:14.841 1142 1243 W ActivityManager: Slow operation: 1692ms so far, now at startProcess: starting to update pids map
08-16 16:52:14.842 1142 1243 W ActivityManager: Slow operation: 1692ms so far, now at startProcess: done updating pids map
08-16 16:52:14.842 1142 1243 W ActivityManager: Slow operation: 1691ms so far, now at startProcess: asking zygote to start proc
08-16 16:52:14.842 1142 1243 D CompatibilityChangeReporter: Compat change id reported: 143937733; UID 10085; state: ENABLED
08-16 16:52:14.880 1142 1758 D CompatibilityChangeReporter: Compat change id reported: 168419799; UID 1068; state: DISABLED
01-01 05:55:52.679 0 0 E : the code is fine but needs lockdep annotation.
01-01 05:55:52.685 0 0 I : CPU: 0 PID: 8 Comm: kworker/u16:0 Tainted: G S W O 4.19.157+ #1
01-01 05:55:52.685 0 0 I Hardware name: Qualcomm Technologies, Inc. kona MTP-RmPM8150b (DT)
01-01 05:55:52.685 0 0 I Workqueue: events_unbound ion_system_secure_heap_prefetch_work
01-01 05:55:52.685 0 0 I Call trace:
01-01 05:55:52.685 0 0 I : dump_backtrace+0x0/0x258
01-01 05:55:52.685 0 0 I : show_stack+0x20/0x30
01-01 05:55:52.685 0 0 I : dump_stack+0xd8/0x12c
01-01 05:55:52.685 0 0 I : register_lock_class+0x4d0/0x5c8
01-01 05:55:52.685 0 0 I : __lock_acquire+0xbc/0x1e58
01-01 05:55:52.685 0 0 I : lock_acquire+0x1cc/0x218
01-01 05:55:52.685 0 0 I : _raw_spin_lock_irqsave+0x54/0x98
01-01 05:55:52.685 0 0 I : ion_system_secure_heap_prefetch_work+0x94/0x2c0
01-01 05:55:52.685 0 0 I : process_one_work+0x38c/0x660
01-01 05:55:52.685 0 0 I : worker_thread+0x268/0x4b8
01-01 05:55:52.685 0 0 I : kthread+0x140/0x150
01-01 05:55:52.685 0 0 I : ret_from_fork+0x10/0x1c
01-01 05:55:52.694 0 0 I [kworke][0x506f7cdf][16:52:14.889216] wlan: [278:I:HIF] Initializing Runtime PM wakelock &sc->prevent_linkdown_lock
01-01 05:55:52.694 0 0 I [kworke][0x506f8084][16:52:14.889263] wlan: [278:I:HIF] hif_pci_enable_bus: con_mode = 0x0, WLAN_SOC_device_id = 0x1101
01-01 05:55:52.694 0 0 I [kworke][0x506f8452][16:52:14.889314] wlan: [278:I:HIF] hif_pci_enable_bus: hif_enable_pci done
01-01 05:55:52.694 0 0 I [kworke][0x506f95cd][16:52:14.889547] wlan: [278:I:HIF] *********** QCA6390 *************
01-01 05:55:52.694 0 0 I [kworke][0x506f965b][16:52:14.889554] wlan: [278:I:HIF] hif_pci_enable_bus: hif_type = 0x12, target_type = 0x17
01-01 05:55:52.694 0 0 I [kworke][0x506f96ef][16:52:14.889562] wlan: [278:I:HIF] hif_register_tbl_attach: HIF_TYPE_QCA6390
01-01 05:55:52.694 0 0 I [kworke][0x506f97f9][16:52:14.889576] wlan: [278:I:HIF] hif_target_register_tbl_attach: TARGET_TYPE_QCA6390
01-01 05:55:52.694 0 0 I [kworke][0x506f9879][16:52:14.889583] wlan: [278:I:HIF] hif_pci_enable_bus:Skip tgt_wake up for srng devices
01-01 05:55:52.695 0 0 E [kworke][0x506fbf6d][16:52:14.890102] wlan: [278:E:TXRX] hif_print_hal_shadow_register_cfg: num_config 28
01-01 05:55:52.704 0 0 E : INFO: trying to register non-static key.
01-01 05:55:52.711 0 0 E : the code is fine but needs lockdep annotation.
01-01 05:55:52.713 0 0 I bt_configure_gpios: BTON:Turn Bt On bt-reset-gpio(1121) value(1)
01-01 05:55:52.716 0 0 I msm_vidc: high: 00000001: ....d: Opening video instance: ffffffed9903c000, 1
01-01 05:55:52.716 0 0 I : CPU: 0 PID: 8 Comm: kworker/u16:0 Tainted: G S W O 4.19.157+ #1
01-01 05:55:52.716 0 0 I Hardware name: Qualcomm Technologies, Inc. kona MTP-RmPM8150b (DT)
01-01 05:55:52.716 0 0 I Workqueue: events_unbound ion_system_secure_heap_prefetch_work
01-01 05:55:52.716 0 0 I Call trace:
01-01 05:55:52.716 0 0 I : dump_backtrace+0x0/0x258
01-01 05:55:52.716 0 0 I : show_stack+0x20/0x30
01-01 05:55:52.716 0 0 I [kworke][0x50761b62][16:52:14.911809] wlan: [278:I:TXRX] hif_print_hal_shadow_register_cfg: i 0, val a3b034
01-01 05:55:52.716 0 0 I : dump_stack+0xd8/0x12c
01-01 05:55:52.716 0 0 I : register_lock_class+0x4d0/0x5c8
01-01 05:55:52.716 0 0 I [kworke][0x50761c8c][16:52:14.911824] wlan: [278:I:TXRX] hif_print_hal_shadow_register_cfg: i 1, val a3b03c
01-01 05:55:52.716 0 0 I : __lock_acquire+0xbc/0x1e58
01-01 05:55:52.716 0 0 I : lock_acquire+0x1cc/0x218
01-01 05:55:52.716 0 0 I [kworke][0x50761d68][16:52:14.911835] wlan: [278:I:TXRX] hif_print_hal_shadow_register_cfg: i 2, val a3b044
01-01 05:55:52.716 0 0 I : _raw_spin_lock_irqsave+0x54/0x98
01-01 05:55:52.716 0 0 I : ion_system_secure_heap_prefetch_work+0x94/0x2c0
01-01 05:55:52.716 0 0 I [kworke][0x50761e04][16:52:14.911843] wlan: [278:I:TXRX] hif_print_hal_shadow_register_cfg: i 3, val a3b04c
01-01 05:55:52.716 0 0 I : process_one_work+0x38c/0x660
01-01 05:55:52.716 0 0 I : worker_thread+0x268/0x4b8
01-01 05:55:52.716 0 0 I [kworke][0x50761eca][16:52:14.911853] wlan: [278:I:TXRX] hif_print_hal_shadow_register_cfg: i 4, val a3b054
01-01 05:55:52.716 0 0 I : kthread+0x140/0x150
01-01 05:55:52.716 0 0 I : ret_from_fork+0x10/0x1c
01-01 05:55:52.716 0 0 I [kworke][0x50761f69][16:52:14.911862] wlan: [278:I:TXRX] hif_print_hal_shadow_register_cfg: i 5, val a3b028
01-01 05:55:52.716 0 0 I [kworke][0x50762016][16:52:14.911871] wlan: [278:I:TXRX] hif_print_hal_shadow_register_cfg: i 6, val a3b020
01-01 05:55:52.716 0 0 I [kworke][0x50762083][16:52:14.911876] wlan: [278:I:TXRX] hif_print_hal_shadow_register_cfg: i 7, val a3b06c
01-01 05:55:52.716 0 0 I bt_configure_gpios: BTON:Turn Bt On
01-01 05:55:52.716 0 0 I [kworke][0x507620f1][16:52:14.911882] wlan: [278:I:TXRX] hif_print_hal_shadow_register_cfg: i 8, val a46000
01-01 05:55:52.716 0 0 I [kworke][0x50762171][16:52:14.911889] wlan: [278:I:TXRX] hif_print_hal_shadow_register_cfg: i 9, val a46008
01-01 05:55:52.716 0 0 I bt_configure_gpios: bt-sw-ctrl-gpio(1224) value(1)
01-01 05:55:52.716 0 0 I bt_configure_gpios: bt_gpio= 1121 on: 1 is successful
01-01 05:55:52.716 0 0 I [kworke][0x5076220b][16:52:14.911897] wlan: [278:I:TXRX] hif_print_hal_shadow_register_cfg: i 10, val a46010
01-01 05:55:52.716 0 0 I [kworke][0x50762291][16:52:14.911904] wlan: [278:I:TXRX] hif_print_hal_shadow_register_cfg: i 11, val a46018
01-01 05:55:52.716 0 0 I [kworke][0x50762311][16:52:14.911910] wlan: [278:I:TXRX] hif_print_hal_shadow_register_cfg: i 12, val a46034
01-01 05:55:52.716 0 0 I [kworke][0x5076238b][16:52:14.911917] wlan: [278:I:TXRX] hif_print_hal_shadow_register_cfg: i 13, val a370b0
01-01 05:55:52.716 0 0 I [kworke][0x50762404][16:52:14.911923] wlan: [278:I:TXRX] hif_print_hal_shadow_register_cfg: i 14, val a37018
01-01 05:55:52.716 0 0 I [kworke][0x5076247f][16:52:14.911929] wlan: [278:I:TXRX] hif_print_hal_shadow_register_cfg: i 15, val a370c4
01-01 05:55:52.716 0 0 I [kworke][0x507624f8][16:52:14.911936] wlan: [278:I:TXRX] hif_print_hal_shadow_register_cfg: i 16, val a370cc
01-01 05:55:52.716 0 0 I [kworke][0x50762711][16:52:14.911964] wlan: [278:I:TXRX] hif_print_hal_shadow_register_cfg: i 17, val a370d4
01-01 05:55:52.716 0 0 I [kworke][0x5076278b][16:52:14.911970] wlan: [278:I:TXRX] hif_print_hal_shadow_register_cfg: i 18, val a370dc
01-01 05:55:52.716 0 0 I [kworke][0x50762804][16:52:14.911976] wlan: [278:I:TXRX] hif_print_hal_shadow_register_cfg: i 19, val a00400
01-01 05:55:52.717 0 0 I [kworke][0x5076287e][16:52:14.911983] wlan: [278:I:TXRX] hif_print_hal_shadow_register_cfg: i 20, val a03400
01-01 05:55:52.717 0 0 I [kworke][0x507628f7][16:52:14.911989] wlan: [278:I:TXRX] hif_print_hal_shadow_register_cfg: i 21, val a0340c
01-01 05:55:52.717 0 0 I [kworke][0x50762971][16:52:14.911995] wlan: [278:I:TXRX] hif_print_hal_shadow_register_cfg: i 22, val a05400
01-01 05:55:52.717 0 0 I [kworke][0x507629ea][16:52:14.912002] wlan: [278:I:TXRX] hif_print_hal_shadow_register_cfg: i 23, val a0540c
01-01 05:55:52.717 0 0 I [kworke][0x50762a63][16:52:14.912008] wlan: [278:I:TXRX] hif_print_hal_shadow_register_cfg: i 24, val a06400
01-01 05:55:52.717 0 0 I [kworke][0x50762adc][16:52:14.912014] wlan: [278:I:TXRX] hif_print_hal_shadow_register_cfg: i 25, val a08400
01-01 05:55:52.717 0 0 I [kworke][0x50762b54][16:52:14.912021] wlan: [278:I:TXRX] hif_print_hal_shadow_register_cfg: i 26, val a0b400
01-01 05:55:52.717 0 0 I [kworke][0x50762bcc][16:52:14.912027] wlan: [278:I:TXRX] hif_print_hal_shadow_register_cfg: i 27, val a0b40c
01-01 05:55:52.717 0 0 D cnss : Mode: 0, config: ffffff801a26b7b8, host_version: 5.2.022.10G
01-01 05:55:52.717 0 0 D cnss : Sending WLAN config message, state: 0x17
01-01 05:55:52.725 0 0 D cnss : Sending mode message, mode: MISSION(0), state: 0x17
01-01 05:55:52.733 0 0 I msm_vidc: high: 00000001: vp9d: Closed video instance: ffffffed9903c000
01-01 05:55:52.740 0 0 E : INFO: trying to register non-static key.
01-01 05:55:52.745 0 0 E : the code is fine but needs lockdep annotation.
01-01 05:55:52.751 0 0 I : CPU: 0 PID: 8 Comm: kworker/u16:0 Tainted: G S W O 4.19.157+ #1
01-01 05:55:52.751 0 0 I Hardware name: Qualcomm Technologies, Inc. kona MTP-RmPM8150b (DT)
01-01 05:55:52.751 0 0 I Workqueue: events_unbound ion_system_secure_heap_prefetch_work
01-01 05:55:52.751 0 0 I Call trace:
01-01 05:55:52.751 0 0 I : dump_backtrace+0x0/0x258
01-01 05:55:52.751 0 0 I : show_stack+0x20/0x30
01-01 05:55:52.751 0 0 I : dump_stack+0xd8/0x12c
01-01 05:55:52.751 0 0 I : register_lock_class+0x4d0/0x5c8
01-01 05:55:52.751 0 0 I : __lock_acquire+0xbc/0x1e58
01-01 05:55:52.751 0 0 I : lock_acquire+0x1cc/0x218
01-01 05:55:52.751 0 0 I : _raw_spin_lock_irqsave+0x54/0x98
01-01 05:55:52.751 0 0 I : ion_system_secure_heap_prefetch_work+0x94/0x2c0
01-01 05:55:52.751 0 0 I : process_one_work+0x38c/0x660
01-01 05:55:52.751 0 0 I : worker_thread+0x268/0x4b8
01-01 05:55:52.751 0 0 I : kthread+0x140/0x150
01-01 05:55:52.751 0 0 I : ret_from_fork+0x10/0x1c
01-01 05:55:52.756 0 0 D cnss : Received QMI WLFW pin connect result indication
01-01 05:55:52.756 0 0 D cnss : Pin connect Result: pwr_pin: 0x1 phy_io_pin: 0x0 rf_io_pin: 0x0
01-01 05:55:52.756 0 0 D cnss : Assign MSI to user: CE, num_vectors: 10, user_base_data: 803, base_vector: 3
01-01 05:55:52.777 0 0 E bt_ioctl: unified Current SOC Version : 400a0200
08-16 16:52:14.938 1142 1243 W ActivityManager: Slow operation: 1788ms so far, now at startProcess: returned from zygote!
08-16 16:52:14.939 1142 1243 W ActivityManager: Slow operation: 1789ms so far, now at startProcess: done updating battery stats
08-16 16:52:14.939 1142 1243 W ActivityManager: Slow operation: 1789ms so far, now at startProcess: building log message
08-16 16:52:14.940 1142 1243 I ActivityManager: Start proc 2328:com.qualcomm.qti.devicestatisticsservice/u0a85 for added application com.qualcomm.qti.devicestatisticsservice
08-16 16:52:14.940 1142 1243 W ActivityManager: Slow operation: 1789ms so far, now at startProcess: starting to update pids map
08-16 16:52:14.940 1142 1243 W ActivityManager: Slow operation: 1790ms so far, now at startProcess: done updating pids map
08-16 16:52:14.941 1142 1243 W ActivityManager: Slow operation: 1788ms so far, now at startProcess: asking zygote to start proc
01-01 05:55:52.778 0 0 E : INFO: trying to register non-static key.
01-01 05:55:52.783 0 0 I binder : 2306:2306 ioctl 40046210 7fe0a4c4c4 returned -22
01-01 05:55:52.788 0 0 E : the code is fine but needs lockdep annotation.
01-01 05:55:52.788 0 0 I : CPU: 0 PID: 8 Comm: kworker/u16:0 Tainted: G S W O 4.19.157+ #1
01-01 05:55:52.788 0 0 I Hardware name: Qualcomm Technologies, Inc. kona MTP-RmPM8150b (DT)
01-01 05:55:52.788 0 0 I Workqueue: events_unbound ion_system_secure_heap_prefetch_work
01-01 05:55:52.788 0 0 I Call trace:
01-01 05:55:52.788 0 0 I : dump_backtrace+0x0/0x258
01-01 05:55:52.788 0 0 I : show_stack+0x20/0x30
01-01 05:55:52.788 0 0 I : dump_stack+0xd8/0x12c
01-01 05:55:52.788 0 0 I : register_lock_class+0x4d0/0x5c8
01-01 05:55:52.788 0 0 I : __lock_acquire+0xbc/0x1e58
01-01 05:55:52.788 0 0 I : lock_acquire+0x1cc/0x218
01-01 05:55:52.788 0 0 I : _raw_spin_lock_irqsave+0x54/0x98
01-01 05:55:52.788 0 0 I : ion_system_secure_heap_prefetch_work+0x94/0x2c0
01-01 05:55:52.788 0 0 I : process_one_work+0x38c/0x660
01-01 05:55:52.788 0 0 I : worker_thread+0x268/0x4b8
01-01 05:55:52.788 0 0 I : kthread+0x140/0x150
01-01 05:55:52.788 0 0 I : ret_from_fork+0x10/0x1c
01-01 05:55:52.790 0 0 I [kworke][0x508bb7ce][16:52:14.985576] wlan: [278:I:HIF] ce_srng_dest_ring_setup: ce_id 1
01-01 05:55:52.794 0 0 D cnss : Assign MSI to user: CE, num_vectors: 10, user_base_data: 803, base_vector: 3
01-01 05:55:52.794 0 0 I [kworke][0x508cef70][16:52:14.989730] wlan: [278:I:HIF] ce_srng_status_ring_setup: ce_id 1
01-01 05:55:52.794 0 0 D cnss : Assign MSI to user: CE, num_vectors: 10, user_base_data: 803, base_vector: 3
01-01 05:55:52.795 0 0 I [kworke][0x508d3291][16:52:14.990625] wlan: [278:I:HIF] ce_srng_dest_ring_setup: ce_id 2
01-01 05:55:52.795 0 0 D cnss : Assign MSI to user: CE, num_vectors: 10, user_base_data: 803, base_vector: 3
01-01 05:55:52.796 0 0 I [kworke][0x508d5e94][16:52:14.991212] wlan: [278:I:HIF] ce_srng_status_ring_setup: ce_id 2
01-01 05:55:52.796 0 0 D cnss : Assign MSI to user: CE, num_vectors: 10, user_base_data: 803, base_vector: 3
01-01 05:55:52.797 0 0 D cnss : Assign MSI to user: CE, num_vectors: 10, user_base_data: 803, base_vector: 3
01-01 05:55:52.798 0 0 I msm_vidc: high: 00000001: ....d: Opening video instance: ffffffed0caa4000, 1
01-01 05:55:52.808 0 0 E : INFO: trying to register non-static key.
01-01 05:55:52.813 0 0 E : the code is fine but needs lockdep annotation.
01-01 05:55:52.815 0 0 E : INFO: trying to register non-static key.
01-01 05:55:52.818 0 0 I : CPU: 0 PID: 8 Comm: kworker/u16:0 Tainted: G S W O 4.19.157+ #1
01-01 05:55:52.824 0 0 E : the code is fine but needs lockdep annotation.
01-01 05:55:52.829 0 0 I Hardware name: Qualcomm Technologies, Inc. kona MTP-RmPM8150b (DT)
01-01 05:55:52.829 0 0 I Workqueue: events_unbound ion_system_secure_heap_prefetch_work
01-01 05:55:52.829 0 0 I Call trace:
01-01 05:55:52.829 0 0 I : dump_backtrace+0x0/0x258
01-01 05:55:52.829 0 0 I : show_stack+0x20/0x30
01-01 05:55:52.829 0 0 I : dump_stack+0xd8/0x12c
01-01 05:55:52.829 0 0 I : register_lock_class+0x4d0/0x5c8
01-01 05:55:52.829 0 0 I : __lock_acquire+0xbc/0x1e58
01-01 05:55:52.829 0 0 I : lock_acquire+0x1cc/0x218
08-16 16:52:15.002 1142 1220 I DropBoxManagerService: add tag=system_server_strictmode isTagEnabled=true flags=0x2
08-16 16:52:15.006 1142 1220 I DropBoxManagerService: add tag=system_server_strictmode isTagEnabled=true flags=0x2
08-16 16:52:15.012 1142 1758 D CompatibilityChangeReporter: Compat change id reported: 168419799; UID 1000; state: DISABLED
01-01 05:55:52.829 0 0 I : _raw_spin_lock_irqsave+0x54/0x98
01-01 05:55:52.829 0 0 I : ion_system_secure_heap_prefetch_work+0x94/0x2c0
01-01 05:55:52.829 0 0 I : process_one_work+0x38c/0x660
01-01 05:55:52.829 0 0 I : worker_thread+0x268/0x4b8
08-16 16:52:15.015 1142 1220 I DropBoxManagerService: add tag=system_server_strictmode isTagEnabled=true flags=0x2
01-01 05:55:52.829 0 0 I : kthread+0x140/0x150
01-01 05:55:52.829 0 0 I : ret_from_fork+0x10/0x1c
01-01 05:55:52.829 0 0 I : CPU: 5 PID: 2342 Comm: VideoDecMsgThre Tainted: G S W O 4.19.157+ #1
01-01 05:55:52.829 0 0 I Hardware name: Qualcomm Technologies, Inc. kona MTP-RmPM8150b (DT)
01-01 05:55:52.829 0 0 I Call trace:
01-01 05:55:52.829 0 0 I : dump_backtrace+0x0/0x258
01-01 05:55:52.829 0 0 I : show_stack+0x20/0x30
01-01 05:55:52.829 0 0 I : dump_stack+0xd8/0x12c
01-01 05:55:52.829 0 0 I : register_lock_class+0x4d0/0x5c8
01-01 05:55:52.829 0 0 I : __lock_acquire+0xbc/0x1e58
01-01 05:55:52.829 0 0 I : lock_acquire+0x1cc/0x218
01-01 05:55:52.829 0 0 I : _raw_spin_lock_irqsave+0x54/0x98
01-01 05:55:52.829 0 0 I : __ion_system_secure_heap_resize+0x768/0x8c0
01-01 05:55:52.829 0 0 I : ion_system_secure_heap_prefetch+0x28/0x38
01-01 05:55:52.829 0 0 I : ion_walk_heaps+0x88/0xb8
01-01 05:55:52.829 0 0 I : ion_ioctl+0x1b0/0x2a8
01-01 05:55:52.829 0 0 I : __arm64_compat_sys_ioctl+0xf4/0x240
01-01 05:55:52.829 0 0 I : el0_svc_common+0xa4/0x190
01-01 05:55:52.829 0 0 I : el0_svc_compat_handler+0x28/0x38
01-01 05:55:52.829 0 0 I : el0_svc_compat+0x8/0x34
01-01 05:55:52.837 0 0 E : INFO: trying to register non-static key.
01-01 05:55:52.841 0 0 I binder : 2328:2328 ioctl 40046210 7fe0a4c4c4 returned -22
01-01 05:55:52.842 0 0 E : the code is fine but needs lockdep annotation.
01-01 05:55:52.842 0 0 I : CPU: 6 PID: 2144 Comm: HwBinder:1307_3 Tainted: G S W O 4.19.157+ #1
01-01 05:55:52.847 0 0 I Hardware name: Qualcomm Technologies, Inc. kona MTP-RmPM8150b (DT)
01-01 05:55:52.847 0 0 I Call trace:
01-01 05:55:52.847 0 0 I : dump_backtrace+0x0/0x258
01-01 05:55:52.847 0 0 I : show_stack+0x20/0x30
01-01 05:55:52.847 0 0 I : dump_stack+0xd8/0x12c
08-16 16:52:15.048 1142 1220 I DropBoxManagerService: add tag=system_app_strictmode isTagEnabled=true flags=0x2
08-16 16:52:15.057 1142 2084 D CompatibilityChangeReporter: Compat change id reported: 168419799; UID 10085; state: DISABLED
08-16 16:52:15.062 1142 1220 I DropBoxManagerService: add tag=system_app_strictmode isTagEnabled=true flags=0x2
08-16 16:52:15.063 1142 1220 I DropBoxManagerService: add tag=system_app_strictmode isTagEnabled=true flags=0x2
08-16 16:52:15.064 1142 1220 I DropBoxManagerService: add tag=system_app_strictmode isTagEnabled=true flags=0x2
01-01 05:55:52.847 0 0 I : register_lock_class+0x4d0/0x5c8
01-01 05:55:52.847 0 0 I : __lock_acquire+0xbc/0x1e58
01-01 05:55:52.847 0 0 I : lock_acquire+0x1cc/0x218
01-01 05:55:52.847 0 0 I : _raw_spin_lock_irqsave+0x54/0x98
01-01 05:55:52.847 0 0 I : __ion_system_secure_heap_resize+0x768/0x8c0
01-01 05:55:52.847 0 0 I : ion_system_secure_heap_drain+0x28/0x38
08-16 16:52:15.068 1142 1243 W ActivityManager: Slow operation: 1916ms so far, now at startProcess: returned from zygote!
01-01 05:55:52.847 0 0 I : ion_walk_heaps+0x88/0xb8
08-16 16:52:15.069 1142 1243 W ActivityManager: Slow operation: 1916ms so far, now at startProcess: done updating battery stats
08-16 16:52:15.069 1142 1243 I Watchdog: Interesting Java process com.android.phone started. Pid 2360
08-16 16:52:15.069 1142 1243 W ActivityManager: Slow operation: 1916ms so far, now at startProcess: building log message
01-01 05:55:52.847 0 0 I : ion_ioctl+0x1b0/0x2a8
01-01 05:55:52.847 0 0 I : __arm64_compat_sys_ioctl+0xf4/0x240
08-16 16:52:15.069 1142 1243 I ActivityManager: Start proc 2360:com.android.phone/1001 for added application com.android.phone
08-16 16:52:15.069 1142 1243 W ActivityManager: Slow operation: 1916ms so far, now at startProcess: starting to update pids map
08-16 16:52:15.072 1142 1243 W ActivityManager: Slow operation: 1919ms so far, now at startProcess: done updating pids map
08-16 16:52:15.072 1142 1243 W ActivityManager: Slow operation: 1917ms so far, now at startProcess: asking zygote to start proc
01-01 05:55:52.847 0 0 I : el0_svc_common+0xa4/0x190
01-01 05:55:52.847 0 0 I : el0_svc_compat_handler+0x28/0x38
01-01 05:55:52.847 0 0 I : el0_svc_compat+0x8/0x34
01-01 05:55:52.851 0 0 E : INFO: trying to register non-static key.
01-01 05:55:52.853 0 0 I msm_vidc: high: 00000001: vp9d: Closed video instance: ffffffed0caa4000
01-01 05:55:52.856 0 0 E : the code is fine but needs lockdep annotation.
01-01 05:55:52.856 0 0 I : CPU: 0 PID: 8 Comm: kworker/u16:0 Tainted: G S W O 4.19.157+ #1
01-01 05:55:52.858 0 0 I [kworke][0x509f7ab3][16:52:15.053027] wlan: [278:I:HIF] ce_srng_dest_ring_setup: ce_id 5
01-01 05:55:52.858 0 0 D cnss : Assign MSI to user: CE, num_vectors: 10, user_base_data: 803, base_vector: 3
01-01 05:55:52.858 0 0 I binder : 2293:2293 ioctl 40046210 7fe0a4b474 returned -22
01-01 05:55:52.858 0 0 I [kworke][0x509f96c8][16:52:15.053402] wlan: [278:I:HIF] ce_srng_status_ring_setup: ce_id 5
01-01 05:55:52.858 0 0 D cnss : Assign MSI to user: CE, num_vectors: 10, user_base_data: 803, base_vector: 3
01-01 05:55:52.859 0 0 I [kworke][0x509fc497][16:52:15.054013] wlan: [278:I:HIF] hif_configure_irq: E
01-01 05:55:52.859 0 0 D cnss : Assign MSI to user: WAKE, num_vectors: 1, user_base_data: 813, base_vector: 13
01-01 05:55:52.859 0 0 D cnss : Get IRQ number 425 for vector index 13
01-01 05:55:52.859 0 0 D cnss : Assign MSI to user: CE, num_vectors: 10, user_base_data: 803, base_vector: 3
01-01 05:55:52.859 0 0 D cnss : Get IRQ number 415 for vector index 3
01-01 05:55:52.860 0 0 D cnss : Get IRQ number 416 for vector index 4
01-01 05:55:52.862 0 0 I Hardware name: Qualcomm Technologies, Inc. kona MTP-RmPM8150b (DT)
01-01 05:55:52.862 0 0 I Workqueue: events_unbound ion_system_secure_heap_prefetch_work
01-01 05:55:52.862 0 0 I Call trace:
01-01 05:55:52.862 0 0 I : dump_backtrace+0x0/0x258
01-01 05:55:52.862 0 0 I : show_stack+0x20/0x30
01-01 05:55:52.862 0 0 I : dump_stack+0xd8/0x12c
01-01 05:55:52.862 0 0 I : register_lock_class+0x4d0/0x5c8
01-01 05:55:52.862 0 0 I : __lock_acquire+0xbc/0x1e58
01-01 05:55:52.862 0 0 I : lock_acquire+0x1cc/0x218
01-01 05:55:52.862 0 0 I : _raw_spin_lock_irqsave+0x54/0x98
01-01 05:55:52.862 0 0 I : ion_system_secure_heap_prefetch_work+0x94/0x2c0
01-01 05:55:52.862 0 0 I : process_one_work+0x38c/0x660
01-01 05:55:52.862 0 0 I : worker_thread+0x268/0x4b8
01-01 05:55:52.862 0 0 I : kthread+0x140/0x150
01-01 05:55:52.862 0 0 I : ret_from_fork+0x10/0x1c
01-01 05:55:52.868 0 0 D cnss : Get IRQ number 417 for vector index 5
01-01 05:55:52.869 0 0 D cnss : Get IRQ number 418 for vector index 6
01-01 05:55:52.869 0 0 D cnss : Get IRQ number 420 for vector index 8
01-01 05:55:52.870 0 0 D cnss : Get IRQ number 421 for vector index 9
01-01 05:55:52.870 0 0 D cnss : Get IRQ number 423 for vector index 11
01-01 05:55:52.873 0 0 E [kworke][0x50a3ec6c][16:52:15.068198] wlan: [278:E:mlme] mlme_init_reg_cfg: 2374: null pdev
01-01 05:55:52.884 0 0 E [kworke][0x50a7193d][16:52:15.079034] wlan: [278:E:WMI] WMI handle is NULL
01-01 05:55:52.892 0 0 I [kworke][0x50a99d0a][16:52:15.087618] wlan: [278:I:HIF] Initializing Runtime PM wakelock &p2p_soc_obj->roc_runtime_lock
01-01 05:55:52.892 0 0 D cnss : Platform cap_flag is 0x4
01-01 05:55:52.892 0 0 E [kworke][0x50a9ad8f][16:52:15.087840] wlan: [278:E:QDF] cds_get_context: 1486: Module ID 66 context is Null
01-01 05:55:52.898 0 0 E : INFO: trying to register non-static key.
01-01 05:55:52.909 0 0 E : the code is fine but needs lockdep annotation.
01-01 05:55:52.914 0 0 I : CPU: 4 PID: 8 Comm: kworker/u16:0 Tainted: G S W O 4.19.157+ #1
01-01 05:55:52.914 0 0 I Hardware name: Qualcomm Technologies, Inc. kona MTP-RmPM8150b (DT)
01-01 05:55:52.914 0 0 I Workqueue: events_unbound ion_system_secure_heap_prefetch_work
01-01 05:55:52.914 0 0 I Call trace:
01-01 05:55:52.914 0 0 I : dump_backtrace+0x0/0x258
01-01 05:55:52.914 0 0 I : show_stack+0x20/0x30
01-01 05:55:52.914 0 0 I : dump_stack+0xd8/0x12c
01-01 05:55:52.914 0 0 I : register_lock_class+0x4d0/0x5c8
01-01 05:55:52.914 0 0 I : __lock_acquire+0xbc/0x1e58
01-01 05:55:52.914 0 0 I : lock_acquire+0x1cc/0x218
01-01 05:55:52.914 0 0 I : _raw_spin_lock_irqsave+0x54/0x98
01-01 05:55:52.914 0 0 I : ion_system_secure_heap_prefetch_work+0x94/0x2c0
01-01 05:55:52.914 0 0 I : process_one_work+0x38c/0x660
01-01 05:55:52.914 0 0 I : worker_thread+0x268/0x4b8
01-01 05:55:52.914 0 0 I : kthread+0x140/0x150
01-01 05:55:52.914 0 0 I : ret_from_fork+0x10/0x1c
01-01 05:55:52.940 0 0 E : INFO: trying to register non-static key.
01-01 05:55:52.945 0 0 E : the code is fine but needs lockdep annotation.
01-01 05:55:52.951 0 0 I : CPU: 5 PID: 8 Comm: kworker/u16:0 Tainted: G S W O 4.19.157+ #1
01-01 05:55:52.951 0 0 I Hardware name: Qualcomm Technologies, Inc. kona MTP-RmPM8150b (DT)
01-01 05:55:52.951 0 0 I Workqueue: events_unbound ion_system_secure_heap_prefetch_work
01-01 05:55:52.951 0 0 I Call trace:
01-01 05:55:52.951 0 0 I : dump_backtrace+0x0/0x258
01-01 05:55:52.951 0 0 I : show_stack+0x20/0x30
01-01 05:55:52.951 0 0 I : dump_stack+0xd8/0x12c
01-01 05:55:52.951 0 0 I : register_lock_class+0x4d0/0x5c8
01-01 05:55:52.951 0 0 I : __lock_acquire+0xbc/0x1e58
01-01 05:55:52.951 0 0 I : lock_acquire+0x1cc/0x218
01-01 05:55:52.951 0 0 I : _raw_spin_lock_irqsave+0x54/0x98
01-01 05:55:52.951 0 0 I : ion_system_secure_heap_prefetch_work+0x94/0x2c0
01-01 05:55:52.951 0 0 I : process_one_work+0x38c/0x660
01-01 05:55:52.951 0 0 I : worker_thread+0x268/0x4b8
01-01 05:55:52.951 0 0 I : kthread+0x140/0x150
01-01 05:55:52.951 0 0 I : ret_from_fork+0x10/0x1c
01-01 05:55:52.970 0 0 E : INFO: trying to register non-static key.
01-01 05:55:52.975 0 0 I msm_vidc: high: 00000001: ....e: Opening video instance: ffffffed9850c000, 0
01-01 05:55:52.975 0 0 E : the code is fine but needs lockdep annotation.
01-01 05:55:52.975 0 0 I : CPU: 4 PID: 8 Comm: kworker/u16:0 Tainted: G S W O 4.19.157+ #1
01-01 05:55:52.975 0 0 I Hardware name: Qualcomm Technologies, Inc. kona MTP-RmPM8150b (DT)
01-01 05:55:52.975 0 0 I Workqueue: events_unbound ion_system_secure_heap_prefetch_work
01-01 05:55:52.981 0 0 I Call trace:
01-01 05:55:52.981 0 0 I : dump_backtrace+0x0/0x258
01-01 05:55:52.981 0 0 I : show_stack+0x20/0x30
01-01 05:55:52.981 0 0 I : dump_stack+0xd8/0x12c
01-01 05:55:52.981 0 0 I : register_lock_class+0x4d0/0x5c8
01-01 05:55:52.981 0 0 I : __lock_acquire+0xbc/0x1e58
01-01 05:55:52.981 0 0 I : lock_acquire+0x1cc/0x218
01-01 05:55:52.981 0 0 I : _raw_spin_lock_irqsave+0x54/0x98
01-01 05:55:52.981 0 0 I : ion_system_secure_heap_prefetch_work+0x94/0x2c0
01-01 05:55:52.981 0 0 I : process_one_work+0x38c/0x660
01-01 05:55:52.981 0 0 I : worker_thread+0x268/0x4b8
01-01 05:55:52.981 0 0 I : kthread+0x140/0x150
01-01 05:55:52.981 0 0 I : ret_from_fork+0x10/0x1c
01-01 05:55:52.998 0 0 E : INFO: trying to register non-static key.
01-01 05:55:53.003 0 0 E : the code is fine but needs lockdep annotation.
01-01 05:55:53.008 0 0 I : CPU: 4 PID: 8 Comm: kworker/u16:0 Tainted: G S W O 4.19.157+ #1
01-01 05:55:53.008 0 0 I Hardware name: Qualcomm Technologies, Inc. kona MTP-RmPM8150b (DT)
01-01 05:55:53.008 0 0 I Workqueue: events_unbound ion_system_secure_heap_prefetch_work
01-01 05:55:53.008 0 0 I Call trace:
01-01 05:55:53.008 0 0 I : dump_backtrace+0x0/0x258
01-01 05:55:53.008 0 0 I : show_stack+0x20/0x30
01-01 05:55:53.008 0 0 I : dump_stack+0xd8/0x12c
01-01 05:55:53.008 0 0 I : register_lock_class+0x4d0/0x5c8
01-01 05:55:53.008 0 0 I : __lock_acquire+0xbc/0x1e58
01-01 05:55:53.008 0 0 I : lock_acquire+0x1cc/0x218
01-01 05:55:53.008 0 0 I : _raw_spin_lock_irqsave+0x54/0x98
01-01 05:55:53.008 0 0 I : ion_system_secure_heap_prefetch_work+0x94/0x2c0
01-01 05:55:53.008 0 0 I : process_one_work+0x38c/0x660
01-01 05:55:53.008 0 0 I : worker_thread+0x268/0x4b8
01-01 05:55:53.008 0 0 I : kthread+0x140/0x150
01-01 05:55:53.008 0 0 I : ret_from_fork+0x10/0x1c
01-01 05:55:53.017 0 0 I msm_vidc: high: 00000001: h264e: Closed video instance: ffffffed9850c000
08-16 16:52:15.208 1142 1243 W ActivityManager: Slow operation: 2053ms so far, now at startProcess: returned from zygote!
08-16 16:52:15.208 1142 1243 W ActivityManager: Slow operation: 2054ms so far, now at startProcess: done updating battery stats
08-16 16:52:15.208 1142 1243 W ActivityManager: Slow operation: 2054ms so far, now at startProcess: building log message
08-16 16:52:15.208 1142 1243 I ActivityManager: Start proc 2378:com.qualcomm.qti.qdma/1000 for added application com.qualcomm.qti.qdma
08-16 16:52:15.209 1142 1243 W ActivityManager: Slow operation: 2054ms so far, now at startProcess: starting to update pids map
08-16 16:52:15.209 1142 1243 W ActivityManager: Slow operation: 2054ms so far, now at startProcess: done updating pids map
08-16 16:52:15.209 1142 1243 W ActivityManager: Slow operation: 1871ms so far, now at startProcess: asking zygote to start proc
08-16 16:52:15.231 1822 1822 D SystemUIBootTiming: StartServicescom.android.systemui.statusbar.phone.StatusBar took to complete: 820ms
08-16 16:52:15.238 1822 1822 D SystemUIBootTiming: StartServicescom.android.systemui.usb.StorageNotification took to complete: 7ms
01-01 05:55:53.023 0 0 E : INFO: trying to register non-static key.
01-01 05:55:53.028 0 0 E : the code is fine but needs lockdep annotation.
01-01 05:55:53.029 0 0 E [kworke][0x50d1ac2b][16:52:15.224352] wlan: [278:E:QDF] cds_get_context: 1486: Module ID 66 context is Null
01-01 05:55:53.034 0 0 I : CPU: 4 PID: 8 Comm: kworker/u16:0 Tainted: G S W O 4.19.157+ #1
01-01 05:55:53.034 0 0 I Hardware name: Qualcomm Technologies, Inc. kona MTP-RmPM8150b (DT)
01-01 05:55:53.034 0 0 I Workqueue: events_unbound ion_system_secure_heap_prefetch_work
01-01 05:55:53.034 0 0 I Call trace:
01-01 05:55:53.034 0 0 I : dump_backtrace+0x0/0x258
01-01 05:55:53.034 0 0 I : show_stack+0x20/0x30
01-01 05:55:53.045 0 0 I : dump_stack+0xd8/0x12c
01-01 05:55:53.045 0 0 I : register_lock_class+0x4d0/0x5c8
01-01 05:55:53.045 0 0 I : __lock_acquire+0xbc/0x1e58
01-01 05:55:53.045 0 0 I : lock_acquire+0x1cc/0x218
01-01 05:55:53.045 0 0 I : _raw_spin_lock_irqsave+0x54/0x98
01-01 05:55:53.045 0 0 I : ion_system_secure_heap_prefetch_work+0x94/0x2c0
01-01 05:55:53.045 0 0 I : process_one_work+0x38c/0x660
01-01 05:55:53.045 0 0 I : worker_thread+0x268/0x4b8
01-01 05:55:53.045 0 0 I : kthread+0x140/0x150
01-01 05:55:53.045 0 0 I : ret_from_fork+0x10/0x1c
08-16 16:52:15.241 1822 2130 W ActivityThread: Failed to find provider info for com.android.contacts (user not unlocked)
01-01 05:55:53.056 0 0 I [kworke][0x50d97a79][16:52:15.250997] wlan: [278:I:HIF] Initializing Runtime PM wakelock &psoc_wakelock->wmi_cmd_rsp_runtime_lock
01-01 05:55:53.056 0 0 E : INFO: trying to register non-static key.
01-01 05:55:53.060 0 0 F [kworke][0x50daba58][16:52:15.255261] wlan: [278:F:WMA] WMA --> wmi_unified_attach - success
01-01 05:55:53.061 0 0 E : the code is fine but needs lockdep annotation.
01-01 05:55:53.061 0 0 I : CPU: 4 PID: 8 Comm: kworker/u16:0 Tainted: G S W O 4.19.157+ #1
01-01 05:55:53.061 0 0 I Hardware name: Qualcomm Technologies, Inc. kona MTP-RmPM8150b (DT)
01-01 05:55:53.061 0 0 I Workqueue: events_unbound ion_system_secure_heap_prefetch_work
01-01 05:55:53.061 0 0 I Call trace:
01-01 05:55:53.061 0 0 I : dump_backtrace+0x0/0x258
01-01 05:55:53.061 0 0 I : show_stack+0x20/0x30
01-01 05:55:53.061 0 0 I : dump_stack+0xd8/0x12c
01-01 05:55:53.061 0 0 I : register_lock_class+0x4d0/0x5c8
01-01 05:55:53.061 0 0 I : __lock_acquire+0xbc/0x1e58
01-01 05:55:53.061 0 0 I : lock_acquire+0x1cc/0x218
01-01 05:55:53.061 0 0 I binder : 2360:2360 ioctl 40046210 7fe0a4c4c4 returned -22
01-01 05:55:53.071 0 0 I [kworke][0x50de27b1][16:52:15.266959] wlan: [278:I:HIF] Initializing Runtime PM wakelock &vdev->vdev_set_key_runtime_wakelock
01-01 05:55:53.076 0 0 I : _raw_spin_lock_irqsave+0x54/0x98
01-01 05:55:53.076 0 0 I : ion_system_secure_heap_prefetch_work+0x94/0x2c0
01-01 05:55:53.076 0 0 I : process_one_work+0x38c/0x660
01-01 05:55:53.076 0 0 I : worker_thread+0x268/0x4b8
01-01 05:55:53.076 0 0 I : kthread+0x140/0x150
01-01 05:55:53.076 0 0 I : ret_from_fork+0x10/0x1c
08-16 16:52:15.271 1822 1822 D SystemUIBootTiming: StartServicescom.android.systemui.power.PowerUI took to complete: 32ms
08-16 16:52:15.272 1822 1822 D SystemUIBootTiming: StartServicescom.android.systemui.media.RingtonePlayer took to complete: 1ms
01-01 05:55:53.077 0 0 I [kworke][0x50dfdad6][16:52:15.272761] wlan: [278:I:HIF] Initializing Runtime PM wakelock &vdev->vdev_set_key_runtime_wakelock
01-01 05:55:53.078 0 0 I [kworke][0x50e00e28][16:52:15.273445] wlan: [278:I:HIF] Initializing Runtime PM wakelock &vdev->vdev_set_key_runtime_wakelock
01-01 05:55:53.079 0 0 I [kworke][0x50e04af1][16:52:15.274256] wlan: [278:I:HIF] Initializing Runtime PM wakelock &vdev->vdev_set_key_runtime_wakelock
01-01 05:55:53.080 0 0 I [kworke][0x50e086b3][16:52:15.275052] wlan: [278:I:HIF] Initializing Runtime PM wakelock &vdev->vdev_set_key_runtime_wakelock
01-01 05:55:53.080 0 0 I [kworke][0x50e0c5ba][16:52:15.275893] wlan: [278:I:HIF] Initializing Runtime PM wakelock &vdev->vdev_set_key_runtime_wakelock
01-01 05:55:53.082 0 0 I [kworke][0x50e15cff][16:52:15.277910] wlan: [278:I:HIF] Initializing Runtime PM wakelock &wma_handle->wmi_cmd_rsp_runtime_lock
01-01 05:55:53.082 0 0 I [kworke][0x50e15e88][16:52:15.277930] wlan: [278:I:HIF] Initializing Runtime PM wakelock &wma_handle->sap_prevent_runtime_pm_lock
08-16 16:52:15.288 1822 1822 D SystemUIBootTiming: StartServicescom.android.systemui.keyboard.KeyboardUI took to complete: 16ms
08-16 16:52:15.290 1822 1822 D SystemUIBootTiming: StartServicescom.android.systemui.shortcut.ShortcutKeyDispatcher took to complete: 1ms
08-16 16:52:15.290 1822 1822 D SystemUIBootTiming: StartServicescom.android.systemui.VendorServices took to complete: 0ms
08-16 16:52:15.291 1822 1822 D SystemUIBootTiming: StartServicescom.android.systemui.util.leak.GarbageMonitor$Service took to complete: 0ms
08-16 16:52:15.292 1822 1822 D SystemUIBootTiming: StartServicescom.android.systemui.LatencyTester took to complete: 0ms
08-16 16:52:15.296 1822 1822 D SystemUIBootTiming: StartServicescom.android.systemui.globalactions.GlobalActionsComponent took to complete: 4ms
08-16 16:52:15.298 1822 1822 D SystemUIBootTiming: StartServicescom.android.systemui.ScreenDecorations took to complete: 2ms
01-01 05:55:53.094 0 0 E : INFO: trying to register non-static key.
01-01 05:55:53.100 0 0 E : the code is fine but needs lockdep annotation.
01-01 05:55:53.105 0 0 I : CPU: 5 PID: 8 Comm: kworker/u16:0 Tainted: G S W O 4.19.157+ #1
01-01 05:55:53.105 0 0 I Hardware name: Qualcomm Technologies, Inc. kona MTP-RmPM8150b (DT)
01-01 05:55:53.105 0 0 I Workqueue: events_unbound ion_system_secure_heap_prefetch_work
01-01 05:55:53.105 0 0 I Call trace:
01-01 05:55:53.105 0 0 I : dump_backtrace+0x0/0x258
01-01 05:55:53.105 0 0 I : show_stack+0x20/0x30
01-01 05:55:53.105 0 0 I : dump_stack+0xd8/0x12c
01-01 05:55:53.105 0 0 I : register_lock_class+0x4d0/0x5c8
01-01 05:55:53.105 0 0 I : __lock_acquire+0xbc/0x1e58
01-01 05:55:53.105 0 0 I : lock_acquire+0x1cc/0x218
01-01 05:55:53.105 0 0 I : _raw_spin_lock_irqsave+0x54/0x98
01-01 05:55:53.105 0 0 I : ion_system_secure_heap_prefetch_work+0x94/0x2c0
01-01 05:55:53.105 0 0 I : process_one_work+0x38c/0x660
01-01 05:55:53.105 0 0 I : worker_thread+0x268/0x4b8
01-01 05:55:53.105 0 0 I : kthread+0x140/0x150
01-01 05:55:53.105 0 0 I : ret_from_fork+0x10/0x1c
08-16 16:52:15.301 1822 1822 D SystemUIBootTiming: StartServicescom.android.systemui.biometrics.AuthController took to complete: 3ms
08-16 16:52:15.302 1822 1822 D SystemUIBootTiming: StartServicescom.android.systemui.SliceBroadcastRelayHandler took to complete: 0ms
08-16 16:52:15.303 1822 1822 D SystemUIBootTiming: StartServicescom.android.systemui.statusbar.notification.InstantAppNotifier took to complete: 2ms
08-16 16:52:15.308 1822 1822 D SystemUIBootTiming: StartServicescom.android.systemui.theme.ThemeOverlayController took to complete: 4ms
08-16 16:52:15.308 1822 1822 D SystemUIBootTiming: StartServicescom.android.systemui.accessibility.WindowMagnification took to complete: 0ms
08-16 16:52:15.321 1142 1243 W ActivityManager: Slow operation: 1983ms so far, now at startProcess: returned from zygote!
08-16 16:52:15.321 1142 1243 W ActivityManager: Slow operation: 1984ms so far, now at startProcess: done updating battery stats
08-16 16:52:15.322 1142 1243 W ActivityManager: Slow operation: 1984ms so far, now at startProcess: building log message
08-16 16:52:15.322 1142 1243 I ActivityManager: Start proc 2407:com.android.settings/1000 for top-activity {com.android.settings/com.android.settings.FallbackHome}
08-16 16:52:15.322 1142 1243 W ActivityManager: Slow operation: 1984ms so far, now at startProcess: starting to update pids map
08-16 16:52:15.322 1142 1243 W ActivityManager: Slow operation: 1984ms so far, now at startProcess: done updating pids map
08-16 16:52:15.322 1142 1243 W ActivityManager: Slow operation: 1872ms so far, now at startProcess: asking zygote to start proc
08-16 16:52:15.322 1142 1243 D CompatibilityChangeReporter: Compat change id reported: 143937733; UID 10153; state: ENABLED
08-16 16:52:15.327 1822 1822 D SystemUIBootTiming: StartServicescom.android.systemui.accessibility.SystemActions took to complete: 18ms
08-16 16:52:15.327 1822 1822 D SystemUIBootTiming: StartServicescom.android.systemui.toast.ToastUI took to complete: 0ms
08-16 16:52:15.328 1822 1822 D SystemUIBootTiming: StartServicescom.android.systemui.wmshell.WMShell took to complete: 1ms
01-01 05:55:53.117 0 0 E [kworke][0x50eb6983][16:52:15.312210] wlan: [278:E:QDF] htc_wait_target: 684: Target Ready! TX resource : 1 size:2176, MaxMsgsPerHTCBundle = 1
01-01 05:55:53.124 0 0 E : INFO: trying to register non-static key.
01-01 05:55:53.132 0 0 E [kworke][0x50efd68e][16:52:15.327317] wlan: [278:E:QDF] htc_setup_target_buffer_assignments: 576: SVS Index : 1 TX : 0x100 : alloc:1
01-01 05:55:53.136 0 0 E : the code is fine but needs lockdep annotation.
01-01 05:55:53.136 0 0 I : CPU: 6 PID: 8 Comm: kworker/u16:0 Tainted: G S W O 4.19.157+ #1
01-01 05:55:53.136 0 0 I Hardware name: Qualcomm Technologies, Inc. kona MTP-RmPM8150b (DT)
01-01 05:55:53.136 0 0 I Workqueue: events_unbound ion_system_secure_heap_prefetch_work
01-01 05:55:53.136 0 0 I Call trace:
01-01 05:55:53.136 0 0 I : dump_backtrace+0x0/0x258
01-01 05:55:53.136 0 0 I : show_stack+0x20/0x30
01-01 05:55:53.136 0 0 I : dump_stack+0xd8/0x12c
01-01 05:55:53.136 0 0 I : register_lock_class+0x4d0/0x5c8
01-01 05:55:53.136 0 0 I : __lock_acquire+0xbc/0x1e58
01-01 05:55:53.136 0 0 I : lock_acquire+0x1cc/0x218
01-01 05:55:53.136 0 0 I : _raw_spin_lock_irqsave+0x54/0x98
01-01 05:55:53.136 0 0 I : ion_system_secure_heap_prefetch_work+0x94/0x2c0
01-01 05:55:53.136 0 0 I : process_one_work+0x38c/0x660
01-01 05:55:53.136 0 0 I : worker_thread+0x268/0x4b8
01-01 05:55:53.136 0 0 I : kthread+0x140/0x150
01-01 05:55:53.136 0 0 I : ret_from_fork+0x10/0x1c
01-01 05:55:53.146 0 0 E : INFO: trying to register non-static key.
01-01 05:55:53.150 0 0 D cnss : Assign MSI to user: DP, num_vectors: 18, user_base_data: 814, base_vector: 14
01-01 05:55:53.150 0 0 I binder : 2378:2378 ioctl 40046210 7fe0a4c4c4 returned -22
01-01 05:55:53.155 0 0 E : the code is fine but needs lockdep annotation.
01-01 05:55:53.155 0 0 I : CPU: 6 PID: 8 Comm: kworker/u16:0 Tainted: G S W O 4.19.157+ #1
01-01 05:55:53.155 0 0 I Hardware name: Qualcomm Technologies, Inc. kona MTP-RmPM8150b (DT)
01-01 05:55:53.155 0 0 I Workqueue: events_unbound ion_system_secure_heap_prefetch_work
01-01 05:55:53.155 0 0 I Call trace:
01-01 05:55:53.155 0 0 I : dump_backtrace+0x0/0x258
01-01 05:55:53.155 0 0 I : show_stack+0x20/0x30
01-01 05:55:53.155 0 0 I : dump_stack+0xd8/0x12c
01-01 05:55:53.155 0 0 I : register_lock_class+0x4d0/0x5c8
01-01 05:55:53.155 0 0 I : __lock_acquire+0xbc/0x1e58
01-01 05:55:53.155 0 0 I : lock_acquire+0x1cc/0x218
01-01 05:55:53.155 0 0 I : _raw_spin_lock_irqsave+0x54/0x98
01-01 05:55:53.155 0 0 I : ion_system_secure_heap_prefetch_work+0x94/0x2c0
01-01 05:55:53.155 0 0 I : process_one_work+0x38c/0x660
01-01 05:55:53.155 0 0 I : worker_thread+0x268/0x4b8
01-01 05:55:53.155 0 0 I : kthread+0x140/0x150
01-01 05:55:53.155 0 0 I : ret_from_fork+0x10/0x1c
08-16 16:52:15.352 1822 1822 D SystemUIBootTiming: StartServices took to complete: 1267ms
01-01 05:55:53.173 0 0 I [kworke][0x50fbc399][16:52:15.368026] wlan: [278:I:HIF] +hif_update_pipe_callback pipeid 5
01-01 05:55:53.173 0 0 I [kworke][0x50fbc52d][16:52:15.368045] wlan: [278:I:HIF] -hif_update_pipe_callback
01-01 05:55:53.173 0 0 D cnss : Assign MSI to user: DP, num_vectors: 18, user_base_data: 814, base_vector: 14
08-16 16:52:15.364 1142 1758 D CompatibilityChangeReporter: Compat change id reported: 168419799; UID 1000; state: DISABLED
08-16 16:52:15.366 1142 1243 W ActivityManager: Slow operation: 1916ms so far, now at startProcess: returned from zygote!
01-01 05:55:53.175 0 0 E : INFO: trying to register non-static key.
08-16 16:52:15.390 1142 1243 W ActivityManager: Slow operation: 1940ms so far, now at startProcess: done updating battery stats
08-16 16:52:15.390 1142 1243 W ActivityManager: Slow operation: 1940ms so far, now at startProcess: building log message
08-16 16:52:15.390 1142 1243 I ActivityManager: Start proc 2420:android.ext.services/u0a153 for service {android.ext.services/android.ext.services.autofill.InlineSuggestionRenderServiceImpl}
08-16 16:52:15.390 1142 1243 W ActivityManager: Slow operation: 1940ms so far, now at startProcess: starting to update pids map
