01-01 06:04:45.386 0 0 D mv2112_update_link: 3.0x8109(100M): 0x8
01-01 06:04:45.391 0 0 D mv2112_update_link: link 0x4
01-01 06:04:45.395 0 0 D mv2112_read_status: autoneg is disabled
08-16 17:01:07.848 1142 1220 I DropBoxManagerService: add tag=system_app_strictmode isTagEnabled=true flags=0x2
08-16 17:01:07.880 1142 1218 D AutofillManagerService: Close system dialogs
01-01 06:04:46.282 0 0 I init : starting service 'qvrd_vndr'...
01-01 06:04:46.287 0 0 I init : Created socket '/dev/socket/qvrservice_vndr', mode 660, user 1000, group 1000
01-01 06:04:46.297 0 0 I init : Created socket '/dev/socket/qvrservice_vndr_camera', mode 660, user 1000, group 1000
01-01 06:04:46.318 0 0 I init : starting service 'sxrd'...
08-16 17:01:08.541 16147 16147 F linker : CANNOT LINK EXECUTABLE "/vendor/bin/hw/sxrservice": library "vendor.qti.hardware.qxr-V1-ndk_platform.so" not found: needed by main executable
01-01 06:04:46.346 0 0 I init : Service 'sxrd' (pid 16147) exited with status 1
01-01 06:04:46.353 0 0 I init : Sending signal 9 to service 'sxrd' (pid 16147) process group...
08-16 17:01:08.558 16146 16146 F linker : CANNOT LINK EXECUTABLE "/vendor/bin/hw/qvrservice": library "vendor.qti.hardware.qxr-V1-ndk_platform.so" not found: needed by /vendor/lib64/libqvrservice.so in namespace (default)
01-01 06:04:46.400 0 0 D : mv2112_read_status
01-01 06:04:46.404 0 0 D mv2112_update_link: 3.0x901(1G): 0x4
01-01 06:04:46.409 0 0 D mv2112_update_link: 3.0x8109(100M): 0x8
01-01 06:04:46.414 0 0 D mv2112_update_link: link 0x4
01-01 06:04:46.418 0 0 D mv2112_read_status: autoneg is disabled
08-16 17:01:09.352 1142 2883 E TaskPersister: File error accessing recents directory (directory doesn't exist?).
01-01 06:04:47.424 0 0 D : mv2112_read_status
01-01 06:04:47.428 0 0 D mv2112_update_link: 3.0x901(1G): 0x4
01-01 06:04:47.433 0 0 D mv2112_update_link: 3.0x8109(100M): 0x8
01-01 06:04:47.438 0 0 D mv2112_update_link: link 0x4
01-01 06:04:47.443 0 0 D mv2112_read_status: autoneg is disabled
08-16 17:01:09.845 1142 1221 I ActivityManager: PendingStartActivityUids startActivity to updateOomAdj delay:1983ms, uid:10118
08-16 17:01:09.893 1142 1233 W UsageStatsService: Unexpected activity event reported! (com.android.launcher3/com.android.launcher3.uioverrides.QuickstepLauncher event : 23 instanceId : 188335284)
01-01 06:04:48.449 0 0 D : mv2112_read_status
01-01 06:04:48.453 0 0 D mv2112_update_link: 3.0x901(1G): 0x4
01-01 06:04:48.458 0 0 D mv2112_update_link: 3.0x8109(100M): 0x8
01-01 06:04:48.463 0 0 D mv2112_update_link: link 0x4
01-01 06:04:48.467 0 0 D mv2112_read_status: autoneg is disabled
08-16 17:01:10.681 1142 1220 I DropBoxManagerService: add tag=system_app_strictmode isTagEnabled=true flags=0x2
08-16 17:01:10.724 1142 1218 D AutofillManagerService: Close system dialogs
01-01 06:04:49.472 0 0 D : mv2112_read_status
01-01 06:04:49.476 0 0 D mv2112_update_link: 3.0x901(1G): 0x4
01-01 06:04:49.481 0 0 D mv2112_update_link: 3.0x8109(100M): 0x8
01-01 06:04:49.486 0 0 D mv2112_update_link: link 0x4
01-01 06:04:49.490 0 0 D mv2112_read_status: autoneg is disabled
01-01 06:04:49.649 0 0 I init : starting service 'vendor.light-hal-2-0'...
01-01 06:04:49.730 0 0 I init : Service 'vendor.light-hal-2-0' (pid 16326) exited with status 0
01-01 06:04:49.738 0 0 I init : Sending signal 9 to service 'vendor.light-hal-2-0' (pid 16326) process group...
01-01 06:04:49.748 0 0 I libprocessgroup: Successfully killed process cgroup uid 1000 pid 16326 in 0ms
01-01 06:04:50.496 0 0 D : mv2112_read_status
01-01 06:04:50.500 0 0 D mv2112_update_link: 3.0x901(1G): 0x4
01-01 06:04:50.505 0 0 D mv2112_update_link: 3.0x8109(100M): 0x8
01-01 06:04:50.510 0 0 D mv2112_update_link: link 0x4
01-01 06:04:50.514 0 0 D mv2112_read_status: autoneg is disabled
01-01 06:04:51.316 0 0 I init : starting service 'qvrd_vndr'...
01-01 06:04:51.325 0 0 I init : Created socket '/dev/socket/qvrservice_vndr', mode 660, user 1000, group 1000
01-01 06:04:51.337 0 0 I init : Created socket '/dev/socket/qvrservice_vndr_camera', mode 660, user 1000, group 1000
01-01 06:04:51.384 0 0 I init : starting service 'sxrd'...
08-16 17:01:13.606 16328 16328 F linker : CANNOT LINK EXECUTABLE "/vendor/bin/hw/qvrservice": library "vendor.qti.hardware.qxr-V1-ndk_platform.so" not found: needed by /vendor/lib64/libqvrservice.so in namespace (default)
01-01 06:04:51.413 0 0 I init : Service 'qvrd_vndr' (pid 16328) exited with status 1
01-01 06:04:51.419 0 0 I init : Sending signal 9 to service 'qvrd_vndr' (pid 16328) process group...
08-16 17:01:13.633 16329 16329 F linker : CANNOT LINK EXECUTABLE "/vendor/bin/hw/sxrservice": library "vendor.qti.hardware.qxr-V1-ndk_platform.so" not found: needed by main executable
01-01 06:04:51.521 0 0 D : mv2112_read_status
01-01 06:04:51.525 0 0 D mv2112_update_link: 3.0x901(1G): 0x4
01-01 06:04:51.530 0 0 D mv2112_update_link: 3.0x8109(100M): 0x8
01-01 06:04:51.535 0 0 D mv2112_update_link: link 0x4
01-01 06:04:51.539 0 0 D mv2112_read_status: autoneg is disabled
01-01 06:04:52.545 0 0 D : mv2112_read_status
01-01 06:04:52.548 0 0 D mv2112_update_link: 3.0x901(1G): 0x4
01-01 06:04:52.553 0 0 D mv2112_update_link: 3.0x8109(100M): 0x8
01-01 06:04:52.559 0 0 D mv2112_update_link: link 0x4
01-01 06:04:52.563 0 0 D mv2112_read_status: autoneg is disabled
01-01 06:04:53.569 0 0 D : mv2112_read_status
01-01 06:04:53.573 0 0 D mv2112_update_link: 3.0x901(1G): 0x4
01-01 06:04:53.578 0 0 D mv2112_update_link: 3.0x8109(100M): 0x8
01-01 06:04:53.583 0 0 D mv2112_update_link: link 0x4
01-01 06:04:53.587 0 0 D mv2112_read_status: autoneg is disabled
08-16 17:01:15.984 1142 1692 I ActivityManager: PendingStartActivityUids startActivity to updateOomAdj delay:5306ms, uid:10118
01-01 06:04:54.593 0 0 D : mv2112_read_status
01-01 06:04:54.597 0 0 D mv2112_update_link: 3.0x901(1G): 0x4
01-01 06:04:54.602 0 0 D mv2112_update_link: 3.0x8109(100M): 0x8
01-01 06:04:54.607 0 0 D mv2112_update_link: link 0x4
01-01 06:04:54.611 0 0 D mv2112_read_status: autoneg is disabled
01-01 06:04:54.679 0 0 I init : starting service 'vendor.light-hal-2-0'...
01-01 06:04:54.786 0 0 I init : Service 'vendor.light-hal-2-0' (pid 16503) exited with status 0
01-01 06:04:54.794 0 0 I init : Sending signal 9 to service 'vendor.light-hal-2-0' (pid 16503) process group...
01-01 06:04:54.804 0 0 I libprocessgroup: Successfully killed process cgroup uid 1000 pid 16503 in 0ms
01-01 06:04:55.617 0 0 D : mv2112_read_status
01-01 06:04:55.620 0 0 D mv2112_update_link: 3.0x901(1G): 0x4
01-01 06:04:55.626 0 0 D mv2112_update_link: 3.0x8109(100M): 0x8
01-01 06:04:55.632 0 0 D mv2112_update_link: link 0x4
01-01 06:04:55.637 0 0 D mv2112_read_status: autoneg is disabled
01-01 06:04:56.377 0 0 I init : starting service 'qvrd_vndr'...
01-01 06:04:56.387 0 0 I init : Created socket '/dev/socket/qvrservice_vndr', mode 660, user 1000, group 1000
01-01 06:04:56.396 0 0 I init : Created socket '/dev/socket/qvrservice_vndr_camera', mode 660, user 1000, group 1000
01-01 06:04:56.418 0 0 I init : starting service 'sxrd'...
08-16 17:01:18.633 16511 16511 F linker : CANNOT LINK EXECUTABLE "/vendor/bin/hw/qvrservice": library "vendor.qti.hardware.qxr-V1-ndk_platform.so" not found: needed by /vendor/lib64/libqvrservice.so in namespace (default)
08-16 17:01:18.642 16512 16512 F linker : CANNOT LINK EXECUTABLE "/vendor/bin/hw/sxrservice": library "vendor.qti.hardware.qxr-V1-ndk_platform.so" not found: needed by main executable
01-01 06:04:56.439 0 0 I init : Service 'qvrd_vndr' (pid 16511) exited with status 1
01-01 06:04:56.446 0 0 I init : Sending signal 9 to service 'qvrd_vndr' (pid 16511) process group...
01-01 06:04:56.640 0 0 D : mv2112_read_status
01-01 06:04:56.644 0 0 D mv2112_update_link: 3.0x901(1G): 0x4
01-01 06:04:56.656 0 0 D mv2112_update_link: 3.0x8109(100M): 0x8
01-01 06:04:56.661 0 0 D mv2112_update_link: link 0x4
01-01 06:04:56.665 0 0 D mv2112_read_status: autoneg is disabled
01-01 06:04:57.697 0 0 D : mv2112_read_status
01-01 06:04:57.700 0 0 D mv2112_update_link: 3.0x901(1G): 0x4
01-01 06:04:57.705 0 0 D mv2112_update_link: 3.0x8109(100M): 0x8
01-01 06:04:57.710 0 0 D mv2112_update_link: link 0x4
01-01 06:04:57.714 0 0 D mv2112_read_status: autoneg is disabled
01-01 06:04:58.720 0 0 D : mv2112_read_status
01-01 06:04:58.724 0 0 D mv2112_update_link: 3.0x901(1G): 0x4
01-01 06:04:58.729 0 0 D mv2112_update_link: 3.0x8109(100M): 0x8
01-01 06:04:58.734 0 0 D mv2112_update_link: link 0x4
01-01 06:04:58.738 0 0 D mv2112_read_status: autoneg is disabled
01-01 06:04:59.728 0 0 I init : starting service 'vendor.light-hal-2-0'...
01-01 06:04:59.744 0 0 D : mv2112_read_status
01-01 06:04:59.748 0 0 D mv2112_update_link: 3.0x901(1G): 0x4
01-01 06:04:59.760 0 0 D mv2112_update_link: 3.0x8109(100M): 0x8
01-01 06:04:59.766 0 0 D mv2112_update_link: link 0x4
01-01 06:04:59.771 0 0 D mv2112_read_status: autoneg is disabled
01-01 06:04:59.808 0 0 I init : Service 'vendor.light-hal-2-0' (pid 16687) exited with status 0
01-01 06:04:59.816 0 0 I init : Sending signal 9 to service 'vendor.light-hal-2-0' (pid 16687) process group...
01-01 06:04:59.825 0 0 I libprocessgroup: Successfully killed process cgroup uid 1000 pid 16687 in 0ms
01-01 06:05:00.800 0 0 D : mv2112_read_status
01-01 06:05:00.804 0 0 D mv2112_update_link: 3.0x901(1G): 0x4
01-01 06:05:00.809 0 0 D mv2112_update_link: 3.0x8109(100M): 0x8
01-01 06:05:00.814 0 0 D mv2112_update_link: link 0x4
01-01 06:05:00.819 0 0 D mv2112_read_status: autoneg is disabled
01-01 06:05:01.415 0 0 I init : starting service 'qvrd_vndr'...
01-01 06:05:01.422 0 0 I init : Created socket '/dev/socket/qvrservice_vndr', mode 660, user 1000, group 1000
01-01 06:05:01.432 0 0 I init : Created socket '/dev/socket/qvrservice_vndr_camera', mode 660, user 1000, group 1000
01-01 06:05:01.458 0 0 I init : starting service 'sxrd'...
08-16 17:01:23.700 16689 16689 F linker : CANNOT LINK EXECUTABLE "/vendor/bin/hw/qvrservice": library "vendor.qti.hardware.qxr-V1-ndk_platform.so" not found: needed by /vendor/lib64/libqvrservice.so in namespace (default)
08-16 17:01:23.700 16690 16690 F linker : CANNOT LINK EXECUTABLE "/vendor/bin/hw/sxrservice": library "vendor.qti.hardware.qxr-V1-ndk_platform.so" not found: needed by main executable
01-01 06:05:01.506 0 0 I init : Service 'qvrd_vndr' (pid 16689) exited with status 1
01-01 06:05:01.514 0 0 I init : Sending signal 9 to service 'qvrd_vndr' (pid 16689) process group...
01-01 06:05:01.825 0 0 D : mv2112_read_status
01-01 06:05:01.829 0 0 D mv2112_update_link: 3.0x901(1G): 0x4
01-01 06:05:01.834 0 0 D mv2112_update_link: 3.0x8109(100M): 0x8
01-01 06:05:01.839 0 0 D mv2112_update_link: link 0x4
01-01 06:05:01.843 0 0 D mv2112_read_status: autoneg is disabled
01-01 06:05:02.848 0 0 D : mv2112_read_status
01-01 06:05:02.852 0 0 D mv2112_update_link: 3.0x901(1G): 0x4
01-01 06:05:02.857 0 0 D mv2112_update_link: 3.0x8109(100M): 0x8
01-01 06:05:02.862 0 0 D mv2112_update_link: link 0x4
01-01 06:05:02.866 0 0 D mv2112_read_status: autoneg is disabled
01-01 06:05:03.873 0 0 D : mv2112_read_status
01-01 06:05:03.877 0 0 D mv2112_update_link: 3.0x901(1G): 0x4
01-01 06:05:03.882 0 0 D mv2112_update_link: 3.0x8109(100M): 0x8
01-01 06:05:03.887 0 0 D mv2112_update_link: link 0x4
01-01 06:05:03.891 0 0 D mv2112_read_status: autoneg is disabled
01-01 06:05:04.762 0 0 I init : starting service 'vendor.light-hal-2-0'...
01-01 06:05:04.851 0 0 I init : Service 'vendor.light-hal-2-0' (pid 16864) exited with status 0
01-01 06:05:04.859 0 0 I init : Sending signal 9 to service 'vendor.light-hal-2-0' (pid 16864) process group...
01-01 06:05:04.870 0 0 I libprocessgroup: Successfully killed process cgroup uid 1000 pid 16864 in 1ms
01-01 06:05:04.897 0 0 D : mv2112_read_status
01-01 06:05:04.901 0 0 D mv2112_update_link: 3.0x901(1G): 0x4
01-01 06:05:04.906 0 0 D mv2112_update_link: 3.0x8109(100M): 0x8
01-01 06:05:04.911 0 0 D mv2112_update_link: link 0x4
01-01 06:05:04.915 0 0 D mv2112_read_status: autoneg is disabled
01-01 06:05:05.921 0 0 D : mv2112_read_status
01-01 06:05:05.924 0 0 D mv2112_update_link: 3.0x901(1G): 0x4
01-01 06:05:05.930 0 0 D mv2112_update_link: 3.0x8109(100M): 0x8
01-01 06:05:05.935 0 0 D mv2112_update_link: link 0x4
01-01 06:05:05.939 0 0 D mv2112_read_status: autoneg is disabled
01-01 06:05:06.455 0 0 I init : starting service 'qvrd_vndr'...
01-01 06:05:06.463 0 0 I init : Created socket '/dev/socket/qvrservice_vndr', mode 660, user 1000, group 1000
01-01 06:05:06.474 0 0 I init : Created socket '/dev/socket/qvrservice_vndr_camera', mode 660, user 1000, group 1000
01-01 06:05:06.502 0 0 I init : starting service 'sxrd'...
08-16 17:01:28.724 16866 16866 F linker : CANNOT LINK EXECUTABLE "/vendor/bin/hw/qvrservice": library "vendor.qti.hardware.qxr-V1-ndk_platform.so" not found: needed by /vendor/lib64/libqvrservice.so in namespace (default)
08-16 17:01:28.739 16867 16867 F linker : CANNOT LINK EXECUTABLE "/vendor/bin/hw/sxrservice": library "vendor.qti.hardware.qxr-V1-ndk_platform.so" not found: needed by main executable
01-01 06:05:06.531 0 0 I init : Service 'qvrd_vndr' (pid 16866) exited with status 1
01-01 06:05:06.537 0 0 I init : Sending signal 9 to service 'qvrd_vndr' (pid 16866) process group...
01-01 06:05:06.945 0 0 D : mv2112_read_status
01-01 06:05:06.948 0 0 D mv2112_update_link: 3.0x901(1G): 0x4
01-01 06:05:06.954 0 0 D mv2112_update_link: 3.0x8109(100M): 0x8
01-01 06:05:06.959 0 0 D mv2112_update_link: link 0x4
01-01 06:05:06.963 0 0 D mv2112_read_status: autoneg is disabled
01-01 06:05:07.968 0 0 D : mv2112_read_status
01-01 06:05:07.972 0 0 D mv2112_update_link: 3.0x901(1G): 0x4
01-01 06:05:07.977 0 0 D mv2112_update_link: 3.0x8109(100M): 0x8
01-01 06:05:07.982 0 0 D mv2112_update_link: link 0x4
01-01 06:05:07.987 0 0 D mv2112_read_status: autoneg is disabled
01-01 06:05:08.993 0 0 D : mv2112_read_status
01-01 06:05:08.996 0 0 D mv2112_update_link: 3.0x901(1G): 0x4
01-01 06:05:09.001 0 0 D mv2112_update_link: 3.0x8109(100M): 0x8
01-01 06:05:09.006 0 0 D mv2112_update_link: link 0x4
01-01 06:05:09.010 0 0 D mv2112_read_status: autoneg is disabled
01-01 06:05:09.798 0 0 I init : starting service 'vendor.light-hal-2-0'...
01-01 06:05:09.885 0 0 I init : Service 'vendor.light-hal-2-0' (pid 17044) exited with status 0
01-01 06:05:09.893 0 0 I init : Sending signal 9 to service 'vendor.light-hal-2-0' (pid 17044) process group...
01-01 06:05:09.902 0 0 I libprocessgroup: Successfully killed process cgroup uid 1000 pid 17044 in 0ms
01-01 06:05:10.017 0 0 D : mv2112_read_status
01-01 06:05:10.021 0 0 D mv2112_update_link: 3.0x901(1G): 0x4
01-01 06:05:10.026 0 0 D mv2112_update_link: 3.0x8109(100M): 0x8
01-01 06:05:10.031 0 0 D mv2112_update_link: link 0x4
01-01 06:05:10.035 0 0 D mv2112_read_status: autoneg is disabled
08-16 17:01:32.636 1142 1242 D CompatibilityChangeReporter: Compat change id reported: 168419799; UID 10157; state: DISABLED
01-01 06:05:11.041 0 0 D : mv2112_read_status
01-01 06:05:11.045 0 0 D mv2112_update_link: 3.0x901(1G): 0x4
01-01 06:05:11.050 0 0 D mv2112_update_link: 3.0x8109(100M): 0x8
01-01 06:05:11.055 0 0 D mv2112_update_link: link 0x4
01-01 06:05:11.059 0 0 D mv2112_read_status: autoneg is disabled
01-01 06:05:11.498 0 0 I init : starting service 'qvrd_vndr'...
01-01 06:05:11.504 0 0 I init : Created socket '/dev/socket/qvrservice_vndr', mode 660, user 1000, group 1000
01-01 06:05:11.513 0 0 I init : Created socket '/dev/socket/qvrservice_vndr_camera', mode 660, user 1000, group 1000
01-01 06:05:11.538 0 0 I init : starting service 'sxrd'...
08-16 17:01:33.779 17047 17047 F linker : CANNOT LINK EXECUTABLE "/vendor/bin/hw/sxrservice": library "vendor.qti.hardware.qxr-V1-ndk_platform.so" not found: needed by main executable
08-16 17:01:33.783 17046 17046 F linker : CANNOT LINK EXECUTABLE "/vendor/bin/hw/qvrservice": library "vendor.qti.hardware.qxr-V1-ndk_platform.so" not found: needed by /vendor/lib64/libqvrservice.so in namespace (default)
01-01 06:05:11.585 0 0 I init : Service 'sxrd' (pid 17047) exited with status 1
01-01 06:05:11.592 0 0 I init : Sending signal 9 to service 'sxrd' (pid 17047) process group...
01-01 06:05:12.065 0 0 D : mv2112_read_status
01-01 06:05:12.069 0 0 D mv2112_update_link: 3.0x901(1G): 0x4
01-01 06:05:12.074 0 0 D mv2112_update_link: 3.0x8109(100M): 0x8
01-01 06:05:12.079 0 0 D mv2112_update_link: link 0x4
01-01 06:05:12.083 0 0 D mv2112_read_status: autoneg is disabled
01-01 06:05:13.089 0 0 D : mv2112_read_status
01-01 06:05:13.093 0 0 D mv2112_update_link: 3.0x901(1G): 0x4
01-01 06:05:13.098 0 0 D mv2112_update_link: 3.0x8109(100M): 0x8
01-01 06:05:13.103 0 0 D mv2112_update_link: link 0x4
01-01 06:05:13.107 0 0 D mv2112_read_status: autoneg is disabled
01-01 06:05:14.113 0 0 D : mv2112_read_status
01-01 06:05:14.117 0 0 D mv2112_update_link: 3.0x901(1G): 0x4
01-01 06:05:14.122 0 0 D mv2112_update_link: 3.0x8109(100M): 0x8
01-01 06:05:14.127 0 0 D mv2112_update_link: link 0x4
01-01 06:05:14.131 0 0 D mv2112_read_status: autoneg is disabled
01-01 06:05:14.821 0 0 I init : starting service 'vendor.light-hal-2-0'...
01-01 06:05:14.923 0 0 I init : Service 'vendor.light-hal-2-0' (pid 17224) exited with status 0
01-01 06:05:14.931 0 0 I init : Sending signal 9 to service 'vendor.light-hal-2-0' (pid 17224) process group...
01-01 06:05:14.941 0 0 I libprocessgroup: Successfully killed process cgroup uid 1000 pid 17224 in 0ms
01-01 06:05:15.137 0 0 D : mv2112_read_status
01-01 06:05:15.141 0 0 D mv2112_update_link: 3.0x901(1G): 0x4
01-01 06:05:15.146 0 0 D mv2112_update_link: 3.0x8109(100M): 0x8
01-01 06:05:15.151 0 0 D mv2112_update_link: link 0x4
01-01 06:05:15.155 0 0 D mv2112_read_status: autoneg is disabled
01-01 06:05:16.161 0 0 D : mv2112_read_status
01-01 06:05:16.165 0 0 D mv2112_update_link: 3.0x901(1G): 0x4
01-01 06:05:16.170 0 0 D mv2112_update_link: 3.0x8109(100M): 0x8
01-01 06:05:16.175 0 0 D mv2112_update_link: link 0x4
01-01 06:05:16.179 0 0 D mv2112_read_status: autoneg is disabled
01-01 06:05:16.533 0 0 I init : starting service 'qvrd_vndr'...
01-01 06:05:16.544 0 0 I init : Created socket '/dev/socket/qvrservice_vndr', mode 660, user 1000, group 1000
01-01 06:05:16.557 0 0 I init : Created socket '/dev/socket/qvrservice_vndr_camera', mode 660, user 1000, group 1000
01-01 06:05:16.609 0 0 I init : starting service 'sxrd'...
08-16 17:01:38.822 17226 17226 F linker : CANNOT LINK EXECUTABLE "/vendor/bin/hw/qvrservice": library "vendor.qti.hardware.qxr-V1-ndk_platform.so" not found: needed by /vendor/lib64/libqvrservice.so in namespace (default)
01-01 06:05:16.628 0 0 I init : Service 'qvrd_vndr' (pid 17226) exited with status 1
01-01 06:05:16.635 0 0 I init : Sending signal 9 to service 'qvrd_vndr' (pid 17226) process group...
08-16 17:01:38.871 17227 17227 F linker : CANNOT LINK EXECUTABLE "/vendor/bin/hw/sxrservice": library "vendor.qti.hardware.qxr-V1-ndk_platform.so" not found: needed by main executable
01-01 06:05:17.185 0 0 D : mv2112_read_status
01-01 06:05:17.189 0 0 D mv2112_update_link: 3.0x901(1G): 0x4
01-01 06:05:17.194 0 0 D mv2112_update_link: 3.0x8109(100M): 0x8
01-01 06:05:17.199 0 0 D mv2112_update_link: link 0x4
01-01 06:05:17.203 0 0 D mv2112_read_status: autoneg is disabled
01-01 06:05:18.209 0 0 D : mv2112_read_status
01-01 06:05:18.212 0 0 D mv2112_update_link: 3.0x901(1G): 0x4
01-01 06:05:18.218 0 0 D mv2112_update_link: 3.0x8109(100M): 0x8
01-01 06:05:18.223 0 0 D mv2112_update_link: link 0x4
01-01 06:05:18.227 0 0 D mv2112_read_status: autoneg is disabled
01-01 06:05:19.233 0 0 D : mv2112_read_status
01-01 06:05:19.237 0 0 D mv2112_update_link: 3.0x901(1G): 0x4
01-01 06:05:19.242 0 0 D mv2112_update_link: 3.0x8109(100M): 0x8
01-01 06:05:19.247 0 0 D mv2112_update_link: link 0x4
01-01 06:05:19.251 0 0 D mv2112_read_status: autoneg is disabled
01-01 06:05:19.848 0 0 I init : starting service 'vendor.light-hal-2-0'...
01-01 06:05:19.923 0 0 I init : Service 'vendor.light-hal-2-0' (pid 17411) exited with status 0
01-01 06:05:19.931 0 0 I init : Sending signal 9 to service 'vendor.light-hal-2-0' (pid 17411) process group...
01-01 06:05:19.942 0 0 I libprocessgroup: Successfully killed process cgroup uid 1000 pid 17411 in 0ms
01-01 06:05:20.257 0 0 D : mv2112_read_status
01-01 06:05:20.260 0 0 D mv2112_update_link: 3.0x901(1G): 0x4
01-01 06:05:20.265 0 0 D mv2112_update_link: 3.0x8109(100M): 0x8
01-01 06:05:20.270 0 0 D mv2112_update_link: link 0x4
01-01 06:05:20.274 0 0 D mv2112_read_status: autoneg is disabled
01-01 06:05:21.281 0 0 D : mv2112_read_status
01-01 06:05:21.284 0 0 D mv2112_update_link: 3.0x901(1G): 0x4
01-01 06:05:21.289 0 0 D mv2112_update_link: 3.0x8109(100M): 0x8
01-01 06:05:21.294 0 0 D mv2112_update_link: link 0x4
01-01 06:05:21.298 0 0 D mv2112_read_status: autoneg is disabled
01-01 06:05:21.600 0 0 I init : starting service 'qvrd_vndr'...
01-01 06:05:21.608 0 0 I init : Created socket '/dev/socket/qvrservice_vndr', mode 660, user 1000, group 1000
01-01 06:05:21.619 0 0 I init : Created socket '/dev/socket/qvrservice_vndr_camera', mode 660, user 1000, group 1000
01-01 06:05:21.655 0 0 I init : starting service 'sxrd'...
08-16 17:01:43.898 17416 17416 F linker : CANNOT LINK EXECUTABLE "/vendor/bin/hw/sxrservice": library "vendor.qti.hardware.qxr-V1-ndk_platform.so" not found: needed by main executable
08-16 17:01:43.902 17415 17415 F linker : CANNOT LINK EXECUTABLE "/vendor/bin/hw/qvrservice": library "vendor.qti.hardware.qxr-V1-ndk_platform.so" not found: needed by /vendor/lib64/libqvrservice.so in namespace (default)
01-01 06:05:21.705 0 0 I init : Service 'sxrd' (pid 17416) exited with status 1
01-01 06:05:21.711 0 0 I init : Sending signal 9 to service 'sxrd' (pid 17416) process group...
01-01 06:05:22.305 0 0 D : mv2112_read_status
01-01 06:05:22.309 0 0 D mv2112_update_link: 3.0x901(1G): 0x4
01-01 06:05:22.314 0 0 D mv2112_update_link: 3.0x8109(100M): 0x8
01-01 06:05:22.319 0 0 D mv2112_update_link: link 0x4
01-01 06:05:22.323 0 0 D mv2112_read_status: autoneg is disabled
01-01 06:05:23.329 0 0 D : mv2112_read_status
01-01 06:05:23.333 0 0 D mv2112_update_link: 3.0x901(1G): 0x4
01-01 06:05:23.338 0 0 D mv2112_update_link: 3.0x8109(100M): 0x8
01-01 06:05:23.343 0 0 D mv2112_update_link: link 0x4
01-01 06:05:23.347 0 0 D mv2112_read_status: autoneg is disabled
01-01 06:05:24.353 0 0 D : mv2112_read_status
01-01 06:05:24.357 0 0 D mv2112_update_link: 3.0x901(1G): 0x4
01-01 06:05:24.362 0 0 D mv2112_update_link: 3.0x8109(100M): 0x8
01-01 06:05:24.367 0 0 D mv2112_update_link: link 0x4
01-01 06:05:24.371 0 0 D mv2112_read_status: autoneg is disabled
01-01 06:05:24.878 0 0 I init : starting service 'vendor.light-hal-2-0'...
01-01 06:05:24.970 0 0 I init : Service 'vendor.light-hal-2-0' (pid 17595) exited with status 0
01-01 06:05:24.978 0 0 I init : Sending signal 9 to service 'vendor.light-hal-2-0' (pid 17595) process group...
01-01 06:05:24.989 0 0 I libprocessgroup: Successfully killed process cgroup uid 1000 pid 17595 in 0ms
01-01 06:05:25.377 0 0 D : mv2112_read_status
01-01 06:05:25.381 0 0 D mv2112_update_link: 3.0x901(1G): 0x4
01-01 06:05:25.386 0 0 D mv2112_update_link: 3.0x8109(100M): 0x8
01-01 06:05:25.391 0 0 D mv2112_update_link: link 0x4
01-01 06:05:25.395 0 0 D mv2112_read_status: autoneg is disabled
01-01 06:05:26.401 0 0 D : mv2112_read_status
01-01 06:05:26.405 0 0 D mv2112_update_link: 3.0x901(1G): 0x4
01-01 06:05:26.410 0 0 D mv2112_update_link: 3.0x8109(100M): 0x8
01-01 06:05:26.415 0 0 D mv2112_update_link: link 0x4
01-01 06:05:26.419 0 0 D mv2112_read_status: autoneg is disabled
01-01 06:05:26.651 0 0 I init : starting service 'qvrd_vndr'...
01-01 06:05:26.663 0 0 I init : Created socket '/dev/socket/qvrservice_vndr', mode 660, user 1000, group 1000
01-01 06:05:26.677 0 0 I init : Created socket '/dev/socket/qvrservice_vndr_camera', mode 660, user 1000, group 1000
01-01 06:05:26.730 0 0 I init : starting service 'sxrd'...
08-16 17:01:48.942 17597 17597 F linker : CANNOT LINK EXECUTABLE "/vendor/bin/hw/qvrservice": library "vendor.qti.hardware.qxr-V1-ndk_platform.so" not found: needed by /vendor/lib64/libqvrservice.so in namespace (default)
01-01 06:05:26.749 0 0 I init : Service 'qvrd_vndr' (pid 17597) exited with status 1
01-01 06:05:26.755 0 0 I init : Sending signal 9 to service 'qvrd_vndr' (pid 17597) process group...
08-16 17:01:48.995 17598 17598 F linker : CANNOT LINK EXECUTABLE "/vendor/bin/hw/sxrservice": library "vendor.qti.hardware.qxr-V1-ndk_platform.so" not found: needed by main executable
01-01 06:05:27.425 0 0 D : mv2112_read_status
01-01 06:05:27.429 0 0 D mv2112_update_link: 3.0x901(1G): 0x4
01-01 06:05:27.434 0 0 D mv2112_update_link: 3.0x8109(100M): 0x8
01-01 06:05:27.439 0 0 D mv2112_update_link: link 0x4
01-01 06:05:27.443 0 0 D mv2112_read_status: autoneg is disabled
01-01 06:05:28.449 0 0 D : mv2112_read_status
01-01 06:05:28.452 0 0 D mv2112_update_link: 3.0x901(1G): 0x4
01-01 06:05:28.458 0 0 D mv2112_update_link: 3.0x8109(100M): 0x8
01-01 06:05:28.463 0 0 D mv2112_update_link: link 0x4
01-01 06:05:28.467 0 0 D mv2112_read_status: autoneg is disabled
01-01 06:05:29.473 0 0 D : mv2112_read_status
01-01 06:05:29.477 0 0 D mv2112_update_link: 3.0x901(1G): 0x4
01-01 06:05:29.482 0 0 D mv2112_update_link: 3.0x8109(100M): 0x8
01-01 06:05:29.487 0 0 D mv2112_update_link: link 0x4
01-01 06:05:29.491 0 0 D mv2112_read_status: autoneg is disabled
01-01 06:05:29.921 0 0 I init : starting service 'vendor.light-hal-2-0'...
01-01 06:05:30.027 0 0 I init : Service 'vendor.light-hal-2-0' (pid 17778) exited with status 0
01-01 06:05:30.034 0 0 I init : Sending signal 9 to service 'vendor.light-hal-2-0' (pid 17778) process group...
01-01 06:05:30.044 0 0 I libprocessgroup: Successfully killed process cgroup uid 1000 pid 17778 in 0ms
01-01 06:05:30.497 0 0 D : mv2112_read_status
01-01 06:05:30.501 0 0 D mv2112_update_link: 3.0x901(1G): 0x4
01-01 06:05:30.506 0 0 D mv2112_update_link: 3.0x8109(100M): 0x8
01-01 06:05:30.511 0 0 D mv2112_update_link: link 0x4
01-01 06:05:30.515 0 0 D mv2112_read_status: autoneg is disabled
01-01 06:05:31.521 0 0 D : mv2112_read_status
01-01 06:05:31.524 0 0 D mv2112_update_link: 3.0x901(1G): 0x4
01-01 06:05:31.529 0 0 D mv2112_update_link: 3.0x8109(100M): 0x8
01-01 06:05:31.534 0 0 D mv2112_update_link: link 0x4
01-01 06:05:31.538 0 0 D mv2112_read_status: autoneg is disabled
01-01 06:05:31.719 0 0 I init : starting service 'qvrd_vndr'...
01-01 06:05:31.725 0 0 I init : Created socket '/dev/socket/qvrservice_vndr', mode 660, user 1000, group 1000
01-01 06:05:31.734 0 0 I init : Created socket '/dev/socket/qvrservice_vndr_camera', mode 660, user 1000, group 1000
01-01 06:05:31.755 0 0 I init : starting service 'sxrd'...
08-16 17:01:53.984 17780 17780 F linker : CANNOT LINK EXECUTABLE "/vendor/bin/hw/qvrservice": library "vendor.qti.hardware.qxr-V1-ndk_platform.so" not found: needed by /vendor/lib64/libqvrservice.so in namespace (default)
08-16 17:01:53.994 17781 17781 F linker : CANNOT LINK EXECUTABLE "/vendor/bin/hw/sxrservice": library "vendor.qti.hardware.qxr-V1-ndk_platform.so" not found: needed by main executable
01-01 06:05:31.790 0 0 I init : Service 'qvrd_vndr' (pid 17780) exited with status 1
01-01 06:05:31.797 0 0 I init : Sending signal 9 to service 'qvrd_vndr' (pid 17780) process group...
01-01 06:05:32.545 0 0 D : mv2112_read_status
01-01 06:05:32.548 0 0 D mv2112_update_link: 3.0x901(1G): 0x4
01-01 06:05:32.553 0 0 D mv2112_update_link: 3.0x8109(100M): 0x8
01-01 06:05:32.558 0 0 D mv2112_update_link: link 0x4
01-01 06:05:32.562 0 0 D mv2112_read_status: autoneg is disabled --------- beginning of events
08-16 17:01:55.436 3321 6636 I liblog : 22
08-16 17:01:55.437 3321 3467 I liblog : 18
08-16 17:01:55.440 3321 6636 I liblog : 25
08-16 17:01:55.441 3321 6636 I liblog : 8
08-16 17:01:55.442 3321 6636 I liblog : 18
08-16 17:01:55.445 2306 17727 I liblog : 1
08-16 17:01:55.446 2306 17727 I liblog : 5
08-16 17:01:55.446 3321 3467 I liblog : 59
08-16 17:01:55.446 3321 3467 I liblog : 1
08-16 17:01:55.447 2306 17728 I liblog : 6
08-16 17:01:55.447 3321 6636 I liblog : 5
08-16 17:01:55.448 3321 6636 I liblog : 1
08-16 17:01:55.448 3321 3467 I liblog : 8
08-16 17:01:55.448 3321 3467 I liblog : 5
08-16 17:01:55.449 2306 17726 I liblog : 13
08-16 17:01:55.450 2306 17726 I liblog : 1
08-16 17:01:55.450 2306 17726 I liblog : 9
08-16 17:01:55.450 2306 17726 I liblog : 5
08-16 17:01:55.451 2306 17730 I liblog : 2
08-16 17:01:55.451 2306 17730 I liblog : 6
08-16 17:01:55.453 2306 17732 I liblog : 28
08-16 17:01:55.454 2306 17732 I liblog : 4
08-16 17:01:55.454 2306 17732 I liblog : 5
08-16 17:01:55.454 2306 17733 I liblog : 6
08-16 17:01:55.455 2306 17733 I liblog : 5
08-16 17:01:55.456 2306 17736 I liblog : 11
08-16 17:01:55.457 2306 17736 I liblog : 5
08-16 17:01:55.457 2306 17736 I liblog : 4
08-16 17:01:55.457 2306 17735 I liblog : 4
08-16 17:01:55.458 2306 17735 I liblog : 7
08-16 17:01:55.458 2306 17735 I liblog : 6
08-16 17:01:55.458 2306 17734 I liblog : 3
08-16 17:01:55.459 2306 17734 I liblog : 6
08-16 17:01:55.459 2306 17734 I liblog : 5
08-16 17:01:55.464 3321 6636 I liblog : 103
08-16 17:01:55.464 3321 6636 I liblog : 5
08-16 17:01:55.466 3321 6636 I liblog : 47
08-16 17:01:55.466 3321 6636 I liblog : 1
08-16 17:01:55.468 3321 6636 I liblog : 31
08-16 17:01:55.470 3321 3467 I liblog : 35
08-16 17:01:55.474 3321 6636 I liblog : 25
08-16 17:01:55.475 3321 6636 I liblog : 2
08-16 17:01:55.475 3321 6636 I liblog : 14
08-16 17:01:55.476 3321 6636 I liblog : 19
08-16 17:01:55.477 3321 6636 I liblog : 20
08-16 17:01:55.483 2306 17737 I liblog : 6
08-16 17:01:55.485 3321 6636 I liblog : 102
08-16 17:01:55.503 3321 6636 I liblog : 225
08-16 17:01:55.506 3321 6636 I liblog : 25
08-16 17:01:55.506 3321 6636 I liblog : 1
08-16 17:01:55.518 3321 6636 I liblog : 133
08-16 17:01:55.518 3321 6636 I liblog : 1
08-16 17:01:55.520 2306 17750 I liblog : 35
08-16 17:01:55.521 2306 17750 I liblog : 3
08-16 17:01:55.521 2306 17750 I liblog : 7
08-16 17:01:55.521 2306 17750 I liblog : 4
08-16 17:01:55.522 2306 17748 I liblog : 3
08-16 17:01:55.522 2306 17748 I liblog : 7
08-16 17:01:55.524 2306 17752 I liblog : 8
08-16 17:01:55.525 3321 3467 I liblog : 24
08-16 17:01:55.526 2306 17751 I liblog : 9
08-16 17:01:55.527 2306 17751 I liblog : 4
08-16 17:01:55.527 2306 17751 I liblog : 7
08-16 17:01:55.527 3321 3467 I liblog : 7
08-16 17:01:55.531 3321 6636 I liblog : 44
08-16 17:01:55.532 3321 6636 I liblog : 26
08-16 17:01:55.536 3321 3467 I liblog : 81
08-16 17:01:55.538 3321 6636 I liblog : 4
08-16 17:01:55.542 2306 17755 I liblog : 6
08-16 17:01:55.544 3321 6636 I liblog : 113
08-16 17:01:55.545 3321 3467 I liblog : 1
08-16 17:01:55.546 3321 3467 I liblog : 6
08-16 17:01:55.546 3321 6636 I liblog : 3
08-16 17:01:55.547 3321 6636 I liblog : 3
08-16 17:01:55.549 3321 6636 I liblog : 8
08-16 17:01:55.549 3321 6636 I liblog : 3
08-16 17:01:55.549 3321 6636 I liblog : 1
08-16 17:01:55.549 3321 6636 I liblog : 1
08-16 17:01:55.549 2306 17754 I liblog : 13
08-16 17:01:55.550 2306 17758 I liblog : 12
08-16 17:01:55.550 3321 6636 I liblog : 1
08-16 17:01:55.551 2306 17758 I liblog : 10
08-16 17:01:55.551 3321 6636 I liblog : 3
08-16 17:01:55.551 3321 6636 I liblog : 1
08-16 17:01:55.551 2306 17759 I liblog : 1
08-16 17:01:55.551 3321 6636 I liblog : 8
08-16 17:01:55.552 3321 6636 I liblog : 5
08-16 17:01:55.552 2306 17759 I liblog : 4
08-16 17:01:55.552 3321 6636 I liblog : 6
08-16 17:01:55.552 2306 17759 I liblog : 7
08-16 17:01:55.553 3321 6636 I liblog : 1
08-16 17:01:55.557 2306 17760 I liblog : 5
08-16 17:01:55.558 3321 6636 I liblog : 29
08-16 17:01:55.558 3321 6636 I liblog : 1
08-16 17:01:55.561 2306 17761 I liblog : 4
08-16 17:01:55.565 2306 17762 I liblog : 9
08-16 17:01:55.565 3321 6636 I liblog : 98
08-16 17:01:55.566 2306 17762 I liblog : 2
08-16 17:01:55.567 2306 17764 I liblog : 5
08-16 17:01:55.568 2306 17764 I liblog : 7
08-16 17:01:55.568 2306 17763 I liblog : 6
08-16 17:01:55.569 2306 17763 I liblog : 7
08-16 17:01:55.569 2306 17763 I liblog : 4
08-16 17:01:55.574 2306 17765 I liblog : 5
08-16 17:01:55.579 2306 17766 I liblog : 1
08-16 17:01:55.580 2306 17766 I liblog : 8
08-16 17:01:55.580 2306 17768 I liblog : 8
08-16 17:01:55.580 2306 17768 I liblog : 1
08-16 17:01:55.581 2306 17768 I liblog : 1
08-16 17:01:55.581 2306 17768 I liblog : 5
08-16 17:01:55.581 2306 17768 I liblog : 3
08-16 17:01:55.582 2306 17768 I liblog : 2
08-16 17:01:55.582 2306 17768 I liblog : 4
08-16 17:01:55.582 2306 17769 I liblog : 2
08-16 17:01:55.582 2306 17769 I liblog : 6
08-16 17:01:55.583 2306 17769 I liblog : 6
08-16 17:01:55.584 2306 17771 I liblog : 4
08-16 17:01:55.585 2306 17771 I liblog : 7
08-16 17:01:55.586 3321 6636 I liblog : 236
08-16 17:01:55.587 2306 17772 I liblog : 28
08-16 17:01:55.587 2306 17772 I liblog : 4
08-16 17:01:55.588 2306 17773 I liblog : 6
08-16 17:01:55.588 2306 17773 I liblog : 9
08-16 17:01:55.589 3321 6636 I liblog : 2
08-16 17:01:55.589 3321 6636 I liblog : 4
08-16 17:01:55.589 3321 6636 I liblog : 1
08-16 17:01:55.590 3321 6636 I liblog : 8
08-16 17:01:55.591 3321 3467 I liblog : 17
08-16 17:01:55.591 3321 6636 I liblog : 7
08-16 17:01:55.592 3321 6636 I liblog : 10
08-16 17:01:55.592 3321 6636 I liblog : 1
08-16 17:01:55.592 3321 6636 I liblog : 1
08-16 17:01:55.605 2306 17776 I liblog : 6
01-01 06:05:33.569 0 0 D : mv2112_read_status
01-01 06:05:33.573 0 0 D mv2112_update_link: 3.0x901(1G): 0x4
01-01 06:05:33.578 0 0 D mv2112_update_link: 3.0x8109(100M): 0x8
01-01 06:05:33.583 0 0 D mv2112_update_link: link 0x4
01-01 06:05:33.587 0 0 D mv2112_read_status: autoneg is disabled
01-01 06:05:34.593 0 0 D : mv2112_read_status
01-01 06:05:34.597 0 0 D mv2112_update_link: 3.0x901(1G): 0x4
01-01 06:05:34.602 0 0 D mv2112_update_link: 3.0x8109(100M): 0x8
01-01 06:05:34.607 0 0 D mv2112_update_link: link 0x4
01-01 06:05:34.611 0 0 D mv2112_read_status: autoneg is disabled
01-01 06:05:34.948 0 0 I init : starting service 'vendor.light-hal-2-0'...
01-01 06:05:35.043 0 0 I init : Service 'vendor.light-hal-2-0' (pid 17965) exited with status 0
01-01 06:05:35.051 0 0 I init : Sending signal 9 to service 'vendor.light-hal-2-0' (pid 17965) process group...
01-01 06:05:35.060 0 0 I libprocessgroup: Successfully killed process cgroup uid 1000 pid 17965 in 0ms
01-01 06:05:35.617 0 0 D : mv2112_read_status
01-01 06:05:35.621 0 0 D mv2112_update_link: 3.0x901(1G): 0x4
01-01 06:05:35.626 0 0 D mv2112_update_link: 3.0x8109(100M): 0x8
01-01 06:05:35.631 0 0 D mv2112_update_link: link 0x4
01-01 06:05:35.635 0 0 D mv2112_read_status: autoneg is disabled
01-01 06:05:36.641 0 0 D : mv2112_read_status
01-01 06:05:36.645 0 0 D mv2112_update_link: 3.0x901(1G): 0x4
01-01 06:05:36.650 0 0 D mv2112_update_link: 3.0x8109(100M): 0x8
01-01 06:05:36.655 0 0 D mv2112_update_link: link 0x4
01-01 06:05:36.659 0 0 D mv2112_read_status: autoneg is disabled
01-01 06:05:36.753 0 0 I init : starting service 'qvrd_vndr'...
01-01 06:05:36.760 0 0 I init : Created socket '/dev/socket/qvrservice_vndr', mode 660, user 1000, group 1000
01-01 06:05:36.770 0 0 I init : Created socket '/dev/socket/qvrservice_vndr_camera', mode 660, user 1000, group 1000
01-01 06:05:36.798 0 0 I init : starting service 'sxrd'...
08-16 17:01:59.039 17968 17968 F linker : CANNOT LINK EXECUTABLE "/vendor/bin/hw/sxrservice": library "vendor.qti.hardware.qxr-V1-ndk_platform.so" not found: needed by main executable
08-16 17:01:59.043 17967 17967 F linker : CANNOT LINK EXECUTABLE "/vendor/bin/hw/qvrservice": library "vendor.qti.hardware.qxr-V1-ndk_platform.so" not found: needed by /vendor/lib64/libqvrservice.so in namespace (default)
01-01 06:05:36.846 0 0 I init : Service 'sxrd' (pid 17968) exited with status 1
01-01 06:05:36.854 0 0 I init : Sending signal 9 to service 'sxrd' (pid 17968) process group...
01-01 06:05:37.665 0 0 D : mv2112_read_status
01-01 06:05:37.669 0 0 D mv2112_update_link: 3.0x901(1G): 0x4
01-01 06:05:37.674 0 0 D mv2112_update_link: 3.0x8109(100M): 0x8
01-01 06:05:37.679 0 0 D mv2112_update_link: link 0x4
01-01 06:05:37.683 0 0 D mv2112_read_status: autoneg is disabled
08-16 17:02:00.316 3321 6933 I liblog : 63
08-16 17:02:00.392 2306 17897 I liblog : 4
08-16 17:02:00.392 2306 17897 I liblog : 6
08-16 17:02:00.402 2306 17898 I liblog : 2
08-16 17:02:00.413 2306 17902 I liblog : 12
08-16 17:02:00.413 2306 17903 I liblog : 7
08-16 17:02:00.413 2306 17903 I liblog : 7
08-16 17:02:00.414 2306 17903 I liblog : 5
08-16 17:02:00.421 2306 17904 I liblog : 3
08-16 17:02:00.440 2306 17906 I liblog : 1
08-16 17:02:00.459 2306 17913 I liblog : 2
08-16 17:02:00.460 2306 17913 I liblog : 5
08-16 17:02:00.460 2306 17914 I liblog : 5
08-16 17:02:00.460 2306 17914 I liblog : 6
08-16 17:02:00.460 2306 17914 I liblog : 5
08-16 17:02:00.463 2306 17915 I liblog : 5
08-16 17:02:00.464 2306 17915 I liblog : 1
08-16 17:02:00.464 2306 17916 I liblog : 6
08-16 17:02:00.465 2306 17916 I liblog : 5
08-16 17:02:00.465 2306 17916 I liblog : 6
08-16 17:02:00.466 2306 17919 I liblog : 5
08-16 17:02:00.466 2306 17919 I liblog : 4
08-16 17:02:00.466 2306 17919 I liblog : 6
08-16 17:02:00.467 2306 17918 I liblog : 5
08-16 17:02:00.494 2306 17920 I liblog : 33
08-16 17:02:00.533 2306 17934 I liblog : 3
08-16 17:02:00.536 2306 17935 I liblog : 3
08-16 17:02:00.536 2306 17935 I liblog : 2
08-16 17:02:00.537 2306 17935 I liblog : 5
08-16 17:02:00.537 2306 17931 I liblog : 3
08-16 17:02:00.537 2306 17931 I liblog : 8
08-16 17:02:00.539 2306 17933 I liblog : 7
08-16 17:02:00.539 2306 17933 I liblog : 12
08-16 17:02:00.549 2306 17936 I liblog : 1
08-16 17:02:00.553 2306 17938 I liblog : 2
08-16 17:02:00.553 2306 17938 I liblog : 4
08-16 17:02:00.555 2306 17941 I liblog : 2
08-16 17:02:00.556 2306 17941 I liblog : 4
08-16 17:02:00.556 2306 17939 I liblog : 6
08-16 17:02:00.557 2306 17939 I liblog : 5
08-16 17:02:00.557 2306 17939 I liblog : 6
08-16 17:02:00.557 2306 17942 I liblog : 5
08-16 17:02:00.558 2306 17942 I liblog : 4
08-16 17:02:00.558 2306 17942 I liblog : 6
08-16 17:02:00.558 2306 17940 I liblog : 6
08-16 17:02:00.559 2306 17940 I liblog : 4
08-16 17:02:00.559 2306 17940 I liblog : 7
08-16 17:02:00.559 2306 17940 I liblog : 5
08-16 17:02:00.560 2306 17943 I liblog : 1
08-16 17:02:00.561 2306 17943 I liblog : 2
08-16 17:02:00.561 2306 17943 I liblog : 6
08-16 17:02:00.565 2306 17944 I liblog : 6
08-16 17:02:00.574 2306 17946 I liblog : 2
08-16 17:02:00.580 2306 17947 I liblog : 5
08-16 17:02:00.583 2306 17948 I liblog : 6
08-16 17:02:00.583 2306 17948 I liblog : 6
08-16 17:02:00.583 2306 17948 I liblog : 7
08-16 17:02:00.585 2306 17950 I liblog : 3
08-16 17:02:00.585 2306 17950 I liblog : 1
08-16 17:02:00.586 2306 17950 I liblog : 5
08-16 17:02:00.588 2306 17951 I liblog : 6
08-16 17:02:00.589 2306 17952 I liblog : 8
08-16 17:02:00.590 2306 17952 I liblog : 3
08-16 17:02:00.590 2306 17952 I liblog : 7
08-16 17:02:00.592 2306 17953 I liblog : 7
08-16 17:02:00.593 2306 17953 I liblog : 3
08-16 17:02:00.593 2306 17954 I liblog : 6
08-16 17:02:00.594 2306 17954 I liblog : 5
08-16 17:02:00.594 2306 17954 I liblog : 7
08-16 17:02:00.594 2306 17956 I liblog : 4
08-16 17:02:00.595 2306 17956 I liblog : 1
08-16 17:02:00.597 2306 17955 I liblog : 14
08-16 17:02:00.597 2306 17955 I liblog : 5
08-16 17:02:00.597 2306 17955 I liblog : 5
08-16 17:02:00.609 2306 17959 I liblog : 2
01-01 06:05:38.689 0 0 D : mv2112_read_status
01-01 06:05:38.693 0 0 D mv2112_update_link: 3.0x901(1G): 0x4
01-01 06:05:38.698 0 0 D mv2112_update_link: 3.0x8109(100M): 0x8
01-01 06:05:38.703 0 0 D mv2112_update_link: link 0x4
01-01 06:05:38.707 0 0 D mv2112_read_status: autoneg is disabled
01-01 06:05:39.713 0 0 D : mv2112_read_status
01-01 06:05:39.717 0 0 D mv2112_update_link: 3.0x901(1G): 0x4
01-01 06:05:39.722 0 0 D mv2112_update_link: 3.0x8109(100M): 0x8
01-01 06:05:39.727 0 0 D mv2112_update_link: link 0x4
01-01 06:05:39.731 0 0 D mv2112_read_status: autoneg is disabled
01-01 06:05:39.974 0 0 I init : starting service 'vendor.light-hal-2-0'...
01-01 06:05:40.085 0 0 I init : Service 'vendor.light-hal-2-0' (pid 18154) exited with status 0
01-01 06:05:40.093 0 0 I init : Sending signal 9 to service 'vendor.light-hal-2-0' (pid 18154) process group...
01-01 06:05:40.103 0 0 I libprocessgroup: Successfully killed process cgroup uid 1000 pid 18154 in 0ms
01-01 06:05:40.737 0 0 D : mv2112_read_status
01-01 06:05:40.741 0 0 D mv2112_update_link: 3.0x901(1G): 0x4
01-01 06:05:40.746 0 0 D mv2112_update_link: 3.0x8109(100M): 0x8
01-01 06:05:40.751 0 0 D mv2112_update_link: link 0x4
01-01 06:05:40.755 0 0 D mv2112_read_status: autoneg is disabled
01-01 06:05:41.761 0 0 D : mv2112_read_status
01-01 06:05:41.765 0 0 D mv2112_update_link: 3.0x901(1G): 0x4
01-01 06:05:41.770 0 0 D mv2112_update_link: 3.0x8109(100M): 0x8
01-01 06:05:41.775 0 0 D mv2112_update_link: link 0x4
01-01 06:05:41.779 0 0 D mv2112_read_status: autoneg is disabled
01-01 06:05:41.794 0 0 I init : starting service 'qvrd_vndr'...
01-01 06:05:41.804 0 0 I init : Created socket '/dev/socket/qvrservice_vndr', mode 660, user 1000, group 1000
01-01 06:05:41.817 0 0 I init : Created socket '/dev/socket/qvrservice_vndr_camera', mode 660, user 1000, group 1000
01-01 06:05:41.870 0 0 I init : starting service 'sxrd'...
08-16 17:02:04.082 18160 18160 F linker : CANNOT LINK EXECUTABLE "/vendor/bin/hw/qvrservice": library "vendor.qti.hardware.qxr-V1-ndk_platform.so" not found: needed by /vendor/lib64/libqvrservice.so in namespace (default)
01-01 06:05:41.889 0 0 I init : Service 'qvrd_vndr' (pid 18160) exited with status 1
01-01 06:05:41.896 0 0 I init : Sending signal 9 to service 'qvrd_vndr' (pid 18160) process group...
08-16 17:02:04.135 18161 18161 F linker : CANNOT LINK EXECUTABLE "/vendor/bin/hw/sxrservice": library "vendor.qti.hardware.qxr-V1-ndk_platform.so" not found: needed by main executable
01-01 06:05:42.786 0 0 D : mv2112_read_status
01-01 06:05:42.790 0 0 D mv2112_update_link: 3.0x901(1G): 0x4
01-01 06:05:42.795 0 0 D mv2112_update_link: 3.0x8109(100M): 0x8
01-01 06:05:42.800 0 0 D mv2112_update_link: link 0x4
01-01 06:05:42.804 0 0 D mv2112_read_status: autoneg is disabled
08-16 17:02:05.396 2306 18081 I liblog : 1
08-16 17:02:05.400 2306 18079 I liblog : 3
08-16 17:02:05.403 2306 18082 I liblog : 4
08-16 17:02:05.404 2306 18083 I liblog : 6
08-16 17:02:05.405 2306 18083 I liblog : 3
08-16 17:02:05.405 2306 18083 I liblog : 6
08-16 17:02:05.407 2306 18084 I liblog : 6
08-16 17:02:05.408 2306 18084 I liblog : 3
08-16 17:02:05.410 2306 18085 I liblog : 4
08-16 17:02:05.411 2306 18085 I liblog : 3
08-16 17:02:05.415 2306 18087 I liblog : 5
08-16 17:02:05.417 2306 18086 I liblog : 3
08-16 17:02:05.418 2306 18086 I liblog : 3
08-16 17:02:05.419 2306 18089 I liblog : 10
08-16 17:02:05.419 2306 18089 I liblog : 5
08-16 17:02:05.419 2306 18089 I liblog : 6
08-16 17:02:05.420 2306 18088 I liblog : 5
08-16 17:02:05.421 2306 18088 I liblog : 10
08-16 17:02:05.425 2306 18090 I liblog : 4
08-16 17:02:05.427 2306 18091 I liblog : 6
08-16 17:02:05.427 2306 18091 I liblog : 4
08-16 17:02:05.444 2306 18092 I liblog : 3
08-16 17:02:05.476 2306 18099 I liblog : 2
08-16 17:02:05.487 2306 18105 I liblog : 1
08-16 17:02:05.488 2306 18103 I liblog : 1
08-16 17:02:05.488 2306 18103 I liblog : 2
08-16 17:02:05.489 2306 18103 I liblog : 11
08-16 17:02:05.489 2306 18101 I liblog : 4
08-16 17:02:05.489 2306 18101 I liblog : 6
08-16 17:02:05.489 2306 18101 I liblog : 5
08-16 17:02:05.501 2306 18106 I liblog : 5
08-16 17:02:05.506 2306 18109 I liblog : 1
08-16 17:02:05.506 2306 18109 I liblog : 6
08-16 17:02:05.511 2306 18110 I liblog : 5
08-16 17:02:05.530 2306 18115 I liblog : 2
08-16 17:02:05.530 2306 18114 I liblog : 5
08-16 17:02:05.530 2306 18114 I liblog : 8
08-16 17:02:05.530 2306 18114 I liblog : 6
08-16 17:02:05.532 2306 18116 I liblog : 1
08-16 17:02:05.533 2306 18116 I liblog : 8
08-16 17:02:05.534 2306 18117 I liblog : 1
08-16 17:02:05.535 2306 18117 I liblog : 8
08-16 17:02:05.538 2306 18118 I liblog : 5
08-16 17:02:05.538 2306 18118 I liblog : 2
08-16 17:02:05.540 2306 18119 I liblog : 6
08-16 17:02:05.540 2306 18119 I liblog : 2
08-16 17:02:05.541 2306 18119 I liblog : 5
08-16 17:02:05.542 2306 18120 I liblog : 5
08-16 17:02:05.542 2306 18120 I liblog : 7
08-16 17:02:05.543 2306 18121 I liblog : 6
08-16 17:02:05.553 2306 18122 I liblog : 15
08-16 17:02:05.557 2306 18124 I liblog : 2
08-16 17:02:05.559 2306 18125 I liblog : 5
08-16 17:02:05.560 2306 18125 I liblog : 2
08-16 17:02:05.560 2306 18125 I liblog : 5
08-16 17:02:05.560 2306 18126 I liblog : 2
08-16 17:02:05.561 2306 18126 I liblog : 1
08-16 17:02:05.561 2306 18126 I liblog : 6
08-16 17:02:05.563 2306 18127 I liblog : 9
08-16 17:02:05.564 2306 18127 I liblog : 2
08-16 17:02:05.568 2306 18128 I liblog : 6
08-16 17:02:05.569 2306 18129 I liblog : 3
08-16 17:02:05.569 2306 18129 I liblog : 6
08-16 17:02:05.569 2306 18129 I liblog : 6
08-16 17:02:05.570 2306 18130 I liblog : 4
08-16 17:02:05.570 2306 18130 I liblog : 5
08-16 17:02:05.570 2306 18130 I liblog : 6
08-16 17:02:05.576 2306 18131 I liblog : 6
08-16 17:02:05.578 2306 18132 I liblog : 7
08-16 17:02:05.584 2306 18133 I liblog : 2
08-16 17:02:05.587 2306 18134 I liblog : 4
08-16 17:02:05.587 2306 18135 I liblog : 3
08-16 17:02:05.587 2306 18135 I liblog : 6
08-16 17:02:05.587 2306 18135 I liblog : 6
08-16 17:02:05.589 2306 18136 I liblog : 4
08-16 17:02:05.592 2306 18137 I liblog : 11
08-16 17:02:05.593 2306 18137 I liblog : 2
08-16 17:02:05.595 2306 18138 I liblog : 6
08-16 17:02:05.595 2306 18138 I liblog : 2
08-16 17:02:05.597 2306 18139 I liblog : 7
08-16 17:02:05.598 2306 18139 I liblog : 4
08-16 17:02:05.598 2306 18139 I liblog : 6
08-16 17:02:05.598 2306 18140 I liblog : 4
08-16 17:02:05.598 2306 18140 I liblog : 8
08-16 17:02:05.601 2306 18141 I liblog : 7
08-16 17:02:05.602 2306 18141 I liblog : 4
08-16 17:02:05.602 2306 18142 I liblog : 4
08-16 17:02:05.602 2306 18142 I liblog : 6
08-16 17:02:05.603 2306 18142 I liblog : 6
08-16 17:02:05.613 2306 18143 I liblog : 4
08-16 17:02:05.692 3321 6636 I liblog : 714
08-16 17:02:05.693 3321 6636 I liblog : 6
08-16 17:02:05.693 3321 6636 I liblog : 13
08-16 17:02:05.693 3321 6636 I liblog : 1
08-16 17:02:05.697 3321 6636 I liblog : 3
08-16 17:02:05.698 3321 6636 I liblog : 19
08-16 17:02:05.699 3321 6636 I liblog : 12
08-16 17:02:05.699 3321 6636 I liblog : 9
08-16 17:02:05.700 3321 6636 I liblog : 8
08-16 17:02:05.706 3321 6636 I liblog : 58
08-16 17:02:05.709 3321 6636 I liblog : 7
08-16 17:02:05.709 3321 3467 I liblog : 1
08-16 17:02:05.713 3321 3467 I liblog : 4
08-16 17:02:05.714 3321 6636 I liblog : 9
08-16 17:02:05.715 3321 6636 I liblog : 4
08-16 17:02:05.715 3321 6636 I liblog : 1
08-16 17:02:05.718 3321 6636 I liblog : 42
08-16 17:02:05.719 3321 6636 I liblog : 34
08-16 17:02:05.720 3321 6636 I liblog : 18
08-16 17:02:05.720 3321 6636 I liblog : 6
08-16 17:02:05.721 3321 6636 I liblog : 22
08-16 17:02:05.722 3321 6636 I liblog : 9
08-16 17:02:05.734 3321 6636 I liblog : 137
01-01 06:05:43.809 0 0 D : mv2112_read_status
01-01 06:05:43.812 0 0 D mv2112_update_link: 3.0x901(1G): 0x4
01-01 06:05:43.817 0 0 D mv2112_update_link: 3.0x8109(100M): 0x8
01-01 06:05:43.822 0 0 D mv2112_update_link: link 0x4
01-01 06:05:43.826 0 0 D mv2112_read_status: autoneg is disabled
01-01 06:05:44.833 0 0 D : mv2112_read_status
01-01 06:05:44.836 0 0 D mv2112_update_link: 3.0x901(1G): 0x4
01-01 06:05:44.841 0 0 D mv2112_update_link: 3.0x8109(100M): 0x8
01-01 06:05:44.846 0 0 D mv2112_update_link: link 0x4
01-01 06:05:44.850 0 0 D mv2112_read_status: autoneg is disabled
01-01 06:05:45.027 0 0 I init : starting service 'vendor.light-hal-2-0'...
01-01 06:05:45.103 0 0 I init : Service 'vendor.light-hal-2-0' (pid 18345) exited with status 0
01-01 06:05:45.111 0 0 I init : Sending signal 9 to service 'vendor.light-hal-2-0' (pid 18345) process group...
01-01 06:05:45.122 0 0 I libprocessgroup: Successfully killed process cgroup uid 1000 pid 18345 in 0ms
01-01 06:05:45.857 0 0 D : mv2112_read_status
01-01 06:05:45.861 0 0 D mv2112_update_link: 3.0x901(1G): 0x4
01-01 06:05:45.866 0 0 D mv2112_update_link: 3.0x8109(100M): 0x8
01-01 06:05:45.871 0 0 D mv2112_update_link: link 0x4
01-01 06:05:45.875 0 0 D mv2112_read_status: autoneg is disabled
01-01 06:05:46.861 0 0 I init : starting service 'qvrd_vndr'...
01-01 06:05:46.867 0 0 I init : Created socket '/dev/socket/qvrservice_vndr', mode 660, user 1000, group 1000
01-01 06:05:46.877 0 0 I init : Created socket '/dev/socket/qvrservice_vndr_camera', mode 660, user 1000, group 1000
01-01 06:05:46.881 0 0 D : mv2112_read_status
01-01 06:05:46.890 0 0 D mv2112_update_link: 3.0x901(1G): 0x4
01-01 06:05:46.895 0 0 D mv2112_update_link: 3.0x8109(100M): 0x8
01-01 06:05:46.900 0 0 D mv2112_update_link: link 0x4
01-01 06:05:46.904 0 0 D mv2112_read_status: autoneg is disabled
01-01 06:05:46.906 0 0 I init : starting service 'sxrd'...
08-16 17:02:09.144 18349 18349 F linker : CANNOT LINK EXECUTABLE "/vendor/bin/hw/qvrservice": library "vendor.qti.hardware.qxr-V1-ndk_platform.so" not found: needed by /vendor/lib64/libqvrservice.so in namespace (default)
01-01 06:05:46.950 0 0 I init : Service 'qvrd_vndr' (pid 18349) exited with status 1
01-01 06:05:46.957 0 0 I init : Sending signal 9 to service 'qvrd_vndr' (pid 18349) process group...
08-16 17:02:09.154 18350 18350 F linker : CANNOT LINK EXECUTABLE "/vendor/bin/hw/sxrservice": library "vendor.qti.hardware.qxr-V1-ndk_platform.so" not found: needed by main executable
08-16 17:02:10.020 2306 18195 I dvm_lock_sample: [com.thundercomm.remotecontrolser,0,Thread-11803,13,Throwable.java,665,void java.lang.Throwable.printStackTrace(java.lang.Throwable$PrintStreamOrWriter),,0,null,2]
01-01 06:05:47.937 0 0 D : mv2112_read_status
01-01 06:05:47.941 0 0 D mv2112_update_link: 3.0x901(1G): 0x4
01-01 06:05:47.946 0 0 D mv2112_update_link: 3.0x8109(100M): 0x8
01-01 06:05:47.951 0 0 D mv2112_update_link: link 0x4
01-01 06:05:47.955 0 0 D mv2112_read_status: autoneg is disabled
08-16 17:02:10.397 2306 18268 I liblog : 1
