08-16 16:52:16.640 1142 1142 D BiometricScheduler/Fingerprint21: [Added] {[0] FingerprintUpdateActiveUserClient, proto=1, owner=android, cookie=0, requestId=-1, userId=0}, new queue size: 1
08-16 16:52:16.640 1142 1220 D BluetoothManagerService: MESSAGE_BLUETOOTH_STATE_CHANGE: BLE_TURNING_ON > BLE_ON
08-16 16:52:16.640 1142 1220 D BluetoothManagerService: Bluetooth is in LE only mode
08-16 16:52:16.640 1142 1220 D BluetoothManagerService: Binding Bluetooth GATT service
08-16 16:52:16.641 1142 1142 D BiometricScheduler/Fingerprint21: [Polled] {[0] FingerprintUpdateActiveUserClient, proto=1, owner=android, cookie=0, requestId=-1, userId=0}, State: 0
08-16 16:52:16.641 1142 1142 D BiometricScheduler/Fingerprint21: [Starting] {[0] FingerprintUpdateActiveUserClient, proto=1, owner=android, cookie=0, requestId=-1, userId=0}, State: 0
08-16 16:52:16.641 1142 1142 D BiometricScheduler/Fingerprint21: [Started] {[0] FingerprintUpdateActiveUserClient, proto=1, owner=android, cookie=0, requestId=-1, userId=0}
01-01 05:55:54.443 0 0 E : the code is fine but needs lockdep annotation.
01-01 05:55:54.444 0 0 I : CPU: 7 PID: 8 Comm: kworker/u16:0 Tainted: G S W O 4.19.157+ #1
01-01 05:55:54.444 0 0 I Hardware name: Qualcomm Technologies, Inc. kona MTP-RmPM8150b (DT)
01-01 05:55:54.444 0 0 I Workqueue: events_unbound ion_system_secure_heap_prefetch_work
01-01 05:55:54.444 0 0 I Call trace:
01-01 05:55:54.444 0 0 I : dump_backtrace+0x0/0x258
01-01 05:55:54.444 0 0 I : show_stack+0x20/0x30
01-01 05:55:54.444 0 0 I : dump_stack+0xd8/0x12c
01-01 05:55:54.444 0 0 I : register_lock_class+0x4d0/0x5c8
01-01 05:55:54.444 0 0 I : __lock_acquire+0xbc/0x1e58
01-01 05:55:54.444 0 0 I : lock_acquire+0x1cc/0x218
01-01 05:55:54.444 0 0 I : _raw_spin_lock_irqsave+0x54/0x98
01-01 05:55:54.444 0 0 I : ion_system_secure_heap_prefetch_work+0x94/0x2c0
01-01 05:55:54.444 0 0 I : process_one_work+0x38c/0x660
01-01 05:55:54.447 0 0 D qbt : qbt_open: entry minor_no=0 fd_available=1
01-01 05:55:54.447 0 0 D qbt : qbt_open: exit : 0 fd_available=0
01-01 05:55:54.448 0 0 D qbt : qbt_open: entry minor_no=1 fd_available=0
01-01 05:55:54.448 0 0 D qbt : qbt_open: exit : 0 fd_available=0
01-01 05:55:54.449 0 0 I : worker_thread+0x268/0x4b8
01-01 05:55:54.449 0 0 I : kthread+0x140/0x150
01-01 05:55:54.449 0 0 I : ret_from_fork+0x10/0x1c
01-01 05:55:54.450 0 0 D qbt : qbt_ioctl: cmd received 107
01-01 05:55:54.450 0 0 D qbt : qbt_ioctl: Acquiring wakelock
08-16 16:52:16.642 1142 1220 D BluetoothManagerService: Sending BLE State Change: BLE_TURNING_ON > BLE_ON
08-16 16:52:16.649 2360 2360 D GsmInboundSmsHandler: created InboundSmsHandler
08-16 16:52:16.654 2360 2616 D GsmInboundSmsHandler: StartupState.enter: entering StartupState
01-01 05:55:54.459 0 0 E : INFO: trying to register non-static key.
01-01 05:55:54.464 0 0 E : the code is fine but needs lockdep annotation.
01-01 05:55:54.470 0 0 I : CPU: 7 PID: 8 Comm: kworker/u16:0 Tainted: G S W O 4.19.157+ #1
01-01 05:55:54.470 0 0 I Hardware name: Qualcomm Technologies, Inc. kona MTP-RmPM8150b (DT)
01-01 05:55:54.470 0 0 I Workqueue: events_unbound ion_system_secure_heap_prefetch_work
01-01 05:55:54.470 0 0 I Call trace:
01-01 05:55:54.470 0 0 I : dump_backtrace+0x0/0x258
01-01 05:55:54.470 0 0 I : show_stack+0x20/0x30
01-01 05:55:54.470 0 0 I : dump_stack+0xd8/0x12c
01-01 05:55:54.470 0 0 I : register_lock_class+0x4d0/0x5c8
01-01 05:55:54.470 0 0 I : __lock_acquire+0xbc/0x1e58
01-01 05:55:54.470 0 0 I : lock_acquire+0x1cc/0x218
01-01 05:55:54.470 0 0 I : _raw_spin_lock_irqsave+0x54/0x98
01-01 05:55:54.470 0 0 I : ion_system_secure_heap_prefetch_work+0x94/0x2c0
01-01 05:55:54.470 0 0 I : process_one_work+0x38c/0x660
01-01 05:55:54.470 0 0 I : worker_thread+0x268/0x4b8
01-01 05:55:54.470 0 0 I : kthread+0x140/0x150
01-01 05:55:54.470 0 0 I : ret_from_fork+0x10/0x1c
08-16 16:52:16.667 1142 1220 I DropBoxManagerService: add tag=system_app_strictmode isTagEnabled=true flags=0x2
08-16 16:52:16.669 2360 2360 D CdmaInboundSmsHandler: created InboundSmsHandler
08-16 16:52:16.674 2360 2360 D SMSDispatcher: SMSDispatcher: ctor mSmsCapable=true format=3gpp mSmsSendDisabled=false
08-16 16:52:16.674 2360 2360 D GsmSMSDispatcher: GsmSMSDispatcher created
08-16 16:52:16.674 2360 2616 D GsmInboundSmsHandler: StartupState.processMessage: processing EVENT_START_ACCEPTING_SMS
08-16 16:52:16.674 2360 2616 D GsmInboundSmsHandler: IdleState.enter: entering IdleState
08-16 16:52:16.675 2360 2616 D GsmInboundSmsHandler: IdleState.processMessage: processing EVENT_RELEASE_WAKELOCK
08-16 16:52:16.675 2360 2619 D CdmaInboundSmsHandler: StartupState.enter: entering StartupState
08-16 16:52:16.675 2360 2619 D CdmaInboundSmsHandler: StartupState.processMessage: processing EVENT_START_ACCEPTING_SMS
08-16 16:52:16.675 2360 2619 D CdmaInboundSmsHandler: IdleState.enter: entering IdleState
08-16 16:52:16.675 2360 2619 D CdmaInboundSmsHandler: IdleState.processMessage: processing EVENT_RELEASE_WAKELOCK
08-16 16:52:16.676 2360 2360 D TelephonyComponentFactory: getCdmaSubscriptionSourceManagerInstance
08-16 16:52:16.677 2360 2619 D CdmaInboundSmsHandler: IdleState.processMessage: EVENT_RELEASE_WAKELOCK: mWakeLock released
08-16 16:52:16.678 2360 2360 D QtiTelephonyComponentFactory: makeCarrierInfoManager
01-01 05:55:54.479 0 0 E : INFO: trying to register non-static key.
08-16 16:52:16.678 2360 2360 D GsmCdmaPhone: [1] Precise phone type 1
08-16 16:52:16.678 2360 2360 D RILJ : setPhoneType=1 old value=0 [PHONE1]
08-16 16:52:16.678 2360 2616 D GsmInboundSmsHandler: IdleState.processMessage: EVENT_RELEASE_WAKELOCK: mWakeLock released
01-01 05:55:54.484 0 0 E : the code is fine but needs lockdep annotation.
01-01 05:55:54.484 0 0 E [kworke][0x527c185c][16:52:16.679876] wlan: [278:E:WMI] send_action_oui_cmd_tlv: 220: Invalid action id
01-01 05:55:54.488 0 0 I binder : undelivered transaction 22137, process died.
01-01 05:55:54.490 0 0 I : CPU: 7 PID: 8 Comm: kworker/u16:0 Tainted: G S W O 4.19.157+ #1
01-01 05:55:54.490 0 0 I Hardware name: Qualcomm Technologies, Inc. kona MTP-RmPM8150b (DT)
01-01 05:55:54.490 0 0 I Workqueue: events_unbound ion_system_secure_heap_prefetch_work
01-01 05:55:54.490 0 0 I Call trace:
01-01 05:55:54.490 0 0 I : dump_backtrace+0x0/0x258
01-01 05:55:54.490 0 0 I : show_stack+0x20/0x30
01-01 05:55:54.490 0 0 I : dump_stack+0xd8/0x12c
01-01 05:55:54.490 0 0 I : register_lock_class+0x4d0/0x5c8
01-01 05:55:54.490 0 0 I : __lock_acquire+0xbc/0x1e58
01-01 05:55:54.490 0 0 I : lock_acquire+0x1cc/0x218
01-01 05:55:54.490 0 0 I : _raw_spin_lock_irqsave+0x54/0x98
01-01 05:55:54.490 0 0 I : ion_system_secure_heap_prefetch_work+0x94/0x2c0
01-01 05:55:54.490 0 0 I : process_one_work+0x38c/0x660
01-01 05:55:54.490 0 0 I : worker_thread+0x268/0x4b8
01-01 05:55:54.490 0 0 I : kthread+0x140/0x150
01-01 05:55:54.490 0 0 I : ret_from_fork+0x10/0x1c
08-16 16:52:16.691 2360 2360 D CarrierActionAgent: [1]Creating CarrierActionAgent
08-16 16:52:16.686 1142 1220 I DropBoxManagerService: add tag=system_app_strictmode isTagEnabled=true flags=0x2
08-16 16:52:16.695 2360 2360 W CarrierConfigManager: Error getting config for subId -1 ICarrierConfigLoader is null
01-01 05:55:54.499 0 0 E : INFO: trying to register non-static key.
01-01 05:55:54.501 0 0 E [kworke][0x5281113e][16:52:16.696848] wlan: [278:E:action_oui] ucfg_action_oui_send: 160: Failed to send: 7
01-01 05:55:54.506 0 0 E : the code is fine but needs lockdep annotation.
01-01 05:55:54.506 0 0 I : CPU: 7 PID: 8 Comm: kworker/u16:0 Tainted: G S W O 4.19.157+ #1
01-01 05:55:54.506 0 0 I Hardware name: Qualcomm Technologies, Inc. kona MTP-RmPM8150b (DT)
01-01 05:55:54.506 0 0 I Workqueue: events_unbound ion_system_secure_heap_prefetch_work
01-01 05:55:54.506 0 0 I Call trace:
01-01 05:55:54.506 0 0 I : dump_backtrace+0x0/0x258
01-01 05:55:54.506 0 0 I : show_stack+0x20/0x30
01-01 05:55:54.506 0 0 I : dump_stack+0xd8/0x12c
01-01 05:55:54.506 0 0 I : register_lock_class+0x4d0/0x5c8
01-01 05:55:54.506 0 0 I : __lock_acquire+0xbc/0x1e58
01-01 05:55:54.506 0 0 I : lock_acquire+0x1cc/0x218
01-01 05:55:54.506 0 0 I : _raw_spin_lock_irqsave+0x54/0x98
01-01 05:55:54.506 0 0 I : ion_system_secure_heap_prefetch_work+0x94/0x2c0
01-01 05:55:54.506 0 0 I : process_one_work+0x38c/0x660
01-01 05:55:54.506 0 0 I : worker_thread+0x268/0x4b8
01-01 05:55:54.506 0 0 I : kthread+0x140/0x150
01-01 05:55:54.506 0 0 I : ret_from_fork+0x10/0x1c
08-16 16:52:16.698 1142 1220 I DropBoxManagerService: add tag=system_app_strictmode isTagEnabled=true flags=0x2
08-16 16:52:16.699 2360 2360 D TransportManager-1: operates in legacy mode.
08-16 16:52:16.699 2360 2360 D QtiTelephonyComponentFactory: makeQtiServiceStateTracker
08-16 16:52:16.699 2360 2360 D TelephonyComponentFactory: makeEriManager
08-16 16:52:16.703 2360 2360 W CarrierConfigManager: Error getting config for subId -1 ICarrierConfigLoader is null
08-16 16:52:16.704 1142 1171 D TelephonyRegistry: listen oscl: mHasNotifySubscriptionInfoChangedOccurred==false no callback
01-01 05:55:54.510 0 0 W QSEECOM : qseecom_load_app: App (fingerpr) does'nt exist, loading apps for first time
01-01 05:55:54.515 0 0 E : INFO: trying to register non-static key.
01-01 05:55:54.515 0 0 E : the code is fine but needs lockdep annotation.
01-01 05:55:54.515 0 0 I : CPU: 7 PID: 8 Comm: kworker/u16:0 Tainted: G S W O 4.19.157+ #1
01-01 05:55:54.515 0 0 I Hardware name: Qualcomm Technologies, Inc. kona MTP-RmPM8150b (DT)
01-01 05:55:54.515 0 0 I Workqueue: events_unbound ion_system_secure_heap_prefetch_work
01-01 05:55:54.515 0 0 I Call trace:
01-01 05:55:54.515 0 0 I : dump_backtrace+0x0/0x258
01-01 05:55:54.515 0 0 I : show_stack+0x20/0x30
01-01 05:55:54.515 0 0 I : dump_stack+0xd8/0x12c
01-01 05:55:54.515 0 0 I : register_lock_class+0x4d0/0x5c8
01-01 05:55:54.515 0 0 I : __lock_acquire+0xbc/0x1e58
01-01 05:55:54.515 0 0 I : lock_acquire+0x1cc/0x218
01-01 05:55:54.515 0 0 I : _raw_spin_lock_irqsave+0x54/0x98
01-01 05:55:54.515 0 0 I : ion_system_secure_heap_prefetch_work+0x94/0x2c0
01-01 05:55:54.515 0 0 I : process_one_work+0x38c/0x660
01-01 05:55:54.515 0 0 I : worker_thread+0x268/0x4b8
01-01 05:55:54.515 0 0 I : kthread+0x140/0x150
01-01 05:55:54.515 0 0 I : ret_from_fork+0x10/0x1c
08-16 16:52:16.708 1142 1220 I DropBoxManagerService: add tag=system_app_strictmode isTagEnabled=true flags=0x2
08-16 16:52:16.712 2360 2360 D NRM-C-1 : registerForNetworkRegistrationInfoChanged
01-01 05:55:54.518 0 0 E [kworke][0x5286060e][16:52:16.713766] wlan: [278:E:WMI] send_action_oui_cmd_tlv: 220: Invalid action id
01-01 05:55:54.523 0 0 E : INFO: trying to register non-static key.
01-01 05:55:54.523 0 0 E : the code is fine but needs lockdep annotation.
01-01 05:55:54.523 0 0 I : CPU: 7 PID: 8 Comm: kworker/u16:0 Tainted: G S W O 4.19.157+ #1
01-01 05:55:54.523 0 0 I Hardware name: Qualcomm Technologies, Inc. kona MTP-RmPM8150b (DT)
01-01 05:55:54.523 0 0 I Workqueue: events_unbound ion_system_secure_heap_prefetch_work
01-01 05:55:54.523 0 0 I Call trace:
01-01 05:55:54.523 0 0 I : dump_backtrace+0x0/0x258
01-01 05:55:54.523 0 0 I : show_stack+0x20/0x30
01-01 05:55:54.523 0 0 I : dump_stack+0xd8/0x12c
01-01 05:55:54.523 0 0 I : register_lock_class+0x4d0/0x5c8
01-01 05:55:54.523 0 0 I : __lock_acquire+0xbc/0x1e58
01-01 05:55:54.523 0 0 I : lock_acquire+0x1cc/0x218
01-01 05:55:54.523 0 0 I : _raw_spin_lock_irqsave+0x54/0x98
01-01 05:55:54.523 0 0 I : ion_system_secure_heap_prefetch_work+0x94/0x2c0
01-01 05:55:54.523 0 0 I : process_one_work+0x38c/0x660
01-01 05:55:54.523 0 0 I : worker_thread+0x268/0x4b8
01-01 05:55:54.523 0 0 I : kthread+0x140/0x150
01-01 05:55:54.523 0 0 I : ret_from_fork+0x10/0x1c
08-16 16:52:16.726 2360 2360 D NewNitzStateMachineImpl: handleNetworkUnavailable(): mLatestNitzSignal was already null. Nothing to do.
08-16 16:52:16.728 2360 2360 D SST : [1] notifyVoiceRegStateRilRadioTechnologyChanged: vrs=1 rat=0
08-16 16:52:16.732 1142 1171 D TelephonyRegistry: listen oscl: mHasNotifySubscriptionInfoChangedOccurred==false no callback
08-16 16:52:16.732 2360 2360 D Phone : [1] SubId-1,get allowed network types user: value = GPRS|EDGE|UMTS|CDMA|CDMA - EvDo rev. 0|CDMA - EvDo rev. A|CDMA - 1xRTT|HSDPA|HSUPA|HSPA|CDMA - EvDo rev. B|LTE|CDMA - eHRPD|HSPA+|GSM|TD_SCDMA|LTE_CA|NR
08-16 16:52:16.732 2360 2360 D Phone : isVoiceOverCellularImsEnabled=false
08-16 16:52:16.732 2360 2360 D Phone : isWifiCallingEnabled =false
08-16 16:52:16.733 2360 2360 D NetworkService: network service created
08-16 16:52:16.733 2360 2360 D SST : [1] QtiServiceStateTracker created
08-16 16:52:16.734 2360 2360 W CarrierConfigManager: Error getting config for subId -1 ICarrierConfigLoader is null
08-16 16:52:16.737 2360 2360 D EmergencyNumberTracker: asset emergency database is loaded. Ver: 1 Phone Id: 1
08-16 16:52:16.738 2360 2360 E EmergencyNumberTracker: Cache ota emergency database IOException: java.io.FileNotFoundException: /data/misc/emergencynumberdb/emergency_number_db: open failed: ENOENT (No such file or directory)
08-16 16:52:16.738 2360 2360 D EmergencyNumberTracker: Using Asset Emergency database. Version: 1
08-16 16:52:16.738 1142 1171 D TelephonyRegistry: listen oscl: mHasNotifySubscriptionInfoChangedOccurred==false no callback
08-16 16:52:16.740 2360 2360 D SubscriptionController: Valid row not present in db
08-16 16:52:16.740 2360 2360 D SubscriptionController: getSubscriptionProperty Query value = null
08-16 16:52:16.744 2360 2360 D SubscriptionController: [getActiveSubscriptionInfo]- subId=-1 subList=[] subInfo=null
08-16 16:52:16.748 2360 2360 D QtiTelephonyComponentFactory: makeQtiDcTracker
08-16 16:52:16.749 2360 2360 D m.android.phon: [1]DCT.constructor
08-16 16:52:16.757 2360 2360 D DcTesterDeacativateAll: register for intent action=com.android.internal.telephony.dataconnection.action_deactivate_all
08-16 16:52:16.757 2360 2360 D DcTesterDeacativateAll: register for intent action=com.qualcomm.qti.internal.telephony.action_detached
08-16 16:52:16.757 2360 2360 D DcTesterFailBrinupAll: register for intent action=com.android.internal.telephony.dataconnection.action_fail_bringup
08-16 16:52:16.757 2360 2360 D DcTesterFailBrinupAll: register for intent action=com.qualcomm.qti.internal.telephony.action_detached
08-16 16:52:16.757 2360 2360 D DcTesterFailBrinupAll: register for intent action=com.qualcomm.qti.internal.telephony.action_attached
08-16 16:52:16.759 2360 2360 W CarrierConfigManager: Error getting config for subId -1 ICarrierConfigLoader is null
08-16 16:52:16.759 2360 2360 D m.android.phon: [1]initApnContexts: isDataCapable == false. No Apn Contexts loaded
08-16 16:52:16.759 2360 2360 D m.android.phon: [1]default emergency apn is created
08-16 16:52:16.762 2360 2360 D QtiDCT-C: initQtiRadioCapability
08-16 16:52:16.762 2360 2360 D QTIRILJ : getEnhancedRadioCapability, response={ when=-59s590ms what=270394 target=com.qualcomm.qti.internal.telephony.dataconnection.QtiDcTracker }
08-16 16:52:16.762 2360 2360 D QTIRILJ : getEnhancedRadioCapability, exception
08-16 16:52:16.764 2360 2360 D QTIRILJ : getEnhancedRadioCapability request failed
08-16 16:52:16.764 1142 1171 D TelephonyRegistry: listen oscl: mHasNotifySubscriptionInfoChangedOccurred==false no callback
01-01 05:55:54.558 0 0 E [kworke][0x52918b77][16:52:16.753089] wlan: [278:E:action_oui] ucfg_action_oui_send: 160: Failed to send: 9
01-01 05:55:54.569 0 0 E [kworke][0x5294f69e][16:52:16.764760] wlan: [278:E:HDD] hdd_action_oui_send: 13281: Failed to send one or all action_ouis
08-16 16:52:16.765 2360 2360 D CarrierResolver: Creating CarrierResolver[1]
08-16 16:52:16.767 2360 2360 D SST : [1] notifyVoiceRegStateRilRadioTechnologyChanged: vrs=1 rat=0
08-16 16:52:16.767 1142 1221 I WindowManager: ******* TELLING SURFACE FLINGER WE ARE BOOTED!
08-16 16:52:16.773 1142 1221 I ActivityManagerTiming: FinishBooting
08-16 16:52:16.774 2360 2360 I GsmCdmaPhone: [1] updateTtyMode ttyMode=0
08-16 16:52:16.774 2360 2360 I GsmCdmaPhone: [1] updateUiTtyMode ttyMode=0
08-16 16:52:16.775 2360 2360 D CallManager: registerPhone(GSM Handler (com.qualcomm.qti.internal.telephony.QtiGsmCdmaPhone) {1492ef5})
08-16 16:52:16.775 2360 2360 D GsmCdmaPhone: [1] GsmCdmaPhone: constructor: sub = 1
08-16 16:52:16.775 2360 2360 D VendorGsmCdmaPhone: Constructor
08-16 16:52:16.777 2360 2360 D QtiGsmCdmaPhone: Constructor
08-16 16:52:16.777 2360 2360 I PhoneFactory: Creating Phone with type = 1 sub = 1
08-16 16:52:16.778 1142 1221 I ActivityManager: About to commit checkpoint
08-16 16:52:16.779 1142 1221 I SystemServiceManager: Starting phase 1000
08-16 16:52:16.779 1142 1221 I ActivityManagerTiming: OnBootPhase_1000
08-16 16:52:16.779 1142 1221 I ActivityManagerTiming: OnBootPhase_1000_com.android.server.security.FileIntegrityService
08-16 16:52:16.779 1142 1221 D ActivityManagerTiming: OnBootPhase_1000_com.android.server.security.FileIntegrityService took to complete: 0ms
08-16 16:52:16.779 1142 1221 I ActivityManagerTiming: OnBootPhase_1000_com.android.server.pm.Installer
08-16 16:52:16.779 1142 1221 D ActivityManagerTiming: OnBootPhase_1000_com.android.server.pm.Installer took to complete: 0ms
08-16 16:52:16.779 1142 1221 I ActivityManagerTiming: OnBootPhase_1000_com.android.server.os.DeviceIdentifiersPolicyService
08-16 16:52:16.779 1142 1221 D ActivityManagerTiming: OnBootPhase_1000_com.android.server.os.DeviceIdentifiersPolicyService took to complete: 0ms
08-16 16:52:16.779 1142 1221 I ActivityManagerTiming: OnBootPhase_1000_com.android.server.uri.UriGrantsManagerService$Lifecycle
08-16 16:52:16.779 1142 1221 D ActivityManagerTiming: OnBootPhase_1000_com.android.server.uri.UriGrantsManagerService$Lifecycle took to complete: 0ms
08-16 16:52:16.779 1142 1221 I ActivityManagerTiming: OnBootPhase_1000_com.android.server.powerstats.PowerStatsService
08-16 16:52:16.779 1142 1221 E PowerStatsService: Failed to start PowerStatsService loggers
08-16 16:52:16.779 1142 1221 D ActivityManagerTiming: OnBootPhase_1000_com.android.server.powerstats.PowerStatsService took to complete: 0ms
08-16 16:52:16.779 1142 1221 I ActivityManagerTiming: OnBootPhase_1000_com.android.server.wm.ActivityTaskManagerService$Lifecycle
08-16 16:52:16.779 1142 1221 D ActivityManagerTiming: OnBootPhase_1000_com.android.server.wm.ActivityTaskManagerService$Lifecycle took to complete: 0ms
08-16 16:52:16.779 1142 1221 I ActivityManagerTiming: OnBootPhase_1000_com.android.server.am.ActivityManagerService$Lifecycle
08-16 16:52:16.779 1142 1221 D ActivityManagerTiming: OnBootPhase_1000_com.android.server.am.ActivityManagerService$Lifecycle took to complete: 0ms
08-16 16:52:16.780 1142 1221 I ActivityManagerTiming: OnBootPhase_1000_com.android.server.pm.DataLoaderManagerService
08-16 16:52:16.780 1142 1221 D ActivityManagerTiming: OnBootPhase_1000_com.android.server.pm.DataLoaderManagerService took to complete: 0ms
08-16 16:52:16.780 1142 1221 I ActivityManagerTiming: OnBootPhase_1000_com.android.server.power.PowerManagerService
08-16 16:52:16.780 1142 1221 D ActivityManagerTiming: OnBootPhase_1000_com.android.server.power.PowerManagerService took to complete: 0ms
08-16 16:52:16.780 1142 1221 I ActivityManagerTiming: OnBootPhase_1000_com.android.server.power.ThermalManagerService
08-16 16:52:16.780 1142 1221 D ActivityManagerTiming: OnBootPhase_1000_com.android.server.power.ThermalManagerService took to complete: 0ms
08-16 16:52:16.780 1142 1221 I ActivityManagerTiming: OnBootPhase_1000_com.android.server.power.hint.HintManagerService
08-16 16:52:16.780 1142 1221 D ActivityManagerTiming: OnBootPhase_1000_com.android.server.power.hint.HintManagerService took to complete: 0ms
08-16 16:52:16.780 1142 1221 I ActivityManagerTiming: OnBootPhase_1000_com.android.server.recoverysystem.RecoverySystemService$Lifecycle
08-16 16:52:16.780 1142 1221 D ActivityManagerTiming: OnBootPhase_1000_com.android.server.recoverysystem.RecoverySystemService$Lifecycle took to complete: 0ms
08-16 16:52:16.780 1142 1221 I ActivityManagerTiming: OnBootPhase_1000_com.android.server.lights.LightsService
08-16 16:52:16.781 1142 1221 D ActivityManagerTiming: OnBootPhase_1000_com.android.server.lights.LightsService took to complete: 0ms
08-16 16:52:16.781 1142 1221 I ActivityManagerTiming: OnBootPhase_1000_com.android.server.display.DisplayManagerService
08-16 16:52:16.781 1142 1333 V DisplayPowerController[0]: Brightness [0.39763778] reason changing to: 'manual', previous reason: 'override'.
08-16 16:52:16.782 1142 1221 D ActivityManagerTiming: OnBootPhase_1000_com.android.server.display.DisplayManagerService took to complete: 1ms
08-16 16:52:16.782 1142 1221 I ActivityManagerTiming: OnBootPhase_1000_com.android.server.pm.verify.domain.DomainVerificationService
08-16 16:52:16.782 1142 1221 D ActivityManagerTiming: OnBootPhase_1000_com.android.server.pm.verify.domain.DomainVerificationService took to complete: 0ms
08-16 16:52:16.782 1142 1221 I ActivityManagerTiming: OnBootPhase_1000_com.android.server.pm.PackageInstallerService$Lifecycle
08-16 16:52:16.782 1142 1221 D ActivityManagerTiming: OnBootPhase_1000_com.android.server.pm.PackageInstallerService$Lifecycle took to complete: 0ms
08-16 16:52:16.782 1142 1221 I ActivityManagerTiming: OnBootPhase_1000_com.android.server.pm.UserManagerService$LifeCycle
08-16 16:52:16.782 1142 1221 D ActivityManagerTiming: OnBootPhase_1000_com.android.server.pm.UserManagerService$LifeCycle took to complete: 0ms
08-16 16:52:16.783 1142 1221 I ActivityManagerTiming: OnBootPhase_1000_com.android.server.om.OverlayManagerService
08-16 16:52:16.783 1142 1221 D ActivityManagerTiming: OnBootPhase_1000_com.android.server.om.OverlayManagerService took to complete: 0ms
08-16 16:52:16.783 1142 1221 I ActivityManagerTiming: OnBootPhase_1000_com.android.server.SensorPrivacyService
08-16 16:52:16.783 1142 1221 D ActivityManagerTiming: OnBootPhase_1000_com.android.server.SensorPrivacyService took to complete: 0ms
08-16 16:52:16.783 1142 1221 I ActivityManagerTiming: OnBootPhase_1000_com.android.server.sensors.SensorService
08-16 16:52:16.783 1142 1221 D ActivityManagerTiming: OnBootPhase_1000_com.android.server.sensors.SensorService took to complete: 0ms
08-16 16:52:16.783 1142 1221 I ActivityManagerTiming: OnBootPhase_1000_com.android.server.SystemConfigService
08-16 16:52:16.783 1142 1221 D ActivityManagerTiming: OnBootPhase_1000_com.android.server.SystemConfigService took to complete: 0ms
08-16 16:52:16.783 1142 1221 I ActivityManagerTiming: OnBootPhase_1000_com.android.server.BatteryService
08-16 16:52:16.783 1142 1221 D ActivityManagerTiming: OnBootPhase_1000_com.android.server.BatteryService took to complete: 0ms
08-16 16:52:16.783 1142 1221 I ActivityManagerTiming: OnBootPhase_1000_com.android.server.usage.UsageStatsService
08-16 16:52:16.785 1142 1221 D ActivityManagerTiming: OnBootPhase_1000_com.android.server.usage.UsageStatsService took to complete: 1ms
08-16 16:52:16.785 1142 1221 I ActivityManagerTiming: OnBootPhase_1000_com.android.server.webkit.WebViewUpdateService
08-16 16:52:16.785 1142 1221 D ActivityManagerTiming: OnBootPhase_1000_com.android.server.webkit.WebViewUpdateService took to complete: 0ms
08-16 16:52:16.785 1142 1221 I ActivityManagerTiming: OnBootPhase_1000_com.android.server.CachedDeviceStateService
08-16 16:52:16.785 1142 1221 D ActivityManagerTiming: OnBootPhase_1000_com.android.server.CachedDeviceStateService took to complete: 0ms
08-16 16:52:16.785 1142 1221 I ActivityManagerTiming: OnBootPhase_1000_com.android.server.BinderCallsStatsService$LifeCycle
08-16 16:52:16.785 1142 1221 D ActivityManagerTiming: OnBootPhase_1000_com.android.server.BinderCallsStatsService$LifeCycle took to complete: 0ms
08-16 16:52:16.785 1142 1221 I ActivityManagerTiming: OnBootPhase_1000_com.android.server.LooperStatsService$Lifecycle
08-16 16:52:16.785 1142 1221 D ActivityManagerTiming: OnBootPhase_1000_com.android.server.LooperStatsService$Lifecycle took to complete: 0ms
08-16 16:52:16.785 1142 1221 I ActivityManagerTiming: OnBootPhase_1000_com.android.server.rollback.RollbackManagerService
08-16 16:52:16.786 1142 1221 D ActivityManagerTiming: OnBootPhase_1000_com.android.server.rollback.RollbackManagerService took to complete: 0ms
08-16 16:52:16.786 1142 1221 I ActivityManagerTiming: OnBootPhase_1000_com.android.server.os.NativeTombstoneManagerService
08-16 16:52:16.786 1142 1221 D ActivityManagerTiming: OnBootPhase_1000_com.android.server.os.NativeTombstoneManagerService took to complete: 0ms
08-16 16:52:16.786 1142 1221 I ActivityManagerTiming: OnBootPhase_1000_com.android.server.os.BugreportManagerService
08-16 16:52:16.786 1142 1221 D ActivityManagerTiming: OnBootPhase_1000_com.android.server.os.BugreportManagerService took to complete: 0ms
08-16 16:52:16.786 1142 1221 I ActivityManagerTiming: OnBootPhase_1000_com.android.server.gpu.GpuService
08-16 16:52:16.787 1142 1698 D RollbackManager: mRollbackLifetimeDurationInMillis=1209600000
08-16 16:52:16.798 1142 1171 D CompatibilityChangeReporter: Compat change id reported: 135634846; UID 10098; state: DISABLED
08-16 16:52:16.798 1142 1171 D CompatibilityChangeReporter: Compat change id reported: 177438394; UID 10098; state: DISABLED
08-16 16:52:16.798 1142 1171 D CompatibilityChangeReporter: Compat change id reported: 135772972; UID 10098; state: DISABLED
08-16 16:52:16.799 1142 1171 D CompatibilityChangeReporter: Compat change id reported: 135754954; UID 10098; state: ENABLED
08-16 16:52:16.800 1142 1243 D CompatibilityChangeReporter: Compat change id reported: 143937733; UID 10098; state: ENABLED
08-16 16:52:16.800 1142 1221 D ActivityManagerTiming: OnBootPhase_1000_com.android.server.gpu.GpuService took to complete: 14ms
08-16 16:52:16.801 1142 1221 I ActivityManagerTiming: OnBootPhase_1000_com.android.server.security.KeyChainSystemService
08-16 16:52:16.801 1142 1221 D ActivityManagerTiming: OnBootPhase_1000_com.android.server.security.KeyChainSystemService took to complete: 0ms
08-16 16:52:16.801 1142 1221 I ActivityManagerTiming: OnBootPhase_1000_com.android.server.telecom.TelecomLoaderService
08-16 16:52:16.801 1142 1221 D ActivityManagerTiming: OnBootPhase_1000_com.android.server.telecom.TelecomLoaderService took to complete: 0ms
08-16 16:52:16.801 1142 1221 I ActivityManagerTiming: OnBootPhase_1000_com.android.server.accounts.AccountManagerService$Lifecycle
08-16 16:52:16.801 1142 1221 D ActivityManagerTiming: OnBootPhase_1000_com.android.server.accounts.AccountManagerService$Lifecycle took to complete: 0ms
08-16 16:52:16.801 1142 1221 I ActivityManagerTiming: OnBootPhase_1000_com.android.server.content.ContentService$Lifecycle
08-16 16:52:16.801 1142 1221 D ActivityManagerTiming: OnBootPhase_1000_com.android.server.content.ContentService$Lifecycle took to complete: 0ms
08-16 16:52:16.801 1142 1221 I ActivityManagerTiming: OnBootPhase_1000_com.android.server.DropBoxManagerService
08-16 16:52:16.801 1142 1221 D ActivityManagerTiming: OnBootPhase_1000_com.android.server.DropBoxManagerService took to complete: 0ms
08-16 16:52:16.801 1142 1221 I ActivityManagerTiming: OnBootPhase_1000_com.android.role.RoleService
08-16 16:52:16.801 1142 1221 D ActivityManagerTiming: OnBootPhase_1000_com.android.role.RoleService took to complete: 0ms
08-16 16:52:16.801 1142 1221 I ActivityManagerTiming: OnBootPhase_1000_com.android.server.vibrator.VibratorManagerService$Lifecycle
08-16 16:52:16.801 1142 1221 D ActivityManagerTiming: OnBootPhase_1000_com.android.server.vibrator.VibratorManagerService$Lifecycle took to complete: 0ms
08-16 16:52:16.801 1142 1221 I ActivityManagerTiming: OnBootPhase_1000_com.android.server.alarm.AlarmManagerService
08-16 16:52:16.801 1142 1221 D ActivityManagerTiming: OnBootPhase_1000_com.android.server.alarm.AlarmManagerService took to complete: 0ms
08-16 16:52:16.801 1142 1221 I ActivityManagerTiming: OnBootPhase_1000_com.android.server.devicestate.DeviceStateManagerService
08-16 16:52:16.802 1142 1221 D ActivityManagerTiming: OnBootPhase_1000_com.android.server.devicestate.DeviceStateManagerService took to complete: 0ms
08-16 16:52:16.802 1142 1221 I ActivityManagerTiming: OnBootPhase_1000_com.android.server.camera.CameraServiceProxy
08-16 16:52:16.804 1142 1692 D AppStandbyController: Loading headless system app cache. appIdleEnabled=false
01-01 05:55:54.611 0 0 D cnss : dma-coherent is enabled
01-01 05:55:54.611 0 0 D cnss : IOMMU map: iova b0000000, len 4096
01-01 05:55:54.611 0 0 D cnss : IOMMU map: iova_addr b0000040
08-16 16:52:16.813 2360 2360 I PhoneFactory: defaultSmsApplication: com.android.mms
01-01 05:55:54.611 0 0 D cnss : dma-coherent is enabled
01-01 05:55:54.611 0 0 D cnss : IOMMU map: iova b0001000, len 4096
01-01 05:55:54.611 0 0 D cnss : IOMMU map: iova_addr b0001018
01-01 05:55:54.621 0 0 E [kworke][0x52a42a10][16:52:16.816645] wlan: [278:E:TXRX] dp_rxdma_ring_config: 5022: DBS enabled max_mac_rings 2
01-01 05:55:54.624 0 0 W QSEECOM : qseecom_load_app: App with id 7 (fingerpr) now loaded
01-01 05:55:54.631 0 0 E : INFO: trying to register non-static key.
01-01 05:55:54.631 0 0 E : the code is fine but needs lockdep annotation.
01-01 05:55:54.631 0 0 I : CPU: 6 PID: 8 Comm: kworker/u16:0 Tainted: G S W O 4.19.157+ #1
01-01 05:55:54.631 0 0 I Hardware name: Qualcomm Technologies, Inc. kona MTP-RmPM8150b (DT)
01-01 05:55:54.631 0 0 I Workqueue: events_unbound ion_system_secure_heap_prefetch_work
01-01 05:55:54.631 0 0 I Call trace:
01-01 05:55:54.631 0 0 I : dump_backtrace+0x0/0x258
01-01 05:55:54.631 0 0 I : show_stack+0x20/0x30
01-01 05:55:54.631 0 0 I : dump_stack+0xd8/0x12c
01-01 05:55:54.631 0 0 I : register_lock_class+0x4d0/0x5c8
01-01 05:55:54.631 0 0 I : __lock_acquire+0xbc/0x1e58
01-01 05:55:54.631 0 0 I : lock_acquire+0x1cc/0x218
01-01 05:55:54.631 0 0 I : _raw_spin_lock_irqsave+0x54/0x98
08-16 16:52:16.816 1142 1221 D ActivityManagerTiming: OnBootPhase_1000_com.android.server.camera.CameraServiceProxy took to complete: 13ms
08-16 16:52:16.817 1142 1221 I ActivityManagerTiming: OnBootPhase_1000_com.android.server.BluetoothService
08-16 16:52:16.817 1142 1221 D ActivityManagerTiming: OnBootPhase_1000_com.android.server.BluetoothService took to complete: 0ms
08-16 16:52:16.817 1142 1221 I ActivityManagerTiming: OnBootPhase_1000_com.android.server.connectivity.IpConnectivityMetrics
08-16 16:52:16.817 1142 1221 D ActivityManagerTiming: OnBootPhase_1000_com.android.server.connectivity.IpConnectivityMetrics took to complete: 0ms
08-16 16:52:16.817 1142 1221 I ActivityManagerTiming: OnBootPhase_1000_com.android.server.net.watchlist.NetworkWatchlistService$Lifecycle
08-16 16:52:16.817 1142 1221 D ActivityManagerTiming: OnBootPhase_1000_com.android.server.net.watchlist.NetworkWatchlistService$Lifecycle took to complete: 0ms
08-16 16:52:16.817 1142 1221 I ActivityManagerTiming: OnBootPhase_1000_com.android.server.PinnerService
08-16 16:52:16.817 1142 1221 D ActivityManagerTiming: OnBootPhase_1000_com.android.server.PinnerService took to complete: 0ms
08-16 16:52:16.817 1142 1221 I ActivityManagerTiming: OnBootPhase_1000_com.google.android.startop.iorap.IorapForwardingService
08-16 16:52:16.818 2360 2360 I PhoneFactory: Creating SubInfoRecordUpdater
08-16 16:52:16.820 1142 1221 D ActivityManagerTiming: OnBootPhase_1000_com.google.android.startop.iorap.IorapForwardingService took to complete: 2ms
08-16 16:52:16.820 1142 1221 I ActivityManagerTiming: OnBootPhase_1000_com.android.server.ActivityTriggerService
08-16 16:52:16.820 1142 1221 D ActivityManagerTiming: OnBootPhase_1000_com.android.server.ActivityTriggerService took to complete: 0ms
08-16 16:52:16.820 1142 1221 I ActivityManagerTiming: OnBootPhase_1000_com.android.server.integrity.AppIntegrityManagerService
08-16 16:52:16.820 1142 1221 D ActivityManagerTiming: OnBootPhase_1000_com.android.server.integrity.AppIntegrityManagerService took to complete: 0ms
08-16 16:52:16.820 1142 1221 I ActivityManagerTiming: OnBootPhase_1000_com.android.server.inputmethod.InputMethodManagerService$Lifecycle
08-16 16:52:16.820 1142 1221 D ActivityManagerTiming: OnBootPhase_1000_com.android.server.inputmethod.InputMethodManagerService$Lifecycle took to complete: 0ms
08-16 16:52:16.820 1142 1221 I ActivityManagerTiming: OnBootPhase_1000_com.android.server.accessibility.AccessibilityManagerService$Lifecycle
08-16 16:52:16.820 1142 1221 D ActivityManagerTiming: OnBootPhase_1000_com.android.server.accessibility.AccessibilityManagerService$Lifecycle took to complete: 0ms
01-01 05:55:54.631 0 0 I : ion_system_secure_heap_prefetch_work+0x94/0x2c0
01-01 05:55:54.631 0 0 I : process_one_work+0x38c/0x660
01-01 05:55:54.631 0 0 I : worker_thread+0x268/0x4b8
01-01 05:55:54.631 0 0 I : kthread+0x140/0x150
08-16 16:52:16.820 1142 1221 I ActivityManagerTiming: OnBootPhase_1000_com.android.server.StorageManagerService$Lifecycle
01-01 05:55:54.631 0 0 I : ret_from_fork+0x10/0x1c
01-01 05:55:54.633 0 0 E [kworke][0x52a794cb][16:52:16.828309] wlan: [278:E:TXRX] dp_rxdma_ring_config: 5033: pdev_id 0 max_mac_rings 2
08-16 16:52:16.820 1142 1221 D ActivityManagerTiming: OnBootPhase_1000_com.android.server.StorageManagerService$Lifecycle took to complete: 1ms
01-01 05:55:54.645 0 0 E : INFO: trying to register non-static key.
08-16 16:52:16.820 1142 1221 I ActivityManagerTiming: OnBootPhase_1000_com.android.server.usage.StorageStatsService$Lifecycle
08-16 16:52:16.820 1142 1221 D ActivityManagerTiming: OnBootPhase_1000_com.android.server.usage.StorageStatsService$Lifecycle took to complete: 0ms
08-16 16:52:16.820 1142 1221 I ActivityManagerTiming: OnBootPhase_1000_com.android.server.UiModeManagerService
08-16 16:52:16.821 1142 1221 D ActivityManagerTiming: OnBootPhase_1000_com.android.server.UiModeManagerService took to complete: 0ms
08-16 16:52:16.821 1142 1221 I ActivityManagerTiming: OnBootPhase_1000_com.android.server.locksettings.LockSettingsService$Lifecycle
08-16 16:52:16.821 1142 1221 D ActivityManagerTiming: OnBootPhase_1000_com.android.server.locksettings.LockSettingsService$Lifecycle took to complete: 0ms
08-16 16:52:16.822 1142 1221 I ActivityManagerTiming: OnBootPhase_1000_com.android.server.PersistentDataBlockService
08-16 16:52:16.822 1142 1221 D ActivityManagerTiming: OnBootPhase_1000_com.android.server.PersistentDataBlockService took to complete: 0ms
08-16 16:52:16.822 1142 1221 I ActivityManagerTiming: OnBootPhase_1000_com.android.server.testharness.TestHarnessModeService
08-16 16:52:16.822 1142 1221 D TestHarnessModeService: Completing Test Harness Mode setup.
08-16 16:52:16.828 1142 1733 D StorageManagerService: Thinking about init, mBootCompleted=true, mDaemonConnected=true
08-16 16:52:16.828 1142 1733 D StorageManagerService: Thinking about reset, mBootCompleted=true, mDaemonConnected=true
08-16 16:52:16.828 1142 1733 I StorageSessionController: Started resetting external storage service...
08-16 16:52:16.828 1142 1733 I StorageSessionController: Finished resetting external storage service
08-16 16:52:16.828 1142 1733 I StorageManagerService: Resetting vold...
08-16 16:52:16.830 1142 1733 I StorageManagerService: Reset vold
08-16 16:52:16.831 2360 2360 D QtiTelephonyComponentFactory: makeSubscriptionInfoUpdater
08-16 16:52:16.831 2360 2360 D SubscriptionInfoUpdater: Constructor invoked
08-16 16:52:16.832 564 564 I vold : onUserAdded: 0
01-01 05:55:54.659 0 0 E [kworke][0x52af2e97][16:52:16.854254] wlan: [278:E:TXRX] dp_rxdma_ring_config: 5050: mac_id 0
01-01 05:55:54.660 0 0 E : the code is fine but needs lockdep annotation.
01-01 05:55:54.660 0 0 I : CPU: 6 PID: 8 Comm: kworker/u16:0 Tainted: G S W O 4.19.157+ #1
01-01 05:55:54.660 0 0 I Hardware name: Qualcomm Technologies, Inc. kona MTP-RmPM8150b (DT)
01-01 05:55:54.660 0 0 I Workqueue: events_unbound ion_system_secure_heap_prefetch_work
01-01 05:55:54.660 0 0 I Call trace:
01-01 05:55:54.660 0 0 I : dump_backtrace+0x0/0x258
01-01 05:55:54.660 0 0 I : show_stack+0x20/0x30
01-01 05:55:54.660 0 0 I : dump_stack+0xd8/0x12c
01-01 05:55:54.660 0 0 I : register_lock_class+0x4d0/0x5c8
01-01 05:55:54.660 0 0 I : __lock_acquire+0xbc/0x1e58
01-01 05:55:54.660 0 0 I : lock_acquire+0x1cc/0x218
01-01 05:55:54.660 0 0 I : _raw_spin_lock_irqsave+0x54/0x98
01-01 05:55:54.660 0 0 I : ion_system_secure_heap_prefetch_work+0x94/0x2c0
01-01 05:55:54.660 0 0 I : process_one_work+0x38c/0x660
01-01 05:55:54.660 0 0 I : worker_thread+0x268/0x4b8
01-01 05:55:54.660 0 0 I : kthread+0x140/0x150
01-01 05:55:54.660 0 0 I : ret_from_fork+0x10/0x1c
01-01 05:55:54.661 0 0 E : INFO: trying to register non-static key.
08-16 16:52:16.855 2360 2360 D TelephonyTester: register for intent action=com.android.internal.telephony.imsphone.action_detached
08-16 16:52:16.855 2360 2360 D TelephonyTester: register for intent action=com.android.internal.telephony.imsphone.action_attached
08-16 16:52:16.855 2360 2360 D TelephonyTester: register for intent action=com.android.internal.telephony.TestConferenceEventPackage
08-16 16:52:16.855 2360 2360 D TelephonyTester: register for intent action=com.android.internal.telephony.TestServiceState
08-16 16:52:16.855 2360 2360 D TelephonyTester: register for intent action=com.android.internal.telephony.TestChangeNumber
08-16 16:52:16.856 2360 2360 D Phone : mDoesRilSendMultipleCallRing=false
08-16 16:52:16.856 2360 2360 D Phone : mCallRingDelay=3000
08-16 16:52:16.858 2360 2360 D TelephonyComponentFactory: makeImsPhoneCallTracker
08-16 16:52:16.860 2360 2360 E ImsPhoneCallTracker: [0] cacheCarrierConfiguration: No carrier config service found or not active subId = -1
08-16 16:52:16.865 2360 2360 D ImsPhone: [0] updateDataServiceState: defSs = {mVoiceRegState=1(OUT_OF_SERVICE), mDataRegState=1(OUT_OF_SERVICE), mChannelNumber=-1, duplexMode()=0, mCellBandwidths=[], mOperatorAlphaLong=null, mOperatorAlphaShort=null, isManualNetworkSelection=false(automatic), getRilVoiceRadioTechnology=0(Unknown), getRilDataRadioTechnology=0(Unknown), mCssIndicator=unsupported, mNetworkId=-1, mSystemId=-1, mCdmaRoamingIndicator=-1, mCdmaDefaultRoamingIndicator=-1, mIsEmergencyOnly=false, isUsingCarrierAggregation=false, mArfcnRsrpBoost=0, mNetworkRegistrationInfos=[NetworkRegistrationInfo{ domain=CS transportType=WWAN registrationState=UNKNOWN roamingType=NOT_ROAMING accessNetworkTechnology=UNKNOWN rejectCause=0 emergencyEnabled=false availableServices=[] cellIdentity=null voiceSpecificInfo=null dataSpecificInfo=null nrState=NONE rRplmn= isUsingCarrierAggregation=false}, NetworkRegistrationInfo{ domain=PS transportType=WWAN registrationState=UNKNOWN roamingType=NOT_ROAMING accessNetworkTechnology=UNKNOWN rejectCause=0 emergencyEnabled=false availableServices=[] cellIdentity=null voiceSpecificInfo=null dataSpecificInfo=null nrState=NONE rRplmn= isUsingCarrierAggregation=false}], mNrFrequencyRange=0, mOperatorAlphaLongRaw=null, mOperatorAlphaShortRaw=null, mIsDataRoamingFromRegistration=false, mIsIwlanPreferred=false} imsSs = {mVoiceRegState=1(OUT_OF_SERVICE), mDataRegState=1(OUT_OF_SERVICE), mChannelNumber=-1, duplexMode()=0, mCellBandwidths=[], mOperatorAlphaLong=null, mOperatorAlphaShort=null, isManualNetworkSelection=false(automatic), getRilVoiceRadioTechnology=0(Unknown), getRilDataRadioTechnology=0(Unknown), mCssIndicator=unsupported, mNetworkId=-1, mSystemId=-1, mCdmaRoamingIndicator=-1, mCdmaDefaultRoamingIndicator=-1, mIsEmergencyOnly=false, isUsingCarrierAggregation=false, mArfcnRsrpBoost=0, mNetworkRegistrationInfos=[NetworkRegistrationInfo{ domain=CS transportType=WWAN registrationState=UNKNOWN roamingType=NOT_ROAMING accessNetworkTechnology=UNKNOWN rejectCause=0 emergencyEnabled=false availableServices=[] cellIdentity=null voiceSpecificInfo=null dataSpecificInfo=null nrState=NONE rRplmn= isUsingCarrierAggregation=false}, NetworkRegistrationInfo{ domain=PS transportType=WWAN registrationState=UNKNOWN roamingType=NOT_ROAMING accessNetworkTechnology=UNKNOWN rejectCause=0 emergencyEnabled=false availableServices=[] cellIdentity=null voiceSpecificInfo=null dataSpecificInfo=null nrState=NONE rRplmn= isUsingCarrierAggregation=false}], mNrFrequencyRange=0, mOperatorAlphaLongRaw=null, mOperatorAlphaShortRaw=null, mIsDataRoamingFromRegistration=false, mIsIwlanPreferred=false}
08-16 16:52:16.865 2360 2360 D CallManager: registerPhone(ImsPhone Handler (com.android.internal.telephony.imsphone.ImsPhone) {e0e8e73})
08-16 16:52:16.865 2360 2360 D TelephonyTester: register for intent action=com.android.internal.telephony.imsphone.action_detached
08-16 16:52:16.865 2360 2360 D TelephonyTester: register for intent action=com.android.internal.telephony.imsphone.action_attached
08-16 16:52:16.865 2360 2360 D TelephonyTester: register for intent action=com.android.internal.telephony.TestConferenceEventPackage
08-16 16:52:16.865 2360 2360 D TelephonyTester: register for intent action=com.android.internal.telephony.TestServiceState
08-16 16:52:16.865 2360 2360 D TelephonyTester: register for intent action=com.android.internal.telephony.TestChangeNumber
08-16 16:52:16.866 1142 1221 D ActivityManagerTiming: OnBootPhase_1000_com.android.server.testharness.TestHarnessModeService took to complete: 43ms
08-16 16:52:16.866 1142 1221 I ActivityManagerTiming: OnBootPhase_1000_com.android.server.oemlock.OemLockService
08-16 16:52:16.866 1142 1221 D ActivityManagerTiming: OnBootPhase_1000_com.android.server.oemlock.OemLockService took to complete: 0ms
08-16 16:52:16.866 1142 1221 I ActivityManagerTiming: OnBootPhase_1000_com.android.server.DeviceIdleController
08-16 16:52:16.866 2360 2360 D Phone : mDoesRilSendMultipleCallRing=false
08-16 16:52:16.866 1142 1221 D ActivityManagerTiming: OnBootPhase_1000_com.android.server.DeviceIdleController took to complete: 0ms
08-16 16:52:16.866 1142 1221 I ActivityManagerTiming: OnBootPhase_1000_com.android.server.devicepolicy.DevicePolicyManagerService$Lifecycle
08-16 16:52:16.866 1142 1221 D ActivityManagerTiming: OnBootPhase_1000_com.android.server.devicepolicy.DevicePolicyManagerService$Lifecycle took to complete: 0ms
08-16 16:52:16.866 1142 1221 I ActivityManagerTiming: OnBootPhase_1000_com.android.server.texttospeech.TextToSpeechManagerService
08-16 16:52:16.866 1142 1221 D ActivityManagerTiming: OnBootPhase_1000_com.android.server.texttospeech.TextToSpeechManagerService took to complete: 0ms
08-16 16:52:16.866 1142 1221 I ActivityManagerTiming: OnBootPhase_1000_com.android.server.speech.SpeechRecognitionManagerService
08-16 16:52:16.867 1142 1221 D ActivityManagerTiming: OnBootPhase_1000_com.android.server.speech.SpeechRecognitionManagerService took to complete: 0ms
08-16 16:52:16.867 1142 1221 I ActivityManagerTiming: OnBootPhase_1000_com.android.server.searchui.SearchUiManagerService
08-16 16:52:16.867 1142 1221 D ActivityManagerTiming: OnBootPhase_1000_com.android.server.searchui.SearchUiManagerService took to complete: 0ms
08-16 16:52:16.867 1142 1221 I ActivityManagerTiming: OnBootPhase_1000_com.android.server.smartspace.SmartspaceManagerService
08-16 16:52:16.866 2360 2360 D Phone : mCallRingDelay=3000
08-16 16:52:16.867 1142 1221 D ActivityManagerTiming: OnBootPhase_1000_com.android.server.smartspace.SmartspaceManagerService took to complete: 0ms
08-16 16:52:16.867 1142 1221 I ActivityManagerTiming: OnBootPhase_1000_com.android.server.graphics.fonts.FontManagerService$Lifecycle
08-16 16:52:16.867 1142 1221 D ActivityManagerTiming: OnBootPhase_1000_com.android.server.graphics.fonts.FontManagerService$Lifecycle took to complete: 0ms
08-16 16:52:16.867 1142 1221 I ActivityManagerTiming: OnBootPhase_1000_com.android.server.textservices.TextServicesManagerService$Lifecycle
08-16 16:52:16.867 2360 2360 D TelephonyComponentFactory: makeImsPhoneCallTracker
08-16 16:52:16.867 1142 1221 D ActivityManagerTiming: OnBootPhase_1000_com.android.server.textservices.TextServicesManagerService$Lifecycle took to complete: 0ms
08-16 16:52:16.867 1142 1221 I ActivityManagerTiming: OnBootPhase_1000_com.android.server.textclassifier.TextClassificationManagerService$Lifecycle
08-16 16:52:16.867 1142 1221 D ActivityManagerTiming: OnBootPhase_1000_com.android.server.textclassifier.TextClassificationManagerService$Lifecycle took to complete: 0ms
08-16 16:52:16.867 1142 1221 I ActivityManagerTiming: OnBootPhase_1000_com.android.server.NetworkScoreService$Lifecycle
08-16 16:52:16.867 1142 1221 D ActivityManagerTiming: OnBootPhase_1000_com.android.server.NetworkScoreService$Lifecycle took to complete: 0ms
08-16 16:52:16.867 1142 1221 I ActivityManagerTiming: OnBootPhase_1000_com.android.server.wifi.WifiService
08-16 16:52:16.867 1142 1221 D ActivityManagerTiming: OnBootPhase_1000_com.android.server.wifi.WifiService took to complete: 0ms
08-16 16:52:16.867 1142 1221 I ActivityManagerTiming: OnBootPhase_1000_com.android.server.wifi.scanner.WifiScanningService
08-16 16:52:16.867 1142 1221 D ActivityManagerTiming: OnBootPhase_1000_com.android.server.wifi.scanner.WifiScanningService took to complete: 0ms
08-16 16:52:16.867 1142 1221 I ActivityManagerTiming: OnBootPhase_1000_com.android.server.wifi.rtt.RttService
08-16 16:52:16.868 1142 1221 D ActivityManagerTiming: OnBootPhase_1000_com.android.server.wifi.rtt.RttService took to complete: 0ms
08-16 16:52:16.868 1142 1221 I ActivityManagerTiming: OnBootPhase_1000_com.android.server.wifi.aware.WifiAwareService
08-16 16:52:16.868 1142 1221 D ActivityManagerTiming: OnBootPhase_1000_com.android.server.wifi.aware.WifiAwareService took to complete: 0ms
08-16 16:52:16.868 1142 1221 I ActivityManagerTiming: OnBootPhase_1000_com.android.server.wifi.p2p.WifiP2pService
08-16 16:52:16.868 1142 1221 D ActivityManagerTiming: OnBootPhase_1000_com.android.server.wifi.p2p.WifiP2pService took to complete: 0ms
08-16 16:52:16.868 2360 2360 E ImsPhoneCallTracker: [1] cacheCarrierConfiguration: No carrier config service found or not active subId = -1
08-16 16:52:16.868 1142 1221 I ActivityManagerTiming: OnBootPhase_1000_com.android.server.ethernet.EthernetService
08-16 16:52:16.868 1142 1221 D ActivityManagerTiming: OnBootPhase_1000_com.android.server.ethernet.EthernetService took to complete: 0ms
08-16 16:52:16.868 1142 1221 I ActivityManagerTiming: OnBootPhase_1000_com.android.server.ConnectivityServiceInitializer
08-16 16:52:16.868 1142 1221 D ActivityManagerTiming: OnBootPhase_1000_com.android.server.ConnectivityServiceInitializer took to complete: 0ms
08-16 16:52:16.868 1142 1221 I ActivityManagerTiming: OnBootPhase_1000_com.android.server.notification.NotificationManagerService
08-16 16:52:16.868 1142 1221 D ActivityManagerTiming: OnBootPhase_1000_com.android.server.notification.NotificationManagerService took to complete: 0ms
08-16 16:52:16.868 1142 1221 I ActivityManagerTiming: OnBootPhase_1000_com.android.server.storage.DeviceStorageMonitorService
08-16 16:52:16.868 1142 1221 D ActivityManagerTiming: OnBootPhase_1000_com.android.server.storage.DeviceStorageMonitorService took to complete: 0ms
08-16 16:52:16.868 1142 1221 I ActivityManagerTiming: OnBootPhase_1000_com.android.server.location.LocationManagerService$Lifecycle
08-16 16:52:16.869 1142 1221 D ActivityManagerTiming: OnBootPhase_1000_com.android.server.location.LocationManagerService$Lifecycle took to complete: 0ms
08-16 16:52:16.869 1142 1221 I ActivityManagerTiming: OnBootPhase_1000_com.android.server.timedetector.TimeDetectorService$Lifecycle
08-16 16:52:16.869 1142 1221 D ActivityManagerTiming: OnBootPhase_1000_com.android.server.timedetector.TimeDetectorService$Lifecycle took to complete: 0ms
08-16 16:52:16.869 1142 1221 I ActivityManagerTiming: OnBootPhase_1000_com.android.server.timezonedetector.TimeZoneDetectorService$Lifecycle
08-16 16:52:16.869 1142 1221 D ActivityManagerTiming: OnBootPhase_1000_com.android.server.timezonedetector.TimeZoneDetectorService$Lifecycle took to complete: 0ms
08-16 16:52:16.869 1142 1221 I ActivityManagerTiming: OnBootPhase_1000_com.android.server.timezonedetector.location.LocationTimeZoneManagerService$Lifecycle
08-16 16:52:16.869 1142 1221 D ActivityManagerTiming: OnBootPhase_1000_com.android.server.timezonedetector.location.LocationTimeZoneManagerService$Lifecycle took to complete: 0ms
08-16 16:52:16.869 1142 1221 I ActivityManagerTiming: OnBootPhase_1000_com.android.server.search.SearchManagerService$Lifecycle
08-16 16:52:16.869 1142 1221 D ActivityManagerTiming: OnBootPhase_1000_com.android.server.search.SearchManagerService$Lifecycle took to complete: 0ms
08-16 16:52:16.869 1142 1221 I ActivityManagerTiming: OnBootPhase_1000_com.android.server.wallpaper.WallpaperManagerService$Lifecycle
08-16 16:52:16.869 1142 1221 D ActivityManagerTiming: OnBootPhase_1000_com.android.server.wallpaper.WallpaperManagerService$Lifecycle took to complete: 0ms
08-16 16:52:16.869 1142 1221 I ActivityManagerTiming: OnBootPhase_1000_com.android.server.audio.AudioService$Lifecycle
08-16 16:52:16.869 1142 1221 D ActivityManagerTiming: OnBootPhase_1000_com.android.server.audio.AudioService$Lifecycle took to complete: 0ms
08-16 16:52:16.869 1142 1221 I ActivityManagerTiming: OnBootPhase_1000_com.android.server.soundtrigger_middleware.SoundTriggerMiddlewareService$Lifecycle
08-16 16:52:16.869 1142 1221 D ActivityManagerTiming: OnBootPhase_1000_com.android.server.soundtrigger_middleware.SoundTriggerMiddlewareService$Lifecycle took to complete: 0ms
08-16 16:52:16.869 1142 1221 I ActivityManagerTiming: OnBootPhase_1000_com.android.server.DockObserver
08-16 16:52:16.869 1142 1221 D ActivityManagerTiming: OnBootPhase_1000_com.android.server.DockObserver took to complete: 0ms
08-16 16:52:16.869 1142 1221 I ActivityManagerTiming: OnBootPhase_1000_com.android.server.midi.MidiService$Lifecycle
08-16 16:52:16.869 1142 1221 D ActivityManagerTiming: OnBootPhase_1000_com.android.server.midi.MidiService$Lifecycle took to complete: 0ms
08-16 16:52:16.870 1142 1221 I ActivityManagerTiming: OnBootPhase_1000_com.android.server.adb.AdbService$Lifecycle
08-16 16:52:16.870 1142 1221 D ActivityManagerTiming: OnBootPhase_1000_com.android.server.adb.AdbService$Lifecycle took to complete: 0ms
08-16 16:52:16.870 1142 1221 I ActivityManagerTiming: OnBootPhase_1000_com.android.server.usb.UsbService$Lifecycle
