08-16 16:52:18.594 1142 1242 D SystemServerTimingAsync: ssm.onUnlockingUser-0_com.android.server.biometrics.AuthService took to complete: 0ms
08-16 16:52:18.594 1142 1242 I SystemServerTimingAsync: ssm.onUnlockingUser-0_com.android.server.pm.ShortcutService$Lifecycle
08-16 16:52:18.595 1142 1242 D SystemServerTimingAsync: ssm.onUnlockingUser-0_com.android.server.pm.ShortcutService$Lifecycle took to complete: 1ms
08-16 16:52:18.595 1142 1242 I SystemServerTimingAsync: ssm.onUnlockingUser-0_com.android.server.pm.LauncherAppsService
08-16 16:52:18.595 1142 1242 D SystemServerTimingAsync: ssm.onUnlockingUser-0_com.android.server.pm.LauncherAppsService took to complete: 0ms
08-16 16:52:18.595 1142 1242 I SystemServerTimingAsync: ssm.onUnlockingUser-0_com.android.server.pm.CrossProfileAppsService
08-16 16:52:18.595 1142 1242 D SystemServerTimingAsync: ssm.onUnlockingUser-0_com.android.server.pm.CrossProfileAppsService took to complete: 0ms
08-16 16:52:18.595 1142 1242 I SystemServerTimingAsync: ssm.onUnlockingUser-0_com.android.server.people.PeopleService
08-16 16:52:18.595 1142 1242 D SystemServerTimingAsync: ssm.onUnlockingUser-0_com.android.server.people.PeopleService took to complete: 0ms
08-16 16:52:18.595 1142 1242 I SystemServerTimingAsync: ssm.onUnlockingUser-0_com.android.server.media.metrics.MediaMetricsManagerService
08-16 16:52:18.596 1142 1242 D SystemServerTimingAsync: ssm.onUnlockingUser-0_com.android.server.media.metrics.MediaMetricsManagerService took to complete: 0ms
08-16 16:52:18.596 1142 1242 I SystemServerTimingAsync: ssm.onUnlockingUser-0_com.android.server.media.projection.MediaProjectionManagerService
08-16 16:52:18.596 1142 1242 D SystemServerTimingAsync: ssm.onUnlockingUser-0_com.android.server.media.projection.MediaProjectionManagerService took to complete: 0ms
08-16 16:52:18.596 1142 1242 I SystemServerTimingAsync: ssm.onUnlockingUser-0_com.android.server.slice.SliceManagerService$Lifecycle
08-16 16:52:18.596 1142 1242 D SystemServerTimingAsync: ssm.onUnlockingUser-0_com.android.server.slice.SliceManagerService$Lifecycle took to complete: 0ms
08-16 16:52:18.596 1142 1242 I SystemServerTimingAsync: ssm.onUnlockingUser-0_com.android.server.stats.StatsCompanion$Lifecycle
08-16 16:52:18.596 1142 1242 D SystemServerTimingAsync: ssm.onUnlockingUser-0_com.android.server.stats.StatsCompanion$Lifecycle took to complete: 0ms
08-16 16:52:18.596 1142 1242 I SystemServerTimingAsync: ssm.onUnlockingUser-0_com.android.server.scheduling.RebootReadinessManagerService$Lifecycle
08-16 16:52:18.596 1142 1242 D SystemServerTimingAsync: ssm.onUnlockingUser-0_com.android.server.scheduling.RebootReadinessManagerService$Lifecycle took to complete: 0ms
08-16 16:52:18.596 1142 1242 I SystemServerTimingAsync: ssm.onUnlockingUser-0_com.android.server.stats.pull.StatsPullAtomService
08-16 16:52:18.596 1142 1242 D SystemServerTimingAsync: ssm.onUnlockingUser-0_com.android.server.stats.pull.StatsPullAtomService took to complete: 0ms
08-16 16:52:18.597 1142 1242 I SystemServerTimingAsync: ssm.onUnlockingUser-0_com.android.server.incident.IncidentCompanionService
08-16 16:52:18.597 1142 1242 D SystemServerTimingAsync: ssm.onUnlockingUser-0_com.android.server.incident.IncidentCompanionService took to complete: 0ms
08-16 16:52:18.597 1142 1242 I SystemServerTimingAsync: ssm.onUnlockingUser-0_com.android.server.MmsServiceBroker
08-16 16:52:18.597 1142 1242 D SystemServerTimingAsync: ssm.onUnlockingUser-0_com.android.server.MmsServiceBroker took to complete: 0ms
08-16 16:52:18.597 1142 1242 I SystemServerTimingAsync: ssm.onUnlockingUser-0_com.android.server.autofill.AutofillManagerService
08-16 16:52:18.597 1142 1219 D AutofillUI: destroySaveUiUiThread(): already destroyed
08-16 16:52:18.597 1142 1242 D AutofillManagerServiceImpl: Reset component for user 0:
08-16 16:52:18.598 1142 1242 D FieldClassificationStrategy: reset(): service is not bound. Do nothing.
08-16 16:52:18.598 1142 1242 D SystemServerTimingAsync: ssm.onUnlockingUser-0_com.android.server.autofill.AutofillManagerService took to complete: 2ms
08-16 16:52:18.598 1142 1242 I SystemServerTimingAsync: ssm.onUnlockingUser-0_com.android.server.clipboard.ClipboardService
08-16 16:52:18.598 1142 1242 D SystemServerTimingAsync: ssm.onUnlockingUser-0_com.android.server.clipboard.ClipboardService took to complete: 0ms
08-16 16:52:18.598 1142 1242 I SystemServerTimingAsync: ssm.onUnlockingUser-0_com.android.server.appbinding.AppBindingService$Lifecycle
08-16 16:52:18.599 1142 1242 D SystemServerTimingAsync: ssm.onUnlockingUser-0_com.android.server.appbinding.AppBindingService$Lifecycle took to complete: 0ms
08-16 16:52:18.599 1142 1242 I SystemServerTimingAsync: ssm.onUnlockingUser-0_com.android.server.tracing.TracingServiceProxy
08-16 16:52:18.599 1142 1242 D SystemServerTimingAsync: ssm.onUnlockingUser-0_com.android.server.tracing.TracingServiceProxy took to complete: 0ms
08-16 16:52:18.599 1142 1242 I SystemServerTimingAsync: ssm.onUnlockingUser-0_com.android.server.policy.PermissionPolicyService
08-16 16:52:18.599 1142 1242 D SystemServerTimingAsync: ssm.onUnlockingUser-0_com.android.server.policy.PermissionPolicyService took to complete: 0ms
08-16 16:52:18.600 1142 1242 I SystemServerTimingAsync: ssm.onUnlockingUser-0_com.android.server.pm.StagingManager$Lifecycle
08-16 16:52:18.600 1142 1242 D SystemServerTimingAsync: ssm.onUnlockingUser-0_com.android.server.pm.StagingManager$Lifecycle took to complete: 0ms
08-16 16:52:18.624 1142 1242 I SystemServerTimingAsync: ssm.onUnlockingUser-0_com.android.server.app.GameManagerService$Lifecycle
08-16 16:52:18.624 1142 1242 D SystemServerTimingAsync: ssm.onUnlockingUser-0_com.android.server.app.GameManagerService$Lifecycle took to complete: 0ms
08-16 16:52:18.624 1142 1758 I Telecom : PhoneAccountRegistrar: Modify account: [ComponentInfo{com.android.phone/com.android.services.telephony.TelephonyConnectionService}, ***, UserHandle{0}]: TSI.rPA@AA0
08-16 16:52:18.624 1142 2775 D CompatibilityChangeReporter: Compat change id reported: 168419799; UID 10125; state: DISABLED
08-16 16:52:18.625 1142 1758 I Telecom : CallsManager: handlePhoneAccountChanged: phoneAccount=[[X] PhoneAccount: ComponentInfo{com.android.phone/com.android.services.telephony.TelephonyConnectionService}, ***, UserHandle{0} Capabilities: CallProvider EmergOnly MultiUser PlaceEmerg SimSub Audio Routes: BESW Schemes: tel voicemail Extras: Bundle[{android.telecom.extra.SUPPORTS_VIDEO_CALLING_FALLBACK=true}] GroupId: ***]: TSI.rPA@AA0
08-16 16:52:18.628 2360 2360 D EmergencyNumberTracker: ACTION_NETWORK_COUNTRY_CHANGED: PhoneId: 1 CountryIso:
08-16 16:52:18.629 2360 2360 D Phone : isImsRegistered =false
08-16 16:52:18.631 2360 2360 E PhoneSubInfoController: getLine1Number phone is null for Subscription:-1
08-16 16:52:18.631 2360 2360 D ImsPhone: [0] mCurrentSubscriberUris is null
08-16 16:52:18.631 1142 1242 I SystemServerTimingAsync: ssm.onUnlockingUser-0_com.android.server.appsearch.AppSearchManagerService
08-16 16:52:18.631 1142 1242 D SystemServerTimingAsync: ssm.onUnlockingUser-0_com.android.server.appsearch.AppSearchManagerService took to complete: 1ms
08-16 16:52:18.632 1142 1242 I SystemServerTimingAsync: ssm.onUnlockingUser-0_com.android.server.media.MediaCommunicationService
08-16 16:52:18.632 1142 1242 D SystemServerTimingAsync: ssm.onUnlockingUser-0_com.android.server.media.MediaCommunicationService took to complete: 0ms
08-16 16:52:18.632 1142 1242 D SystemServerTimingAsync: ssm.UnlockingUser-0 took to complete: 192ms
08-16 16:52:18.632 1142 1242 W ActivityManager: UserLifecycleEvent 5 received without an active userJourneySession.
08-16 16:52:18.632 1142 1242 W ActivityManager: UserLifecycleEvent 6 received without an active userJourneySession.
08-16 16:52:18.632 1142 1242 I ActivityManager: User 0 state changed from RUNNING_UNLOCKING to RUNNING_UNLOCKED
08-16 16:52:18.632 1142 2775 D CompatibilityChangeReporter: Compat change id reported: 181136395; UID 1000; state: DISABLED
08-16 16:52:18.633 1142 1242 D SystemServerTiming: SystemUserUnlock took to complete: 1617ms
08-16 16:52:18.636 1142 2775 D CompatibilityChangeReporter: Compat change id reported: 174042936; UID 1000; state: DISABLED
08-16 16:52:18.637 564 564 D vold : Waiting for sdcardfs to spin up...
08-16 16:52:18.640 1142 2775 D CompatibilityChangeReporter: Compat change id reported: 174042980; UID 1000; state: DISABLED
08-16 16:52:18.641 1142 1218 I ActivityTaskManager: Loading recents for user 0 into memory.
08-16 16:52:18.647 1142 1758 D CompatibilityChangeReporter: Compat change id reported: 171306433; UID 1073; state: ENABLED
08-16 16:52:18.653 1142 1778 E BackupPasswordManager: Unable to read backup pw version
08-16 16:52:18.654 1142 1778 E BackupPasswordManager: Unable to read saved backup pw hash
01-01 05:55:56.467 0 0 I : sdcardfs version 2.0
08-16 16:52:18.661 2852 2852 W sdcard : Device explicitly enabled sdcardfs
08-16 16:52:18.689 1142 1758 I Telecom : PhoneAccountRegistrar: Modify account: [ComponentInfo{com.android.phone/com.android.services.telephony.TelephonyConnectionService}, ***, UserHandle{0}]: TSI.rPA@ABA
08-16 16:52:18.692 1142 1758 I Telecom : CallsManager: handlePhoneAccountChanged: phoneAccount=[[X] PhoneAccount: ComponentInfo{com.android.phone/com.android.services.telephony.TelephonyConnectionService}, ***, UserHandle{0} Capabilities: CallProvider EmergOnly MultiUser PlaceEmerg SimSub Audio Routes: BESW Schemes: tel voicemail Extras: Bundle[{android.telecom.extra.SUPPORTS_VIDEO_CALLING_FALLBACK=true}] GroupId: ***]: TSI.rPA@ABA
08-16 16:52:18.694 564 564 I vold : Mounting emulated fuse volume
08-16 16:52:18.695 1142 1218 V PackageConfigPersister: loadPackages: empty list files from /data/system_ce/0/package_configs
08-16 16:52:18.696 1142 2775 W ActivityManager: Slow operation: 82ms so far, now at attachApplicationLocked: after sendPendingBroadcastsLocked
08-16 16:52:18.700 1142 1242 D CompatibilityChangeReporter: Compat change id reported: 135634846; UID 1027; state: DISABLED
08-16 16:52:18.700 1142 1242 D CompatibilityChangeReporter: Compat change id reported: 135634846; UID 10065; state: DISABLED
08-16 16:52:18.700 1142 1242 D CompatibilityChangeReporter: Compat change id reported: 177438394; UID 10065; state: DISABLED
08-16 16:52:18.701 1142 1242 D CompatibilityChangeReporter: Compat change id reported: 135772972; UID 10065; state: DISABLED
08-16 16:52:18.701 1142 1242 D CompatibilityChangeReporter: Compat change id reported: 135754954; UID 10065; state: ENABLED
08-16 16:52:18.701 1142 1242 D CompatibilityChangeReporter: Compat change id reported: 135634846; UID 10123; state: DISABLED
08-16 16:52:18.702 1142 1242 D CompatibilityChangeReporter: Compat change id reported: 177438394; UID 10123; state: DISABLED
08-16 16:52:18.702 1142 1242 D CompatibilityChangeReporter: Compat change id reported: 135772972; UID 10123; state: DISABLED
08-16 16:52:18.702 1142 1242 D CompatibilityChangeReporter: Compat change id reported: 135754954; UID 10123; state: DISABLED
08-16 16:52:18.702 1142 1242 D CompatibilityChangeReporter: Compat change id reported: 135634846; UID 10134; state: DISABLED
08-16 16:52:18.703 1142 1242 D CompatibilityChangeReporter: Compat change id reported: 177438394; UID 10134; state: DISABLED
08-16 16:52:18.703 1142 1242 D CompatibilityChangeReporter: Compat change id reported: 135772972; UID 10134; state: DISABLED
08-16 16:52:18.703 1142 1242 D CompatibilityChangeReporter: Compat change id reported: 135754954; UID 10134; state: ENABLED
08-16 16:52:18.703 1142 1242 D CompatibilityChangeReporter: Compat change id reported: 135634846; UID 10137; state: DISABLED
08-16 16:52:18.703 1142 1242 D CompatibilityChangeReporter: Compat change id reported: 177438394; UID 10137; state: DISABLED
08-16 16:52:18.704 1142 1242 D CompatibilityChangeReporter: Compat change id reported: 135772972; UID 10137; state: DISABLED
08-16 16:52:18.704 1142 1242 D CompatibilityChangeReporter: Compat change id reported: 135754954; UID 10137; state: ENABLED
08-16 16:52:18.704 1142 1242 D CompatibilityChangeReporter: Compat change id reported: 135634846; UID 1000; state: DISABLED
08-16 16:52:18.704 1142 1242 D CompatibilityChangeReporter: Compat change id reported: 177438394; UID 1000; state: DISABLED
08-16 16:52:18.704 1142 1242 D CompatibilityChangeReporter: Compat change id reported: 135772972; UID 1000; state: DISABLED
08-16 16:52:18.705 1142 1242 D CompatibilityChangeReporter: Compat change id reported: 135754954; UID 1000; state: DISABLED
08-16 16:52:18.710 2360 2360 D SST : [1] SST.requestAllCellInfo(): not implemented
08-16 16:52:18.711 2360 2360 D TelephonyNetworkFactory[0]: onNeedNetworkFor NetworkRequest [ REQUEST id=15, [ Capabilities: INTERNET&NOT_RESTRICTED&TRUSTED&NOT_VCN_MANAGED Uid: 1000 RequestorUid: 1000 RequestorPkg: android] ] shouldApply false
08-16 16:52:18.711 2360 2360 D TelephonyNetworkFactory[0]: onNeedNetworkFor NetworkRequest [ REQUEST id=28, [ Capabilities: INTERNET&NOT_RESTRICTED&TRUSTED&NOT_VCN_MANAGED Uid: 1001 RequestorUid: 1001 RequestorPkg: com.android.phone] ] shouldApply false
08-16 16:52:18.711 2360 2360 D TelephonyNetworkFactory[0]: onNeedNetworkFor NetworkRequest [ REQUEST id=31, [ Capabilities: INTERNET&NOT_RESTRICTED&TRUSTED&NOT_VCN_MANAGED Uid: 1001 RequestorUid: 1001 RequestorPkg: com.android.phone] ] shouldApply false
08-16 16:52:18.711 2360 2360 D TelephonyNetworkFactory[0]: onNeedNetworkFor NetworkRequest [ REQUEST id=17, [ Capabilities: INTERNET&NOT_RESTRICTED&TRUSTED&NOT_VCN_MANAGED Uid: 1073 RequestorUid: 1073 RequestorPkg: com.android.networkstack] ] shouldApply false
08-16 16:52:18.712 2360 2360 D TelephonyNetworkFactory[0]: onNeedNetworkFor NetworkRequest [ REQUEST id=7, [ Capabilities: INTERNET&NOT_RESTRICTED&TRUSTED&NOT_VCN_MANAGED Uid: 1000 RequestorUid: 1000 RequestorPkg: android] ] shouldApply false
08-16 16:52:18.712 2360 2360 D TelephonyNetworkFactory[0]: onNeedNetworkFor NetworkRequest [ REQUEST id=1, [ Capabilities: INTERNET&NOT_RESTRICTED&TRUSTED&NOT_VPN&NOT_VCN_MANAGED RequestorUid: 1000 RequestorPkg: android] ] shouldApply false
08-16 16:52:18.712 2360 2360 D TelephonyNetworkFactory[0]: onNeedNetworkFor NetworkRequest [ BACKGROUND_REQUEST id=2, [ Transports: CELLULAR Capabilities: INTERNET&NOT_RESTRICTED&TRUSTED&NOT_VPN&NOT_VCN_MANAGED RequestorUid: 1000 RequestorPkg: android] ] shouldApply false
08-16 16:52:18.713 1142 1242 I ActivityManager: Posting BOOT_COMPLETED user #0
08-16 16:52:18.713 2360 2360 D TelephonyNetworkFactory[0]: onNeedNetworkFor NetworkRequest [ REQUEST id=21, [ Capabilities: INTERNET&NOT_RESTRICTED&TRUSTED&NOT_VCN_MANAGED Uid: 10124 RequestorUid: 10124 RequestorPkg: com.android.systemui] ] shouldApply false
08-16 16:52:18.713 2360 2360 D TelephonyNetworkFactory[0]: onNeedNetworkFor NetworkRequest [ REQUEST id=23, [ Capabilities: INTERNET&NOT_RESTRICTED&TRUSTED&NOT_VCN_MANAGED Uid: 10124 RequestorUid: 10124 RequestorPkg: com.android.systemui] ] shouldApply false
08-16 16:52:18.713 2360 2360 D TelephonyNetworkFactory[1]: onNeedNetworkFor NetworkRequest [ REQUEST id=15, [ Capabilities: INTERNET&NOT_RESTRICTED&TRUSTED&NOT_VCN_MANAGED Uid: 1000 RequestorUid: 1000 RequestorPkg: android] ] shouldApply false
08-16 16:52:18.713 2360 2360 D TelephonyNetworkFactory[1]: onNeedNetworkFor NetworkRequest [ REQUEST id=28, [ Capabilities: INTERNET&NOT_RESTRICTED&TRUSTED&NOT_VCN_MANAGED Uid: 1001 RequestorUid: 1001 RequestorPkg: com.android.phone] ] shouldApply false
08-16 16:52:18.714 2360 2360 D TelephonyNetworkFactory[1]: onNeedNetworkFor NetworkRequest [ REQUEST id=31, [ Capabilities: INTERNET&NOT_RESTRICTED&TRUSTED&NOT_VCN_MANAGED Uid: 1001 RequestorUid: 1001 RequestorPkg: com.android.phone] ] shouldApply false
08-16 16:52:18.714 2360 2360 D TelephonyNetworkFactory[1]: onNeedNetworkFor NetworkRequest [ REQUEST id=17, [ Capabilities: INTERNET&NOT_RESTRICTED&TRUSTED&NOT_VCN_MANAGED Uid: 1073 RequestorUid: 1073 RequestorPkg: com.android.networkstack] ] shouldApply false
08-16 16:52:18.714 2360 2360 D TelephonyNetworkFactory[1]: onNeedNetworkFor NetworkRequest [ REQUEST id=7, [ Capabilities: INTERNET&NOT_RESTRICTED&TRUSTED&NOT_VCN_MANAGED Uid: 1000 RequestorUid: 1000 RequestorPkg: android] ] shouldApply false
08-16 16:52:18.714 2360 2360 D TelephonyNetworkFactory[1]: onNeedNetworkFor NetworkRequest [ REQUEST id=1, [ Capabilities: INTERNET&NOT_RESTRICTED&TRUSTED&NOT_VPN&NOT_VCN_MANAGED RequestorUid: 1000 RequestorPkg: android] ] shouldApply false
08-16 16:52:18.714 1142 1142 V NotificationAssistants: disabling notification assistant for user 0: ComponentInfo{android.ext.services/android.ext.services.notification.Assistant}
08-16 16:52:18.714 1142 1142 D NotificationListeners: Removing active service ComponentInfo{android.ext.services/android.ext.services.notification.Assistant}
08-16 16:52:18.714 2360 2360 D TelephonyNetworkFactory[1]: onNeedNetworkFor NetworkRequest [ BACKGROUND_REQUEST id=2, [ Transports: CELLULAR Capabilities: INTERNET&NOT_RESTRICTED&TRUSTED&NOT_VPN&NOT_VCN_MANAGED RequestorUid: 1000 RequestorPkg: android] ] shouldApply false
08-16 16:52:18.715 2360 2360 D TelephonyNetworkFactory[1]: onNeedNetworkFor NetworkRequest [ REQUEST id=21, [ Capabilities: INTERNET&NOT_RESTRICTED&TRUSTED&NOT_VCN_MANAGED Uid: 10124 RequestorUid: 10124 RequestorPkg: com.android.systemui] ] shouldApply false
08-16 16:52:18.715 2360 2360 D TelephonyNetworkFactory[1]: onNeedNetworkFor NetworkRequest [ REQUEST id=23, [ Capabilities: INTERNET&NOT_RESTRICTED&TRUSTED&NOT_VCN_MANAGED Uid: 10124 RequestorUid: 10124 RequestorPkg: com.android.systemui] ] shouldApply false
08-16 16:52:18.722 1142 1242 I SystemServerTimingAsync: ssm.UnlockedUser-0
08-16 16:52:18.723 1142 1242 I SystemServiceManager: Calling onUnlockedUser 0
08-16 16:52:18.723 1142 1242 I SystemServerTimingAsync: ssm.onUnlockedUser-0_com.android.server.security.FileIntegrityService
08-16 16:52:18.723 1142 1242 D SystemServerTimingAsync: ssm.onUnlockedUser-0_com.android.server.security.FileIntegrityService took to complete: 0ms
08-16 16:52:18.723 1142 1242 I SystemServerTimingAsync: ssm.onUnlockedUser-0_com.android.server.pm.Installer
08-16 16:52:18.723 1142 1242 D SystemServerTimingAsync: ssm.onUnlockedUser-0_com.android.server.pm.Installer took to complete: 0ms
08-16 16:52:18.723 1142 1242 I SystemServerTimingAsync: ssm.onUnlockedUser-0_com.android.server.os.DeviceIdentifiersPolicyService
08-16 16:52:18.723 1142 1242 D SystemServerTimingAsync: ssm.onUnlockedUser-0_com.android.server.os.DeviceIdentifiersPolicyService took to complete: 0ms
08-16 16:52:18.723 1142 1242 I SystemServerTimingAsync: ssm.onUnlockedUser-0_com.android.server.uri.UriGrantsManagerService$Lifecycle
08-16 16:52:18.723 1142 1242 D SystemServerTimingAsync: ssm.onUnlockedUser-0_com.android.server.uri.UriGrantsManagerService$Lifecycle took to complete: 0ms
08-16 16:52:18.723 1142 1242 I SystemServerTimingAsync: ssm.onUnlockedUser-0_com.android.server.powerstats.PowerStatsService
08-16 16:52:18.723 1142 1242 D SystemServerTimingAsync: ssm.onUnlockedUser-0_com.android.server.powerstats.PowerStatsService took to complete: 0ms
08-16 16:52:18.723 1142 1242 I SystemServerTimingAsync: ssm.onUnlockedUser-0_com.android.server.wm.ActivityTaskManagerService$Lifecycle
08-16 16:52:18.723 2360 2360 D SST : [0] handleMessage: received event 2
08-16 16:52:18.724 2360 2360 D SST : [0] pollState: modemTriggered=true
08-16 16:52:18.724 2360 2360 D NewNitzStateMachineImpl: handleNetworkUnavailable(): mLatestNitzSignal was already null. Nothing to do.
08-16 16:52:18.724 2360 2360 D SST : [0] Could not set ServiceState channel number. CellIdentity null
08-16 16:52:18.725 2360 2360 D SST : [0] Poll ServiceState done: oldSS=[{mVoiceRegState=1(OUT_OF_SERVICE), mDataRegState=1(OUT_OF_SERVICE), mChannelNumber=-1, duplexMode()=0, mCellBandwidths=[], mOperatorAlphaLong=null, mOperatorAlphaShort=null, isManualNetworkSelection=false(automatic), getRilVoiceRadioTechnology=0(Unknown), getRilDataRadioTechnology=0(Unknown), mCssIndicator=unsupported, mNetworkId=-1, mSystemId=-1, mCdmaRoamingIndicator=-1, mCdmaDefaultRoamingIndicator=-1, mIsEmergencyOnly=false, isUsingCarrierAggregation=false, mArfcnRsrpBoost=0, mNetworkRegistrationInfos=[NetworkRegistrationInfo{ domain=CS transportType=WWAN registrationState=UNKNOWN roamingType=NOT_ROAMING accessNetworkTechnology=UNKNOWN rejectCause=0 emergencyEnabled=false availableServices=[] cellIdentity=null voiceSpecificInfo=null dataSpecificInfo=null nrState=NONE rRplmn= isUsingCarrierAggregation=false}, NetworkRegistrationInfo{ domain=PS transportType=WWAN registrationState=UNKNOWN roamingType=NOT_ROAMING accessNetworkTechnology=UNKNOWN rejectCause=0 emergencyEnabled=false availableServices=[] cellIdentity=null voiceSpecificInfo=null dataSpecificInfo=null nrState=NONE rRplmn= isUsingCarrierAggregation=false}], mNrFrequencyRange=0, mOperatorAlphaLongRaw=null, mOperatorAlphaShortRaw=null, mIsDataRoamingFromRegistration=false, mIsIwlanPreferred=false}] newSS=[{mVoiceRegState=1(OUT_OF_SERVICE), mDataRegState=1(OUT_OF_SERVICE), mChannelNumber=-1, duplexMode()=0, mCellBandwidths=[], mOperatorAlphaLong=null, mOperatorAlphaShort=null, isManualNetworkSelection=false(automatic), getRilVoiceRadioTechnology=0(Unknown), getRilDataRadioTechnology=0(Unknown), mCssIndicator=unsupported, mNetworkId=-1, mSystemId=-1, mCdmaRoamingIndicator=-1, mCdmaDefaultRoamingIndicator=-1, mIsEmergencyOnly=false, isUsingCarrierAggregation=false, mArfcnRsrpBoost=0, mNetworkRegistrationInfos=[NetworkRegistrationInfo{ domain=CS transportType=WWAN registrationState=UNKNOWN roamingType=NOT_ROAMING accessNetworkTechnology=UNKNOWN rejectCause=0 emergencyEnabled=false availableServices=[] cellIdentity=null voiceSpecificInfo=null dataSpecificInfo=null nrState=NONE rRplmn= isUsingCarrierAggregation=false}, NetworkRegistrationInfo{ domain=PS transportType=WWAN registrationState=UNKNOWN roamingType=NOT_ROAMING accessNetworkTechnology=UNKNOWN rejectCause=0 emergencyEnabled=false availableServices=[] cellIdentity=null voiceSpecificInfo=null dataSpecificInfo=null nrState=NONE rRplmn= isUsingCarrierAggregation=false}], mNrFrequencyRange=0, mOperatorAlphaLongRaw=null, mOperatorAlphaShortRaw=null, mIsDataRoamingFromRegistration=false, mIsIwlanPreferred=false}] oldMaxDataCalls=1 mNewMaxDataCalls=1 oldReasonDataDenied=-1 mNewReasonDataDenied=-1
08-16 16:52:18.726 1142 1242 I LaunchParamsPersister: Didn't find launch param folder for user 0
08-16 16:52:18.727 1142 1142 V NotificationAssistants: enabling notification assistant for 0: ComponentInfo{android.ext.services/android.ext.services.notification.Assistant}
08-16 16:52:18.727 1142 1142 V NotificationAssistants: binding: Intent { act=android.service.notification.NotificationAssistantService cmp=android.ext.services/.notification.Assistant (has extras) }
08-16 16:52:18.727 2360 2360 D SST : [0] pollStateDone: hasRegistered = false hasDeregistered = false hasDataAttached = {1=false} hasDataDetached = {1=false} hasDataRegStateChanged = {1=false} hasRilVoiceRadioTechnologyChanged = false hasRilDataRadioTechnologyChanged = {1=false} hasDataTransportPreferenceChanged = false hasChanged = false hasVoiceRoamingOn = false hasVoiceRoamingOff = false hasDataRoamingOn =false hasDataRoamingOff = false hasLocationChanged = false has4gHandoff = false hasMultiApnSupport = false hasLostMultiApnSupport = false hasCssIndicatorChanged = false hasNrFrequencyRangeChanged = false hasNrStateChanged = false hasAirplaneModeOnlChanged = false
08-16 16:52:18.728 2360 2360 D SST : [1] handleMessage: received event 2
08-16 16:52:18.728 2360 2360 D SST : [1] pollState: modemTriggered=true
08-16 16:52:18.728 1142 1242 D SystemServerTimingAsync: ssm.onUnlockedUser-0_com.android.server.wm.ActivityTaskManagerService$Lifecycle took to complete: 5ms
08-16 16:52:18.728 1142 1242 I SystemServerTimingAsync: ssm.onUnlockedUser-0_com.android.server.am.ActivityManagerService$Lifecycle
08-16 16:52:18.728 2360 2360 D NewNitzStateMachineImpl: handleNetworkUnavailable(): mLatestNitzSignal was already null. Nothing to do.
08-16 16:52:18.728 1142 1242 D SystemServerTimingAsync: ssm.onUnlockedUser-0_com.android.server.am.ActivityManagerService$Lifecycle took to complete: 0ms
08-16 16:52:18.728 1142 1242 I SystemServerTimingAsync: ssm.onUnlockedUser-0_com.android.server.pm.DataLoaderManagerService
08-16 16:52:18.728 2360 2360 D SST : [1] Could not set ServiceState channel number. CellIdentity null
08-16 16:52:18.728 1142 1242 D SystemServerTimingAsync: ssm.onUnlockedUser-0_com.android.server.pm.DataLoaderManagerService took to complete: 0ms
08-16 16:52:18.728 1142 1242 I SystemServerTimingAsync: ssm.onUnlockedUser-0_com.android.server.power.PowerManagerService
08-16 16:52:18.728 1142 1242 D SystemServerTimingAsync: ssm.onUnlockedUser-0_com.android.server.power.PowerManagerService took to complete: 0ms
08-16 16:52:18.728 1142 1242 I SystemServerTimingAsync: ssm.onUnlockedUser-0_com.android.server.power.ThermalManagerService
08-16 16:52:18.728 1142 1242 D SystemServerTimingAsync: ssm.onUnlockedUser-0_com.android.server.power.ThermalManagerService took to complete: 0ms
08-16 16:52:18.729 1142 1242 I SystemServerTimingAsync: ssm.onUnlockedUser-0_com.android.server.power.hint.HintManagerService
08-16 16:52:18.729 1142 1242 D SystemServerTimingAsync: ssm.onUnlockedUser-0_com.android.server.power.hint.HintManagerService took to complete: 0ms
08-16 16:52:18.729 1142 1242 I SystemServerTimingAsync: ssm.onUnlockedUser-0_com.android.server.recoverysystem.RecoverySystemService$Lifecycle
08-16 16:52:18.729 1142 1242 D SystemServerTimingAsync: ssm.onUnlockedUser-0_com.android.server.recoverysystem.RecoverySystemService$Lifecycle took to complete: 0ms
08-16 16:52:18.729 1142 1242 I SystemServerTimingAsync: ssm.onUnlockedUser-0_com.android.server.lights.LightsService
08-16 16:52:18.729 1142 1242 D SystemServerTimingAsync: ssm.onUnlockedUser-0_com.android.server.lights.LightsService took to complete: 0ms
08-16 16:52:18.729 1142 1242 I SystemServerTimingAsync: ssm.onUnlockedUser-0_com.android.server.display.DisplayManagerService
08-16 16:52:18.729 2360 2360 D SST : [1] Poll ServiceState done: oldSS=[{mVoiceRegState=1(OUT_OF_SERVICE), mDataRegState=1(OUT_OF_SERVICE), mChannelNumber=-1, duplexMode()=0, mCellBandwidths=[], mOperatorAlphaLong=null, mOperatorAlphaShort=null, isManualNetworkSelection=false(automatic), getRilVoiceRadioTechnology=0(Unknown), getRilDataRadioTechnology=0(Unknown), mCssIndicator=unsupported, mNetworkId=-1, mSystemId=-1, mCdmaRoamingIndicator=-1, mCdmaDefaultRoamingIndicator=-1, mIsEmergencyOnly=false, isUsingCarrierAggregation=false, mArfcnRsrpBoost=0, mNetworkRegistrationInfos=[NetworkRegistrationInfo{ domain=CS transportType=WWAN registrationState=UNKNOWN roamingType=NOT_ROAMING accessNetworkTechnology=UNKNOWN rejectCause=0 emergencyEnabled=false availableServices=[] cellIdentity=null voiceSpecificInfo=null dataSpecificInfo=null nrState=NONE rRplmn= isUsingCarrierAggregation=false}, NetworkRegistrationInfo{ domain=PS transportType=WWAN registrationState=UNKNOWN roamingType=NOT_ROAMING accessNetworkTechnology=UNKNOWN rejectCause=0 emergencyEnabled=false availableServices=[] cellIdentity=null voiceSpecificInfo=null dataSpecificInfo=null nrState=NONE rRplmn= isUsingCarrierAggregation=false}], mNrFrequencyRange=0, mOperatorAlphaLongRaw=null, mOperatorAlphaShortRaw=null, mIsDataRoamingFromRegistration=false, mIsIwlanPreferred=false}] newSS=[{mVoiceRegState=1(OUT_OF_SERVICE), mDataRegState=1(OUT_OF_SERVICE), mChannelNumber=-1, duplexMode()=0, mCellBandwidths=[], mOperatorAlphaLong=null, mOperatorAlphaShort=null, isManualNetworkSelection=false(automatic), getRilVoiceRadioTechnology=0(Unknown), getRilDataRadioTechnology=0(Unknown), mCssIndicator=unsupported, mNetworkId=-1, mSystemId=-1, mCdmaRoamingIndicator=-1, mCdmaDefaultRoamingIndicator=-1, mIsEmergencyOnly=false, isUsingCarrierAggregation=false, mArfcnRsrpBoost=0, mNetworkRegistrationInfos=[NetworkRegistrationInfo{ domain=CS transportType=WWAN registrationState=UNKNOWN roamingType=NOT_ROAMING accessNetworkTechnology=UNKNOWN rejectCause=0 emergencyEnabled=false availableServices=[] cellIdentity=null voiceSpecificInfo=null dataSpecificInfo=null nrState=NONE rRplmn= isUsingCarrierAggregation=false}, NetworkRegistrationInfo{ domain=PS transportType=WWAN registrationState=UNKNOWN roamingType=NOT_ROAMING accessNetworkTechnology=UNKNOWN rejectCause=0 emergencyEnabled=false availableServices=[] cellIdentity=null voiceSpecificInfo=null dataSpecificInfo=null nrState=NONE rRplmn= isUsingCarrierAggregation=false}], mNrFrequencyRange=0, mOperatorAlphaLongRaw=null, mOperatorAlphaShortRaw=null, mIsDataRoamingFromRegistration=false, mIsIwlanPreferred=false}] oldMaxDataCalls=1 mNewMaxDataCalls=1 oldReasonDataDenied=-1 mNewReasonDataDenied=-1
08-16 16:52:18.729 2360 2360 D SST : [1] pollStateDone: hasRegistered = false hasDeregistered = false hasDataAttached = {1=false} hasDataDetached = {1=false} hasDataRegStateChanged = {1=false} hasRilVoiceRadioTechnologyChanged = false hasRilDataRadioTechnologyChanged = {1=false} hasDataTransportPreferenceChanged = false hasChanged = false hasVoiceRoamingOn = false hasVoiceRoamingOff = false hasDataRoamingOn =false hasDataRoamingOff = false hasLocationChanged = false has4gHandoff = false hasMultiApnSupport = false hasLostMultiApnSupport = false hasCssIndicatorChanged = false hasNrFrequencyRangeChanged = false hasNrStateChanged = false hasAirplaneModeOnlChanged = false
08-16 16:52:18.730 2360 2360 D QtiDCT-C: [0]EVENT_GET_ENHANCED_RADIO_CAPABILITY_RETRY
08-16 16:52:18.730 2360 2360 D QTIRILJ : getEnhancedRadioCapability, response={ when=-1m1s558ms what=270394 target=com.qualcomm.qti.internal.telephony.dataconnection.QtiDcTracker }
08-16 16:52:18.730 2360 2360 D QtiPhoneUtils: getQtiRadioCapability, response={ when=-1m1s558ms what=270394 target=com.qualcomm.qti.internal.telephony.dataconnection.QtiDcTracker }
08-16 16:52:18.730 1142 1242 D SystemServerTimingAsync: ssm.onUnlockedUser-0_com.android.server.display.DisplayManagerService took to complete: 2ms
08-16 16:52:18.730 1142 1242 I SystemServerTimingAsync: ssm.onUnlockedUser-0_com.android.server.pm.verify.domain.DomainVerificationService
08-16 16:52:18.731 1142 1242 D SystemServerTimingAsync: ssm.onUnlockedUser-0_com.android.server.pm.verify.domain.DomainVerificationService took to complete: 0ms
08-16 16:52:18.731 1142 1242 I SystemServerTimingAsync: ssm.onUnlockedUser-0_com.android.server.pm.PackageInstallerService$Lifecycle
08-16 16:52:18.731 1142 1242 D SystemServerTimingAsync: ssm.onUnlockedUser-0_com.android.server.pm.PackageInstallerService$Lifecycle took to complete: 0ms
08-16 16:52:18.731 1142 1242 I SystemServerTimingAsync: ssm.onUnlockedUser-0_com.android.server.pm.UserManagerService$LifeCycle
08-16 16:52:18.731 1142 1242 D SystemServerTimingAsync: ssm.onUnlockedUser-0_com.android.server.pm.UserManagerService$LifeCycle took to complete: 0ms
08-16 16:52:18.731 1142 1242 I SystemServerTimingAsync: ssm.onUnlockedUser-0_com.android.server.om.OverlayManagerService
08-16 16:52:18.731 1142 1242 D SystemServerTimingAsync: ssm.onUnlockedUser-0_com.android.server.om.OverlayManagerService took to complete: 0ms
08-16 16:52:18.731 1142 1242 I SystemServerTimingAsync: ssm.onUnlockedUser-0_com.android.server.SensorPrivacyService
08-16 16:52:18.731 1142 1242 D SystemServerTimingAsync: ssm.onUnlockedUser-0_com.android.server.SensorPrivacyService took to complete: 0ms
08-16 16:52:18.731 1142 1242 I SystemServerTimingAsync: ssm.onUnlockedUser-0_com.android.server.sensors.SensorService
08-16 16:52:18.732 1142 1242 D SystemServerTimingAsync: ssm.onUnlockedUser-0_com.android.server.sensors.SensorService took to complete: 0ms
08-16 16:52:18.732 1142 1242 I SystemServerTimingAsync: ssm.onUnlockedUser-0_com.android.server.SystemConfigService
08-16 16:52:18.732 1142 1242 D SystemServerTimingAsync: ssm.onUnlockedUser-0_com.android.server.SystemConfigService took to complete: 0ms
08-16 16:52:18.732 1142 1242 I SystemServerTimingAsync: ssm.onUnlockedUser-0_com.android.server.BatteryService
08-16 16:52:18.732 1142 1242 D SystemServerTimingAsync: ssm.onUnlockedUser-0_com.android.server.BatteryService took to complete: 0ms
08-16 16:52:18.732 1142 1242 I SystemServerTimingAsync: ssm.onUnlockedUser-0_com.android.server.usage.UsageStatsService
08-16 16:52:18.732 1142 1242 D SystemServerTimingAsync: ssm.onUnlockedUser-0_com.android.server.usage.UsageStatsService took to complete: 0ms
08-16 16:52:18.732 1142 1242 I SystemServerTimingAsync: ssm.onUnlockedUser-0_com.android.server.webkit.WebViewUpdateService
08-16 16:52:18.732 1142 1242 D SystemServerTimingAsync: ssm.onUnlockedUser-0_com.android.server.webkit.WebViewUpdateService took to complete: 0ms
08-16 16:52:18.732 1142 1242 I SystemServerTimingAsync: ssm.onUnlockedUser-0_com.android.server.CachedDeviceStateService
08-16 16:52:18.732 1142 1242 D SystemServerTimingAsync: ssm.onUnlockedUser-0_com.android.server.CachedDeviceStateService took to complete: 0ms
08-16 16:52:18.732 1142 1242 I SystemServerTimingAsync: ssm.onUnlockedUser-0_com.android.server.BinderCallsStatsService$LifeCycle
08-16 16:52:18.732 1142 1242 D SystemServerTimingAsync: ssm.onUnlockedUser-0_com.android.server.BinderCallsStatsService$LifeCycle took to complete: 0ms
08-16 16:52:18.732 1142 1242 I SystemServerTimingAsync: ssm.onUnlockedUser-0_com.android.server.LooperStatsService$Lifecycle
08-16 16:52:18.732 1142 1242 D SystemServerTimingAsync: ssm.onUnlockedUser-0_com.android.server.LooperStatsService$Lifecycle took to complete: 0ms
01-01 05:55:56.467 0 0 I sdcardfs: dev_name -> /data/media
08-16 16:52:18.732 1142 1242 I SystemServerTimingAsync: ssm.onUnlockedUser-0_com.android.server.rollback.RollbackManagerService
01-01 05:55:56.467 0 0 I sdcardfs: options -> fsuid=1023,fsgid=1023,multiuser,derive_gid,default_normal,unshared_obb,mask=6,userid=0,gid=1015
01-01 05:55:56.467 0 0 I sdcardfs: mnt -> ffffffed76f998e0
08-16 16:52:18.732 1142 1242 D SystemServerTimingAsync: ssm.onUnlockedUser-0_com.android.server.rollback.RollbackManagerService took to complete: 0ms
08-16 16:52:18.733 1142 1242 I SystemServerTimingAsync: ssm.onUnlockedUser-0_com.android.server.os.NativeTombstoneManagerService
08-16 16:52:18.733 1142 1242 D SystemServerTimingAsync: ssm.onUnlockedUser-0_com.android.server.os.NativeTombstoneManagerService took to complete: 0ms
08-16 16:52:18.733 1142 1242 I SystemServerTimingAsync: ssm.onUnlockedUser-0_com.android.server.os.BugreportManagerService
08-16 16:52:18.733 1142 1242 D SystemServerTimingAsync: ssm.onUnlockedUser-0_com.android.server.os.BugreportManagerService took to complete: 0ms
08-16 16:52:18.733 1142 1242 I SystemServerTimingAsync: ssm.onUnlockedUser-0_com.android.server.gpu.GpuService
08-16 16:52:18.733 1142 1242 D SystemServerTimingAsync: ssm.onUnlockedUser-0_com.android.server.gpu.GpuService took to complete: 0ms
01-01 05:55:56.476 0 0 I sdcardfs: mounted on top of /data/media type f2fs
01-01 05:55:56.479 0 0 I : Remount options were mask=23,gid=9997 for vfsmnt ffffffed76f9f760.
08-16 16:52:18.733 1142 1242 I SystemServerTimingAsync: ssm.onUnlockedUser-0_com.android.server.security.KeyChainSystemService
01-01 05:55:56.479 0 0 I sdcardfs: options - debug:1
01-01 05:55:56.479 0 0 I sdcardfs: options - gid:9997
08-16 16:52:18.733 1142 1242 D SystemServerTimingAsync: ssm.onUnlockedUser-0_com.android.server.security.KeyChainSystemService took to complete: 0ms
01-01 05:55:56.479 0 0 I sdcardfs: options - mask:23
01-01 05:55:56.480 0 0 I : Remount options were mask=7,gid=9997 for vfsmnt ffffffed9a4a6960.
01-01 05:55:56.480 0 0 I sdcardfs: options - debug:1
08-16 16:52:18.733 2360 2360 D QTIRILJ : getEnhancedRadioCapability, exception
01-01 05:55:56.480 0 0 I sdcardfs: options - gid:9997
01-01 05:55:56.480 0 0 I sdcardfs: options - mask:7
08-16 16:52:18.733 1142 1242 I SystemServerTimingAsync: ssm.onUnlockedUser-0_com.android.server.telecom.TelecomLoaderService
01-01 05:55:56.481 0 0 I : Remount options were mask=7,gid=9997 for vfsmnt ffffffed765273e0.
01-01 05:55:56.481 0 0 I sdcardfs: options - debug:1
01-01 05:55:56.481 0 0 I sdcardfs: options - gid:9997
01-01 05:55:56.481 0 0 I sdcardfs: options - mask:7
08-16 16:52:18.733 1142 1242 D SystemServerTimingAsync: ssm.onUnlockedUser-0_com.android.server.telecom.TelecomLoaderService took to complete: 0ms
01-01 05:55:56.540 0 0 I binder : 2858:2858 ioctl 40046210 7fe08a8484 returned -22
08-16 16:52:18.733 1142 1242 I SystemServerTimingAsync: ssm.onUnlockedUser-0_com.android.server.accounts.AccountManagerService$Lifecycle
08-16 16:52:18.733 1142 1242 D SystemServerTimingAsync: ssm.onUnlockedUser-0_com.android.server.accounts.AccountManagerService$Lifecycle took to complete: 0ms
08-16 16:52:18.733 1142 1242 I SystemServerTimingAsync: ssm.onUnlockedUser-0_com.android.server.content.ContentService$Lifecycle
08-16 16:52:18.733 1142 1242 D SystemServerTimingAsync: ssm.onUnlockedUser-0_com.android.server.content.ContentService$Lifecycle took to complete: 0ms
08-16 16:52:18.733 1142 1242 I SystemServerTimingAsync: ssm.onUnlockedUser-0_com.android.server.DropBoxManagerService
08-16 16:52:18.733 1142 1242 D SystemServerTimingAsync: ssm.onUnlockedUser-0_com.android.server.DropBoxManagerService took to complete: 0ms
08-16 16:52:18.734 1142 1242 I SystemServerTimingAsync: ssm.onUnlockedUser-0_com.android.role.RoleService
08-16 16:52:18.734 1142 1242 D SystemServerTimingAsync: ssm.onUnlockedUser-0_com.android.role.RoleService took to complete: 0ms
08-16 16:52:18.734 1142 1242 I SystemServerTimingAsync: ssm.onUnlockedUser-0_com.android.server.vibrator.VibratorManagerService$Lifecycle
08-16 16:52:18.734 1142 1242 D SystemServerTimingAsync: ssm.onUnlockedUser-0_com.android.server.vibrator.VibratorManagerService$Lifecycle took to complete: 0ms
08-16 16:52:18.734 1142 1242 I SystemServerTimingAsync: ssm.onUnlockedUser-0_com.android.server.alarm.AlarmManagerService
08-16 16:52:18.734 1142 1242 D SystemServerTimingAsync: ssm.onUnlockedUser-0_com.android.server.alarm.AlarmManagerService took to complete: 0ms
08-16 16:52:18.734 1142 1242 I SystemServerTimingAsync: ssm.onUnlockedUser-0_com.android.server.devicestate.DeviceStateManagerService
08-16 16:52:18.734 1142 1242 D SystemServerTimingAsync: ssm.onUnlockedUser-0_com.android.server.devicestate.DeviceStateManagerService took to complete: 0ms
08-16 16:52:18.734 1142 1242 I SystemServerTimingAsync: ssm.onUnlockedUser-0_com.android.server.camera.CameraServiceProxy
08-16 16:52:18.734 1142 1242 D SystemServerTimingAsync: ssm.onUnlockedUser-0_com.android.server.camera.CameraServiceProxy took to complete: 0ms
08-16 16:52:18.734 1142 1242 I SystemServerTimingAsync: ssm.onUnlockedUser-0_com.android.server.BluetoothService
08-16 16:52:18.734 1142 1242 D SystemServerTimingAsync: ssm.onUnlockedUser-0_com.android.server.BluetoothService took to complete: 0ms
08-16 16:52:18.735 1142 1242 I SystemServerTimingAsync: ssm.onUnlockedUser-0_com.android.server.connectivity.IpConnectivityMetrics
08-16 16:52:18.735 1142 1242 D SystemServerTimingAsync: ssm.onUnlockedUser-0_com.android.server.connectivity.IpConnectivityMetrics took to complete: 0ms
08-16 16:52:18.735 1142 1242 I SystemServerTimingAsync: ssm.onUnlockedUser-0_com.android.server.net.watchlist.NetworkWatchlistService$Lifecycle
08-16 16:52:18.735 1142 1242 D SystemServerTimingAsync: ssm.onUnlockedUser-0_com.android.server.net.watchlist.NetworkWatchlistService$Lifecycle took to complete: 0ms
08-16 16:52:18.735 1142 1242 I SystemServerTimingAsync: ssm.onUnlockedUser-0_com.android.server.PinnerService
08-16 16:52:18.735 1142 1242 D SystemServerTimingAsync: ssm.onUnlockedUser-0_com.android.server.PinnerService took to complete: 0ms
08-16 16:52:18.735 1142 1242 I SystemServerTimingAsync: ssm.onUnlockedUser-0_com.google.android.startop.iorap.IorapForwardingService
08-16 16:52:18.735 1142 1242 D SystemServerTimingAsync: ssm.onUnlockedUser-0_com.google.android.startop.iorap.IorapForwardingService took to complete: 0ms
08-16 16:52:18.735 1142 1242 I SystemServerTimingAsync: ssm.onUnlockedUser-0_com.android.server.ActivityTriggerService
08-16 16:52:18.735 1142 1242 D SystemServerTimingAsync: ssm.onUnlockedUser-0_com.android.server.ActivityTriggerService took to complete: 0ms
08-16 16:52:18.735 1142 1242 I SystemServerTimingAsync: ssm.onUnlockedUser-0_com.android.server.integrity.AppIntegrityManagerService
08-16 16:52:18.735 1142 1242 D SystemServerTimingAsync: ssm.onUnlockedUser-0_com.android.server.integrity.AppIntegrityManagerService took to complete: 0ms
08-16 16:52:18.735 1142 1242 I SystemServerTimingAsync: ssm.onUnlockedUser-0_com.android.server.inputmethod.InputMethodManagerService$Lifecycle
08-16 16:52:18.735 1142 1242 D SystemServerTimingAsync: ssm.onUnlockedUser-0_com.android.server.inputmethod.InputMethodManagerService$Lifecycle took to complete: 0ms
08-16 16:52:18.735 1142 1242 I SystemServerTimingAsync: ssm.onUnlockedUser-0_com.android.server.accessibility.AccessibilityManagerService$Lifecycle
08-16 16:52:18.735 1142 1242 D SystemServerTimingAsync: ssm.onUnlockedUser-0_com.android.server.accessibility.AccessibilityManagerService$Lifecycle took to complete: 0ms
08-16 16:52:18.735 1142 1242 I SystemServerTimingAsync: ssm.onUnlockedUser-0_com.android.server.StorageManagerService$Lifecycle
08-16 16:52:18.736 1142 1242 D SystemServerTimingAsync: ssm.onUnlockedUser-0_com.android.server.StorageManagerService$Lifecycle took to complete: 0ms
08-16 16:52:18.736 1142 1242 I SystemServerTimingAsync: ssm.onUnlockedUser-0_com.android.server.usage.StorageStatsService$Lifecycle
08-16 16:52:18.736 1142 1242 D SystemServerTimingAsync: ssm.onUnlockedUser-0_com.android.server.usage.StorageStatsService$Lifecycle took to complete: 0ms
08-16 16:52:18.736 1142 1242 I SystemServerTimingAsync: ssm.onUnlockedUser-0_com.android.server.UiModeManagerService
08-16 16:52:18.736 1142 1242 D SystemServerTimingAsync: ssm.onUnlockedUser-0_com.android.server.UiModeManagerService took to complete: 0ms
08-16 16:52:18.736 1142 1242 I SystemServerTimingAsync: ssm.onUnlockedUser-0_com.android.server.locksettings.LockSettingsService$Lifecycle
08-16 16:52:18.736 1142 1242 D SystemServerTimingAsync: ssm.onUnlockedUser-0_com.android.server.locksettings.LockSettingsService$Lifecycle took to complete: 0ms
08-16 16:52:18.736 1142 1242 I SystemServerTimingAsync: ssm.onUnlockedUser-0_com.android.server.PersistentDataBlockService
08-16 16:52:18.736 1142 1242 D SystemServerTimingAsync: ssm.onUnlockedUser-0_com.android.server.PersistentDataBlockService took to complete: 0ms
08-16 16:52:18.736 1142 1242 I SystemServerTimingAsync: ssm.onUnlockedUser-0_com.android.server.testharness.TestHarnessModeService
08-16 16:52:18.736 1142 1242 D SystemServerTimingAsync: ssm.onUnlockedUser-0_com.android.server.testharness.TestHarnessModeService took to complete: 0ms
08-16 16:52:18.736 1142 1242 I SystemServerTimingAsync: ssm.onUnlockedUser-0_com.android.server.oemlock.OemLockService
08-16 16:52:18.736 1142 1242 D SystemServerTimingAsync: ssm.onUnlockedUser-0_com.android.server.oemlock.OemLockService took to complete: 0ms
08-16 16:52:18.736 1142 1242 I SystemServerTimingAsync: ssm.onUnlockedUser-0_com.android.server.DeviceIdleController
08-16 16:52:18.736 1142 1242 D SystemServerTimingAsync: ssm.onUnlockedUser-0_com.android.server.DeviceIdleController took to complete: 0ms
08-16 16:52:18.736 1142 1242 I SystemServerTimingAsync: ssm.onUnlockedUser-0_com.android.server.devicepolicy.DevicePolicyManagerService$Lifecycle
08-16 16:52:18.736 1142 1242 D SystemServerTimingAsync: ssm.onUnlockedUser-0_com.android.server.devicepolicy.DevicePolicyManagerService$Lifecycle took to complete: 0ms
08-16 16:52:18.736 1142 1242 I SystemServerTimingAsync: ssm.onUnlockedUser-0_com.android.server.texttospeech.TextToSpeechManagerService
08-16 16:52:18.736 1142 1242 D SystemServerTimingAsync: ssm.onUnlockedUser-0_com.android.server.texttospeech.TextToSpeechManagerService took to complete: 0ms
08-16 16:52:18.737 1142 1242 I SystemServerTimingAsync: ssm.onUnlockedUser-0_com.android.server.speech.SpeechRecognitionManagerService
08-16 16:52:18.737 1142 1242 D SystemServerTimingAsync: ssm.onUnlockedUser-0_com.android.server.speech.SpeechRecognitionManagerService took to complete: 0ms
08-16 16:52:18.737 1142 1242 I SystemServerTimingAsync: ssm.onUnlockedUser-0_com.android.server.searchui.SearchUiManagerService
08-16 16:52:18.737 1142 1242 D SystemServerTimingAsync: ssm.onUnlockedUser-0_com.android.server.searchui.SearchUiManagerService took to complete: 0ms
08-16 16:52:18.737 1142 1242 I SystemServerTimingAsync: ssm.onUnlockedUser-0_com.android.server.smartspace.SmartspaceManagerService
08-16 16:52:18.737 1142 1242 D SystemServerTimingAsync: ssm.onUnlockedUser-0_com.android.server.smartspace.SmartspaceManagerService took to complete: 0ms
08-16 16:52:18.737 1142 1242 I SystemServerTimingAsync: ssm.onUnlockedUser-0_com.android.server.graphics.fonts.FontManagerService$Lifecycle
08-16 16:52:18.737 1142 1242 D SystemServerTimingAsync: ssm.onUnlockedUser-0_com.android.server.graphics.fonts.FontManagerService$Lifecycle took to complete: 0ms
08-16 16:52:18.737 1142 1242 I SystemServerTimingAsync: ssm.onUnlockedUser-0_com.android.server.textservices.TextServicesManagerService$Lifecycle
08-16 16:52:18.737 1142 1242 D SystemServerTimingAsync: ssm.onUnlockedUser-0_com.android.server.textservices.TextServicesManagerService$Lifecycle took to complete: 0ms
08-16 16:52:18.737 1142 1242 I SystemServerTimingAsync: ssm.onUnlockedUser-0_com.android.server.textclassifier.TextClassificationManagerService$Lifecycle
08-16 16:52:18.737 1142 1242 D SystemServerTimingAsync: ssm.onUnlockedUser-0_com.android.server.textclassifier.TextClassificationManagerService$Lifecycle took to complete: 0ms
08-16 16:52:18.737 1142 1242 I SystemServerTimingAsync: ssm.onUnlockedUser-0_com.android.server.NetworkScoreService$Lifecycle
08-16 16:52:18.737 1142 1242 D SystemServerTimingAsync: ssm.onUnlockedUser-0_com.android.server.NetworkScoreService$Lifecycle took to complete: 0ms
08-16 16:52:18.737 1142 1242 I SystemServerTimingAsync: ssm.onUnlockedUser-0_com.android.server.wifi.WifiService
08-16 16:52:18.737 1142 1242 D SystemServerTimingAsync: ssm.onUnlockedUser-0_com.android.server.wifi.WifiService took to complete: 0ms
08-16 16:52:18.737 1142 1242 I SystemServerTimingAsync: ssm.onUnlockedUser-0_com.android.server.wifi.scanner.WifiScanningService
08-16 16:52:18.738 1142 1242 D SystemServerTimingAsync: ssm.onUnlockedUser-0_com.android.server.wifi.scanner.WifiScanningService took to complete: 0ms
08-16 16:52:18.738 1142 1242 I SystemServerTimingAsync: ssm.onUnlockedUser-0_com.android.server.wifi.rtt.RttService
08-16 16:52:18.738 1142 1242 D SystemServerTimingAsync: ssm.onUnlockedUser-0_com.android.server.wifi.rtt.RttService took to complete: 0ms
08-16 16:52:18.738 1142 1242 I SystemServerTimingAsync: ssm.onUnlockedUser-0_com.android.server.wifi.aware.WifiAwareService
08-16 16:52:18.738 1142 1242 D SystemServerTimingAsync: ssm.onUnlockedUser-0_com.android.server.wifi.aware.WifiAwareService took to complete: 0ms
08-16 16:52:18.738 1142 1242 I SystemServerTimingAsync: ssm.onUnlockedUser-0_com.android.server.wifi.p2p.WifiP2pService
08-16 16:52:18.738 1142 1242 D SystemServerTimingAsync: ssm.onUnlockedUser-0_com.android.server.wifi.p2p.WifiP2pService took to complete: 0ms
08-16 16:52:18.738 1142 1242 I SystemServerTimingAsync: ssm.onUnlockedUser-0_com.android.server.ethernet.EthernetService
08-16 16:52:18.738 1142 1242 D SystemServerTimingAsync: ssm.onUnlockedUser-0_com.android.server.ethernet.EthernetService took to complete: 0ms
08-16 16:52:18.738 1142 1242 I SystemServerTimingAsync: ssm.onUnlockedUser-0_com.android.server.ConnectivityServiceInitializer
08-16 16:52:18.738 1142 1242 D SystemServerTimingAsync: ssm.onUnlockedUser-0_com.android.server.ConnectivityServiceInitializer took to complete: 0ms
08-16 16:52:18.738 1142 1242 I SystemServerTimingAsync: ssm.onUnlockedUser-0_com.android.server.notification.NotificationManagerService
08-16 16:52:18.738 1142 1242 D SystemServerTimingAsync: ssm.onUnlockedUser-0_com.android.server.notification.NotificationManagerService took to complete: 0ms
08-16 16:52:18.738 1142 1242 I SystemServerTimingAsync: ssm.onUnlockedUser-0_com.android.server.storage.DeviceStorageMonitorService
08-16 16:52:18.738 1142 1242 D SystemServerTimingAsync: ssm.onUnlockedUser-0_com.android.server.storage.DeviceStorageMonitorService took to complete: 0ms
08-16 16:52:18.738 1142 1242 I SystemServerTimingAsync: ssm.onUnlockedUser-0_com.android.server.location.LocationManagerService$Lifecycle
08-16 16:52:18.738 1142 1242 D SystemServerTimingAsync: ssm.onUnlockedUser-0_com.android.server.location.LocationManagerService$Lifecycle took to complete: 0ms
08-16 16:52:18.738 1142 1242 I SystemServerTimingAsync: ssm.onUnlockedUser-0_com.android.server.timedetector.TimeDetectorService$Lifecycle
08-16 16:52:18.738 1142 1242 D SystemServerTimingAsync: ssm.onUnlockedUser-0_com.android.server.timedetector.TimeDetectorService$Lifecycle took to complete: 0ms
08-16 16:52:18.739 1142 1242 I SystemServerTimingAsync: ssm.onUnlockedUser-0_com.android.server.timezonedetector.TimeZoneDetectorService$Lifecycle
08-16 16:52:18.739 1142 1242 D SystemServerTimingAsync: ssm.onUnlockedUser-0_com.android.server.timezonedetector.TimeZoneDetectorService$Lifecycle took to complete: 0ms
08-16 16:52:18.739 1142 1242 I SystemServerTimingAsync: ssm.onUnlockedUser-0_com.android.server.timezonedetector.location.LocationTimeZoneManagerService$Lifecycle
08-16 16:52:18.740 1142 1242 D SystemServerTimingAsync: ssm.onUnlockedUser-0_com.android.server.timezonedetector.location.LocationTimeZoneManagerService$Lifecycle took to complete: 0ms
08-16 16:52:18.740 1142 1242 I SystemServerTimingAsync: ssm.onUnlockedUser-0_com.android.server.search.SearchManagerService$Lifecycle
