01-01 05:57:58.018 0 0 D mv2112_read_status: autoneg is disabled
01-01 05:57:59.040 0 0 D : mv2112_read_status
01-01 05:57:59.041 0 0 D mv2112_update_link: 3.0x901(1G): 0x4
01-01 05:57:59.041 0 0 D mv2112_update_link: 3.0x8109(100M): 0x8
01-01 05:57:59.041 0 0 D mv2112_update_link: link 0x4
01-01 05:57:59.041 0 0 D mv2112_read_status: autoneg is disabled
01-01 05:58:00.065 0 0 D : mv2112_read_status
01-01 05:58:00.065 0 0 D mv2112_update_link: 3.0x901(1G): 0x4
01-01 05:58:00.066 0 0 D mv2112_update_link: 3.0x8109(100M): 0x8
01-01 05:58:00.066 0 0 D mv2112_update_link: link 0x4
01-01 05:58:00.066 0 0 D mv2112_read_status: autoneg is disabled
01-01 05:58:01.089 0 0 D : mv2112_read_status
01-01 05:58:01.090 0 0 D mv2112_update_link: 3.0x901(1G): 0x4
01-01 05:58:01.090 0 0 D mv2112_update_link: 3.0x8109(100M): 0x8
01-01 05:58:01.090 0 0 D mv2112_update_link: link 0x4
01-01 05:58:01.090 0 0 D mv2112_read_status: autoneg is disabled
08-16 16:54:24.049 1142 2084 I ActivityTaskManager: START u0 {act=android.intent.action.MAIN cat=[android.intent.category.LAUNCHER] flg=0x10200000 cmp=com.android.settings/.Settings bnds=[1827,573][2126,870]} from uid 10118
08-16 16:54:24.060 1142 2084 W ActivityTaskManager: Can't find TaskDisplayArea to determine support for multi window. Task id=82 attached=false
08-16 16:54:24.070 1142 2084 D CompatibilityChangeReporter: Compat change id reported: 174042980; UID 1000; state: DISABLED
08-16 16:54:24.082 1822 2010 D PhoneStartingWindowTypeAlgorithm: preferredStartingWindowType newTask:true taskSwitch:true processRunning:true allowTaskSnapshot:true activityCreated:false useEmptySplashScreen:false legacySplashScreen:false topIsHome:false
08-16 16:54:24.083 1822 2010 D StartingSurfaceDrawer: addSplashScreen com.android.settings theme=7f13033e task=82 suggestType=1
08-16 16:54:24.099 1822 2011 D StartingSurfaceDrawer: window attributes color: 0 icon null duration 0 brandImage null
08-16 16:54:24.102 1142 2497 I ActivityTaskManager: The Process com.android.settings Already Exists in BG. So sending its PID: 2407
08-16 16:54:24.104 1142 2497 W ActivityTaskManager: Tried to set launchTime (0) < mLastActivityLaunchTime (58257)
08-16 16:54:24.111 1142 2497 D CompatibilityChangeReporter: Compat change id reported: 181136395; UID 1000; state: DISABLED
08-16 16:54:24.112 1142 2497 D CompatibilityChangeReporter: Compat change id reported: 174042936; UID 1000; state: DISABLED
08-16 16:54:24.116 1822 2011 D StartingSurfaceDrawer: FgMainColor=fff5f5f5 BgMainColor=ff00668b IsBgComplex=false FromCache=false ThemeColor=fff0f0f3
08-16 16:54:24.116 1822 2011 D StartingSurfaceDrawer: isRgbSimilarInHsv a: fff0f0f3 b ff00668b contrast ratio: 5.6404657
08-16 16:54:24.116 1822 2011 D StartingSurfaceDrawer: hsvDiff 44 ah 240.0 bh 195.97124 as 0.012345679 bs 1.0 av 0.9529412 bv 0.54509807 sqH 0.059753086581642245 sqS 0.975461072301087 sqV 0.16633600477712207 root 0.6328639041847389
08-16 16:54:24.116 1822 2011 D StartingSurfaceDrawer: makeSplashScreenContentView: draw whole icon
08-16 16:54:24.119 1822 2011 D StartingSurfaceDrawer: fillViewWithIcon surfaceWindowView android.window.SplashScreenView{1e5729c V.E...... ......ID 0,0-0,0}
08-16 16:54:24.216 1142 1170 E UserRestrictionsUtils: Unknown restriction queried by uid 1000 (com.android.keychain et al): null
01-01 05:58:02.027 0 0 I init : starting service 'vendor.light-hal-2-0'...
01-01 05:58:02.061 0 0 I init : starting service 'qvrd_vndr'...
01-01 05:58:02.062 0 0 I init : Created socket '/dev/socket/qvrservice_vndr', mode 660, user 1000, group 1000
01-01 05:58:02.063 0 0 I init : Created socket '/dev/socket/qvrservice_vndr_camera', mode 660, user 1000, group 1000
01-01 05:58:02.078 0 0 I init : starting service 'sxrd'...
01-01 05:58:02.082 0 0 I btfm_slim_hw_init: PGD Enum Addr: 00:01:20:02:17: 02
01-01 05:58:02.082 0 0 I btfm_slim_hw_init: IFD Enum Addr: 00:00:20:02:17: 02
01-01 05:58:02.082 0 0 I btfm_slim_hw_init: chipset soc version:400a0200
01-01 05:58:02.082 0 0 I btfm_slim_hw_init: chipset is hastings 2.0, overwriting EA
01-01 05:58:02.082 0 0 I btfm_slim_hw_init: PGD Enum Addr: 00:01:20:02:17: 02
01-01 05:58:02.082 0 0 I btfm_slim_hw_init: IFD Enum Addr: 00:00:20:02:17: 02
08-16 16:54:24.299 5422 5422 F linker : CANNOT LINK EXECUTABLE "/vendor/bin/hw/qvrservice": library "vendor.qti.hardware.qxr-V1-ndk_platform.so" not found: needed by /vendor/lib64/libqvrservice.so in namespace (default)
01-01 05:58:02.095 0 0 I slimbus : 1 laddr:0xcf, EAPC:0x1:0x20
08-16 16:54:24.301 5424 5424 F linker : CANNOT LINK EXECUTABLE "/vendor/bin/hw/sxrservice": library "vendor.qti.hardware.qxr-V1-ndk_platform.so" not found: needed by main executable
01-01 05:58:02.098 0 0 I slimbus : 1 laddr:0xce, EAPC:0x0:0x20
01-01 05:58:02.098 0 0 I btfm_slim_alloc_port: chipset soc version:400a0200
01-01 05:58:02.109 0 0 I init : Service 'qvrd_vndr' (pid 5422) exited with status 1
01-01 05:58:02.109 0 0 I init : Sending signal 9 to service 'qvrd_vndr' (pid 5422) process group...
01-01 05:58:02.109 0 0 I libprocessgroup: Successfully killed process cgroup uid 1000 pid 5422 in 0ms
01-01 05:58:02.112 0 0 I init : Service 'sxrd' (pid 5424) exited with status 1
01-01 05:58:02.112 0 0 I init : Sending signal 9 to service 'sxrd' (pid 5424) process group...
01-01 05:58:02.112 0 0 I btfm_slim_enable_ch: chipset soc version:400a0200
01-01 05:58:02.112 0 0 I btfm_slim_enable_ch: channel define - prot:2, dataf:0, auxf:0
01-01 05:58:02.112 0 0 I btfm_slim_enable_ch: channel define - rates:44100, baser:2, ratem:4
01-01 05:58:02.113 0 0 D : mv2112_read_status
01-01 05:58:02.113 0 0 D mv2112_update_link: 3.0x901(1G): 0x4
01-01 05:58:02.113 0 0 D mv2112_update_link: 3.0x8109(100M): 0x8
01-01 05:58:02.113 0 0 D mv2112_update_link: link 0x4
01-01 05:58:02.113 0 0 D mv2112_read_status: autoneg is disabled
01-01 05:58:02.115 0 0 I btfm_slim_enable_ch: slim_connect_sink(port: 16, ch: 157)
01-01 05:58:02.117 0 0 I btfm_slim_enable_ch: port: 16, ch: 157, grp: 0, ch->grph: 0x0, ch_hdl: 0x1d
01-01 05:58:02.124 0 0 I __afe_port_start: port id: 0x400e
01-01 05:58:02.125 0 0 I afe_find_cal_topo_id_by_port: port id: 0x400e, dev_acdb_id: 20
01-01 05:58:02.125 0 0 I afe_find_cal_topo_id_by_port: top_id:112fc acdb_id:20 afe_port_id:0x400e
01-01 05:58:02.125 0 0 I afe_get_cal_topology_id: port_id = 0x400e acdb_id = 20 topology_id = 0x112fc cal_type_index=8 ret=0
01-01 05:58:02.125 0 0 I afe_send_port_topology_id: AFE set topology id 0x112fc enable for port 0x400e ret 0
01-01 05:58:02.125 0 0 I send_afe_cal_type: cal_index is 0
01-01 05:58:02.125 0 0 I send_afe_cal_type: dev_acdb_id[119] is 20
01-01 05:58:02.125 0 0 I afe_find_cal: cal_index 0 port_id 0x400e port_index 119
01-01 05:58:02.126 0 0 I afe_find_cal: acdb_id 20 dev_acdb_id 20 sample_rate 48000 afe_sample_rates 44100
01-01 05:58:02.126 0 0 I afe_find_cal: no matching cal_block found
01-01 05:58:02.126 0 0 E : send_afe_cal_type cal_block not found!!
01-01 05:58:02.132 0 0 I afe_send_hw_delay: port_id 0x400e rate 44100 delay_usec 0 status 0
08-16 16:54:24.417 1822 2010 D StartingSurfaceDrawer: Task start finish, remove starting surface for task 82
08-16 16:54:24.417 1822 2010 V StartingSurfaceDrawer: Removing splash screen window for task: 82
08-16 16:54:24.767 2360 2360 D SST : [0] SST.requestAllCellInfo(): not implemented
08-16 16:54:24.767 2360 2360 D LocaleTracker-0: processCellInfo: cell info=null
08-16 16:54:24.767 2360 2360 D LocaleTracker-0: updateLocale: countryIso = , countryIsoDebugInfo = radio off
08-16 16:54:24.767 2360 2360 D LocaleTracker-0: updateLocale: timeZoneCountryIso = , timeZoneCountryIsoDebugInfo = Defaulted: radio off
08-16 16:54:24.767 2360 2360 D NewNitzStateMachineImpl: handleCountryUnavailable: mLatestNitzSignal=null
08-16 16:54:24.768 2360 2360 D NewNitzStateMachineImpl: doTimeZoneDetection: countryIsoCode=null, nitzSignal=null, suggestion=TelephonyTimeZoneSuggestion{mSlotIndex=0, mZoneId='null', mMatchType=0, mQuality=0, mDebugInfo=[getTimeZoneSuggestion: nitzSignal=null, countryIsoCode=null, Detection reason=handleCountryUnavailable()]}, reason=handleCountryUnavailable()
08-16 16:54:24.768 2360 2360 D LocaleTracker-0: Can't get cell info. Try again in 128 secs.
08-16 16:54:24.820 2360 2360 D SST : [1] SST.requestAllCellInfo(): not implemented
08-16 16:54:24.820 2360 2360 D LocaleTracker-1: processCellInfo: cell info=null
08-16 16:54:24.821 2360 2360 D LocaleTracker-1: updateLocale: countryIso = , countryIsoDebugInfo = radio off
08-16 16:54:24.821 2360 2360 D LocaleTracker-1: updateLocale: timeZoneCountryIso = , timeZoneCountryIsoDebugInfo = Defaulted: radio off
08-16 16:54:24.821 2360 2360 D NewNitzStateMachineImpl: handleCountryUnavailable: mLatestNitzSignal=null
08-16 16:54:24.821 2360 2360 D NewNitzStateMachineImpl: doTimeZoneDetection: countryIsoCode=null, nitzSignal=null, suggestion=TelephonyTimeZoneSuggestion{mSlotIndex=1, mZoneId='null', mMatchType=0, mQuality=0, mDebugInfo=[getTimeZoneSuggestion: nitzSignal=null, countryIsoCode=null, Detection reason=handleCountryUnavailable()]}, reason=handleCountryUnavailable()
08-16 16:54:24.821 2360 2360 D LocaleTracker-1: Can't get cell info. Try again in 128 secs.
01-01 05:58:03.137 0 0 D : mv2112_read_status
01-01 05:58:03.138 0 0 D mv2112_update_link: 3.0x901(1G): 0x4
01-01 05:58:03.138 0 0 D mv2112_update_link: 3.0x8109(100M): 0x8
01-01 05:58:03.138 0 0 D mv2112_update_link: link 0x4
01-01 05:58:03.138 0 0 D mv2112_read_status: autoneg is disabled
08-16 16:54:26.139 1142 2084 I ActivityTaskManager: START u0 {act=android.intent.action.MAIN cmp=com.android.settings/.SubSettings (has extras)} from uid 1000
08-16 16:54:26.167 1142 2497 I ActivityTaskManager: The Process com.android.settings Already Exists in BG. So sending its PID: 2407
08-16 16:54:26.169 1142 2497 W ActivityTaskManager: Tried to set launchTime (0) < mLastActivityLaunchTime (186933)
08-16 16:54:26.232 2407 2407 W ContextImpl: Calling a method in the system process without a qualified user: android.app.ContextImpl.bindService:1895 android.content.ContextWrapper.bindService:810 com.qti.extphone.ExtTelephonyManager.connectService:170 com.android.settings.network.telephony.TelephonyUtils.connectExtTelephonyService:206 com.android.settings.network.NetworkDashboardFragment.buildPreferenceControllers:103
08-16 16:54:26.274 1142 1170 E UserRestrictionsUtils: Unknown restriction queried by uid 1000 (com.android.keychain et al): null
08-16 16:54:26.334 2360 2360 D TelephonyNetworkFactory[0]: got request NetworkRequest [ REQUEST id=49, [ Capabilities: INTERNET&NOT_RESTRICTED&TRUSTED&NOT_VCN_MANAGED Uid: 1000 RequestorUid: 1000 RequestorPkg: com.android.settings] ]
08-16 16:54:26.334 2360 2360 D TelephonyNetworkFactory[0]: onNeedNetworkFor NetworkRequest [ REQUEST id=49, [ Capabilities: INTERNET&NOT_RESTRICTED&TRUSTED&NOT_VCN_MANAGED Uid: 1000 RequestorUid: 1000 RequestorPkg: com.android.settings] ] shouldApply false
08-16 16:54:26.335 2360 2360 D TelephonyNetworkFactory[1]: got request NetworkRequest [ REQUEST id=49, [ Capabilities: INTERNET&NOT_RESTRICTED&TRUSTED&NOT_VCN_MANAGED Uid: 1000 RequestorUid: 1000 RequestorPkg: com.android.settings] ]
08-16 16:54:26.336 2360 2360 D TelephonyNetworkFactory[1]: onNeedNetworkFor NetworkRequest [ REQUEST id=49, [ Capabilities: INTERNET&NOT_RESTRICTED&TRUSTED&NOT_VCN_MANAGED Uid: 1000 RequestorUid: 1000 RequestorPkg: com.android.settings] ] shouldApply false
08-16 16:54:26.339 1142 2084 D PackageManager: Instant App installer not found with android.intent.action.INSTALL_INSTANT_APP_PACKAGE
08-16 16:54:26.339 1142 2084 D PackageManager: Clear ephemeral installer activity
08-16 16:54:26.347 2360 2360 D TelephonyNetworkFactory[0]: got request NetworkRequest [ REQUEST id=52, [ Capabilities: INTERNET&NOT_RESTRICTED&TRUSTED&NOT_VCN_MANAGED Uid: 1000 RequestorUid: 1000 RequestorPkg: com.android.settings] ]
08-16 16:54:26.347 2360 2360 D TelephonyNetworkFactory[0]: onNeedNetworkFor NetworkRequest [ REQUEST id=52, [ Capabilities: INTERNET&NOT_RESTRICTED&TRUSTED&NOT_VCN_MANAGED Uid: 1000 RequestorUid: 1000 RequestorPkg: com.android.settings] ] shouldApply false
08-16 16:54:26.348 2360 2360 D TelephonyNetworkFactory[1]: got request NetworkRequest [ REQUEST id=52, [ Capabilities: INTERNET&NOT_RESTRICTED&TRUSTED&NOT_VCN_MANAGED Uid: 1000 RequestorUid: 1000 RequestorPkg: com.android.settings] ]
08-16 16:54:26.349 2360 2360 D TelephonyNetworkFactory[1]: onNeedNetworkFor NetworkRequest [ REQUEST id=52, [ Capabilities: INTERNET&NOT_RESTRICTED&TRUSTED&NOT_VCN_MANAGED Uid: 1000 RequestorUid: 1000 RequestorPkg: com.android.settings] ] shouldApply false
08-16 16:54:26.354 2360 2360 D TelephonyNetworkFactory[0]: got request NetworkRequest [ REQUEST id=55, [ Capabilities: INTERNET&NOT_RESTRICTED&TRUSTED&NOT_VCN_MANAGED Uid: 1000 RequestorUid: 1000 RequestorPkg: com.android.settings] ]
08-16 16:54:26.354 2360 2360 D TelephonyNetworkFactory[1]: got request NetworkRequest [ REQUEST id=55, [ Capabilities: INTERNET&NOT_RESTRICTED&TRUSTED&NOT_VCN_MANAGED Uid: 1000 RequestorUid: 1000 RequestorPkg: com.android.settings] ]
08-16 16:54:26.355 2360 2360 D TelephonyNetworkFactory[0]: onNeedNetworkFor NetworkRequest [ REQUEST id=55, [ Capabilities: INTERNET&NOT_RESTRICTED&TRUSTED&NOT_VCN_MANAGED Uid: 1000 RequestorUid: 1000 RequestorPkg: com.android.settings] ] shouldApply false
08-16 16:54:26.355 2360 2360 D TelephonyNetworkFactory[1]: onNeedNetworkFor NetworkRequest [ REQUEST id=55, [ Capabilities: INTERNET&NOT_RESTRICTED&TRUSTED&NOT_VCN_MANAGED Uid: 1000 RequestorUid: 1000 RequestorPkg: com.android.settings] ] shouldApply false
01-01 05:58:04.160 0 0 D : mv2112_read_status
01-01 05:58:04.160 0 0 D mv2112_update_link: 3.0x901(1G): 0x4
01-01 05:58:04.161 0 0 D mv2112_update_link: 3.0x8109(100M): 0x8
01-01 05:58:04.161 0 0 D mv2112_update_link: link 0x4
01-01 05:58:04.161 0 0 D mv2112_read_status: autoneg is disabled
08-16 16:54:26.377 2360 4935 D SubscriptionController: [getAvailableSubInfoList]- no info return
08-16 16:54:26.381 2360 4938 D SubscriptionController: [getAvailableSubInfoList]- no info return
08-16 16:54:26.391 2360 4938 D SubscriptionController: [getAvailableSubInfoList]- no info return
08-16 16:54:26.395 2360 4938 D SubscriptionController: [getAvailableSubInfoList]- no info return
08-16 16:54:26.481 1142 2775 D PackageManager: Instant App installer not found with android.intent.action.INSTALL_INSTANT_APP_PACKAGE
08-16 16:54:26.481 1142 2775 D PackageManager: Clear ephemeral installer activity
08-16 16:54:26.501 2360 4935 D SubscriptionController: [getAvailableSubInfoList]- no info return
08-16 16:54:26.507 2360 4938 D SubscriptionController: [getAvailableSubInfoList]- no info return
01-01 05:58:04.315 0 0 I [schedu][0xe710478b][16:54:26.510052] wlan: [2366:I:OSIF] scan start scan id 40964
08-16 16:54:26.517 2360 2399 D SubscriptionController: [getAvailableSubInfoList]- no info return
08-16 16:54:26.534 2360 2399 D SubscriptionController: [getAvailableSubInfoList]- no info return
08-16 16:54:27.377 1142 1218 D CompanionDeviceManagerService: onPackageModified(packageName = com.android.settings)
01-01 05:58:05.184 0 0 D : mv2112_read_status
01-01 05:58:05.185 0 0 D mv2112_update_link: 3.0x901(1G): 0x4
01-01 05:58:05.185 0 0 D mv2112_update_link: 3.0x8109(100M): 0x8
01-01 05:58:05.185 0 0 D mv2112_update_link: link 0x4
01-01 05:58:05.185 0 0 D mv2112_read_status: autoneg is disabled
08-16 16:54:27.392 1142 1142 I Telecom : DefaultDialerCache: Refreshing default dialer for user 0: now org.codeaurora.dialer: DDC.oR@ADA
08-16 16:54:27.447 1142 1233 W VoiceInteractionManager: no available voice recognition services found for user 0
01-01 05:58:05.252 0 0 I binder : 5444:5444 ioctl 40046210 7fda9c6984 returned -22
08-16 16:54:28.135 1142 2883 E TaskPersister: File error accessing recents directory (directory doesn't exist?).
01-01 05:58:06.053 0 0 I [schedu][0xe90da800][16:54:28.248725] wlan: [2366:I:OSIF] vdev 0, scan id 40964 type COMPLETED(1) reason COMPLETED(1) scan found 33 bss
01-01 05:58:06.209 0 0 D : mv2112_read_status
01-01 05:58:06.209 0 0 D mv2112_update_link: 3.0x901(1G): 0x4
01-01 05:58:06.209 0 0 D mv2112_update_link: 3.0x8109(100M): 0x8
01-01 05:58:06.209 0 0 D mv2112_update_link: link 0x4
01-01 05:58:06.209 0 0 D mv2112_read_status: autoneg is disabled
08-16 16:54:29.127 1142 2084 I ActivityTaskManager: START u0 {act=android.intent.action.MAIN cmp=com.android.settings/.SubSettings (has extras)} from uid 1000
08-16 16:54:29.161 2360 2360 D TelephonyNetworkFactory[1]: onReleaseNetworkFor NetworkRequest [ REQUEST id=55, [ Capabilities: INTERNET&NOT_RESTRICTED&TRUSTED&NOT_VCN_MANAGED Uid: 1000 RequestorUid: 1000 RequestorPkg: com.android.settings] ] applied false
08-16 16:54:29.162 2360 2360 D TelephonyNetworkFactory[0]: onReleaseNetworkFor NetworkRequest [ REQUEST id=55, [ Capabilities: INTERNET&NOT_RESTRICTED&TRUSTED&NOT_VCN_MANAGED Uid: 1000 RequestorUid: 1000 RequestorPkg: com.android.settings] ] applied false
08-16 16:54:29.163 1142 2497 I ActivityTaskManager: The Process com.android.settings Already Exists in BG. So sending its PID: 2407
08-16 16:54:29.164 1142 2497 W ActivityTaskManager: Tried to set launchTime (0) < mLastActivityLaunchTime (188999)
01-01 05:58:07.054 0 0 I init : starting service 'vendor.light-hal-2-0'...
01-01 05:58:07.089 0 0 I init : starting service 'qvrd_vndr'...
01-01 05:58:07.090 0 0 I init : Created socket '/dev/socket/qvrservice_vndr', mode 660, user 1000, group 1000
01-01 05:58:07.090 0 0 I init : Created socket '/dev/socket/qvrservice_vndr_camera', mode 660, user 1000, group 1000
01-01 05:58:07.103 0 0 I init : starting service 'sxrd'...
08-16 16:54:29.326 2360 2360 D TelephonyNetworkFactory[0]: got request NetworkRequest [ REQUEST id=60, [ Capabilities: INTERNET&NOT_RESTRICTED&TRUSTED&NOT_VCN_MANAGED Uid: 1000 RequestorUid: 1000 RequestorPkg: com.android.settings] ]
08-16 16:54:29.327 2360 2360 D TelephonyNetworkFactory[1]: got request NetworkRequest [ REQUEST id=60, [ Capabilities: INTERNET&NOT_RESTRICTED&TRUSTED&NOT_VCN_MANAGED Uid: 1000 RequestorUid: 1000 RequestorPkg: com.android.settings] ]
08-16 16:54:29.327 2360 2360 D TelephonyNetworkFactory[0]: onNeedNetworkFor NetworkRequest [ REQUEST id=60, [ Capabilities: INTERNET&NOT_RESTRICTED&TRUSTED&NOT_VCN_MANAGED Uid: 1000 RequestorUid: 1000 RequestorPkg: com.android.settings] ] shouldApply false
08-16 16:54:29.327 2360 2360 D TelephonyNetworkFactory[1]: onNeedNetworkFor NetworkRequest [ REQUEST id=60, [ Capabilities: INTERNET&NOT_RESTRICTED&TRUSTED&NOT_VCN_MANAGED Uid: 1000 RequestorUid: 1000 RequestorPkg: com.android.settings] ] shouldApply false
08-16 16:54:29.333 5503 5503 F linker : CANNOT LINK EXECUTABLE "/vendor/bin/hw/sxrservice": library "vendor.qti.hardware.qxr-V1-ndk_platform.so" not found: needed by main executable
08-16 16:54:29.334 5501 5501 F linker : CANNOT LINK EXECUTABLE "/vendor/bin/hw/qvrservice": library "vendor.qti.hardware.qxr-V1-ndk_platform.so" not found: needed by /vendor/lib64/libqvrservice.so in namespace (default)
01-01 05:58:07.140 0 0 I init : Service 'qvrd_vndr' (pid 5501) exited with status 1
08-16 16:54:29.335 1142 2768 D PackageManager: Instant App installer not found with android.intent.action.INSTALL_INSTANT_APP_PACKAGE
08-16 16:54:29.335 1142 2768 D PackageManager: Clear ephemeral installer activity
01-01 05:58:07.140 0 0 I init : Sending signal 9 to service 'qvrd_vndr' (pid 5501) process group...
01-01 05:58:07.140 0 0 I libprocessgroup: Successfully killed process cgroup uid 1000 pid 5501 in 0ms
08-16 16:54:29.350 1142 1220 I DropBoxManagerService: add tag=system_server_strictmode isTagEnabled=true flags=0x2
01-01 05:58:07.149 0 0 I init : Service 'sxrd' (pid 5503) exited with status 1
01-01 05:58:07.149 0 0 I init : Sending signal 9 to service 'sxrd' (pid 5503) process group...
08-16 16:54:29.403 1142 2084 D PackageManager: Instant App installer not found with android.intent.action.INSTALL_INSTANT_APP_PACKAGE
08-16 16:54:29.403 1142 2084 D PackageManager: Clear ephemeral installer activity
01-01 05:58:07.232 0 0 D : mv2112_read_status
01-01 05:58:07.232 0 0 D mv2112_update_link: 3.0x901(1G): 0x4
01-01 05:58:07.233 0 0 D mv2112_update_link: 3.0x8109(100M): 0x8
01-01 05:58:07.233 0 0 D mv2112_update_link: link 0x4
01-01 05:58:07.233 0 0 D mv2112_read_status: autoneg is disabled
01-01 05:58:07.543 0 0 I [schedu][0xeac1f7b0][16:54:29.738000] wlan: [2366:I:OSIF] scan start scan id 40965
08-16 16:54:29.842 2360 2360 D TelephonyNetworkFactory[0]: onReleaseNetworkFor NetworkRequest [ REQUEST id=52, [ Capabilities: INTERNET&NOT_RESTRICTED&TRUSTED&NOT_VCN_MANAGED Uid: 1000 RequestorUid: 1000 RequestorPkg: com.android.settings] ] applied false
08-16 16:54:29.843 2360 2360 D TelephonyNetworkFactory[1]: onReleaseNetworkFor NetworkRequest [ REQUEST id=52, [ Capabilities: INTERNET&NOT_RESTRICTED&TRUSTED&NOT_VCN_MANAGED Uid: 1000 RequestorUid: 1000 RequestorPkg: com.android.settings] ] applied false
08-16 16:54:29.844 2360 2360 D TelephonyNetworkFactory[0]: onReleaseNetworkFor NetworkRequest [ REQUEST id=49, [ Capabilities: INTERNET&NOT_RESTRICTED&TRUSTED&NOT_VCN_MANAGED Uid: 1000 RequestorUid: 1000 RequestorPkg: com.android.settings] ] applied false
08-16 16:54:29.844 2360 2360 D TelephonyNetworkFactory[1]: onReleaseNetworkFor NetworkRequest [ REQUEST id=49, [ Capabilities: INTERNET&NOT_RESTRICTED&TRUSTED&NOT_VCN_MANAGED Uid: 1000 RequestorUid: 1000 RequestorPkg: com.android.settings] ] applied false
08-16 16:54:30.350 1142 1218 D CompanionDeviceManagerService: onPackageModified(packageName = com.android.settings)
08-16 16:54:30.358 1142 1142 I Telecom : DefaultDialerCache: Refreshing default dialer for user 0: now org.codeaurora.dialer: DDC.oR@ADE
08-16 16:54:30.422 1142 1233 W VoiceInteractionManager: no available voice recognition services found for user 0
01-01 05:58:08.260 0 0 D : mv2112_read_status
01-01 05:58:08.260 0 0 D mv2112_update_link: 3.0x901(1G): 0x4
01-01 05:58:08.261 0 0 D mv2112_update_link: 3.0x8109(100M): 0x8
01-01 05:58:08.261 0 0 D mv2112_update_link: link 0x4
01-01 05:58:08.261 0 0 D mv2112_read_status: autoneg is disabled
01-01 05:58:09.186 0 0 I [schedu][0xeca35bd9][16:54:31.381149] wlan: [2366:I:OSIF] vdev 0, scan id 40965 type COMPLETED(1) reason COMPLETED(1) scan found 30 bss
01-01 05:58:09.280 0 0 D : mv2112_read_status
01-01 05:58:09.281 0 0 D mv2112_update_link: 3.0x901(1G): 0x4
01-01 05:58:09.281 0 0 D mv2112_update_link: 3.0x8109(100M): 0x8
01-01 05:58:09.281 0 0 D mv2112_update_link: link 0x4
01-01 05:58:09.281 0 0 D mv2112_read_status: autoneg is disabled
08-16 16:54:32.157 1142 2883 E TaskPersister: File error accessing recents directory (directory doesn't exist?).
01-01 05:58:10.304 0 0 D : mv2112_read_status
01-01 05:58:10.305 0 0 D mv2112_update_link: 3.0x901(1G): 0x4
01-01 05:58:10.305 0 0 D mv2112_update_link: 3.0x8109(100M): 0x8
01-01 05:58:10.305 0 0 D mv2112_update_link: link 0x4
01-01 05:58:10.305 0 0 D mv2112_read_status: autoneg is disabled
01-01 05:58:10.486 0 0 I afe_close: port_id = 0x400e
01-01 05:58:10.500 0 0 I btfm_slim_disable_ch: port:16, grp: 0, ch->grph:0x0, ch->ch_hdl:0x1d
01-01 05:58:11.328 0 0 D : mv2112_read_status
01-01 05:58:11.329 0 0 D mv2112_update_link: 3.0x901(1G): 0x4
01-01 05:58:11.329 0 0 D mv2112_update_link: 3.0x8109(100M): 0x8
01-01 05:58:11.329 0 0 D mv2112_update_link: link 0x4
01-01 05:58:11.329 0 0 D mv2112_read_status: autoneg is disabled
01-01 05:58:12.086 0 0 I init : starting service 'vendor.light-hal-2-0'...
01-01 05:58:12.122 0 0 I init : starting service 'qvrd_vndr'...
01-01 05:58:12.124 0 0 I init : Created socket '/dev/socket/qvrservice_vndr', mode 660, user 1000, group 1000
01-01 05:58:12.125 0 0 I init : Created socket '/dev/socket/qvrservice_vndr_camera', mode 660, user 1000, group 1000
01-01 05:58:12.141 0 0 I init : starting service 'sxrd'...
08-16 16:54:34.372 5567 5567 F linker : CANNOT LINK EXECUTABLE "/vendor/bin/hw/qvrservice": library "vendor.qti.hardware.qxr-V1-ndk_platform.so" not found: needed by /vendor/lib64/libqvrservice.so in namespace (default)
08-16 16:54:34.375 5568 5568 F linker : CANNOT LINK EXECUTABLE "/vendor/bin/hw/sxrservice": library "vendor.qti.hardware.qxr-V1-ndk_platform.so" not found: needed by main executable
01-01 05:58:12.179 0 0 I init : Service 'qvrd_vndr' (pid 5567) exited with status 1
01-01 05:58:12.179 0 0 I init : Sending signal 9 to service 'qvrd_vndr' (pid 5567) process group...
01-01 05:58:12.179 0 0 I libprocessgroup: Successfully killed process cgroup uid 1000 pid 5567 in 0ms
01-01 05:58:12.183 0 0 I init : Service 'sxrd' (pid 5568) exited with status 1
01-01 05:58:12.183 0 0 I init : Sending signal 9 to service 'sxrd' (pid 5568) process group...
01-01 05:58:12.352 0 0 D : mv2112_read_status
01-01 05:58:12.353 0 0 D mv2112_update_link: 3.0x901(1G): 0x4
01-01 05:58:12.353 0 0 D mv2112_update_link: 3.0x8109(100M): 0x8
01-01 05:58:12.353 0 0 D mv2112_update_link: link 0x4
01-01 05:58:12.353 0 0 D mv2112_read_status: autoneg is disabled
01-01 05:58:13.377 0 0 D : mv2112_read_status
01-01 05:58:13.377 0 0 D mv2112_update_link: 3.0x901(1G): 0x4
01-01 05:58:13.378 0 0 D mv2112_update_link: 3.0x8109(100M): 0x8
01-01 05:58:13.378 0 0 D mv2112_update_link: link 0x4
01-01 05:58:13.378 0 0 D mv2112_read_status: autoneg is disabled
08-16 16:54:35.763 1142 1171 I ActivityTaskManager: START u0 {act=android.intent.action.MAIN cmp=com.android.settings/.SubSettings (has extras)} from uid 1000
08-16 16:54:35.786 1142 2084 I ActivityTaskManager: The Process com.android.settings Already Exists in BG. So sending its PID: 2407
08-16 16:54:35.787 1142 2084 W ActivityTaskManager: Tried to set launchTime (0) < mLastActivityLaunchTime (191993)
01-01 05:58:13.702 0 0 I btfm_slim_hw_init: PGD Enum Addr: 00:01:20:02:17: 02
01-01 05:58:13.702 0 0 I btfm_slim_hw_init: IFD Enum Addr: 00:00:20:02:17: 02
01-01 05:58:13.702 0 0 I btfm_slim_hw_init: chipset soc version:400a0200
01-01 05:58:13.702 0 0 I btfm_slim_hw_init: chipset is hastings 2.0, overwriting EA
01-01 05:58:13.702 0 0 I btfm_slim_hw_init: PGD Enum Addr: 00:01:20:02:17: 02
01-01 05:58:13.702 0 0 I btfm_slim_hw_init: IFD Enum Addr: 00:00:20:02:17: 02
01-01 05:58:13.702 0 0 I btfm_slim_alloc_port: chipset soc version:400a0200
08-16 16:54:35.911 2360 2360 D TelephonyNetworkFactory[0]: got request NetworkRequest [ REQUEST id=63, [ Capabilities: INTERNET&NOT_RESTRICTED&TRUSTED&NOT_VCN_MANAGED Uid: 1000 RequestorUid: 1000 RequestorPkg: com.android.settings] ]
08-16 16:54:35.911 2360 2360 D TelephonyNetworkFactory[0]: onNeedNetworkFor NetworkRequest [ REQUEST id=63, [ Capabilities: INTERNET&NOT_RESTRICTED&TRUSTED&NOT_VCN_MANAGED Uid: 1000 RequestorUid: 1000 RequestorPkg: com.android.settings] ] shouldApply false
08-16 16:54:35.912 2360 2360 D TelephonyNetworkFactory[1]: got request NetworkRequest [ REQUEST id=63, [ Capabilities: INTERNET&NOT_RESTRICTED&TRUSTED&NOT_VCN_MANAGED Uid: 1000 RequestorUid: 1000 RequestorPkg: com.android.settings] ]
08-16 16:54:35.913 2360 2360 D TelephonyNetworkFactory[1]: onNeedNetworkFor NetworkRequest [ REQUEST id=63, [ Capabilities: INTERNET&NOT_RESTRICTED&TRUSTED&NOT_VCN_MANAGED Uid: 1000 RequestorUid: 1000 RequestorPkg: com.android.settings] ] shouldApply false
08-16 16:54:35.916 1142 1759 D PackageManager: Instant App installer not found with android.intent.action.INSTALL_INSTANT_APP_PACKAGE
08-16 16:54:35.916 1142 1759 D PackageManager: Clear ephemeral installer activity
01-01 05:58:13.718 0 0 I btfm_slim_enable_ch: chipset soc version:400a0200
01-01 05:58:13.718 0 0 I btfm_slim_enable_ch: channel define - prot:2, dataf:0, auxf:0
01-01 05:58:13.718 0 0 I btfm_slim_enable_ch: channel define - rates:44100, baser:2, ratem:4
01-01 05:58:13.718 0 0 I btfm_slim_enable_ch: slim_connect_sink(port: 16, ch: 157)
01-01 05:58:13.720 0 0 I btfm_slim_enable_ch: port: 16, ch: 157, grp: 0, ch->grph: 0x0, ch_hdl: 0x1d
01-01 05:58:13.721 0 0 I __afe_port_start: port id: 0x400e
01-01 05:58:13.721 0 0 I afe_find_cal_topo_id_by_port: port id: 0x400e, dev_acdb_id: 20
01-01 05:58:13.721 0 0 I afe_find_cal_topo_id_by_port: top_id:112fc acdb_id:20 afe_port_id:0x400e
01-01 05:58:13.721 0 0 I afe_get_cal_topology_id: port_id = 0x400e acdb_id = 20 topology_id = 0x112fc cal_type_index=8 ret=0
01-01 05:58:13.722 0 0 I afe_send_port_topology_id: AFE set topology id 0x112fc enable for port 0x400e ret 0
01-01 05:58:13.722 0 0 I send_afe_cal_type: cal_index is 0
01-01 05:58:13.722 0 0 I send_afe_cal_type: dev_acdb_id[119] is 20
01-01 05:58:13.722 0 0 I afe_find_cal: cal_index 0 port_id 0x400e port_index 119
01-01 05:58:13.722 0 0 I afe_find_cal: acdb_id 20 dev_acdb_id 20 sample_rate 48000 afe_sample_rates 44100
01-01 05:58:13.722 0 0 I afe_find_cal: no matching cal_block found
01-01 05:58:13.722 0 0 E : send_afe_cal_type cal_block not found!!
01-01 05:58:13.728 0 0 I afe_send_hw_delay: port_id 0x400e rate 44100 delay_usec 0 status 0
08-16 16:54:35.947 1142 1219 D AutofillUI: destroySaveUiUiThread(): already destroyed
08-16 16:54:35.947 1142 2497 D AutofillManagerServiceImpl: Reset component for user 0:
08-16 16:54:35.984 1142 2497 D PackageManager: Instant App installer not found with android.intent.action.INSTALL_INSTANT_APP_PACKAGE
08-16 16:54:35.985 1142 2497 D PackageManager: Clear ephemeral installer activity
01-01 05:58:13.841 0 0 I [schedu][0xf1f64446][16:54:36.033208] wlan: [2366:I:OSIF] scan start scan id 40966
08-16 16:54:36.063 1142 1220 I DropBoxManagerService: add tag=system_app_strictmode isTagEnabled=true flags=0x2
08-16 16:54:36.070 1142 1220 I DropBoxManagerService: add tag=system_app_strictmode isTagEnabled=true flags=0x2
08-16 16:54:36.075 1142 1220 I DropBoxManagerService: add tag=system_app_strictmode isTagEnabled=true flags=0x2
08-16 16:54:36.079 1142 1220 I DropBoxManagerService: add tag=system_app_strictmode isTagEnabled=true flags=0x2
08-16 16:54:36.087 1142 1220 I DropBoxManagerService: add tag=system_app_strictmode isTagEnabled=true flags=0x2
08-16 16:54:36.089 1142 1220 I DropBoxManagerService: add tag=system_app_strictmode isTagEnabled=true flags=0x2
08-16 16:54:36.090 1142 1220 I DropBoxManagerService: add tag=system_app_strictmode isTagEnabled=true flags=0x2
08-16 16:54:36.092 1142 1220 I DropBoxManagerService: add tag=system_app_strictmode isTagEnabled=true flags=0x2
08-16 16:54:36.093 1142 1220 I DropBoxManagerService: add tag=system_app_strictmode isTagEnabled=true flags=0x2
08-16 16:54:36.094 1142 1220 I DropBoxManagerService: add tag=system_app_strictmode isTagEnabled=true flags=0x2
08-16 16:54:36.095 1142 1220 I DropBoxManagerService: add tag=system_app_strictmode isTagEnabled=true flags=0x2
08-16 16:54:36.119 1142 1220 I DropBoxManagerService: add tag=system_app_strictmode isTagEnabled=true flags=0x2
08-16 16:54:36.129 1142 1220 I DropBoxManagerService: add tag=system_app_strictmode isTagEnabled=true flags=0x2
08-16 16:54:36.145 1142 1220 I DropBoxManagerService: add tag=system_app_strictmode isTagEnabled=true flags=0x2
08-16 16:54:36.156 1142 1220 I DropBoxManagerService: add tag=system_app_strictmode isTagEnabled=true flags=0x2
08-16 16:54:36.158 1142 1220 I DropBoxManagerService: add tag=system_app_strictmode isTagEnabled=true flags=0x2
08-16 16:54:36.159 1142 1220 I DropBoxManagerService: add tag=system_app_strictmode isTagEnabled=true flags=0x2
08-16 16:54:36.161 1142 1220 I DropBoxManagerService: add tag=system_app_strictmode isTagEnabled=true flags=0x2
08-16 16:54:36.162 1142 1220 I DropBoxManagerService: add tag=system_app_strictmode isTagEnabled=true flags=0x2
08-16 16:54:36.163 1142 1220 I DropBoxManagerService: add tag=system_app_strictmode isTagEnabled=true flags=0x2
08-16 16:54:36.167 1142 1220 I DropBoxManagerService: add tag=system_app_strictmode isTagEnabled=true flags=0x2
08-16 16:54:36.169 1142 1220 I DropBoxManagerService: add tag=system_app_strictmode isTagEnabled=true flags=0x2
08-16 16:54:36.197 1142 1220 I DropBoxManagerService: add tag=system_app_strictmode isTagEnabled=true flags=0x2
08-16 16:54:36.199 1142 1220 I DropBoxManagerService: add tag=system_app_strictmode isTagEnabled=true flags=0x2
08-16 16:54:36.201 1142 1220 I DropBoxManagerService: add tag=system_app_strictmode isTagEnabled=true flags=0x2
08-16 16:54:36.204 1142 1220 I DropBoxManagerService: add tag=system_app_strictmode isTagEnabled=true flags=0x2
08-16 16:54:36.208 1142 1220 I DropBoxManagerService: add tag=system_app_strictmode isTagEnabled=true flags=0x2
08-16 16:54:36.209 1142 1220 I DropBoxManagerService: add tag=system_app_strictmode isTagEnabled=true flags=0x2
08-16 16:54:36.211 1142 1220 I DropBoxManagerService: add tag=system_app_strictmode isTagEnabled=true flags=0x2
08-16 16:54:36.215 1142 1220 I DropBoxManagerService: add tag=system_app_strictmode isTagEnabled=true flags=0x2
08-16 16:54:36.217 1142 1220 I DropBoxManagerService: add tag=system_app_strictmode isTagEnabled=true flags=0x2
08-16 16:54:36.218 1142 1220 I DropBoxManagerService: add tag=system_app_strictmode isTagEnabled=true flags=0x2
08-16 16:54:36.220 1142 1220 I DropBoxManagerService: add tag=system_app_strictmode isTagEnabled=true flags=0x2
08-16 16:54:36.222 1142 1220 I DropBoxManagerService: add tag=system_app_strictmode isTagEnabled=true flags=0x2
08-16 16:54:36.225 1142 1220 I DropBoxManagerService: add tag=system_app_strictmode isTagEnabled=true flags=0x2
08-16 16:54:36.227 1142 1220 I DropBoxManagerService: add tag=system_app_strictmode isTagEnabled=true flags=0x2
08-16 16:54:36.407 2360 2360 D TelephonyNetworkFactory[0]: onReleaseNetworkFor NetworkRequest [ REQUEST id=60, [ Capabilities: INTERNET&NOT_RESTRICTED&TRUSTED&NOT_VCN_MANAGED Uid: 1000 RequestorUid: 1000 RequestorPkg: com.android.settings] ] applied false
01-01 05:58:14.216 0 0 I binder : 2645:2809 ioctl 40046210 76e267f1f4 returned -22
08-16 16:54:36.408 2360 2360 D TelephonyNetworkFactory[1]: onReleaseNetworkFor NetworkRequest [ REQUEST id=60, [ Capabilities: INTERNET&NOT_RESTRICTED&TRUSTED&NOT_VCN_MANAGED Uid: 1000 RequestorUid: 1000 RequestorPkg: com.android.settings] ] applied false
01-01 05:58:14.400 0 0 D : mv2112_read_status
01-01 05:58:14.401 0 0 D mv2112_update_link: 3.0x901(1G): 0x4
01-01 05:58:14.401 0 0 D mv2112_update_link: 3.0x8109(100M): 0x8
01-01 05:58:14.401 0 0 D mv2112_update_link: link 0x4
01-01 05:58:14.401 0 0 D mv2112_read_status: autoneg is disabled
08-16 16:54:36.927 1142 1218 D CompanionDeviceManagerService: onPackageModified(packageName = com.android.settings)
08-16 16:54:36.957 1142 1142 I Telecom : DefaultDialerCache: Refreshing default dialer for user 0: now org.codeaurora.dialer: DDC.oR@ADI
08-16 16:54:37.016 1142 1233 W VoiceInteractionManager: no available voice recognition services found for user 0
01-01 05:58:15.425 0 0 D : mv2112_read_status
01-01 05:58:15.425 0 0 D mv2112_update_link: 3.0x901(1G): 0x4
01-01 05:58:15.426 0 0 D mv2112_update_link: 3.0x8109(100M): 0x8
01-01 05:58:15.426 0 0 D mv2112_update_link: link 0x4
01-01 05:58:15.426 0 0 D mv2112_read_status: autoneg is disabled
01-01 05:58:15.511 0 0 I [schedu][0xf3e06df7][16:54:37.706298] wlan: [2366:I:OSIF] vdev 0, scan id 40966 type COMPLETED(1) reason COMPLETED(1) scan found 26 bss
01-01 05:58:16.449 0 0 D : mv2112_read_status
01-01 05:58:16.449 0 0 D mv2112_update_link: 3.0x901(1G): 0x4
01-01 05:58:16.450 0 0 D mv2112_update_link: 3.0x8109(100M): 0x8
01-01 05:58:16.450 0 0 D mv2112_update_link: link 0x4
01-01 05:58:16.450 0 0 D mv2112_read_status: autoneg is disabled
08-16 16:54:38.806 1142 2883 E TaskPersister: File error accessing recents directory (directory doesn't exist?).
01-01 05:58:17.118 0 0 I init : starting service 'vendor.light-hal-2-0'...
01-01 05:58:17.183 0 0 I init : starting service 'qvrd_vndr'...
01-01 05:58:17.186 0 0 I init : Created socket '/dev/socket/qvrservice_vndr', mode 660, user 1000, group 1000
01-01 05:58:17.189 0 0 I init : Created socket '/dev/socket/qvrservice_vndr_camera', mode 660, user 1000, group 1000
01-01 05:58:17.211 0 0 I init : starting service 'sxrd'...
01-01 05:58:17.230 0 0 I init : Service 'vendor.light-hal-2-0' (pid 5649) exited with status 0
01-01 05:58:17.230 0 0 I init : Sending signal 9 to service 'vendor.light-hal-2-0' (pid 5649) process group...
01-01 05:58:17.230 0 0 I libprocessgroup: Successfully killed process cgroup uid 1000 pid 5649 in 0ms
08-16 16:54:39.456 5651 5651 F linker : CANNOT LINK EXECUTABLE "/vendor/bin/hw/sxrservice": library "vendor.qti.hardware.qxr-V1-ndk_platform.so" not found: needed by main executable
08-16 16:54:39.456 5650 5650 F linker : CANNOT LINK EXECUTABLE "/vendor/bin/hw/qvrservice": library "vendor.qti.hardware.qxr-V1-ndk_platform.so" not found: needed by /vendor/lib64/libqvrservice.so in namespace (default)
01-01 05:58:17.262 0 0 I init : Service 'qvrd_vndr' (pid 5650) exited with status 1
01-01 05:58:17.262 0 0 I init : Sending signal 9 to service 'qvrd_vndr' (pid 5650) process group...
01-01 05:58:17.473 0 0 D : mv2112_read_status
01-01 05:58:17.474 0 0 D mv2112_update_link: 3.0x901(1G): 0x4
01-01 05:58:17.474 0 0 D mv2112_update_link: 3.0x8109(100M): 0x8
01-01 05:58:17.474 0 0 D mv2112_update_link: link 0x4
01-01 05:58:17.474 0 0 D mv2112_read_status: autoneg is disabled
01-01 05:58:17.654 0 0 I afe_close: port_id = 0x400e
01-01 05:58:17.662 0 0 I btfm_slim_disable_ch: port:16, grp: 0, ch->grph:0x0, ch->ch_hdl:0x1d
01-01 05:58:18.445 0 0 I btfm_slim_hw_init: PGD Enum Addr: 00:01:20:02:17: 02
01-01 05:58:18.445 0 0 I btfm_slim_hw_init: IFD Enum Addr: 00:00:20:02:17: 02
01-01 05:58:18.445 0 0 I btfm_slim_hw_init: chipset soc version:400a0200
01-01 05:58:18.445 0 0 I btfm_slim_hw_init: chipset is hastings 2.0, overwriting EA
01-01 05:58:18.445 0 0 I btfm_slim_hw_init: PGD Enum Addr: 00:01:20:02:17: 02
01-01 05:58:18.445 0 0 I btfm_slim_hw_init: IFD Enum Addr: 00:00:20:02:17: 02
01-01 05:58:18.445 0 0 I btfm_slim_alloc_port: chipset soc version:400a0200
01-01 05:58:18.460 0 0 I btfm_slim_enable_ch: chipset soc version:400a0200
01-01 05:58:18.460 0 0 I btfm_slim_enable_ch: channel define - prot:2, dataf:0, auxf:0
01-01 05:58:18.460 0 0 I btfm_slim_enable_ch: channel define - rates:44100, baser:2, ratem:4
01-01 05:58:18.461 0 0 I btfm_slim_enable_ch: slim_connect_sink(port: 16, ch: 157)
01-01 05:58:18.463 0 0 I btfm_slim_enable_ch: port: 16, ch: 157, grp: 0, ch->grph: 0x0, ch_hdl: 0x1d
01-01 05:58:18.467 0 0 I __afe_port_start: port id: 0x400e
01-01 05:58:18.467 0 0 I afe_find_cal_topo_id_by_port: port id: 0x400e, dev_acdb_id: 20
01-01 05:58:18.467 0 0 I afe_find_cal_topo_id_by_port: top_id:112fc acdb_id:20 afe_port_id:0x400e
01-01 05:58:18.467 0 0 I afe_get_cal_topology_id: port_id = 0x400e acdb_id = 20 topology_id = 0x112fc cal_type_index=8 ret=0
01-01 05:58:18.467 0 0 I afe_send_port_topology_id: AFE set topology id 0x112fc enable for port 0x400e ret 0
01-01 05:58:18.467 0 0 I send_afe_cal_type: cal_index is 0
01-01 05:58:18.467 0 0 I send_afe_cal_type: dev_acdb_id[119] is 20
01-01 05:58:18.467 0 0 I afe_find_cal: cal_index 0 port_id 0x400e port_index 119
01-01 05:58:18.467 0 0 I afe_find_cal: acdb_id 20 dev_acdb_id 20 sample_rate 48000 afe_sample_rates 44100
01-01 05:58:18.467 0 0 I afe_find_cal: no matching cal_block found
01-01 05:58:18.467 0 0 E : send_afe_cal_type cal_block not found!!
01-01 05:58:18.473 0 0 I afe_send_hw_delay: port_id 0x400e rate 44100 delay_usec 0 status 0
01-01 05:58:18.497 0 0 D : mv2112_read_status
01-01 05:58:18.497 0 0 D mv2112_update_link: 3.0x901(1G): 0x4
01-01 05:58:18.498 0 0 D mv2112_update_link: 3.0x8109(100M): 0x8
01-01 05:58:18.498 0 0 D mv2112_update_link: link 0x4
01-01 05:58:18.498 0 0 D mv2112_read_status: autoneg is disabled
01-01 05:58:19.520 0 0 D : mv2112_read_status
01-01 05:58:19.521 0 0 D mv2112_update_link: 3.0x901(1G): 0x4
01-01 05:58:19.521 0 0 D mv2112_update_link: 3.0x8109(100M): 0x8
01-01 05:58:19.521 0 0 D mv2112_update_link: link 0x4
01-01 05:58:19.521 0 0 D mv2112_read_status: autoneg is disabled
01-01 05:58:20.544 0 0 D : mv2112_read_status
01-01 05:58:20.545 0 0 D mv2112_update_link: 3.0x901(1G): 0x4
01-01 05:58:20.545 0 0 D mv2112_update_link: 3.0x8109(100M): 0x8
01-01 05:58:20.545 0 0 D mv2112_update_link: link 0x4
01-01 05:58:20.545 0 0 D mv2112_read_status: autoneg is disabled
08-16 16:54:43.478 1142 1219 W Looper : Slow dispatch took 129ms android.ui h=android.view.Choreographer$FrameHandler c=android.view.Choreographer$FrameDisplayEventReceiver@586f5b m=0
01-01 05:58:21.158 0 0 D BUG : MAX_LOCKDEP_CHAINS too low!
01-01 05:58:21.162 0 0 D : turning off the locking correctness validator.
01-01 05:58:21.168 0 0 D : Please attach the output of /proc/lock_stat to the bug report
01-01 05:58:21.175 0 0 I : CPU: 3 PID: 8 Comm: kworker/u16:0 Tainted: G S W O 4.19.157+ #1
01-01 05:58:21.183 0 0 I Hardware name: Qualcomm Technologies, Inc. kona MTP-RmPM8150b (DT)
01-01 05:58:21.190 0 0 I Workqueue: max96755g_work mcu_keep_wakeup_work_func
01-01 05:58:21.196 0 0 I Call trace:
01-01 05:58:21.199 0 0 I : dump_backtrace+0x0/0x258
01-01 05:58:21.203 0 0 I : show_stack+0x20/0x30
01-01 05:58:21.206 0 0 I : dump_stack+0xd8/0x12c
01-01 05:58:21.210 0 0 I : __lock_acquire+0x1df8/0x1e58
01-01 05:58:21.214 0 0 I : reacquire_held_locks+0x108/0x148
01-01 05:58:21.218 0 0 I : lock_release+0x418/0x528
01-01 05:58:21.222 0 0 I : _raw_spin_unlock+0x28/0x60
01-01 05:58:21.226 0 0 I : push_rt_tasks+0x348/0x3d0
01-01 05:58:21.230 0 0 I : __schedule+0xfc8/0x1160
01-01 05:58:21.233 0 0 I : schedule+0x70/0x90
01-01 05:58:21.237 0 0 I : schedule_timeout+0x598/0x6f8
01-01 05:58:21.241 0 0 I : wait_for_common+0x108/0x1d0
01-01 05:58:21.245 0 0 I : wait_for_completion_timeout+0x28/0x38
01-01 05:58:21.250 0 0 I : geni_i2c_xfer+0xd4c/0x1370
01-01 05:58:21.254 0 0 I : __i2c_transfer+0x42c/0xa50
01-01 05:58:21.258 0 0 I : i2c_transfer+0xa0/0xe8
01-01 05:58:21.261 0 0 I : mcu_keep_wakeup_work_func+0x94/0x1f8
01-01 05:58:21.266 0 0 I : process_one_work+0x38c/0x660
01-01 05:58:21.270 0 0 I : worker_thread+0x268/0x4b8
01-01 05:58:21.274 0 0 I : kthread+0x140/0x150
01-01 05:58:21.278 0 0 I : ret_from_fork+0x10/0x1c
01-01 05:58:21.568 0 0 D : mv2112_read_status
01-01 05:58:21.575 0 0 D mv2112_update_link: 3.0x901(1G): 0x4
01-01 05:58:21.580 0 0 D mv2112_update_link: 3.0x8109(100M): 0x8
01-01 05:58:21.585 0 0 D mv2112_update_link: link 0x4
01-01 05:58:21.590 0 0 D mv2112_read_status: autoneg is disabled
01-01 05:58:22.172 0 0 I init : starting service 'vendor.light-hal-2-0'...
01-01 05:58:22.207 0 0 I init : starting service 'qvrd_vndr'...
01-01 05:58:22.214 0 0 I init : Created socket '/dev/socket/qvrservice_vndr', mode 660, user 1000, group 1000
01-01 05:58:22.225 0 0 I init : Created socket '/dev/socket/qvrservice_vndr_camera', mode 660, user 1000, group 1000
01-01 05:58:22.246 0 0 I init : starting service 'sxrd'...
01-01 05:58:22.262 0 0 I init : Service 'vendor.light-hal-2-0' (pid 5736) exited with status 0
01-01 05:58:22.270 0 0 I init : Sending signal 9 to service 'vendor.light-hal-2-0' (pid 5736) process group...
01-01 05:58:22.279 0 0 I libprocessgroup: Successfully killed process cgroup uid 1000 pid 5736 in 0ms
08-16 16:54:44.483 5738 5738 F linker : CANNOT LINK EXECUTABLE "/vendor/bin/hw/sxrservice": library "vendor.qti.hardware.qxr-V1-ndk_platform.so" not found: needed by main executable
01-01 05:58:22.289 0 0 I init : Service 'qvrd_vndr' (pid 5737) exited with status 1
08-16 16:54:44.483 5737 5737 F linker : CANNOT LINK EXECUTABLE "/vendor/bin/hw/qvrservice": library "vendor.qti.hardware.qxr-V1-ndk_platform.so" not found: needed by /vendor/lib64/libqvrservice.so in namespace (default)
01-01 05:58:22.296 0 0 I init : Sending signal 9 to service 'qvrd_vndr' (pid 5737) process group...
01-01 05:58:22.594 0 0 D : mv2112_read_status
01-01 05:58:22.597 0 0 D mv2112_update_link: 3.0x901(1G): 0x4
01-01 05:58:22.603 0 0 D mv2112_update_link: 3.0x8109(100M): 0x8
01-01 05:58:22.608 0 0 D mv2112_update_link: link 0x4
01-01 05:58:22.612 0 0 D mv2112_read_status: autoneg is disabled
01-01 05:58:23.617 0 0 D : mv2112_read_status
01-01 05:58:23.621 0 0 D mv2112_update_link: 3.0x901(1G): 0x4
01-01 05:58:23.626 0 0 D mv2112_update_link: 3.0x8109(100M): 0x8
01-01 05:58:23.631 0 0 D mv2112_update_link: link 0x4
01-01 05:58:23.635 0 0 D mv2112_read_status: autoneg is disabled
01-01 05:58:23.864 0 0 I [schedu][0xfd6fc712][16:54:46.059912] wlan: [2366:I:OSIF] scan start scan id 40967
08-16 16:54:46.231 2360 2360 D TelephonyNetworkFactory[0]: got request NetworkRequest [ REQUEST id=66, [ Capabilities: INTERNET&NOT_RESTRICTED&TRUSTED&NOT_VCN_MANAGED Uid: 1000 RequestorUid: 1000 RequestorPkg: com.android.settings] ]
08-16 16:54:46.231 2360 2360 D TelephonyNetworkFactory[0]: onNeedNetworkFor NetworkRequest [ REQUEST id=66, [ Capabilities: INTERNET&NOT_RESTRICTED&TRUSTED&NOT_VCN_MANAGED Uid: 1000 RequestorUid: 1000 RequestorPkg: com.android.settings] ] shouldApply false
08-16 16:54:46.233 2360 2360 D TelephonyNetworkFactory[1]: got request NetworkRequest [ REQUEST id=66, [ Capabilities: INTERNET&NOT_RESTRICTED&TRUSTED&NOT_VCN_MANAGED Uid: 1000 RequestorUid: 1000 RequestorPkg: com.android.settings] ]
08-16 16:54:46.233 2360 2360 D TelephonyNetworkFactory[1]: onNeedNetworkFor NetworkRequest [ REQUEST id=66, [ Capabilities: INTERNET&NOT_RESTRICTED&TRUSTED&NOT_VCN_MANAGED Uid: 1000 RequestorUid: 1000 RequestorPkg: com.android.settings] ] shouldApply false
08-16 16:54:46.259 1142 1742 W ContextImpl: Calling a method in the system process without a qualified user: android.app.ContextImpl.sendBroadcastMultiplePermissions:1206 android.content.Context.sendBroadcastWithMultiplePermissions:2262 com.android.server.wifi.WifiServiceImpl.broadcastWifiCredentialChanged:4925 com.android.server.wifi.WifiServiceImpl.lambda$connect$106:4975 com.android.server.wifi.WifiServiceImpl.$r8$lambda$k_VbQ0XctrStvVsieclZczsvs-g:0
01-01 05:58:24.086 0 0 E [wifi@1][0xfdb0b0b8][16:54:46.281479] wlan: [952:E:QDF] qdf_mem_malloc_debug: 1206: Cannot malloc 0 bytes @ csr_get_cfg_max_tx_power:14199
01-01 05:58:24.101 0 0 E [wifi@1][0xfdb4f283][16:54:46.296009] wlan: [952:E:QDF] qdf_mem_malloc_debug: 1206: Cannot malloc 0 bytes @ csr_get_cfg_max_tx_power:14199
01-01 05:58:24.102 0 0 I [schedu][0xfdb562d7][16:54:46.297508] wlan: [2366:I:WMI] LFR3:OKC enabled
01-01 05:58:24.123 0 0 I [schedu][0xfdbb7dd4][16:54:46.318349] wlan: [2366:I:WMI] LFR3:PMKSA caching enabled
01-01 05:58:24.134 0 0 I [schedu][0xfdbedbae][16:54:46.329839] wlan: [2366:I:WMI] LFR3:OKC enabled
01-01 05:58:24.143 0 0 I [schedu][0xfdc148f0][16:54:46.338122] wlan: [2366:I:WMI] LFR3:PMKSA caching enabled
01-01 05:58:24.152 0 0 I [schedu][0xfdc41441][16:54:46.347659] wlan: [2366:I:OSIF] vdev 0, scan id 40967 type COMPLETED(1) reason CANCELLED(2) scan found 7 bss
01-01 05:58:24.166 0 0 I [wpa_su][0xfdc813c3][16:54:46.361306] wlan: [2842:I:HDD] wlan0(vdevid-0): Received Disconnect reason:3 WLAN_REASON_DEAUTH_LEAVING
01-01 05:58:24.179 0 0 I [schedu][0xfdcc0879][16:54:46.374809] wlan: [2366:I:PE] Deauth TX: vdev 0 seq_num 2053 reason 3 waitForAck 1 to b6:2a:7d:83:93:1c from 02:fd:91:f2:ce:32
01-01 05:58:24.315 0 0 I [schedu][0xfdf3cf76][16:54:46.510583] wlan: [2366:I:HDD] wlan0(vdevid-0): disconnected
01-01 05:58:24.324 0 0 I [schedu][0xfdf6887f][16:54:46.519877] wlan: [2366:I:DP] dp_tx_flow_pool_unmap_handler: flow_id 0 flow_type 0 flow_pool_id 0
01-01 05:58:24.340 0 0 I [wpa_su][0xfdfb0d99][16:54:46.535305] wlan: [2842:I:HDD] Disconnect reason: 3 WLAN_REASON_DEAUTH_LEAVING vendor: 0 LG: 1
08-16 16:54:46.549 1299 1299 W wificond: Scan aborted
01-01 05:58:24.402 0 0 I [schedu][0xfe0d62d5][16:54:46.597882] wlan: [2366:I:HIF] Deinitializing Runtime PM wakelock &vdev->vdev_set_key_runtime_wakelock
01-01 05:58:24.425 0 0 I [schedu][0xfe13ea0d][16:54:46.620165] wlan: [2366:I:HIF] Initializing Runtime PM wakelock &vdev->vdev_set_key_runtime_wakelock
01-01 05:58:24.525 0 0 I [wifi@1][0xfe314dad][16:54:46.720479] wlan: [952:I:DP] dp_vdev_attach_wifi3: wlan_cfg_ap_bridge_enabled 0
08-16 16:54:46.720 952 952 D android.hardware.wifi@1.0-service: Successfully SetMacAddress.
01-01 05:58:24.539 0 0 I IPv6 : ADDRCONF(NETDEV_UP): wlan0: link is not ready
01-01 05:58:24.546 0 0 I cnss-daemon: Invalid mac address
01-01 05:58:24.552 0 0 I cnss-daemon: failed to update gateway
08-16 16:54:46.752 1299 1299 W wificond: Scan is not started. Ignore abort request
01-01 05:58:24.559 0 0 E [wifi@1][0xfe3b1ec3][16:54:46.753987] wlan: [2730:E:wifipos] wifi_pos_process_app_reg_req: 608: Received App Req Req pid(-360709192), len(16)
01-01 05:58:24.576 0 0 I [wifi@1][0xfe406055][16:54:46.771928] wlan: [2730:I:wifipos] wifi_pos_get_ch_info: 461: num channels: 26
01-01 05:58:24.591 0 0 I [wifi@1][0xfe44a9d7][16:54:46.786562] wlan: [2730:I:wifipos] wifi_pos_get_ch_info: 461: num channels: 26
01-01 05:58:24.621 0 0 I [wpa_su][0xfe4d5158][16:54:46.816101] wlan: [2842:I:SME] vdev-0: Connecting to “邹涛”的 iPhone 46:6c:7d:90:f2:3f rssi: -36 freq: 5745 akm 3 cipher: uc 6 mc 6, CC:
01-01 05:58:24.638 0 0 E [wpa_su][0xfe527021][16:54:46.833579] wlan: [2842:E:QDF] qdf_mem_malloc_debug: 1206: Cannot malloc 0 bytes @ csr_get_cfg_max_tx_power:14199
01-01 05:58:24.640 0 0 D : mv2112_read_status
01-01 05:58:24.656 0 0 D mv2112_update_link: 3.0x901(1G): 0x4
01-01 05:58:24.661 0 0 D mv2112_update_link: 3.0x8109(100M): 0x8
01-01 05:58:24.664 0 0 I [schedu][0xfe59fcd6][16:54:46.859349] wlan: [2366:I:WMI] send_vdev_start_cmd_tlv: 1062: send_vdev_start_cmd_tlv: vdev_id 0 freq 5745 chanmode 18 ch_info: 0x12 is_dfs 0 beacon interval 100 dtim 0 center_chan 5775 center_freq2 0 reg_info_1: 0x180000 reg_info_2: 0x1800, req->max_txpow: 0x18 Tx SS 1, Rx SS 1, ldpc_rx: 0, cac 0, regd 4, HE ops: 0req->dis_hw_ack: 0
01-01 05:58:24.666 0 0 D mv2112_update_link: link 0x4
01-01 05:58:24.666 0 0 D mv2112_read_status: autoneg is disabled
08-16 16:54:46.954 1142 1758 W OverlayManager: service 'idmap' died
01-01 05:58:24.750 0 0 I [soft_i][0xfe731ed1][16:54:46.945134] wlan: [0:I:TXRX] HTT_T2H_MSG_TYPE_PEER_MAP msg for peer id 11 vdev id 0 n
