01-01 05:58:24.761 0 0 E [soft_i][0xfe768318][16:54:46.956711] wlan: [0:E:DP] dp_peer_find_add_id: peer ffffffed87aa0000 ID 11 vid 0 mac 46:6c:7d:90:f2:3f
01-01 05:58:24.774 0 0 I [soft_i][0xfe7a555b][16:54:46.969754] wlan: [0:I:DP] dp_peer_find_add_id: ref_cnt: 2
01-01 05:58:24.783 0 0 E [soft_i][0xfe7cfb24][16:54:46.978791] wlan: [0:E:DP] dp_peer_map_ast: peer ffffffed87aa0000 ID 103 vid 0 mac 46:6c:7d:90:f2:3f
01-01 05:58:24.866 0 0 I perf : interrupt took too long (4011 > 4008), lowering kernel.perf_event_max_sample_rate to 49750
01-01 05:58:24.932 0 0 I [schedu][0xfea87821][16:54:47.127232] wlan: [2366:I:PE] Auth TX: success
08-16 16:54:47.210 1299 1299 E wificond: NL80211_CMD_TRIGGER_SCAN failed: Device or resource busy
01-01 05:58:25.000 0 0 E [wifico][0xfebc5045][16:54:47.194968] wlan: [1299:E:HDD] __wlan_hdd_cfg80211_scan: 572: Scan not allowed. scan_ebusy_cnt: 1 Session 0 Reason 1
01-01 05:58:25.064 0 0 I [schedu][0xfecf27e8][16:54:47.259283] wlan: [2366:I:PE] Auth RX: vdev 0 sys role 3 lim_state 29 from 46:6c:7d:90:f2:3f rssi -40 auth_alg 3 seq 2009
01-01 05:58:25.079 0 0 I [schedu][0xfed3b15c][16:54:47.274768] wlan: [2366:I:PE] SAE Auth RX type 0 subtype 11 from 46:6c:7d:90:f2:3f
01-01 05:58:25.097 0 0 E [schedu][0xfed8e3b4][16:54:47.292506] wlan: [2366:E:PE] lim_process_mlm_auth_cnf: 558: Auth Failure occurred
01-01 05:58:25.108 0 0 I [schedu][0xfedc3088][16:54:47.303770] wlan: [2366:I:PE] Deauth TX: vdev 0 seq_num 2057 reason 1 waitForAck 0 to 46:6c:7d:90:f2:3f from 16:f3:c9:c9:61:d2
01-01 05:58:25.140 0 0 W [schedu][0xfee57001][16:54:47.335336] wlan: [2366:W:SME] csr_roam_join_rsp_processor: 9876: SmeJoinReq failed with status_code= 0x00000201 [513] reason:1
01-01 05:58:25.155 0 0 W [schedu][0xfee9fd7e][16:54:47.350876] wlan: [2366:W:HDD] hdd_get_rssi_snr_by_bssid: 17749: sme_get_rssi_snr_by_bssid failed
01-01 05:58:25.168 0 0 E [schedu][0xfeeda9ac][16:54:47.363412] wlan: [2366:E:HDD] hdd_association_completion_handler: 3712: wlan0(vdevid-0): connection failed with 46:6c:7d:90:f2:3f result: 3 and Status: 7
01-01 05:58:25.186 0 0 W [schedu][0xfef2e408][16:54:47.381256] wlan: [2366:W:HDD] hdd_get_rssi_snr_by_bssid: 17749: sme_get_rssi_snr_by_bssid failed
08-16 16:54:47.389 2360 2360 D TelephonyNetworkFactory[0]: onReleaseNetworkFor NetworkRequest [ REQUEST id=63, [ Capabilities: INTERNET&NOT_RESTRICTED&TRUSTED&NOT_VCN_MANAGED Uid: 1000 RequestorUid: 1000 RequestorPkg: com.android.settings] ] applied false
01-01 05:58:25.198 0 0 E [schedu][0xfef68f3b][16:54:47.393779] wlan: [2366:E:HDD] hdd_association_completion_handler: 3712: wlan0(vdevid-0): connection failed with 46:6c:7d:90:f2:3f result: 1 and Status: 9
08-16 16:54:47.398 2360 2360 D TelephonyNetworkFactory[1]: onReleaseNetworkFor NetworkRequest [ REQUEST id=63, [ Capabilities: INTERNET&NOT_RESTRICTED&TRUSTED&NOT_VCN_MANAGED Uid: 1000 RequestorUid: 1000 RequestorPkg: com.android.settings] ] applied false
01-01 05:58:25.216 0 0 E [schedu][0xfefbb6e4][16:54:47.411374] wlan: [2366:E:HDD] hdd_association_completion_handler: 3784: send connect failure to nl80211: for bssid 46:6c:7d:90:f2:3f result: 1 and Status: 9 reasoncode: 1
08-16 16:54:47.468 1142 1142 D CompatibilityChangeReporter: Compat change id reported: 171306433; UID 1000; state: ENABLED
08-16 16:54:47.478 2360 2399 D SubscriptionController: [getSlotIndex]- subId invalid
01-01 05:58:25.316 0 0 I [schedu][0xff1909e1][16:54:47.511468] wlan: [2366:I:HIF] Deinitializing Runtime PM wakelock &vdev->vdev_set_key_runtime_wakelock
01-01 05:58:25.329 0 0 I logd : logdr: UID=1000 GID=1000 PID=5757 n tail=127 logMask=19 pid=0 start=0ns deadline=0ns
01-01 05:58:25.332 0 0 I [schedu][0xff1db054][16:54:47.527341] wlan: [2366:I:HIF] Initializing Runtime PM wakelock &vdev->vdev_set_key_runtime_wakelock
08-16 16:54:47.611 952 952 D android.hardware.wifi@1.0-service: Successfully SetMacAddress.
01-01 05:58:25.416 0 0 I [wifi@1][0xff366518][16:54:47.611671] wlan: [952:I:DP] dp_vdev_attach_wifi3: wlan_cfg_ap_bridge_enabled 0
01-01 05:58:25.456 0 0 E [wifi@1][0xff42231c][16:54:47.651751] wlan: [2730:E:wifipos] wifi_pos_process_app_reg_req: 608: Received App Req Req pid(-360709192), len(16)
08-16 16:54:47.673 1142 1142 W NotificationHistory: Attempted to add notif for locked/gone/disabled user 0
01-01 05:58:25.476 0 0 I [wifi@1][0xff48092d][16:54:47.671885] wlan: [2730:I:wifipos] wifi_pos_get_ch_info: 461: num channels: 26
01-01 05:58:25.484 0 0 I logd : logdr: UID=1000 GID=1000 PID=5761 n tail=127 logMask=80 pid=0 start=0ns deadline=0ns
01-01 05:58:25.489 0 0 I [wifi@1][0xff4b96cb][16:54:47.684013] wlan: [2730:I:wifipos] wifi_pos_get_ch_info: 461: num channels: 26
01-01 05:58:25.616 0 0 I [schedu][0xff70fcbc][16:54:47.811667] wlan: [2366:I:OSIF] scan start scan id 40968
01-01 05:58:25.664 0 0 D : mv2112_read_status
01-01 05:58:25.668 0 0 D mv2112_update_link: 3.0x901(1G): 0x4
01-01 05:58:25.675 0 0 D mv2112_update_link: 3.0x8109(100M): 0x8
01-01 05:58:25.681 0 0 D mv2112_update_link: link 0x4
01-01 05:58:25.686 0 0 D mv2112_read_status: autoneg is disabled
01-01 05:58:26.611 0 0 I [schedu][0x100947dda][16:54:48.806668] wlan: [2366:I:OSIF] vdev 0, scan id 40968 type COMPLETED(1) reason COMPLETED(1) scan found 43 bss
01-01 05:58:26.688 0 0 D : mv2112_read_status
01-01 05:58:26.692 0 0 D mv2112_update_link: 3.0x901(1G): 0x4
01-01 05:58:26.697 0 0 D mv2112_update_link: 3.0x8109(100M): 0x8
01-01 05:58:26.702 0 0 D mv2112_update_link: link 0x4
01-01 05:58:26.706 0 0 D mv2112_read_status: autoneg is disabled
01-01 05:58:26.715 0 0 I [schedu][0x100b2c933][16:54:48.910073] wlan: [2366:I:OSIF] scan start scan id 40969
08-16 16:54:49.149 1142 1142 W NotificationHistory: Attempted to add notif for locked/gone/disabled user 0
01-01 05:58:27.197 0 0 I init : starting service 'vendor.light-hal-2-0'...
01-01 05:58:27.246 0 0 I init : starting service 'qvrd_vndr'...
01-01 05:58:27.255 0 0 I init : Created socket '/dev/socket/qvrservice_vndr', mode 660, user 1000, group 1000
01-01 05:58:27.267 0 0 I init : Created socket '/dev/socket/qvrservice_vndr_camera', mode 660, user 1000, group 1000
01-01 05:58:27.304 0 0 I init : starting service 'sxrd'...
01-01 05:58:27.327 0 0 I init : Service 'vendor.light-hal-2-0' (pid 5840) exited with status 0
01-01 05:58:27.335 0 0 I init : Sending signal 9 to service 'vendor.light-hal-2-0' (pid 5840) process group...
08-16 16:54:49.542 5841 5841 F linker : CANNOT LINK EXECUTABLE "/vendor/bin/hw/qvrservice": library "vendor.qti.hardware.qxr-V1-ndk_platform.so" not found: needed by /vendor/lib64/libqvrservice.so in namespace (default)
08-16 16:54:49.546 5842 5842 F linker : CANNOT LINK EXECUTABLE "/vendor/bin/hw/sxrservice": library "vendor.qti.hardware.qxr-V1-ndk_platform.so" not found: needed by main executable
01-01 05:58:27.345 0 0 I libprocessgroup: Successfully killed process cgroup uid 1000 pid 5840 in 0ms
01-01 05:58:27.354 0 0 I init : Service 'qvrd_vndr' (pid 5841) exited with status 1
01-01 05:58:27.361 0 0 I init : Sending signal 9 to service 'qvrd_vndr' (pid 5841) process group...
01-01 05:58:27.709 0 0 I [schedu][0x101d63e2a][16:54:49.904914] wlan: [2366:I:OSIF] vdev 0, scan id 40969 type COMPLETED(1) reason COMPLETED(1) scan found 36 bss
01-01 05:58:27.712 0 0 D : mv2112_read_status
01-01 05:58:27.727 0 0 D mv2112_update_link: 3.0x901(1G): 0x4
01-01 05:58:27.732 0 0 D mv2112_update_link: 3.0x8109(100M): 0x8
01-01 05:58:27.737 0 0 D mv2112_update_link: link 0x4
01-01 05:58:27.741 0 0 D mv2112_read_status: autoneg is disabled
08-16 16:54:50.451 1142 2883 E TaskPersister: File error accessing recents directory (directory doesn't exist?).
01-01 05:58:28.456 0 0 E [cnss_d][0x102b103ce][16:54:50.651656] wlan: [1273:E:QDF] pktlog_clearbuff: 955: pktlog_clearbuff: pktlog buff is NULL
01-01 05:58:28.768 0 0 D : mv2112_read_status
01-01 05:58:28.772 0 0 D mv2112_update_link: 3.0x901(1G): 0x4
01-01 05:58:28.777 0 0 D mv2112_update_link: 3.0x8109(100M): 0x8
01-01 05:58:28.782 0 0 D mv2112_update_link: link 0x4
01-01 05:58:28.786 0 0 D mv2112_read_status: autoneg is disabled
01-01 05:58:29.793 0 0 D : mv2112_read_status
01-01 05:58:29.799 0 0 D mv2112_update_link: 3.0x901(1G): 0x4
01-01 05:58:29.804 0 0 D mv2112_update_link: 3.0x8109(100M): 0x8
01-01 05:58:29.809 0 0 D mv2112_update_link: link 0x4
01-01 05:58:29.816 0 0 D mv2112_read_status: autoneg is disabled
01-01 05:58:30.849 0 0 D : mv2112_read_status
01-01 05:58:30.853 0 0 D mv2112_update_link: 3.0x901(1G): 0x4
01-01 05:58:30.858 0 0 D mv2112_update_link: 3.0x8109(100M): 0x8
01-01 05:58:30.863 0 0 D mv2112_update_link: link 0x4
01-01 05:58:30.867 0 0 D mv2112_read_status: autoneg is disabled
01-01 05:58:31.500 0 0 I afe_close: port_id = 0x400e
01-01 05:58:31.512 0 0 I btfm_slim_disable_ch: port:16, grp: 0, ch->grph:0x0, ch->ch_hdl:0x1d
01-01 05:58:31.872 0 0 D : mv2112_read_status
01-01 05:58:31.876 0 0 D mv2112_update_link: 3.0x901(1G): 0x4
01-01 05:58:31.881 0 0 D mv2112_update_link: 3.0x8109(100M): 0x8
01-01 05:58:31.886 0 0 D mv2112_update_link: link 0x4
01-01 05:58:31.890 0 0 D mv2112_read_status: autoneg is disabled
01-01 05:58:32.224 0 0 I init : starting service 'vendor.light-hal-2-0'...
01-01 05:58:32.299 0 0 I init : starting service 'qvrd_vndr'...
01-01 05:58:32.305 0 0 I init : Created socket '/dev/socket/qvrservice_vndr', mode 660, user 1000, group 1000
01-01 05:58:32.315 0 0 I init : Created socket '/dev/socket/qvrservice_vndr_camera', mode 660, user 1000, group 1000
01-01 05:58:32.336 0 0 I init : starting service 'sxrd'...
01-01 05:58:32.352 0 0 I init : Service 'vendor.light-hal-2-0' (pid 5903) exited with status 0
01-01 05:58:32.359 0 0 I init : Sending signal 9 to service 'vendor.light-hal-2-0' (pid 5903) process group...
01-01 05:58:32.369 0 0 I libprocessgroup: Successfully killed process cgroup uid 1000 pid 5903 in 0ms
08-16 16:54:54.578 5905 5905 F linker : CANNOT LINK EXECUTABLE "/vendor/bin/hw/sxrservice": library "vendor.qti.hardware.qxr-V1-ndk_platform.so" not found: needed by main executable
08-16 16:54:54.582 5904 5904 F linker : CANNOT LINK EXECUTABLE "/vendor/bin/hw/qvrservice": library "vendor.qti.hardware.qxr-V1-ndk_platform.so" not found: needed by /vendor/lib64/libqvrservice.so in namespace (default)
01-01 05:58:32.384 0 0 I init : Service 'sxrd' (pid 5905) exited with status 1
01-01 05:58:32.391 0 0 I init : Sending signal 9 to service 'sxrd' (pid 5905) process group...
01-01 05:58:32.897 0 0 D : mv2112_read_status
01-01 05:58:32.901 0 0 D mv2112_update_link: 3.0x901(1G): 0x4
01-01 05:58:32.906 0 0 D mv2112_update_link: 3.0x8109(100M): 0x8
01-01 05:58:32.911 0 0 D mv2112_update_link: link 0x4
01-01 05:58:32.915 0 0 D mv2112_read_status: autoneg is disabled
01-01 05:58:33.921 0 0 D : mv2112_read_status
01-01 05:58:33.925 0 0 D mv2112_update_link: 3.0x901(1G): 0x4
01-01 05:58:33.930 0 0 D mv2112_update_link: 3.0x8109(100M): 0x8
01-01 05:58:33.935 0 0 D mv2112_update_link: link 0x4
01-01 05:58:33.939 0 0 D mv2112_read_status: autoneg is disabled
08-16 16:54:56.974 1142 2775 I ActivityTaskManager: START u0 {act=android.intent.action.MAIN cmp=com.android.settings/.SubSettings (has extras)} from uid 1000
08-16 16:54:57.009 1142 1984 I ActivityTaskManager: The Process com.android.settings Already Exists in BG. So sending its PID: 2407
08-16 16:54:57.010 1142 1984 W ActivityTaskManager: Tried to set launchTime (0) < mLastActivityLaunchTime (198616)
01-01 05:58:34.924 0 0 I btfm_slim_hw_init: PGD Enum Addr: 00:01:20:02:17: 02
01-01 05:58:34.931 0 0 I btfm_slim_hw_init: IFD Enum Addr: 00:00:20:02:17: 02
01-01 05:58:34.937 0 0 I btfm_slim_hw_init: chipset soc version:400a0200
08-16 16:54:57.125 2360 2360 D TelephonyNetworkFactory[1]: got request NetworkRequest [ REQUEST id=69, [ Capabilities: INTERNET&NOT_RESTRICTED&TRUSTED&NOT_VCN_MANAGED Uid: 1000 RequestorUid: 1000 RequestorPkg: com.android.settings] ]
08-16 16:54:57.125 2360 2360 D TelephonyNetworkFactory[1]: onNeedNetworkFor NetworkRequest [ REQUEST id=69, [ Capabilities: INTERNET&NOT_RESTRICTED&TRUSTED&NOT_VCN_MANAGED Uid: 1000 RequestorUid: 1000 RequestorPkg: com.android.settings] ] shouldApply false
08-16 16:54:57.128 1142 1171 D PackageManager: Instant App installer not found with android.intent.action.INSTALL_INSTANT_APP_PACKAGE
08-16 16:54:57.128 1142 1171 D PackageManager: Clear ephemeral installer activity
08-16 16:54:57.138 2360 2360 D TelephonyNetworkFactory[0]: got request NetworkRequest [ REQUEST id=69, [ Capabilities: INTERNET&NOT_RESTRICTED&TRUSTED&NOT_VCN_MANAGED Uid: 1000 RequestorUid: 1000 RequestorPkg: com.android.settings] ]
08-16 16:54:57.138 2360 2360 D TelephonyNetworkFactory[0]: onNeedNetworkFor NetworkRequest [ REQUEST id=69, [ Capabilities: INTERNET&NOT_RESTRICTED&TRUSTED&NOT_VCN_MANAGED Uid: 1000 RequestorUid: 1000 RequestorPkg: com.android.settings] ] shouldApply false
01-01 05:58:34.943 0 0 I btfm_slim_hw_init: chipset is hastings 2.0, overwriting EA
01-01 05:58:34.950 0 0 D : mv2112_read_status
01-01 05:58:34.950 0 0 D mv2112_update_link: 3.0x901(1G): 0x4
01-01 05:58:34.953 0 0 I btfm_slim_hw_init: PGD Enum Addr: 00:01:20:02:17: 02
01-01 05:58:34.953 0 0 I btfm_slim_hw_init: IFD Enum Addr: 00:00:20:02:17: 02
01-01 05:58:34.958 0 0 D mv2112_update_link: 3.0x8109(100M): 0x8
01-01 05:58:34.964 0 0 I btfm_slim_alloc_port: chipset soc version:400a0200
08-16 16:54:57.162 1142 2084 D PackageManager: Instant App installer not found with android.intent.action.INSTALL_INSTANT_APP_PACKAGE
08-16 16:54:57.162 1142 2084 D PackageManager: Clear ephemeral installer activity
01-01 05:58:34.971 0 0 D mv2112_update_link: link 0x4
01-01 05:58:34.985 0 0 I btfm_slim_enable_ch: chipset soc version:400a0200
01-01 05:58:34.985 0 0 I btfm_slim_enable_ch: channel define - prot:2, dataf:0, auxf:0
01-01 05:58:34.991 0 0 D mv2112_read_status: autoneg is disabled
01-01 05:58:35.004 0 0 I btfm_slim_enable_ch: channel define - rates:44100, baser:2, ratem:4
01-01 05:58:35.011 0 0 I btfm_slim_enable_ch: slim_connect_sink(port: 16, ch: 157)
01-01 05:58:35.019 0 0 I btfm_slim_enable_ch: port: 16, ch: 157, grp: 0, ch->grph: 0x0, ch_hdl: 0x1d
01-01 05:58:35.028 0 0 I __afe_port_start: port id: 0x400e
01-01 05:58:35.032 0 0 I afe_find_cal_topo_id_by_port: port id: 0x400e, dev_acdb_id: 20
01-01 05:58:35.040 0 0 I afe_find_cal_topo_id_by_port: top_id:112fc acdb_id:20 afe_port_id:0x400e
01-01 05:58:35.048 0 0 I afe_get_cal_topology_id: port_id = 0x400e acdb_id = 20 topology_id = 0x112fc cal_type_index=8 ret=0
01-01 05:58:35.059 0 0 I afe_send_port_topology_id: AFE set topology id 0x112fc enable for port 0x400e ret 0
01-01 05:58:35.064 0 0 I [schedu][0x10a40cba7][16:54:57.259119] wlan: [2366:I:OSIF] scan start scan id 40970
01-01 05:58:35.068 0 0 I send_afe_cal_type: cal_index is 0
01-01 05:58:35.081 0 0 I send_afe_cal_type: dev_acdb_id[119] is 20
01-01 05:58:35.087 0 0 I afe_find_cal: cal_index 0 port_id 0x400e port_index 119
01-01 05:58:35.093 0 0 I afe_find_cal: acdb_id 20 dev_acdb_id 20 sample_rate 48000 afe_sample_rates 44100
01-01 05:58:35.102 0 0 I afe_find_cal: no matching cal_block found
01-01 05:58:35.107 0 0 E : send_afe_cal_type cal_block not found!!
01-01 05:58:35.113 0 0 I afe_send_hw_delay: port_id 0x400e rate 44100 delay_usec 0 status 0
08-16 16:54:57.601 2360 2360 D TelephonyNetworkFactory[0]: onReleaseNetworkFor NetworkRequest [ REQUEST id=66, [ Capabilities: INTERNET&NOT_RESTRICTED&TRUSTED&NOT_VCN_MANAGED Uid: 1000 RequestorUid: 1000 RequestorPkg: com.android.settings] ] applied false
08-16 16:54:57.602 2360 2360 D TelephonyNetworkFactory[1]: onReleaseNetworkFor NetworkRequest [ REQUEST id=66, [ Capabilities: INTERNET&NOT_RESTRICTED&TRUSTED&NOT_VCN_MANAGED Uid: 1000 RequestorUid: 1000 RequestorPkg: com.android.settings] ] applied false
08-16 16:54:58.138 1142 1218 D CompanionDeviceManagerService: onPackageModified(packageName = com.android.settings)
08-16 16:54:58.146 1142 1142 I Telecom : DefaultDialerCache: Refreshing default dialer for user 0: now org.codeaurora.dialer: DDC.oR@ADM
08-16 16:54:58.185 1142 1233 W VoiceInteractionManager: no available voice recognition services found for user 0
01-01 05:58:35.995 0 0 I binder : 5914:5914 ioctl 40046210 7fc668b9c4 returned -22
01-01 05:58:36.004 0 0 D : mv2112_read_status
01-01 05:58:36.008 0 0 D mv2112_update_link: 3.0x901(1G): 0x4
01-01 05:58:36.017 0 0 D mv2112_update_link: 3.0x8109(100M): 0x8
01-01 05:58:36.022 0 0 D mv2112_update_link: link 0x4
01-01 05:58:36.026 0 0 D mv2112_read_status: autoneg is disabled
01-01 05:58:36.046 0 0 I [schedu][0x10b60aa77][16:54:58.241717] wlan: [2366:I:OSIF] vdev 0, scan id 40970 type COMPLETED(1) reason COMPLETED(1) scan found 32 bss
01-01 05:58:36.900 0 0 I cnss-daemon: Invalid mac address
01-01 05:58:36.911 0 0 I cnss-daemon: failed to update gateway
01-01 05:58:37.057 0 0 D : mv2112_read_status
01-01 05:58:37.061 0 0 D mv2112_update_link: 3.0x901(1G): 0x4
01-01 05:58:37.066 0 0 D mv2112_update_link: 3.0x8109(100M): 0x8
01-01 05:58:37.071 0 0 D mv2112_update_link: link 0x4
01-01 05:58:37.075 0 0 D mv2112_read_status: autoneg is disabled
01-01 05:58:37.240 0 0 I init : starting service 'vendor.light-hal-2-0'...
01-01 05:58:37.332 0 0 I init : starting service 'qvrd_vndr'...
01-01 05:58:37.342 0 0 I init : Created socket '/dev/socket/qvrservice_vndr', mode 660, user 1000, group 1000
01-01 05:58:37.357 0 0 I init : Created socket '/dev/socket/qvrservice_vndr_camera', mode 660, user 1000, group 1000
01-01 05:58:37.404 0 0 I init : starting service 'sxrd'...
08-16 16:54:59.620 5977 5977 F linker : CANNOT LINK EXECUTABLE "/vendor/bin/hw/qvrservice": library "vendor.qti.hardware.qxr-V1-ndk_platform.so" not found: needed by /vendor/lib64/libqvrservice.so in namespace (default)
01-01 05:58:37.426 0 0 I init : Service 'vendor.light-hal-2-0' (pid 5976) exited with status 0
01-01 05:58:37.434 0 0 I init : Sending signal 9 to service 'vendor.light-hal-2-0' (pid 5976) process group...
01-01 05:58:37.443 0 0 I libprocessgroup: Successfully killed process cgroup uid 1000 pid 5976 in 0ms
01-01 05:58:37.455 0 0 I init : Service 'qvrd_vndr' (pid 5977) exited with status 1
01-01 05:58:37.462 0 0 I init : Sending signal 9 to service 'qvrd_vndr' (pid 5977) process group...
08-16 16:54:59.673 5978 5978 F linker : CANNOT LINK EXECUTABLE "/vendor/bin/hw/sxrservice": library "vendor.qti.hardware.qxr-V1-ndk_platform.so" not found: needed by main executable
08-16 16:55:00.018 1142 2883 E TaskPersister: File error accessing recents directory (directory doesn't exist?).
01-01 05:58:38.081 0 0 D : mv2112_read_status
01-01 05:58:38.085 0 0 D mv2112_update_link: 3.0x901(1G): 0x4
01-01 05:58:38.090 0 0 D mv2112_update_link: 3.0x8109(100M): 0x8
01-01 05:58:38.095 0 0 D mv2112_update_link: link 0x4
01-01 05:58:38.099 0 0 D mv2112_read_status: autoneg is disabled
01-01 05:58:38.578 0 0 I afe_close: port_id = 0x400e
01-01 05:58:38.590 0 0 I btfm_slim_disable_ch: port:16, grp: 0, ch->grph:0x0, ch->ch_hdl:0x1d
01-01 05:58:39.105 0 0 D : mv2112_read_status
01-01 05:58:39.109 0 0 D mv2112_update_link: 3.0x901(1G): 0x4
01-01 05:58:39.114 0 0 D mv2112_update_link: 3.0x8109(100M): 0x8
01-01 05:58:39.119 0 0 D mv2112_update_link: link 0x4
01-01 05:58:39.123 0 0 D mv2112_read_status: autoneg is disabled
01-01 05:58:39.888 0 0 I btfm_slim_hw_init: PGD Enum Addr: 00:01:20:02:17: 02
01-01 05:58:39.894 0 0 I btfm_slim_hw_init: IFD Enum Addr: 00:00:20:02:17: 02
01-01 05:58:39.901 0 0 I btfm_slim_hw_init: chipset soc version:400a0200
01-01 05:58:39.906 0 0 I btfm_slim_hw_init: chipset is hastings 2.0, overwriting EA
01-01 05:58:39.913 0 0 I btfm_slim_hw_init: PGD Enum Addr: 00:01:20:02:17: 02
01-01 05:58:39.919 0 0 I btfm_slim_hw_init: IFD Enum Addr: 00:00:20:02:17: 02
01-01 05:58:39.926 0 0 I btfm_slim_alloc_port: chipset soc version:400a0200
01-01 05:58:39.944 0 0 I btfm_slim_enable_ch: chipset soc version:400a0200
01-01 05:58:39.950 0 0 I btfm_slim_enable_ch: channel define - prot:2, dataf:0, auxf:0
01-01 05:58:39.957 0 0 I btfm_slim_enable_ch: channel define - rates:44100, baser:2, ratem:4
01-01 05:58:39.965 0 0 I btfm_slim_enable_ch: slim_connect_sink(port: 16, ch: 157)
01-01 05:58:39.972 0 0 I btfm_slim_enable_ch: port: 16, ch: 157, grp: 0, ch->grph: 0x0, ch_hdl: 0x1d
01-01 05:58:39.981 0 0 I __afe_port_start: port id: 0x400e
01-01 05:58:39.986 0 0 I afe_find_cal_topo_id_by_port: port id: 0x400e, dev_acdb_id: 20
01-01 05:58:39.993 0 0 I afe_find_cal_topo_id_by_port: top_id:112fc acdb_id:20 afe_port_id:0x400e
01-01 05:58:40.001 0 0 I afe_get_cal_topology_id: port_id = 0x400e acdb_id = 20 topology_id = 0x112fc cal_type_index=8 ret=0
01-01 05:58:40.012 0 0 I afe_send_port_topology_id: AFE set topology id 0x112fc enable for port 0x400e ret 0
01-01 05:58:40.021 0 0 I send_afe_cal_type: cal_index is 0
01-01 05:58:40.025 0 0 I send_afe_cal_type: dev_acdb_id[119] is 20
01-01 05:58:40.031 0 0 I afe_find_cal: cal_index 0 port_id 0x400e port_index 119
01-01 05:58:40.037 0 0 I afe_find_cal: acdb_id 20 dev_acdb_id 20 sample_rate 48000 afe_sample_rates 44100
01-01 05:58:40.046 0 0 I afe_find_cal: no matching cal_block found
01-01 05:58:40.051 0 0 E : send_afe_cal_type cal_block not found!!
01-01 05:58:40.057 0 0 I afe_send_hw_delay: port_id 0x400e rate 44100 delay_usec 0 status 0
01-01 05:58:40.129 0 0 D : mv2112_read_status
01-01 05:58:40.133 0 0 D mv2112_update_link: 3.0x901(1G): 0x4
01-01 05:58:40.138 0 0 D mv2112_update_link: 3.0x8109(100M): 0x8
01-01 05:58:40.143 0 0 D mv2112_update_link: link 0x4
01-01 05:58:40.147 0 0 D mv2112_read_status: autoneg is disabled
01-01 05:58:41.152 0 0 D : mv2112_read_status
01-01 05:58:41.156 0 0 D mv2112_update_link: 3.0x901(1G): 0x4
01-01 05:58:41.161 0 0 D mv2112_update_link: 3.0x8109(100M): 0x8
01-01 05:58:41.166 0 0 D mv2112_update_link: link 0x4
01-01 05:58:41.170 0 0 D mv2112_read_status: autoneg is disabled
01-01 05:58:42.177 0 0 D : mv2112_read_status
01-01 05:58:42.181 0 0 D mv2112_update_link: 3.0x901(1G): 0x4
01-01 05:58:42.186 0 0 D mv2112_update_link: 3.0x8109(100M): 0x8
01-01 05:58:42.191 0 0 D mv2112_update_link: link 0x4
01-01 05:58:42.195 0 0 D mv2112_read_status: autoneg is disabled
01-01 05:58:42.286 0 0 I init : starting service 'vendor.light-hal-2-0'...
01-01 05:58:42.388 0 0 I init : Service 'vendor.light-hal-2-0' (pid 6049) exited with status 0
01-01 05:58:42.396 0 0 I init : Sending signal 9 to service 'vendor.light-hal-2-0' (pid 6049) process group...
01-01 05:58:42.405 0 0 I libprocessgroup: Successfully killed process cgroup uid 1000 pid 6049 in 0ms
01-01 05:58:42.416 0 0 I init : starting service 'qvrd_vndr'...
01-01 05:58:42.421 0 0 I init : Created socket '/dev/socket/qvrservice_vndr', mode 660, user 1000, group 1000
01-01 05:58:42.431 0 0 I init : Created socket '/dev/socket/qvrservice_vndr_camera', mode 660, user 1000, group 1000
01-01 05:58:42.452 0 0 I init : starting service 'sxrd'...
08-16 16:55:04.679 6053 6053 F linker : CANNOT LINK EXECUTABLE "/vendor/bin/hw/qvrservice": library "vendor.qti.hardware.qxr-V1-ndk_platform.so" not found: needed by /vendor/lib64/libqvrservice.so in namespace (default)
01-01 05:58:42.486 0 0 I init : Service 'qvrd_vndr' (pid 6053) exited with status 1
01-01 05:58:42.493 0 0 I init : Sending signal 9 to service 'qvrd_vndr' (pid 6053) process group...
08-16 16:55:04.697 6054 6054 F linker : CANNOT LINK EXECUTABLE "/vendor/bin/hw/sxrservice": library "vendor.qti.hardware.qxr-V1-ndk_platform.so" not found: needed by main executable
01-01 05:58:43.201 0 0 D : mv2112_read_status
01-01 05:58:43.205 0 0 D mv2112_update_link: 3.0x901(1G): 0x4
01-01 05:58:43.210 0 0 D mv2112_update_link: 3.0x8109(100M): 0x8
01-01 05:58:43.217 0 0 D mv2112_update_link: link 0x4
01-01 05:58:43.221 0 0 D mv2112_read_status: autoneg is disabled
01-01 05:58:44.225 0 0 D : mv2112_read_status
01-01 05:58:44.229 0 0 D mv2112_update_link: 3.0x901(1G): 0x4
01-01 05:58:44.234 0 0 D mv2112_update_link: 3.0x8109(100M): 0x8
01-01 05:58:44.239 0 0 D mv2112_update_link: link 0x4
01-01 05:58:44.243 0 0 D mv2112_read_status: autoneg is disabled
01-01 05:58:45.077 0 0 I [schedu][0x115b67386][16:55:07.272664] wlan: [2366:I:OSIF] scan start scan id 40971
01-01 05:58:45.248 0 0 D : mv2112_read_status
01-01 05:58:45.252 0 0 D mv2112_update_link: 3.0x901(1G): 0x4
01-01 05:58:45.257 0 0 D mv2112_update_link: 3.0x8109(100M): 0x8
01-01 05:58:45.263 0 0 D mv2112_update_link: link 0x4
01-01 05:58:45.267 0 0 D mv2112_read_status: autoneg is disabled
08-16 16:55:08.221 1142 1171 W OverlayManager: service 'idmap' died
01-01 05:58:46.039 0 0 I [schedu][0x116d03e76][16:55:08.234517] wlan: [2366:I:OSIF] vdev 0, scan id 40971 type COMPLETED(1) reason COMPLETED(1) scan found 34 bss
01-01 05:58:46.273 0 0 D : mv2112_read_status
01-01 05:58:46.277 0 0 D mv2112_update_link: 3.0x901(1G): 0x4
01-01 05:58:46.282 0 0 D mv2112_update_link: 3.0x8109(100M): 0x8
01-01 05:58:46.287 0 0 D mv2112_update_link: link 0x4
01-01 05:58:46.291 0 0 D mv2112_read_status: autoneg is disabled
08-16 16:55:08.529 2360 2360 D TelephonyNetworkFactory[1]: got request NetworkRequest [ REQUEST id=72, [ Capabilities: INTERNET&NOT_RESTRICTED&TRUSTED&NOT_VCN_MANAGED Uid: 1000 RequestorUid: 1000 RequestorPkg: com.android.settings] ]
08-16 16:55:08.530 2360 2360 D TelephonyNetworkFactory[1]: onNeedNetworkFor NetworkRequest [ REQUEST id=72, [ Capabilities: INTERNET&NOT_RESTRICTED&TRUSTED&NOT_VCN_MANAGED Uid: 1000 RequestorUid: 1000 RequestorPkg: com.android.settings] ] shouldApply false
08-16 16:55:08.542 2360 2360 D TelephonyNetworkFactory[0]: got request NetworkRequest [ REQUEST id=72, [ Capabilities: INTERNET&NOT_RESTRICTED&TRUSTED&NOT_VCN_MANAGED Uid: 1000 RequestorUid: 1000 RequestorPkg: com.android.settings] ]
08-16 16:55:08.542 2360 2360 D TelephonyNetworkFactory[0]: onNeedNetworkFor NetworkRequest [ REQUEST id=72, [ Capabilities: INTERNET&NOT_RESTRICTED&TRUSTED&NOT_VCN_MANAGED Uid: 1000 RequestorUid: 1000 RequestorPkg: com.android.settings] ] shouldApply false
08-16 16:55:08.560 1142 1742 W ContextImpl: Calling a method in the system process without a qualified user: android.app.ContextImpl.sendBroadcastMultiplePermissions:1206 android.content.Context.sendBroadcastWithMultiplePermissions:2262 com.android.server.wifi.WifiServiceImpl.broadcastWifiCredentialChanged:4925 com.android.server.wifi.WifiServiceImpl.lambda$connect$106:4975 com.android.server.wifi.WifiServiceImpl.$r8$lambda$k_VbQ0XctrStvVsieclZczsvs-g:0
08-16 16:55:08.585 1142 1220 I DropBoxManagerService: add tag=system_app_strictmode isTagEnabled=true flags=0x2
01-01 05:58:46.439 0 0 I [schedu][0x117457a5c][16:55:08.634675] wlan: [2366:I:HIF] Deinitializing Runtime PM wakelock &vdev->vdev_set_key_runtime_wakelock
01-01 05:58:46.457 0 0 I [schedu][0x1174a8ede][16:55:08.652015] wlan: [2366:I:HIF] Initializing Runtime PM wakelock &vdev->vdev_set_key_runtime_wakelock
08-16 16:55:08.728 952 952 D android.hardware.wifi@1.0-service: Successfully SetMacAddress.
01-01 05:58:46.534 0 0 I [wifi@1][0x117612824][16:55:08.729151] wlan: [952:I:DP] dp_vdev_attach_wifi3: wlan_cfg_ap_bridge_enabled 0
08-16 16:55:08.749 1142 1142 D CompatibilityChangeReporter: Compat change id reported: 175319604; UID 10124; state: ENABLED
08-16 16:55:08.751 1142 1142 D CompatibilityChangeReporter: Compat change id reported: 175319604; UID 1000; state: ENABLED
08-16 16:55:08.752 1142 1142 D CompatibilityChangeReporter: Compat change id reported: 175319604; UID 1000; state: DISABLED
08-16 16:55:08.754 1142 1142 D CompatibilityChangeReporter: Compat change id reported: 175319604; UID 10153; state: DISABLED
08-16 16:55:08.759 1299 1299 W wificond: Scan is not started. Ignore abort request
01-01 05:58:46.588 0 0 E [wifi@1][0x117711e93][16:55:08.783638] wlan: [2730:E:wifipos] wifi_pos_process_app_reg_req: 608: Received App Req Req pid(-360709192), len(16)
01-01 05:58:46.608 0 0 I [wpa_su][0x11776f101][16:55:08.803509] wlan: [2842:I:SME] vdev-0: Connecting to “邹涛”的 iPhone 46:6c:7d:90:f2:3f rssi: -36 freq: 5745 akm 3 cipher: uc 6 mc 6, CC:
01-01 05:58:46.625 0 0 E [wpa_su][0x1177bf0c8][16:55:08.820573] wlan: [2842:E:QDF] qdf_mem_malloc_debug: 1206: Cannot malloc 0 bytes @ csr_get_cfg_max_tx_power:14199
01-01 05:58:46.641 0 0 I [schedu][0x117808132][16:55:08.836152] wlan: [2366:I:WMI] send_vdev_start_cmd_tlv: 1062: send_vdev_start_cmd_tlv: vdev_id 0 freq 5745 chanmode 18 ch_info: 0x12 is_dfs 0 beacon interval 100 dtim 0 center_chan 5775 center_freq2 0 reg_info_1: 0x180000 reg_info_2: 0x1800, req->max_txpow: 0x18 Tx SS 1, Rx SS 1, ldpc_rx: 0, cac 0, regd 4, HE ops: 0req->dis_hw_ack: 0
01-01 05:58:46.656 0 0 I [wifi@1][0x1178519f3][16:55:08.851842] wlan: [2730:I:wifipos] wifi_pos_get_ch_info: 461: num channels: 26
01-01 05:58:46.688 0 0 I [wifi@1][0x1178e69c0][16:55:08.883626] wlan: [2730:I:wifipos] wifi_pos_get_ch_info: 461: num channels: 26
01-01 05:58:46.701 0 0 E [wifico][0x117923d32][16:55:08.896685] wlan: [1299:E:HDD] __wlan_hdd_cfg80211_scan: 572: Scan not allowed. scan_ebusy_cnt: 2 Session 0 Reason 1
08-16 16:55:08.912 1299 1299 E wificond: NL80211_CMD_TRIGGER_SCAN failed: Device or resource busy
01-01 05:58:46.749 0 0 I [soft_i][0x117a01fb6][16:55:08.944079] wlan: [0:I:TXRX] HTT_T2H_MSG_TYPE_PEER_MAP msg for peer id 16 vdev id 0 n
01-01 05:58:46.760 0 0 E [soft_i][0x117a38b4b][16:55:08.955754] wlan: [0:E:DP] dp_peer_find_add_id: peer ffffffed87aa0000 ID 16 vid 0 mac 46:6c:7d:90:f2:3f
01-01 05:58:46.773 0 0 I [soft_i][0x117a7648e][16:55:08.968890] wlan: [0:I:DP] dp_peer_find_add_id: ref_cnt: 2
01-01 05:58:46.783 0 0 E [soft_i][0x117aa1171][16:55:08.978022] wlan: [0:E:DP] dp_peer_map_ast: peer ffffffed87aa0000 ID 103 vid 0 mac 46:6c:7d:90:f2:3f
01-01 05:58:46.863 0 0 I [schedu][0x117c1b251][16:55:09.058674] wlan: [2366:I:PE] Auth TX: success
08-16 16:55:09.245 2360 2360 D TelephonyNetworkFactory[0]: onReleaseNetworkFor NetworkRequest [ REQUEST id=69, [ Capabilities: INTERNET&NOT_RESTRICTED&TRUSTED&NOT_VCN_MANAGED Uid: 1000 RequestorUid: 1000 RequestorPkg: com.android.settings] ] applied false
08-16 16:55:09.245 2360 2360 D TelephonyNetworkFactory[1]: onReleaseNetworkFor NetworkRequest [ REQUEST id=69, [ Capabilities: INTERNET&NOT_RESTRICTED&TRUSTED&NOT_VCN_MANAGED Uid: 1000 RequestorUid: 1000 RequestorPkg: com.android.settings] ] applied false
01-01 05:58:47.296 0 0 D : mv2112_read_status
01-01 05:58:47.300 0 0 D mv2112_update_link: 3.0x901(1G): 0x4
01-01 05:58:47.305 0 0 D mv2112_update_link: 3.0x8109(100M): 0x8
01-01 05:58:47.308 0 0 I init : starting service 'vendor.light-hal-2-0'...
01-01 05:58:47.310 0 0 D mv2112_update_link: link 0x4
01-01 05:58:47.310 0 0 D mv2112_read_status: autoneg is disabled
01-01 05:58:47.400 0 0 I init : Service 'vendor.light-hal-2-0' (pid 6144) exited with status 0
01-01 05:58:47.408 0 0 I init : Sending signal 9 to service 'vendor.light-hal-2-0' (pid 6144) process group...
01-01 05:58:47.418 0 0 I libprocessgroup: Successfully killed process cgroup uid 1000 pid 6144 in 1ms
01-01 05:58:47.448 0 0 I init : starting service 'qvrd_vndr'...
01-01 05:58:47.456 0 0 I init : Created socket '/dev/socket/qvrservice_vndr', mode 660, user 1000, group 1000
01-01 05:58:47.468 0 0 I init : Created socket '/dev/socket/qvrservice_vndr_camera', mode 660, user 1000, group 1000
01-01 05:58:47.494 0 0 I init : starting service 'sxrd'...
08-16 16:55:09.737 6145 6145 F linker : CANNOT LINK EXECUTABLE "/vendor/bin/hw/qvrservice": library "vendor.qti.hardware.qxr-V1-ndk_platform.so" not found: needed by /vendor/lib64/libqvrservice.so in namespace (default)
08-16 16:55:09.743 6146 6146 F linker : CANNOT LINK EXECUTABLE "/vendor/bin/hw/sxrservice": library "vendor.qti.hardware.qxr-V1-ndk_platform.so" not found: needed by main executable
01-01 05:58:47.543 0 0 I init : Service 'qvrd_vndr' (pid 6145) exited with status 1
01-01 05:58:47.550 0 0 I init : Sending signal 9 to service 'qvrd_vndr' (pid 6145) process group...
01-01 05:58:47.879 0 0 I [schedu][0x118eb58cf][16:55:10.074655] wlan: [2366:I:PE] Auth TX: success
01-01 05:58:48.009 0 0 I [schedu][0x119117a6f][16:55:10.204811] wlan: [2366:I:PE] Auth RX: vdev 0 sys role 3 lim_state 29 from 46:6c:7d:90:f2:3f rssi -36 auth_alg 3 seq 2294
01-01 05:58:48.027 0 0 I [schedu][0x119168c5c][16:55:10.222116] wlan: [2366:I:PE] SAE Auth RX type 0 subtype 11 from 46:6c:7d:90:f2:3f
01-01 05:58:48.051 0 0 I [schedu][0x1191dbdd7][16:55:10.246669] wlan: [2366:I:PE] Assoc req TX: vdev 0 to 46:6c:7d:90:f2:3f seq num 2062
01-01 05:58:48.068 0 0 I [schedu][0x11922b4e8][16:55:10.263616] wlan: [2366:I:PE] Assoc req TX: success
01-01 05:58:48.078 0 0 I [schedu][0x119257fb1][16:55:10.273145] wlan: [2366:I:PE] Assoc rsp RX: subtype 0 vdev 0 sys role 3 lim state 10 rssi -35 from 46:6c:7d:90:f2:3f
01-01 05:58:48.104 0 0 E [schedu][0x1192d50cd][16:55:10.299827] wlan: [2366:E:QDF] qdf_mem_malloc_debug: 1206: Cannot malloc 0 bytes @ csr_get_cfg_max_tx_power:14199
01-01 05:58:48.119 0 0 E [schedu][0x1193182da][16:55:10.314147] wlan: [2366:E:QDF] qdf_mem_malloc_debug: 1206: Cannot malloc 0 bytes @ csr_get_cfg_max_tx_power:14199
01-01 05:58:48.134 0 0 E [soft_i][0x11935ff7e][16:55:10.329463] wlan: [0:E:DP] dp_tx_initialize_threshold: tx flow control threshold is set, pool size is 4096
01-01 05:58:48.148 0 0 I [schedu][0x1193a1c0f][16:55:10.343497] wlan: [2366:I:HDD] wlan0(vdevid-0): 16:f3:c9:c9:61:d2 connected to 46:6c:7d:90:f2:3f
01-01 05:58:48.167 0 0 I [dp_rx_][0x1193fb56b][16:55:10.362820] wlan: [2560:I:QDF] EAPOL-1 RX: SA:46:6c:7d:90:f2:3f DA:16:f3:c9:c9:61:d2
01-01 05:58:48.210 0 0 I [soft_i][0x1194c2d0c][16:55:10.405165] wlan: [0:I:QDF] EAPOL-2 TX: SA:16:f3:c9:c9:61:d2 DA:46:6c:7d:90:f2:3f msdu_id:0 status: succ
01-01 05:58:48.224 0 0 I [dp_rx_][0x11950566c][16:55:10.419370] wlan: [2560:I:QDF] EAPOL-3 RX: SA:46:6c:7d:90:f2:3f DA:16:f3:c9:c9:61:d2
01-01 05:58:48.253 0 0 I [soft_i][0x11958bca4][16:55:10.448039] wlan: [0:I:QDF] EAPOL-4 TX: SA:16:f3:c9:c9:61:d2 DA:46:6c:7d:90:f2:3f msdu_id:0 status: succ
01-01 05:58:48.270 0 0 E [schedu][0x1195de2d0][16:55:10.465614] wlan: [2366:E:QDF] qdf_mem_malloc_debug: 1206: Cannot malloc 0 bytes @ csr_get_cfg_max_tx_power:14199
01-01 05:58:48.298 0 0 I [schedu][0x119660d3a][16:55:10.493486] wlan: [2366:I:WMI] LFR3:OKC enabled
01-01 05:58:48.306 0 0 I [schedu][0x11968740b][16:55:10.501684] wlan: [2366:I:WMI] LFR3:PMKSA caching enabled
01-01 05:58:48.320 0 0 D : mv2112_read_status
01-01 05:58:48.324 0 0 D mv2112_update_link: 3.0x901(1G): 0x4
01-01 05:58:48.329 0 0 D mv2112_update_link: 3.0x8109(100M): 0x8
01-01 05:58:48.334 0 0 D mv2112_update_link: link 0x4
01-01 05:58:48.338 0 0 D mv2112_read_status: autoneg is disabled
01-01 05:58:48.403 0 0 E [wifi@1][0x11984ca85][16:55:10.598410] wlan: [952:E:HDD] hdd_enable_ns_offload: 484: Failed to cache ns request; status:4
01-01 05:58:48.471 0 0 I [soft_i][0x11998de28][16:55:10.666941] wlan: [0:I:QDF] DHCP-D TX: SA:16:f3:c9:c9:61:d2 DA:ff:ff:ff:ff:ff:ff msdu_id:1 status: succ
01-01 05:58:48.485 0 0 I [dp_rx_][0x1199ce46a][16:55:10.680676] wlan: [2560:I:QDF] DHCP-D RX: SA:16:f3:c9:c9:61:d2 DA:ff:ff:ff:ff:ff:ff
01-01 05:58:48.525 0 0 I [dp_rx_][0x119a88c1a][16:55:10.720460] wlan: [2560:I:QDF] DHCP-O RX: SA:4e:79:75:ea:55:64 DA:16:f3:c9:c9:61:d2
01-01 05:58:48.553 0 0 I [soft_i][0x119b0d4ae][16:55:10.748733] wlan: [0:I:QDF] DHCP-R TX: SA:16:f3:c9:c9:61:d2 DA:ff:ff:ff:ff:ff:ff msdu_id:1 status: succ
01-01 05:58:48.567 0 0 I [dp_rx_][0x119b4ea70][16:55:10.762678] wlan: [2560:I:QDF] DHCP-R RX: SA:16:f3:c9:c9:61:d2 DA:ff:ff:ff:ff:ff:ff
01-01 05:58:48.580 0 0 I [dp_rx_][0x119b8944a][16:55:10.775182] wlan: [2560:I:QDF] DHCP-A RX: SA:4e:79:75:ea:55:64 DA:16:f3:c9:c9:61:d2
01-01 05:58:48.763 0 0 I [soft_i][0x119ee2b03][16:55:10.958097] wlan: [0:I:DP] dp_addba_requestprocess_wifi3 restore BA win 64 based on addba req
01-01 05:58:48.797 0 0 I [soft_i][0x119f82995][16:55:10.992212] wlan: [0:I:DP] dp_addba_requestprocess_wifi3 restore BA win 16 based on addba req
01-01 05:58:49.345 0 0 D : mv2112_read_status
01-01 05:58:49.348 0 0 D mv2112_update_link: 3.0x901(1G): 0x4
01-01 05:58:49.353 0 0 D mv2112_update_link: 3.0x8109(100M): 0x8
01-01 05:58:49.358 0 0 D mv2112_update_link: link 0x4
01-01 05:58:49.362 0 0 D mv2112_read_status: autoneg is disabled
08-16 16:55:11.878 1142 1220 I DropBoxManagerService: add tag=system_app_strictmode isTagEnabled=true flags=0x2
01-01 05:58:49.685 0 0 I afe_close: port_id = 0x400e
01-01 05:58:49.696 0 0 I btfm_slim_disable_ch: port:16, grp: 0, ch->grph:0x0, ch->ch_hdl:0x1d
08-16 16:55:12.281 1142 2883 E TaskPersister: File error accessing recents directory (directory doesn't exist?).
01-01 05:58:50.369 0 0 D : mv2112_read_status
01-01 05:58:50.373 0 0 D mv2112_update_link: 3.0x901(1G): 0x4
01-01 05:58:50.378 0 0 D mv2112_update_link: 3.0x8109(100M): 0x8
01-01 05:58:50.383 0 0 D mv2112_update_link: link 0x4
01-01 05:58:50.387 0 0 D mv2112_read_status: autoneg is disabled
01-01 05:58:51.393 0 0 D : mv2112_read_status
01-01 05:58:51.397 0 0 D mv2112_update_link: 3.0x901(1G): 0x4
01-01 05:58:51.402 0 0 D mv2112_update_link: 3.0x8109(100M): 0x8
01-01 05:58:51.407 0 0 D mv2112_update_link: link 0x4
01-01 05:58:51.411 0 0 D mv2112_read_status: autoneg is disabled
01-01 05:58:52.342 0 0 I init : starting service 'vendor.light-hal-2-0'...
01-01 05:58:52.417 0 0 D : mv2112_read_status
01-01 05:58:52.420 0 0 D mv2112_update_link: 3.0x901(1G): 0x4
01-01 05:58:52.426 0 0 D mv2112_update_link: 3.0x8109(100M): 0x8
01-01 05:58:52.431 0 0 D mv2112_update_link: link 0x4
01-01 05:58:52.435 0 0 D mv2112_read_status: autoneg is disabled
01-01 05:58:52.438 0 0 I init : Service 'vendor.light-hal-2-0' (pid 6236) exited with status 0
01-01 05:58:52.448 0 0 I init : Sending signal 9 to service 'vendor.light-hal-2-0' (pid 6236) process group...
01-01 05:58:52.457 0 0 I libprocessgroup: Successfully killed process cgroup uid 1000 pid 6236 in 0ms
01-01 05:58:52.488 0 0 I init : starting service 'qvrd_vndr'...
01-01 05:58:52.496 0 0 I init : Created socket '/dev/socket/qvrservice_vndr', mode 660, user 1000, group 1000
01-01 05:58:52.508 0 0 I init : Created socket '/dev/socket/qvrservice_vndr_camera', mode 660, user 1000, group 1000
01-01 05:58:52.553 0 0 I init : starting service 'sxrd'...
08-16 16:55:14.781 6237 6237 F linker : CANNOT LINK EXECUTABLE "/vendor/bin/hw/qvrservice": library "vendor.qti.hardware.qxr-V1-ndk_platform.so" not found: needed by /vendor/lib64/libqvrservice.so in namespace (default)
01-01 05:58:52.588 0 0 I init : Service 'qvrd_vndr' (pid 6237) exited with status 1
01-01 05:58:52.595 0 0 I init : Sending signal 9 to service 'qvrd_vndr' (pid 6237) process group...
08-16 16:55:14.803 6238 6238 F linker : CANNOT LINK EXECUTABLE "/vendor/bin/hw/sxrservice": library "vendor.qti.hardware.qxr-V1-ndk_platform.so" not found: needed by main executable
01-01 05:58:53.441 0 0 D : mv2112_read_status
01-01 05:58:53.445 0 0 D mv2112_update_link: 3.0x901(1G): 0x4
01-01 05:58:53.450 0 0 D mv2112_update_link: 3.0x8109(100M): 0x8
01-01 05:58:53.455 0 0 D mv2112_update_link: link 0x4
01-01 05:58:53.459 0 0 D mv2112_read_status: autoneg is disabled
01-01 05:58:54.465 0 0 D : mv2112_read_status
01-01 05:58:54.469 0 0 D mv2112_update_link: 3.0x901(1G): 0x4
01-01 05:58:54.474 0 0 D mv2112_update_link: 3.0x8109(100M): 0x8
01-01 05:58:54.479 0 0 D mv2112_update_link: link 0x4
01-01 05:58:54.483 0 0 D mv2112_read_status: autoneg is disabled
01-01 05:58:55.489 0 0 D : mv2112_read_status
01-01 05:58:55.493 0 0 D mv2112_update_link: 3.0x901(1G): 0x4
01-01 05:58:55.498 0 0 D mv2112_update_link: 3.0x8109(100M): 0x8
01-01 05:58:55.503 0 0 D mv2112_update_link: link 0x4
01-01 05:58:55.507 0 0 D mv2112_read_status: autoneg is disabled
01-01 05:58:56.513 0 0 D : mv2112_read_status
01-01 05:58:56.517 0 0 D mv2112_update_link: 3.0x901(1G): 0x4
01-01 05:58:56.522 0 0 D mv2112_update_link: 3.0x8109(100M): 0x8
01-01 05:58:56.527 0 0 D mv2112_update_link: link 0x4
01-01 05:58:56.531 0 0 D mv2112_read_status: autoneg is disabled
01-01 05:58:56.774 0 0 I [schedu][0x12319546a][16:55:18.969743] wlan: [2366:I:OSIF] scan start scan id 40972
08-16 16:55:19.154 1142 1142 W NotificationHistory: Attempted to add notif for locked/gone/disabled user 0
01-01 05:58:57.366 0 0 I init : starting service 'vendor.light-hal-2-0'...
01-01 05:58:57.445 0 0 I init : Service 'vendor.light-hal-2-0' (pid 6312) exited with status 0
01-01 05:58:57.453 0 0 I init : Sending signal 9 to service 'vendor.light-hal-2-0' (pid 6312) process group...
01-01 05:58:57.463 0 0 I libprocessgroup: Successfully killed process cgroup uid 1000 pid 6312 in 0ms
01-01 05:58:57.537 0 0 D : mv2112_read_status
01-01 05:58:57.540 0 0 D mv2112_update_link: 3.0x901(1G): 0x4
01-01 05:58:57.545 0 0 D mv2112_update_link: 3.0x8109(100M): 0x8
01-01 05:58:57.546 0 0 I init : starting service 'qvrd_vndr'...
01-01 05:58:57.550 0 0 D mv2112_update_link: link 0x4
01-01 05:58:57.550 0 0 D mv2112_read_status: autoneg is disabled
01-01 05:58:57.569 0 0 I init : Created socket '/dev/socket/qvrservice_vndr', mode 660, user 1000, group 1000
01-01 05:58:57.579 0 0 I init : Created socket '/dev/socket/qvrservice_vndr_camera', mode 660, user 1000, group 1000
01-01 05:58:57.599 0 0 I init : starting service 'sxrd'...
08-16 16:55:19.822 6316 6316 F linker : CANNOT LINK EXECUTABLE "/vendor/bin/hw/qvrservice": library "vendor.qti.hardware.qxr-V1-ndk_platform.so" not found: needed by /vendor/lib64/libqvrservice.so in namespace (default)
08-16 16:55:19.835 6318 6318 F linker : CANNOT LINK EXECUTABLE "/vendor/bin/hw/sxrservice": library "vendor.qti.hardware.qxr-V1-ndk_platform.so" not found: needed by main executable
01-01 05:58:57.628 0 0 I init : Service 'qvrd_vndr' (pid 6316) exited with status 1
01-01 05:58:57.635 0 0 I init : Sending signal 9 to service 'qvrd_vndr' (pid 6316) process group...
01-01 05:58:57.826 0 0 I btfm_slim_hw_init: PGD Enum Addr: 00:01:20:02:17: 02
01-01 05:58:57.833 0 0 I btfm_slim_hw_init: IFD Enum Addr: 00:00:20:02:17: 02
01-01 05:58:57.839 0 0 I btfm_slim_hw_init: chipset soc version:400a0200
01-01 05:58:57.845 0 0 I btfm_slim_hw_init: chipset is hastings 2.0, overwriting EA
01-01 05:58:57.852 0 0 I btfm_slim_hw_init: PGD Enum Addr: 00:01:20:02:17: 02
01-01 05:58:57.858 0 0 I btfm_slim_hw_init: IFD Enum Addr: 00:00:20:02:17: 02
01-01 05:58:57.864 0 0 I btfm_slim_alloc_port: chipset soc version:400a0200
01-01 05:58:57.881 0 0 I btfm_slim_enable_ch: chipset soc version:400a0200
01-01 05:58:57.887 0 0 I btfm_slim_enable_ch: channel define - prot:2, dataf:0, auxf:0
01-01 05:58:57.894 0 0 I btfm_slim_enable_ch: channel define - rates:44100, baser:2, ratem:4
01-01 05:58:57.902 0 0 I btfm_slim_enable_ch: slim_connect_sink(port: 16, ch: 157)
01-01 05:58:57.909 0 0 I btfm_slim_enable_ch: port: 16, ch: 157, grp: 0, ch->grph: 0x0, ch_hdl: 0x1d
01-01 05:58:57.918 0 0 I __afe_port_start: port id: 0x400e
01-01 05:58:57.923 0 0 I afe_find_cal_topo_id_by_port: port id: 0x400e, dev_acdb_id: 20
01-01 05:58:57.930 0 0 I afe_find_cal_topo_id_by_port: top_id:112fc acdb_id:20 afe_port_id:0x400e
01-01 05:58:57.938 0 0 I afe_get_cal_topology_id: port_id = 0x400e acdb_id = 20 topology_id = 0x112fc cal_type_index=8 ret=0
01-01 05:58:57.949 0 0 I afe_send_port_topology_id: AFE set topology id 0x112fc enable for port 0x400e ret 0
01-01 05:58:57.958 0 0 I send_afe_cal_type: cal_index is 0
01-01 05:58:57.963 0 0 I send_afe_cal_type: dev_acdb_id[119] is 20
01-01 05:58:57.968 0 0 I afe_find_cal: cal_index 0 port_id 0x400e port_index 119
01-01 05:58:57.975 0 0 I afe_find_cal: acdb_id 20 dev_acdb_id 20 sample_rate 48000 afe_sample_rates 44100
01-01 05:58:57.983 0 0 I afe_find_cal: no matching cal_block found
01-01 05:58:57.989 0 0 E : send_afe_cal_type cal_block not found!!
01-01 05:58:57.994 0 0 I afe_send_hw_delay: port_id 0x400e rate 44100 delay_usec 0 status 0
01-01 05:58:58.560 0 0 D : mv2112_read_status
01-01 05:58:58.564 0 0 D mv2112_update_link: 3.0x901(1G): 0x4
01-01 05:58:58.569 0 0 D mv2112_update_link: 3.0x8109(100M): 0x8
01-01 05:58:58.574 0 0 D mv2112_update_link: link 0x4
01-01 05:58:58.578 0 0 D mv2112_read_status: autoneg is disabled
01-01 05:58:58.824 0 0 I [schedu][0x12571c8f4][16:55:21.019297] wlan: [2366:I:OSIF] vdev 0, scan id 40972 type COMPLETED(1) reason COMPLETED(1) scan found 37 bss
01-01 05:58:59.585 0 0 D : mv2112_read_status
01-01 05:58:59.588 0 0 D mv2112_update_link: 3.0x901(1G): 0x4
01-01 05:58:59.593 0 0 D mv2112_update_link: 3.0x8109(100M): 0x8
01-01 05:58:59.598 0 0 D mv2112_update_link: link 0x4
01-01 05:58:59.602 0 0 D mv2112_read_status: autoneg is disabled
01-01 05:59:00.609 0 0 D : mv2112_read_status
01-01 05:59:00.613 0 0 D mv2112_update_link: 3.0x901(1G): 0x4
01-01 05:59:00.618 0 0 D mv2112_update_link: 3.0x8109(100M): 0x8
01-01 05:59:00.623 0 0 D mv2112_update_link: link 0x4
01-01 05:59:00.627 0 0 D mv2112_read_status: autoneg is disabled
08-16 16:55:22.882 1142 1220 I DropBoxManagerService: add tag=system_app_strictmode isTagEnabled=true flags=0x2
08-16 16:55:22.922 1142 1218 D AutofillManagerService: Close system dialogs
08-16 16:55:23.779 2360 2360 D TelephonyNetworkFactory[0]: onReleaseNetworkFor NetworkRequest [ REQUEST id=72, [ Capabilities: INTERNET&NOT_RESTRICTED&TRUSTED&NOT_VCN_MANAGED Uid: 1000 RequestorUid: 1000 RequestorPkg: com.android.settings] ] applied false
08-16 16:55:23.780 2360 2360 D TelephonyNetworkFactory[1]: onReleaseNetworkFor NetworkRequest [ REQUEST id=72, [ Capabilities: INTERNET&NOT_RESTRICTED&TRUSTED&NOT_VCN_MANAGED Uid: 1000 RequestorUid: 1000 RequestorPkg: com.android.settings] ] applied false
01-01 05:59:01.636 0 0 D : mv2112_read_status
01-01 05:59:01.640 0 0 D mv2112_update_link: 3.0x901(1G): 0x4
01-01 05:59:01.645 0 0 D mv2112_update_link: 3.0x8109(100M): 0x8
01-01 05:59:01.650 0 0 D mv2112_update_link: link 0x4
01-01 05:59:01.654 0 0 D mv2112_read_status: autoneg is disabled
01-01 05:59:02.400 0 0 I init : starting service 'vendor.light-hal-2-0'...
01-01 05:59:02.456 0 0 I init : Service 'vendor.light-hal-2-0' (pid 6403) exited with status 0
01-01 05:59:02.463 0 0 I init : Sending signal 9 to service 'vendor.light-hal-2-0' (pid 6403) process group...
01-01 05:59:02.473 0 0 I libprocessgroup: Successfully killed process cgroup uid 1000 pid 6403 in 0ms
01-01 05:59:02.597 0 0 I init : starting service 'qvrd_vndr'...
01-01 05:59:02.604 0 0 I init : Created socket '/dev/socket/qvrservice_vndr', mode 660, user 1000, group 1000
01-01 05:59:02.614 0 0 I init : Created socket '/dev/socket/qvrservice_vndr_camera', mode 660, user 1000, group 1000
01-01 05:59:02.634 0 0 I init : starting service 'sxrd'...
08-16 16:55:24.846 6404 6404 F linker : CANNOT LINK EXECUTABLE "/vendor/bin/hw/qvrservice": library "vendor.qti.hardware.qxr-V1-ndk_platform.so" not found: needed by /vendor/lib64/libqvrservice.so in namespace (default)
01-01 05:59:02.652 0 0 I init : Service 'qvrd_vndr' (pid 6404) exited with status 1
01-01 05:59:02.659 0 0 D : mv2112_read_status
01-01 05:59:02.662 0 0 D mv2112_update_link: 3.0x901(1G): 0x4
01-01 05:59:02.667 0 0 I init : Sending signal 9 to service 'qvrd_vndr' (pid 6404) process group...
08-16 16:55:24.875 6405 6405 F linker : CANNOT LINK EXECUTABLE "/vendor/bin/hw/sxrservice": library "vendor.qti.hardware.qxr-V1-ndk_platform.so" not found: needed by main executable
01-01 05:59:02.675 0 0 D mv2112_update_link: 3.0x8109(100M): 0x8
01-01 05:59:02.680 0 0 D mv2112_update_link: link 0x4
01-01 05:59:02.685 0 0 D mv2112_read_status: autoneg is disabled
01-01 05:59:03.160 0 0 I afe_close: port_id = 0x400e
01-01 05:59:03.171 0 0 I btfm_slim_disable_ch: port:16, grp: 0, ch->grph:0x0, ch->ch_hdl:0x1d
01-01 05:59:03.713 0 0 D : mv2112_read_status
01-01 05:59:03.717 0 0 D mv2112_update_link: 3.0x901(1G): 0x4
01-01 05:59:03.722 0 0 D mv2112_update_link: 3.0x8109(100M): 0x8
01-01 05:59:03.727 0 0 D mv2112_update_link: link 0x4
01-01 05:59:03.731 0 0 D mv2112_read_status: autoneg is disabled
01-01 05:59:04.737 0 0 D : mv2112_read_status
01-01 05:59:04.741 0 0 D mv2112_update_link: 3.0x901(1G): 0x4
01-01 05:59:04.746 0 0 D mv2112_update_link: 3.0x8109(100M): 0x8
01-01 05:59:04.751 0 0 D mv2112_update_link: link 0x4
01-01 05:59:04.755 0 0 D mv2112_read_status: autoneg is disabled
08-16 16:55:27.588 1142 1984 I ActivityTaskManager: START u0 {act=android.intent.action.MAIN cat=[android.intent.category.LAUNCHER] flg=0x10200000 cmp=com.tencent.mtt/.SplashActivity bnds=[1529,412][1827,709]} from uid 10118
08-16 16:55:27.604 1142 1984 W ActivityTaskManager: Can't find TaskDisplayArea to determine support for multi window. Task id=83 attached=false
08-16 16:55:27.608 1142 1984 D CompatibilityChangeReporter: Compat change id reported: 174042980; UID 10157; state: DISABLED
08-16 16:55:27.609 1142 1984 D CompatibilityChangeReporter: Compat change id reported: 184838306; UID 10157; state: DISABLED
08-16 16:55:27.610 1142 1984 D CompatibilityChangeReporter: Compat change id reported: 185004937; UID 10157; state: DISABLED
08-16 16:55:27.611 1142 1984 D CompatibilityChangeReporter: Compat change id reported: 181136395; UID 10157; state: DISABLED
08-16 16:55:27.612 1142 1984 D CompatibilityChangeReporter: Compat change id reported: 174042936; UID 10157; state: DISABLED
08-16 16:55:27.619 1142 1984 V SplashScreenExceptionList: SplashScreen checking exception for package com.tencent.mtt (target sdk:29) -> false
08-16 16:55:27.624 1822 2010 D PhoneStartingWindowTypeAlgorithm: preferredStartingWindowType newTask:true taskSwitch:true processRunning:true allowTaskSnapshot:true activityCreated:false useEmptySplashScreen:false legacySplashScreen:false topIsHome:false
08-16 16:55:27.625 1822 2010 D StartingSurfaceDrawer: addSplashScreen com.tencent.mtt theme=7f12019d task=83 suggestType=1
08-16 16:55:27.629 1822 2011 D StartingSurfaceDrawer: window attributes color: 0 icon null duration 0 brandImage null
08-16 16:55:27.635 1142 1984 I ActivityTaskManager: The Process com.tencent.mtt Already Exists in BG. So sending its PID: 3321
08-16 16:55:27.653 1822 2011 D StartingSurfaceDrawer: replace drawable with bottom layer drawable
08-16 16:55:27.673 1822 2011 D StartingSurfaceDrawer: The icon is not an AdaptiveIconDrawable
