08-16 16:59:07.493 1142 1333 I PowerManagerService: Powering on display group fromDreaming (groupId=0, uid=1000, reason=WAKE_REASON_UNKNOWN, details=android.server.power:DREAM_FINISHED)...
08-16 16:59:07.493 1142 1333 I PowerManagerService: Waking up from Dreaming (uid=1000, reason=WAKE_REASON_UNKNOWN, details=android.server.power:DREAM_FINISHED)...
08-16 16:59:07.775 1142 9102 I DreamManagerService: Leaving dreamland.
08-16 16:59:07.777 1142 1218 I DreamManagerService: Performing gentle wake from dream.
08-16 16:59:07.777 1142 1218 I DreamController: Stopping dream: name=ComponentInfo{com.android.deskclock/com.android.deskclock.Screensaver}, isTest=false, canDoze=false, userId=0, reason='finished self'(from 'finished self')
08-16 16:59:07.796 1142 1222 W ActivityTaskManager: Can't find TaskDisplayArea to determine support for multi window. Task id=87 attached=false
01-01 06:02:46.273 0 0 D : mv2112_read_status
01-01 06:02:46.277 0 0 D mv2112_update_link: 3.0x901(1G): 0x4
01-01 06:02:46.282 0 0 D mv2112_update_link: 3.0x8109(100M): 0x8
01-01 06:02:46.287 0 0 D mv2112_update_link: link 0x4
01-01 06:02:46.291 0 0 D mv2112_read_status: autoneg is disabled
08-16 16:59:09.273 1142 2768 I ActivityTaskManager: START u0 {act=android.intent.action.MAIN cat=[android.intent.category.LAUNCHER] flg=0x10200000 pkg=com.android.gallery3d cmp=com.android.gallery3d/.app.GalleryActivity bnds=[336,662][634,975]} from uid 10118
08-16 16:59:09.290 1142 1220 I DropBoxManagerService: add tag=system_app_strictmode isTagEnabled=true flags=0x2
08-16 16:59:09.301 1142 2768 W ActivityTaskManager: Can't find TaskDisplayArea to determine support for multi window. Task id=88 attached=false
08-16 16:59:09.305 1142 2768 D CompatibilityChangeReporter: Compat change id reported: 174042980; UID 10106; state: DISABLED
08-16 16:59:09.306 1142 2768 D CompatibilityChangeReporter: Compat change id reported: 184838306; UID 10106; state: DISABLED
08-16 16:59:09.308 1142 2768 D CompatibilityChangeReporter: Compat change id reported: 185004937; UID 10106; state: DISABLED
08-16 16:59:09.309 1142 2768 D CompatibilityChangeReporter: Compat change id reported: 181136395; UID 10106; state: DISABLED
08-16 16:59:09.310 1142 2768 D CompatibilityChangeReporter: Compat change id reported: 174042936; UID 10106; state: DISABLED
08-16 16:59:09.316 1142 2768 D CompatibilityChangeReporter: Compat change id reported: 168419799; UID 10106; state: DISABLED
08-16 16:59:09.316 1142 2768 V SplashScreenExceptionList: SplashScreen checking exception for package com.android.gallery3d (target sdk:29) -> false
08-16 16:59:09.319 1822 2010 D PhoneStartingWindowTypeAlgorithm: preferredStartingWindowType newTask:true taskSwitch:true processRunning:false allowTaskSnapshot:true activityCreated:false useEmptySplashScreen:false legacySplashScreen:false topIsHome:false
08-16 16:59:09.320 1822 2010 D StartingSurfaceDrawer: addSplashScreen com.android.gallery3d theme=7f120034 task=88 suggestType=1
08-16 16:59:09.326 1822 2011 D StartingSurfaceDrawer: window attributes color: 0 icon null duration 0 brandImage null
08-16 16:59:09.342 1142 1221 D CompatibilityChangeReporter: Compat change id reported: 135634846; UID 10106; state: DISABLED
08-16 16:59:09.343 1822 2011 D StartingSurfaceDrawer: FgMainColor=fff1f1f1 BgMainColor=ff4285f4 IsBgComplex=false FromCache=false ThemeColor=ff000000
08-16 16:59:09.343 1822 2011 D StartingSurfaceDrawer: isRgbSimilarInHsv a: ff000000 b ff4285f4 contrast ratio: 5.8929925
08-16 16:59:09.343 1142 1221 D CompatibilityChangeReporter: Compat change id reported: 177438394; UID 10106; state: DISABLED
08-16 16:59:09.343 1822 2011 D StartingSurfaceDrawer: hsvDiff -143 ah 0.0 bh 217.41573 as 0.0 bs 0.7295082 av 0.0 bv 0.95686275 sqH 0.6311419710995239 sqS 0.5321822447246269 sqV 0.9155863178770893 root 0.8324483034401676
08-16 16:59:09.343 1822 2011 D StartingSurfaceDrawer: makeSplashScreenContentView: draw whole icon
08-16 16:59:09.343 1142 1221 D CompatibilityChangeReporter: Compat change id reported: 135772972; UID 10106; state: DISABLED
08-16 16:59:09.343 1142 1221 D CompatibilityChangeReporter: Compat change id reported: 135754954; UID 10106; state: DISABLED
08-16 16:59:09.344 1822 2011 D StartingSurfaceDrawer: fillViewWithIcon surfaceWindowView android.window.SplashScreenView{12c1c01 V.E...... ......ID 0,0-0,0}
08-16 16:59:09.344 1142 1243 D CompatibilityChangeReporter: Compat change id reported: 143937733; UID 10106; state: DISABLED
08-16 16:59:09.381 1142 1243 I ActivityManager: Start proc 12049:com.android.gallery3d/u0a106 for pre-top-activity {com.android.gallery3d/com.android.gallery3d.app.GalleryActivity}
08-16 16:59:09.383 1142 12051 W ContextImpl: Calling a method in the system process without a qualified user: android.app.ContextImpl.sendBroadcast:1173 com.qualcomm.qti.Performance$SendGameLaunchBroadcast.run:217 java.lang.Thread.run:920
01-01 06:02:47.226 0 0 I binder : 12049:12049 ioctl 40046210 7fe0a4c4c4 returned -22
01-01 06:02:47.239 0 0 I btfm_slim_hw_init: PGD Enum Addr: 00:01:20:02:17: 02
01-01 06:02:47.246 0 0 I btfm_slim_hw_init: IFD Enum Addr: 00:00:20:02:17: 02
01-01 06:02:47.252 0 0 I btfm_slim_hw_init: chipset soc version:400a0200
01-01 06:02:47.258 0 0 I btfm_slim_hw_init: chipset is hastings 2.0, overwriting EA
01-01 06:02:47.265 0 0 I btfm_slim_hw_init: PGD Enum Addr: 00:01:20:02:17: 02
01-01 06:02:47.272 0 0 I btfm_slim_hw_init: IFD Enum Addr: 00:00:20:02:17: 02
01-01 06:02:47.278 0 0 I btfm_slim_alloc_port: chipset soc version:400a0200
01-01 06:02:47.296 0 0 D : mv2112_read_status
01-01 06:02:47.296 0 0 I btfm_slim_enable_ch: chipset soc version:400a0200
01-01 06:02:47.300 0 0 D mv2112_update_link: 3.0x901(1G): 0x4
01-01 06:02:47.305 0 0 I btfm_slim_enable_ch: channel define - prot:2, dataf:0, auxf:0
01-01 06:02:47.311 0 0 D mv2112_update_link: 3.0x8109(100M): 0x8
01-01 06:02:47.317 0 0 I btfm_slim_enable_ch: channel define - rates:44100, baser:2, ratem:4
01-01 06:02:47.322 0 0 D mv2112_update_link: link 0x4
01-01 06:02:47.323 0 0 D mv2112_read_status: autoneg is disabled
01-01 06:02:47.340 0 0 I btfm_slim_enable_ch: slim_connect_sink(port: 16, ch: 157)
01-01 06:02:47.347 0 0 I btfm_slim_enable_ch: port: 16, ch: 157, grp: 0, ch->grph: 0x0, ch_hdl: 0x1d
01-01 06:02:47.356 0 0 I __afe_port_start: port id: 0x400e
01-01 06:02:47.361 0 0 I afe_find_cal_topo_id_by_port: port id: 0x400e, dev_acdb_id: 20
01-01 06:02:47.368 0 0 I afe_find_cal_topo_id_by_port: top_id:112fc acdb_id:20 afe_port_id:0x400e
01-01 06:02:47.377 0 0 I afe_get_cal_topology_id: port_id = 0x400e acdb_id = 20 topology_id = 0x112fc cal_type_index=8 ret=0
01-01 06:02:47.387 0 0 I afe_send_port_topology_id: AFE set topology id 0x112fc enable for port 0x400e ret 0
01-01 06:02:47.397 0 0 I send_afe_cal_type: cal_index is 0
01-01 06:02:47.401 0 0 I send_afe_cal_type: dev_acdb_id[119] is 20
08-16 16:59:09.583 1142 9102 D CompatibilityChangeReporter: Compat change id reported: 149924527; UID 10106; state: ENABLED
08-16 16:59:09.584 1142 9102 D CompatibilityChangeReporter: Compat change id reported: 132649864; UID 10106; state: DISABLED
08-16 16:59:09.585 1142 9102 D CompatibilityChangeReporter: Compat change id reported: 182734110; UID 10106; state: DISABLED
01-01 06:02:47.407 0 0 I afe_find_cal: cal_index 0 port_id 0x400e port_index 119
01-01 06:02:47.413 0 0 I afe_find_cal: acdb_id 20 dev_acdb_id 20 sample_rate 48000 afe_sample_rates 44100
01-01 06:02:47.422 0 0 I afe_find_cal: no matching cal_block found
01-01 06:02:47.428 0 0 E : send_afe_cal_type cal_block not found!!
08-16 16:59:09.598 1142 9102 W WindowManager: Failed looking up window session=Session{c2a5b66 12049:u0a10106} callers=com.android.server.wm.WindowManagerService.windowForClientLocked:5626 com.android.server.wm.Session.insetsModified:629 android.view.IWindowSession$Stub.onTransact:1151
01-01 06:02:47.433 0 0 I afe_send_hw_delay: port_id 0x400e rate 44100 delay_usec 0 status 0
01-01 06:02:47.445 0 0 I perfetto: enabled ftrace
01-01 06:02:47.470 0 0 I binder : 12049:12092 ioctl 40046210 76e2ec7c94 returned -22
08-16 16:59:09.731 1822 2010 D StartingSurfaceDrawer: Task start finish, remove starting surface for task 88
08-16 16:59:09.732 1822 2010 V StartingSurfaceDrawer: Removing splash screen window for task: 88
01-01 06:02:48.321 0 0 D : mv2112_read_status
01-01 06:02:48.325 0 0 D mv2112_update_link: 3.0x901(1G): 0x4
01-01 06:02:48.330 0 0 D mv2112_update_link: 3.0x8109(100M): 0x8
01-01 06:02:48.335 0 0 D mv2112_update_link: link 0x4
01-01 06:02:48.339 0 0 D mv2112_read_status: autoneg is disabled
01-01 06:02:48.879 0 0 I init : starting service 'vendor.light-hal-2-0'...
01-01 06:02:48.993 0 0 I init : Service 'vendor.light-hal-2-0' (pid 12224) exited with status 0
01-01 06:02:49.009 0 0 I init : Sending signal 9 to service 'vendor.light-hal-2-0' (pid 12224) process group...
01-01 06:02:49.019 0 0 I libprocessgroup: Successfully killed process cgroup uid 1000 pid 12224 in 0ms
01-01 06:02:49.344 0 0 D : mv2112_read_status
01-01 06:02:49.348 0 0 D mv2112_update_link: 3.0x901(1G): 0x4
01-01 06:02:49.353 0 0 D mv2112_update_link: 3.0x8109(100M): 0x8
01-01 06:02:49.358 0 0 D mv2112_update_link: link 0x4
01-01 06:02:49.362 0 0 D mv2112_read_status: autoneg is disabled
01-01 06:02:50.076 0 0 I init : starting service 'qvrd_vndr'...
01-01 06:02:50.086 0 0 I init : Created socket '/dev/socket/qvrservice_vndr', mode 660, user 1000, group 1000
01-01 06:02:50.098 0 0 I init : Created socket '/dev/socket/qvrservice_vndr_camera', mode 660, user 1000, group 1000
01-01 06:02:50.151 0 0 I init : starting service 'sxrd'...
08-16 16:59:12.382 12228 12228 F linker : CANNOT LINK EXECUTABLE "/vendor/bin/hw/qvrservice": library "vendor.qti.hardware.qxr-V1-ndk_platform.so" not found: needed by /vendor/lib64/libqvrservice.so in namespace (default)
01-01 06:02:50.189 0 0 I init : Service 'qvrd_vndr' (pid 12228) exited with status 1
01-01 06:02:50.196 0 0 I init : Sending signal 9 to service 'qvrd_vndr' (pid 12228) process group...
08-16 16:59:12.410 12229 12229 F linker : CANNOT LINK EXECUTABLE "/vendor/bin/hw/sxrservice": library "vendor.qti.hardware.qxr-V1-ndk_platform.so" not found: needed by main executable
01-01 06:02:50.369 0 0 D : mv2112_read_status
01-01 06:02:50.373 0 0 D mv2112_update_link: 3.0x901(1G): 0x4
01-01 06:02:50.378 0 0 D mv2112_update_link: 3.0x8109(100M): 0x8
01-01 06:02:50.383 0 0 D mv2112_update_link: link 0x4
01-01 06:02:50.387 0 0 D mv2112_read_status: autoneg is disabled
08-16 16:59:12.840 1142 2883 E TaskPersister: File error accessing recents directory (directory doesn't exist?).
01-01 06:02:50.890 0 0 I afe_close: port_id = 0x400e
01-01 06:02:50.903 0 0 I btfm_slim_disable_ch: port:16, grp: 0, ch->grph:0x0, ch->ch_hdl:0x1d
01-01 06:02:51.392 0 0 D : mv2112_read_status
01-01 06:02:51.396 0 0 D mv2112_update_link: 3.0x901(1G): 0x4
01-01 06:02:51.401 0 0 D mv2112_update_link: 3.0x8109(100M): 0x8
01-01 06:02:51.406 0 0 D mv2112_update_link: link 0x4
01-01 06:02:51.410 0 0 D mv2112_read_status: autoneg is disabled
01-01 06:02:52.215 0 0 I perfetto: disabled ftrace
08-16 16:59:14.432 1244 12053 I iorapd : Perfetto TraceBuffer saved to file: /data/misc/iorapd/com.android.gallery3d/40030/com.android.gallery3d.app.GalleryActivity/raw_traces/1660669154420177650.perfetto_trace.pb
01-01 06:02:52.417 0 0 D : mv2112_read_status
01-01 06:02:52.421 0 0 D mv2112_update_link: 3.0x901(1G): 0x4
01-01 06:02:52.426 0 0 D mv2112_update_link: 3.0x8109(100M): 0x8
01-01 06:02:52.431 0 0 D mv2112_update_link: link 0x4
01-01 06:02:52.435 0 0 D mv2112_read_status: autoneg is disabled
01-01 06:02:53.441 0 0 D : mv2112_read_status
01-01 06:02:53.445 0 0 D mv2112_update_link: 3.0x901(1G): 0x4
01-01 06:02:53.450 0 0 D mv2112_update_link: 3.0x8109(100M): 0x8
01-01 06:02:53.455 0 0 D mv2112_update_link: link 0x4
01-01 06:02:53.459 0 0 D mv2112_read_status: autoneg is disabled
01-01 06:02:53.932 0 0 I init : starting service 'vendor.light-hal-2-0'...
01-01 06:02:54.036 0 0 I init : Service 'vendor.light-hal-2-0' (pid 12383) exited with status 0
01-01 06:02:54.045 0 0 I init : Sending signal 9 to service 'vendor.light-hal-2-0' (pid 12383) process group...
01-01 06:02:54.055 0 0 I libprocessgroup: Successfully killed process cgroup uid 1000 pid 12383 in 0ms
01-01 06:02:54.464 0 0 D : mv2112_read_status
01-01 06:02:54.468 0 0 D mv2112_update_link: 3.0x901(1G): 0x4
01-01 06:02:54.473 0 0 D mv2112_update_link: 3.0x8109(100M): 0x8
01-01 06:02:54.478 0 0 D mv2112_update_link: link 0x4
01-01 06:02:54.482 0 0 D mv2112_read_status: autoneg is disabled
01-01 06:02:55.142 0 0 I init : starting service 'qvrd_vndr'...
01-01 06:02:55.154 0 0 I init : Created socket '/dev/socket/qvrservice_vndr', mode 660, user 1000, group 1000
01-01 06:02:55.166 0 0 I init : Created socket '/dev/socket/qvrservice_vndr_camera', mode 660, user 1000, group 1000
01-01 06:02:55.191 0 0 I init : starting service 'sxrd'...
08-16 16:59:17.401 12386 12386 F linker : CANNOT LINK EXECUTABLE "/vendor/bin/hw/qvrservice": library "vendor.qti.hardware.qxr-V1-ndk_platform.so" not found: needed by /vendor/lib64/libqvrservice.so in namespace (default)
01-01 06:02:55.207 0 0 I init : Service 'qvrd_vndr' (pid 12386) exited with status 1
01-01 06:02:55.214 0 0 I init : Sending signal 9 to service 'qvrd_vndr' (pid 12386) process group...
08-16 16:59:17.408 12387 12387 F linker : CANNOT LINK EXECUTABLE "/vendor/bin/hw/sxrservice": library "vendor.qti.hardware.qxr-V1-ndk_platform.so" not found: needed by main executable
01-01 06:02:55.488 0 0 D : mv2112_read_status
01-01 06:02:55.492 0 0 D mv2112_update_link: 3.0x901(1G): 0x4
01-01 06:02:55.497 0 0 D mv2112_update_link: 3.0x8109(100M): 0x8
01-01 06:02:55.502 0 0 D mv2112_update_link: link 0x4
01-01 06:02:55.506 0 0 D mv2112_read_status: autoneg is disabled
01-01 06:02:56.512 0 0 D : mv2112_read_status
01-01 06:02:56.516 0 0 D mv2112_update_link: 3.0x901(1G): 0x4
01-01 06:02:56.521 0 0 D mv2112_update_link: 3.0x8109(100M): 0x8
01-01 06:02:56.527 0 0 D mv2112_update_link: link 0x4
01-01 06:02:56.532 0 0 D mv2112_read_status: autoneg is disabled
01-01 06:02:57.540 0 0 D : mv2112_read_status
01-01 06:02:57.544 0 0 D mv2112_update_link: 3.0x901(1G): 0x4
01-01 06:02:57.550 0 0 D mv2112_update_link: 3.0x8109(100M): 0x8
01-01 06:02:57.555 0 0 D mv2112_update_link: link 0x4
01-01 06:02:57.559 0 0 D mv2112_read_status: autoneg is disabled
01-01 06:02:58.593 0 0 D : mv2112_read_status
01-01 06:02:58.597 0 0 D mv2112_update_link: 3.0x901(1G): 0x4
01-01 06:02:58.602 0 0 D mv2112_update_link: 3.0x8109(100M): 0x8
01-01 06:02:58.607 0 0 D mv2112_update_link: link 0x4
01-01 06:02:58.611 0 0 D mv2112_read_status: autoneg is disabled
01-01 06:02:58.973 0 0 I init : starting service 'vendor.light-hal-2-0'...
01-01 06:02:59.067 0 0 I init : Service 'vendor.light-hal-2-0' (pid 12547) exited with status 0
01-01 06:02:59.074 0 0 I init : Sending signal 9 to service 'vendor.light-hal-2-0' (pid 12547) process group...
01-01 06:02:59.084 0 0 I libprocessgroup: Successfully killed process cgroup uid 1000 pid 12547 in 0ms
01-01 06:02:59.617 0 0 D : mv2112_read_status
01-01 06:02:59.621 0 0 D mv2112_update_link: 3.0x901(1G): 0x4
01-01 06:02:59.626 0 0 D mv2112_update_link: 3.0x8109(100M): 0x8
01-01 06:02:59.631 0 0 D mv2112_update_link: link 0x4
01-01 06:02:59.635 0 0 D mv2112_read_status: autoneg is disabled
01-01 06:03:00.188 0 0 I init : starting service 'qvrd_vndr'...
01-01 06:03:00.194 0 0 I init : Created socket '/dev/socket/qvrservice_vndr', mode 660, user 1000, group 1000
01-01 06:03:00.203 0 0 I init : Created socket '/dev/socket/qvrservice_vndr_camera', mode 660, user 1000, group 1000
01-01 06:03:00.232 0 0 I init : starting service 'sxrd'...
08-16 16:59:22.479 12549 12549 F linker : CANNOT LINK EXECUTABLE "/vendor/bin/hw/sxrservice": library "vendor.qti.hardware.qxr-V1-ndk_platform.so" not found: needed by main executable
08-16 16:59:22.482 12548 12548 F linker : CANNOT LINK EXECUTABLE "/vendor/bin/hw/qvrservice": library "vendor.qti.hardware.qxr-V1-ndk_platform.so" not found: needed by /vendor/lib64/libqvrservice.so in namespace (default)
01-01 06:03:00.285 0 0 I init : Service 'sxrd' (pid 12549) exited with status 1
01-01 06:03:00.292 0 0 I init : Sending signal 9 to service 'sxrd' (pid 12549) process group...
01-01 06:03:00.641 0 0 D : mv2112_read_status
01-01 06:03:00.645 0 0 D mv2112_update_link: 3.0x901(1G): 0x4
01-01 06:03:00.650 0 0 D mv2112_update_link: 3.0x8109(100M): 0x8
01-01 06:03:00.655 0 0 D mv2112_update_link: link 0x4
01-01 06:03:00.659 0 0 D mv2112_read_status: autoneg is disabled
01-01 06:03:01.665 0 0 D : mv2112_read_status
01-01 06:03:01.669 0 0 D mv2112_update_link: 3.0x901(1G): 0x4
01-01 06:03:01.674 0 0 D mv2112_update_link: 3.0x8109(100M): 0x8
01-01 06:03:01.679 0 0 D mv2112_update_link: link 0x4
01-01 06:03:01.683 0 0 D mv2112_read_status: autoneg is disabled
01-01 06:03:02.689 0 0 D : mv2112_read_status
01-01 06:03:02.693 0 0 D mv2112_update_link: 3.0x901(1G): 0x4
01-01 06:03:02.698 0 0 D mv2112_update_link: 3.0x8109(100M): 0x8
01-01 06:03:02.703 0 0 D mv2112_update_link: link 0x4
01-01 06:03:02.707 0 0 D mv2112_read_status: autoneg is disabled
01-01 06:03:03.713 0 0 D : mv2112_read_status
01-01 06:03:03.717 0 0 D mv2112_update_link: 3.0x901(1G): 0x4
01-01 06:03:03.722 0 0 D mv2112_update_link: 3.0x8109(100M): 0x8
01-01 06:03:03.727 0 0 D mv2112_update_link: link 0x4
01-01 06:03:03.731 0 0 D mv2112_read_status: autoneg is disabled
01-01 06:03:04.003 0 0 I init : starting service 'vendor.light-hal-2-0'...
01-01 06:03:04.087 0 0 I init : Service 'vendor.light-hal-2-0' (pid 12698) exited with status 0
01-01 06:03:04.095 0 0 I init : Sending signal 9 to service 'vendor.light-hal-2-0' (pid 12698) process group...
01-01 06:03:04.106 0 0 I libprocessgroup: Successfully killed process cgroup uid 1000 pid 12698 in 1ms
01-01 06:03:04.737 0 0 D : mv2112_read_status
01-01 06:03:04.741 0 0 D mv2112_update_link: 3.0x901(1G): 0x4
01-01 06:03:04.746 0 0 D mv2112_update_link: 3.0x8109(100M): 0x8
01-01 06:03:04.751 0 0 D mv2112_update_link: link 0x4
01-01 06:03:04.755 0 0 D mv2112_read_status: autoneg is disabled
01-01 06:03:05.226 0 0 I init : starting service 'qvrd_vndr'...
01-01 06:03:05.235 0 0 I init : Created socket '/dev/socket/qvrservice_vndr', mode 660, user 1000, group 1000
01-01 06:03:05.246 0 0 I init : Created socket '/dev/socket/qvrservice_vndr_camera', mode 660, user 1000, group 1000
01-01 06:03:05.277 0 0 I init : starting service 'sxrd'...
08-16 16:59:27.499 12701 12701 F linker : CANNOT LINK EXECUTABLE "/vendor/bin/hw/qvrservice": library "vendor.qti.hardware.qxr-V1-ndk_platform.so" not found: needed by /vendor/lib64/libqvrservice.so in namespace (default)
01-01 06:03:05.305 0 0 I init : Service 'qvrd_vndr' (pid 12701) exited with status 1
01-01 06:03:05.312 0 0 I init : Sending signal 9 to service 'qvrd_vndr' (pid 12701) process group...
08-16 16:59:27.517 12702 12702 F linker : CANNOT LINK EXECUTABLE "/vendor/bin/hw/sxrservice": library "vendor.qti.hardware.qxr-V1-ndk_platform.so" not found: needed by main executable
01-01 06:03:05.761 0 0 D : mv2112_read_status
01-01 06:03:05.764 0 0 D mv2112_update_link: 3.0x901(1G): 0x4
01-01 06:03:05.770 0 0 D mv2112_update_link: 3.0x8109(100M): 0x8
01-01 06:03:05.775 0 0 D mv2112_update_link: link 0x4
01-01 06:03:05.779 0 0 D mv2112_read_status: autoneg is disabled
01-01 06:03:06.785 0 0 D : mv2112_read_status
01-01 06:03:06.789 0 0 D mv2112_update_link: 3.0x901(1G): 0x4
01-01 06:03:06.794 0 0 D mv2112_update_link: 3.0x8109(100M): 0x8
01-01 06:03:06.799 0 0 D mv2112_update_link: link 0x4
01-01 06:03:06.803 0 0 D mv2112_read_status: autoneg is disabled
01-01 06:03:07.809 0 0 D : mv2112_read_status
01-01 06:03:07.812 0 0 D mv2112_update_link: 3.0x901(1G): 0x4
01-01 06:03:07.817 0 0 D mv2112_update_link: 3.0x8109(100M): 0x8
01-01 06:03:07.822 0 0 D mv2112_update_link: link 0x4
01-01 06:03:07.826 0 0 D mv2112_read_status: autoneg is disabled
01-01 06:03:08.833 0 0 D : mv2112_read_status
01-01 06:03:08.836 0 0 D mv2112_update_link: 3.0x901(1G): 0x4
01-01 06:03:08.841 0 0 D mv2112_update_link: 3.0x8109(100M): 0x8
01-01 06:03:08.846 0 0 D mv2112_update_link: link 0x4
01-01 06:03:08.850 0 0 D mv2112_read_status: autoneg is disabled
01-01 06:03:09.032 0 0 I init : starting service 'vendor.light-hal-2-0'...
01-01 06:03:09.112 0 0 I init : Service 'vendor.light-hal-2-0' (pid 12851) exited with status 0
01-01 06:03:09.120 0 0 I init : Sending signal 9 to service 'vendor.light-hal-2-0' (pid 12851) process group...
01-01 06:03:09.131 0 0 I libprocessgroup: Successfully killed process cgroup uid 1000 pid 12851 in 1ms
01-01 06:03:09.857 0 0 D : mv2112_read_status
01-01 06:03:09.861 0 0 D mv2112_update_link: 3.0x901(1G): 0x4
01-01 06:03:09.866 0 0 D mv2112_update_link: 3.0x8109(100M): 0x8
01-01 06:03:09.871 0 0 D mv2112_update_link: link 0x4
01-01 06:03:09.875 0 0 D mv2112_read_status: autoneg is disabled
01-01 06:03:10.275 0 0 I init : starting service 'qvrd_vndr'...
01-01 06:03:10.288 0 0 I init : Created socket '/dev/socket/qvrservice_vndr', mode 660, user 1000, group 1000
01-01 06:03:10.299 0 0 I init : Created socket '/dev/socket/qvrservice_vndr_camera', mode 660, user 1000, group 1000
01-01 06:03:10.350 0 0 I init : starting service 'sxrd'...
08-16 16:59:32.563 12855 12855 F linker : CANNOT LINK EXECUTABLE "/vendor/bin/hw/qvrservice": library "vendor.qti.hardware.qxr-V1-ndk_platform.so" not found: needed by /vendor/lib64/libqvrservice.so in namespace (default)
01-01 06:03:10.369 0 0 I init : Service 'qvrd_vndr' (pid 12855) exited with status 1
01-01 06:03:10.375 0 0 I init : Sending signal 9 to service 'qvrd_vndr' (pid 12855) process group...
08-16 16:59:32.614 12856 12856 F linker : CANNOT LINK EXECUTABLE "/vendor/bin/hw/sxrservice": library "vendor.qti.hardware.qxr-V1-ndk_platform.so" not found: needed by main executable
01-01 06:03:10.881 0 0 D : mv2112_read_status
01-01 06:03:10.885 0 0 D mv2112_update_link: 3.0x901(1G): 0x4
01-01 06:03:10.890 0 0 D mv2112_update_link: 3.0x8109(100M): 0x8
01-01 06:03:10.895 0 0 D mv2112_update_link: link 0x4
01-01 06:03:10.899 0 0 D mv2112_read_status: autoneg is disabled
01-01 06:03:11.905 0 0 D : mv2112_read_status
01-01 06:03:11.909 0 0 D mv2112_update_link: 3.0x901(1G): 0x4
01-01 06:03:11.914 0 0 D mv2112_update_link: 3.0x8109(100M): 0x8
01-01 06:03:11.919 0 0 D mv2112_update_link: link 0x4
01-01 06:03:11.923 0 0 D mv2112_read_status: autoneg is disabled
01-01 06:03:12.929 0 0 D : mv2112_read_status
01-01 06:03:12.932 0 0 D mv2112_update_link: 3.0x901(1G): 0x4
01-01 06:03:12.937 0 0 D mv2112_update_link: 3.0x8109(100M): 0x8
01-01 06:03:12.942 0 0 D mv2112_update_link: link 0x4
01-01 06:03:12.946 0 0 D mv2112_read_status: autoneg is disabled
01-01 06:03:13.953 0 0 D : mv2112_read_status
01-01 06:03:13.957 0 0 D mv2112_update_link: 3.0x901(1G): 0x4
01-01 06:03:13.962 0 0 D mv2112_update_link: 3.0x8109(100M): 0x8
01-01 06:03:13.967 0 0 D mv2112_update_link: link 0x4
01-01 06:03:13.971 0 0 D mv2112_read_status: autoneg is disabled
01-01 06:03:14.062 0 0 I init : starting service 'vendor.light-hal-2-0'...
01-01 06:03:14.165 0 0 I init : Service 'vendor.light-hal-2-0' (pid 13001) exited with status 0
01-01 06:03:14.173 0 0 I init : Sending signal 9 to service 'vendor.light-hal-2-0' (pid 13001) process group...
01-01 06:03:14.183 0 0 I libprocessgroup: Successfully killed process cgroup uid 1000 pid 13001 in 0ms
08-16 16:59:36.873 1142 1220 I DropBoxManagerService: add tag=system_app_strictmode isTagEnabled=true flags=0x2
08-16 16:59:36.895 1142 1218 D AutofillManagerService: Close system dialogs
01-01 06:03:14.976 0 0 D : mv2112_read_status
01-01 06:03:14.980 0 0 D mv2112_update_link: 3.0x901(1G): 0x4
01-01 06:03:14.985 0 0 D mv2112_update_link: 3.0x8109(100M): 0x8
01-01 06:03:14.990 0 0 D mv2112_update_link: link 0x4
01-01 06:03:14.994 0 0 D mv2112_read_status: autoneg is disabled
01-01 06:03:15.342 0 0 I init : starting service 'qvrd_vndr'...
01-01 06:03:15.351 0 0 I init : Created socket '/dev/socket/qvrservice_vndr', mode 660, user 1000, group 1000
01-01 06:03:15.362 0 0 I init : Created socket '/dev/socket/qvrservice_vndr_camera', mode 660, user 1000, group 1000
01-01 06:03:15.404 0 0 I init : starting service 'sxrd'...
08-16 16:59:37.627 13006 13006 F linker : CANNOT LINK EXECUTABLE "/vendor/bin/hw/qvrservice": library "vendor.qti.hardware.qxr-V1-ndk_platform.so" not found: needed by /vendor/lib64/libqvrservice.so in namespace (default)
08-16 16:59:37.640 13007 13007 F linker : CANNOT LINK EXECUTABLE "/vendor/bin/hw/sxrservice": library "vendor.qti.hardware.qxr-V1-ndk_platform.so" not found: needed by main executable
01-01 06:03:15.433 0 0 I init : Service 'qvrd_vndr' (pid 13006) exited with status 1
01-01 06:03:15.441 0 0 I init : Sending signal 9 to service 'qvrd_vndr' (pid 13006) process group...
01-01 06:03:16.000 0 0 D : mv2112_read_status
01-01 06:03:16.004 0 0 D mv2112_update_link: 3.0x901(1G): 0x4
01-01 06:03:16.009 0 0 D mv2112_update_link: 3.0x8109(100M): 0x8
01-01 06:03:16.014 0 0 D mv2112_update_link: link 0x4
01-01 06:03:16.018 0 0 D mv2112_read_status: autoneg is disabled
08-16 16:59:38.395 1142 1219 D AutofillManagerService: onBackKeyPressed()
08-16 16:59:38.831 1142 1221 I ActivityManager: PendingStartActivityUids startActivity to updateOomAdj delay:1958ms, uid:10118
08-16 16:59:38.897 1142 1233 W UsageStatsService: Unexpected activity event reported! (com.android.launcher3/com.android.launcher3.uioverrides.QuickstepLauncher event : 23 instanceId : 188335284)
01-01 06:03:17.025 0 0 D : mv2112_read_status
01-01 06:03:17.029 0 0 D mv2112_update_link: 3.0x901(1G): 0x4
01-01 06:03:17.034 0 0 D mv2112_update_link: 3.0x8109(100M): 0x8
01-01 06:03:17.039 0 0 D mv2112_update_link: link 0x4
01-01 06:03:17.043 0 0 D mv2112_read_status: autoneg is disabled
08-16 16:59:39.264 1142 1219 D AutofillManagerService: onBackKeyPressed()
08-16 16:59:40.190 1142 1219 D AutofillManagerService: onBackKeyPressed()
01-01 06:03:18.050 0 0 D : mv2112_read_status
01-01 06:03:18.053 0 0 D mv2112_update_link: 3.0x901(1G): 0x4
01-01 06:03:18.058 0 0 D mv2112_update_link: 3.0x8109(100M): 0x8
01-01 06:03:18.063 0 0 D mv2112_update_link: link 0x4
01-01 06:03:18.068 0 0 D mv2112_read_status: autoneg is disabled
08-16 16:59:41.015 1142 1219 D AutofillManagerService: onBackKeyPressed()
01-01 06:03:19.072 0 0 D : mv2112_read_status
01-01 06:03:19.076 0 0 D mv2112_update_link: 3.0x901(1G): 0x4
01-01 06:03:19.081 0 0 D mv2112_update_link: 3.0x8109(100M): 0x8
01-01 06:03:19.085 0 0 I init : starting service 'vendor.light-hal-2-0'...
01-01 06:03:19.086 0 0 D mv2112_update_link: link 0x4
01-01 06:03:19.096 0 0 D mv2112_read_status: autoneg is disabled
01-01 06:03:19.138 0 0 I init : Service 'vendor.light-hal-2-0' (pid 13175) exited with status 0
01-01 06:03:19.146 0 0 I init : Sending signal 9 to service 'vendor.light-hal-2-0' (pid 13175) process group...
01-01 06:03:19.155 0 0 I libprocessgroup: Successfully killed process cgroup uid 1000 pid 13175 in 0ms
08-16 16:59:41.548 1142 1222 W ActivityTaskManager: Can't find TaskDisplayArea to determine support for multi window. Task id=88 attached=false
08-16 16:59:41.548 1142 1222 W ActivityTaskManager: Can't find TaskDisplayArea to determine support for multi window. Task id=88 attached=false
01-01 06:03:20.129 0 0 D : mv2112_read_status
01-01 06:03:20.132 0 0 D mv2112_update_link: 3.0x901(1G): 0x4
01-01 06:03:20.137 0 0 D mv2112_update_link: 3.0x8109(100M): 0x8
01-01 06:03:20.142 0 0 D mv2112_update_link: link 0x4
01-01 06:03:20.146 0 0 D mv2112_read_status: autoneg is disabled
01-01 06:03:20.397 0 0 I init : starting service 'qvrd_vndr'...
01-01 06:03:20.403 0 0 I init : Created socket '/dev/socket/qvrservice_vndr', mode 660, user 1000, group 1000
01-01 06:03:20.414 0 0 I init : Created socket '/dev/socket/qvrservice_vndr_camera', mode 660, user 1000, group 1000
01-01 06:03:20.436 0 0 I init : starting service 'sxrd'...
08-16 16:59:42.660 13178 13178 F linker : CANNOT LINK EXECUTABLE "/vendor/bin/hw/qvrservice": library "vendor.qti.hardware.qxr-V1-ndk_platform.so" not found: needed by /vendor/lib64/libqvrservice.so in namespace (default)
08-16 16:59:42.675 13179 13179 F linker : CANNOT LINK EXECUTABLE "/vendor/bin/hw/sxrservice": library "vendor.qti.hardware.qxr-V1-ndk_platform.so" not found: needed by main executable
01-01 06:03:20.466 0 0 I init : Service 'qvrd_vndr' (pid 13178) exited with status 1
01-01 06:03:20.473 0 0 I init : Sending signal 9 to service 'qvrd_vndr' (pid 13178) process group...
08-16 16:59:43.080 1142 1218 D AutofillManagerService: Close system dialogs
01-01 06:03:21.152 0 0 D : mv2112_read_status
01-01 06:03:21.156 0 0 D mv2112_update_link: 3.0x901(1G): 0x4
01-01 06:03:21.161 0 0 D mv2112_update_link: 3.0x8109(100M): 0x8
01-01 06:03:21.166 0 0 D mv2112_update_link: link 0x4
01-01 06:03:21.170 0 0 D mv2112_read_status: autoneg is disabled
01-01 06:03:22.177 0 0 D : mv2112_read_status
01-01 06:03:22.181 0 0 D mv2112_update_link: 3.0x901(1G): 0x4
01-01 06:03:22.186 0 0 D mv2112_update_link: 3.0x8109(100M): 0x8
01-01 06:03:22.191 0 0 D mv2112_update_link: link 0x4
01-01 06:03:22.195 0 0 D mv2112_read_status: autoneg is disabled
08-16 16:59:44.562 1142 2883 E TaskPersister: File error accessing recents directory (directory doesn't exist?).
01-01 06:03:23.201 0 0 D : mv2112_read_status
01-01 06:03:23.205 0 0 D mv2112_update_link: 3.0x901(1G): 0x4
01-01 06:03:23.210 0 0 D mv2112_update_link: 3.0x8109(100M): 0x8
01-01 06:03:23.215 0 0 D mv2112_update_link: link 0x4
01-01 06:03:23.219 0 0 D mv2112_read_status: autoneg is disabled
01-01 06:03:24.103 0 0 I init : starting service 'vendor.light-hal-2-0'...
01-01 06:03:24.205 0 0 I init : Service 'vendor.light-hal-2-0' (pid 13336) exited with status 0
01-01 06:03:24.213 0 0 I init : Sending signal 9 to service 'vendor.light-hal-2-0' (pid 13336) process group...
01-01 06:03:24.223 0 0 I libprocessgroup: Successfully killed process cgroup uid 1000 pid 13336 in 0ms
01-01 06:03:24.224 0 0 D : mv2112_read_status
01-01 06:03:24.235 0 0 D mv2112_update_link: 3.0x901(1G): 0x4
01-01 06:03:24.240 0 0 D mv2112_update_link: 3.0x8109(100M): 0x8
01-01 06:03:24.245 0 0 D mv2112_update_link: link 0x4
01-01 06:03:24.249 0 0 D mv2112_read_status: autoneg is disabled
01-01 06:03:25.281 0 0 D : mv2112_read_status
01-01 06:03:25.285 0 0 D mv2112_update_link: 3.0x901(1G): 0x4
01-01 06:03:25.290 0 0 D mv2112_update_link: 3.0x8109(100M): 0x8
01-01 06:03:25.295 0 0 D mv2112_update_link: link 0x4
01-01 06:03:25.299 0 0 D mv2112_read_status: autoneg is disabled
01-01 06:03:25.433 0 0 I init : starting service 'qvrd_vndr'...
01-01 06:03:25.440 0 0 I init : Created socket '/dev/socket/qvrservice_vndr', mode 660, user 1000, group 1000
01-01 06:03:25.450 0 0 I init : Created socket '/dev/socket/qvrservice_vndr_camera', mode 660, user 1000, group 1000
01-01 06:03:25.474 0 0 I init : starting service 'sxrd'...
08-16 16:59:47.703 13340 13340 F linker : CANNOT LINK EXECUTABLE "/vendor/bin/hw/qvrservice": library "vendor.qti.hardware.qxr-V1-ndk_platform.so" not found: needed by /vendor/lib64/libqvrservice.so in namespace (default)
08-16 16:59:47.716 13341 13341 F linker : CANNOT LINK EXECUTABLE "/vendor/bin/hw/sxrservice": library "vendor.qti.hardware.qxr-V1-ndk_platform.so" not found: needed by main executable
01-01 06:03:25.509 0 0 I init : Service 'qvrd_vndr' (pid 13340) exited with status 1
01-01 06:03:25.516 0 0 I init : Sending signal 9 to service 'qvrd_vndr' (pid 13340) process group...
01-01 06:03:26.305 0 0 D : mv2112_read_status
01-01 06:03:26.309 0 0 D mv2112_update_link: 3.0x901(1G): 0x4
01-01 06:03:26.314 0 0 D mv2112_update_link: 3.0x8109(100M): 0x8
01-01 06:03:26.319 0 0 D mv2112_update_link: link 0x4
01-01 06:03:26.323 0 0 D mv2112_read_status: autoneg is disabled
01-01 06:03:27.329 0 0 D : mv2112_read_status
01-01 06:03:27.333 0 0 D mv2112_update_link: 3.0x901(1G): 0x4
01-01 06:03:27.338 0 0 D mv2112_update_link: 3.0x8109(100M): 0x8
01-01 06:03:27.343 0 0 D mv2112_update_link: link 0x4
01-01 06:03:27.347 0 0 D mv2112_read_status: autoneg is disabled
01-01 06:03:28.353 0 0 D : mv2112_read_status
01-01 06:03:28.357 0 0 D mv2112_update_link: 3.0x901(1G): 0x4
01-01 06:03:28.362 0 0 D mv2112_update_link: 3.0x8109(100M): 0x8
01-01 06:03:28.367 0 0 D mv2112_update_link: link 0x4
01-01 06:03:28.371 0 0 D mv2112_read_status: autoneg is disabled
01-01 06:03:29.125 0 0 I init : starting service 'vendor.light-hal-2-0'...
01-01 06:03:29.206 0 0 I init : Service 'vendor.light-hal-2-0' (pid 13495) exited with status 0
01-01 06:03:29.213 0 0 I init : Sending signal 9 to service 'vendor.light-hal-2-0' (pid 13495) process group...
01-01 06:03:29.223 0 0 I libprocessgroup: Successfully killed process cgroup uid 1000 pid 13495 in 0ms
01-01 06:03:29.376 0 0 D : mv2112_read_status
01-01 06:03:29.380 0 0 D mv2112_update_link: 3.0x901(1G): 0x4
01-01 06:03:29.386 0 0 D mv2112_update_link: 3.0x8109(100M): 0x8
01-01 06:03:29.392 0 0 D mv2112_update_link: link 0x4
01-01 06:03:29.396 0 0 D mv2112_read_status: autoneg is disabled
08-16 16:59:51.667 1142 1984 I ActivityTaskManager: START u0 {act=android.intent.action.MAIN cat=[android.intent.category.LAUNCHER] flg=0x10300000 pkg=com.android.gallery3d cmp=com.android.gallery3d/.app.GalleryActivity} from uid 10118
08-16 16:59:51.678 1142 1984 V SplashScreenExceptionList: SplashScreen checking exception for package com.android.gallery3d (target sdk:29) -> false
08-16 16:59:51.684 1822 2010 D PhoneStartingWindowTypeAlgorithm: preferredStartingWindowType newTask:true taskSwitch:true processRunning:true allowTaskSnapshot:true activityCreated:false useEmptySplashScreen:true legacySplashScreen:false topIsHome:false
08-16 16:59:51.684 1822 2010 D StartingSurfaceDrawer: addSplashScreen com.android.gallery3d theme=7f120034 task=88 suggestType=3
08-16 16:59:51.688 1822 2011 D StartingSurfaceDrawer: window attributes color: 0 icon null duration 0 brandImage null
08-16 16:59:51.689 1822 2011 D StartingSurfaceDrawer: fillViewWithIcon surfaceWindowView android.window.SplashScreenView{9424155 V.E...... ......ID 0,0-0,0}
08-16 16:59:51.693 1142 1984 I ActivityTaskManager: The Process com.android.gallery3d Already Exists in BG. So sending its PID: 12049
08-16 16:59:51.694 1142 1984 W ActivityTaskManager: Tried to set launchTime (0) < mLastActivityLaunchTime (472268)
08-16 16:59:51.754 1142 2084 W WindowManager: Failed looking up window session=Session{c2a5b66 12049:u0a10106} callers=com.android.server.wm.WindowManagerService.windowForClientLocked:5626 com.android.server.wm.Session.insetsModified:629 android.view.IWindowSession$Stub.onTransact:1151
08-16 16:59:51.821 1822 2010 D StartingSurfaceDrawer: Task start finish, remove starting surface for task 88
08-16 16:59:51.821 1822 2010 V StartingSurfaceDrawer: Removing splash screen window for task: 88
01-01 06:03:30.060 0 0 I perf : interrupt took too long (5022 > 5013), lowering kernel.perf_event_max_sample_rate to 39750
01-01 06:03:30.401 0 0 D : mv2112_read_status
01-01 06:03:30.405 0 0 D mv2112_update_link: 3.0x901(1G): 0x4
01-01 06:03:30.410 0 0 D mv2112_update_link: 3.0x8109(100M): 0x8
01-01 06:03:30.415 0 0 D mv2112_update_link: link 0x4
01-01 06:03:30.419 0 0 D mv2112_read_status: autoneg is disabled
01-01 06:03:30.471 0 0 I init : starting service 'qvrd_vndr'...
01-01 06:03:30.477 0 0 I init : Created socket '/dev/socket/qvrservice_vndr', mode 660, user 1000, group 1000
01-01 06:03:30.487 0 0 I init : Created socket '/dev/socket/qvrservice_vndr_camera', mode 660, user 1000, group 1000
01-01 06:03:30.513 0 0 I init : starting service 'sxrd'...
08-16 16:59:52.758 13506 13506 F linker : CANNOT LINK EXECUTABLE "/vendor/bin/hw/sxrservice": library "vendor.qti.hardware.qxr-V1-ndk_platform.so" not found: needed by main executable
08-16 16:59:52.762 13505 13505 F linker : CANNOT LINK EXECUTABLE "/vendor/bin/hw/qvrservice": library "vendor.qti.hardware.qxr-V1-ndk_platform.so" not found: needed by /vendor/lib64/libqvrservice.so in namespace (default)
01-01 06:03:30.564 0 0 I init : Service 'sxrd' (pid 13506) exited with status 1
01-01 06:03:30.571 0 0 I init : Sending signal 9 to service 'sxrd' (pid 13506) process group...
01-01 06:03:31.424 0 0 D : mv2112_read_status
01-01 06:03:31.428 0 0 D mv2112_update_link: 3.0x901(1G): 0x4
01-01 06:03:31.433 0 0 D mv2112_update_link: 3.0x8109(100M): 0x8
01-01 06:03:31.438 0 0 D mv2112_update_link: link 0x4
01-01 06:03:31.442 0 0 D mv2112_read_status: autoneg is disabled
01-01 06:03:32.449 0 0 D : mv2112_read_status
01-01 06:03:32.452 0 0 D mv2112_update_link: 3.0x901(1G): 0x4
01-01 06:03:32.457 0 0 D mv2112_update_link: 3.0x8109(100M): 0x8
01-01 06:03:32.462 0 0 D mv2112_update_link: link 0x4
01-01 06:03:32.466 0 0 D mv2112_read_status: autoneg is disabled
08-16 16:59:54.758 1142 1220 I DropBoxManagerService: add tag=system_app_strictmode isTagEnabled=true flags=0x2
08-16 16:59:54.783 1142 1218 D AutofillManagerService: Close system dialogs
08-16 16:59:55.211 1142 2883 E TaskPersister: File error accessing recents directory (directory doesn't exist?).
08-16 16:59:55.603 1142 1233 W UsageStatsService: Unexpected activity event reported! (com.android.launcher3/com.android.launcher3.uioverrides.QuickstepLauncher event : 23 instanceId : 188335284)
01-01 06:03:33.472 0 0 D : mv2112_read_status
01-01 06:03:33.476 0 0 D mv2112_update_link: 3.0x901(1G): 0x4
01-01 06:03:33.481 0 0 D mv2112_update_link: 3.0x8109(100M): 0x8
01-01 06:03:33.486 0 0 D mv2112_update_link: link 0x4
01-01 06:03:33.491 0 0 D mv2112_read_status: autoneg is disabled
01-01 06:03:34.144 0 0 I init : starting service 'vendor.light-hal-2-0'...
01-01 06:03:34.227 0 0 I init : Service 'vendor.light-hal-2-0' (pid 13680) exited with status 0
01-01 06:03:34.236 0 0 I init : Sending signal 9 to service 'vendor.light-hal-2-0' (pid 13680) process group...
01-01 06:03:34.247 0 0 I libprocessgroup: Successfully killed process cgroup uid 1000 pid 13680 in 0ms
01-01 06:03:34.497 0 0 D : mv2112_read_status
01-01 06:03:34.501 0 0 D mv2112_update_link: 3.0x901(1G): 0x4
01-01 06:03:34.506 0 0 D mv2112_update_link: 3.0x8109(100M): 0x8
01-01 06:03:34.511 0 0 D mv2112_update_link: link 0x4
01-01 06:03:34.515 0 0 D mv2112_read_status: autoneg is disabled
08-16 16:59:57.416 1142 1219 D AutofillManagerService: onBackKeyPressed()
01-01 06:03:35.509 0 0 I init : starting service 'qvrd_vndr'...
01-01 06:03:35.518 0 0 I init : Created socket '/dev/socket/qvrservice_vndr', mode 660, user 1000, group 1000
01-01 06:03:35.521 0 0 D : mv2112_read_status
01-01 06:03:35.529 0 0 I init : Created socket '/dev/socket/qvrservice_vndr_camera', mode 660, user 1000, group 1000
01-01 06:03:35.530 0 0 D mv2112_update_link: 3.0x901(1G): 0x4
01-01 06:03:35.545 0 0 D mv2112_update_link: 3.0x8109(100M): 0x8
01-01 06:03:35.550 0 0 D mv2112_update_link: link 0x4
01-01 06:03:35.554 0 0 D mv2112_read_status: autoneg is disabled
01-01 06:03:35.564 0 0 I init : starting service 'sxrd'...
08-16 16:59:57.799 13688 13688 F linker : CANNOT LINK EXECUTABLE "/vendor/bin/hw/qvrservice": library "vendor.qti.hardware.qxr-V1-ndk_platform.so" not found: needed by /vendor/lib64/libqvrservice.so in namespace (default)
08-16 16:59:57.801 13689 13689 F linker : CANNOT LINK EXECUTABLE "/vendor/bin/hw/sxrservice": library "vendor.qti.hardware.qxr-V1-ndk_platform.so" not found: needed by main executable
01-01 06:03:35.606 0 0 I init : Service 'qvrd_vndr' (pid 13688) exited with status 1
01-01 06:03:35.613 0 0 I init : Sending signal 9 to service 'qvrd_vndr' (pid 13688) process group...
08-16 16:59:57.952 1142 1222 W ActivityTaskManager: Can't find TaskDisplayArea to determine support for multi window. Task id=88 attached=false
08-16 16:59:57.952 1142 1222 W ActivityTaskManager: Can't find TaskDisplayArea to determine support for multi window. Task id=88 attached=false
01-01 06:03:36.577 0 0 D : mv2112_read_status
01-01 06:03:36.581 0 0 D mv2112_update_link: 3.0x901(1G): 0x4
01-01 06:03:36.586 0 0 D mv2112_update_link: 3.0x8109(100M): 0x8
01-01 06:03:36.591 0 0 D mv2112_update_link: link 0x4
01-01 06:03:36.595 0 0 D mv2112_read_status: autoneg is disabled
01-01 06:03:37.601 0 0 D : mv2112_read_status
01-01 06:03:37.605 0 0 D mv2112_update_link: 3.0x901(1G): 0x4
01-01 06:03:37.610 0 0 D mv2112_update_link: 3.0x8109(100M): 0x8
01-01 06:03:37.615 0 0 D mv2112_update_link: link 0x4
01-01 06:03:37.619 0 0 D mv2112_read_status: autoneg is disabled
08-16 17:00:00.304 1142 1982 I ActivityTaskManager: START u0 {act=android.intent.action.MAIN cat=[android.intent.category.LAUNCHER] flg=0x10200000 pkg=com.android.mms cmp=com.android.mms/.ui.ConversationList bnds=[2150,516][2344,756]} from uid 10118
08-16 17:00:00.316 1822 2010 D PhoneStartingWindowTypeAlgorithm: preferredStartingWindowType newTask:false taskSwitch:true processRunning:true allowTaskSnapshot:true activityCreated:true useEmptySplashScreen:false legacySplashScreen:false topIsHome:false
08-16 17:00:00.316 1822 2010 D PhoneStartingWindowTypeAlgorithm: isSnapshotCompatible rotation 0 snapshot 0
08-16 17:00:00.404 1822 2010 D StartingSurfaceDrawer: Task start finish, remove starting surface for task 85
01-01 06:03:38.250 0 0 I btfm_slim_hw_init: PGD Enum Addr: 00:01:20:02:17: 02
01-01 06:03:38.256 0 0 I btfm_slim_hw_init: IFD Enum Addr: 00:00:20:02:17: 02
01-01 06:03:38.262 0 0 I btfm_slim_hw_init: chipset soc version:400a0200
01-01 06:03:38.268 0 0 I btfm_slim_hw_init: chipset is hastings 2.0, overwriting EA
01-01 06:03:38.275 0 0 I btfm_slim_hw_init: PGD Enum Addr: 00:01:20:02:17: 02
01-01 06:03:38.281 0 0 I btfm_slim_hw_init: IFD Enum Addr: 00:00:20:02:17: 02
01-01 06:03:38.288 0 0 I btfm_slim_alloc_port: chipset soc version:400a0200
01-01 06:03:38.305 0 0 I btfm_slim_enable_ch: chipset soc version:400a0200
01-01 06:03:38.311 0 0 I btfm_slim_enable_ch: channel define - prot:2, dataf:0, auxf:0
01-01 06:03:38.319 0 0 I btfm_slim_enable_ch: channel define - rates:44100, baser:2, ratem:4
01-01 06:03:38.326 0 0 I btfm_slim_enable_ch: slim_connect_sink(port: 16, ch: 157)
01-01 06:03:38.334 0 0 I btfm_slim_enable_ch: port: 16, ch: 157, grp: 0, ch->grph: 0x0, ch_hdl: 0x1d
01-01 06:03:38.343 0 0 I __afe_port_start: port id: 0x400e
01-01 06:03:38.348 0 0 I afe_find_cal_topo_id_by_port: port id: 0x400e, dev_acdb_id: 20
01-01 06:03:38.355 0 0 I afe_find_cal_topo_id_by_port: top_id:112fc acdb_id:20 afe_port_id:0x400e
01-01 06:03:38.363 0 0 I afe_get_cal_topology_id: port_id = 0x400e acdb_id = 20 topology_id = 0x112fc cal_type_index=8 ret=0
01-01 06:03:38.374 0 0 I afe_send_port_topology_id: AFE set topology id 0x112fc enable for port 0x400e ret 0
01-01 06:03:38.383 0 0 I send_afe_cal_type: cal_index is 0
01-01 06:03:38.388 0 0 I send_afe_cal_type: dev_acdb_id[119] is 20
01-01 06:03:38.393 0 0 I afe_find_cal: cal_index 0 port_id 0x400e port_index 119
01-01 06:03:38.400 0 0 I afe_find_cal: acdb_id 20 dev_acdb_id 20 sample_rate 48000 afe_sample_rates 44100
01-01 06:03:38.408 0 0 I afe_find_cal: no matching cal_block found
01-01 06:03:38.414 0 0 E : send_afe_cal_type cal_block not found!!
01-01 06:03:38.419 0 0 I afe_send_hw_delay: port_id 0x400e rate 44100 delay_usec 0 status 0
01-01 06:03:38.624 0 0 D : mv2112_read_status
01-01 06:03:38.628 0 0 D mv2112_update_link: 3.0x901(1G): 0x4
01-01 06:03:38.634 0 0 D mv2112_update_link: 3.0x8109(100M): 0x8
01-01 06:03:38.639 0 0 D mv2112_update_link: link 0x4
01-01 06:03:38.643 0 0 D mv2112_read_status: autoneg is disabled
01-01 06:03:39.174 0 0 I init : starting service 'vendor.light-hal-2-0'...
01-01 06:03:39.284 0 0 I init : Service 'vendor.light-hal-2-0' (pid 13845) exited with status 0
01-01 06:03:39.292 0 0 I init : Sending signal 9 to service 'vendor.light-hal-2-0' (pid 13845) process group...
08-16 17:00:01.488 1142 2883 E TaskPersister: File error accessing recents directory (directory doesn't exist?).
01-01 06:03:39.302 0 0 I libprocessgroup: Successfully killed process cgroup uid 1000 pid 13845 in 0ms
08-16 17:00:01.844 1142 1220 I DropBoxManagerService: add tag=system_app_strictmode isTagEnabled=true flags=0x2
01-01 06:03:39.649 0 0 D : mv2112_read_status
01-01 06:03:39.653 0 0 D mv2112_update_link: 3.0x901(1G): 0x4
01-01 06:03:39.658 0 0 D mv2112_update_link: 3.0x8109(100M): 0x8
01-01 06:03:39.665 0 0 D mv2112_update_link: link 0x4
01-01 06:03:39.669 0 0 D mv2112_read_status: autoneg is disabled
08-16 17:00:01.866 1142 1218 D AutofillManagerService: Close system dialogs
08-16 17:00:02.621 1142 1233 W UsageStatsService: Unexpected activity event reported! (com.android.launcher3/com.android.launcher3.uioverrides.QuickstepLauncher event : 23 instanceId : 188335284)
01-01 06:03:40.563 0 0 I init : starting service 'qvrd_vndr'...
01-01 06:03:40.571 0 0 I init : Created socket '/dev/socket/qvrservice_vndr', mode 660, user 1000, group 1000
01-01 06:03:40.582 0 0 I init : Created socket '/dev/socket/qvrservice_vndr_camera', mode 660, user 1000, group 1000
01-01 06:03:40.626 0 0 I init : starting service 'sxrd'...
08-16 17:00:02.861 13852 13852 F linker : CANNOT LINK EXECUTABLE "/vendor/bin/hw/qvrservice": library "vendor.qti.hardware.qxr-V1-ndk_platform.so" not found: needed by /vendor/lib64/libqvrservice.so in namespace (default)
08-16 17:00:02.872 13853 13853 F linker : CANNOT LINK EXECUTABLE "/vendor/bin/hw/sxrservice": library "vendor.qti.hardware.qxr-V1-ndk_platform.so" not found: needed by main executable
01-01 06:03:40.667 0 0 I init : Service 'qvrd_vndr' (pid 13852) exited with status 1
01-01 06:03:40.673 0 0 D : mv2112_read_status
01-01 06:03:40.674 0 0 I init : Sending signal 9 to service 'qvrd_vndr' (pid 13852) process group...
01-01 06:03:40.677 0 0 D mv2112_update_link: 3.0x901(1G): 0x4
01-01 06:03:40.690 0 0 D mv2112_update_link: 3.0x8109(100M): 0x8
01-01 06:03:40.695 0 0 D mv2112_update_link: link 0x4
01-01 06:03:40.699 0 0 D mv2112_read_status: autoneg is disabled
01-01 06:03:41.729 0 0 D : mv2112_read_status
01-01 06:03:41.733 0 0 D mv2112_update_link: 3.0x901(1G): 0x4
01-01 06:03:41.738 0 0 D mv2112_update_link: 3.0x8109(100M): 0x8
01-01 06:03:41.743 0 0 D mv2112_update_link: link 0x4
01-01 06:03:41.747 0 0 D mv2112_read_status: autoneg is disabled
01-01 06:03:41.886 0 0 I afe_close: port_id = 0x400e
01-01 06:03:41.898 0 0 I btfm_slim_disable_ch: port:16, grp: 0, ch->grph:0x0, ch->ch_hdl:0x1d
01-01 06:03:42.753 0 0 D : mv2112_read_status
01-01 06:03:42.757 0 0 D mv2112_update_link: 3.0x901(1G): 0x4
01-01 06:03:42.762 0 0 D mv2112_update_link: 3.0x8109(100M): 0x8
01-01 06:03:42.767 0 0 D mv2112_update_link: link 0x4
01-01 06:03:42.771 0 0 D mv2112_read_status: autoneg is disabled
08-16 17:00:05.229 1142 1220 I DropBoxManagerService: add tag=system_app_strictmode isTagEnabled=true flags=0x2
08-16 17:00:05.249 1142 1218 D AutofillManagerService: Close system dialogs
01-01 06:03:43.776 0 0 D : mv2112_read_status
01-01 06:03:43.780 0 0 D mv2112_update_link: 3.0x901(1G): 0x4
01-01 06:03:43.785 0 0 D mv2112_update_link: 3.0x8109(100M): 0x8
01-01 06:03:43.790 0 0 D mv2112_update_link: link 0x4
01-01 06:03:43.794 0 0 D mv2112_read_status: autoneg is disabled
01-01 06:03:44.222 0 0 I init : starting service 'vendor.light-hal-2-0'...
01-01 06:03:44.322 0 0 I init : Service 'vendor.light-hal-2-0' (pid 14015) exited with status 0
01-01 06:03:44.330 0 0 I init : Sending signal 9 to service 'vendor.light-hal-2-0' (pid 14015) process group...
01-01 06:03:44.339 0 0 I libprocessgroup: Successfully killed process cgroup uid 1000 pid 14015 in 0ms
01-01 06:03:44.801 0 0 D : mv2112_read_status
01-01 06:03:44.804 0 0 D mv2112_update_link: 3.0x901(1G): 0x4
01-01 06:03:44.809 0 0 D mv2112_update_link: 3.0x8109(100M): 0x8
01-01 06:03:44.814 0 0 D mv2112_update_link: link 0x4
01-01 06:03:44.818 0 0 D mv2112_read_status: autoneg is disabled
01-01 06:03:45.619 0 0 I init : starting service 'qvrd_vndr'...
01-01 06:03:45.625 0 0 I init : Created socket '/dev/socket/qvrservice_vndr', mode 660, user 1000, group 1000
01-01 06:03:45.634 0 0 I init : Created socket '/dev/socket/qvrservice_vndr_camera', mode 660, user 1000, group 1000
01-01 06:03:45.658 0 0 I init : starting service 'sxrd'...
08-16 17:00:07.898 14020 14020 F linker : CANNOT LINK EXECUTABLE "/vendor/bin/hw/sxrservice": library "vendor.qti.hardware.qxr-V1-ndk_platform.so" not found: needed by main executable
08-16 17:00:07.900 14019 14019 F linker : CANNOT LINK EXECUTABLE "/vendor/bin/hw/qvrservice": library "vendor.qti.hardware.qxr-V1-ndk_platform.so" not found: needed by /vendor/lib64/libqvrservice.so in namespace (default)
01-01 06:03:45.705 0 0 I init : Service 'sxrd' (pid 14020) exited with status 1
01-01 06:03:45.712 0 0 I init : Sending signal 9 to service 'sxrd' (pid 14020) process group...
01-01 06:03:45.825 0 0 D : mv2112_read_status
01-01 06:03:45.829 0 0 D mv2112_update_link: 3.0x901(1G): 0x4
01-01 06:03:45.834 0 0 D mv2112_update_link: 3.0x8109(100M): 0x8
01-01 06:03:45.839 0 0 D mv2112_update_link: link 0x4
01-01 06:03:45.843 0 0 D mv2112_read_status: autoneg is disabled
01-01 06:03:46.849 0 0 D : mv2112_read_status
01-01 06:03:46.853 0 0 D mv2112_update_link: 3.0x901(1G): 0x4
01-01 06:03:46.858 0 0 D mv2112_update_link: 3.0x8109(100M): 0x8
01-01 06:03:46.863 0 0 D mv2112_update_link: link 0x4
01-01 06:03:46.867 0 0 D mv2112_read_status: autoneg is disabled
01-01 06:03:47.873 0 0 D : mv2112_read_status
01-01 06:03:47.876 0 0 D mv2112_update_link: 3.0x901(1G): 0x4
01-01 06:03:47.882 0 0 D mv2112_update_link: 3.0x8109(100M): 0x8
01-01 06:03:47.887 0 0 D mv2112_update_link: link 0x4
01-01 06:03:47.891 0 0 D mv2112_read_status: autoneg is disabled
01-01 06:03:48.897 0 0 D : mv2112_read_status
01-01 06:03:48.901 0 0 D mv2112_update_link: 3.0x901(1G): 0x4
01-01 06:03:48.906 0 0 D mv2112_update_link: 3.0x8109(100M): 0x8
01-01 06:03:48.911 0 0 D mv2112_update_link: link 0x4
01-01 06:03:48.915 0 0 D mv2112_read_status: autoneg is disabled
01-01 06:03:49.256 0 0 I init : starting service 'vendor.light-hal-2-0'...
01-01 06:03:49.339 0 0 I init : Service 'vendor.light-hal-2-0' (pid 14174) exited with status 0
