--------- beginning of system
01-01 05:55:34.554 562 576 I QISL : QSEE Interrupt Service Listener Thread is started
01-01 05:55:34.561 562 576 I QISL : QSEE Interrupt Service Listener was activated successfully
01-01 05:55:34.574 564 564 I vold : Vold 3.0 (the awakening) firing up
01-01 05:55:34.575 564 564 D vold : Detected support for: ext4 f2fs vfat
01-01 05:55:34.580 564 564 D vold : Found unmanaged dm device named system_ext_a
01-01 05:55:34.580 564 564 D vold : Found unmanaged dm device named odm_a
01-01 05:55:34.580 564 564 D vold : Found unmanaged dm device named system_a
01-01 05:55:34.580 564 564 D vold : Found unmanaged dm device named vendor-verity
01-01 05:55:34.580 564 564 D vold : Found unmanaged dm device named vendor_a
01-01 05:55:34.580 564 564 D vold : Found unmanaged dm device named system_ext-verity
01-01 05:55:34.580 564 564 D vold : Found unmanaged dm device named odm-verity
01-01 05:55:34.580 564 564 D vold : Found unmanaged dm device named product-verity
01-01 05:55:34.580 564 564 D vold : Found unmanaged dm device named system-verity
01-01 05:55:34.580 564 564 D vold : Found unmanaged dm device named product_a
01-01 05:55:34.582 562 562 D SPL : Call QSEECom_register_listener()
01-01 05:55:34.584 564 564 I vold : [libfs_mgr]dt_fstab: Skip disabled entry for partition vendor
01-01 05:55:34.595 564 564 D vold : VoldNativeService::start() completed OK
01-01 05:55:34.651 562 562 D SPL : Registered listener sucessfully!
01-01 05:55:34.651 562 562 D SPL : pipe read-fd [32] write-fd [33]
01-01 05:55:34.651 562 562 D SPL : Create thread
01-01 05:55:34.652 562 562 D SPL : Thread created sucessfully.
01-01 05:55:34.653 562 581 D SPL : spl_dispatch() started
01-01 05:55:34.653 562 581 D SPL : ==== Wait For Request ======
01-01 05:55:34.896 588 588 D spdaemon: Firmware Name [spss2p].
01-01 05:55:34.898 588 588 D spdaemon: Prod FW.
01-01 05:55:34.899 588 588 D spdaemon: firmware_type [p].
01-01 05:55:34.899 588 588 D spdaemon: open() file [/sys/devices/soc0/machine] Failed, ret =-1.
01-01 05:55:34.899 588 588 D spdaemon: soc_type 1048576
01-01 05:55:34.899 588 588 E iardb : [iar_db_get_iar_state] failed to open file /mnt/vendor/spunvm/iar_db/iar_state.bin [13] [Permission denied]
01-01 05:55:34.899 588 588 D iarlib : [iar_get_state] Can't get iar_state, return DISABLED
01-01 05:55:34.899 588 588 I spdaemon: IAR is not activated
01-01 05:55:34.899 588 588 D spdaemon: ------ going to start SP From kernel ------
01-01 05:55:34.899 588 588 I spcomlib: [spcom_restart_sp_subsystem] restart_sp starts
01-01 05:55:34.899 588 588 D spcomlib: [spcom_restart_sp_subsystem] restart_sp - Send PIL request [1]
01-01 05:55:34.925 588 588 D spcomlib: [spcom_restart_sp_subsystem] restart_sp - Restart SP command ok.
01-01 05:55:34.925 588 588 D spcomlib: [spcom_signal_event] event [0] [pil_called] EVENT_STATUS_SIGNALED
01-01 05:55:34.925 588 588 I spcomlib: [spcom_reset_all_app_loaded_prop] start reset all spcomlib apploaded props. --------- beginning of kernel
01-01 05:55:35.183 0 0 I subsys-pil-tz soc: qcom,ipa_uc: ipa_uc: loading from 0x0000000086800000 to 0x0000000086810000
01-01 05:55:35.199 0 0 W subsys-pil-tz soc: qcom,ipa_uc: Falling back to syfs fallback for: ipa_uc.b02
01-01 05:55:35.218 0 0 I subsys-pil-tz soc: qcom,ipa_uc: ipa_uc: Brought out of reset
01-01 05:55:35.219 0 0 E ipa3_uc_wdi_event_log_info_handler: 351 WDI protocol missing 0x21
01-01 05:55:35.233 0 0 E ipa3_uc_ntn_event_log_info_handler: 34 NTN stats ofst=0x500e0
01-01 05:55:36.135 0 0 W ServiceManager: Waited one second for android.system.keystore2.IKeystoreService/default (is service started? are binder threads started and available?)
01-01 05:55:36.151 0 0 I wait_for_keymaster: Keymaster device ready
01-01 05:55:36.161 0 0 I binder : undelivered transaction 224, process died.
01-01 05:55:36.190 0 0 I binder : 628:628 ioctl 40046210 7fd852e384 returned -22
01-01 05:55:36.197 0 0 D ProcessState: Binder ioctl to enable oneway spam detection failed: Invalid argument
01-01 05:55:36.198 0 0 D vdc : Waited 0ms for vold
01-01 05:55:36.248 0 0 I binder : 629:629 ioctl 40046210 7ff0617554 returned -22
01-01 05:55:36.255 0 0 D ProcessState: Binder ioctl to enable oneway spam detection failed: Invalid argument
01-01 05:55:36.255 0 0 D vdc : Waited 0ms for vold
01-01 05:55:36.247 564 564 D vold : fscrypt_mount_metadata_encrypted: /data encrypt: 0 format: 0 with null
01-01 05:55:36.248 564 564 D vold : metadata_key_dir/key: /metadata/vold/metadata_encryption/key
01-01 05:55:36.249 564 564 D vold : Key exists, using: /metadata/vold/metadata_encryption/key
01-01 05:55:36.272 564 564 D vold : Mounting metadata-encrypted filesystem:/data
01-01 05:55:36.277 564 564 I vold : [libfs_mgr]Running /system/bin/fsck.f2fs -a -c 10000 --debug-cache /dev/block/dm-10
01-01 05:55:36.312 0 0 I fsck.f2fs: Info: Fix the reported corruption.
01-01 05:55:36.318 0 0 I fsck.f2fs: Info: No support kernel version!
01-01 05:55:36.323 0 0 I fsck.f2fs: Info: Segments per section = 1
01-01 05:55:36.329 0 0 I fsck.f2fs: Info: Sections per zone = 1
01-01 05:55:36.329 0 0 I fsck.f2fs: Info: sector size = 4096
01-01 05:55:36.329 0 0 I fsck.f2fs: Info: total sectors = 28958163 (113117 MB)
01-01 05:55:36.329 0 0 I fsck.f2fs: Info: MKFS version
01-01 05:55:36.364 0 0 I fsck.f2fs: "4.15.0-175-generic #184-Ubuntu SMP Thu Mar 24 17:48:36 UTC 2022"
01-01 05:55:36.373 0 0 I fsck.f2fs: Info: FSCK version
01-01 05:55:36.377 0 0 I fsck.f2fs: from "4.19.157+"
01-01 05:55:36.390 0 0 I F2FS-fs (dm-10): Reduce reserved blocks for root = 22993
01-01 05:55:36.579 0 0 I F2FS-fs (dm-10): Mounted with checkpoint version = 7d39806c
01-01 05:55:36.579 564 564 I vold : [libfs_mgr]__mount(source=/dev/block/dm-10,target=/data,type=f2fs)=0: Success
01-01 05:55:36.579 564 564 D vold : Mounted /data
01-01 05:55:36.580 564 579 D vold : Disk at 252:10 changed
01-01 05:55:36.609 0 0 I init : Userdata mounted using /vendor/etc/fstab.qcom result : 7
01-01 05:55:36.617 0 0 I init : Keyring created with id 808663713 in process 1
01-01 05:55:36.623 0 0 I init : Command 'mount_all /vendor/etc/fstab.qcom --late' action=late-fs (/vendor/etc/init/hw/init.target.rc:69) took 461ms and succeeded
01-01 05:55:36.639 0 0 I init : processing action (late-fs) from (/vendor/etc/init/keymasterd.rc:5)
01-01 05:55:36.648 0 0 I init : starting service 'vendor.keymasterd'...
01-01 05:55:36.662 0 0 I init : processing action (post-fs-data) from (/system/etc/init/hw/init.rc:633)
01-01 05:55:36.671 0 0 I init : starting service 'exec 10 (/system/bin/vdc checkpoint prepareCheckpoint)'...
01-01 05:55:36.687 0 0 I init : SVC_EXEC service 'exec 10 (/system/bin/vdc checkpoint prepareCheckpoint)' pid 636 (uid 1000 gid 1000+0 context default) started; waiting...
01-01 05:55:36.705 0 0 I binder : 636:636 ioctl 40046210 7fd50b66d4 returned -22
01-01 05:55:36.712 0 0 D ProcessState: Binder ioctl to enable oneway spam detection failed: Invalid argument
01-01 05:55:36.713 0 0 D vdc : Waited 0ms for vold
01-01 05:55:36.705 564 564 I Checkpoint: cp_prepareCheckpoint called
01-01 05:55:36.731 635 637 D spcomlib: [spcom_register_service] spcom_register_service() name [sp_keymaster_ssr] pid [511601454256]
01-01 05:55:36.731 635 637 D spcomlib: [spcom_open] ch [sp_keymaster_ssr] doesn't exist, create it.
01-01 05:55:36.731 635 637 D spcomlib: [spcom_create_channel] Create Channel [sp_keymaster_ssr].
01-01 05:55:36.715 0 0 I init : Service 'exec 10 (/system/bin/vdc checkpoint prepareCheckpoint)' (pid 636) exited with status 0 waiting took 0.030000 seconds
01-01 05:55:36.729 0 0 I init : Sending signal 9 to service 'exec 10 (/system/bin/vdc checkpoint prepareCheckpoint)' (pid 636) process group...
01-01 05:55:36.753 635 637 D spcomlib: [add_ssr_cb] ssr cb added!
01-01 05:55:36.753 635 637 D spcomlib: [start_ssr_thread] ch [spcom] ready!
01-01 05:55:36.753 635 637 D spcomlib: [start_ssr_thread] main pthread self_id [0x1dd2acb0].
01-01 05:55:36.753 635 637 D spcomlib: [start_ssr_thread] pthread_create() ret [0] thread-id [0x1cc2ccb0].
01-01 05:55:36.753 635 637 D spcomlib: [start_ssr_thread] Wait for SSR thread to run.
01-01 05:55:36.753 635 639 D spcomlib: [notify_ssr_thread] SSR pthread self_id [0x1cc2ccb0].
01-01 05:55:36.753 635 637 D spcomlib: [start_ssr_thread] pthread_cond_wait() ret [0].
01-01 05:55:36.753 635 637 D spcomlib: [start_ssr_thread] done.
01-01 05:55:36.753 635 637 D spcomlib: [add_ch] add ch [sp_keymaster_ssr].
01-01 05:55:36.753 635 637 D spcomlib: [spcom_register_service] spcom_register_service() name [sp_keymaster_ssr] pid [511601454256] done
01-01 05:55:36.771 0 0 I binder : 638:638 ioctl 40046210 7fcfc5a5c4 returned -22
01-01 05:55:36.777 0 0 D ProcessState: Binder ioctl to enable oneway spam detection failed: Invalid argument
01-01 05:55:36.778 0 0 D vdc : Waited 0ms for vold
01-01 05:55:36.770 564 564 I vold : fscrypt_initialize_systemwide_keys
01-01 05:55:36.772 564 564 D vold : Key exists, using: /data/unencrypted/key
01-01 05:55:36.790 564 564 D vold : Installed fscrypt key with ref 7d817a4d8506106ba17629f73dcc8d4b to /data
01-01 05:55:36.790 564 564 D vold : Added fscrypt-provisioning key for 7d817a4d8506106ba17629f73dcc8d4b to session keyring
01-01 05:55:36.797 564 564 I vold : Wrote system DE key reference to:/data/unencrypted/ref
01-01 05:55:36.797 564 564 D vold : Generating wrapped storage key
01-01 05:55:36.799 564 564 E vold : keystore2 Keystore generateKey returned service specific error: -67
01-01 05:55:36.799 564 564 W vold : Failed to generate rollback-resistant key. This is expected if keymaster doesn't support rollback resistance. Falling back to non-rollback-resistant key.
01-01 05:55:36.810 564 564 D vold : Installed fscrypt key with ref 32b99f0866faa141a3a046ae7462e748 to /data
01-01 05:55:36.810 564 564 D vold : Added fscrypt-provisioning key for 32b99f0866faa141a3a046ae7462e748 to session keyring
01-01 05:55:36.812 564 564 I vold : Wrote per boot key reference to:/data/unencrypted/per_boot_ref
01-01 05:55:36.826 0 0 I fscrypt : AES-256-CTS-CBC using implementation "cts(cbc-aes-ce)"
01-01 05:55:36.886 0 0 I binder : 648:648 ioctl 40046210 7ff7fdf434 returned -22
01-01 05:55:36.892 0 0 D ProcessState: Binder ioctl to enable oneway spam detection failed: Invalid argument
01-01 05:55:36.893 0 0 D vdc : Waited 0ms for vold
01-01 05:55:36.885 564 564 I incfs : Initial API level of the device: 30
01-01 05:55:36.886 564 564 I incfs : ro.incremental.enable: 1
01-01 05:55:36.886 564 564 I incfs : isFsAvailable: true
01-01 05:55:36.886 564 564 I incfs : isFsAvailable: true
01-01 05:55:36.886 564 564 I incfs : IncFs_Features: v1
01-01 05:55:36.907 564 564 E vold : keystore2 Keystore earlyBootEnded returned service specific error: -68
01-01 05:55:36.956 0 0 I apexd : This device does not support updatable APEX. Exiting
01-01 05:55:36.963 0 0 I apexd : Marking APEXd as activated
01-01 05:55:37.117 0 0 I binder : 654:654 ioctl 40046210 7fd1705af4 returned -22
01-01 05:55:37.124 0 0 D ProcessState: Binder ioctl to enable oneway spam detection failed: Invalid argument
01-01 05:55:37.124 0 0 D vdc : Waited 0ms for vold
01-01 05:55:37.116 564 564 D vold : fscrypt_init_user0
01-01 05:55:37.116 564 564 D vold : Preparing: /data/misc/vold/user_keys
01-01 05:55:37.117 564 564 D vold : Preparing: /data/misc/vold/user_keys/ce
01-01 05:55:37.118 564 564 D vold : Preparing: /data/misc/vold/user_keys/de
01-01 05:55:37.137 564 564 D vold : Installed fscrypt key with ref 62dfcae02f1683f015a4439e7d62bd2c to /data
01-01 05:55:37.137 564 564 D vold : Added fscrypt-provisioning key for 62dfcae02f1683f015a4439e7d62bd2c to session keyring
01-01 05:55:37.137 564 564 D vold : Installed de key for user 0
01-01 05:55:37.137 564 564 D vold : fscrypt_prepare_user_storage for volume null, user 0, serial 0, flags 1
01-01 05:55:37.137 564 564 D vold : Preparing: /data/system/users/0
01-01 05:55:37.139 564 564 D vold : Preparing: /data/misc/profiles/cur/0
01-01 05:55:37.139 564 564 D vold : Preparing: /data/system_de/0
01-01 05:55:37.140 564 564 D vold : Preparing: /data/misc_de/0
01-01 05:55:37.140 564 564 D vold : Preparing: /data/vendor_de/0
01-01 05:55:37.141 564 564 D vold : Preparing: /data/user_de/0
01-01 05:55:37.142 564 564 I vold : Verified that /data/system_de/0 has the encryption policy 62dfcae02f1683f015a4439e7d62bd2c v2 modes 1/4 flags 0xa
01-01 05:55:37.142 564 564 I vold : Verified that /data/misc_de/0 has the encryption policy 62dfcae02f1683f015a4439e7d62bd2c v2 modes 1/4 flags 0xa
01-01 05:55:37.142 564 564 I vold : Verified that /data/vendor_de/0 has the encryption policy 62dfcae02f1683f015a4439e7d62bd2c v2 modes 1/4 flags 0xa
01-01 05:55:37.142 564 564 I vold : Verified that /data/user_de/0 has the encryption policy 62dfcae02f1683f015a4439e7d62bd2c v2 modes 1/4 flags 0xa
01-01 05:55:37.142 564 564 D vold : /system/bin/vold_prepare_subdirs
01-01 05:55:37.142 564 564 D vold : prepare
01-01 05:55:37.142 564 564 D vold :
01-01 05:55:37.142 564 564 D vold : 0
01-01 05:55:37.142 564 564 D vold : 1
01-01 05:55:37.207 564 564 D vold : Detected support for FS_IOC_ADD_ENCRYPTION_KEY
01-01 05:55:37.378 0 0 I apexd : This device does not support updatable APEX. Exiting
01-01 05:55:37.385 0 0 I apexd : Marking APEXd as ready
01-01 05:55:37.484 0 0 D cnss : File system is ready, fs_ready is 1, count is 1
01-01 05:55:37.484 0 0 D cnss : Posting event: COLD_BOOT_CAL_START(5), state: 0x0 flags: 0x0
01-01 05:55:37.484 0 0 D cnss : PM stay awake, state: 0x0, count: 1
01-01 05:55:37.485 0 0 D cnss : PM relax, state: 0x0, count: 0
01-01 05:55:37.485 0 0 D cnss : PM stay awake, state: 0x0, count: 1
01-01 05:55:37.485 0 0 D cnss : Processing driver event: COLD_BOOT_CAL_START(5), state: 0x0
01-01 05:55:37.485 0 0 D cnss : Regulator vdd-wlan-io is being enabled
01-01 05:55:37.485 0 0 D cnss : Regulator wlan-ant-switch is being enabled
01-01 05:55:37.486 0 0 D cnss : Regulator vdd-wlan-aon is being enabled
01-01 05:55:37.486 0 0 D cnss : Regulator vdd-wlan-dig is being enabled
01-01 05:55:37.487 0 0 D cnss : Regulator vdd-wlan-rfa1 is being enabled
01-01 05:55:37.487 0 0 D cnss : Regulator vdd-wlan-rfa2 is being enabled
01-01 05:55:37.487 0 0 D cnss : BT_EN_GPIO State: Off. Delay WLAN_GPIO enable
01-01 05:55:37.589 0 0 D cnss : Assert WLAN_EN GPIO successfully
01-01 05:55:37.589 0 0 D cnss : Resuming PCI link
01-01 05:55:37.590 0 0 I msm_pcie_enable: PCIe: Assert the reset of endpoint of RC0.
01-01 05:55:37.609 0 0 I msm_pcie_enable: PCIe: RC0: PCIE20_PARF_INT_ALL_MASK: 0x7f80d202
01-01 05:55:37.620 0 0 I logd : logd reinit
01-01 05:55:37.620 0 0 I pcie_phy_init: PCIe RC0 PHY is ready!
01-01 05:55:37.631 0 0 E logd : FrameworkListener: read() failed (Connection reset by peer)
01-01 05:55:37.639 0 0 I msm_pcie_enable: PCIe: Release the reset of endpoint of RC0.
01-01 05:55:37.669 0 0 I msm_pcie_link_train: PCIe RC0 link initialized
01-01 05:55:37.688 0 0 I cnss_pci 0000: 01:00.0: enabling device (0000 -> 0002)
01-01 05:55:37.695 0 0 D cnss : Read register offset 0x1f8031c, val = 0x6
01-01 05:55:37.695 0 0 D cnss : Write val 0x2 to register offset 0x1f8031c
01-01 05:55:37.695 0 0 D cnss : Setting MHI state: INIT(0)
01-01 05:55:37.706 0 0 D cnss : Setting MHI state: POWER_ON(2)
01-01 05:55:37.709 0 0 W cnss_pci 0000: 01:00.0: Falling back to syfs fallback for: qca6390/amss20.bin
01-01 05:55:37.725 0 0 I ueventd : firmware: loading 'qca6390/amss20.bin' for '/devices/platform/soc/1c00000.qcom,pcie/pci0000:00/0000:00:00.0/0000:01:00.0/firmware/qca6390!amss20.bin'
01-01 05:55:37.767 0 0 I ueventd : loading /devices/platform/soc/1c00000.qcom,pcie/pci0000:00/0000:00:00.0/0000:01:00.0/firmware/qca6390!amss20.bin took 41ms
01-01 05:55:38.013 0 0 I update_verifier: Started with arg 1: nonencrypted
01-01 05:55:38.019 0 0 I binder : 678:678 ioctl 40046210 7ff173afd4 returned -22
01-01 05:55:38.026 0 0 D hw-ProcessState: Binder ioctl to enable oneway spam detection failed: Invalid argument
01-01 05:55:38.029 0 0 I update_verifier: Booting slot 0: isSlotMarkedSuccessful=1
01-01 05:55:38.036 0 0 I update_verifier: Leaving update_verifier.
01-01 05:55:38.096 0 0 I binder : 679:679 ioctl 40046210 7ff9441654 returned -22
01-01 05:55:38.103 0 0 W subsys-pil-tz 17300000.qcom,lpass: Falling back to syfs fallback for: adsp.mdt
01-01 05:55:38.106 0 0 W subsys-pil-tz 8300000.qcom,turing: Falling back to syfs fallback for: cdsp.mdt
01-01 05:55:38.124 0 0 I ueventd : firmware: loading 'adsp.mdt' for '/devices/platform/soc/17300000.qcom,lpass/firmware/adsp.mdt'
01-01 05:55:38.133 0 0 I ueventd : firmware: loading 'cdsp.mdt' for '/devices/platform/soc/8300000.qcom,turing/firmware/cdsp.mdt'
01-01 05:55:38.137 0 0 I ueventd : loading /devices/platform/soc/17300000.qcom,lpass/firmware/adsp.mdt took 13ms
01-01 05:55:38.138 0 0 I subsys-pil-tz 17300000.qcom,lpass: adsp: loading from 0x000000008a100000 to 0x000000008be00000
01-01 05:55:38.149 0 0 I ueventd : loading /devices/platform/soc/8300000.qcom,turing/firmware/cdsp.mdt took 18ms
01-01 05:55:38.150 0 0 W subsys-pil-tz 17300000.qcom,lpass: Falling back to syfs fallback for: adsp.b02
01-01 05:55:38.150 0 0 I subsys-pil-tz 8300000.qcom,turing: cdsp: loading from 0x0000000087800000 to 0x0000000088c00000
01-01 05:55:38.151 0 0 W subsys-pil-tz 17300000.qcom,lpass: Falling back to syfs fallback for: adsp.b03
01-01 05:55:38.153 0 0 W subsys-pil-tz 17300000.qcom,lpass: Falling back to syfs fallback for: adsp.b04
01-01 05:55:38.154 0 0 W subsys-pil-tz 17300000.qcom,lpass: Falling back to syfs fallback for: adsp.b05
01-01 05:55:38.155 0 0 W subsys-pil-tz 17300000.qcom,lpass: Falling back to syfs fallback for: adsp.b06
01-01 05:55:38.157 0 0 W subsys-pil-tz 17300000.qcom,lpass: Falling back to syfs fallback for: adsp.b08
01-01 05:55:38.157 0 0 W subsys-pil-tz 17300000.qcom,lpass: Falling back to syfs fallback for: adsp.b07
01-01 05:55:38.157 0 0 W subsys-pil-tz 17300000.qcom,lpass: Falling back to syfs fallback for: adsp.b09
01-01 05:55:38.158 0 0 W subsys-pil-tz 17300000.qcom,lpass: Falling back to syfs fallback for: adsp.b10
01-01 05:55:38.165 0 0 W subsys-pil-tz 17300000.qcom,lpass: Falling back to syfs fallback for: adsp.b11
01-01 05:55:38.166 0 0 W subsys-pil-tz 17300000.qcom,lpass: Falling back to syfs fallback for: adsp.b12
01-01 05:55:38.166 0 0 E ueventd : firmware: could not find firmware for dsi_prop
01-01 05:55:38.166 0 0 E ueventd : firmware: attempted /etc/firmware/dsi_prop, open failed: No such file or directory
01-01 05:55:38.166 0 0 E ueventd : firmware: attempted /odm/firmware/dsi_prop, open failed: No such file or directory
01-01 05:55:38.166 0 0 E ueventd : firmware: attempted /vendor/firmware/dsi_prop, open failed: No such file or directory
01-01 05:55:38.179 0 0 W subsys-pil-tz 17300000.qcom,lpass: Falling back to syfs fallback for: adsp.b13
01-01 05:55:38.184 0 0 E OF : graph: no port node found in /soc/qcom,dsi-display-primary
01-01 05:55:38.193 0 0 D cnss : MHI status cb is called with reason MISSION_MODE(6)
01-01 05:55:38.194 0 0 W subsys-pil-tz 17300000.qcom,lpass: Falling back to syfs fallback for: adsp.b14
01-01 05:55:38.195 0 0 W subsys-pil-tz 17300000.qcom,lpass: Falling back to syfs fallback for: adsp.b15
01-01 05:55:38.196 0 0 W subsys-pil-tz 17300000.qcom,lpass: Falling back to syfs fallback for: adsp.b16
01-01 05:55:38.198 0 0 W subsys-pil-tz 17300000.qcom,lpass: Falling back to syfs fallback for: adsp.b17
01-01 05:55:38.200 0 0 W subsys-pil-tz 17300000.qcom,lpass: Falling back to syfs fallback for: adsp.b18
01-01 05:55:38.202 0 0 W subsys-pil-tz 8300000.qcom,turing: Falling back to syfs fallback for: cdsp.b02
01-01 05:55:38.202 0 0 W [drm] [msm-dsi-warn]: [hx82101+hx8692 video mode dsi truly panel] fallback to default te-pin-select
01-01 05:55:38.203 0 0 W subsys-pil-tz 8300000.qcom,turing: Falling back to syfs fallback for: cdsp.b03
01-01 05:55:38.205 0 0 I msm_drm ae00000.qcom,mdss_mdp: Linked as a consumer to regulator.31
01-01 05:55:38.205 0 0 E register_client_adhoc: find path.src 1 dest 590
01-01 05:55:38.205 0 0 W subsys-pil-tz 8300000.qcom,turing: Falling back to syfs fallback for: cdsp.b04
01-01 05:55:38.207 0 0 E register_client_adhoc: Client handle 16 mdss_reg
01-01 05:55:38.207 0 0 E register_client_adhoc: find path.src 22 dest 512
01-01 05:55:38.208 0 0 E register_client_adhoc: find path.src 23 dest 512
01-01 05:55:38.208 0 0 W subsys-pil-tz 8300000.qcom,turing: Falling back to syfs fallback for: cdsp.b05
01-01 05:55:38.209 0 0 E register_client_adhoc: Client handle 66 mdss_sde
01-01 05:55:38.210 0 0 I [drm:sde_dbg_init:4676] evtlog_status: enable:11, panic:1, dump:2
01-01 05:55:38.210 0 0 I msm_drm ae00000.qcom,mdss_mdp: bound soc:qcom,wb-display@0 (ops sde_wb_comp_ops)
01-01 05:55:38.211 0 0 W subsys-pil-tz 8300000.qcom,turing: Falling back to syfs fallback for: cdsp.b06
01-01 05:55:38.212 0 0 D cnss : Notify MHI to use already allocated images
01-01 05:55:38.213 0 0 W subsys-pil-tz 8300000.qcom,turing: Falling back to syfs fallback for: cdsp.b08
01-01 05:55:38.214 0 0 I msm-dsi-display soc: qcom,dsi-display-primary: Linked as a consumer to regulator.25
01-01 05:55:38.215 0 0 I [drm:dsi_display_bind] [msm-dsi-info]: Successfully bind display panel 'qcom,mdss_dsi_panel_hx82101_hx8692_truly_v2_video'
01-01 05:55:38.215 0 0 W subsys-pil-tz 8300000.qcom,turing: Falling back to syfs fallback for: cdsp.b09
01-01 05:55:38.215 0 0 W subsys-pil-tz 8300000.qcom,turing: Falling back to syfs fallback for: cdsp.b11
01-01 05:55:38.215 0 0 I msm_drm ae00000.qcom,mdss_mdp: bound soc:qcom,dsi-display-primary (ops dsi_display_comp_ops)
01-01 05:55:38.215 0 0 I msm_drm ae00000.qcom,mdss_mdp: bound af20000.qcom,sde_rscc (ops sde_rsc_comp_ops)
01-01 05:55:38.215 0 0 I : [drm] mapped mdp address space @ffffff8023600000
01-01 05:55:38.222 0 0 I qcom_rpmh DRV: apps_rsc TCS Busy, retrying RPMH message send: addr=0x30080
01-01 05:55:38.233 0 0 D cnss : PM relax, state: 0x8, count: 0
01-01 05:55:38.240 0 0 I : [drm:_sde_kms_hw_init_blocks:3613] sde hardware revision:0x60000000
01-01 05:55:38.246 0 0 E : [drm:dp_display_init_aux_switch][msm-dp-err][46 ]failed to register notifier (-22)
01-01 05:55:38.253 0 0 I : ueventd (715) used greatest stack depth: 10416 bytes left
01-01 05:55:38.262 0 0 E : [drm:dp_display_init_aux_switch][msm-dp-err][46 ]failed to register notifier (-22)
01-01 05:55:38.263 0 0 I msmdrm_smmu ae00000.qcom,mdss_mdp: qcom,smmu_sde_unsec_cb: Linked as a consumer to 15000000.apps-smmu
01-01 05:55:38.277 0 0 I iommu : Adding device ae00000.qcom,mdss_mdp:qcom,smmu_sde_unsec_cb to group 57
01-01 05:55:38.442 0 0 I subsys-pil-tz 8300000.qcom,turing: cdsp: Brought out of reset
01-01 05:55:38.455 0 0 I subsys-pil-tz 8300000.qcom,turing: cdsp: Power/Clock ready interrupt received
01-01 05:55:38.517 0 0 I subsys-pil-tz 17300000.qcom,lpass: adsp: Brought out of reset
01-01 05:55:38.519 0 0 I subsys-pil-tz 8300000.qcom,turing: Subsystem error monitoring/handling services are up
01-01 05:55:38.527 0 0 I : [drm] probing device qcom,smmu_sde_unsec
01-01 05:55:38.541 0 0 I subsys-pil-tz 17300000.qcom,lpass: adsp: Power/Clock ready interrupt received
01-01 05:55:38.548 0 0 I : [drm] Created domain mdp_ns, secure=0
01-01 05:55:38.551 0 0 I qcom_rpmh DRV: apps_rsc TCS Busy, retrying RPMH message send: addr=0x30030
01-01 05:55:38.556 0 0 I qcom_smd_qrtr_probe: Entered
01-01 05:55:38.563 0 0 E : [drm:dp_display_init_aux_switch][msm-dp-err][76 ]failed to register notifier (-22)
01-01 05:55:38.567 0 0 I qcom_rpmh DRV: apps_rsc TCS Busy, retrying RPMH message send: addr=0x30040
01-01 05:55:38.570 0 0 I qcom_smd_qrtr_probe: SMD QRTR driver probed
01-01 05:55:38.577 0 0 I msmdrm_smmu ae00000.qcom,mdss_mdp: qcom,smmu_sde_sec_cb: Linked as a consumer to 15000000.apps-smmu
01-01 05:55:38.578 0 0 I adsprpc : fastrpc_restart_notifier_cb: cdsp subsystem is up
01-01 05:55:38.583 0 0 I subsys-pil-tz 17300000.qcom,lpass: Subsystem error monitoring/handling services are up
01-01 05:55:38.584 0 0 I binder : 680:680 ioctl 40046210 7fc801cad4 returned -22
01-01 05:55:38.586 0 0 I msm_cvp : info: Opening cvp instance: ffffffed68c2c480
01-01 05:55:38.587 0 0 W subsys-pil-tz 9800000.qcom,npu: Falling back to syfs fallback for: npu.mdt
01-01 05:55:38.598 0 0 I msm_cvp_v4l2 ab00000.qcom,cvp: Linked as a consumer to regulator.83
01-01 05:55:38.600 0 0 I iommu : Adding device ae00000.qcom,mdss_mdp:qcom,smmu_sde_sec_cb to group 58
01-01 05:55:38.600 0 0 I : [drm] probing device qcom,smmu_sde_sec
01-01 05:55:38.600 0 0 I : [drm] Created domain mdp_s, secure=1
01-01 05:55:38.608 0 0 I binder : 680:680 ioctl 40046210 7fc801cce4 returned -22
01-01 05:55:38.615 0 0 I msm_cvp_v4l2 ab00000.qcom,cvp: Linked as a consumer to regulator.82
01-01 05:55:38.795 0 0 E : [drm:dp_display_init_aux_switch][msm-dp-err][76 ]failed to register notifier (-22)
01-01 05:55:38.798 0 0 I subsys-restart: __subsystem_get(): Changing subsys fw_name to cvpss
01-01 05:55:38.813 0 0 W subsys-pil-tz abb0000.qcom,cvpss: Falling back to syfs fallback for: cvpss.mdt
01-01 05:55:38.814 0 0 E : [drm:dp_display_init_aux_switch][msm-dp-err][76 ]failed to register notifier (-22)
01-01 05:55:38.818 0 0 I adsprpc : fastrpc_restart_notifier_cb: adsp subsystem is up
01-01 05:55:38.828 0 0 I subsys-pil-tz 9800000.qcom,npu: npu: loading from 0x0000000086900000 to 0x0000000086e00000
01-01 05:55:38.837 0 0 E : [drm:dp_display_init_aux_switch][msm-dp-err][76 ]failed to register notifier (-22)
01-01 05:55:38.839 0 0 I [drm:dsi_panel_get_mode] [msm-dsi-info]: default topology: lm: 1 comp_enc:0 intf: 1
01-01 05:55:38.844 0 0 W subsys-pil-tz 9800000.qcom,npu: Falling back to syfs fallback for: npu.b02
01-01 05:55:38.845 0 0 I adsprpc : fastrpc_rpmsg_probe: opened rpmsg channel for adsp
01-01 05:55:38.845 0 0 W subsys-pil-tz 9800000.qcom,npu: Falling back to syfs fallback for: npu.b03
01-01 05:55:38.845 0 0 W subsys-pil-tz 9800000.qcom,npu: Falling back to syfs fallback for: npu.b04
01-01 05:55:38.845 0 0 W subsys-pil-tz 9800000.qcom,npu: Falling back to syfs fallback for: npu.b05
01-01 05:55:38.846 0 0 W subsys-pil-tz 9800000.qcom,npu: Falling back to syfs fallback for: npu.b06
01-01 05:55:38.851 0 0 I subsys-pil-tz abb0000.qcom,cvpss: cvpss: loading from 0x0000000087300000 to 0x0000000087800000
01-01 05:55:38.851 0 0 E : [drm:dp_display_init_aux_switch][msm-dp-err][76 ]failed to register notifier (-22)
01-01 05:55:38.854 0 0 E : [drm:dp_display_init_aux_switch][msm-dp-err][76 ]failed to register notifier (-22)
01-01 05:55:38.859 0 0 I qcom_smd_qrtr_probe: Entered
01-01 05:55:38.891 0 0 W subsys-pil-tz abb0000.qcom,cvpss: Falling back to syfs fallback for: cvpss.b02
01-01 05:55:38.892 0 0 W subsys-pil-tz abb0000.qcom,cvpss: Falling back to syfs fallback for: cvpss.b03
01-01 05:55:38.892 0 0 W subsys-pil-tz abb0000.qcom,cvpss: Falling back to syfs fallback for: cvpss.b04
01-01 05:55:38.892 0 0 W subsys-pil-tz abb0000.qcom,cvpss: Falling back to syfs fallback for: cvpss.b05
01-01 05:55:38.892 0 0 W subsys-pil-tz abb0000.qcom,cvpss: Falling back to syfs fallback for: cvpss.b06
01-01 05:55:38.893 0 0 W subsys-pil-tz abb0000.qcom,cvpss: Falling back to syfs fallback for: cvpss.b07
01-01 05:55:38.893 0 0 W subsys-pil-tz abb0000.qcom,cvpss: Falling back to syfs fallback for: cvpss.b08
01-01 05:55:38.893 0 0 W subsys-pil-tz abb0000.qcom,cvpss: Falling back to syfs fallback for: cvpss.b09
01-01 05:55:38.894 0 0 W subsys-pil-tz abb0000.qcom,cvpss: Falling back to syfs fallback for: cvpss.b10
01-01 05:55:38.894 0 0 W subsys-pil-tz abb0000.qcom,cvpss: Falling back to syfs fallback for: cvpss.b19
01-01 05:55:38.902 0 0 I adsprpc : fastrpc_rpmsg_probe: opened rpmsg channel for cdsp
01-01 05:55:38.909 0 0 I : [drm] Supports vblank timestamp caching Rev 2 (21.10.2013).
01-01 05:55:38.916 0 0 I qcom_smd_qrtr_probe: SMD QRTR driver probed
01-01 05:55:38.925 0 0 I : [drm] No driver support for vblank timestamp query.
01-01 05:55:38.967 0 0 I subsys-pil-tz 9800000.qcom,npu: npu: Brought out of reset
01-01 05:55:38.978 0 0 I qcom_rpmh DRV: apps_rsc TCS Busy, retrying RPMH message send: addr=0x30000
01-01 05:55:38.991 0 0 I subsys-pil-tz abb0000.qcom,cvpss: cvpss: Brought out of reset
01-01 05:55:38.997 0 0 D cnss : DRV subsystem is connected
01-01 05:55:39.006 0 0 I : [drm] Initialized msm_drm 1.3.0 20130625 for ae00000.qcom,mdss_mdp on minor 0
01-01 05:55:39.021 0 0 W NPU_WARN: host_session_msg_hdlr: 1904 handle npu session msg when FW is disabled
01-01 05:55:39.021 0 0 I : [drm] cont_splash feature not enabled
01-01 05:55:39.028 0 0 I apr_tal_rpmsg qcom,glink: adsp.apr_audio_svc.-1.-1: apr_tal_rpmsg_probe: Channel[apr_audio_svc] state[Up]
01-01 05:55:39.030 0 0 I NPU_INFO: npu_get_fw_caps: 236 fw caps 0:2007
01-01 05:55:39.047 0 0 E : [drm:dp_display_init_aux_switch][msm-dp-err][5 ]failed to register notifier (-22)
01-01 05:55:39.052 0 0 I NPU_INFO: npu_get_fw_caps: 236 fw caps 1:80000005
01-01 05:55:39.052 0 0 I NPU_INFO: npu_get_fw_caps: 236 fw caps 2:0
01-01 05:55:39.052 0 0 I NPU_INFO: npu_get_fw_caps: 236 fw caps 3:0
01-01 05:55:39.052 0 0 I NPU_INFO: npu_get_fw_caps: 236 fw caps 4:0
01-01 05:55:39.052 0 0 I NPU_INFO: npu_get_fw_caps: 236 fw caps 5:0
01-01 05:55:39.052 0 0 I NPU_INFO: npu_get_fw_caps: 236 fw caps 6:0
01-01 05:55:39.052 0 0 I NPU_INFO: npu_get_fw_caps: 236 fw caps 7:0
01-01 05:55:39.183 0 0 I qcom_smd_qrtr_probe: Entered
01-01 05:55:39.188 0 0 I qcom_smd_qrtr_probe: SMD QRTR driver probed
01-01 05:55:39.212 0 0 E : [drm:dp_display_init_aux_switch][msm-dp-err][5 ]failed to register notifier (-22)
01-01 05:55:39.245 0 0 I msm_cvp : info: Closed cvp instance: ffffffed68c2c480 session_id = 0
01-01 05:55:39.913 0 0 I subsys-restart: __subsystem_get(): Changing subsys fw_name to slpi
01-01 05:55:39.923 0 0 W subsys-pil-tz 5c00000.qcom,ssc: Falling back to syfs fallback for: slpi.mdt
01-01 05:55:39.388 682 682 D Zygote32Timing: PostZygoteInitGC took to complete: 34ms
01-01 05:55:39.388 682 682 D Zygote32Timing: ZygoteInit took to complete: 41ms
01-01 05:55:39.951 0 0 I subsys-pil-tz 5c00000.qcom,ssc: slpi: loading from 0x0000000088c00000 to 0x000000008a100000
01-01 05:55:39.976 0 0 W subsys-pil-tz 5c00000.qcom,ssc: Falling back to syfs fallback for: slpi.b02
01-01 05:55:39.976 0 0 W subsys-pil-tz 5c00000.qcom,ssc: Falling back to syfs fallback for: slpi.b03
01-01 05:55:39.979 0 0 W subsys-pil-tz 5c00000.qcom,ssc: Falling back to syfs fallback for: slpi.b04
01-01 05:55:39.979 0 0 W subsys-pil-tz 5c00000.qcom,ssc: Falling back to syfs fallback for: slpi.b05
01-01 05:55:39.980 0 0 W subsys-pil-tz 5c00000.qcom,ssc: Falling back to syfs fallback for: slpi.b06
01-01 05:55:39.984 0 0 W subsys-pil-tz 5c00000.qcom,ssc: Falling back to syfs fallback for: slpi.b07
01-01 05:55:39.984 0 0 W subsys-pil-tz 5c00000.qcom,ssc: Falling back to syfs fallback for: slpi.b08
01-01 05:55:39.990 0 0 W subsys-pil-tz 5c00000.qcom,ssc: Falling back to syfs fallback for: slpi.b09
01-01 05:55:39.992 0 0 W subsys-pil-tz 5c00000.qcom,ssc: Falling back to syfs fallback for: slpi.b11
01-01 05:55:39.993 0 0 W subsys-pil-tz 5c00000.qcom,ssc: Falling back to syfs fallback for: slpi.b10
01-01 05:55:39.993 0 0 W subsys-pil-tz 5c00000.qcom,ssc: Falling back to syfs fallback for: slpi.b12
01-01 05:55:39.995 0 0 W subsys-pil-tz 5c00000.qcom,ssc: Falling back to syfs fallback for: slpi.b13
01-01 05:55:39.996 0 0 W subsys-pil-tz 5c00000.qcom,ssc: Falling back to syfs fallback for: slpi.b14
01-01 05:55:39.996 0 0 W subsys-pil-tz 5c00000.qcom,ssc: Falling back to syfs fallback for: slpi.b15
01-01 05:55:39.997 0 0 W subsys-pil-tz 5c00000.qcom,ssc: Falling back to syfs fallback for: slpi.b16
01-01 05:55:39.998 0 0 W subsys-pil-tz 5c00000.qcom,ssc: Falling back to syfs fallback for: slpi.b17
01-01 05:55:39.998 0 0 W subsys-pil-tz 5c00000.qcom,ssc: Falling back to syfs fallback for: slpi.b18
01-01 05:55:40.001 0 0 W subsys-pil-tz 5c00000.qcom,ssc: Falling back to syfs fallback for: slpi.b20
01-01 05:55:40.001 0 0 W subsys-pil-tz 5c00000.qcom,ssc: Falling back to syfs fallback for: slpi.b19
01-01 05:55:39.556 681 681 D Zygote64Timing: BeginPreload took to complete: 204ms
01-01 05:55:40.132 0 0 I binder : 832:832 ioctl 40046210 7ffd0258d4 returned -22
01-01 05:55:40.212 0 0 I binder : 834:834 ioctl 40046210 7ff8304874 returned -22
01-01 05:55:40.219 0 0 I binder : 834:834 ioctl 40046210 7ff8304854 returned -22
01-01 05:55:40.342 0 0 I subsys-pil-tz 5c00000.qcom,ssc: slpi: Brought out of reset
01-01 05:55:40.391 0 0 I binder : 870:870 ioctl 40046210 7ff96dc494 returned -22
01-01 05:55:40.398 0 0 I subsys-pil-tz 5c00000.qcom,ssc: Subsystem error monitoring/handling services are up
01-01 05:55:40.409 0 0 I subsys-pil-tz 5c00000.qcom,ssc: slpi: Power/Clock ready interrupt received
01-01 05:55:40.418 0 0 I qcom_rpmh DRV: apps_rsc TCS Busy, retrying RPMH message send: addr=0x30030
01-01 05:55:40.459 0 0 I adsprpc : fastrpc_restart_notifier_cb: slpi subsystem is up
01-01 05:55:40.460 0 0 I adsprpc : fastrpc_rpmsg_probe: opened rpmsg channel for slpi
01-01 05:55:40.484 0 0 E : [drm:dp_display_init_aux_switch][msm-dp-err][7 ]failed to register notifier (-22)
01-01 05:55:40.517 0 0 I qcom_smd_qrtr_probe: Entered
01-01 05:55:40.525 0 0 I binder : 925:925 ioctl 40046210 7fe4b26494 returned -22
01-01 05:55:40.527 0 0 I qcom_smd_qrtr_probe: SMD QRTR driver probed
01-01 05:55:40.550 0 0 E : [drm:dp_display_init_aux_switch][msm-dp-err][7 ]failed to register notifier (-22)
01-01 05:55:40.582 0 0 E : [drm:dp_display_init_aux_switch][msm-dp-err][7 ]failed to register notifier (-22)
01-01 05:55:40.134 952 952 I android.hardware.wifi@1.0-service: Wifi Hal is booting up...
01-01 05:55:40.144 952 952 I HidlServiceManagement: Registered android.hardware.wifi@1.4::IWifi/default (start delay of 206ms)
01-01 05:55:40.962 0 0 W cam-a5 ac00000.qcom,a5: Falling back to syfs fallback for: CAMERA_ICP.elf
01-01 05:55:41.066 0 0 I CAM_INFO: CAM-HFI: cam_hfi_init: 883 Init IO1 : [0x10c00000 0xcf300000] IO2 [0xe0200000 0x1ed00000]
01-01 05:55:41.089 0 0 I CAM_INFO: CAM-ICP: cam_icp_mgr_process_dbg_buf: 2585 FW_DBG:CICP_FW_E : HFI :QC_IMAGE_VERSION_STRING=CICP.FW.3.0-00012,OEM_IMAGE_VERSION_STRING=CRM,BUILD_TIME: Dec 1 2020 11:05:55,CACHE_ENABLED at icphostinterface.c:636 QC_IMAGE_VERSION_STRING=CICP.FW.3.0-00012 OEM_IMAGE_VERSION_STRING=CRM
01-01 05:55:41.089 0 0 I CAM_INFO: CAM-ICP: cam_icp_mgr_hw_open: 3892 FW download done successfully
01-01 05:55:41.121 0 0 I CAM_INFO: CAM-ICP: cam_icp_mgr_process_dbg_buf: 2585 FW_DBG:CICP_FW_E : HFI :ELF variant: CACHE-ENABLED:T480:API_V2:USE_CDM_1_1: , API version: 0x2000058 at icphostinterface.c:637 QC_IMAGE_VERSION_STRING=CICP.FW.3.0-00012 OEM_IMAGE_VERSION_STRING=CRM
01-01 05:55:41.192 0 0 I binder : 996:996 ioctl 40046210 7ffbd59e54 returned -22
01-01 05:55:41.210 0 0 W QSEECOM : qseecom_load_app: App (soter64) does'nt exist, loading apps for first time
01-01 05:55:41.248 0 0 W QSEECOM : qseecom_load_app: App with id 4 (soter64) now loaded
01-01 05:55:40.703 1015 1015 I irsc_util: Starting irsc tool
01-01 05:55:40.714 1015 1015 I irsc_util: Num of entries:298
01-01 05:55:40.714 1015 1015 I irsc_util: Ending irsc tool
01-01 05:55:41.402 0 0 I coresight-remote-etm soc: ssc_etm0: Connection established between QMI handle and 8 service
01-01 05:55:41.409 0 0 E diag : In diag_send_feature_mask_update, control channel is not open, p: 3, ffffff9c1ff8de78
01-01 05:55:41.424 0 0 I sysmon-qmi: ssctl_new_server: Connection established between QMI handle and adsp's SSCTL service
01-01 05:55:41.430 0 0 I coresight-remote-etm soc: audio_etm0: Connection established between QMI handle and 5 service
01-01 05:55:41.431 0 0 I sysmon-qmi: ssctl_new_server: Connection established between QMI handle and cdsp's SSCTL service
01-01 05:55:41.435 0 0 E diag : In diag_send_feature_mask_update, control channel is not open, p: 5, ffffff9c1ff8e318
01-01 05:55:41.443 0 0 I coresight-remote-etm soc: turing_etm0: Connection established between QMI handle and 13 service
01-01 05:55:41.447 0 0 I sysmon-qmi: ssctl_new_server: Connection established between QMI handle and slpi's SSCTL service
01-01 05:55:41.455 0 0 E diag : In diag_send_feature_mask_update, control channel is not open, p: 6, ffffff9c1ff8e568
01-01 05:55:41.465 0 0 I sysmon-qmi: ssctl_new_server: Connection established between QMI handle and slpi's SSCTL service
01-01 05:55:41.475 0 0 D cnss : WLFW server arriving: node 7 port 1
01-01 05:55:41.475 0 0 D cnss : Posting event: SERVER_ARRIVE(0), state: 0x8 flags: 0x0
01-01 05:55:41.475 0 0 D cnss : PM stay awake, state: 0x8, count: 1
01-01 05:55:41.475 0 0 D cnss : PM relax, state: 0x8, count: 0
01-01 05:55:41.475 0 0 I coresight-remote-etm soc: npu_etm0: Connection established between QMI handle and 14 service
01-01 05:55:41.476 0 0 D cnss : PM stay awake, state: 0x8, count: 1
01-01 05:55:41.476 0 0 D cnss : Processing driver event: SERVER_ARRIVE(0), state: 0x8
01-01 05:55:41.476 0 0 I cnss : QMI WLFW service connected, state: 0x9
01-01 05:55:41.476 0 0 D cnss : Sending indication register message, state: 0x9
01-01 05:55:41.488 0 0 I servloc : service_locator_new_server: Connection established with the Service locator
01-01 05:55:41.489 0 0 I servloc : init_service_locator: Service locator initialized
01-01 05:55:41.495 0 0 E diag : In diag_send_peripheral_buffering_mode, buffering flag not set for 3
01-01 05:55:41.508 0 0 D cnss : Sending host capability message, state: 0x9
01-01 05:55:41.517 0 0 I audio_notifer_reg_service: service PDR_ADSP is in use
01-01 05:55:41.520 0 0 I adsprpc : fastrpc_get_service_location_notify: PDR notifier for adsp registered for msm/adsp/audio_pd (audio_pdr_adsprpc)
01-01 05:55:41.520 0 0 I adsprpc : fastrpc_get_service_location_notify: audio_pdr_adsprpc (msm/adsp/audio_pd) PDR service for adsp is uninitialized
01-01 05:55:41.521 0 0 D cnss : Number of clients is 2
01-01 05:55:41.532 0 0 I service-notifier: service_notifier_new_server: Connection established between QMI handle and 74 service
01-01 05:55:41.536 0 0 E diag : In diag_send_peripheral_buffering_mode, buffering flag not set for 5
01-01 05:55:41.537 0 0 E diag : In diag_send_peripheral_buffering_mode, buffering flag not set for 6
01-01 05:55:41.537 0 0 D cnss : Assign MSI to user: WAKE, num_vectors: 1, user_base_data: 813, base_vector: 13
01-01 05:55:41.540 0 0 E diag : In diag_send_peripheral_buffering_mode, buffering flag not set for 1
01-01 05:55:41.562 0 0 I apr_adsp_up: Q6 is Up
01-01 05:55:41.564 0 0 D cnss : WAKE MSI base data is 813
01-01 05:55:41.589 0 0 I msm_vidc: high: 00000001: ....d: Opening video instance: ffffffed4e90c000, 1
01-01 05:55:41.594 0 0 I binder : 1040:1040 ioctl 40046210 7fc12642d4 returned -22
01-01 05:55:41.595 0 0 I sps : BAM 0x0000000003a84000 (va:0xffffff801c740000) enabled: ver:0x19, number of pipes:25
01-01 05:55:41.595 0 0 I sps : BAM 0x0000000003a84000 is registered.
01-01 05:55:41.596 0 0 D cnss : Calibration done is 0
01-01 05:55:41.608 0 0 I msm_vidc_v4l2 aa00000.qcom,vidc: Linked as a consumer to regulator.81
01-01 05:55:41.612 0 0 D cnss : Sending iova starting 0xa0000000 with size 0x10010000
01-01 05:55:41.617 0 0 I msm_vidc_v4l2 aa00000.qcom,vidc: Linked as a consumer to regulator.80
01-01 05:55:41.617 0 0 I adsprpc : fastrpc_pdr_notifier_cb: msm/adsp/audio_pd (audio_pdr_adsprpc) is up on adsp
01-01 05:55:41.631 0 0 I init : Command 'class_start core' action=boot (/system/etc/init/hw/init.rc:1115) took 490ms and succeeded
01-01 05:55:41.636 0 0 E rmt_storage: ERR:main: Mmap Failed for rmts (-1)...pausing execution!
01-01 05:55:41.665 0 0 I subsys-restart: __subsystem_get(): Changing subsys fw_name to venus
01-01 05:55:41.670 0 0 D cnss : PM relax, state: 0x9, count: 0
01-01 05:55:41.675 0 0 I msm-audio-ion soc: qcom,msm-audio-apr:qcom,msm-audio-ion: Linked as a consumer to 15000000.apps-smmu
01-01 05:55:41.678 0 0 I iommu : Adding device soc:qcom,msm-audio-apr:qcom,msm-audio-ion to group 59
01-01 05:55:41.687 0 0 I init : Service 'irsc_util' (pid 1015) exited with status 0 oneshot service took 0.462000 seconds in background
01-01 05:55:41.695 0 0 W subsys-pil-tz aab0000.qcom,venus: Falling back to syfs fallback for: venus.mdt
01-01 05:55:41.698 0 0 I init : Sending signal 9 to service 'irsc_util' (pid 1015) process group...
01-01 05:55:41.729 0 0 I binder : 1042:1042 ioctl 40046210 7fd468b0d4 returned -22
01-01 05:55:41.730 0 0 E : [drm:dp_display_init_aux_switch][msm-dp-err][419 ]failed to register notifier (-22)
01-01 05:55:41.736 0 0 I subsys-pil-tz aab0000.qcom,venus: venus: loading from 0x0000000086e00000 to 0x0000000087300000
01-01 05:55:41.737 0 0 I libprocessgroup: Successfully killed process cgroup uid 0 pid 1015 in 0ms
01-01 05:55:41.746 0 0 W subsys-pil-tz aab0000.qcom,venus: Falling back to syfs fallback for: venus.b02
01-01 05:55:41.747 0 0 W subsys-pil-tz aab0000.qcom,venus: Falling back to syfs fallback for: venus.b03
01-01 05:55:41.747 0 0 W subsys-pil-tz aab0000.qcom,venus: Falling back to syfs fallback for: venus.b04
01-01 05:55:41.754 0 0 W subsys-pil-tz aab0000.qcom,venus: Falling back to syfs fallback for: venus.b05
01-01 05:55:41.758 0 0 I init : Service 'vendor.mdm_launcher' (pid 1032) exited with status 0 oneshot service took 0.368000 seconds in background
01-01 05:55:41.758 0 0 I init : Sending signal 9 to service 'vendor.mdm_launcher' (pid 1032) process group...
01-01 05:55:41.758 0 0 I libprocessgroup: Successfully killed process cgroup uid 0 pid 1032 in 0ms
01-01 05:55:41.765 0 0 E init : Control message: Could not find 'android.hardware.health@2.1::IHealth/default' for ctl.interface_start from pid: 519 (/system/bin/hwservicemanager)
01-01 05:55:41.771 0 0 W subsys-pil-tz aab0000.qcom,venus: Falling back to syfs fallback for: venus.b07
01-01 05:55:41.771 0 0 W subsys-pil-tz aab0000.qcom,venus: Falling back to syfs fallback for: venus.b06
01-01 05:55:41.773 0 0 W subsys-pil-tz aab0000.qcom,venus: Falling back to syfs fallback for: venus.b08
01-01 05:55:41.773 0 0 W subsys-pil-tz aab0000.qcom,venus: Falling back to syfs fallback for: venus.b09
01-01 05:55:41.773 0 0 W subsys-pil-tz aab0000.qcom,venus: Falling back to syfs fallback for: venus.b10
01-01 05:55:41.779 0 0 W subsys-pil-tz aab0000.qcom,venus: Falling back to syfs fallback for: venus.b19
01-01 05:55:41.797 0 0 I init : processing action (persist.sys.usb.config=* && boot) from (/system/etc/init/hw/init.usb.rc:108)
01-01 05:55:41.820 0 0 W kona-asoc-snd soc: qcom,msm-audio-apr:qcom,q6core-audio:sound: msm_init_aux_dev: Max WSA devices is 0 for this target?
01-01 05:55:41.827 0 0 E init : Control message: Could not find 'android.hardware.health@2.1::IHealth/default' for ctl.interface_start from pid: 519 (/system/bin/hwservicemanager)
01-01 05:55:41.837 0 0 E kona-asoc-snd soc: qcom,msm-audio-apr:qcom,q6core-audio:sound: ASoC: CODEC DAI wsa_macro_vifeedback not registered
01-01 05:55:41.887 0 0 I binder : 1033:1033 ioctl 40046210 7fd24fe824 returned -22
01-01 05:55:41.889 0 0 E qcom-lpi-pinctrl soc: qcom,msm-audio-apr:qcom,q6core-audio:lpi_pinctrl@33c0000: snd_event_notify: No snd dev entry found
01-01 05:55:41.910 0 0 I binder : 1033:1033 ioctl 40046210 7fd24fe844 returned -22
01-01 05:55:41.918 0 0 I platform soc: qcom,msm-audio-apr:qcom,voice-mhi-audio: assigned reserved memory node mailbox_region
01-01 05:55:41.927 0 0 E : [drm:dp_display_init_aux_switch][msm-dp-err][76 ]failed to register notifier (-22)
01-01 05:55:41.934 0 0 W kona-asoc-snd soc: qcom,msm-audio-apr:qcom,q6core-audio:sound: msm_init_aux_dev: Max WSA devices is 0 for this target?
01-01 05:55:41.944 0 0 E kona-asoc-snd soc: qcom,msm-audio-apr:qcom,q6core-audio:sound: ASoC: CODEC DAI wsa_macro_vifeedback not registered
01-01 05:55:41.945 0 0 I : Mass Storage Function, version: 2009/09/11
01-01 05:55:41.957 0 0 I LUN : removable file: (no medium)
01-01 05:55:41.963 0 0 W : bolero-clk-rsc-mngr bolero-clk-rsc-mngr: DMA mask not set
01-01 05:55:41.969 0 0 W tx_macro tx-macro: DMA mask not set
01-01 05:55:41.969 0 0 E tx_macro tx-macro: tx_macro_probe: va-macro not registered yet, defer
01-01 05:55:41.983 0 0 W rx_macro rx-macro: DMA mask not set
01-01 05:55:41.983 0 0 E rx_macro rx-macro: rx_macro_probe: va-macro not registered yet, defer
01-01 05:55:41.984 0 0 I : file system registered
01-01 05:55:41.992 0 0 W wsa_macro wsa-macro: DMA mask not set
01-01 05:55:41.992 0 0 E wsa_macro wsa-macro: wsa_macro_probe: va-macro not registered yet, defer
01-01 05:55:42.002 0 0 W va_macro va-macro: DMA mask not set
01-01 05:55:42.002 0 0 E msm_cdc_pinctrl_get_gpiodata: device node is null
01-01 05:55:42.010 0 0 I va_macro va-macro: Linked as a consumer to regulator.7
01-01 05:55:42.010 0 0 I va_macro va-macro: bolero_register_macro: register macro successful:3
01-01 05:55:42.013 0 0 I subsys-pil-tz aab0000.qcom,venus: venus: Brought out of reset
01-01 05:55:42.014 0 0 W wcd938x_codec wcd938x-codec: DMA mask not set
01-01 05:55:42.014 0 0 I wcd938x_codec wcd938x-codec: msm_cdc_dt_parse_vreg_info: cdc-vdd-rxtx: vol=[1800000 1800000]uV, curr=[30000]uA, ond 0 lpm 0
01-01 05:55:42.014 0 0 I wcd938x_codec wcd938x-codec: msm_cdc_dt_parse_vreg_info: cdc-vddio: vol=[1800000 1800000]uV, curr=[30000]uA, ond 0 lpm 0
01-01 05:55:42.014 0 0 I wcd938x_codec wcd938x-codec: msm_cdc_dt_parse_vreg_info: cdc-vdd-buck: vol=[1800000 1800000]uV, curr=[650000]uA, ond 0 lpm 0
01-01 05:55:42.014 0 0 I wcd938x_codec wcd938x-codec: msm_cdc_dt_parse_vreg_info: cdc-vdd-mic-bias: vol=[3296000 3296000]uV, curr=[30000]uA, ond 0 lpm 0
01-01 05:55:42.014 0 0 I wcd938x_codec wcd938x-codec: Linked as a consumer to regulator.7
01-01 05:55:42.016 0 0 I f_cdev_alloc: port_name:at_usb0 (ffffffed4fb5ec80) portno:(0)
01-01 05:55:42.019 0 0 I wcd938x_codec wcd938x-codec: Linked as a consumer to regulator.48
01-01 05:55:42.026 0 0 I f_cdev_alloc: port_name:at_usb1 (ffffffed4fb59280) portno:(1)
01-01 05:55:42.030 0 0 E : [drm:dp_display_init_aux_switch][msm-dp-err][76 ]failed to register notifier (-22)
01-01 05:55:42.033 0 0 I f_cdev_alloc: port_name:at_usb2 (ffffffed4fb5b680) portno:(2)
01-01 05:55:42.042 0 0 I binder : 1048:1048 ioctl 40046210 7fd9095764 returned -22
01-01 05:55:42.043 0 0 I msm_vidc: high: 00000001: h264d: Closed video instance: ffffffed4e90c000
01-01 05:55:42.044 0 0 I msm_vidc: high: 00000001: ....d: Opening video instance: ffffffed4e90c000, 1
01-01 05:55:42.045 0 0 W kona-asoc-snd soc: qcom,msm-audio-apr:qcom,q6core-audio:sound: msm_init_aux_dev: Max WSA devices is 0 for this target?
01-01 05:55:42.048 0 0 E kona-asoc-snd soc: qcom,msm-audio-apr:qcom,q6core-audio:sound: ASoC: CODEC DAI wsa_macro_vifeedback not registered
01-01 05:55:42.052 0 0 I msm_vidc: high: 00000001: h264d: Closed video instance: ffffffed4e90c000
01-01 05:55:42.062 0 0 I tx_macro tx-macro: bolero_register_macro: register macro successful:0
01-01 05:55:42.063 0 0 I msm_vidc: high: 00000001: ....d: Opening video instance: ffffffed4f2d4000, 1
01-01 05:55:42.066 0 0 I rx_macro rx-macro: bolero_register_macro: register macro successful:1
01-01 05:55:42.066 0 0 I binder : 1048:1048 ioctl 40046210 7fd9097194 returned -22
01-01 05:55:42.071 0 0 I wsa_macro wsa-macro: bolero_register_macro: register macro successful:2
01-01 05:55:42.073 0 0 E : [drm:dp_display_init_aux_switch][msm-dp-err][76 ]failed to register notifier (-22)
01-01 05:55:42.080 0 0 I msm_vidc: high: 00000001: h265d: Closed video instance: ffffffed4f2d4000
01-01 05:55:42.086 0 0 I msm_vidc: high: 00000001: ....d: Opening video instance: ffffffed4c828000, 1
01-01 05:55:42.088 0 0 W kona-asoc-snd soc: qcom,msm-audio-apr:qcom,q6core-audio:sound: msm_init_aux_dev: Max WSA devices is 0 for this target?
01-01 05:55:42.101 0 0 I msm_vidc: high: 00000001: h265d: Closed video instance: ffffffed4c828000
01-01 05:55:42.109 0 0 I msm_vidc: high: 00000001: ....d: Opening video instance: ffffffed4ca1c000, 1
01-01 05:55:42.118 0 0 W swr-wcd tx_swr_ctrl: DMA mask not set
01-01 05:55:42.126 0 0 W swr-wcd rx_swr_ctrl: DMA mask not set
01-01 05:55:42.133 0 0 I msm_vidc: high: 00000001: vp8d: Closed video instance: ffffffed4ca1c000
01-01 05:55:42.137 0 0 I msm_vidc: high: 00000001: ....d: Opening video instance: ffffffed4ca60000, 1
01-01 05:55:42.153 0 0 I msm_vidc: high: 00000001: vp9d: Closed video instance: ffffffed4ca60000
01-01 05:55:42.155 0 0 I msm_vidc: high: 00000001: ....d: Opening video instance: ffffffed4ca80000, 1
01-01 05:55:42.169 0 0 I msm_vidc: high: 00000001: vp9d: Closed video instance: ffffffed4ca80000
01-01 05:55:42.174 0 0 I msm_vidc: high: 00000001: ....d: Opening video instance: ffffffed4ca80000, 1
01-01 05:55:42.188 0 0 I msm_vidc: high: 00000001: mpg2d: Closed video instance: ffffffed4ca80000
01-01 05:55:42.194 0 0 I msm_vidc: high: 00000001: ....d: Opening video instance: ffffffed4cacc000, 1
01-01 05:55:42.196 0 0 E swr-wcd rx_swr_ctrl: swrm_get_logical_dev_num: device 0xd01170224 is not ready
01-01 05:55:42.199 0 0 I msm_vidc: high: 00000001: mpg2d: Closed video instance: ffffffed4cacc000
01-01 05:55:42.212 0 0 I msm_vidc: high: 00000001: ....e: Opening video instance: ffffffed4cb30000, 0
01-01 05:55:42.212 0 0 E swr_get_logical_dev_num: Error -22 to get logical addr for device d01170224
01-01 05:55:42.231 0 0 I msm_vidc: high: 00000001: h264e: Closed video instance: ffffffed4cb30000
01-01 05:55:41.669 681 681 D Zygote64Timing: PreloadClasses took to complete: 2113ms
01-01 05:55:42.236 0 0 E swr-wcd rx_swr_ctrl: swrm_get_logical_dev_num: device 0xd01170224 is not ready
01-01 05:55:42.239 0 0 I msm_vidc: high: 00000001: ....e: Opening video instance: ffffffed4cbdc000, 0
01-01 05:55:42.252 0 0 E swr_get_logical_dev_num: Error -22 to get logical addr for device d01170224
01-01 05:55:42.261 0 0 I msm_vidc: high: 00000001: h265e: Closed video instance: ffffffed4cbdc000
01-01 05:55:42.264 0 0 I msm_vidc: high: 00000001: ....e: Opening video instance: ffffffed4ad18000, 0
01-01 05:55:41.704 681 681 D Zygote64Timing: CacheNonBootClasspathClassLoaders took to complete: 34ms
01-01 05:55:42.269 0 0 E swr-wcd rx_swr_ctrl: swrm_get_logical_dev_num: device 0xd01170224 is not ready
