08-16 17:02:10.398 2306 18268 I liblog : 6
08-16 17:02:10.398 2306 18268 I liblog : 6
08-16 17:02:10.399 2306 18270 I liblog : 4
08-16 17:02:10.400 2306 18270 I liblog : 8
08-16 17:02:10.400 2306 18272 I liblog : 6
08-16 17:02:10.400 2306 18272 I liblog : 3
08-16 17:02:10.401 2306 18272 I liblog : 11
08-16 17:02:10.406 2306 18273 I liblog : 2
08-16 17:02:10.409 2306 18274 I liblog : 2
08-16 17:02:10.409 2306 18275 I liblog : 6
08-16 17:02:10.409 2306 18275 I liblog : 5
08-16 17:02:10.409 2306 18275 I liblog : 6
08-16 17:02:10.411 2306 18276 I liblog : 6
08-16 17:02:10.421 2306 18277 I liblog : 12
08-16 17:02:10.424 2306 18280 I liblog : 1
08-16 17:02:10.424 2306 18280 I liblog : 3
08-16 17:02:10.425 2306 18278 I liblog : 5
08-16 17:02:10.425 2306 18278 I liblog : 2
08-16 17:02:10.426 2306 18281 I liblog : 14
08-16 17:02:10.426 2306 18281 I liblog : 1
08-16 17:02:10.426 2306 18281 I liblog : 8
08-16 17:02:10.426 2306 18281 I liblog : 7
08-16 17:02:10.429 2306 18282 I liblog : 1
08-16 17:02:10.430 2306 18282 I liblog : 3
08-16 17:02:10.430 2306 18283 I liblog : 4
08-16 17:02:10.431 2306 18283 I liblog : 10
08-16 17:02:10.447 2306 18284 I liblog : 5
08-16 17:02:10.496 2306 18294 I liblog : 1
08-16 17:02:10.497 2306 18294 I liblog : 8
08-16 17:02:10.504 2306 18298 I liblog : 6
08-16 17:02:10.509 2306 18299 I liblog : 5
08-16 17:02:10.510 2306 18301 I liblog : 5
08-16 17:02:10.510 2306 18301 I liblog : 2
08-16 17:02:10.510 2306 18301 I liblog : 7
08-16 17:02:10.515 2306 18302 I liblog : 6
08-16 17:02:10.534 2306 18306 I liblog : 3
08-16 17:02:10.535 2306 18306 I liblog : 4
08-16 17:02:10.535 2306 18306 I liblog : 7
08-16 17:02:10.535 2306 18306 I liblog : 3
08-16 17:02:10.536 2306 18308 I liblog : 3
08-16 17:02:10.537 2306 18308 I liblog : 3
08-16 17:02:10.537 2306 18308 I liblog : 6
08-16 17:02:10.538 2306 18309 I liblog : 5
08-16 17:02:10.539 2306 18309 I liblog : 4
08-16 17:02:10.539 2306 18309 I liblog : 5
08-16 17:02:10.542 2306 18310 I liblog : 3
08-16 17:02:10.543 2306 18310 I liblog : 1
08-16 17:02:10.544 2306 18311 I liblog : 6
08-16 17:02:10.544 2306 18311 I liblog : 1
08-16 17:02:10.545 2306 18311 I liblog : 6
08-16 17:02:10.547 2306 18312 I liblog : 6
08-16 17:02:10.548 2306 18312 I liblog : 4
08-16 17:02:10.549 2306 18313 I liblog : 2
08-16 17:02:10.549 2306 18313 I liblog : 1
08-16 17:02:10.549 2306 18313 I liblog : 7
08-16 17:02:10.550 2306 18313 I liblog : 5
08-16 17:02:10.557 2306 18314 I liblog : 3
08-16 17:02:10.561 2306 18316 I liblog : 9
08-16 17:02:10.563 2306 18317 I liblog : 4
08-16 17:02:10.564 2306 18317 I liblog : 5
08-16 17:02:10.564 2306 18318 I liblog : 5
08-16 17:02:10.564 2306 18318 I liblog : 4
08-16 17:02:10.564 2306 18318 I liblog : 7
08-16 17:02:10.565 2306 18318 I liblog : 4
08-16 17:02:10.567 2306 18319 I liblog : 2
08-16 17:02:10.568 2306 18319 I liblog : 6
08-16 17:02:10.572 2306 18321 I liblog : 4
08-16 17:02:10.574 2306 18322 I liblog : 1
08-16 17:02:10.574 2306 18322 I liblog : 7
08-16 17:02:10.575 2306 18320 I liblog : 6
08-16 17:02:10.580 2306 18323 I liblog : 13
08-16 17:02:10.582 2306 18324 I liblog : 9
08-16 17:02:10.587 2306 18325 I liblog : 6
08-16 17:02:10.590 2306 18326 I liblog : 1
08-16 17:02:10.590 2306 18327 I liblog : 6
08-16 17:02:10.591 2306 18327 I liblog : 4
08-16 17:02:10.591 2306 18327 I liblog : 6
08-16 17:02:10.592 2306 18328 I liblog : 6
08-16 17:02:10.593 2306 18328 I liblog : 5
08-16 17:02:10.593 2306 18328 I liblog : 6
08-16 17:02:10.595 2306 18329 I liblog : 3
08-16 17:02:10.596 2306 18329 I liblog : 4
08-16 17:02:10.598 2306 18330 I liblog : 5
08-16 17:02:10.599 2306 18330 I liblog : 1
08-16 17:02:10.601 2306 18331 I liblog : 5
08-16 17:02:10.601 2306 18331 I liblog : 3
08-16 17:02:10.602 2306 18331 I liblog : 4
08-16 17:02:10.603 2306 18332 I liblog : 4
08-16 17:02:10.603 2306 18332 I liblog : 5
08-16 17:02:10.603 2306 18332 I liblog : 6
08-16 17:02:10.605 2306 18333 I liblog : 3
08-16 17:02:10.606 2306 18333 I liblog : 4
08-16 17:02:10.610 2306 18334 I liblog : 6
08-16 17:02:10.619 2306 18335 I liblog : 1
01-01 06:05:48.961 0 0 D : mv2112_read_status
01-01 06:05:48.965 0 0 D mv2112_update_link: 3.0x901(1G): 0x4
01-01 06:05:48.970 0 0 D mv2112_update_link: 3.0x8109(100M): 0x8
01-01 06:05:48.975 0 0 D mv2112_update_link: link 0x4
01-01 06:05:48.979 0 0 D mv2112_read_status: autoneg is disabled
01-01 06:05:49.985 0 0 D : mv2112_read_status
01-01 06:05:49.989 0 0 D mv2112_update_link: 3.0x901(1G): 0x4
01-01 06:05:49.994 0 0 D mv2112_update_link: 3.0x8109(100M): 0x8
01-01 06:05:49.999 0 0 D mv2112_update_link: link 0x4
01-01 06:05:50.003 0 0 D mv2112_read_status: autoneg is disabled
08-16 17:02:12.222 1142 1720 I input_interaction: Interaction with: ce81fb com.android.launcher3/com.android.launcher3.uioverrides.QuickstepLauncher (server), 40beaf7 com.android.systemui.ImageWallpaper (server), edge-swipe (server), swipe-up (server), PointerEventDispatcher0 (server),
01-01 06:05:50.056 0 0 I init : starting service 'vendor.light-hal-2-0'...
01-01 06:05:50.146 0 0 I init : Service 'vendor.light-hal-2-0' (pid 18535) exited with status 0
01-01 06:05:50.157 0 0 I init : Sending signal 9 to service 'vendor.light-hal-2-0' (pid 18535) process group...
01-01 06:05:50.167 0 0 I libprocessgroup: Successfully killed process cgroup uid 1000 pid 18535 in 0ms
01-01 06:05:51.009 0 0 D : mv2112_read_status
01-01 06:05:51.013 0 0 D mv2112_update_link: 3.0x901(1G): 0x4
01-01 06:05:51.018 0 0 D mv2112_update_link: 3.0x8109(100M): 0x8
01-01 06:05:51.023 0 0 D mv2112_update_link: link 0x4
01-01 06:05:51.027 0 0 D mv2112_read_status: autoneg is disabled
01-01 06:05:51.901 0 0 I init : starting service 'qvrd_vndr'...
01-01 06:05:51.909 0 0 I init : Created socket '/dev/socket/qvrservice_vndr', mode 660, user 1000, group 1000
01-01 06:05:51.921 0 0 I init : Created socket '/dev/socket/qvrservice_vndr_camera', mode 660, user 1000, group 1000
01-01 06:05:51.965 0 0 I init : starting service 'sxrd'...
08-16 17:02:14.202 18537 18537 F linker : CANNOT LINK EXECUTABLE "/vendor/bin/hw/qvrservice": library "vendor.qti.hardware.qxr-V1-ndk_platform.so" not found: needed by /vendor/lib64/libqvrservice.so in namespace (default)
08-16 17:02:14.202 18538 18538 F linker : CANNOT LINK EXECUTABLE "/vendor/bin/hw/sxrservice": library "vendor.qti.hardware.qxr-V1-ndk_platform.so" not found: needed by main executable
01-01 06:05:52.009 0 0 I init : Service 'sxrd' (pid 18538) exited with status 1
01-01 06:05:52.015 0 0 I init : Sending signal 9 to service 'sxrd' (pid 18538) process group...
01-01 06:05:52.033 0 0 D : mv2112_read_status
01-01 06:05:52.037 0 0 D mv2112_update_link: 3.0x901(1G): 0x4
01-01 06:05:52.042 0 0 D mv2112_update_link: 3.0x8109(100M): 0x8
01-01 06:05:52.047 0 0 D mv2112_update_link: link 0x4
01-01 06:05:52.051 0 0 D mv2112_read_status: autoneg is disabled
01-01 06:05:53.056 0 0 D : mv2112_read_status
01-01 06:05:53.060 0 0 D mv2112_update_link: 3.0x901(1G): 0x4
01-01 06:05:53.065 0 0 D mv2112_update_link: 3.0x8109(100M): 0x8
01-01 06:05:53.072 0 0 D mv2112_update_link: link 0x4
01-01 06:05:53.079 0 0 D mv2112_read_status: autoneg is disabled
08-16 17:02:15.407 2306 18460 I liblog : 1
08-16 17:02:15.408 2306 18460 I liblog : 4
08-16 17:02:15.408 2306 18460 I liblog : 5
08-16 17:02:15.411 2306 18459 I liblog : 3
08-16 17:02:15.412 2306 18463 I liblog : 4
08-16 17:02:15.413 2306 18463 I liblog : 4
08-16 17:02:15.413 2306 18463 I liblog : 7
08-16 17:02:15.414 2306 18462 I liblog : 6
08-16 17:02:15.415 2306 18462 I liblog : 6
08-16 17:02:15.415 2306 18464 I liblog : 6
08-16 17:02:15.415 2306 18464 I liblog : 3
08-16 17:02:15.416 2306 18464 I liblog : 7
08-16 17:02:15.416 2306 18464 I liblog : 4
08-16 17:02:15.417 2306 18461 I liblog : 2
08-16 17:02:15.417 2306 18461 I liblog : 3
08-16 17:02:15.418 2306 18461 I liblog : 6
08-16 17:02:15.424 2306 18465 I liblog : 5
08-16 17:02:15.430 2306 18467 I liblog : 5
08-16 17:02:15.430 2306 18467 I liblog : 5
08-16 17:02:15.432 2306 18468 I liblog : 2
08-16 17:02:15.432 2306 18468 I liblog : 6
08-16 17:02:15.432 2306 18468 I liblog : 5
08-16 17:02:15.434 2306 18469 I liblog : 1
08-16 17:02:15.435 2306 18469 I liblog : 7
08-16 17:02:15.435 2306 18469 I liblog : 4
08-16 17:02:15.437 2306 18470 I liblog : 10
08-16 17:02:15.438 2306 18471 I liblog : 4
08-16 17:02:15.438 2306 18471 I liblog : 12
08-16 17:02:15.452 2306 18472 I liblog : 3
08-16 17:02:15.512 2306 18486 I liblog : 1
08-16 17:02:15.514 2306 18487 I liblog : 3
08-16 17:02:15.514 2306 18487 I liblog : 1
08-16 17:02:15.515 2306 18487 I liblog : 5
08-16 17:02:15.515 2306 18487 I liblog : 7
08-16 17:02:15.515 2306 18489 I liblog : 5
08-16 17:02:15.516 2306 18489 I liblog : 7
08-16 17:02:15.516 2306 18489 I liblog : 5
08-16 17:02:15.519 2306 18490 I liblog : 4
08-16 17:02:15.520 2306 18490 I liblog : 3
08-16 17:02:15.532 2306 18491 I liblog : 1
08-16 17:02:15.553 2306 18500 I liblog : 1
08-16 17:02:15.553 2306 18500 I liblog : 5
08-16 17:02:15.553 2306 18495 I liblog : 6
08-16 17:02:15.554 2306 18495 I liblog : 1
08-16 17:02:15.554 2306 18495 I liblog : 7
08-16 17:02:15.554 2306 18495 I liblog : 6
08-16 17:02:15.555 2306 18501 I liblog : 5
08-16 17:02:15.555 2306 18501 I liblog : 9
08-16 17:02:15.555 2306 18494 I liblog : 6
08-16 17:02:15.556 2306 18494 I liblog : 10
08-16 17:02:15.557 2306 18497 I liblog : 6
08-16 17:02:15.559 2306 18497 I liblog : 4
08-16 17:02:15.559 2306 18497 I liblog : 3
08-16 17:02:15.560 2306 18502 I liblog : 1
08-16 17:02:15.561 2306 18502 I liblog : 4
08-16 17:02:15.568 2306 18503 I liblog : 8
08-16 17:02:15.571 2306 18506 I liblog : 1
08-16 17:02:15.572 2306 18506 I liblog : 4
08-16 17:02:15.572 2306 18506 I liblog : 6
08-16 17:02:15.573 2306 18505 I liblog : 6
08-16 17:02:15.573 2306 18505 I liblog : 7
08-16 17:02:15.573 2306 18505 I liblog : 4
08-16 17:02:15.574 2306 18507 I liblog : 5
08-16 17:02:15.574 2306 18507 I liblog : 6
08-16 17:02:15.575 2306 18507 I liblog : 5
08-16 17:02:15.579 2306 18508 I liblog : 4
08-16 17:02:15.581 2306 18509 I liblog : 5
08-16 17:02:15.581 2306 18509 I liblog : 5
08-16 17:02:15.581 2306 18510 I liblog : 4
08-16 17:02:15.582 2306 18510 I liblog : 5
08-16 17:02:15.582 2306 18510 I liblog : 6
08-16 17:02:15.584 2306 18511 I liblog : 6
08-16 17:02:15.584 2306 18511 I liblog : 3
08-16 17:02:15.585 2306 18511 I liblog : 6
08-16 17:02:15.585 2306 18512 I liblog : 3
08-16 17:02:15.585 2306 18512 I liblog : 6
08-16 17:02:15.585 2306 18512 I liblog : 6
08-16 17:02:15.593 2306 18513 I liblog : 5
08-16 17:02:15.596 2306 18516 I liblog : 4
08-16 17:02:15.596 2306 18516 I liblog : 4
08-16 17:02:15.597 2306 18516 I liblog : 7
08-16 17:02:15.597 2306 18515 I liblog : 6
08-16 17:02:15.597 2306 18515 I liblog : 4
08-16 17:02:15.598 2306 18515 I liblog : 7
08-16 17:02:15.603 2306 18517 I liblog : 6
08-16 17:02:15.605 2306 18518 I liblog : 6
08-16 17:02:15.606 2306 18519 I liblog : 6
08-16 17:02:15.606 2306 18519 I liblog : 8
08-16 17:02:15.606 2306 18520 I liblog : 6
08-16 17:02:15.607 2306 18520 I liblog : 3
08-16 17:02:15.607 2306 18520 I liblog : 7
08-16 17:02:15.609 2306 18521 I liblog : 6
08-16 17:02:15.610 2306 18521 I liblog : 7
08-16 17:02:15.614 2306 18522 I liblog : 3
08-16 17:02:15.623 2306 18523 I liblog : 2
08-16 17:02:16.133 1142 1171 I ActivityTaskManager: START u0 {act=android.intent.action.MAIN cat=[android.intent.category.LAUNCHER] flg=0x10200000 cmp=com.antutu.ABenchMark/com.example.ABenchMark.ABenchMarkStart bnds=[36,97][335,410]} from uid 10118
08-16 17:02:16.149 1142 1171 I wm_task_created: [90,-1]
08-16 17:02:16.149 1142 1171 W ActivityTaskManager: Can't find TaskDisplayArea to determine support for multi window. Task id=90 attached=false
08-16 17:02:16.157 1142 1171 D CompatibilityChangeReporter: Compat change id reported: 174042980; UID 10155; state: DISABLED
08-16 17:02:16.157 1142 1171 D CompatibilityChangeReporter: Compat change id reported: 184838306; UID 10155; state: DISABLED
08-16 17:02:16.158 1142 1171 D CompatibilityChangeReporter: Compat change id reported: 185004937; UID 10155; state: DISABLED
08-16 17:02:16.161 1142 1171 D CompatibilityChangeReporter: Compat change id reported: 181136395; UID 10155; state: DISABLED
08-16 17:02:16.161 1142 1171 D CompatibilityChangeReporter: Compat change id reported: 174042936; UID 10155; state: DISABLED
08-16 17:02:16.163 1142 1171 I wm_task_moved: [90,1,10]
08-16 17:02:16.163 1142 1171 I wm_task_to_front: [0,90]
08-16 17:02:16.164 1142 1171 I wm_create_task: [0,90]
08-16 17:02:16.164 1142 1171 I wm_create_activity: [0,84609870,90,com.antutu.ABenchMark/com.example.ABenchMark.ABenchMarkStart,android.intent.action.MAIN,NULL,NULL,270532608]
08-16 17:02:16.164 1142 1171 I wm_task_moved: [90,1,10]
08-16 17:02:16.166 1142 1171 D CompatibilityChangeReporter: Compat change id reported: 168419799; UID 10155; state: DISABLED
08-16 17:02:16.167 1142 1171 V SplashScreenExceptionList: SplashScreen checking exception for package com.antutu.ABenchMark (target sdk:30) -> false
08-16 17:02:16.168 1142 1171 I wm_pause_activity: [0,223147596,com.android.launcher3/.uioverrides.QuickstepLauncher,userLeaving=true,pauseBackTasks]
08-16 17:02:16.176 2448 2448 I wm_on_top_resumed_lost_called: [223147596,com.android.launcher3.uioverrides.QuickstepLauncher,topStateChangedWhenResumed]
08-16 17:02:16.180 1822 2010 D PhoneStartingWindowTypeAlgorithm: preferredStartingWindowType newTask:true taskSwitch:true processRunning:false allowTaskSnapshot:true activityCreated:false useEmptySplashScreen:false legacySplashScreen:false topIsHome:false
08-16 17:02:16.181 1822 2010 D StartingSurfaceDrawer: addSplashScreen com.antutu.ABenchMark theme=7f120235 task=90 suggestType=1
08-16 17:02:16.194 2448 2448 I wm_on_paused_called: [223147596,com.android.launcher3.uioverrides.QuickstepLauncher,performPause]
08-16 17:02:16.200 1142 5591 I wm_add_to_stopping: [0,223147596,com.android.launcher3/.uioverrides.QuickstepLauncher,makeInvisible]
08-16 17:02:16.201 1822 2011 D StartingSurfaceDrawer: window attributes color: 0 icon null duration 0 brandImage null
08-16 17:02:16.205 1142 1221 I am_uid_running: 10155
08-16 17:02:16.219 1142 1221 D CompatibilityChangeReporter: Compat change id reported: 135634846; UID 10155; state: DISABLED
08-16 17:02:16.219 1142 1221 D CompatibilityChangeReporter: Compat change id reported: 177438394; UID 10155; state: DISABLED
08-16 17:02:16.219 1142 1221 D CompatibilityChangeReporter: Compat change id reported: 135772972; UID 10155; state: DISABLED
08-16 17:02:16.220 1142 1221 D CompatibilityChangeReporter: Compat change id reported: 135754954; UID 10155; state: ENABLED
08-16 17:02:16.220 1142 1243 D CompatibilityChangeReporter: Compat change id reported: 143937733; UID 10155; state: ENABLED
08-16 17:02:16.221 1142 1720 I input_focus: [Focus leaving ce81fb com.android.launcher3/com.android.launcher3.uioverrides.QuickstepLauncher (server),reason=NO_WINDOW]
08-16 17:02:16.225 1142 1221 I sysui_multi_action: [757,803,799,window_time_0,802,52]
08-16 17:02:16.232 1822 2011 D StartingSurfaceDrawer: FgMainColor=ffe2433d BgMainColor=ffffffff IsBgComplex=false FromCache=false ThemeColor=ffffffff
08-16 17:02:16.233 1822 2011 D StartingSurfaceDrawer: makeSplashScreenContentView: choose fg icon
08-16 17:02:16.234 1822 2011 D StartingSurfaceDrawer: fillViewWithIcon surfaceWindowView android.window.SplashScreenView{a3fd374 V.E...... ......ID 0,0-0,0}
01-01 06:05:54.057 0 0 I btfm_slim_hw_init: PGD Enum Addr: 00:01:20:02:17: 02
01-01 06:05:54.064 0 0 I btfm_slim_hw_init: IFD Enum Addr: 00:00:20:02:17: 02
01-01 06:05:54.070 0 0 I btfm_slim_hw_init: chipset soc version:400a0200
08-16 17:02:16.276 1142 1243 W ActivityManager: Slow operation: 65ms so far, now at startProcess: returned from zygote!
08-16 17:02:16.276 1142 1243 W ActivityManager: Slow operation: 65ms so far, now at startProcess: done updating battery stats
08-16 17:02:16.276 1142 1243 I am_proc_start: [0,18731,10155,com.antutu.ABenchMark,pre-top-activity,{com.antutu.ABenchMark/com.example.ABenchMark.ABenchMarkStart}]
08-16 17:02:16.276 1142 1243 W ActivityManager: Slow operation: 65ms so far, now at startProcess: building log message
08-16 17:02:16.276 1142 1243 I ActivityManager: Start proc 18731:com.antutu.ABenchMark/u0a155 for pre-top-activity {com.antutu.ABenchMark/com.example.ABenchMark.ABenchMarkStart}
08-16 17:02:16.276 1142 1243 W ActivityManager: Slow operation: 65ms so far, now at startProcess: starting to update pids map
08-16 17:02:16.276 1142 1243 W ActivityManager: Slow operation: 65ms so far, now at startProcess: done updating pids map
08-16 17:02:16.277 1142 18732 W ContextImpl: Calling a method in the system process without a qualified user: android.app.ContextImpl.sendBroadcast:1173 com.qualcomm.qti.Performance$SendGameLaunchBroadcast.run:217 java.lang.Thread.run:920
01-01 06:05:54.076 0 0 I btfm_slim_hw_init: chipset is hastings 2.0, overwriting EA
01-01 06:05:54.083 0 0 I btfm_slim_hw_init: PGD Enum Addr: 00:01:20:02:17: 02
01-01 06:05:54.084 0 0 D : mv2112_read_status
01-01 06:05:54.090 0 0 I btfm_slim_hw_init: IFD Enum Addr: 00:00:20:02:17: 02
08-16 17:02:16.286 1142 1233 I am_pss : [4090,10120,com.android.mms,19069952,13217792,0,143585280,0,16,12]
01-01 06:05:54.093 0 0 D mv2112_update_link: 3.0x901(1G): 0x4
01-01 06:05:54.099 0 0 I btfm_slim_alloc_port: chipset soc version:400a0200
08-16 17:02:16.298 1142 1233 I am_pss : [15169,10066,com.qualcomm.qti.biometrics.fingerprint.qfpcalibration,4930560,3665920,0,88727552,0,19,10]
01-01 06:05:54.104 0 0 D mv2112_update_link: 3.0x8109(100M): 0x8
01-01 06:05:54.115 0 0 D mv2112_update_link: link 0x4
01-01 06:05:54.119 0 0 D mv2112_read_status: autoneg is disabled
01-01 06:05:54.121 0 0 I btfm_slim_enable_ch: chipset soc version:400a0200
01-01 06:05:54.130 0 0 I btfm_slim_enable_ch: channel define - prot:2, dataf:0, auxf:0
01-01 06:05:54.137 0 0 I btfm_slim_enable_ch: channel define - rates:44100, baser:2, ratem:4
01-01 06:05:54.145 0 0 I btfm_slim_enable_ch: slim_connect_sink(port: 16, ch: 157)
01-01 06:05:54.152 0 0 I btfm_slim_enable_ch: port: 16, ch: 157, grp: 0, ch->grph: 0x0, ch_hdl: 0x1d
01-01 06:05:54.162 0 0 I __afe_port_start: port id: 0x400e
01-01 06:05:54.166 0 0 I afe_find_cal_topo_id_by_port: port id: 0x400e, dev_acdb_id: 20
01-01 06:05:54.173 0 0 I afe_find_cal_topo_id_by_port: top_id:112fc acdb_id:20 afe_port_id:0x400e
01-01 06:05:54.181 0 0 I afe_get_cal_topology_id: port_id = 0x400e acdb_id = 20 topology_id = 0x112fc cal_type_index=8 ret=0
01-01 06:05:54.193 0 0 I afe_send_port_topology_id: AFE set topology id 0x112fc enable for port 0x400e ret 0
01-01 06:05:54.202 0 0 I send_afe_cal_type: cal_index is 0
01-01 06:05:54.206 0 0 I perfetto: enabled ftrace
01-01 06:05:54.206 0 0 I send_afe_cal_type: dev_acdb_id[119] is 20
01-01 06:05:54.215 0 0 I afe_find_cal: cal_index 0 port_id 0x400e port_index 119
01-01 06:05:54.222 0 0 I afe_find_cal: acdb_id 20 dev_acdb_id 20 sample_rate 48000 afe_sample_rates 44100
01-01 06:05:54.231 0 0 I afe_find_cal: no matching cal_block found
01-01 06:05:54.236 0 0 E : send_afe_cal_type cal_block not found!!
01-01 06:05:54.242 0 0 I afe_send_hw_delay: port_id 0x400e rate 44100 delay_usec 0 status 0
01-01 06:05:54.247 0 0 I binder : 18731:18731 ioctl 40046210 7fe0a4c4c4 returned -22
08-16 17:02:16.461 1142 1982 I am_proc_bound: [0,18731,com.antutu.ABenchMark]
08-16 17:02:16.465 1142 1982 I wm_restart_activity: [0,84609870,90,com.antutu.ABenchMark/com.example.ABenchMark.ABenchMarkStart]
08-16 17:02:16.465 1142 1982 I wm_set_resumed_activity: [0,com.antutu.ABenchMark/com.example.ABenchMark.ABenchMarkStart,minimalResumeActivityLocked]
08-16 17:02:16.472 1142 1221 I am_uid_active: 10155
08-16 17:02:16.625 1142 1982 I sysui_multi_action: [757,856,758,1,806,com.antutu.ABenchMark,857,Antutu Monitor,858,2]
08-16 17:02:16.626 1142 1982 I sysui_multi_action: [757,856,758,1,806,com.antutu.ABenchMark,857,Antutu Test,858,2]
08-16 17:02:16.627 1142 1982 I sysui_multi_action: [757,856,758,1,806,com.antutu.ABenchMark,857,Antutu Stress Test,858,2]
08-16 17:02:16.627 1142 1982 I sysui_multi_action: [757,856,758,1,806,com.antutu.ABenchMark,857,Antutu Battery Test,858,1]
08-16 17:02:16.628 1142 1982 I sysui_multi_action: [757,856,758,1,806,com.antutu.ABenchMark,857,Antutu Download,858,2]
08-16 17:02:16.628 1142 1982 I sysui_multi_action: [757,856,758,1,806,com.antutu.ABenchMark,857,Antutu PP,858,4]
08-16 17:02:16.725 18731 18731 I wm_on_create_called: [84609870,com.example.ABenchMark.ABenchMarkStart,performCreate]
08-16 17:02:16.732 18731 18731 I wm_on_start_called: [84609870,com.example.ABenchMark.ABenchMarkStart,handleStartActivity]
08-16 17:02:16.734 18731 18731 I wm_on_resume_called: [84609870,com.example.ABenchMark.ABenchMarkStart,RESUME_ACTIVITY]
08-16 17:02:16.746 1142 2084 W WindowManager: Failed looking up window session=Session{2dbbf55 18731:u0a10155} callers=com.android.server.wm.WindowManagerService.windowForClientLocked:5626 com.android.server.wm.Session.insetsModified:629 android.view.IWindowSession$Stub.onTransact:1151
08-16 17:02:16.752 18731 18731 I wm_on_top_resumed_gained_called: [84609870,com.example.ABenchMark.ABenchMarkStart,topStateChangedWhenResumed]
08-16 17:02:16.774 1142 1222 I input_focus: [Focus request 965daf8 com.antutu.ABenchMark/com.example.ABenchMark.ABenchMarkStart,reason=UpdateInputWindows]
01-01 06:05:54.609 0 0 I binder : 18731:18763 ioctl 40046210 76dcf8fc94 returned -22
08-16 17:02:16.842 1142 1221 I configuration_changed: 536872064
08-16 17:02:16.842 1142 1221 I ActivityTaskManager: Config changes=20000480 {1.0 ?mcc?mnc [en_US] ldltr sw680dp w680dp h1546dp 240dpi lrg long hdr port finger -keyb/v/h -nav/h winConfig={ mBounds=Rect(0, 0 - 1020, 2380) mAppBounds=Rect(0, 0 - 1020, 2356) mMaxBounds=Rect(0, 0 - 1020, 2380) mWindowingMode=fullscreen mDisplayWindowingMode=fullscreen mActivityType=undefined mAlwaysOnTop=undefined mRotation=ROTATION_270} s.345 fontWeightAdjustment=0}
08-16 17:02:16.848 1142 1221 W ActivityTaskManager: Current config: {1.0 ?mcc?mnc [en_US] ldltr sw680dp w1586dp h640dp 240dpi lrg long hdr land finger -keyb/v/h -nav/h winConfig={ mBounds=Rect(0, 0 - 2380, 1020) mAppBounds=Rect(0, 0 - 2380, 996) mMaxBounds=Rect(0, 0 - 2380, 1020) mWindowingMode=fullscreen mDisplayWindowingMode=fullscreen mActivityType=undefined mAlwaysOnTop=undefined mRotation=ROTATION_0} s.345 fontWeightAdjustment=0} unchanged for IME proc com.android.inputmethod.latin
08-16 17:02:16.851 1142 1221 I WindowManager: Override config changes=20000480 {1.0 ?mcc?mnc [en_US] ldltr sw680dp w680dp h1546dp 240dpi lrg long hdr port finger -keyb/v/h -nav/h winConfig={ mBounds=Rect(0, 0 - 1020, 2380) mAppBounds=Rect(0, 0 - 1020, 2356) mMaxBounds=Rect(0, 0 - 1020, 2380) mWindowingMode=fullscreen mDisplayWindowingMode=fullscreen mActivityType=undefined mAlwaysOnTop=undefined mRotation=ROTATION_270} s.345 fontWeightAdjustment=0} for displayId=0
08-16 17:02:16.852 1142 1221 V ActivityTaskManager: Sending to IME proc com.android.inputmethod.latin new config {1.0 ?mcc?mnc [en_US] ldltr sw680dp w680dp h1546dp 240dpi lrg long hdr port finger -keyb/v/h -nav/h winConfig={ mBounds=Rect(0, 0 - 1020, 2380) mAppBounds=Rect(0, 0 - 1020, 2356) mMaxBounds=Rect(0, 0 - 1020, 2380) mWindowingMode=fullscreen mDisplayWindowingMode=fullscreen mActivityType=undefined mAlwaysOnTop=undefined mRotation=ROTATION_270} s.345 fontWeightAdjustment=0}
08-16 17:02:16.866 1142 1221 I service_manager_slow: [12,platform_compat]
08-16 17:02:16.871 1142 1221 D CompatibilityChangeReporter: Compat change id reported: 174042980; UID 10091; state: DISABLED
08-16 17:02:16.872 1142 1221 D CompatibilityChangeReporter: Compat change id reported: 184838306; UID 10091; state: DISABLED
08-16 17:02:16.872 1142 1221 I service_manager_stats: [100,140,237844]
08-16 17:02:16.872 1142 1221 D CompatibilityChangeReporter: Compat change id reported: 185004937; UID 10091; state: DISABLED
08-16 17:02:16.875 1142 1221 D CompatibilityChangeReporter: Compat change id reported: 174042980; UID 10157; state: DISABLED
08-16 17:02:16.876 1142 1221 D CompatibilityChangeReporter: Compat change id reported: 184838306; UID 10157; state: DISABLED
08-16 17:02:16.880 1142 1221 D CompatibilityChangeReporter: Compat change id reported: 185004937; UID 10157; state: DISABLED
08-16 17:02:16.881 1142 1221 D CompatibilityChangeReporter: Compat change id reported: 181136395; UID 10157; state: DISABLED
08-16 17:02:16.881 1142 9102 W ActivityManager: Receiver with filter android.content.IntentFilter@e29251a already registered for pid 15531, callerPackage is com.android.music
08-16 17:02:16.881 1142 1221 D CompatibilityChangeReporter: Compat change id reported: 174042936; UID 10157; state: DISABLED
08-16 17:02:16.883 1142 1221 I sysui_multi_action: [757,1659,758,4,759,1,1660,0]
08-16 17:02:16.884 1142 1221 D CompatibilityChangeReporter: Compat change id reported: 181136395; UID 10155; state: DISABLED
08-16 17:02:16.884 1142 1221 D CompatibilityChangeReporter: Compat change id reported: 174042936; UID 10155; state: DISABLED
08-16 17:02:16.886 1142 1220 I commit_sys_config_file: [notification-policy,604914]
08-16 17:02:16.893 1142 1171 I dvm_lock_sample: [system_server,0,Binder:1142_2,49,Session.java,511,void com.android.server.wm.Session.setWallpaperZoomOut(android.os.IBinder, float),WindowOrganizerController.java,133,void com.android.server.wm.WindowOrganizerController.applyTransaction(android.window.WindowContainerTransaction),9]
08-16 17:02:16.897 1142 1170 I wm_stop_activity: [0,223147596,com.android.launcher3/.uioverrides.QuickstepLauncher]
08-16 17:02:16.898 1142 1220 I DropBoxManagerService: add tag=system_app_strictmode isTagEnabled=true flags=0x2
08-16 17:02:16.900 1142 1220 I DropBoxManagerService: add tag=system_app_strictmode isTagEnabled=true flags=0x2
08-16 17:02:16.908 1142 1220 I DropBoxManagerService: add tag=system_app_strictmode isTagEnabled=true flags=0x2
08-16 17:02:16.918 1142 1220 I DropBoxManagerService: add tag=system_app_strictmode isTagEnabled=true flags=0x2
08-16 17:02:16.926 1142 1220 I DropBoxManagerService: add tag=system_app_strictmode isTagEnabled=true flags=0x2
08-16 17:02:16.932 1142 1220 I DropBoxManagerService: add tag=system_app_strictmode isTagEnabled=true flags=0x2
08-16 17:02:16.933 2448 2448 I wm_on_stop_called: [223147596,com.android.launcher3.uioverrides.QuickstepLauncher,STOP_ACTIVITY_ITEM]
08-16 17:02:16.940 1142 1220 I DropBoxManagerService: add tag=system_app_strictmode isTagEnabled=true flags=0x2
08-16 17:02:16.948 1142 1220 I DropBoxManagerService: add tag=system_app_strictmode isTagEnabled=true flags=0x2
08-16 17:02:16.956 1142 1220 I DropBoxManagerService: add tag=system_app_strictmode isTagEnabled=true flags=0x2
08-16 17:02:16.965 1142 1220 I DropBoxManagerService: add tag=system_app_strictmode isTagEnabled=true flags=0x2
08-16 17:02:16.969 1142 1220 I DropBoxManagerService: add tag=system_app_strictmode isTagEnabled=true flags=0x2
08-16 17:02:17.032 1142 1220 I DropBoxManagerService: add tag=system_app_strictmode isTagEnabled=true flags=0x2
08-16 17:02:17.035 1142 1220 I DropBoxManagerService: add tag=system_app_strictmode isTagEnabled=true flags=0x2
08-16 17:02:17.048 1142 1220 I DropBoxManagerService: add tag=system_app_strictmode isTagEnabled=true flags=0x2
08-16 17:02:17.052 1142 1220 I DropBoxManagerService: add tag=system_app_strictmode isTagEnabled=true flags=0x2
08-16 17:02:17.058 1142 1220 I DropBoxManagerService: add tag=system_app_strictmode isTagEnabled=true flags=0x2
08-16 17:02:17.065 1142 1220 I DropBoxManagerService: add tag=system_app_strictmode isTagEnabled=true flags=0x2
08-16 17:02:17.069 1142 1220 I DropBoxManagerService: add tag=system_app_strictmode isTagEnabled=true flags=0x2
08-16 17:02:17.079 1142 1220 I DropBoxManagerService: add tag=system_app_strictmode isTagEnabled=true flags=0x2
08-16 17:02:17.084 1142 1220 I DropBoxManagerService: add tag=system_app_strictmode isTagEnabled=true flags=0x2
08-16 17:02:17.088 1142 1220 I DropBoxManagerService: add tag=system_app_strictmode isTagEnabled=true flags=0x2
08-16 17:02:17.095 1142 1220 I DropBoxManagerService: add tag=system_app_strictmode isTagEnabled=true flags=0x2
08-16 17:02:17.171 1142 1220 I DropBoxManagerService: add tag=system_app_strictmode isTagEnabled=true flags=0x2
08-16 17:02:17.181 1142 1220 I DropBoxManagerService: add tag=system_app_strictmode isTagEnabled=true flags=0x2
08-16 17:02:17.189 1142 1220 I DropBoxManagerService: add tag=system_app_strictmode isTagEnabled=true flags=0x2
08-16 17:02:17.194 1142 1220 I DropBoxManagerService: add tag=system_app_strictmode isTagEnabled=true flags=0x2
08-16 17:02:17.200 1142 1220 I DropBoxManagerService: add tag=system_app_strictmode isTagEnabled=true flags=0x2
08-16 17:02:17.206 1142 1220 I DropBoxManagerService: add tag=system_app_strictmode isTagEnabled=true flags=0x2
08-16 17:02:17.209 1142 1220 I DropBoxManagerService: add tag=system_app_strictmode isTagEnabled=true flags=0x2
08-16 17:02:17.213 1142 1220 I DropBoxManagerService: add tag=system_app_strictmode isTagEnabled=true flags=0x2
08-16 17:02:17.215 1142 1220 I DropBoxManagerService: add tag=system_app_strictmode isTagEnabled=true flags=0x2
08-16 17:02:17.219 1142 1220 I DropBoxManagerService: add tag=system_app_strictmode isTagEnabled=true flags=0x2
08-16 17:02:17.225 1142 1220 I DropBoxManagerService: add tag=system_app_strictmode isTagEnabled=true flags=0x2
08-16 17:02:17.232 1142 1220 I DropBoxManagerService: add tag=system_app_strictmode isTagEnabled=true flags=0x2
08-16 17:02:17.236 1142 1220 I DropBoxManagerService: add tag=system_app_strictmode isTagEnabled=true flags=0x2
08-16 17:02:17.240 1142 1220 I DropBoxManagerService: add tag=system_app_strictmode isTagEnabled=true flags=0x2
01-01 06:05:55.082 0 0 I init : starting service 'vendor.light-hal-2-0'...
01-01 06:05:55.136 0 0 D : mv2112_read_status
01-01 06:05:55.140 0 0 D mv2112_update_link: 3.0x901(1G): 0x4
01-01 06:05:55.145 0 0 D mv2112_update_link: 3.0x8109(100M): 0x8
01-01 06:05:55.150 0 0 D mv2112_update_link: link 0x4
01-01 06:05:55.154 0 0 D mv2112_read_status: autoneg is disabled
01-01 06:05:55.182 0 0 I init : Service 'vendor.light-hal-2-0' (pid 18783) exited with status 0
01-01 06:05:55.190 0 0 I init : Sending signal 9 to service 'vendor.light-hal-2-0' (pid 18783) process group...
01-01 06:05:55.201 0 0 I libprocessgroup: Successfully killed process cgroup uid 1000 pid 18783 in 1ms
01-01 06:05:56.160 0 0 D : mv2112_read_status
01-01 06:05:56.164 0 0 D mv2112_update_link: 3.0x901(1G): 0x4
01-01 06:05:56.169 0 0 D mv2112_update_link: 3.0x8109(100M): 0x8
01-01 06:05:56.174 0 0 D mv2112_update_link: link 0x4
01-01 06:05:56.178 0 0 D mv2112_read_status: autoneg is disabled
08-16 17:02:18.617 1142 1982 I am_uid_running: 10103
08-16 17:02:18.618 1142 1982 D CompatibilityChangeReporter: Compat change id reported: 135634846; UID 10103; state: DISABLED
08-16 17:02:18.618 1142 1243 D CompatibilityChangeReporter: Compat change id reported: 143937733; UID 10103; state: ENABLED
08-16 17:02:18.646 1142 1243 I am_proc_start: [0,18792,10103,com.android.webview:webview_service,service,{com.android.webview/org.chromium.android_webview.services.VariationsSeedServer}]
08-16 17:02:18.646 1142 1243 I ActivityManager: Start proc 18792:com.android.webview:webview_service/u0a103 for service {com.android.webview/org.chromium.android_webview.services.VariationsSeedServer}
01-01 06:05:56.487 0 0 I binder : 18792:18792 ioctl 40046210 ffc90358 returned -22
08-16 17:02:18.695 1142 1982 I am_proc_bound: [0,18792,com.android.webview:webview_service]
08-16 17:02:18.698 1142 1982 D CompatibilityChangeReporter: Compat change id reported: 168419799; UID 10103; state: DISABLED
08-16 17:02:18.706 1142 1982 I am_uid_active: 10103
08-16 17:02:18.732 1142 1982 I am_uid_running: 99001
08-16 17:02:18.733 1142 1982 D CompatibilityChangeReporter: Compat change id reported: 135634846; UID 10155; state: DISABLED
08-16 17:02:18.733 1142 1243 D CompatibilityChangeReporter: Compat change id reported: 143937733; UID 10155; state: ENABLED
08-16 17:02:18.769 1142 1243 I am_proc_start: [0,18811,99001,com.android.webview:sandboxed_process0:org.chromium.content.app.SandboxedProcessService0:0,,{com.antutu.ABenchMark/org.chromium.content.app.SandboxedProcessService0:0}]
08-16 17:02:18.769 1142 1243 I ActivityManager: Start proc 18811:com.android.webview:sandboxed_process0:org.chromium.content.app.SandboxedProcessService0:0/u0i1 for {com.antutu.ABenchMark/org.chromium.content.app.SandboxedProcessService0:0}
01-01 06:05:56.615 0 0 I binder : 18811:18811 ioctl 40046210 ffc8faa8 returned -22
08-16 17:02:18.821 1142 1982 I am_proc_bound: [0,18811,com.android.webview:sandboxed_process0:org.chromium.content.app.SandboxedProcessService0:0]
08-16 17:02:18.823 1142 1982 D CompatibilityChangeReporter: Compat change id reported: 168419799; UID 10155; state: DISABLED
08-16 17:02:18.825 1142 1982 I am_uid_active: 99001
08-16 17:02:18.847 518 518 I auditd : avc: denied { find } for pid=18811 uid=99001 name=content_capture scontext=u:r:isolated_app:s0:c512,c768 tcontext=u:object_r:content_capture_service:s0 tclass=service_manager permissive=0
08-16 17:02:19.105 1822 2010 D StartingSurfaceDrawer: Task start finish, remove starting surface for task 90
08-16 17:02:19.106 1822 2010 V StartingSurfaceDrawer: Removing splash screen window for task: 90
08-16 17:02:19.113 1142 1720 I input_focus: [Focus entering 965daf8 com.antutu.ABenchMark/com.example.ABenchMark.ABenchMarkStart (server),reason=Window became focusable. Previous reason: NOT_VISIBLE]
08-16 17:02:19.115 1142 1982 I ActivityTaskManager: START u0 {cmp=com.antutu.ABenchMark/com.example.benchmark.ui.gdpr.GDPRActivity} from uid 10155
08-16 17:02:19.123 1142 1218 I sysui_multi_action: [319,132,321,128,322,2970,325,658,757,761,758,7,759,1,806,com.antutu.ABenchMark,871,com.example.ABenchMark.ABenchMarkStart,904,com.android.launcher3,905,0,945,330,1320,4,1321,4]
08-16 17:02:19.126 1142 1982 D CompatibilityChangeReporter: Compat change id reported: 174042980; UID 10155; state: DISABLED
08-16 17:02:19.128 1142 1218 I wm_activity_launch_time: [0,84609870,com.antutu.ABenchMark/com.example.ABenchMark.ABenchMarkStart,2970]
08-16 17:02:19.131 1142 1982 D CompatibilityChangeReporter: Compat change id reported: 184838306; UID 10155; state: DISABLED
08-16 17:02:19.132 1142 1982 D CompatibilityChangeReporter: Compat change id reported: 185004937; UID 10155; state: DISABLED
08-16 17:02:19.134 1142 1982 I wm_task_moved: [90,1,10]
08-16 17:02:19.135 1142 1982 I wm_set_resumed_activity: [0,com.antutu.ABenchMark/com.example.ABenchMark.ABenchMarkStart,positionChildAt]
08-16 17:02:19.135 1142 1982 I wm_create_activity: [0,45388666,90,com.antutu.ABenchMark/com.example.benchmark.ui.gdpr.GDPRActivity,NULL,NULL,NULL,0]
08-16 17:02:19.139 1142 1982 I wm_pause_activity: [0,84609870,com.antutu.ABenchMark/com.example.ABenchMark.ABenchMarkStart,userLeaving=true,resumeTopActivityInnerLocked]
08-16 17:02:19.143 18731 18731 I wm_on_top_resumed_lost_called: [84609870,com.example.ABenchMark.ABenchMarkStart,topStateChangedWhenResumed]
08-16 17:02:19.146 18731 18731 I wm_on_paused_called: [84609870,com.example.ABenchMark.ABenchMarkStart,performPause]
08-16 17:02:19.149 2360 2360 D TelephonyNetworkFactory[0]: got request NetworkRequest [ REQUEST id=77, [ Capabilities: INTERNET&NOT_RESTRICTED&TRUSTED&NOT_VCN_MANAGED Uid: 10103 RequestorUid: 1000 RequestorPkg: android] ]
08-16 17:02:19.149 2360 2360 D TelephonyNetworkFactory[1]: got request NetworkRequest [ REQUEST id=77, [ Capabilities: INTERNET&NOT_RESTRICTED&TRUSTED&NOT_VCN_MANAGED Uid: 10103 RequestorUid: 1000 RequestorPkg: android] ]
08-16 17:02:19.149 2360 2360 D TelephonyNetworkFactory[0]: onNeedNetworkFor NetworkRequest [ REQUEST id=77, [ Capabilities: INTERNET&NOT_RESTRICTED&TRUSTED&NOT_VCN_MANAGED Uid: 10103 RequestorUid: 1000 RequestorPkg: android] ] shouldApply false
08-16 17:02:19.150 2360 2360 D TelephonyNetworkFactory[1]: onNeedNetworkFor NetworkRequest [ REQUEST id=77, [ Capabilities: INTERNET&NOT_RESTRICTED&TRUSTED&NOT_VCN_MANAGED Uid: 10103 RequestorUid: 1000 RequestorPkg: android] ] shouldApply false
08-16 17:02:19.153 1142 9102 I ActivityTaskManager: The Process com.antutu.ABenchMark Already Exists in BG. So sending its PID: 18731
08-16 17:02:19.153 1142 9102 W ActivityTaskManager: Tried to set launchTime (0) < mLastActivityLaunchTime (659293)
08-16 17:02:19.153 1142 9102 I wm_add_to_stopping: [0,84609870,com.antutu.ABenchMark/com.example.ABenchMark.ABenchMarkStart,makeInvisible]
08-16 17:02:19.154 1142 9102 I wm_restart_activity: [0,45388666,90,com.antutu.ABenchMark/com.example.benchmark.ui.gdpr.GDPRActivity]
08-16 17:02:19.163 1142 9102 I wm_set_resumed_activity: [0,com.antutu.ABenchMark/com.example.benchmark.ui.gdpr.GDPRActivity,minimalResumeActivityLocked]
01-01 06:05:56.961 0 0 I init : starting service 'qvrd_vndr'...
01-01 06:05:56.971 0 0 I init : Created socket '/dev/socket/qvrservice_vndr', mode 660, user 1000, group 1000
01-01 06:05:56.980 0 0 I init : Created socket '/dev/socket/qvrservice_vndr_camera', mode 660, user 1000, group 1000
08-16 17:02:19.184 1142 1221 I sysui_multi_action: [757,803,799,window_time_0,802,3]
08-16 17:02:19.195 1142 1720 I input_focus: [Focus leaving 965daf8 com.antutu.ABenchMark/com.example.ABenchMark.ABenchMarkStart (server),reason=NO_WINDOW]
08-16 17:02:19.202 18731 18731 I wm_on_create_called: [45388666,com.example.benchmark.ui.gdpr.GDPRActivity,performCreate]
08-16 17:02:19.203 18731 18731 I wm_on_start_called: [45388666,com.example.benchmark.ui.gdpr.GDPRActivity,handleStartActivity]
08-16 17:02:19.203 18731 18731 I wm_on_resume_called: [45388666,com.example.benchmark.ui.gdpr.GDPRActivity,RESUME_ACTIVITY]
01-01 06:05:56.999 0 0 I init : starting service 'sxrd'...
08-16 17:02:19.206 1142 2768 W WindowManager: Failed looking up window session=Session{2dbbf55 18731:u0a10155} callers=com.android.server.wm.WindowManagerService.windowForClientLocked:5626 com.android.server.wm.Session.insetsModified:629 android.view.IWindowSession$Stub.onTransact:1151
08-16 17:02:19.208 18731 18731 I wm_on_top_resumed_gained_called: [45388666,com.example.benchmark.ui.gdpr.GDPRActivity,topStateChangedWhenResumed]
08-16 17:02:19.215 18853 18853 F linker : CANNOT LINK EXECUTABLE "/vendor/bin/hw/qvrservice": library "vendor.qti.hardware.qxr-V1-ndk_platform.so" not found: needed by /vendor/lib64/libqvrservice.so in namespace (default)
08-16 17:02:19.219 18854 18854 F linker : CANNOT LINK EXECUTABLE "/vendor/bin/hw/sxrservice": library "vendor.qti.hardware.qxr-V1-ndk_platform.so" not found: needed by main executable
08-16 17:02:19.222 1142 1222 I input_focus: [Focus request 118cf2a com.antutu.ABenchMark/com.example.benchmark.ui.gdpr.GDPRActivity,reason=UpdateInputWindows]
01-01 06:05:57.022 0 0 I init : Service 'qvrd_vndr' (pid 18853) exited with status 1
01-01 06:05:57.028 0 0 I init : Sending signal 9 to service 'qvrd_vndr' (pid 18853) process group...
08-16 17:02:19.266 1142 1218 I wm_activity_launch_time: [0,45388666,com.antutu.ABenchMark/com.example.benchmark.ui.gdpr.GDPRActivity,149]
08-16 17:02:19.279 1142 1720 I input_focus: [Focus entering 118cf2a com.antutu.ABenchMark/com.example.benchmark.ui.gdpr.GDPRActivity (server),reason=Window became focusable. Previous reason: NOT_VISIBLE]
01-01 06:05:57.184 0 0 D : mv2112_read_status
01-01 06:05:57.188 0 0 D mv2112_update_link: 3.0x901(1G): 0x4
01-01 06:05:57.193 0 0 D mv2112_update_link: 3.0x8109(100M): 0x8
01-01 06:05:57.198 0 0 D mv2112_update_link: link 0x4
01-01 06:05:57.202 0 0 D mv2112_read_status: autoneg is disabled
08-16 17:02:19.670 1142 1221 I wm_stop_activity: [0,84609870,com.antutu.ABenchMark/com.example.ABenchMark.ABenchMarkStart]
08-16 17:02:19.681 18731 18731 I wm_on_stop_called: [84609870,com.example.ABenchMark.ABenchMarkStart,STOP_ACTIVITY_ITEM]
08-16 17:02:19.717 1142 2883 E TaskPersister: File error accessing recents directory (directory doesn't exist?).
01-01 06:05:58.209 0 0 D : mv2112_read_status
01-01 06:05:58.213 0 0 D mv2112_update_link: 3.0x901(1G): 0x4
01-01 06:05:58.218 0 0 D mv2112_update_link: 3.0x8109(100M): 0x8
01-01 06:05:58.223 0 0 D mv2112_update_link: link 0x4
01-01 06:05:58.228 0 0 D mv2112_read_status: autoneg is disabled
08-16 17:02:20.374 2306 18634 I liblog : 2
08-16 17:02:20.374 2306 18635 I liblog : 2
08-16 17:02:20.375 2306 18635 I liblog : 10
08-16 17:02:20.381 2306 18636 I liblog : 5
08-16 17:02:20.386 2306 18638 I liblog : 2
08-16 17:02:20.387 2306 18638 I liblog : 3
08-16 17:02:20.387 2306 18638 I liblog : 3
08-16 17:02:20.389 2306 18639 I liblog : 3
08-16 17:02:20.389 2306 18639 I liblog : 4
08-16 17:02:20.389 2306 18639 I liblog : 5
08-16 17:02:20.391 2306 18640 I liblog : 4
08-16 17:02:20.392 2306 18640 I liblog : 3
08-16 17:02:20.394 2306 18641 I liblog : 6
08-16 17:02:20.395 2306 18641 I liblog : 3
08-16 17:02:20.397 2306 18642 I liblog : 6
08-16 17:02:20.398 2306 18642 I liblog : 6
08-16 17:02:20.404 2306 18643 I liblog : 1
08-16 17:02:20.405 1142 1720 I input_interaction: Interaction with: 118cf2a com.antutu.ABenchMark/com.example.benchmark.ui.gdpr.GDPRActivity (server), edge-swipe (server), swipe-up (server), PointerEventDispatcher0 (server),
08-16 17:02:20.408 2306 18644 I liblog : 1
08-16 17:02:20.411 2306 18645 I liblog : 1
08-16 17:02:20.412 2306 18645 I liblog : 6
08-16 17:02:20.412 2306 18646 I liblog : 6
08-16 17:02:20.414 2306 18646 I liblog : 1
08-16 17:02:20.415 2306 18646 I liblog : 4
08-16 17:02:20.418 2306 18647 I liblog : 3
08-16 17:02:20.419 2306 18647 I liblog : 2
08-16 17:02:20.421 2306 18648 I liblog : 5
08-16 17:02:20.425 2306 18649 I liblog : 1
08-16 17:02:20.427 2306 18649 I liblog : 2
08-16 17:02:20.427 2306 18649 I liblog : 3
08-16 17:02:20.428 2306 18649 I liblog : 3
08-16 17:02:20.430 2306 18650 I liblog : 3
08-16 17:02:20.430 2306 18650 I liblog : 4
08-16 17:02:20.440 2306 18651 I liblog : 5
08-16 17:02:20.451 2306 18657 I liblog : 28
08-16 17:02:20.451 2306 18657 I liblog : 1
08-16 17:02:20.451 2306 18657 I liblog : 6
08-16 17:02:20.453 2306 18656 I liblog : 9
08-16 17:02:20.454 2306 18656 I liblog : 6
08-16 17:02:20.455 2306 18655 I liblog : 5
08-16 17:02:20.456 2306 18655 I liblog : 8
08-16 17:02:20.457 2306 18659 I liblog : 4
08-16 17:02:20.458 2306 18659 I liblog : 3
08-16 17:02:20.458 2306 18659 I liblog : 6
08-16 17:02:20.467 2306 18660 I liblog : 4
08-16 17:02:20.478 1142 2768 I wm_finish_activity: [0,45388666,90,com.antutu.ABenchMark/com.example.benchmark.ui.gdpr.GDPRActivity,app-request]
08-16 17:02:20.496 1142 2768 I wm_pause_activity: [0,45388666,com.antutu.ABenchMark/com.example.benchmark.ui.gdpr.GDPRActivity,userLeaving=false,finish]
08-16 17:02:20.504 18731 18731 I wm_on_top_resumed_lost_called: [45388666,com.example.benchmark.ui.gdpr.GDPRActivity,topStateChangedWhenResumed]
08-16 17:02:20.506 18731 18731 I wm_on_paused_called: [45388666,com.example.benchmark.ui.gdpr.GDPRActivity,performPause]
08-16 17:02:20.506 1142 1982 I wm_add_to_stopping: [0,45388666,com.antutu.ABenchMark/com.example.benchmark.ui.gdpr.GDPRActivity,completeFinishing]
08-16 17:02:20.508 1142 1982 I wm_set_resumed_activity: [0,com.antutu.ABenchMark/com.example.ABenchMark.ABenchMarkStart,resumeTopActivityInnerLocked]
08-16 17:02:20.509 1142 1982 I wm_resume_activity: [0,84609870,90,com.antutu.ABenchMark/com.example.ABenchMark.ABenchMarkStart]
08-16 17:02:20.513 18731 18731 I wm_on_activity_result_called: [84609870,com.example.ABenchMark.ABenchMarkStart,ACTIVITY_RESULT]
08-16 17:02:20.513 18731 18731 I wm_on_restart_called: [84609870,com.example.ABenchMark.ABenchMarkStart,performRestartActivity]
08-16 17:02:20.513 18731 18731 I wm_on_start_called: [84609870,com.example.ABenchMark.ABenchMarkStart,handleStartActivity]
08-16 17:02:20.515 18731 18731 I wm_on_resume_called: [84609870,com.example.ABenchMark.ABenchMarkStart,RESUME_ACTIVITY]
08-16 17:02:20.515 18731 18731 I wm_on_top_resumed_gained_called: [84609870,com.example.ABenchMark.ABenchMarkStart,topWhenResuming]
08-16 17:02:20.517 2306 18670 I liblog : 7
08-16 17:02:20.518 2306 18672 I liblog : 6
08-16 17:02:20.518 1142 1720 I input_focus: [Focus leaving 118cf2a com.antutu.ABenchMark/com.example.benchmark.ui.gdpr.GDPRActivity (server),reason=NO_WINDOW]
08-16 17:02:20.519 2306 18672 I liblog : 11
08-16 17:02:20.519 2306 18672 I liblog : 5
08-16 17:02:20.519 2306 18673 I liblog : 6
08-16 17:02:20.520 2306 18673 I liblog : 7
08-16 17:02:20.520 2306 18674 I liblog : 5
08-16 17:02:20.521 2306 18674 I liblog : 1
08-16 17:02:20.521 2306 18674 I liblog : 6
08-16 17:02:20.522 2306 18676 I liblog : 7
08-16 17:02:20.522 2306 18676 I liblog : 2
08-16 17:02:20.523 2306 18676 I liblog : 7
08-16 17:02:20.524 2306 18675 I liblog : 7
08-16 17:02:20.524 2306 18675 I liblog : 5
08-16 17:02:20.524 2306 18675 I liblog : 6
08-16 17:02:20.526 2306 18677 I liblog : 5
08-16 17:02:20.526 2306 18677 I liblog : 1
08-16 17:02:20.526 2306 18677 I liblog : 7
08-16 17:02:20.526 2306 18677 I liblog : 6
08-16 17:02:20.537 2306 18678 I liblog : 2
08-16 17:02:20.540 1142 1221 I sysui_multi_action: [757,803,799,window_time_0,802,1]
08-16 17:02:20.541 1142 1222 I input_focus: [Focus request 965daf8 com.antutu.ABenchMark/com.example.ABenchMark.ABenchMarkStart,reason=UpdateInputWindows]
08-16 17:02:20.558 2306 18683 I liblog : 5
08-16 17:02:20.558 2306 18682 I liblog : 9
08-16 17:02:20.558 2306 18682 I liblog : 5
08-16 17:02:20.559 2306 18682 I liblog : 11
08-16 17:02:20.559 2306 18685 I liblog : 1
08-16 17:02:20.560 2306 18685 I liblog : 15
08-16 17:02:20.562 2306 18684 I liblog : 5
08-16 17:02:20.562 2306 18684 I liblog : 1
08-16 17:02:20.562 2306 18684 I liblog : 1
08-16 17:02:20.562 2306 18684 I liblog : 3
08-16 17:02:20.563 2306 18687 I liblog : 6
08-16 17:02:20.564 2306 18687 I liblog : 1
08-16 17:02:20.564 2306 18687 I liblog : 4
08-16 17:02:20.565 2306 18687 I liblog : 4
08-16 17:02:20.567 2306 18688 I liblog : 8
08-16 17:02:20.568 2306 18688 I liblog : 4
08-16 17:02:20.570 2306 18689 I liblog : 7
08-16 17:02:20.584 2306 18690 I liblog : 10
08-16 17:02:20.592 2306 18695 I liblog : 5
08-16 17:02:20.593 2306 18696 I liblog : 4
08-16 17:02:20.594 2306 18696 I liblog : 1
08-16 17:02:20.594 2306 18696 I liblog : 7
08-16 17:02:20.595 2306 18693 I liblog : 6
08-16 17:02:20.596 2306 18693 I liblog : 7
08-16 17:02:20.596 2306 18693 I liblog : 3
08-16 17:02:20.597 2306 18691 I liblog : 4
08-16 17:02:20.598 2306 18691 I liblog : 6
08-16 17:02:20.598 2306 18691 I liblog : 4
08-16 17:02:20.600 2306 18692 I liblog : 2
08-16 17:02:20.601 2306 18697 I liblog : 25
08-16 17:02:20.603 2306 18699 I liblog : 5
08-16 17:02:20.605 2306 18699 I liblog : 2
08-16 17:02:20.607 2306 18702 I liblog : 5
08-16 17:02:20.607 2306 18702 I liblog : 4
08-16 17:02:20.608 2306 18701 I liblog : 7
08-16 17:02:20.608 2306 18701 I liblog : 1
08-16 17:02:20.608 2306 18701 I liblog : 7
08-16 17:02:20.609 2306 18701 I liblog : 4
08-16 17:02:20.609 2306 18700 I liblog : 11
08-16 17:02:20.610 2306 18698 I liblog : 11
08-16 17:02:20.611 2306 18698 I liblog : 8
08-16 17:02:20.611 2306 18703 I liblog : 6
08-16 17:02:20.611 2306 18703 I liblog : 5
08-16 17:02:20.612 2306 18703 I liblog : 8
08-16 17:02:20.613 2306 18703 I liblog : 2
08-16 17:02:20.614 2306 18705 I liblog : 3
08-16 17:02:20.614 2306 18705 I liblog : 7
08-16 17:02:20.618 2306 18704 I liblog : 6
08-16 17:02:20.622 2306 18706 I liblog : 2
08-16 17:02:20.623 2306 18706 I liblog : 5
08-16 17:02:20.624 2306 18707 I liblog : 4
08-16 17:02:20.624 2306 18707 I liblog : 14
08-16 17:02:20.625 2306 18709 I liblog : 12
08-16 17:02:20.626 2306 18709 I liblog : 1
08-16 17:02:20.627 2306 18708 I liblog : 4
08-16 17:02:20.627 2306 18708 I liblog : 10
08-16 17:02:20.628 2306 18710 I liblog : 6
08-16 17:02:20.628 2306 18710 I liblog : 3
08-16 17:02:20.628 2306 18710 I liblog : 8
08-16 17:02:20.630 2306 18711 I liblog : 6
08-16 17:02:20.631 2306 18711 I liblog : 2
08-16 17:02:20.631 2306 18711 I liblog : 5
08-16 17:02:20.631 2306 18711 I liblog : 5
08-16 17:02:20.634 2306 18712 I liblog : 3
08-16 17:02:20.635 2306 18712 I liblog : 4
08-16 17:02:20.635 2306 18712 I liblog : 3
08-16 17:02:20.638 2306 18713 I liblog : 2
08-16 17:02:20.639 2306 18713 I liblog : 6
08-16 17:02:20.652 2306 18714 I liblog : 3
08-16 17:02:20.693 2306 19045 I liblog : 1
08-16 17:02:20.694 2306 19045 I liblog : 6
01-01 06:05:59.073 0 0 I perfetto: disabled ftrace
08-16 17:02:21.329 1244 18726 I iorapd : Perfetto TraceBuffer saved to file: /data/misc/iorapd/com.antutu.ABenchMark/90403000/com.example.ABenchMark.ABenchMarkStart/raw_traces/1660669341321339454.perfetto_trace.pb
01-01 06:05:59.232 0 0 D : mv2112_read_status
01-01 06:05:59.236 0 0 D mv2112_update_link: 3.0x901(1G): 0x4
01-01 06:05:59.241 0 0 D mv2112_update_link: 3.0x8109(100M): 0x8
01-01 06:05:59.246 0 0 D mv2112_update_link: link 0x4
01-01 06:05:59.250 0 0 D mv2112_read_status: autoneg is disabled
08-16 17:02:22.247 18731 18731 I auditd : type=1400 audit(0.0:212): avc: denied { read } for comm="tutu.ABenchMark" name="version" dev="proc" ino=4026532265 scontext=u:r:untrusted_app:s0:c155,c256,c512,c768 tcontext=u:object_r:proc_version:s0 tclass=file permissive=0 app=com.antutu.ABenchMark
08-16 17:02:22.311 2360 2360 D TelephonyNetworkFactory[0]: got request NetworkRequest [ REQUEST id=79, [ Capabilities: INTERNET&NOT_RESTRICTED&TRUSTED&NOT_VCN_MANAGED Uid: 10155 RequestorUid: 1000 RequestorPkg: android] ]
08-16 17:02:22.312 2360 2360 D TelephonyNetworkFactory[1]: got request NetworkRequest [ REQUEST id=79, [ Capabilities: INTERNET&NOT_RESTRICTED&TRUSTED&NOT_VCN_MANAGED Uid: 10155 RequestorUid: 1000 RequestorPkg: android] ]
08-16 17:02:22.312 2360 2360 D TelephonyNetworkFactory[0]: onNeedNetworkFor NetworkRequest [ REQUEST id=79, [ Capabilities: INTERNET&NOT_RESTRICTED&TRUSTED&NOT_VCN_MANAGED Uid: 10155 RequestorUid: 1000 RequestorPkg: android] ] shouldApply false
