01-01 05:55:43.847 1142 1225 I SystemConfig: Reading permissions from /vendor/etc/permissions/android.software.verified_boot.xml
01-01 05:55:44.410 0 0 E kona-asoc-snd soc: qcom,msm-audio-apr:qcom,q6core-audio:sound: ASoC: no source widget found for DMIC3_OUTPUT
01-01 05:55:44.414 0 0 E wlan : Loading driver v5.2.022.10G +TIMER_MANAGER +MEMORY_DEBUG +PANIC_ON_BUG; 2022-08-17T02:40:51Z; cld:; cmn:;
01-01 05:55:43.848 1142 1225 I SystemConfig: Reading permissions from /vendor/etc/permissions/android.hardware.camera.full.xml
01-01 05:55:43.848 1142 1142 D CompatConfig: Found a config file: /system/system_ext/etc/compatconfig/settings-platform-compat-config.xml
01-01 05:55:43.849 1142 1225 I SystemConfig: Reading permissions from /vendor/etc/permissions/android.hardware.usb.host.xml
01-01 05:55:43.849 1142 1142 D CompatConfig: Adding: com.android.server.compat.config.Change@c1f6134
01-01 05:55:43.850 1142 1225 I SystemConfig: Reading permissions from /vendor/etc/permissions/android.hardware.sensor.gyroscope.xml
01-01 05:55:43.852 1142 1225 I SystemConfig: Reading permissions from /vendor/etc/permissions/android.hardware.sensor.ambient_temperature.xml
01-01 05:55:43.852 1142 1142 D CompatConfig: No directory /apex/com.android.vndk.v30/etc/compatconfig, skipping
01-01 05:55:43.852 1142 1142 D CompatConfig: No directory /apex/com.android.wifi/etc/compatconfig, skipping
01-01 05:55:43.852 1142 1142 D CompatConfig: No directory /apex/com.android.vndk.v31/etc/compatconfig, skipping
01-01 05:55:43.853 1142 1142 D CompatConfig: No directory /apex/com.android.tzdata/etc/compatconfig, skipping
01-01 05:55:43.853 1142 1142 D CompatConfig: No directory /apex/com.android.tethering/etc/compatconfig, skipping
01-01 05:55:43.853 1142 1142 D CompatConfig: No directory /apex/com.android.sdkext/etc/compatconfig, skipping
01-01 05:55:43.853 1142 1142 D CompatConfig: No directory /apex/com.android.scheduling/etc/compatconfig, skipping
01-01 05:55:43.854 1142 1142 D CompatConfig: No directory /apex/com.android.runtime/etc/compatconfig, skipping
01-01 05:55:43.854 1142 1142 D CompatConfig: No directory /apex/com.android.resolv/etc/compatconfig, skipping
01-01 05:55:43.854 1142 1142 D CompatConfig: No directory /apex/com.android.permission/etc/compatconfig, skipping
01-01 05:55:43.854 1142 1142 D CompatConfig: No directory /apex/com.android.os.statsd/etc/compatconfig, skipping
01-01 05:55:43.854 1142 1142 D CompatConfig: No directory /apex/com.android.neuralnetworks/etc/compatconfig, skipping
01-01 05:55:43.855 1142 1225 I SystemConfig: Reading permissions from /vendor/etc/permissions/android.hardware.wifi.aware.xml
01-01 05:55:43.856 1142 1142 D CompatConfig: Found a config file: /apex/com.android.mediaprovider/etc/compatconfig/media-provider-platform-compat-config.xml
01-01 05:55:43.856 1142 1225 I SystemConfig: Reading permissions from /vendor/etc/permissions/android.hardware.vulkan.compute-0.xml
01-01 05:55:43.857 1142 1142 D CompatConfig: Adding: com.android.server.compat.config.Change@b5d541e
01-01 05:55:43.857 1142 1225 I SystemConfig: Reading permissions from /vendor/etc/permissions/android.hardware.audio.pro.xml
01-01 05:55:43.858 1142 1142 D CompatConfig: Adding: com.android.server.compat.config.Change@8b9a2cc
01-01 05:55:43.859 1142 1142 D CompatConfig: Adding: com.android.server.compat.config.Change@c6ca915
01-01 05:55:43.859 1142 1225 I SystemConfig: Reading permissions from /vendor/etc/permissions/android.hardware.opengles.aep.xml
01-01 05:55:43.860 1142 1142 D CompatConfig: Adding: com.android.server.compat.config.Change@36e121b
01-01 05:55:43.860 1142 1142 D CompatConfig: Adding: com.android.server.compat.config.Change@b441fb8
01-01 05:55:43.861 1142 1225 I SystemConfig: Reading permissions from /vendor/etc/permissions/com.nxp.mifare.xml
01-01 05:55:43.862 1142 1142 D CompatConfig: Adding: com.android.server.compat.config.Change@51c8f6
01-01 05:55:43.863 1142 1142 D CompatConfig: Adding: com.android.server.compat.config.Change@251b4f7
01-01 05:55:43.863 1142 1225 I SystemConfig: Reading permissions from /vendor/etc/permissions/android.hardware.sensor.proximity.xml
01-01 05:55:43.864 1142 1142 D CompatConfig: No directory /apex/com.android.media.swcodec/etc/compatconfig, skipping
01-01 05:55:43.864 1142 1142 D CompatConfig: No directory /apex/com.android.media/etc/compatconfig, skipping
01-01 05:55:43.865 1142 1142 D CompatConfig: No directory /apex/com.android.ipsec/etc/compatconfig, skipping
01-01 05:55:43.865 1142 1142 D CompatConfig: No directory /apex/com.android.i18n/etc/compatconfig, skipping
01-01 05:55:43.865 1142 1142 D CompatConfig: No directory /apex/com.android.extservices/etc/compatconfig, skipping
01-01 05:55:43.865 1142 1142 D CompatConfig: No directory /apex/com.android.conscrypt/etc/compatconfig, skipping
01-01 05:55:43.865 1142 1142 D CompatConfig: No directory /apex/com.android.cellbroadcast/etc/compatconfig, skipping
01-01 05:55:44.422 0 0 I qcom,camera ac50000.qcom,cci: qcom,cam-sensor3: Dropping the link to regulator.77
01-01 05:55:44.435 0 0 E kona-asoc-snd soc: qcom,msm-audio-apr:qcom,q6core-audio:sound: ASoC: Failed to add route DMIC3_OUTPUT -> direct -> TX SWR_DMIC2
01-01 05:55:44.435 0 0 E kona-asoc-snd soc: qcom,msm-audio-apr:qcom,q6core-audio:sound: ASoC: no source widget found for DMIC4_OUTPUT
01-01 05:55:43.867 1142 1225 I SystemConfig: Reading permissions from /vendor/etc/permissions/android.hardware.sensor.hifi_sensors.xml
01-01 05:55:43.868 1142 1142 D CompatConfig: Found a config file: /apex/com.android.art/etc/compatconfig/libcore-platform-compat-config.xml
01-01 05:55:43.868 1142 1225 I SystemConfig: Reading permissions from /vendor/etc/permissions/vendor-qti-hardware-sensorscalibrate.xml
01-01 05:55:43.869 1142 1142 D CompatConfig: Adding: com.android.server.compat.config.Change@25f2dd0
01-01 05:55:43.869 1142 1225 I SystemConfig: Reading permissions from /vendor/etc/permissions/android.hardware.bluetooth.xml
01-01 05:55:43.870 1142 1142 D CompatConfig: Adding: com.android.server.compat.config.Change@c1500ce
01-01 05:55:43.870 1142 1142 D CompatConfig: Adding: com.android.server.compat.config.Change@8844bef
01-01 05:55:43.871 1142 1225 I SystemConfig: Reading permissions from /vendor/etc/permissions/handheld_core_hardware.xml
01-01 05:55:43.871 1142 1142 D CompatConfig: Adding: com.android.server.compat.config.Change@30b0185
01-01 05:55:43.872 1142 1142 D CompatConfig: Adding: com.android.server.compat.config.Change@8045bda
01-01 05:55:43.873 1142 1142 D CompatConfig: No directory /apex/com.android.appsearch/etc/compatconfig, skipping
01-01 05:55:43.873 1142 1225 I SystemConfig: Reading permissions from /vendor/etc/permissions/android.hardware.bluetooth_le.xml
01-01 05:55:43.873 1142 1142 D CompatConfig: No directory /apex/com.android.adbd/etc/compatconfig, skipping
01-01 05:55:43.875 1142 1225 I SystemConfig: Reading permissions from /vendor/etc/permissions/android.hardware.wifi.passpoint.xml
01-01 05:55:43.876 1142 1142 D SystemServerTiming: PlatformCompat took to complete: 232ms
01-01 05:55:43.876 1142 1142 I SystemServerTiming: StartFileIntegrityService
01-01 05:55:43.876 1142 1142 I SystemServiceManager: Starting com.android.server.security.FileIntegrityService
01-01 05:55:43.876 1142 1225 I SystemConfig: Reading permissions from /vendor/etc/permissions/android.hardware.location.gps.xml
01-01 05:55:43.877 1142 1225 I SystemConfig: Reading permissions from /vendor/etc/permissions/android.hardware.usb.accessory.xml
01-01 05:55:43.878 1142 1225 I SystemConfig: Reading permissions from /vendor/etc/permissions/android.hardware.touchscreen.multitouch.jazzhand.xml
01-01 05:55:43.882 1142 1225 I SystemConfig: Reading permissions from /vendor/etc/permissions/android.hardware.audio.low_latency.xml
01-01 05:55:43.883 1142 1225 I SystemConfig: Reading permissions from /vendor/etc/permissions/android.software.vulkan.deqp.level.xml
01-01 05:55:43.884 1142 1142 D SystemServerTiming: StartFileIntegrityService took to complete: 8ms
01-01 05:55:43.885 1142 1142 I SystemServerTiming: StartInstaller
01-01 05:55:43.885 1142 1142 I SystemServiceManager: Starting com.android.server.pm.Installer
01-01 05:55:43.885 1142 1225 I SystemConfig: Reading permissions from /vendor/etc/permissions/android.hardware.sensor.light.xml
01-01 05:55:43.886 1142 1142 W Installer: installd not found; trying again
01-01 05:55:43.887 1142 1142 D SystemServerTiming: StartInstaller took to complete: 3ms
01-01 05:55:43.887 1142 1142 I SystemServerTiming: DeviceIdentifiersPolicyService
01-01 05:55:43.887 1142 1142 I SystemServiceManager: Starting com.android.server.os.DeviceIdentifiersPolicyService
01-01 05:55:43.888 1142 1142 D SystemServerTiming: DeviceIdentifiersPolicyService took to complete: 1ms
01-01 05:55:43.888 1142 1142 I SystemServerTiming: UriGrantsManagerService
01-01 05:55:43.888 1142 1142 I SystemServiceManager: Starting com.android.server.uri.UriGrantsManagerService$Lifecycle
01-01 05:55:43.889 1142 1225 I SystemConfig: Reading permissions from /vendor/etc/permissions/com.android.nfc_extras.xml
01-01 05:55:43.890 1142 1142 D SystemServerTiming: UriGrantsManagerService took to complete: 2ms
01-01 05:55:43.890 1142 1142 I SystemServerTiming: StartPowerStatsService
01-01 05:55:43.890 1142 1142 I SystemServiceManager: Starting com.android.server.powerstats.PowerStatsService
01-01 05:55:43.894 1142 1225 I SystemConfig: Reading permissions from /product/etc/sysconfig/preinstalled-packages-platform-handheld-product.xml
01-01 05:55:43.895 1142 1225 I SystemConfig: Reading permissions from /product/etc/sysconfig/preinstalled-packages-platform-overlays.xml
01-01 05:55:43.899 1142 1225 I SystemConfig: Reading permissions from /product/etc/permissions/vendor.qti.hardware.data.connection-V1.1-java.xml
01-01 05:55:44.451 0 0 I qcom,camera ac50000.qcom,cci: qcom,cam-sensor3: Dropping the link to regulator.57
01-01 05:55:44.459 0 0 E kona-asoc-snd soc: qcom,msm-audio-apr:qcom,q6core-audio:sound: ASoC: Failed to add route DMIC4_OUTPUT -> direct -> TX SWR_DMIC3
01-01 05:55:44.459 0 0 E kona-asoc-snd soc: qcom,msm-audio-apr:qcom,q6core-audio:sound: ASoC: no source widget found for DMIC5_OUTPUT
01-01 05:55:44.462 0 0 E ipa3_uc_reg_rdyCB: 2973 bad parm. inout=0000000000000000
01-01 05:55:44.468 0 0 I binder : 1142:1142 ioctl 40046210 7fe0a4bf04 returned -22
01-01 05:55:43.900 1142 1225 I SystemConfig: Reading permissions from /product/etc/permissions/com.android.settings.intelligence.xml
01-01 05:55:43.902 1142 1225 I SystemConfig: Reading permissions from /product/etc/permissions/com.android.contacts.xml
01-01 05:55:43.903 1142 1225 I SystemConfig: Reading permissions from /product/etc/permissions/UimService.xml
01-01 05:55:43.913 1142 1142 D SystemServerTiming: StartPowerStatsService took to complete: 22ms
01-01 05:55:43.913 1142 1142 I SystemServerTiming: StartIStatsService
01-01 05:55:43.913 1142 1225 I SystemConfig: Reading permissions from /product/etc/permissions/com.android.imsserviceentitlement.xml
01-01 05:55:43.914 1142 1225 I SystemConfig: Reading permissions from /product/etc/permissions/UimGbaManager.xml
01-01 05:55:43.916 1142 1142 D SystemServerTiming: StartIStatsService took to complete: 3ms
01-01 05:55:43.916 1142 1142 I SystemServerTiming: MemtrackProxyService
01-01 05:55:43.921 1142 1225 I SystemConfig: Reading permissions from /product/etc/permissions/qti_telephony_utils_prd.xml
01-01 05:55:43.922 1142 1225 I SystemConfig: Reading permissions from /product/etc/permissions/vendor.qti.hardware.data.connection-V1.0-java.xml
01-01 05:55:43.924 1142 1142 D SystemServerTiming: MemtrackProxyService took to complete: 8ms
01-01 05:55:43.924 1142 1142 I SystemServerTiming: StartActivityManager
01-01 05:55:43.924 1142 1142 I SystemServiceManager: Starting com.android.server.wm.ActivityTaskManagerService$Lifecycle
01-01 05:55:44.471 0 0 I qcom,camera ac50000.qcom,cci: qcom,cam-sensor3: Dropping the link to regulator.86
01-01 05:55:44.483 0 0 E kona-asoc-snd soc: qcom,msm-audio-apr:qcom,q6core-audio:sound: ASoC: Failed to add route DMIC5_OUTPUT -> direct -> TX SWR_DMIC4
01-01 05:55:43.933 1142 1225 I SystemConfig: Reading permissions from /product/etc/permissions/com.android.dialer.xml
01-01 05:55:43.934 1142 1225 I SystemConfig: Reading permissions from /product/etc/permissions/qti_telephony_hidl_wrapper_prd.xml
01-01 05:55:43.936 1142 1225 I SystemConfig: Reading permissions from /product/etc/permissions/lpa.xml
01-01 05:55:43.937 1142 1225 I SystemConfig: Reading permissions from /product/etc/permissions/RemoteSimlockManager.xml
01-01 05:55:43.938 1142 1225 I SystemConfig: Reading permissions from /product/etc/permissions/UimGba.xml
01-01 05:55:43.939 1142 1225 I SystemConfig: Reading permissions from /product/etc/permissions/privapp-permissions-soundrecorder.xml
01-01 05:55:43.940 1142 1225 I SystemConfig: Reading permissions from /product/etc/permissions/extphonelib_product.xml
01-01 05:55:43.942 1142 1225 I SystemConfig: Reading permissions from /product/etc/permissions/telephony_product_privapp-permissions-qti.xml
01-01 05:55:43.943 1142 1225 I SystemConfig: Reading permissions from /product/etc/permissions/com.qti.snapdragon.sdk.display.xml
01-01 05:55:43.944 1142 1225 I SystemConfig: Reading permissions from /product/etc/permissions/RemoteSimlock.xml
01-01 05:55:43.945 1142 1225 I SystemConfig: Reading permissions from /product/etc/permissions/ims_ext_common.xml
01-01 05:55:43.947 1142 1225 I SystemConfig: Reading permissions from /system_ext/etc/sysconfig/qti_whitelist_system_ext.xml
01-01 05:55:43.948 1142 1225 I SystemConfig: Reading permissions from /system_ext/etc/sysconfig/qti_telephony_system_packages_config.xml
01-01 05:55:44.497 0 0 I : wlan_hdd_state wlan major(475) initialized
01-01 05:55:44.497 0 0 D cnss : Start to wait for calibration to complete
01-01 05:55:44.507 0 0 E kona-asoc-snd soc: qcom,msm-audio-apr:qcom,q6core-audio:sound: ASoC: no source widget found for DMIC6_OUTPUT
01-01 05:55:43.951 1142 1142 I SystemServiceManager: Starting com.android.server.am.ActivityManagerService$Lifecycle
01-01 05:55:43.952 1142 1225 I SystemConfig: Reading permissions from /system_ext/etc/permissions/privapp-permissions-qti-system-ext.xml
01-01 05:55:43.955 1142 1225 I SystemConfig: Reading permissions from /system_ext/etc/permissions/com.android.settings.xml
01-01 05:55:43.960 1142 1225 I SystemConfig: Reading permissions from /system_ext/etc/permissions/com.qualcomm.qti.imscmservice-V2.0-java.xml
01-01 05:55:43.962 1142 1142 I ActivityManager: Memory class: 512
01-01 05:55:43.962 1142 1225 I SystemConfig: Reading permissions from /system_ext/etc/permissions/privapp-permissions-mms.xml
01-01 05:55:43.964 1142 1225 I SystemConfig: Reading permissions from /system_ext/etc/permissions/telephony_system-ext_privapp-permissions-qti.xml
01-01 05:55:43.965 1142 1225 I SystemConfig: Reading permissions from /system_ext/etc/permissions/com.android.carrierconfig.xml
01-01 05:55:43.966 1142 1225 I SystemConfig: Reading permissions from /system_ext/etc/permissions/qcrilhook.xml
01-01 05:55:43.968 1142 1225 I SystemConfig: Reading permissions from /system_ext/etc/permissions/privapp-permissions-com.qualcomm.location.xml
01-01 05:55:43.971 1142 1225 I SystemConfig: Reading permissions from /system_ext/etc/permissions/android.software.verified_boot.xml
01-01 05:55:43.973 1142 1242 I Binder : Setting heavy hitter watcher config: false, 0, 0.0
01-01 05:55:43.974 1142 1225 I SystemConfig: Reading permissions from /system_ext/etc/permissions/com.qualcomm.qti.imscmservice-V2.2-java.xml
01-01 05:55:43.976 1142 1225 I SystemConfig: Reading permissions from /system_ext/etc/permissions/audiosphere.xml
01-01 05:55:43.978 1142 1225 I SystemConfig: Reading permissions from /system_ext/etc/permissions/extphonelib.xml
01-01 05:55:43.979 1142 1225 I SystemConfig: Reading permissions from /system_ext/etc/permissions/com.qti.media.secureprocessor.xml
01-01 05:55:43.981 1142 1225 I SystemConfig: Reading permissions from /system_ext/etc/permissions/embms.xml
01-01 05:55:43.983 1142 1225 I SystemConfig: Reading permissions from /system_ext/etc/permissions/dpmapi.xml
01-01 05:55:43.984 1142 1225 I SystemConfig: Reading permissions from /system_ext/etc/permissions/com.qti.dpmframework.xml
01-01 05:55:43.986 1142 1225 I SystemConfig: Reading permissions from /system_ext/etc/permissions/vendor.qti.ims.rcsservice.xml
01-01 05:55:43.988 1142 1225 I SystemConfig: Reading permissions from /system_ext/etc/permissions/qti_telephony_utils.xml
01-01 05:55:43.990 1142 1225 I SystemConfig: Reading permissions from /system_ext/etc/permissions/com.android.systemui.xml
01-01 05:55:43.992 1142 1225 I SystemConfig: Reading permissions from /system_ext/etc/permissions/com.android.launcher3.xml
01-01 05:55:43.994 1142 1225 I SystemConfig: Reading permissions from /system_ext/etc/permissions/com.qualcomm.qti.izattools.xml
01-01 05:55:43.996 1142 1225 I SystemConfig: Reading permissions from /system_ext/etc/permissions/com.qti.location.sdk.xml
01-01 05:55:43.998 1142 1225 I SystemConfig: Reading permissions from /system_ext/etc/permissions/wfd-system-ext-privapp-permissions-qti.xml
01-01 05:55:44.544 0 0 I qcom,camera ac50000.qcom,cci: qcom,cam-sensor2: Linked as a consumer to regulator.57
01-01 05:55:44.554 0 0 E kona-asoc-snd soc: qcom,msm-audio-apr:qcom,q6core-audio:sound: ASoC: Failed to add route DMIC6_OUTPUT -> direct -> TX SWR_DMIC5
01-01 05:55:43.999 1142 1225 I SystemConfig: Reading permissions from /system_ext/etc/permissions/com.qualcomm.location.xml
01-01 05:55:44.005 1142 1225 I SystemConfig: Reading permissions from /system_ext/etc/permissions/com.qualcomm.qti.imscmservice-V2.1-java.xml
01-01 05:55:44.006 1142 1225 I SystemConfig: Reading permissions from /system_ext/etc/permissions/com.android.provision.xml
01-01 05:55:44.008 1142 1225 I SystemConfig: Reading permissions from /system_ext/etc/permissions/com.nxp.nfc.nq.xml
01-01 05:55:44.569 0 0 I qcom,camera ac50000.qcom,cci: qcom,cam-sensor2: Linked as a consumer to regulator.56
01-01 05:55:44.578 0 0 E kona-asoc-snd soc: qcom,msm-audio-apr:qcom,q6core-audio:sound: ASoC: no source widget found for DMIC7_OUTPUT
01-01 05:55:44.579 0 0 I binder : 1241:1241 ioctl 40046210 fffb03f8 returned -22
01-01 05:55:44.012 1142 1225 I SystemConfig: Reading permissions from /system_ext/etc/permissions/embms-noship_product_privapp_permissions_qti.xml
01-01 05:55:44.014 1142 1225 I SystemConfig: Reading permissions from /system_ext/etc/permissions/qti_supplicant_interface.xml
01-01 05:55:44.016 1142 1225 I SystemConfig: Reading permissions from /system_ext/etc/permissions/izat.xt.srv.xml
01-01 05:55:44.017 1142 1225 I SystemConfig: Reading permissions from /system_ext/etc/permissions/com.qualcomm.qti.imscmservice.xml
01-01 05:55:44.025 1142 1225 I SystemConfig: Reading permissions from /system_ext/etc/permissions/com.android.storagemanager.xml
01-01 05:55:44.035 1142 1225 I SystemConfig: Reading permissions from /system_ext/etc/permissions/qti_permissions.xml
01-01 05:55:44.593 0 0 I qcom,camera ac50000.qcom,cci: qcom,cam-sensor2: Linked as a consumer to regulator.54
01-01 05:55:44.602 0 0 E kona-asoc-snd soc: qcom,msm-audio-apr:qcom,q6core-audio:sound: ASoC: Failed to add route DMIC7_OUTPUT -> direct -> TX SWR_DMIC6
01-01 05:55:44.602 0 0 E kona-asoc-snd soc: qcom,msm-audio-apr:qcom,q6core-audio:sound: ASoC: no source widget found for DMIC8_OUTPUT
01-01 05:55:44.054 1142 1225 I SystemConfig: Reading permissions from /system_ext/etc/permissions/com.qualcomm.qmapbridge.xml
01-01 05:55:44.056 1142 1225 I SystemConfig: Reading permissions from /system_ext/etc/permissions/qti_libpermissions.xml
01-01 05:55:44.058 1142 1225 I SystemConfig: Reading permissions from /system_ext/etc/permissions/privapp-permissions-aptxals.xml
01-01 05:55:44.061 1142 1225 I SystemConfig: Reading permissions from /system_ext/etc/permissions/qti_telephony_hidl_wrapper.xml
01-01 05:55:44.062 1142 1225 I SystemConfig: Reading permissions from /system_ext/etc/permissions/com.android.emergency.xml
01-01 05:55:44.067 1142 1225 I SystemConfig: Reading permissions from /apex/com.android.ipsec/etc/permissions/android.net.ipsec.ike.xml
01-01 05:55:44.074 1244 1244 I iorapd : iorapd (the prefetchening) firing up
01-01 05:55:44.080 1142 1225 D SystemConfig: readAllPermissions took to complete: 433ms
01-01 05:55:44.080 1142 1225 D SystemServerInitThreadPool: Finished executing ReadingSystemConfig
01-01 05:55:44.080 1142 1225 D SystemServerTimingAsync: InitThreadPoolExec:ReadingSystemConfig took to complete: 434ms
01-01 05:55:44.643 0 0 I qcom,camera ac50000.qcom,cci: qcom,cam-sensor2: Linked as a consumer to regulator.77
01-01 05:55:44.646 0 0 E kona-asoc-snd soc: qcom,msm-audio-apr:qcom,q6core-audio:sound: ASoC: Failed to add route DMIC8_OUTPUT -> direct -> TX SWR_DMIC7
01-01 05:55:44.646 0 0 E kona-asoc-snd soc: qcom,msm-audio-apr:qcom,q6core-audio:sound: ASoC: no sink widget found for SpkrLeft IN
01-01 05:55:44.092 1244 1244 I iorapd : Opened existing database at '/data/misc/iorapd/sqlite.db'
01-01 05:55:44.093 1244 1244 W iorapd : Reconnect to package manager service: 1 times
01-01 05:55:44.661 0 0 I binder : 1244:1244 ioctl 40046210 7fca9aea44 returned -22
01-01 05:55:44.670 0 0 E kona-asoc-snd soc: qcom,msm-audio-apr:qcom,q6core-audio:sound: ASoC: Failed to add route WSA_SPK1 OUT -> direct -> SpkrLeft IN
01-01 05:55:44.675 0 0 I CAM_ERR : CAM-CCI: cam_cci_irq: 238 Base:ffffff801a005000, M0_Q1 NACK ERROR: 0x10000000
01-01 05:55:44.676 0 0 I CAM_ERR : CAM-CCI: cam_cci_read: 1306 ERROR with Slave 0x6c:
01-01 05:55:44.676 0 0 I CAM_ERR : CAM-CCI: cam_cci_read_bytes: 1561 failed to read rc:-22
01-01 05:55:44.676 0 0 I CAM_ERR : CAM-SENSOR: cam_cci_i2c_read: 35 rc = -22
01-01 05:55:44.676 0 0 I CAM_WARN: CAM-SENSOR: cam_sensor_match_id: 769 read id: 0x0 expected id 0x885a:
01-01 05:55:44.676 0 0 I qcom,camera ac50000.qcom,cci: qcom,cam-sensor2: Dropping the link to regulator.77
01-01 05:55:44.683 0 0 I qcom,camera ac50000.qcom,cci: qcom,cam-sensor2: Dropping the link to regulator.54
01-01 05:55:44.694 0 0 E kona-asoc-snd soc: qcom,msm-audio-apr:qcom,q6core-audio:sound: ASoC: no sink widget found for SpkrRight IN
01-01 05:55:44.694 0 0 E kona-asoc-snd soc: qcom,msm-audio-apr:qcom,q6core-audio:sound: ASoC: Failed to add route WSA_SPK2 OUT -> direct -> SpkrRight IN
01-01 05:55:44.694 0 0 E kona-asoc-snd soc: qcom,msm-audio-apr:qcom,q6core-audio:sound: ASoC: no sink widget found for VA MIC BIAS3
01-01 05:55:44.694 0 0 E kona-asoc-snd soc: qcom,msm-audio-apr:qcom,q6core-audio:sound: ASoC: Failed to add route Digital Mic0 -> direct -> VA MIC BIAS3
01-01 05:55:44.694 0 0 E kona-asoc-snd soc: qcom,msm-audio-apr:qcom,q6core-audio:sound: ASoC: no sink widget found for VA MIC BIAS3
01-01 05:55:44.694 0 0 E kona-asoc-snd soc: qcom,msm-audio-apr:qcom,q6core-audio:sound: ASoC: Failed to add route Digital Mic1 -> direct -> VA MIC BIAS3
01-01 05:55:44.694 0 0 E kona-asoc-snd soc: qcom,msm-audio-apr:qcom,q6core-audio:sound: ASoC: no sink widget found for VA MIC BIAS4
01-01 05:55:44.694 0 0 E kona-asoc-snd soc: qcom,msm-audio-apr:qcom,q6core-audio:sound: ASoC: Failed to add route Digital Mic4 -> direct -> VA MIC BIAS4
01-01 05:55:44.694 0 0 E kona-asoc-snd soc: qcom,msm-audio-apr:qcom,q6core-audio:sound: ASoC: no sink widget found for VA MIC BIAS4
01-01 05:55:44.706 0 0 I qcom,camera ac50000.qcom,cci: qcom,cam-sensor2: Dropping the link to regulator.56
01-01 05:55:44.157 1142 1142 D BatteryStatsImpl: Reading daily items from /data/system/batterystats-daily.xml
01-01 05:55:44.718 0 0 E kona-asoc-snd soc: qcom,msm-audio-apr:qcom,q6core-audio:sound: ASoC: Failed to add route Digital Mic5 -> direct -> VA MIC BIAS4
01-01 05:55:44.718 0 0 E kona-asoc-snd soc: qcom,msm-audio-apr:qcom,q6core-audio:sound: ASoC: no source widget found for VA MIC BIAS3
01-01 05:55:44.730 0 0 I qcom,camera ac50000.qcom,cci: qcom,cam-sensor2: Dropping the link to regulator.57
01-01 05:55:44.742 0 0 E kona-asoc-snd soc: qcom,msm-audio-apr:qcom,q6core-audio:sound: ASoC: Failed to add route VA MIC BIAS3 -> direct -> VA DMIC0
01-01 05:55:44.742 0 0 E kona-asoc-snd soc: qcom,msm-audio-apr:qcom,q6core-audio:sound: ASoC: no source widget found for VA MIC BIAS3
01-01 05:55:44.742 0 0 E kona-asoc-snd soc: qcom,msm-audio-apr:qcom,q6core-audio:sound: ASoC: Failed to add route VA MIC BIAS3 -> direct -> VA DMIC1
01-01 05:55:44.742 0 0 E kona-asoc-snd soc: qcom,msm-audio-apr:qcom,q6core-audio:sound: ASoC: no source widget found for VA MIC BIAS4
01-01 05:55:44.189 1142 1269 I KernelCpuUidFreqTimeReader: mPerClusterTimesAvailable=false
01-01 05:55:44.202 1142 1269 E KernelCpuSpeedReader: Failed to read cpu-freq: /sys/devices/system/cpu/cpu4/cpufreq/stats/time_in_state: open failed: ENOENT (No such file or directory)
01-01 05:55:44.202 1142 1269 E KernelCpuSpeedReader: Failed to read cpu-freq: /sys/devices/system/cpu/cpu0/cpufreq/stats/time_in_state: open failed: ENOENT (No such file or directory)
01-01 05:55:44.787 0 0 I binder : 1270:1270 ioctl 40046210 7ffd83bb84 returned -22
01-01 05:55:44.790 0 0 E kona-asoc-snd soc: qcom,msm-audio-apr:qcom,q6core-audio:sound: ASoC: Failed to add route VA MIC BIAS4 -> direct -> VA DMIC4
01-01 05:55:44.792 0 0 I qcom,camera ac4f000.qcom,cci: qcom,cam-sensor4: Linked as a consumer to regulator.55
01-01 05:55:44.797 0 0 I qcom,camera ac4f000.qcom,cci: qcom,cam-sensor4: Linked as a consumer to regulator.52
01-01 05:55:44.798 0 0 I qcom,camera ac4f000.qcom,cci: qcom,cam-sensor4: Linked as a consumer to regulator.57
01-01 05:55:44.802 0 0 I qcom,camera ac4f000.qcom,cci: qcom,cam-sensor4: Linked as a consumer to regulator.77
01-01 05:55:44.814 0 0 E kona-asoc-snd soc: qcom,msm-audio-apr:qcom,q6core-audio:sound: ASoC: no source widget found for VA MIC BIAS4
01-01 05:55:44.268 1142 1269 W KernelMemoryBandwidthStats: No kernel memory bandwidth stats available
01-01 05:55:44.836 0 0 I CAM_ERR : CAM-CCI: cam_cci_irq: 238 Base:ffffff80197fd000, M0_Q1 NACK ERROR: 0x10000000
01-01 05:55:44.838 0 0 E kona-asoc-snd soc: qcom,msm-audio-apr:qcom,q6core-audio:sound: ASoC: Failed to add route VA MIC BIAS4 -> direct -> VA DMIC5
01-01 05:55:44.850 0 0 I CAM_ERR : CAM-CCI: cam_cci_read: 1306 ERROR with Slave 0x34:
01-01 05:55:44.861 0 0 I binder : 1280:1280 ioctl 40046210 7ff6ff6cb4 returned -22
01-01 05:55:44.869 0 0 E kona-asoc-snd soc: qcom,msm-audio-apr:qcom,q6core-audio:sound: ASoC: no source widget found for ADC1_OUTPUT
01-01 05:55:44.874 0 0 I CAM_ERR : CAM-CCI: cam_cci_read_bytes: 1561 failed to read rc:-22
01-01 05:55:44.885 0 0 E kona-asoc-snd soc: qcom,msm-audio-apr:qcom,q6core-audio:sound: ASoC: Failed to add route ADC1_OUTPUT -> direct -> VA SWR_ADC0
01-01 05:55:44.891 0 0 E kona-asoc-snd soc: qcom,msm-audio-apr:qcom,q6core-audio:sound: ASoC: no source widget found for ADC2_OUTPUT
01-01 05:55:44.897 0 0 I CAM_ERR : CAM-SENSOR: cam_cci_i2c_read: 35 rc = -22
01-01 05:55:44.910 0 0 E kona-asoc-snd soc: qcom,msm-audio-apr:qcom,q6core-audio:sound: ASoC: Failed to add route ADC2_OUTPUT -> direct -> VA SWR_ADC1
01-01 05:55:44.922 0 0 I CAM_WARN: CAM-SENSOR: cam_sensor_match_id: 769 read id: 0x0 expected id 0x586:
01-01 05:55:44.934 0 0 E kona-asoc-snd soc: qcom,msm-audio-apr:qcom,q6core-audio:sound: ASoC: no source widget found for ADC3_OUTPUT
01-01 05:55:44.949 0 0 I qcom,camera ac4f000.qcom,cci: qcom,cam-sensor4: Dropping the link to regulator.77
01-01 05:55:44.953 0 0 I binder : 1283:1283 ioctl 40046210 7ff809ccd4 returned -22
01-01 05:55:44.957 0 0 E kona-asoc-snd soc: qcom,msm-audio-apr:qcom,q6core-audio:sound: ASoC: Failed to add route ADC3_OUTPUT -> direct -> VA SWR_ADC2
01-01 05:55:44.410 1286 1286 I installd: installd firing up
01-01 05:55:44.971 0 0 I qcom,camera ac4f000.qcom,cci: qcom,cam-sensor4: Dropping the link to regulator.57
01-01 05:55:44.991 0 0 E kona-asoc-snd soc: qcom,msm-audio-apr:qcom,q6core-audio:sound: ASoC: no source widget found for ADC4_OUTPUT
01-01 05:55:44.995 0 0 I qcom,camera ac4f000.qcom,cci: qcom,cam-sensor4: Dropping the link to regulator.52
01-01 05:55:45.007 0 0 E kona-asoc-snd soc: qcom,msm-audio-apr:qcom,q6core-audio:sound: ASoC: Failed to add route ADC4_OUTPUT -> direct -> VA SWR_ADC3
01-01 05:55:45.007 0 0 E kona-asoc-snd soc: qcom,msm-audio-apr:qcom,q6core-audio:sound: ASoC: no source widget found for DMIC1_OUTPUT
01-01 05:55:45.010 0 0 I binder : 1286:1286 ioctl 40046210 7fe53b4b44 returned -22
01-01 05:55:45.019 0 0 I qcom,camera ac4f000.qcom,cci: qcom,cam-sensor4: Dropping the link to regulator.55
01-01 05:55:45.031 0 0 E kona-asoc-snd soc: qcom,msm-audio-apr:qcom,q6core-audio:sound: ASoC: Failed to add route DMIC1_OUTPUT -> direct -> VA SWR_MIC0
01-01 05:55:45.031 0 0 E kona-asoc-snd soc: qcom,msm-audio-apr:qcom,q6core-audio:sound: ASoC: no source widget found for DMIC2_OUTPUT
01-01 05:55:45.066 0 0 E kona-asoc-snd soc: qcom,msm-audio-apr:qcom,q6core-audio:sound: ASoC: Failed to add route DMIC2_OUTPUT -> direct -> VA SWR_MIC1
01-01 05:55:45.079 0 0 E kona-asoc-snd soc: qcom,msm-audio-apr:qcom,q6core-audio:sound: ASoC: no source widget found for DMIC3_OUTPUT
01-01 05:55:45.090 0 0 I qcom,camera ac4f000.qcom,cci: qcom,cam-sensor4: Linked as a consumer to regulator.55
01-01 05:55:45.094 0 0 I qcom,camera ac4f000.qcom,cci: qcom,cam-sensor4: Linked as a consumer to regulator.52
01-01 05:55:45.094 0 0 I binder : 1290:1290 ioctl 40046210 7ff5260684 returned -22
01-01 05:55:45.096 0 0 E kona-asoc-snd soc: qcom,msm-audio-apr:qcom,q6core-audio:sound: ASoC: Failed to add route DMIC3_OUTPUT -> direct -> VA SWR_MIC2
01-01 05:55:45.100 0 0 I qcom,camera ac4f000.qcom,cci: qcom,cam-sensor4: Linked as a consumer to regulator.57
01-01 05:55:45.109 0 0 E kona-asoc-snd soc: qcom,msm-audio-apr:qcom,q6core-audio:sound: ASoC: no source widget found for DMIC4_OUTPUT
01-01 05:55:45.110 0 0 I binder : 1299:1299 ioctl 40046210 7fcc21ebd4 returned -22
01-01 05:55:44.541 1299 1299 I wificond: wificond is starting up...
01-01 05:55:45.121 0 0 E kona-asoc-snd soc: qcom,msm-audio-apr:qcom,q6core-audio:sound: ASoC: Failed to add route DMIC4_OUTPUT -> direct -> VA SWR_MIC3
01-01 05:55:45.122 0 0 I qcom,camera ac4f000.qcom,cci: qcom,cam-sensor4: Linked as a consumer to regulator.77
01-01 05:55:45.134 0 0 E kona-asoc-snd soc: qcom,msm-audio-apr:qcom,q6core-audio:sound: ASoC: no source widget found for DMIC5_OUTPUT
01-01 05:55:45.140 0 0 I binder : 1299:1299 ioctl 40046210 7fcc21eb54 returned -22
01-01 05:55:45.146 0 0 E kona-asoc-snd soc: qcom,msm-audio-apr:qcom,q6core-audio:sound: ASoC: Failed to add route DMIC5_OUTPUT -> direct -> VA SWR_MIC4
01-01 05:55:44.586 1299 1299 I HidlServiceManagement: Registered android.system.wifi.keystore@1.0::IKeystore/default
01-01 05:55:45.153 0 0 I binder : 1301:1301 ioctl 40046210 7fcfc5a764 returned -22
01-01 05:55:45.153 0 0 I binder : 1294:1294 ioctl 40046210 7fe438ce54 returned -22
01-01 05:55:45.159 0 0 E kona-asoc-snd soc: qcom,msm-audio-apr:qcom,q6core-audio:sound: ASoC: no source widget found for DMIC6_OUTPUT
01-01 05:55:45.165 0 0 I CAM_ERR : CAM-CCI: cam_cci_irq: 238 Base:ffffff80197fd000, M0_Q1 NACK ERROR: 0x10000000
01-01 05:55:45.171 0 0 I CAM_ERR : CAM-CCI: cam_cci_read: 1306 ERROR with Slave 0xc0:
01-01 05:55:45.171 0 0 I CAM_ERR : CAM-CCI: cam_cci_read_bytes: 1561 failed to read rc:-22
01-01 05:55:45.171 0 0 I CAM_ERR : CAM-SENSOR: cam_cci_i2c_read: 35 rc = -22
01-01 05:55:45.171 0 0 I CAM_WARN: CAM-SENSOR: cam_sensor_match_id: 769 read id: 0x0 expected id 0x9281:
01-01 05:55:45.171 0 0 I qcom,camera ac4f000.qcom,cci: qcom,cam-sensor4: Dropping the link to regulator.77
01-01 05:55:45.172 0 0 E kona-asoc-snd soc: qcom,msm-audio-apr:qcom,q6core-audio:sound: ASoC: Failed to add route DMIC6_OUTPUT -> direct -> VA SWR_MIC5
01-01 05:55:44.600 1142 1142 I IntentFirewall: Read new rules (A:0 B:0 S:0)
01-01 05:55:45.177 0 0 I qcom,camera ac4f000.qcom,cci: qcom,cam-sensor4: Dropping the link to regulator.57
01-01 05:55:45.185 0 0 E kona-asoc-snd soc: qcom,msm-audio-apr:qcom,q6core-audio:sound: ASoC: no source widget found for DMIC7_OUTPUT
01-01 05:55:45.186 0 0 I qcom,camera ac4f000.qcom,cci: qcom,cam-sensor4: Dropping the link to regulator.52
01-01 05:55:45.198 0 0 E kona-asoc-snd soc: qcom,msm-audio-apr:qcom,q6core-audio:sound: ASoC: Failed to add route DMIC7_OUTPUT -> direct -> VA SWR_MIC6
01-01 05:55:44.654 1142 1142 D AppOps : AppOpsService published
01-01 05:55:45.212 0 0 E kona-asoc-snd soc: qcom,msm-audio-apr:qcom,q6core-audio:sound: ASoC: no source widget found for DMIC8_OUTPUT
01-01 05:55:45.217 0 0 I qcom,camera ac4f000.qcom,cci: qcom,cam-sensor4: Dropping the link to regulator.55
01-01 05:55:45.232 0 0 E kona-asoc-snd soc: qcom,msm-audio-apr:qcom,q6core-audio:sound: ASoC: Failed to add route DMIC8_OUTPUT -> direct -> VA SWR_MIC7
01-01 05:55:44.672 1142 1142 W SystemServiceManager: Service com.android.server.am.ActivityManagerService$Lifecycle took 65 ms in onStart
01-01 05:55:44.673 1142 1142 D SystemServerTiming: StartActivityManager took to complete: 748ms
01-01 05:55:44.673 1142 1142 I SystemServerTiming: StartDataLoaderManagerService
01-01 05:55:44.673 1142 1142 I SystemServiceManager: Starting com.android.server.pm.DataLoaderManagerService
01-01 05:55:44.679 1142 1142 D SystemServerTiming: StartDataLoaderManagerService took to complete: 6ms
01-01 05:55:44.679 1142 1142 I SystemServerTiming: StartIncrementalService
01-01 05:55:45.246 0 0 W kona-asoc-snd soc: qcom,msm-audio-apr:qcom,q6core-audio:sound: ASoC: no DMI vendor name!
01-01 05:55:44.684 1142 1142 D SystemServerTiming: StartIncrementalService took to complete: 6ms
01-01 05:55:44.684 1142 1142 I SystemServerTiming: StartPowerManager
01-01 05:55:44.684 1142 1142 I SystemServiceManager: Starting com.android.server.power.PowerManagerService
01-01 05:55:45.276 0 0 I qcom,camera ac50000.qcom,cci: qcom,cam-sensor2: Linked as a consumer to regulator.56
01-01 05:55:45.285 0 0 I qcom,camera ac50000.qcom,cci: qcom,cam-sensor2: Linked as a consumer to regulator.54
01-01 05:55:45.294 0 0 I qcom,camera ac50000.qcom,cci: qcom,cam-sensor2: Linked as a consumer to regulator.57
01-01 05:55:45.309 0 0 I qcom,camera ac50000.qcom,cci: qcom,cam-sensor2: Linked as a consumer to regulator.77
01-01 05:55:45.346 0 0 I CAM_ERR : CAM-CCI: cam_cci_irq: 238 Base:ffffff801a005000, M0_Q1 NACK ERROR: 0x10000000
01-01 05:55:44.744 1142 1142 D SystemServerTiming: StartPowerManager took to complete: 59ms
01-01 05:55:44.744 1142 1142 I SystemServerTiming: StartThermalManager
01-01 05:55:44.744 1142 1142 I SystemServiceManager: Starting com.android.server.power.ThermalManagerService
01-01 05:55:44.747 1142 1142 D SystemServerTiming: StartThermalManager took to complete: 4ms
01-01 05:55:44.747 1142 1142 I SystemServerTiming: StartHintManager
01-01 05:55:44.748 1142 1142 I SystemServiceManager: Starting com.android.server.power.hint.HintManagerService
01-01 05:55:45.346 0 0 I CAM_ERR : CAM-CCI: cam_cci_read: 1306 ERROR with Slave 0x20:
01-01 05:55:45.346 0 0 I CAM_ERR : CAM-CCI: cam_cci_read_bytes: 1561 failed to read rc:-22
01-01 05:55:45.346 0 0 I CAM_ERR : CAM-SENSOR: cam_cci_i2c_read: 35 rc = -22
01-01 05:55:45.346 0 0 I CAM_WARN: CAM-SENSOR: cam_sensor_match_id: 769 read id: 0x0 expected id 0x9281:
01-01 05:55:45.347 0 0 I qcom,camera ac50000.qcom,cci: qcom,cam-sensor2: Dropping the link to regulator.77
01-01 05:55:45.351 0 0 I qcom,camera ac50000.qcom,cci: qcom,cam-sensor2: Dropping the link to regulator.57
01-01 05:55:45.352 0 0 I qcom,camera ac50000.qcom,cci: qcom,cam-sensor2: Dropping the link to regulator.54
01-01 05:55:45.352 0 0 I qcom,camera ac50000.qcom,cci: qcom,cam-sensor2: Dropping the link to regulator.56
01-01 05:55:45.382 0 0 I kona-asoc-snd soc: qcom,msm-audio-apr:qcom,q6core-audio:sound: msm_asoc_machine_probe: Sound card kona-mtp-snd-card registered
01-01 05:55:45.382 0 0 E kona-asoc-snd soc: qcom,msm-audio-apr:qcom,q6core-audio:sound: msm_asoc_machine_probe: No DT match for tdm max slots
01-01 05:55:45.398 0 0 I binder : 1288:1288 ioctl 40046210 7fed6d0b14 returned -22
01-01 05:55:45.410 0 0 E kona-asoc-snd soc: qcom,msm-audio-apr:qcom,q6core-audio:sound: msm_asoc_machine_probe: Using default tdm max slot: 8
01-01 05:55:44.749 1142 1142 D SystemServerTiming: StartHintManager took to complete: 2ms
01-01 05:55:44.749 1142 1142 I SystemServerTiming: InitPowerManagement
01-01 05:55:44.752 1142 1142 D SystemServerTiming: InitPowerManagement took to complete: 2ms
01-01 05:55:44.752 1142 1142 I SystemServerTiming: StartRecoverySystemService
01-01 05:55:44.752 1142 1142 I SystemServiceManager: Starting com.android.server.recoverysystem.RecoverySystemService$Lifecycle
01-01 05:55:44.754 1142 1142 D SystemServerTiming: StartRecoverySystemService took to complete: 2ms
01-01 05:55:44.754 1142 1142 I PackageWatchdog: Syncing state, reason: added new observer
01-01 05:55:44.754 1142 1142 I PackageWatchdog: Not pruning observers, elapsed time: 0ms
01-01 05:55:44.754 1142 1142 I PackageWatchdog: Cancelling state sync, nothing to sync
01-01 05:55:44.756 1142 1233 I PackageWatchdog: Saving observer state to file
01-01 05:55:44.757 1142 1142 I SystemServerTiming: StartLightsService
01-01 05:55:44.757 1142 1142 I SystemServiceManager: Starting com.android.server.lights.LightsService
01-01 05:55:44.778 1142 1142 D SystemServerTiming: StartLightsService took to complete: 22ms
01-01 05:55:44.778 1142 1142 I SystemServerTiming: StartSidekickService
01-01 05:55:44.778 1142 1142 D SystemServerTiming: StartSidekickService took to complete: 0ms
01-01 05:55:44.778 1142 1142 I SystemServerTiming: StartDisplayManager
01-01 05:55:44.778 1142 1142 I SystemServiceManager: Starting com.android.server.display.DisplayManagerService
01-01 05:55:44.801 1142 1221 I DisplayDeviceRepository: Display device added: DisplayDeviceInfo{"Built-in Screen": uniqueId="local:4630946370410392961", 2380 x 1020, modeId 1, defaultModeId 1, supportedModes [{id=1, width=2380, height=1020, fps=60.000004, alternativeRefreshRates=[]}], colorMode 0, supportedColorModes [0], hdrCapabilities HdrCapabilities{mSupportedHdrTypes=[2, 3, 4], mMaxLuminance=500.0, mMaxAverageLuminance=500.0, mMinLuminance=0.0}, allmSupported false, gameContentTypeSupported false, density 240, 319.851 x 319.851 dpi, appVsyncOff 1000000, presDeadline 16666666, touch INTERNAL, rotation 0, type INTERNAL, address {port=129, model=0x40446d3026322d}, deviceProductInfo DeviceProductInfo{name=, manufacturerPnpId=QCM, productId=1, modelYear=null, manufactureDate=ManufactureDate{week=27, year=2006}, connectionToSinkType=0}, state UNKNOWN, frameRateOverride , brightnessMinimum 0.0, brightnessMaximum 1.0, brightnessDefault 0.39763778, FLAG_DEFAULT_DISPLAY, FLAG_ROTATES_WITH_CONTENT, FLAG_SECURE, FLAG_SUPPORTS_PROTECTED_BUFFERS}
01-01 05:55:45.415 0 0 I qcom,camera ac4f000.qcom,cci: qcom,cam-sensor0: Linked as a consumer to regulator.55
01-01 05:55:44.819 1142 1221 I LogicalDisplayMapper: Applying layout: [{addr: {port=129, model=0x40446d3026322d}, dispId: 0(ON)}], Previous layout: null
01-01 05:55:44.824 1142 1221 I LogicalDisplayMapper: Adding new display: 0: DisplayInfo{"Built-in Screen", displayId 0", displayGroupId -1, FLAG_SECURE, FLAG_SUPPORTS_PROTECTED_BUFFERS, FLAG_TRUSTED, real 2380 x 1020, largest app 2380 x 1020, smallest app 2380 x 1020, appVsyncOff 1000000, presDeadline 16666666, mode 1, defaultMode 1, modes [{id=1, width=2380, height=1020, fps=60.000004, alternativeRefreshRates=[]}], hdrCapabilities HdrCapabilities{mSupportedHdrTypes=[2, 3, 4], mMaxLuminance=500.0, mMaxAverageLuminance=500.0, mMinLuminance=0.0}, userDisabledHdrTypes [], minimalPostProcessingSupported false, rotation 0, state UNKNOWN, type INTERNAL, uniqueId "local:4630946370410392961", app 2380 x 1020, density 240 (319.851 x 319.851) dpi, layerStack 0, colorMode 0, supportedColorModes [0], address {port=129, model=0x40446d3026322d}, deviceProductInfo DeviceProductInfo{name=, manufacturerPnpId=QCM, productId=1, modelYear=null, manufactureDate=ManufactureDate{week=27, year=2006}, connectionToSinkType=0}, removeMode 0, refreshRateOverride 0.0, brightnessMinimum 0.0, brightnessMaximum 1.0, brightnessDefault 0.39763778}
01-01 05:55:44.825 1142 1221 I LogicalDisplayMapper: Setting new display group 0 for display 0, from previous group: null
01-01 05:55:44.827 1142 1221 E DisplayDeviceConfig: requesting nits when no mapping exists.
01-01 05:55:44.832 1142 1142 D SystemServerTiming: StartDisplayManager took to complete: 53ms
01-01 05:55:44.832 1142 1142 I SystemServerTiming: WaitForDisplay
01-01 05:55:44.832 1142 1142 I SystemServiceManager: Starting phase 100
01-01 05:55:44.832 1142 1142 I SystemServerTiming: OnBootPhase_100
01-01 05:55:44.832 1142 1142 I SystemServerTiming: OnBootPhase_100_com.android.server.security.FileIntegrityService
01-01 05:55:44.832 1142 1142 D SystemServerTiming: OnBootPhase_100_com.android.server.security.FileIntegrityService took to complete: 0ms
01-01 05:55:44.832 1142 1142 I SystemServerTiming: OnBootPhase_100_com.android.server.pm.Installer
01-01 05:55:44.832 1142 1142 D SystemServerTiming: OnBootPhase_100_com.android.server.pm.Installer took to complete: 0ms
01-01 05:55:44.832 1142 1142 I SystemServerTiming: OnBootPhase_100_com.android.server.os.DeviceIdentifiersPolicyService
01-01 05:55:44.833 1142 1142 D SystemServerTiming: OnBootPhase_100_com.android.server.os.DeviceIdentifiersPolicyService took to complete: 0ms
01-01 05:55:44.833 1142 1142 I SystemServerTiming: OnBootPhase_100_com.android.server.uri.UriGrantsManagerService$Lifecycle
01-01 05:55:44.833 1142 1142 D SystemServerTiming: OnBootPhase_100_com.android.server.uri.UriGrantsManagerService$Lifecycle took to complete: 0ms
01-01 05:55:44.834 1142 1142 I SystemServerTiming: OnBootPhase_100_com.android.server.powerstats.PowerStatsService
01-01 05:55:44.834 1142 1142 D SystemServerTiming: OnBootPhase_100_com.android.server.powerstats.PowerStatsService took to complete: 0ms
01-01 05:55:44.834 1142 1142 I SystemServerTiming: OnBootPhase_100_com.android.server.wm.ActivityTaskManagerService$Lifecycle
01-01 05:55:44.834 1142 1142 D SystemServerTiming: OnBootPhase_100_com.android.server.wm.ActivityTaskManagerService$Lifecycle took to complete: 0ms
01-01 05:55:44.834 1142 1142 I SystemServerTiming: OnBootPhase_100_com.android.server.am.ActivityManagerService$Lifecycle
01-01 05:55:44.834 1142 1142 D SystemServerTiming: OnBootPhase_100_com.android.server.am.ActivityManagerService$Lifecycle took to complete: 0ms
01-01 05:55:44.834 1142 1142 I SystemServerTiming: OnBootPhase_100_com.android.server.pm.DataLoaderManagerService
01-01 05:55:44.834 1142 1142 D SystemServerTiming: OnBootPhase_100_com.android.server.pm.DataLoaderManagerService took to complete: 0ms
01-01 05:55:44.834 1142 1142 I SystemServerTiming: OnBootPhase_100_com.android.server.power.PowerManagerService
01-01 05:55:44.834 1142 1142 D SystemServerTiming: OnBootPhase_100_com.android.server.power.PowerManagerService took to complete: 0ms
01-01 05:55:44.834 1142 1142 I SystemServerTiming: OnBootPhase_100_com.android.server.power.ThermalManagerService
01-01 05:55:44.834 1142 1142 D SystemServerTiming: OnBootPhase_100_com.android.server.power.ThermalManagerService took to complete: 0ms
01-01 05:55:44.834 1142 1142 I SystemServerTiming: OnBootPhase_100_com.android.server.power.hint.HintManagerService
01-01 05:55:44.834 1142 1142 D SystemServerTiming: OnBootPhase_100_com.android.server.power.hint.HintManagerService took to complete: 0ms
01-01 05:55:44.834 1142 1142 I SystemServerTiming: OnBootPhase_100_com.android.server.recoverysystem.RecoverySystemService$Lifecycle
01-01 05:55:44.834 1142 1142 D SystemServerTiming: OnBootPhase_100_com.android.server.recoverysystem.RecoverySystemService$Lifecycle took to complete: 0ms
01-01 05:55:44.834 1142 1142 I SystemServerTiming: OnBootPhase_100_com.android.server.lights.LightsService
01-01 05:55:44.834 1142 1142 D SystemServerTiming: OnBootPhase_100_com.android.server.lights.LightsService took to complete: 0ms
01-01 05:55:44.834 1142 1142 I SystemServerTiming: OnBootPhase_100_com.android.server.display.DisplayManagerService
01-01 05:55:44.838 1142 1221 E DisplayDeviceConfig: requesting nits when no mapping exists.
01-01 05:55:44.840 1142 1142 D SystemServerTiming: OnBootPhase_100_com.android.server.display.DisplayManagerService took to complete: 6ms
01-01 05:55:44.841 1142 1142 D SystemServerTiming: OnBootPhase_100 took to complete: 9ms
01-01 05:55:44.841 1142 1142 D SystemServerTiming: WaitForDisplay took to complete: 9ms
01-01 05:55:44.841 1142 1142 I SystemServerTiming: StartDomainVerificationService
01-01 05:55:44.845 1142 1142 D SystemServerTiming: StartDomainVerificationService took to complete: 4ms
01-01 05:55:44.845 1142 1142 I SystemServerTiming: StartPackageManagerService
01-01 05:55:44.845 1142 1142 I Watchdog: Pausing HandlerChecker: main thread for reason: packagemanagermain. Pause count: 1
01-01 05:55:44.845 1142 1221 I DisplayDeviceRepository: Display device changed state: "Built-in Screen", ON
01-01 05:55:44.855 1142 1142 I PackageManagerTiming: create package manager
01-01 05:55:44.882 1142 1142 I PackageManagerTiming: readListOfPackagesToBeDisabled
01-01 05:55:44.882 1142 1142 D PackageManagerTiming: readListOfPackagesToBeDisabled took to complete: 0ms
01-01 05:55:44.882 1142 1142 I PackageManagerTiming: createSubComponents
01-01 05:55:44.947 1335 1335 I imsrcsd : Uce Service HAL is starting up...
01-01 05:55:45.434 0 0 I qcom,camera ac4f000.qcom,cci: qcom,cam-sensor0: Linked as a consumer to regulator.52
01-01 05:55:45.437 0 0 E : [drm:dp_display_init_aux_switch][msm-dp-err][76 ]failed to register notifier (-22)
01-01 05:55:45.438 0 0 I qcom,camera ac4f000.qcom,cci: qcom,cam-sensor0: Linked as a consumer to regulator.57
01-01 05:55:45.462 0 0 I qcom,camera ac4f000.qcom,cci: qcom,cam-sensor0: Linked as a consumer to regulator.77
01-01 05:55:45.466 0 0 E swr-wcd wsa_swr_ctrl: swrm_runtime_suspend: clk stop mode not supported or SSR entry
01-01 05:55:45.493 0 0 I CAM_ERR : CAM-CCI: cam_cci_irq: 238 Base:ffffff80197fd000, M0_Q1 NACK ERROR: 0x10000000
01-01 05:55:45.493 0 0 I CAM_ERR : CAM-CCI: cam_cci_read: 1306 ERROR with Slave 0x34:
01-01 05:55:45.493 0 0 I CAM_ERR : CAM-CCI: cam_cci_read_bytes: 1561 failed to read rc:-22
01-01 05:55:45.493 0 0 I CAM_ERR : CAM-SENSOR: cam_cci_i2c_read: 35 rc = -22
01-01 05:55:45.493 0 0 I CAM_WARN: CAM-SENSOR: cam_sensor_match_id: 769 read id: 0x0 expected id 0x563:
01-01 05:55:45.498 0 0 I qcom,camera ac4f000.qcom,cci: qcom,cam-sensor0: Dropping the link to regulator.77
01-01 05:55:45.508 0 0 I qcom,camera ac4f000.qcom,cci: qcom,cam-sensor0: Dropping the link to regulator.57
01-01 05:55:45.509 0 0 I qcom,camera ac4f000.qcom,cci: qcom,cam-sensor0: Dropping the link to regulator.52
01-01 05:55:45.511 0 0 I qcom,camera ac4f000.qcom,cci: qcom,cam-sensor0: Dropping the link to regulator.55
01-01 05:55:45.531 0 0 W : ------------[ cut here ]------------
01-01 05:55:45.531 0 0 W : Unbalanced enable for IRQ 456
01-01 05:55:45.531 0 0 W : WARNING: CPU: 5 PID: 758 at kernel/irq/manage.c:621 enable_irq+0x98/0xf0
01-01 05:55:45.531 0 0 I : Modules linked in: wlan(O+) machine_dlkm(O) wcd938x_slave_dlkm(O) wcd938x_dlkm(O) wcd9xxx_dlkm(O) mbhc_dlkm(O) tx_macro_dlkm(O) rx_macro_dlkm(O) va_macro_dlkm(O) wsa_macro_dlkm(O) swr_ctrl_dlkm(O) bolero_cdc_dlkm(O) wsa881x_dlkm(O) wcd_core_dlkm(O) stub_dlkm(O) hdmi_dlkm(O) swr_dlkm(O) pinctrl_lpi_dlkm(O) pinctrl_wcd_dlkm(O) usf_dlkm(O) native_dlkm(O) platform_dlkm(O) q6_dlkm(O) adsp_loader_dlkm(O) apr_dlkm(O) snd_event_dlkm(O) q6_notifier_dlkm(O) q6_pdr_dlkm(O) msm_11ad_proxy
01-01 05:55:45.531 0 0 I : CPU: 5 PID: 758 Comm: kworker/5:3 Tainted: G S W O 4.19.157+ #1
01-01 05:55:45.531 0 0 I Hardware name: Qualcomm Technologies, Inc. kona MTP-RmPM8150b (DT)
01-01 05:55:45.531 0 0 I Workqueue: pm pm_runtime_work
01-01 05:55:45.531 0 0 I pstate : 60c00085 (nZCv daIf +PAN +UAO)
01-01 05:55:45.531 0 0 I pc : enable_irq+0x98/0xf0
01-01 05:55:45.531 0 0 I lr : enable_irq+0x98/0xf0
01-01 05:55:45.531 0 0 I sp : ffffff8012d1baf0
01-01 05:55:45.531 0 0 I : x29: ffffff8012d1bb00 x28: 0000000000000002
01-01 05:55:45.531 0 0 I : x27: 0000000000000000 x26: ffffffed4c82bbfd
01-01 05:55:45.531 0 0 I : x25: 0000000000000000 x24: ffffff9c1c36a8b0
01-01 05:55:45.531 0 0 I : x23: ffffffed4c829f59 x22: ffffffed4c82b9c8
01-01 05:55:45.531 0 0 I : x21: ffffffed4d375090 x20: 00000000000001c8
01-01 05:55:45.531 0 0 I : x19: ffffffed4fb56080 x18: 0000000000000030
01-01 05:55:45.531 0 0 I : x17: ffffff9c1f6f4000 x16: 00000000fffa838c
01-01 05:55:45.531 0 0 I : x15: 00000000000a838c x14: 0000000000000086
01-01 05:55:45.531 0 0 I : x13: 0000000000000000 x12: 00000000000000e0
01-01 05:55:45.531 0 0 I : x11: 0000000000000000 x10: 0000000000000000
01-01 05:55:45.531 0 0 I : x9 : 1f387ddaea36db00 x8 : 1f387ddaea36db00
01-01 05:55:45.531 0 0 I : x7 : ffffff9c1bb82700 x6 : 0000000000000000
01-01 05:55:45.531 0 0 I : x5 : 0000000000000080 x4 : 0000000000000001
01-01 05:55:45.531 0 0 I : x3 : 0000000000000000 x2 : 0000000000000005
01-01 05:55:45.531 0 0 I : x1 : 0000000000000005 x0 : 000000000000001d
01-01 05:55:45.531 0 0 I Call trace:
01-01 05:55:45.531 0 0 I : enable_irq+0x98/0xf0
01-01 05:55:45.531 0 0 I : swrm_runtime_suspend+0x480/0x608 [swr_ctrl_dlkm]
01-01 05:55:45.531 0 0 I : pm_generic_runtime_suspend+0x34/0x48
01-01 05:55:45.531 0 0 I : __rpm_callback+0x128/0x230
01-01 05:55:45.531 0 0 I : rpm_suspend+0x468/0x820
01-01 05:55:45.531 0 0 I : rpm_idle+0x5bc/0x600
01-01 05:55:45.531 0 0 I : pm_runtime_work+0x7c/0xa8
01-01 05:55:45.531 0 0 I : process_one_work+0x38c/0x660
01-01 05:55:45.531 0 0 I : worker_thread+0x268/0x4b8
01-01 05:55:45.531 0 0 I : kthread+0x140/0x150
01-01 05:55:45.531 0 0 I : ret_from_fork+0x10/0x1c
01-01 05:55:45.531 0 0 I : irq event stamp: 9884
01-01 05:55:45.531 0 0 I : hardirqs last enabled at (9883): [] _raw_spin_unlock_irqrestore+0x44/0x88
01-01 05:55:45.531 0 0 I : hardirqs last disabled at (9884): [] _raw_spin_lock_irqsave+0x28/0x98
