08-16 16:52:16.123 1142 1982 D CompatibilityChangeReporter: Compat change id reported: 168419799; UID 10136; state: DISABLED
01-01 05:55:53.939 0 0 D cnss : Assign MSI to user: DP, num_vectors: 18, user_base_data: 814, base_vector: 14
01-01 05:55:53.939 0 0 D cnss : Get IRQ number 426 for vector index 14
01-01 05:55:53.939 0 0 D cnss : Assign MSI to user: DP, num_vectors: 18, user_base_data: 814, base_vector: 14
01-01 05:55:53.939 0 0 E : INFO: trying to register non-static key.
01-01 05:55:53.939 0 0 E : the code is fine but needs lockdep annotation.
01-01 05:55:53.939 0 0 I : CPU: 7 PID: 8 Comm: kworker/u16:0 Tainted: G S W O 4.19.157+ #1
08-16 16:52:16.134 2360 2360 D QtiTelephonyComponentFactory: makeQtiIccPhoneBookInterfaceManager
08-16 16:52:16.135 2360 2360 D QtiRilInterface: in constructor
08-16 16:52:16.139 1142 1758 D CompatibilityChangeReporter: Compat change id reported: 168419799; UID 10093; state: DISABLED
01-01 05:55:53.947 0 0 D cnss : Get IRQ number 427 for vector index 15
01-01 05:55:53.950 0 0 I Hardware name: Qualcomm Technologies, Inc. kona MTP-RmPM8150b (DT)
01-01 05:55:53.950 0 0 I Workqueue: events_unbound ion_system_secure_heap_prefetch_work
01-01 05:55:53.950 0 0 I Call trace:
01-01 05:55:53.950 0 0 I : dump_backtrace+0x0/0x258
01-01 05:55:53.950 0 0 I : show_stack+0x20/0x30
01-01 05:55:53.950 0 0 I : dump_stack+0xd8/0x12c
01-01 05:55:53.950 0 0 I : register_lock_class+0x4d0/0x5c8
01-01 05:55:53.950 0 0 I : __lock_acquire+0xbc/0x1e58
01-01 05:55:53.950 0 0 I : lock_acquire+0x1cc/0x218
01-01 05:55:53.950 0 0 I : _raw_spin_lock_irqsave+0x54/0x98
01-01 05:55:53.950 0 0 I : ion_system_secure_heap_prefetch_work+0x94/0x2c0
01-01 05:55:53.950 0 0 I : process_one_work+0x38c/0x660
01-01 05:55:53.950 0 0 I : worker_thread+0x268/0x4b8
01-01 05:55:53.950 0 0 I : kthread+0x140/0x150
01-01 05:55:53.950 0 0 I : ret_from_fork+0x10/0x1c
01-01 05:55:53.951 0 0 D cnss : Assign MSI to user: DP, num_vectors: 18, user_base_data: 814, base_vector: 14
01-01 05:55:53.951 0 0 D cnss : Get IRQ number 428 for vector index 16
01-01 05:55:53.951 0 0 D cnss : Assign MSI to user: DP, num_vectors: 18, user_base_data: 814, base_vector: 14
01-01 05:55:53.951 0 0 D cnss : Get IRQ number 429 for vector index 17
01-01 05:55:53.951 0 0 D cnss : Assign MSI to user: DP, num_vectors: 18, user_base_data: 814, base_vector: 14
01-01 05:55:53.951 0 0 D cnss : Assign MSI to user: DP, num_vectors: 18, user_base_data: 814, base_vector: 14
01-01 05:55:53.951 0 0 D cnss : Get IRQ number 431 for vector index 19
01-01 05:55:53.951 0 0 D cnss : Assign MSI to user: DP, num_vectors: 18, user_base_data: 814, base_vector: 14
01-01 05:55:53.951 0 0 D cnss : Get IRQ number 432 for vector index 20
08-16 16:52:16.157 2360 2360 D TelephonyComponentFactory: makeIccSmsInterfaceManager
08-16 16:52:16.157 2360 2360 D SmsDispatchersController: SmsDispatchersController created
08-16 16:52:16.159 1142 1220 I DropBoxManagerService: add tag=system_app_strictmode isTagEnabled=true flags=0x2
08-16 16:52:16.159 2360 2360 D SMSDispatcher: SMSDispatcher: ctor mSmsCapable=true format=unknown mSmsSendDisabled=false
08-16 16:52:16.163 2360 2360 D SMSDispatcher: SMSDispatcher: ctor mSmsCapable=true format=3gpp2 mSmsSendDisabled=false
08-16 16:52:16.164 2360 2360 D CdmaSMSDispatcher: CdmaSMSDispatcher created
01-01 05:55:53.959 0 0 E : INFO: trying to register non-static key.
01-01 05:55:53.964 0 0 E : the code is fine but needs lockdep annotation.
01-01 05:55:53.969 0 0 I : CPU: 7 PID: 8 Comm: kworker/u16:0 Tainted: G S W O 4.19.157+ #1
01-01 05:55:53.969 0 0 I Hardware name: Qualcomm Technologies, Inc. kona MTP-RmPM8150b (DT)
01-01 05:55:53.969 0 0 I Workqueue: events_unbound ion_system_secure_heap_prefetch_work
01-01 05:55:53.969 0 0 I Call trace:
01-01 05:55:53.969 0 0 I : dump_backtrace+0x0/0x258
01-01 05:55:53.969 0 0 I : show_stack+0x20/0x30
01-01 05:55:53.969 0 0 I : dump_stack+0xd8/0x12c
01-01 05:55:53.969 0 0 I : register_lock_class+0x4d0/0x5c8
01-01 05:55:53.969 0 0 I : __lock_acquire+0xbc/0x1e58
01-01 05:55:53.969 0 0 I : lock_acquire+0x1cc/0x218
01-01 05:55:53.969 0 0 I : _raw_spin_lock_irqsave+0x54/0x98
01-01 05:55:53.969 0 0 I : ion_system_secure_heap_prefetch_work+0x94/0x2c0
01-01 05:55:53.969 0 0 I : process_one_work+0x38c/0x660
01-01 05:55:53.969 0 0 I : worker_thread+0x268/0x4b8
01-01 05:55:53.969 0 0 I : kthread+0x140/0x150
01-01 05:55:53.969 0 0 I : ret_from_fork+0x10/0x1c
01-01 05:55:53.970 0 0 E bt_ioctl: BT_CMD_PWR_CTRL pwr_cntrl:2
01-01 05:55:53.974 0 0 E bt_vreg_unvote: vreg_unvote successful for : qca,bt-vdd-rfa2
01-01 05:55:53.978 0 0 E : INFO: trying to register non-static key.
01-01 05:55:53.982 0 0 E bt_vreg_unvote: vreg_unvote successful for : qca,bt-vdd-rfa1
01-01 05:55:53.986 0 0 E : the code is fine but needs lockdep annotation.
01-01 05:55:53.986 0 0 I : CPU: 7 PID: 8 Comm: kworker/u16:0 Tainted: G S W O 4.19.157+ #1
01-01 05:55:53.986 0 0 I Hardware name: Qualcomm Technologies, Inc. kona MTP-RmPM8150b (DT)
01-01 05:55:53.986 0 0 I Workqueue: events_unbound ion_system_secure_heap_prefetch_work
01-01 05:55:53.986 0 0 I Call trace:
01-01 05:55:53.986 0 0 I : dump_backtrace+0x0/0x258
01-01 05:55:53.986 0 0 I : show_stack+0x20/0x30
01-01 05:55:53.986 0 0 I : dump_stack+0xd8/0x12c
01-01 05:55:53.986 0 0 I : register_lock_class+0x4d0/0x5c8
01-01 05:55:53.986 0 0 I : __lock_acquire+0xbc/0x1e58
01-01 05:55:53.986 0 0 I : lock_acquire+0x1cc/0x218
01-01 05:55:53.986 0 0 I : _raw_spin_lock_irqsave+0x54/0x98
01-01 05:55:53.986 0 0 I : ion_system_secure_heap_prefetch_work+0x94/0x2c0
01-01 05:55:53.986 0 0 I : process_one_work+0x38c/0x660
01-01 05:55:53.986 0 0 I : worker_thread+0x268/0x4b8
01-01 05:55:53.986 0 0 I : kthread+0x140/0x150
01-01 05:55:53.986 0 0 I : ret_from_fork+0x10/0x1c
01-01 05:55:53.995 0 0 E : INFO: trying to register non-static key.
01-01 05:55:53.999 0 0 E bt_vreg_unvote: vreg_unvote successful for : qca,bt-vdd-dig
01-01 05:55:54.004 0 0 E : the code is fine but needs lockdep annotation.
01-01 05:55:54.004 0 0 I : CPU: 7 PID: 8 Comm: kworker/u16:0 Tainted: G S W O 4.19.157+ #1
01-01 05:55:54.004 0 0 I Hardware name: Qualcomm Technologies, Inc. kona MTP-RmPM8150b (DT)
01-01 05:55:54.004 0 0 I Workqueue: events_unbound ion_system_secure_heap_prefetch_work
01-01 05:55:54.004 0 0 I Call trace:
01-01 05:55:54.004 0 0 I : dump_backtrace+0x0/0x258
01-01 05:55:54.004 0 0 I : show_stack+0x20/0x30
01-01 05:55:54.004 0 0 I : dump_stack+0xd8/0x12c
01-01 05:55:54.004 0 0 I : register_lock_class+0x4d0/0x5c8
01-01 05:55:54.004 0 0 I : __lock_acquire+0xbc/0x1e58
01-01 05:55:54.004 0 0 I : lock_acquire+0x1cc/0x218
01-01 05:55:54.004 0 0 I : _raw_spin_lock_irqsave+0x54/0x98
01-01 05:55:54.004 0 0 I : ion_system_secure_heap_prefetch_work+0x94/0x2c0
01-01 05:55:54.004 0 0 I : process_one_work+0x38c/0x660
01-01 05:55:54.004 0 0 I : worker_thread+0x268/0x4b8
01-01 05:55:54.004 0 0 I : kthread+0x140/0x150
01-01 05:55:54.004 0 0 I : ret_from_fork+0x10/0x1c
08-16 16:52:16.169 1142 1220 I DropBoxManagerService: add tag=system_app_strictmode isTagEnabled=true flags=0x2
08-16 16:52:16.178 1142 1758 D CompatibilityChangeReporter: Compat change id reported: 135634846; UID 10131; state: DISABLED
08-16 16:52:16.179 1142 1758 D CompatibilityChangeReporter: Compat change id reported: 177438394; UID 10131; state: DISABLED
08-16 16:52:16.179 1142 1758 D CompatibilityChangeReporter: Compat change id reported: 135772972; UID 10131; state: DISABLED
08-16 16:52:16.179 1142 1758 D CompatibilityChangeReporter: Compat change id reported: 135754954; UID 10131; state: ENABLED
08-16 16:52:16.180 1142 1243 D CompatibilityChangeReporter: Compat change id reported: 143937733; UID 10131; state: ENABLED
08-16 16:52:16.183 2360 2360 D GsmInboundSmsHandler: created InboundSmsHandler
08-16 16:52:16.184 1142 1220 I DropBoxManagerService: add tag=system_app_strictmode isTagEnabled=true flags=0x2
08-16 16:52:16.214 2360 2565 D GsmInboundSmsHandler: StartupState.enter: entering StartupState
01-01 05:55:54.007 0 0 E : INFO: trying to register non-static key.
01-01 05:55:54.011 0 0 E bt_vreg_unvote: vreg_unvote successful for : qca,bt-vdd-aon
01-01 05:55:54.017 0 0 E : the code is fine but needs lockdep annotation.
01-01 05:55:54.017 0 0 I : CPU: 7 PID: 8 Comm: kworker/u16:0 Tainted: G S W O 4.19.157+ #1
01-01 05:55:54.017 0 0 I Hardware name: Qualcomm Technologies, Inc. kona MTP-RmPM8150b (DT)
01-01 05:55:54.017 0 0 I Workqueue: events_unbound ion_system_secure_heap_prefetch_work
01-01 05:55:54.017 0 0 I Call trace:
01-01 05:55:54.017 0 0 I : dump_backtrace+0x0/0x258
01-01 05:55:54.017 0 0 I : show_stack+0x20/0x30
01-01 05:55:54.017 0 0 I : dump_stack+0xd8/0x12c
01-01 05:55:54.017 0 0 I : register_lock_class+0x4d0/0x5c8
01-01 05:55:54.017 0 0 I : __lock_acquire+0xbc/0x1e58
01-01 05:55:54.017 0 0 I : lock_acquire+0x1cc/0x218
01-01 05:55:54.017 0 0 I : _raw_spin_lock_irqsave+0x54/0x98
01-01 05:55:54.017 0 0 I : ion_system_secure_heap_prefetch_work+0x94/0x2c0
01-01 05:55:54.017 0 0 I : process_one_work+0x38c/0x660
01-01 05:55:54.017 0 0 I : worker_thread+0x268/0x4b8
01-01 05:55:54.017 0 0 I : kthread+0x140/0x150
01-01 05:55:54.017 0 0 I : ret_from_fork+0x10/0x1c
01-01 05:55:54.019 0 0 E : INFO: trying to register non-static key.
01-01 05:55:54.024 0 0 E [kworke][0x51f51670][16:52:16.219050] wlan: [278:E:HIF] hif_pci_ce_irq_set_affinity_hint: 3708: Unable to set cpu mask for offline CPU 0
01-01 05:55:54.029 0 0 E : the code is fine but needs lockdep annotation.
01-01 05:55:54.029 0 0 I : CPU: 7 PID: 8 Comm: kworker/u16:0 Tainted: G S W O 4.19.157+ #1
01-01 05:55:54.029 0 0 I Hardware name: Qualcomm Technologies, Inc. kona MTP-RmPM8150b (DT)
01-01 05:55:54.029 0 0 I Workqueue: events_unbound ion_system_secure_heap_prefetch_work
01-01 05:55:54.029 0 0 I Call trace:
01-01 05:55:54.029 0 0 I : dump_backtrace+0x0/0x258
01-01 05:55:54.029 0 0 I : show_stack+0x20/0x30
01-01 05:55:54.029 0 0 I : dump_stack+0xd8/0x12c
01-01 05:55:54.029 0 0 I : register_lock_class+0x4d0/0x5c8
01-01 05:55:54.029 0 0 I : __lock_acquire+0xbc/0x1e58
01-01 05:55:54.029 0 0 I : lock_acquire+0x1cc/0x218
01-01 05:55:54.029 0 0 I : _raw_spin_lock_irqsave+0x54/0x98
01-01 05:55:54.029 0 0 I : ion_system_secure_heap_prefetch_work+0x94/0x2c0
01-01 05:55:54.029 0 0 I : process_one_work+0x38c/0x660
01-01 05:55:54.029 0 0 I : worker_thread+0x268/0x4b8
01-01 05:55:54.029 0 0 I : kthread+0x140/0x150
01-01 05:55:54.029 0 0 I : ret_from_fork+0x10/0x1c
01-01 05:55:54.031 0 0 E : INFO: trying to register non-static key.
08-16 16:52:16.237 2360 2360 D CdmaInboundSmsHandler: created InboundSmsHandler
08-16 16:52:16.242 2360 2568 D CdmaInboundSmsHandler: StartupState.enter: entering StartupState
08-16 16:52:16.242 2360 2360 D SMSDispatcher: SMSDispatcher: ctor mSmsCapable=true format=3gpp mSmsSendDisabled=false
08-16 16:52:16.242 2360 2360 D GsmSMSDispatcher: GsmSMSDispatcher created
08-16 16:52:16.247 2360 2565 D GsmInboundSmsHandler: StartupState.processMessage: processing EVENT_START_ACCEPTING_SMS
08-16 16:52:16.247 2360 2565 D GsmInboundSmsHandler: IdleState.enter: entering IdleState
08-16 16:52:16.247 2360 2565 D GsmInboundSmsHandler: IdleState.processMessage: processing EVENT_RELEASE_WAKELOCK
08-16 16:52:16.248 2360 2568 D CdmaInboundSmsHandler: StartupState.processMessage: processing EVENT_START_ACCEPTING_SMS
08-16 16:52:16.248 2360 2568 D CdmaInboundSmsHandler: IdleState.enter: entering IdleState
08-16 16:52:16.248 2360 2568 D CdmaInboundSmsHandler: IdleState.processMessage: processing EVENT_RELEASE_WAKELOCK
08-16 16:52:16.249 2360 2565 D GsmInboundSmsHandler: IdleState.processMessage: EVENT_RELEASE_WAKELOCK: mWakeLock released
08-16 16:52:16.249 2360 2360 D TelephonyComponentFactory: getCdmaSubscriptionSourceManagerInstance
08-16 16:52:16.249 2360 2360 D CdmaSSM : subscriptionSource from settings: 0
08-16 16:52:16.249 2360 2360 D CdmaSSM : cdmaSSM constructor: 0
08-16 16:52:16.253 2360 2568 D CdmaInboundSmsHandler: IdleState.processMessage: EVENT_RELEASE_WAKELOCK: mWakeLock released
01-01 05:55:54.055 0 0 I [kworke][0x51fe2d63][16:52:16.250076] wlan: [334:I:WMA] wma_rx_service_ready_event: Firmware build version : 101a0521
01-01 05:55:54.059 0 0 E : the code is fine but needs lockdep annotation.
01-01 05:55:54.059 0 0 I : CPU: 7 PID: 8 Comm: kworker/u16:0 Tainted: G S W O 4.19.157+ #1
01-01 05:55:54.059 0 0 I Hardware name: Qualcomm Technologies, Inc. kona MTP-RmPM8150b (DT)
01-01 05:55:54.059 0 0 I Workqueue: events_unbound ion_system_secure_heap_prefetch_work
01-01 05:55:54.059 0 0 I Call trace:
01-01 05:55:54.059 0 0 I : dump_backtrace+0x0/0x258
01-01 05:55:54.059 0 0 I : show_stack+0x20/0x30
01-01 05:55:54.059 0 0 I : dump_stack+0xd8/0x12c
01-01 05:55:54.059 0 0 I : register_lock_class+0x4d0/0x5c8
01-01 05:55:54.059 0 0 I : __lock_acquire+0xbc/0x1e58
01-01 05:55:54.059 0 0 I : lock_acquire+0x1cc/0x218
01-01 05:55:54.059 0 0 I : _raw_spin_lock_irqsave+0x54/0x98
01-01 05:55:54.059 0 0 I : ion_system_secure_heap_prefetch_work+0x94/0x2c0
01-01 05:55:54.059 0 0 I : process_one_work+0x38c/0x660
01-01 05:55:54.059 0 0 I : worker_thread+0x268/0x4b8
01-01 05:55:54.059 0 0 I : kthread+0x140/0x150
01-01 05:55:54.059 0 0 I : ret_from_fork+0x10/0x1c
08-16 16:52:16.256 2360 2360 D QtiTelephonyComponentFactory: makeCarrierInfoManager
08-16 16:52:16.256 2360 2360 D GsmCdmaPhone: [0] Precise phone type 1
08-16 16:52:16.257 2360 2360 D RILJ : setPhoneType=1 old value=0 [PHONE0]
01-01 05:55:54.063 0 0 I binder : 2026:2026 ioctl 40046210 7fe0a4be04 returned -22
01-01 05:55:54.069 0 0 I [kworke][0x520242f5][16:52:16.264017] wlan: [334:I:WMA] wma_rx_service_ready_event: Board id: 0, Board version: 8 0 0 0 6
08-16 16:52:16.266 1142 1243 W ActivityManager: Slow operation: 88ms so far, now at startProcess: returned from zygote!
08-16 16:52:16.266 1142 1243 W ActivityManager: Slow operation: 89ms so far, now at startProcess: done updating battery stats
08-16 16:52:16.266 1142 1243 W ActivityManager: Slow operation: 89ms so far, now at startProcess: building log message
08-16 16:52:16.266 1142 1243 I ActivityManager: Start proc 2572:com.android.smspush/u0a131 for service {com.android.smspush/com.android.smspush.WapPushManager}
08-16 16:52:16.267 1142 1243 W ActivityManager: Slow operation: 89ms so far, now at startProcess: starting to update pids map
08-16 16:52:16.267 1142 1243 W ActivityManager: Slow operation: 89ms so far, now at startProcess: done updating pids map
08-16 16:52:16.268 2360 2360 D CarrierActionAgent: [0]Creating CarrierActionAgent
01-01 05:55:54.073 0 0 E : INFO: trying to register non-static key.
01-01 05:55:54.078 0 0 E : the code is fine but needs lockdep annotation.
01-01 05:55:54.083 0 0 I : CPU: 7 PID: 8 Comm: kworker/u16:0 Tainted: G S W O 4.19.157+ #1
01-01 05:55:54.083 0 0 I Hardware name: Qualcomm Technologies, Inc. kona MTP-RmPM8150b (DT)
01-01 05:55:54.084 0 0 I Workqueue: events_unbound ion_system_secure_heap_prefetch_work
01-01 05:55:54.084 0 0 I Call trace:
01-01 05:55:54.084 0 0 I : dump_backtrace+0x0/0x258
01-01 05:55:54.084 0 0 I : show_stack+0x20/0x30
01-01 05:55:54.084 0 0 I : dump_stack+0xd8/0x12c
01-01 05:55:54.084 0 0 I : register_lock_class+0x4d0/0x5c8
01-01 05:55:54.084 0 0 I : __lock_acquire+0xbc/0x1e58
01-01 05:55:54.084 0 0 I : lock_acquire+0x1cc/0x218
01-01 05:55:54.084 0 0 I : _raw_spin_lock_irqsave+0x54/0x98
01-01 05:55:54.084 0 0 I : ion_system_secure_heap_prefetch_work+0x94/0x2c0
01-01 05:55:54.084 0 0 I : process_one_work+0x38c/0x660
01-01 05:55:54.084 0 0 I : worker_thread+0x268/0x4b8
01-01 05:55:54.084 0 0 I : kthread+0x140/0x150
01-01 05:55:54.084 0 0 I : ret_from_fork+0x10/0x1c
08-16 16:52:16.275 2360 2360 W CarrierConfigManager: Error getting config for subId -1 ICarrierConfigLoader is null
08-16 16:52:16.277 2360 2360 D TransportManager-0: operates in legacy mode.
08-16 16:52:16.277 2360 2360 D QtiTelephonyComponentFactory: makeQtiServiceStateTracker
01-01 05:55:54.087 0 0 E : INFO: trying to register non-static key.
01-01 05:55:54.087 0 0 I [kworke][0x5207bf7e][16:52:16.282744] wlan: [334:I:WMA] wma_is_dbs_mandatory: 5417: MAC0 does not support both bands 2 DBS is mandatory
01-01 05:55:54.092 0 0 E : the code is fine but needs lockdep annotation.
01-01 05:55:54.092 0 0 I : CPU: 7 PID: 8 Comm: kworker/u16:0 Tainted: G S W O 4.19.157+ #1
01-01 05:55:54.092 0 0 I Hardware name: Qualcomm Technologies, Inc. kona MTP-RmPM8150b (DT)
01-01 05:55:54.092 0 0 I Workqueue: events_unbound ion_system_secure_heap_prefetch_work
01-01 05:55:54.092 0 0 I Call trace:
01-01 05:55:54.092 0 0 I : dump_backtrace+0x0/0x258
01-01 05:55:54.092 0 0 I : show_stack+0x20/0x30
01-01 05:55:54.092 0 0 I : dump_stack+0xd8/0x12c
01-01 05:55:54.092 0 0 I : register_lock_class+0x4d0/0x5c8
01-01 05:55:54.092 0 0 I : __lock_acquire+0xbc/0x1e58
01-01 05:55:54.092 0 0 I : lock_acquire+0x1cc/0x218
01-01 05:55:54.092 0 0 I : _raw_spin_lock_irqsave+0x54/0x98
01-01 05:55:54.092 0 0 I : ion_system_secure_heap_prefetch_work+0x94/0x2c0
01-01 05:55:54.092 0 0 I : process_one_work+0x38c/0x660
01-01 05:55:54.092 0 0 I : worker_thread+0x268/0x4b8
01-01 05:55:54.092 0 0 I : kthread+0x140/0x150
01-01 05:55:54.092 0 0 I : ret_from_fork+0x10/0x1c
01-01 05:55:54.094 0 0 E : INFO: trying to register non-static key.
08-16 16:52:16.286 2360 2360 D TelephonyComponentFactory: makeEriManager
08-16 16:52:16.302 2360 2360 W CarrierConfigManager: Error getting config for subId -1 ICarrierConfigLoader is null
08-16 16:52:16.305 1142 1171 D TelephonyRegistry: listen oscl: mHasNotifySubscriptionInfoChangedOccurred==false no callback
08-16 16:52:16.310 2360 2360 D NRM-C-0 : registerForNetworkRegistrationInfoChanged
01-01 05:55:54.100 0 0 E [kworke][0x520b6139][16:52:16.295141] wlan: [334:E:QDF] copy_fw_abi_version_tlv: 6979: copy_fw_abi_version_tlv: INIT_CMD version: 1, 0, 0x5f414351, 0x4c4d, 0x0, 0x0
01-01 05:55:54.103 0 0 E : the code is fine but needs lockdep annotation.
01-01 05:55:54.103 0 0 I : CPU: 7 PID: 8 Comm: kworker/u16:0 Tainted: G S W O 4.19.157+ #1
01-01 05:55:54.103 0 0 I Hardware name: Qualcomm Technologies, Inc. kona MTP-RmPM8150b (DT)
01-01 05:55:54.103 0 0 I Workqueue: events_unbound ion_system_secure_heap_prefetch_work
01-01 05:55:54.103 0 0 I Call trace:
01-01 05:55:54.103 0 0 I : dump_backtrace+0x0/0x258
01-01 05:55:54.103 0 0 I : show_stack+0x20/0x30
01-01 05:55:54.103 0 0 I : dump_stack+0xd8/0x12c
01-01 05:55:54.103 0 0 I : register_lock_class+0x4d0/0x5c8
01-01 05:55:54.103 0 0 I : __lock_acquire+0xbc/0x1e58
01-01 05:55:54.103 0 0 I : lock_acquire+0x1cc/0x218
01-01 05:55:54.103 0 0 I : _raw_spin_lock_irqsave+0x54/0x98
01-01 05:55:54.103 0 0 I : ion_system_secure_heap_prefetch_work+0x94/0x2c0
01-01 05:55:54.103 0 0 I : process_one_work+0x38c/0x660
01-01 05:55:54.103 0 0 I : worker_thread+0x268/0x4b8
01-01 05:55:54.103 0 0 I : kthread+0x140/0x150
01-01 05:55:54.103 0 0 I : ret_from_fork+0x10/0x1c
01-01 05:55:54.105 0 0 E : INFO: trying to register non-static key.
01-01 05:55:54.130 0 0 E : the code is fine but needs lockdep annotation.
01-01 05:55:54.136 0 0 I : CPU: 7 PID: 8 Comm: kworker/u16:0 Tainted: G S W O 4.19.157+ #1
01-01 05:55:54.136 0 0 I Hardware name: Qualcomm Technologies, Inc. kona MTP-RmPM8150b (DT)
01-01 05:55:54.136 0 0 I Workqueue: events_unbound ion_system_secure_heap_prefetch_work
01-01 05:55:54.136 0 0 I Call trace:
01-01 05:55:54.136 0 0 I : dump_backtrace+0x0/0x258
01-01 05:55:54.136 0 0 I : show_stack+0x20/0x30
01-01 05:55:54.136 0 0 I : dump_stack+0xd8/0x12c
01-01 05:55:54.136 0 0 I : register_lock_class+0x4d0/0x5c8
01-01 05:55:54.136 0 0 I : __lock_acquire+0xbc/0x1e58
01-01 05:55:54.136 0 0 I : lock_acquire+0x1cc/0x218
01-01 05:55:54.136 0 0 I : _raw_spin_lock_irqsave+0x54/0x98
01-01 05:55:54.136 0 0 I : ion_system_secure_heap_prefetch_work+0x94/0x2c0
01-01 05:55:54.136 0 0 I : process_one_work+0x38c/0x660
01-01 05:55:54.136 0 0 I : worker_thread+0x268/0x4b8
01-01 05:55:54.136 0 0 I : kthread+0x140/0x150
01-01 05:55:54.136 0 0 I : ret_from_fork+0x10/0x1c
01-01 05:55:54.136 0 0 W mv2112_read_status: autoneg not complete
01-01 05:55:54.136 0 0 I : mv2112_disable_aneg
01-01 05:55:54.137 0 0 I : mv2112_setup_forced
01-01 05:55:54.137 0 0 I lan743x 0001: 01:00.0 eth0: Link is Down
08-16 16:52:16.321 2360 2360 D NewNitzStateMachineImpl: handleNetworkUnavailable(): mLatestNitzSignal was already null. Nothing to do.
08-16 16:52:16.330 2360 2360 D SST : [0] notifyVoiceRegStateRilRadioTechnologyChanged: vrs=1 rat=0
08-16 16:52:16.332 1142 1759 D TelephonyRegistry: listen oscl: mHasNotifySubscriptionInfoChangedOccurred==false no callback
08-16 16:52:16.332 2360 2360 D Phone : [0] SubId-1,get allowed network types user: value = GPRS|EDGE|UMTS|CDMA|CDMA - EvDo rev. 0|CDMA - EvDo rev. A|CDMA - 1xRTT|HSDPA|HSUPA|HSPA|CDMA - EvDo rev. B|LTE|CDMA - eHRPD|HSPA+|GSM|TD_SCDMA|LTE_CA|NR
08-16 16:52:16.333 2360 2360 D Phone : isVoiceOverCellularImsEnabled=false
08-16 16:52:16.333 2360 2360 D Phone : isWifiCallingEnabled =false
08-16 16:52:16.339 2360 2360 D NetworkService: network service created
08-16 16:52:16.339 2360 2360 D SST : [0] QtiServiceStateTracker created
01-01 05:55:54.139 0 0 E : INFO: trying to register non-static key.
01-01 05:55:54.144 0 0 E : the code is fine but needs lockdep annotation.
01-01 05:55:54.149 0 0 I : CPU: 7 PID: 8 Comm: kworker/u16:0 Tainted: G S W O 4.19.157+ #1
01-01 05:55:54.149 0 0 I Hardware name: Qualcomm Technologies, Inc. kona MTP-RmPM8150b (DT)
01-01 05:55:54.149 0 0 I Workqueue: events_unbound ion_system_secure_heap_prefetch_work
01-01 05:55:54.149 0 0 I Call trace:
01-01 05:55:54.149 0 0 I : dump_backtrace+0x0/0x258
01-01 05:55:54.149 0 0 I : show_stack+0x20/0x30
01-01 05:55:54.149 0 0 I : dump_stack+0xd8/0x12c
01-01 05:55:54.149 0 0 I : register_lock_class+0x4d0/0x5c8
01-01 05:55:54.149 0 0 I : __lock_acquire+0xbc/0x1e58
01-01 05:55:54.149 0 0 I : lock_acquire+0x1cc/0x218
01-01 05:55:54.149 0 0 I : _raw_spin_lock_irqsave+0x54/0x98
01-01 05:55:54.149 0 0 I : ion_system_secure_heap_prefetch_work+0x94/0x2c0
01-01 05:55:54.149 0 0 I : process_one_work+0x38c/0x660
01-01 05:55:54.149 0 0 I : worker_thread+0x268/0x4b8
01-01 05:55:54.149 0 0 I : kthread+0x140/0x150
01-01 05:55:54.149 0 0 I : ret_from_fork+0x10/0x1c
01-01 05:55:54.155 0 0 E : INFO: trying to register non-static key.
01-01 05:55:54.160 0 0 E : the code is fine but needs lockdep annotation.
01-01 05:55:54.166 0 0 I : CPU: 7 PID: 8 Comm: kworker/u16:0 Tainted: G S W O 4.19.157+ #1
01-01 05:55:54.166 0 0 I Hardware name: Qualcomm Technologies, Inc. kona MTP-RmPM8150b (DT)
01-01 05:55:54.166 0 0 I Workqueue: events_unbound ion_system_secure_heap_prefetch_work
01-01 05:55:54.166 0 0 I Call trace:
01-01 05:55:54.166 0 0 I : dump_backtrace+0x0/0x258
01-01 05:55:54.166 0 0 I : show_stack+0x20/0x30
01-01 05:55:54.166 0 0 I : dump_stack+0xd8/0x12c
01-01 05:55:54.166 0 0 I : register_lock_class+0x4d0/0x5c8
01-01 05:55:54.166 0 0 I : __lock_acquire+0xbc/0x1e58
01-01 05:55:54.166 0 0 I : lock_acquire+0x1cc/0x218
01-01 05:55:54.166 0 0 I : _raw_spin_lock_irqsave+0x54/0x98
01-01 05:55:54.166 0 0 I : ion_system_secure_heap_prefetch_work+0x94/0x2c0
01-01 05:55:54.166 0 0 I : process_one_work+0x38c/0x660
01-01 05:55:54.166 0 0 I : worker_thread+0x268/0x4b8
01-01 05:55:54.166 0 0 I : kthread+0x140/0x150
01-01 05:55:54.166 0 0 I : ret_from_fork+0x10/0x1c
08-16 16:52:16.348 2360 2360 W CarrierConfigManager: Error getting config for subId -1 ICarrierConfigLoader is null
08-16 16:52:16.360 2360 2360 D EmergencyNumberTracker: asset emergency database is loaded. Ver: 1 Phone Id: 0
08-16 16:52:16.360 2360 2360 E EmergencyNumberTracker: Cache ota emergency database IOException: java.io.FileNotFoundException: /data/misc/emergencynumberdb/emergency_number_db: open failed: ENOENT (No such file or directory)
08-16 16:52:16.360 2360 2360 D EmergencyNumberTracker: Using Asset Emergency database. Version: 1
08-16 16:52:16.361 1142 1171 D TelephonyRegistry: listen oscl: mHasNotifySubscriptionInfoChangedOccurred==false no callback
08-16 16:52:16.364 2360 2360 D SubscriptionController: Valid row not present in db
01-01 05:55:54.168 0 0 E : INFO: trying to register non-static key.
01-01 05:55:54.173 0 0 E : the code is fine but needs lockdep annotation.
01-01 05:55:54.179 0 0 I : CPU: 7 PID: 8 Comm: kworker/u16:0 Tainted: G S W O 4.19.157+ #1
01-01 05:55:54.179 0 0 I Hardware name: Qualcomm Technologies, Inc. kona MTP-RmPM8150b (DT)
01-01 05:55:54.179 0 0 I Workqueue: events_unbound ion_system_secure_heap_prefetch_work
01-01 05:55:54.179 0 0 I Call trace:
01-01 05:55:54.179 0 0 I : dump_backtrace+0x0/0x258
01-01 05:55:54.179 0 0 I : show_stack+0x20/0x30
01-01 05:55:54.179 0 0 I : dump_stack+0xd8/0x12c
01-01 05:55:54.179 0 0 I : register_lock_class+0x4d0/0x5c8
01-01 05:55:54.179 0 0 I : __lock_acquire+0xbc/0x1e58
01-01 05:55:54.179 0 0 I : lock_acquire+0x1cc/0x218
01-01 05:55:54.179 0 0 I : _raw_spin_lock_irqsave+0x54/0x98
01-01 05:55:54.179 0 0 I : ion_system_secure_heap_prefetch_work+0x94/0x2c0
01-01 05:55:54.179 0 0 I : process_one_work+0x38c/0x660
01-01 05:55:54.179 0 0 I : worker_thread+0x268/0x4b8
01-01 05:55:54.179 0 0 I : kthread+0x140/0x150
01-01 05:55:54.179 0 0 I : ret_from_fork+0x10/0x1c
01-01 05:55:54.182 0 0 E : INFO: trying to register non-static key.
01-01 05:55:54.187 0 0 E : the code is fine but needs lockdep annotation.
01-01 05:55:54.192 0 0 I : CPU: 7 PID: 8 Comm: kworker/u16:0 Tainted: G S W O 4.19.157+ #1
01-01 05:55:54.192 0 0 I Hardware name: Qualcomm Technologies, Inc. kona MTP-RmPM8150b (DT)
01-01 05:55:54.192 0 0 I Workqueue: events_unbound ion_system_secure_heap_prefetch_work
01-01 05:55:54.192 0 0 I Call trace:
01-01 05:55:54.192 0 0 I : dump_backtrace+0x0/0x258
01-01 05:55:54.192 0 0 I : show_stack+0x20/0x30
01-01 05:55:54.192 0 0 I : dump_stack+0xd8/0x12c
01-01 05:55:54.192 0 0 I : register_lock_class+0x4d0/0x5c8
01-01 05:55:54.192 0 0 I : __lock_acquire+0xbc/0x1e58
08-16 16:52:16.376 2360 2360 D SubscriptionController: getSubscriptionProperty Query value = null
01-01 05:55:54.192 0 0 I : lock_acquire+0x1cc/0x218
01-01 05:55:54.192 0 0 I : _raw_spin_lock_irqsave+0x54/0x98
01-01 05:55:54.192 0 0 I : ion_system_secure_heap_prefetch_work+0x94/0x2c0
01-01 05:55:54.192 0 0 I : process_one_work+0x38c/0x660
01-01 05:55:54.192 0 0 I : worker_thread+0x268/0x4b8
08-16 16:52:16.383 2360 2360 D SubscriptionController: [getActiveSubscriptionInfo]- subId=-1 subList=[] subInfo=null
01-01 05:55:54.192 0 0 I : kthread+0x140/0x150
01-01 05:55:54.192 0 0 I : ret_from_fork+0x10/0x1c
01-01 05:55:54.195 0 0 E : INFO: trying to register non-static key.
01-01 05:55:54.200 0 0 E : the code is fine but needs lockdep annotation.
01-01 05:55:54.206 0 0 I : CPU: 7 PID: 8 Comm: kworker/u16:0 Tainted: G S W O 4.19.157+ #1
01-01 05:55:54.206 0 0 I Hardware name: Qualcomm Technologies, Inc. kona MTP-RmPM8150b (DT)
01-01 05:55:54.206 0 0 I Workqueue: events_unbound ion_system_secure_heap_prefetch_work
01-01 05:55:54.206 0 0 I Call trace:
01-01 05:55:54.206 0 0 I : dump_backtrace+0x0/0x258
01-01 05:55:54.206 0 0 I : show_stack+0x20/0x30
01-01 05:55:54.206 0 0 I : dump_stack+0xd8/0x12c
01-01 05:55:54.206 0 0 I : register_lock_class+0x4d0/0x5c8
01-01 05:55:54.206 0 0 I : __lock_acquire+0xbc/0x1e58
01-01 05:55:54.206 0 0 I : lock_acquire+0x1cc/0x218
01-01 05:55:54.206 0 0 I : _raw_spin_lock_irqsave+0x54/0x98
01-01 05:55:54.206 0 0 I : ion_system_secure_heap_prefetch_work+0x94/0x2c0
01-01 05:55:54.206 0 0 I : process_one_work+0x38c/0x660
01-01 05:55:54.206 0 0 I : worker_thread+0x268/0x4b8
01-01 05:55:54.206 0 0 I : kthread+0x140/0x150
01-01 05:55:54.206 0 0 I : ret_from_fork+0x10/0x1c
01-01 05:55:54.208 0 0 E : INFO: trying to register non-static key.
08-16 16:52:16.408 2360 2360 D QtiTelephonyComponentFactory: makeQtiDcTracker
08-16 16:52:16.410 1142 1984 D CompatibilityChangeReporter: Compat change id reported: 171306433; UID 1000; state: ENABLED
01-01 05:55:54.213 0 0 E : the code is fine but needs lockdep annotation.
01-01 05:55:54.219 0 0 I : CPU: 7 PID: 8 Comm: kworker/u16:0 Tainted: G S W O 4.19.157+ #1
01-01 05:55:54.219 0 0 I Hardware name: Qualcomm Technologies, Inc. kona MTP-RmPM8150b (DT)
01-01 05:55:54.219 0 0 I Workqueue: events_unbound ion_system_secure_heap_prefetch_work
01-01 05:55:54.219 0 0 I Call trace:
01-01 05:55:54.219 0 0 I : dump_backtrace+0x0/0x258
01-01 05:55:54.219 0 0 I : show_stack+0x20/0x30
01-01 05:55:54.219 0 0 I : dump_stack+0xd8/0x12c
01-01 05:55:54.219 0 0 I : register_lock_class+0x4d0/0x5c8
01-01 05:55:54.219 0 0 I : __lock_acquire+0xbc/0x1e58
01-01 05:55:54.219 0 0 I : lock_acquire+0x1cc/0x218
01-01 05:55:54.219 0 0 I : _raw_spin_lock_irqsave+0x54/0x98
01-01 05:55:54.219 0 0 I : ion_system_secure_heap_prefetch_work+0x94/0x2c0
01-01 05:55:54.219 0 0 I : process_one_work+0x38c/0x660
01-01 05:55:54.219 0 0 I : worker_thread+0x268/0x4b8
01-01 05:55:54.219 0 0 I : kthread+0x140/0x150
01-01 05:55:54.219 0 0 I : ret_from_fork+0x10/0x1c
08-16 16:52:16.419 2360 2360 D m.android.phon: [0]DCT.constructor
01-01 05:55:54.222 0 0 E : INFO: trying to register non-static key.
01-01 05:55:54.227 0 0 E : the code is fine but needs lockdep annotation.
01-01 05:55:54.232 0 0 I : CPU: 7 PID: 8 Comm: kworker/u16:0 Tainted: G S W O 4.19.157+ #1
01-01 05:55:54.232 0 0 I Hardware name: Qualcomm Technologies, Inc. kona MTP-RmPM8150b (DT)
01-01 05:55:54.233 0 0 I Workqueue: events_unbound ion_system_secure_heap_prefetch_work
01-01 05:55:54.233 0 0 I Call trace:
01-01 05:55:54.233 0 0 I : dump_backtrace+0x0/0x258
01-01 05:55:54.233 0 0 I : show_stack+0x20/0x30
01-01 05:55:54.233 0 0 I : dump_stack+0xd8/0x12c
01-01 05:55:54.233 0 0 I : register_lock_class+0x4d0/0x5c8
01-01 05:55:54.233 0 0 I : __lock_acquire+0xbc/0x1e58
01-01 05:55:54.233 0 0 I : lock_acquire+0x1cc/0x218
01-01 05:55:54.233 0 0 I : _raw_spin_lock_irqsave+0x54/0x98
01-01 05:55:54.233 0 0 I : ion_system_secure_heap_prefetch_work+0x94/0x2c0
01-01 05:55:54.233 0 0 I : process_one_work+0x38c/0x660
01-01 05:55:54.233 0 0 I : worker_thread+0x268/0x4b8
01-01 05:55:54.233 0 0 I : kthread+0x140/0x150
01-01 05:55:54.233 0 0 I : ret_from_fork+0x10/0x1c
01-01 05:55:54.235 0 0 E : INFO: trying to register non-static key.
01-01 05:55:54.240 0 0 I binder : 2572:2572 ioctl 40046210 7fe0a4c4c4 returned -22
01-01 05:55:54.240 0 0 E : the code is fine but needs lockdep annotation.
01-01 05:55:54.240 0 0 I : CPU: 7 PID: 8 Comm: kworker/u16:0 Tainted: G S W O 4.19.157+ #1
01-01 05:55:54.240 0 0 I Hardware name: Qualcomm Technologies, Inc. kona MTP-RmPM8150b (DT)
01-01 05:55:54.240 0 0 I Workqueue: events_unbound ion_system_secure_heap_prefetch_work
01-01 05:55:54.240 0 0 I Call trace:
01-01 05:55:54.240 0 0 I : dump_backtrace+0x0/0x258
01-01 05:55:54.240 0 0 I : show_stack+0x20/0x30
01-01 05:55:54.240 0 0 I : dump_stack+0xd8/0x12c
01-01 05:55:54.240 0 0 I : register_lock_class+0x4d0/0x5c8
01-01 05:55:54.240 0 0 I : __lock_acquire+0xbc/0x1e58
01-01 05:55:54.240 0 0 I : lock_acquire+0x1cc/0x218
01-01 05:55:54.240 0 0 I : _raw_spin_lock_irqsave+0x54/0x98
01-01 05:55:54.240 0 0 I : ion_system_secure_heap_prefetch_work+0x94/0x2c0
01-01 05:55:54.240 0 0 I : process_one_work+0x38c/0x660
01-01 05:55:54.240 0 0 I : worker_thread+0x268/0x4b8
01-01 05:55:54.240 0 0 I : kthread+0x140/0x150
01-01 05:55:54.240 0 0 I : ret_from_fork+0x10/0x1c
01-01 05:55:54.243 0 0 E : INFO: trying to register non-static key.
08-16 16:52:16.440 1142 1142 D BluetoothManagerService: Bluetooth Adapter address changed to 22:22:C8:96:9F:72
08-16 16:52:16.440 1142 1142 D BluetoothManagerService: Stored Bluetoothaddress: 22:22:C8:96:9F:72
08-16 16:52:16.444 1142 1142 D BluetoothManagerService: Bluetooth Adapter name changed to QCOM-BTD by android
08-16 16:52:16.445 1142 1142 D BluetoothManagerService: Stored Bluetooth name: QCOM-BTD
01-01 05:55:54.251 0 0 E : the code is fine but needs lockdep annotation.
08-16 16:52:16.452 2360 2360 D DcTesterDeacativateAll: register for intent action=com.android.internal.telephony.dataconnection.action_deactivate_all
08-16 16:52:16.458 2360 2360 D DcTesterDeacativateAll: register for intent action=com.qualcomm.qti.internal.telephony.action_detached
08-16 16:52:16.459 2360 2360 D DcTesterFailBrinupAll: register for intent action=com.android.internal.telephony.dataconnection.action_fail_bringup
08-16 16:52:16.459 2360 2360 D DcTesterFailBrinupAll: register for intent action=com.qualcomm.qti.internal.telephony.action_detached
08-16 16:52:16.459 2360 2360 D DcTesterFailBrinupAll: register for intent action=com.qualcomm.qti.internal.telephony.action_attached
01-01 05:55:54.257 0 0 I : CPU: 7 PID: 8 Comm: kworker/u16:0 Tainted: G S W O 4.19.157+ #1
01-01 05:55:54.257 0 0 I Hardware name: Qualcomm Technologies, Inc. kona MTP-RmPM8150b (DT)
01-01 05:55:54.257 0 0 I Workqueue: events_unbound ion_system_secure_heap_prefetch_work
01-01 05:55:54.257 0 0 I Call trace:
01-01 05:55:54.257 0 0 I : dump_backtrace+0x0/0x258
01-01 05:55:54.257 0 0 I : show_stack+0x20/0x30
01-01 05:55:54.257 0 0 I : dump_stack+0xd8/0x12c
01-01 05:55:54.257 0 0 I : register_lock_class+0x4d0/0x5c8
01-01 05:55:54.257 0 0 I : __lock_acquire+0xbc/0x1e58
01-01 05:55:54.257 0 0 I : lock_acquire+0x1cc/0x218
01-01 05:55:54.257 0 0 I : _raw_spin_lock_irqsave+0x54/0x98
01-01 05:55:54.257 0 0 I : ion_system_secure_heap_prefetch_work+0x94/0x2c0
01-01 05:55:54.257 0 0 I : process_one_work+0x38c/0x660
01-01 05:55:54.257 0 0 I : worker_thread+0x268/0x4b8
01-01 05:55:54.257 0 0 I : kthread+0x140/0x150
01-01 05:55:54.257 0 0 I : ret_from_fork+0x10/0x1c
01-01 05:55:54.273 0 0 E : INFO: trying to register non-static key.
01-01 05:55:54.278 0 0 E : the code is fine but needs lockdep annotation.
01-01 05:55:54.283 0 0 I : CPU: 7 PID: 8 Comm: kworker/u16:0 Tainted: G S W O 4.19.157+ #1
01-01 05:55:54.283 0 0 I Hardware name: Qualcomm Technologies, Inc. kona MTP-RmPM8150b (DT)
01-01 05:55:54.283 0 0 I Workqueue: events_unbound ion_system_secure_heap_prefetch_work
01-01 05:55:54.283 0 0 I Call trace:
01-01 05:55:54.283 0 0 I : dump_backtrace+0x0/0x258
01-01 05:55:54.283 0 0 I : show_stack+0x20/0x30
01-01 05:55:54.283 0 0 I : dump_stack+0xd8/0x12c
08-16 16:52:16.473 2360 2360 W CarrierConfigManager: Error getting config for subId -1 ICarrierConfigLoader is null
08-16 16:52:16.473 2360 2360 D m.android.phon: [0]initApnContexts: isDataCapable == false. No Apn Contexts loaded
08-16 16:52:16.473 2360 2360 D m.android.phon: [0]default emergency apn is created
01-01 05:55:54.283 0 0 I : register_lock_class+0x4d0/0x5c8
08-16 16:52:16.475 2360 2360 D QtiDCT-C: initQtiRadioCapability
01-01 05:55:54.283 0 0 I : __lock_acquire+0xbc/0x1e58
08-16 16:52:16.476 2360 2360 D QTIRILJ : getEnhancedRadioCapability, response={ when=-59s304ms what=270394 target=com.qualcomm.qti.internal.telephony.dataconnection.QtiDcTracker }
01-01 05:55:54.283 0 0 I : lock_acquire+0x1cc/0x218
01-01 05:55:54.283 0 0 I : _raw_spin_lock_irqsave+0x54/0x98
01-01 05:55:54.283 0 0 I : ion_system_secure_heap_prefetch_work+0x94/0x2c0
01-01 05:55:54.283 0 0 I : process_one_work+0x38c/0x660
01-01 05:55:54.283 0 0 I : worker_thread+0x268/0x4b8
01-01 05:55:54.283 0 0 I : kthread+0x140/0x150
01-01 05:55:54.283 0 0 I : ret_from_fork+0x10/0x1c
08-16 16:52:16.476 2360 2360 D QTIRILJ : getEnhancedRadioCapability, exception
08-16 16:52:16.479 2360 2360 D QTIRILJ : getEnhancedRadioCapability request failed
08-16 16:52:16.487 1142 1982 D CompatibilityChangeReporter: Compat change id reported: 168419799; UID 10131; state: DISABLED
01-01 05:55:54.293 0 0 E : INFO: trying to register non-static key.
01-01 05:55:54.298 0 0 E : the code is fine but needs lockdep annotation.
01-01 05:55:54.304 0 0 I : CPU: 7 PID: 8 Comm: kworker/u16:0 Tainted: G S W O 4.19.157+ #1
01-01 05:55:54.304 0 0 I Hardware name: Qualcomm Technologies, Inc. kona MTP-RmPM8150b (DT)
01-01 05:55:54.304 0 0 I Workqueue: events_unbound ion_system_secure_heap_prefetch_work
01-01 05:55:54.304 0 0 I Call trace:
01-01 05:55:54.304 0 0 I : dump_backtrace+0x0/0x258
01-01 05:55:54.304 0 0 I : show_stack+0x20/0x30
01-01 05:55:54.304 0 0 I : dump_stack+0xd8/0x12c
01-01 05:55:54.304 0 0 I : register_lock_class+0x4d0/0x5c8
01-01 05:55:54.304 0 0 I : __lock_acquire+0xbc/0x1e58
01-01 05:55:54.304 0 0 I : lock_acquire+0x1cc/0x218
01-01 05:55:54.304 0 0 I : _raw_spin_lock_irqsave+0x54/0x98
01-01 05:55:54.304 0 0 I : ion_system_secure_heap_prefetch_work+0x94/0x2c0
01-01 05:55:54.304 0 0 I : process_one_work+0x38c/0x660
01-01 05:55:54.304 0 0 I : worker_thread+0x268/0x4b8
01-01 05:55:54.304 0 0 I : kthread+0x140/0x150
01-01 05:55:54.304 0 0 I : ret_from_fork+0x10/0x1c
01-01 05:55:54.305 0 0 E [kworke][0x524783f6][16:52:16.500403] wlan: [334:E:QDF] ready_extract_init_status_tlv: 8884: ready_extract_init_status_tlv:0
01-01 05:55:54.313 0 0 E : INFO: trying to register non-static key.
01-01 05:55:54.319 0 0 E [kworke][0x524bb37f][16:52:16.514690] wlan: [334:E:QDF] cds_get_context: 1486: Module ID 65 context is Null
01-01 05:55:54.323 0 0 E : the code is fine but needs lockdep annotation.
01-01 05:55:54.323 0 0 I : CPU: 7 PID: 8 Comm: kworker/u16:0 Tainted: G S W O 4.19.157+ #1
01-01 05:55:54.323 0 0 I Hardware name: Qualcomm Technologies, Inc. kona MTP-RmPM8150b (DT)
01-01 05:55:54.323 0 0 I Workqueue: events_unbound ion_system_secure_heap_prefetch_work
01-01 05:55:54.323 0 0 I Call trace:
01-01 05:55:54.323 0 0 I : dump_backtrace+0x0/0x258
01-01 05:55:54.323 0 0 I : show_stack+0x20/0x30
01-01 05:55:54.323 0 0 I : dump_stack+0xd8/0x12c
01-01 05:55:54.323 0 0 I : register_lock_class+0x4d0/0x5c8
01-01 05:55:54.323 0 0 I : __lock_acquire+0xbc/0x1e58
01-01 05:55:54.323 0 0 I : lock_acquire+0x1cc/0x218
01-01 05:55:54.323 0 0 I : _raw_spin_lock_irqsave+0x54/0x98
01-01 05:55:54.323 0 0 I : ion_system_secure_heap_prefetch_work+0x94/0x2c0
01-01 05:55:54.323 0 0 I : process_one_work+0x38c/0x660
01-01 05:55:54.323 0 0 I : worker_thread+0x268/0x4b8
01-01 05:55:54.323 0 0 I : kthread+0x140/0x150
01-01 05:55:54.323 0 0 I : ret_from_fork+0x10/0x1c
01-01 05:55:54.331 0 0 E : INFO: trying to register non-static key.
01-01 05:55:54.334 0 0 F [kworke][0x52500954][16:52:16.529489] wlan: [334:F:DP] cdp_ipa_set_uc_tx_partition_base invalid instance
01-01 05:55:54.339 0 0 E : the code is fine but needs lockdep annotation.
01-01 05:55:54.339 0 0 I : CPU: 7 PID: 8 Comm: kworker/u16:0 Tainted: G S W O 4.19.157+ #1
01-01 05:55:54.339 0 0 I Hardware name: Qualcomm Technologies, Inc. kona MTP-RmPM8150b (DT)
01-01 05:55:54.339 0 0 I Workqueue: events_unbound ion_system_secure_heap_prefetch_work
01-01 05:55:54.339 0 0 I Call trace:
01-01 05:55:54.339 0 0 I : dump_backtrace+0x0/0x258
01-01 05:55:54.339 0 0 I : show_stack+0x20/0x30
01-01 05:55:54.339 0 0 I : dump_stack+0xd8/0x12c
01-01 05:55:54.339 0 0 I : register_lock_class+0x4d0/0x5c8
01-01 05:55:54.339 0 0 I : __lock_acquire+0xbc/0x1e58
01-01 05:55:54.339 0 0 I : lock_acquire+0x1cc/0x218
01-01 05:55:54.339 0 0 I : _raw_spin_lock_irqsave+0x54/0x98
01-01 05:55:54.339 0 0 I : ion_system_secure_heap_prefetch_work+0x94/0x2c0
01-01 05:55:54.339 0 0 I : process_one_work+0x38c/0x660
01-01 05:55:54.339 0 0 I : worker_thread+0x268/0x4b8
01-01 05:55:54.339 0 0 I : kthread+0x140/0x150
01-01 05:55:54.339 0 0 I : ret_from_fork+0x10/0x1c
01-01 05:55:54.353 0 0 E : INFO: trying to register non-static key.
01-01 05:55:54.356 0 0 I [kworke][0x525698d9][16:52:16.551881] wlan: [334:I:WMA] wma_he_update_tgt_services: 996: 11ax is enabled
01-01 05:55:54.361 0 0 E : the code is fine but needs lockdep annotation.
01-01 05:55:54.361 0 0 I : CPU: 7 PID: 8 Comm: kworker/u16:0 Tainted: G S W O 4.19.157+ #1
01-01 05:55:54.361 0 0 I Hardware name: Qualcomm Technologies, Inc. kona MTP-RmPM8150b (DT)
01-01 05:55:54.361 0 0 I Workqueue: events_unbound ion_system_secure_heap_prefetch_work
01-01 05:55:54.361 0 0 I Call trace:
01-01 05:55:54.361 0 0 I : dump_backtrace+0x0/0x258
01-01 05:55:54.361 0 0 I : show_stack+0x20/0x30
01-01 05:55:54.361 0 0 I : dump_stack+0xd8/0x12c
01-01 05:55:54.361 0 0 I : register_lock_class+0x4d0/0x5c8
01-01 05:55:54.361 0 0 I : __lock_acquire+0xbc/0x1e58
01-01 05:55:54.361 0 0 I : lock_acquire+0x1cc/0x218
01-01 05:55:54.361 0 0 I : _raw_spin_lock_irqsave+0x54/0x98
01-01 05:55:54.361 0 0 I : ion_system_secure_heap_prefetch_work+0x94/0x2c0
01-01 05:55:54.361 0 0 I : process_one_work+0x38c/0x660
01-01 05:55:54.361 0 0 I : worker_thread+0x268/0x4b8
01-01 05:55:54.361 0 0 I : kthread+0x140/0x150
01-01 05:55:54.361 0 0 I : ret_from_fork+0x10/0x1c
08-16 16:52:16.559 1142 1759 D TelephonyRegistry: listen oscl: mHasNotifySubscriptionInfoChangedOccurred==false no callback
08-16 16:52:16.560 2360 2360 D CarrierResolver: Creating CarrierResolver[0]
01-01 05:55:54.372 0 0 E : INFO: trying to register non-static key.
08-16 16:52:16.571 2360 2360 D SST : [0] notifyVoiceRegStateRilRadioTechnologyChanged: vrs=1 rat=0
01-01 05:55:54.377 0 0 E : the code is fine but needs lockdep annotation.
01-01 05:55:54.383 0 0 I : CPU: 7 PID: 8 Comm: kworker/u16:0 Tainted: G S W O 4.19.157+ #1
01-01 05:55:54.383 0 0 I Hardware name: Qualcomm Technologies, Inc. kona MTP-RmPM8150b (DT)
01-01 05:55:54.383 0 0 I Workqueue: events_unbound ion_system_secure_heap_prefetch_work
01-01 05:55:54.383 0 0 I Call trace:
01-01 05:55:54.383 0 0 I : dump_backtrace+0x0/0x258
01-01 05:55:54.383 0 0 I : show_stack+0x20/0x30
01-01 05:55:54.383 0 0 I : dump_stack+0xd8/0x12c
01-01 05:55:54.383 0 0 I : register_lock_class+0x4d0/0x5c8
01-01 05:55:54.383 0 0 I : __lock_acquire+0xbc/0x1e58
01-01 05:55:54.383 0 0 I : lock_acquire+0x1cc/0x218
01-01 05:55:54.383 0 0 I : _raw_spin_lock_irqsave+0x54/0x98
01-01 05:55:54.383 0 0 I : ion_system_secure_heap_prefetch_work+0x94/0x2c0
01-01 05:55:54.383 0 0 I : process_one_work+0x38c/0x660
01-01 05:55:54.383 0 0 I : worker_thread+0x268/0x4b8
01-01 05:55:54.383 0 0 I : kthread+0x140/0x150
01-01 05:55:54.383 0 0 I : ret_from_fork+0x10/0x1c
01-01 05:55:54.386 0 0 I [kworke][0x525f4d67][16:52:16.581596] wlan: [334:I:HIF] Initializing Runtime PM wakelock &mgmt_txrx_pdev_ctx->wakelock_tx_runtime_cmp
01-01 05:55:54.388 0 0 I [kworke][0x525ffd40][16:52:16.583940] wlan: [334:I:dfs] WLAN_DEBUG_DFS_ALWAYS : wlan_dfs_pdev_obj_create_notification: 421: dfs_offload 1
01-01 05:55:54.389 0 0 I [kworke][0x52600172][16:52:16.583996] wlan: [334:I:SPECTRAL] null_get_capability: 1715: SPECTRAL : get_capability not registered
01-01 05:55:54.389 0 0 I [kworke][0x52600254][16:52:16.584007] wlan: [334:I:SPECTRAL] target_if_pdev_spectral_init: 2249: HAL_CAP_PHYDIAG : Capable
01-01 05:55:54.389 0 0 I [kworke][0x52600313][16:52:16.584017] wlan: [334:I:SPECTRAL] null_get_capability: 1715: SPECTRAL : get_capability not registered
01-01 05:55:54.389 0 0 I [kworke][0x526003bc][16:52:16.584026] wlan: [334:I:SPECTRAL] target_if_pdev_spectral_init: 2253: HAL_CAP_RADAR : Capable
01-01 05:55:54.389 0 0 I [kworke][0x52600465][16:52:16.584035] wlan: [334:I:SPECTRAL] null_get_capability: 1715: SPECTRAL : get_capability not registered
01-01 05:55:54.389 0 0 I [kworke][0x52600521][16:52:16.584045] wlan: [334:I:SPECTRAL] target_if_pdev_spectral_init: 2258: HAL_CAP_SPECTRAL_SCAN : Capable
01-01 05:55:54.389 0 0 I [kworke][0x52600675][16:52:16.584062] wlan: [334:I:SPECTRAL] null_get_tsf64: 1703: SPECTRAL : get_tsf64 not registered
01-01 05:55:54.389 0 0 I [kworke][0x5260095b][16:52:16.584102] wlan: [334:I:GREEN_AP] wlan_green_ap_pdev_obj_create_notification: 106: Green AP creation successful, green ap ctx: ffffffed94ca90e8, pdev: ffffffed382094e8
01-01 05:55:54.389 0 0 I [kworke][0x52601853][16:52:16.584301] wlan: [334:I:IPA] wlan_ipa_wdi_init: 540: ipa_over_gsi: 1, is_smmu_enabled: 1
01-01 05:55:54.392 0 0 E : INFO: trying to register non-static key.
01-01 05:55:54.396 0 0 I [kworke][0x52621288][16:52:16.591050] wlan: [334:I:REGULATORY] reg_set_band: 483: set band bitmap: 3
01-01 05:55:54.397 0 0 E : the code is fine but needs lockdep annotation.
01-01 05:55:54.397 0 0 I : CPU: 7 PID: 8 Comm: kworker/u16:0 Tainted: G S W O 4.19.157+ #1
01-01 05:55:54.397 0 0 I Hardware name: Qualcomm Technologies, Inc. kona MTP-RmPM8150b (DT)
01-01 05:55:54.397 0 0 I Workqueue: events_unbound ion_system_secure_heap_prefetch_work
01-01 05:55:54.397 0 0 I Call trace:
01-01 05:55:54.397 0 0 I : dump_backtrace+0x0/0x258
01-01 05:55:54.397 0 0 I : show_stack+0x20/0x30
01-01 05:55:54.397 0 0 I : dump_stack+0xd8/0x12c
01-01 05:55:54.397 0 0 I : register_lock_class+0x4d0/0x5c8
01-01 05:55:54.397 0 0 I : __lock_acquire+0xbc/0x1e58
01-01 05:55:54.397 0 0 I : lock_acquire+0x1cc/0x218
01-01 05:55:54.397 0 0 I : _raw_spin_lock_irqsave+0x54/0x98
01-01 05:55:54.397 0 0 I : ion_system_secure_heap_prefetch_work+0x94/0x2c0
01-01 05:55:54.397 0 0 I : process_one_work+0x38c/0x660
01-01 05:55:54.397 0 0 I : worker_thread+0x268/0x4b8
01-01 05:55:54.403 0 0 I : kthread+0x140/0x150
01-01 05:55:54.403 0 0 I : ret_from_fork+0x10/0x1c
08-16 16:52:16.588 1142 1171 D CompatibilityChangeReporter: Compat change id reported: 182478738; UID 1001; state: ENABLED
08-16 16:52:16.600 2360 2360 I GsmCdmaPhone: [0] updateTtyMode ttyMode=0
08-16 16:52:16.603 2360 2360 I GsmCdmaPhone: [0] updateUiTtyMode ttyMode=0
08-16 16:52:16.603 2360 2360 D CallManager: registerPhone(GSM Handler (com.qualcomm.qti.internal.telephony.QtiGsmCdmaPhone) {508db3b})
08-16 16:52:16.604 2360 2360 D GsmCdmaPhone: [0] GsmCdmaPhone: constructor: sub = 0
08-16 16:52:16.604 2360 2360 D VendorGsmCdmaPhone: Constructor
01-01 05:55:54.408 0 0 I [kworke][0x5265ac0e][16:52:16.603337] wlan: [334:I:HIF] Initializing Runtime PM wakelock &ctx->dfs
01-01 05:55:54.408 0 0 I [kworke][0x5265ae3e][16:52:16.603366] wlan: [334:I:HIF] Initializing Runtime PM wakelock &ctx->connect
01-01 05:55:54.408 0 0 I [kworke][0x5265afbe][16:52:16.603386] wlan: [334:I:HIF] Initializing Runtime PM wakelock &ctx->user
01-01 05:55:54.408 0 0 I [kworke][0x5265b14d][16:52:16.603407] wlan: [334:I:HIF] Initializing Runtime PM wakelock &scan_priv->runtime_pm_lock
01-01 05:55:54.408 0 0 I [kworke][0x5265b3db][16:52:16.603441] wlan: [334:I:GREEN_AP] target_if_green_ap_register_egap_event_handler: 131: Set the Enhance Green AP event handler
01-01 05:55:54.408 0 0 E [kworke][0x5265b4db][16:52:16.603454] wlan: [334:E:QDF] dp_peer_map_attach_wifi3: 10048: dp_peer_map_attach_wifi3 max_peers 55, max_ast_index: 144
01-01 05:55:54.411 0 0 E : INFO: trying to register non-static key.
01-01 05:55:54.424 0 0 I [kworke][0x526a7cb1][16:52:16.619772] wlan: [334:I:DP]
01-01 05:55:54.424 0 0 I : <=== cfg max peer id 55 ====>
08-16 16:52:16.616 2360 2360 D QtiGsmCdmaPhone: Constructor
08-16 16:52:16.616 2360 2360 I PhoneFactory: Creating Phone with type = 1 sub = 0
08-16 16:52:16.616 2360 2360 D QtiTelephonyComponentFactory: makePhone
08-16 16:52:16.617 2360 2360 D TelephonyTester: register for intent action=com.qualcomm.qti.internal.telephony.action_detached
08-16 16:52:16.617 2360 2360 D TelephonyTester: register for intent action=com.qualcomm.qti.internal.telephony.action_attached
08-16 16:52:16.617 2360 2360 D TelephonyTester: register for intent action=com.android.internal.telephony.TestServiceState
08-16 16:52:16.617 2360 2360 D TelephonyTester: register for intent action=com.android.internal.telephony.TestChangeNumber
08-16 16:52:16.618 1142 1142 D BluetoothManagerService: Bluetooth Adapter address changed to 22:22:C8:96:9F:72
08-16 16:52:16.618 1142 1142 D BluetoothManagerService: Stored Bluetoothaddress: 22:22:C8:96:9F:72
08-16 16:52:16.618 2360 2360 D Phone : mDoesRilSendMultipleCallRing=false
08-16 16:52:16.618 2360 2360 D Phone : mCallRingDelay=3000
08-16 16:52:16.618 2360 2360 D TelephonyComponentFactory: makeSmsStorageMonitor
08-16 16:52:16.619 2360 2360 D TelephonyComponentFactory: makeSmsUsageMonitor
01-01 05:55:54.429 0 0 E : the code is fine but needs lockdep annotation.
01-01 05:55:54.429 0 0 I : CPU: 7 PID: 8 Comm: kworker/u16:0 Tainted: G S W O 4.19.157+ #1
01-01 05:55:54.429 0 0 I Hardware name: Qualcomm Technologies, Inc. kona MTP-RmPM8150b (DT)
01-01 05:55:54.429 0 0 I Workqueue: events_unbound ion_system_secure_heap_prefetch_work
01-01 05:55:54.429 0 0 I Call trace:
01-01 05:55:54.429 0 0 I : dump_backtrace+0x0/0x258
01-01 05:55:54.429 0 0 I : show_stack+0x20/0x30
01-01 05:55:54.429 0 0 I : dump_stack+0xd8/0x12c
01-01 05:55:54.429 0 0 I : register_lock_class+0x4d0/0x5c8
01-01 05:55:54.429 0 0 I : __lock_acquire+0xbc/0x1e58
01-01 05:55:54.429 0 0 I : lock_acquire+0x1cc/0x218
01-01 05:55:54.429 0 0 I : _raw_spin_lock_irqsave+0x54/0x98
01-01 05:55:54.429 0 0 I : ion_system_secure_heap_prefetch_work+0x94/0x2c0
01-01 05:55:54.429 0 0 I : process_one_work+0x38c/0x660
01-01 05:55:54.429 0 0 I : worker_thread+0x268/0x4b8
01-01 05:55:54.429 0 0 I : kthread+0x140/0x150
01-01 05:55:54.429 0 0 I : ret_from_fork+0x10/0x1c
08-16 16:52:16.624 2360 2360 D TelephonyComponentFactory: makeGsmCdmaCallTracker
08-16 16:52:16.625 2360 2360 D QtiTelephonyComponentFactory: makeQtiIccPhoneBookInterfaceManager
08-16 16:52:16.627 2360 2360 D TelephonyComponentFactory: makeIccSmsInterfaceManager
08-16 16:52:16.627 2360 2360 D SmsDispatchersController: SmsDispatchersController created
08-16 16:52:16.628 2360 2360 D SMSDispatcher: SMSDispatcher: ctor mSmsCapable=true format=unknown mSmsSendDisabled=false
08-16 16:52:16.629 2360 2360 D SMSDispatcher: SMSDispatcher: ctor mSmsCapable=true format=3gpp2 mSmsSendDisabled=false
08-16 16:52:16.629 2360 2360 D CdmaSMSDispatcher: CdmaSMSDispatcher created
01-01 05:55:54.437 0 0 I [kworke][0x526e35f4][16:52:16.632482] wlan: [334:I:DP]
01-01 05:55:54.437 0 0 I : <=== cfg max ast idx 144 ====>
01-01 05:55:54.437 0 0 I [kworke][0x526e3807][16:52:16.632510] wlan: [334:I:DP] ast hash_elems: 512, max_ast_idx: 144
01-01 05:55:54.438 0 0 E : INFO: trying to register non-static key.
01-01 05:55:54.439 0 0 I [kworke][0x526eef7a][16:52:16.634956] wlan: [278:I:WMA] wma_wait_for_ready_event: 6926: FW ready event received
08-16 16:52:16.636 1142 1171 D Fingerprint21: Daemon was null, reconnecting, current operation: null
08-16 16:52:16.639 1142 1171 D Fingerprint21: Fingerprint HAL ready, HAL ID: 5326416
