08-16 16:52:15.391 1142 1243 W ActivityManager: Slow operation: 1941ms so far, now at startProcess: done updating pids map
08-16 16:52:15.391 1142 1243 W ActivityManager: Slow operation: 1164ms so far, now at startProcess: asking zygote to start proc
08-16 16:52:15.391 1142 1243 D CompatibilityChangeReporter: Compat change id reported: 143937733; UID 10118; state: ENABLED
01-01 05:55:53.177 0 0 E [kworke][0x50fd1440][16:52:15.372513] wlan: [278:E:DP] dp_srng_get_str_from_hal_ring_type: 7726: Invalid ring type
01-01 05:55:53.180 0 0 E : the code is fine but needs lockdep annotation.
01-01 05:55:53.180 0 0 I : CPU: 5 PID: 8 Comm: kworker/u16:0 Tainted: G S W O 4.19.157+ #1
01-01 05:55:53.197 0 0 I Hardware name: Qualcomm Technologies, Inc. kona MTP-RmPM8150b (DT)
01-01 05:55:53.197 0 0 I Workqueue: events_unbound ion_system_secure_heap_prefetch_work
01-01 05:55:53.197 0 0 I Call trace:
01-01 05:55:53.197 0 0 I : dump_backtrace+0x0/0x258
01-01 05:55:53.197 0 0 I : show_stack+0x20/0x30
01-01 05:55:53.197 0 0 I : dump_stack+0xd8/0x12c
01-01 05:55:53.197 0 0 I : register_lock_class+0x4d0/0x5c8
01-01 05:55:53.197 0 0 I : __lock_acquire+0xbc/0x1e58
01-01 05:55:53.197 0 0 I : lock_acquire+0x1cc/0x218
01-01 05:55:53.197 0 0 I : _raw_spin_lock_irqsave+0x54/0x98
01-01 05:55:53.197 0 0 I : ion_system_secure_heap_prefetch_work+0x94/0x2c0
01-01 05:55:53.197 0 0 I : process_one_work+0x38c/0x660
01-01 05:55:53.197 0 0 I : worker_thread+0x268/0x4b8
01-01 05:55:53.197 0 0 I : kthread+0x140/0x150
01-01 05:55:53.197 0 0 I : ret_from_fork+0x10/0x1c
01-01 05:55:53.198 0 0 D cnss : Assign MSI to user: DP, num_vectors: 18, user_base_data: 814, base_vector: 14
01-01 05:55:53.200 0 0 D cnss : Assign MSI to user: DP, num_vectors: 18, user_base_data: 814, base_vector: 14
01-01 05:55:53.201 0 0 D cnss : Assign MSI to user: DP, num_vectors: 18, user_base_data: 814, base_vector: 14
01-01 05:55:53.201 0 0 D cnss : Assign MSI to user: DP, num_vectors: 18, user_base_data: 814, base_vector: 14
01-01 05:55:53.201 0 0 D cnss : Assign MSI to user: DP, num_vectors: 18, user_base_data: 814, base_vector: 14
01-01 05:55:53.202 0 0 D cnss : Assign MSI to user: DP, num_vectors: 18, user_base_data: 814, base_vector: 14
01-01 05:55:53.202 0 0 D cnss : Assign MSI to user: DP, num_vectors: 18, user_base_data: 814, base_vector: 14
01-01 05:55:53.202 0 0 D cnss : Assign MSI to user: DP, num_vectors: 18, user_base_data: 814, base_vector: 14
01-01 05:55:53.202 0 0 I [kworke][0x51046fdb][16:52:15.397629] wlan: [278:I:DP] dp_tx_soc_attach Tx Desc Alloc num_pool = 4, descs = 4096
01-01 05:55:53.203 0 0 I [kworke][0x5104beaf][16:52:15.398680] wlan: [278:I:DP] dp_tx_soc_attach MSDU Ext Desc Alloc 4, descs = 4096
01-01 05:55:53.205 0 0 I [kworke][0x51053af6][16:52:15.400338] wlan: [278:I:DP] dp_tx_soc_attach HAL Tx init Success
01-01 05:55:53.205 0 0 D cnss : Assign MSI to user: DP, num_vectors: 18, user_base_data: 814, base_vector: 14
01-01 05:55:53.206 0 0 D cnss : Assign MSI to user: DP, num_vectors: 18, user_base_data: 814, base_vector: 14
01-01 05:55:53.206 0 0 I [kworke][0x5105917a][16:52:15.401491] wlan: [278:I:DP] dp_soc_cmn_setup: 3274: num_reo_dest_rings 4
01-01 05:55:53.206 0 0 D cnss : Assign MSI to user: DP, num_vectors: 18, user_base_data: 814, base_vector: 14
01-01 05:55:53.206 0 0 D cnss : Assign MSI to user: DP, num_vectors: 18, user_base_data: 814, base_vector: 14
01-01 05:55:53.207 0 0 D cnss : Assign MSI to user: DP, num_vectors: 18, user_base_data: 814, base_vector: 14
01-01 05:55:53.207 0 0 D cnss : Assign MSI to user: DP, num_vectors: 18, user_base_data: 814, base_vector: 14
01-01 05:55:53.207 0 0 D cnss : Assign MSI to user: DP, num_vectors: 18, user_base_data: 814, base_vector: 14
01-01 05:55:53.207 0 0 D cnss : Assign MSI to user: DP, num_vectors: 18, user_base_data: 814, base_vector: 14
01-01 05:55:53.208 0 0 D cnss : Assign MSI to user: DP, num_vectors: 18, user_base_data: 814, base_vector: 14
01-01 05:55:53.208 0 0 D cnss : Assign MSI to user: DP, num_vectors: 18, user_base_data: 814, base_vector: 14
01-01 05:55:53.209 0 0 D cnss : Assign MSI to user: DP, num_vectors: 18, user_base_data: 814, base_vector: 14
01-01 05:55:53.209 0 0 D cnss : Assign MSI to user: DP, num_vectors: 18, user_base_data: 814, base_vector: 14
01-01 05:55:53.210 0 0 D cnss : Assign MSI to user: DP, num_vectors: 18, user_base_data: 814, base_vector: 14
01-01 05:55:53.210 0 0 I [kworke][0x5106d46c][16:52:15.405797] wlan: [278:I:HAL] hal_reo_set_err_dst_remap_6390: 1024: HWIO_REO_R0_ERROR_DESTINATION_MAPPING_IX_0 0x28005b6d
01-01 05:55:53.210 0 0 D cnss : Assign MSI to user: DP, num_vectors: 18, user_base_data: 814, base_vector: 14
01-01 05:55:53.211 0 0 D cnss : Assign MSI to user: DP, num_vectors: 18, user_base_data: 814, base_vector: 14
01-01 05:55:53.211 0 0 D cnss : Assign MSI to user: DP, num_vectors: 18, user_base_data: 814, base_vector: 14
01-01 05:55:53.211 0 0 D cnss : Assign MSI to user: DP, num_vectors: 18, user_base_data: 814, base_vector: 14
01-01 05:55:53.211 0 0 D cnss : Assign MSI to user: DP, num_vectors: 18, user_base_data: 814, base_vector: 14
01-01 05:55:53.212 0 0 D cnss : Assign MSI to user: DP, num_vectors: 18, user_base_data: 814, base_vector: 14
01-01 05:55:53.215 0 0 I binder : 2407:2407 ioctl 40046210 7fe0a4c4c4 returned -22
08-16 16:52:15.422 1142 2084 D CompatibilityChangeReporter: Compat change id reported: 168419799; UID 1000; state: DISABLED
01-01 05:55:53.283 0 0 I msm_vidc: high: 00000001: ....e: Opening video instance: ffffffed13f0c000, 0
01-01 05:55:53.307 0 0 I msm_vidc: high: 00000001: h265e: Closed video instance: ffffffed13f0c000
08-16 16:52:15.542 1142 1243 W ActivityManager: Slow operation: 1315ms so far, now at startProcess: returned from zygote!
08-16 16:52:15.543 1142 1243 W ActivityManager: Slow operation: 1316ms so far, now at startProcess: done updating battery stats
08-16 16:52:15.543 1142 1243 W ActivityManager: Slow operation: 1316ms so far, now at startProcess: building log message
08-16 16:52:15.543 1142 1243 I ActivityManager: Start proc 2448:com.android.launcher3/u0a118 for service {com.android.launcher3/com.android.quickstep.TouchInteractionService}
08-16 16:52:15.544 1142 1243 W ActivityManager: Slow operation: 1317ms so far, now at startProcess: starting to update pids map
08-16 16:52:15.545 1142 1243 W ActivityManager: Slow operation: 1318ms so far, now at startProcess: done updating pids map
01-01 05:55:53.356 0 0 I msm_vidc: high: 00000001: ....e: Opening video instance: ffffffed0d9cc000, 0
01-01 05:55:53.369 0 0 I binder : 2420:2420 ioctl 40046210 7fe0a4c4c4 returned -22
01-01 05:55:53.387 0 0 I msm_vidc: high: 00000001: h265e: Closed video instance: ffffffed0d9cc000
08-16 16:52:15.591 1142 1758 D CompatibilityChangeReporter: Compat change id reported: 168419799; UID 10153; state: DISABLED
01-01 05:55:53.427 0 0 I binder : 1822:2021 ioctl 40046210 76dacef1f4 returned -22
01-01 05:55:53.432 0 0 E : INFO: trying to register non-static key.
01-01 05:55:53.437 0 0 E : the code is fine but needs lockdep annotation.
01-01 05:55:53.443 0 0 I : CPU: 3 PID: 8 Comm: kworker/u16:0 Tainted: G S W O 4.19.157+ #1
01-01 05:55:53.443 0 0 I Hardware name: Qualcomm Technologies, Inc. kona MTP-RmPM8150b (DT)
01-01 05:55:53.443 0 0 I Workqueue: events_unbound ion_system_secure_heap_prefetch_work
01-01 05:55:53.443 0 0 I Call trace:
01-01 05:55:53.443 0 0 I : dump_backtrace+0x0/0x258
01-01 05:55:53.443 0 0 I : show_stack+0x20/0x30
01-01 05:55:53.443 0 0 I : dump_stack+0xd8/0x12c
01-01 05:55:53.443 0 0 I : register_lock_class+0x4d0/0x5c8
01-01 05:55:53.443 0 0 I : __lock_acquire+0xbc/0x1e58
01-01 05:55:53.443 0 0 I : lock_acquire+0x1cc/0x218
01-01 05:55:53.443 0 0 I : _raw_spin_lock_irqsave+0x54/0x98
01-01 05:55:53.443 0 0 I : ion_system_secure_heap_prefetch_work+0x94/0x2c0
01-01 05:55:53.443 0 0 I : process_one_work+0x38c/0x660
01-01 05:55:53.443 0 0 I : worker_thread+0x268/0x4b8
01-01 05:55:53.443 0 0 I : kthread+0x140/0x150
01-01 05:55:53.443 0 0 I : ret_from_fork+0x10/0x1c
01-01 05:55:53.445 0 0 I binder : 2378:2378 ioctl 40046210 7fe0a4a4a4 returned -22
01-01 05:55:53.447 0 0 E : INFO: trying to register non-static key.
01-01 05:55:53.452 0 0 E : the code is fine but needs lockdep annotation.
01-01 05:55:53.458 0 0 I : CPU: 3 PID: 8 Comm: kworker/u16:0 Tainted: G S W O 4.19.157+ #1
01-01 05:55:53.458 0 0 I Hardware name: Qualcomm Technologies, Inc. kona MTP-RmPM8150b (DT)
01-01 05:55:53.458 0 0 I Workqueue: events_unbound ion_system_secure_heap_prefetch_work
01-01 05:55:53.458 0 0 I Call trace:
01-01 05:55:53.458 0 0 I : dump_backtrace+0x0/0x258
01-01 05:55:53.458 0 0 I : show_stack+0x20/0x30
01-01 05:55:53.458 0 0 I : dump_stack+0xd8/0x12c
01-01 05:55:53.458 0 0 I : register_lock_class+0x4d0/0x5c8
01-01 05:55:53.458 0 0 I : __lock_acquire+0xbc/0x1e58
01-01 05:55:53.458 0 0 I : lock_acquire+0x1cc/0x218
01-01 05:55:53.458 0 0 I : _raw_spin_lock_irqsave+0x54/0x98
01-01 05:55:53.458 0 0 I : ion_system_secure_heap_prefetch_work+0x94/0x2c0
01-01 05:55:53.458 0 0 I : process_one_work+0x38c/0x660
01-01 05:55:53.458 0 0 I : worker_thread+0x268/0x4b8
01-01 05:55:53.458 0 0 I : kthread+0x140/0x150
01-01 05:55:53.458 0 0 I : ret_from_fork+0x10/0x1c
01-01 05:55:53.461 0 0 E : INFO: trying to register non-static key.
01-01 05:55:53.466 0 0 E : the code is fine but needs lockdep annotation.
01-01 05:55:53.471 0 0 I : CPU: 3 PID: 8 Comm: kworker/u16:0 Tainted: G S W O 4.19.157+ #1
01-01 05:55:53.471 0 0 I Hardware name: Qualcomm Technologies, Inc. kona MTP-RmPM8150b (DT)
01-01 05:55:53.471 0 0 I Workqueue: events_unbound ion_system_secure_heap_prefetch_work
01-01 05:55:53.471 0 0 I Call trace:
01-01 05:55:53.471 0 0 I : dump_backtrace+0x0/0x258
01-01 05:55:53.471 0 0 I : show_stack+0x20/0x30
01-01 05:55:53.471 0 0 I : dump_stack+0xd8/0x12c
01-01 05:55:53.471 0 0 I : register_lock_class+0x4d0/0x5c8
01-01 05:55:53.471 0 0 I : __lock_acquire+0xbc/0x1e58
01-01 05:55:53.472 0 0 I : lock_acquire+0x1cc/0x218
01-01 05:55:53.472 0 0 I : _raw_spin_lock_irqsave+0x54/0x98
01-01 05:55:53.472 0 0 I : ion_system_secure_heap_prefetch_work+0x94/0x2c0
01-01 05:55:53.472 0 0 I : process_one_work+0x38c/0x660
01-01 05:55:53.472 0 0 I : worker_thread+0x268/0x4b8
01-01 05:55:53.472 0 0 I : kthread+0x140/0x150
01-01 05:55:53.472 0 0 I : ret_from_fork+0x10/0x1c
08-16 16:52:15.676 1142 1759 D TelephonyRegistry: listen oscl: mHasNotifySubscriptionInfoChangedOccurred==false no callback
01-01 05:55:53.481 0 0 E : INFO: trying to register non-static key.
01-01 05:55:53.486 0 0 E : the code is fine but needs lockdep annotation.
01-01 05:55:53.492 0 0 I : CPU: 7 PID: 8 Comm: kworker/u16:0 Tainted: G S W O 4.19.157+ #1
01-01 05:55:53.492 0 0 I Hardware name: Qualcomm Technologies, Inc. kona MTP-RmPM8150b (DT)
01-01 05:55:53.492 0 0 I Workqueue: events_unbound ion_system_secure_heap_prefetch_work
01-01 05:55:53.492 0 0 I Call trace:
01-01 05:55:53.492 0 0 I : dump_backtrace+0x0/0x258
01-01 05:55:53.492 0 0 I : show_stack+0x20/0x30
01-01 05:55:53.492 0 0 I : dump_stack+0xd8/0x12c
01-01 05:55:53.492 0 0 I : register_lock_class+0x4d0/0x5c8
01-01 05:55:53.492 0 0 I : __lock_acquire+0xbc/0x1e58
01-01 05:55:53.492 0 0 I : lock_acquire+0x1cc/0x218
01-01 05:55:53.492 0 0 I : _raw_spin_lock_irqsave+0x54/0x98
01-01 05:55:53.492 0 0 I : ion_system_secure_heap_prefetch_work+0x94/0x2c0
01-01 05:55:53.492 0 0 I : process_one_work+0x38c/0x660
01-01 05:55:53.492 0 0 I : worker_thread+0x268/0x4b8
01-01 05:55:53.492 0 0 I : kthread+0x140/0x150
01-01 05:55:53.492 0 0 I : ret_from_fork+0x10/0x1c
01-01 05:55:53.497 0 0 E : INFO: trying to register non-static key.
01-01 05:55:53.502 0 0 E : the code is fine but needs lockdep annotation.
01-01 05:55:53.505 0 0 I binder : 2448:2448 ioctl 40046210 7fe0a4c4c4 returned -22
01-01 05:55:53.507 0 0 I : CPU: 7 PID: 8 Comm: kworker/u16:0 Tainted: G S W O 4.19.157+ #1
01-01 05:55:53.507 0 0 I Hardware name: Qualcomm Technologies, Inc. kona MTP-RmPM8150b (DT)
01-01 05:55:53.507 0 0 I Workqueue: events_unbound ion_system_secure_heap_prefetch_work
01-01 05:55:53.507 0 0 I Call trace:
01-01 05:55:53.507 0 0 I : dump_backtrace+0x0/0x258
01-01 05:55:53.507 0 0 I : show_stack+0x20/0x30
01-01 05:55:53.507 0 0 I : dump_stack+0xd8/0x12c
01-01 05:55:53.507 0 0 I : register_lock_class+0x4d0/0x5c8
01-01 05:55:53.507 0 0 I : __lock_acquire+0xbc/0x1e58
01-01 05:55:53.507 0 0 I : lock_acquire+0x1cc/0x218
01-01 05:55:53.507 0 0 I : _raw_spin_lock_irqsave+0x54/0x98
01-01 05:55:53.507 0 0 I : ion_system_secure_heap_prefetch_work+0x94/0x2c0
01-01 05:55:53.507 0 0 I : process_one_work+0x38c/0x660
01-01 05:55:53.507 0 0 I : worker_thread+0x268/0x4b8
01-01 05:55:53.507 0 0 I : kthread+0x140/0x150
01-01 05:55:53.507 0 0 I : ret_from_fork+0x10/0x1c
08-16 16:52:15.717 1822 2164 W ActivityThread: Failed to find provider info for com.android.contacts (user not unlocked)
01-01 05:55:53.513 0 0 E : INFO: trying to register non-static key.
01-01 05:55:53.518 0 0 E : the code is fine but needs lockdep annotation.
01-01 05:55:53.523 0 0 I : CPU: 7 PID: 8 Comm: kworker/u16:0 Tainted: G S W O 4.19.157+ #1
01-01 05:55:53.523 0 0 I Hardware name: Qualcomm Technologies, Inc. kona MTP-RmPM8150b (DT)
01-01 05:55:53.523 0 0 I Workqueue: events_unbound ion_system_secure_heap_prefetch_work
01-01 05:55:53.523 0 0 I Call trace:
01-01 05:55:53.523 0 0 I : dump_backtrace+0x0/0x258
01-01 05:55:53.523 0 0 I : show_stack+0x20/0x30
01-01 05:55:53.523 0 0 I : dump_stack+0xd8/0x12c
01-01 05:55:53.523 0 0 I : register_lock_class+0x4d0/0x5c8
01-01 05:55:53.523 0 0 I : __lock_acquire+0xbc/0x1e58
01-01 05:55:53.523 0 0 I : lock_acquire+0x1cc/0x218
01-01 05:55:53.523 0 0 I : _raw_spin_lock_irqsave+0x54/0x98
01-01 05:55:53.523 0 0 I : ion_system_secure_heap_prefetch_work+0x94/0x2c0
01-01 05:55:53.523 0 0 I : process_one_work+0x38c/0x660
01-01 05:55:53.523 0 0 I : worker_thread+0x268/0x4b8
01-01 05:55:53.523 0 0 I : kthread+0x140/0x150
01-01 05:55:53.523 0 0 I : ret_from_fork+0x10/0x1c
08-16 16:52:15.728 1142 1220 I DropBoxManagerService: add tag=system_app_strictmode isTagEnabled=true flags=0x2
08-16 16:52:15.730 1142 2084 D CompatibilityChangeReporter: Compat change id reported: 168419799; UID 10118; state: DISABLED
08-16 16:52:15.732 1142 1220 I DropBoxManagerService: add tag=system_app_strictmode isTagEnabled=true flags=0x2
01-01 05:55:53.526 0 0 E : INFO: trying to register non-static key.
01-01 05:55:53.531 0 0 E : the code is fine but needs lockdep annotation.
01-01 05:55:53.537 0 0 I : CPU: 7 PID: 8 Comm: kworker/u16:0 Tainted: G S W O 4.19.157+ #1
01-01 05:55:53.537 0 0 I Hardware name: Qualcomm Technologies, Inc. kona MTP-RmPM8150b (DT)
01-01 05:55:53.537 0 0 I Workqueue: events_unbound ion_system_secure_heap_prefetch_work
01-01 05:55:53.537 0 0 I Call trace:
01-01 05:55:53.537 0 0 I : dump_backtrace+0x0/0x258
01-01 05:55:53.537 0 0 I : show_stack+0x20/0x30
01-01 05:55:53.537 0 0 I : dump_stack+0xd8/0x12c
01-01 05:55:53.537 0 0 I : register_lock_class+0x4d0/0x5c8
01-01 05:55:53.537 0 0 I : __lock_acquire+0xbc/0x1e58
01-01 05:55:53.537 0 0 I : lock_acquire+0x1cc/0x218
01-01 05:55:53.537 0 0 I : _raw_spin_lock_irqsave+0x54/0x98
01-01 05:55:53.537 0 0 I : ion_system_secure_heap_prefetch_work+0x94/0x2c0
01-01 05:55:53.537 0 0 I : process_one_work+0x38c/0x660
01-01 05:55:53.537 0 0 I : worker_thread+0x268/0x4b8
01-01 05:55:53.537 0 0 I : kthread+0x140/0x150
01-01 05:55:53.537 0 0 I : ret_from_fork+0x10/0x1c
08-16 16:52:15.744 1142 1220 I DropBoxManagerService: add tag=system_app_strictmode isTagEnabled=true flags=0x2
01-01 05:55:53.543 0 0 E : INFO: trying to register non-static key.
01-01 05:55:53.548 0 0 E : the code is fine but needs lockdep annotation.
01-01 05:55:53.553 0 0 I : CPU: 7 PID: 8 Comm: kworker/u16:0 Tainted: G S W O 4.19.157+ #1
01-01 05:55:53.553 0 0 I Hardware name: Qualcomm Technologies, Inc. kona MTP-RmPM8150b (DT)
01-01 05:55:53.553 0 0 I Workqueue: events_unbound ion_system_secure_heap_prefetch_work
01-01 05:55:53.553 0 0 I Call trace:
01-01 05:55:53.553 0 0 I : dump_backtrace+0x0/0x258
01-01 05:55:53.553 0 0 I : show_stack+0x20/0x30
01-01 05:55:53.553 0 0 I : dump_stack+0xd8/0x12c
01-01 05:55:53.553 0 0 I : register_lock_class+0x4d0/0x5c8
01-01 05:55:53.553 0 0 I : __lock_acquire+0xbc/0x1e58
01-01 05:55:53.553 0 0 I : lock_acquire+0x1cc/0x218
01-01 05:55:53.553 0 0 I : _raw_spin_lock_irqsave+0x54/0x98
01-01 05:55:53.553 0 0 I : ion_system_secure_heap_prefetch_work+0x94/0x2c0
01-01 05:55:53.553 0 0 I : process_one_work+0x38c/0x660
01-01 05:55:53.553 0 0 I : worker_thread+0x268/0x4b8
01-01 05:55:53.553 0 0 I : kthread+0x140/0x150
01-01 05:55:53.553 0 0 I : ret_from_fork+0x10/0x1c
08-16 16:52:15.750 1142 1220 I DropBoxManagerService: add tag=system_app_strictmode isTagEnabled=true flags=0x2
08-16 16:52:15.756 1142 1982 D CompatibilityChangeReporter: Compat change id reported: 135634846; UID 10136; state: DISABLED
08-16 16:52:15.756 1142 1982 D CompatibilityChangeReporter: Compat change id reported: 177438394; UID 10136; state: DISABLED
08-16 16:52:15.757 1142 1982 D CompatibilityChangeReporter: Compat change id reported: 135772972; UID 10136; state: DISABLED
01-01 05:55:53.556 0 0 E : INFO: trying to register non-static key.
01-01 05:55:53.562 0 0 E : the code is fine but needs lockdep annotation.
01-01 05:55:53.567 0 0 I : CPU: 7 PID: 8 Comm: kworker/u16:0 Tainted: G S W O 4.19.157+ #1
01-01 05:55:53.567 0 0 I Hardware name: Qualcomm Technologies, Inc. kona MTP-RmPM8150b (DT)
01-01 05:55:53.567 0 0 I Workqueue: events_unbound ion_system_secure_heap_prefetch_work
01-01 05:55:53.567 0 0 I Call trace:
01-01 05:55:53.567 0 0 I : dump_backtrace+0x0/0x258
01-01 05:55:53.567 0 0 I : show_stack+0x20/0x30
01-01 05:55:53.567 0 0 I : dump_stack+0xd8/0x12c
01-01 05:55:53.567 0 0 I : register_lock_class+0x4d0/0x5c8
01-01 05:55:53.567 0 0 I : __lock_acquire+0xbc/0x1e58
01-01 05:55:53.567 0 0 I : lock_acquire+0x1cc/0x218
01-01 05:55:53.567 0 0 I : _raw_spin_lock_irqsave+0x54/0x98
01-01 05:55:53.567 0 0 I : ion_system_secure_heap_prefetch_work+0x94/0x2c0
01-01 05:55:53.567 0 0 I : process_one_work+0x38c/0x660
01-01 05:55:53.567 0 0 I : worker_thread+0x268/0x4b8
01-01 05:55:53.567 0 0 I : kthread+0x140/0x150
01-01 05:55:53.567 0 0 I : ret_from_fork+0x10/0x1c
01-01 05:55:53.570 0 0 E : INFO: trying to register non-static key.
08-16 16:52:15.757 1142 1982 D CompatibilityChangeReporter: Compat change id reported: 135754954; UID 10136; state: ENABLED
08-16 16:52:15.757 1142 1243 D CompatibilityChangeReporter: Compat change id reported: 143937733; UID 10136; state: ENABLED
08-16 16:52:15.760 1142 1142 I ExplicitHealthCheckController: Explicit health check service is connected ComponentInfo{android.ext.services/android.ext.services.watchdog.ExplicitHealthCheckServiceImpl}
08-16 16:52:15.760 1142 1142 I ExplicitHealthCheckController: Service initialized, syncing requests
08-16 16:52:15.760 1142 1142 I PackageWatchdog: Syncing health check requests for packages: {}
08-16 16:52:15.760 1142 1142 D ExplicitHealthCheckController: Getting health check supported packages
01-01 05:55:53.575 0 0 E : the code is fine but needs lockdep annotation.
01-01 05:55:53.581 0 0 I : CPU: 7 PID: 8 Comm: kworker/u16:0 Tainted: G S W O 4.19.157+ #1
01-01 05:55:53.581 0 0 I Hardware name: Qualcomm Technologies, Inc. kona MTP-RmPM8150b (DT)
01-01 05:55:53.581 0 0 I Workqueue: events_unbound ion_system_secure_heap_prefetch_work
01-01 05:55:53.581 0 0 I Call trace:
01-01 05:55:53.581 0 0 I : dump_backtrace+0x0/0x258
01-01 05:55:53.581 0 0 I : show_stack+0x20/0x30
01-01 05:55:53.581 0 0 I : dump_stack+0xd8/0x12c
01-01 05:55:53.581 0 0 I : register_lock_class+0x4d0/0x5c8
01-01 05:55:53.581 0 0 I : __lock_acquire+0xbc/0x1e58
01-01 05:55:53.581 0 0 I : lock_acquire+0x1cc/0x218
01-01 05:55:53.581 0 0 I : _raw_spin_lock_irqsave+0x54/0x98
01-01 05:55:53.581 0 0 I : ion_system_secure_heap_prefetch_work+0x94/0x2c0
01-01 05:55:53.581 0 0 I : process_one_work+0x38c/0x660
01-01 05:55:53.581 0 0 I : worker_thread+0x268/0x4b8
01-01 05:55:53.581 0 0 I : kthread+0x140/0x150
01-01 05:55:53.581 0 0 I : ret_from_fork+0x10/0x1c
01-01 05:55:53.583 0 0 E : INFO: trying to register non-static key.
01-01 05:55:53.588 0 0 E : the code is fine but needs lockdep annotation.
01-01 05:55:53.594 0 0 I : CPU: 7 PID: 8 Comm: kworker/u16:0 Tainted: G S W O 4.19.157+ #1
01-01 05:55:53.594 0 0 I Hardware name: Qualcomm Technologies, Inc. kona MTP-RmPM8150b (DT)
01-01 05:55:53.594 0 0 I Workqueue: events_unbound ion_system_secure_heap_prefetch_work
01-01 05:55:53.594 0 0 I Call trace:
01-01 05:55:53.594 0 0 I : dump_backtrace+0x0/0x258
01-01 05:55:53.594 0 0 I : show_stack+0x20/0x30
01-01 05:55:53.594 0 0 I : dump_stack+0xd8/0x12c
01-01 05:55:53.594 0 0 I : register_lock_class+0x4d0/0x5c8
01-01 05:55:53.594 0 0 I : __lock_acquire+0xbc/0x1e58
01-01 05:55:53.594 0 0 I : lock_acquire+0x1cc/0x218
01-01 05:55:53.594 0 0 I : _raw_spin_lock_irqsave+0x54/0x98
01-01 05:55:53.594 0 0 I : ion_system_secure_heap_prefetch_work+0x94/0x2c0
01-01 05:55:53.594 0 0 I : process_one_work+0x38c/0x660
01-01 05:55:53.594 0 0 I : worker_thread+0x268/0x4b8
01-01 05:55:53.594 0 0 I : kthread+0x140/0x150
01-01 05:55:53.594 0 0 I : ret_from_fork+0x10/0x1c
01-01 05:55:53.598 0 0 E : INFO: trying to register non-static key.
01-01 05:55:53.603 0 0 E : the code is fine but needs lockdep annotation.
01-01 05:55:53.608 0 0 I : CPU: 7 PID: 8 Comm: kworker/u16:0 Tainted: G S W O 4.19.157+ #1
01-01 05:55:53.608 0 0 I Hardware name: Qualcomm Technologies, Inc. kona MTP-RmPM8150b (DT)
01-01 05:55:53.609 0 0 I Workqueue: events_unbound ion_system_secure_heap_prefetch_work
01-01 05:55:53.609 0 0 I Call trace:
01-01 05:55:53.609 0 0 I : dump_backtrace+0x0/0x258
01-01 05:55:53.609 0 0 I : show_stack+0x20/0x30
01-01 05:55:53.609 0 0 I : dump_stack+0xd8/0x12c
01-01 05:55:53.609 0 0 I : register_lock_class+0x4d0/0x5c8
01-01 05:55:53.609 0 0 I : __lock_acquire+0xbc/0x1e58
01-01 05:55:53.609 0 0 I : lock_acquire+0x1cc/0x218
01-01 05:55:53.609 0 0 I : _raw_spin_lock_irqsave+0x54/0x98
01-01 05:55:53.609 0 0 I : ion_system_secure_heap_prefetch_work+0x94/0x2c0
01-01 05:55:53.609 0 0 I : process_one_work+0x38c/0x660
01-01 05:55:53.609 0 0 I : worker_thread+0x268/0x4b8
01-01 05:55:53.609 0 0 I : kthread+0x140/0x150
01-01 05:55:53.609 0 0 I : ret_from_fork+0x10/0x1c
01-01 05:55:53.612 0 0 E : INFO: trying to register non-static key.
08-16 16:52:15.779 2360 2360 W TelephonyComponentFactory: Injection jar is not protected , path: /system/framework/qti-telephony-common.jarstatvfs failed: ENOENT (No such file or directory)
08-16 16:52:15.779 2360 2360 W TelephonyComponentFactory: Injection jar is not protected , path: /product/framework/qti-telephony-common.jarstatvfs failed: ENOENT (No such file or directory)
08-16 16:52:15.779 2360 2360 W TelephonyComponentFactory: Injection jar is not protected , path: /product/framework/qti-telephony-hidl-wrapper.jarstatvfs failed: ENOENT (No such file or directory)
08-16 16:52:15.779 2360 2360 W TelephonyComponentFactory: Injection jar is not protected , path: /product/framework/qti-telephony-utils.jarstatvfs failed: ENOENT (No such file or directory)
08-16 16:52:15.780 2360 2360 W TelephonyComponentFactory: Injection jar is not protected , path: /system/framework/qti-telephony-utils.jarstatvfs failed: ENOENT (No such file or directory)
08-16 16:52:15.780 2360 2360 D TelephonyComponentFactory: validated paths: /system_ext/framework/qti-telephony-common.jar:/system_ext/framework/qti-telephony-hidl-wrapper.jar:/system_ext/framework/qti-telephony-utils.jar:/system_ext/framework/extphonelib.jar:/product/framework/ims-ext-common.jar
08-16 16:52:15.795 1142 1142 V NotificationAssistants: 0 notification assistant service connected: ComponentInfo{android.ext.services/android.ext.services.notification.Assistant}
08-16 16:52:15.798 1142 1171 I ExplicitHealthCheckController: Explicit health check supported packages [PackageConfig{com.android.networkstack, 86400000}]
08-16 16:52:15.798 1142 1171 D PackageWatchdog: Received supported packages [PackageConfig{com.android.networkstack, 86400000}]
08-16 16:52:15.798 1142 1171 D ExplicitHealthCheckController: Getting health check requested packages
08-16 16:52:15.803 1142 1171 I ExplicitHealthCheckController: Explicit health check requested packages []
01-01 05:55:53.617 0 0 E : the code is fine but needs lockdep annotation.
01-01 05:55:53.622 0 0 I : CPU: 7 PID: 8 Comm: kworker/u16:0 Tainted: G S W O 4.19.157+ #1
01-01 05:55:53.622 0 0 I Hardware name: Qualcomm Technologies, Inc. kona MTP-RmPM8150b (DT)
01-01 05:55:53.622 0 0 I Workqueue: events_unbound ion_system_secure_heap_prefetch_work
01-01 05:55:53.622 0 0 I Call trace:
01-01 05:55:53.622 0 0 I : dump_backtrace+0x0/0x258
01-01 05:55:53.622 0 0 I : show_stack+0x20/0x30
01-01 05:55:53.622 0 0 I : dump_stack+0xd8/0x12c
01-01 05:55:53.622 0 0 I : register_lock_class+0x4d0/0x5c8
01-01 05:55:53.622 0 0 I : __lock_acquire+0xbc/0x1e58
01-01 05:55:53.622 0 0 I : lock_acquire+0x1cc/0x218
01-01 05:55:53.622 0 0 I : _raw_spin_lock_irqsave+0x54/0x98
01-01 05:55:53.622 0 0 I : ion_system_secure_heap_prefetch_work+0x94/0x2c0
01-01 05:55:53.622 0 0 I : process_one_work+0x38c/0x660
01-01 05:55:53.622 0 0 I : worker_thread+0x268/0x4b8
01-01 05:55:53.622 0 0 I : kthread+0x140/0x150
08-16 16:52:15.817 1142 1171 I ExplicitHealthCheckController: No more health check requests, unbinding...
08-16 16:52:15.818 1822 2164 W ActivityThread: Failed to find provider info for com.android.contacts (user not unlocked)
08-16 16:52:15.819 1142 1171 I ExplicitHealthCheckController: Explicit health check service is unbound
01-01 05:55:53.622 0 0 I : ret_from_fork+0x10/0x1c
01-01 05:55:53.626 0 0 E : INFO: trying to register non-static key.
01-01 05:55:53.631 0 0 E : the code is fine but needs lockdep annotation.
01-01 05:55:53.634 0 0 I binder : 2407:2484 ioctl 40046210 76e07a01f4 returned -22
01-01 05:55:53.637 0 0 I : CPU: 7 PID: 8 Comm: kworker/u16:0 Tainted: G S W O 4.19.157+ #1
01-01 05:55:53.637 0 0 I Hardware name: Qualcomm Technologies, Inc. kona MTP-RmPM8150b (DT)
01-01 05:55:53.637 0 0 I Workqueue: events_unbound ion_system_secure_heap_prefetch_work
01-01 05:55:53.637 0 0 I Call trace:
01-01 05:55:53.637 0 0 I : dump_backtrace+0x0/0x258
01-01 05:55:53.637 0 0 I : show_stack+0x20/0x30
01-01 05:55:53.637 0 0 I : dump_stack+0xd8/0x12c
01-01 05:55:53.637 0 0 I : register_lock_class+0x4d0/0x5c8
01-01 05:55:53.637 0 0 I : __lock_acquire+0xbc/0x1e58
01-01 05:55:53.637 0 0 I : lock_acquire+0x1cc/0x218
01-01 05:55:53.637 0 0 I : _raw_spin_lock_irqsave+0x54/0x98
01-01 05:55:53.637 0 0 I : ion_system_secure_heap_prefetch_work+0x94/0x2c0
01-01 05:55:53.637 0 0 I : process_one_work+0x38c/0x660
01-01 05:55:53.637 0 0 I : worker_thread+0x268/0x4b8
01-01 05:55:53.637 0 0 I : kthread+0x140/0x150
01-01 05:55:53.637 0 0 I : ret_from_fork+0x10/0x1c
08-16 16:52:15.834 1822 2164 W ActivityThread: Failed to find provider info for com.android.contacts (user not unlocked)
01-01 05:55:53.640 0 0 I msm_vidc: high: 00000001: ....e: Opening video instance: ffffffed02e60000, 0
01-01 05:55:53.643 0 0 E : INFO: trying to register non-static key.
01-01 05:55:53.643 0 0 I msm_vidc: err : 00000001: ....e: msm_vidc_comm_update_ctrl: failed: control name Ltr Count, min 0, max 0, step 0, default_value 0
01-01 05:55:53.648 0 0 E : the code is fine but needs lockdep annotation.
01-01 05:55:53.648 0 0 I : CPU: 7 PID: 8 Comm: kworker/u16:0 Tainted: G S W O 4.19.157+ #1
01-01 05:55:53.648 0 0 I Hardware name: Qualcomm Technologies, Inc. kona MTP-RmPM8150b (DT)
01-01 05:55:53.648 0 0 I Workqueue: events_unbound ion_system_secure_heap_prefetch_work
01-01 05:55:53.648 0 0 I Call trace:
01-01 05:55:53.648 0 0 I : dump_backtrace+0x0/0x258
01-01 05:55:53.648 0 0 I : show_stack+0x20/0x30
01-01 05:55:53.648 0 0 I : dump_stack+0xd8/0x12c
01-01 05:55:53.648 0 0 I : register_lock_class+0x4d0/0x5c8
01-01 05:55:53.648 0 0 I : __lock_acquire+0xbc/0x1e58
01-01 05:55:53.648 0 0 I : lock_acquire+0x1cc/0x218
01-01 05:55:53.648 0 0 I : _raw_spin_lock_irqsave+0x54/0x98
01-01 05:55:53.648 0 0 I : ion_system_secure_heap_prefetch_work+0x94/0x2c0
01-01 05:55:53.648 0 0 I : process_one_work+0x38c/0x660
01-01 05:55:53.648 0 0 I : worker_thread+0x268/0x4b8
01-01 05:55:53.648 0 0 I : kthread+0x140/0x150
01-01 05:55:53.648 0 0 I : ret_from_fork+0x10/0x1c
01-01 05:55:53.650 0 0 E : INFO: trying to register non-static key.
01-01 05:55:53.658 0 0 E : the code is fine but needs lockdep annotation.
01-01 05:55:53.664 0 0 I : CPU: 7 PID: 8 Comm: kworker/u16:0 Tainted: G S W O 4.19.157+ #1
01-01 05:55:53.664 0 0 I Hardware name: Qualcomm Technologies, Inc. kona MTP-RmPM8150b (DT)
01-01 05:55:53.664 0 0 I Workqueue: events_unbound ion_system_secure_heap_prefetch_work
01-01 05:55:53.664 0 0 I Call trace:
01-01 05:55:53.664 0 0 I : dump_backtrace+0x0/0x258
01-01 05:55:53.664 0 0 I : show_stack+0x20/0x30
01-01 05:55:53.664 0 0 I : dump_stack+0xd8/0x12c
01-01 05:55:53.664 0 0 I : register_lock_class+0x4d0/0x5c8
01-01 05:55:53.664 0 0 I : __lock_acquire+0xbc/0x1e58
01-01 05:55:53.664 0 0 I : lock_acquire+0x1cc/0x218
01-01 05:55:53.664 0 0 I : _raw_spin_lock_irqsave+0x54/0x98
01-01 05:55:53.664 0 0 I : ion_system_secure_heap_prefetch_work+0x94/0x2c0
01-01 05:55:53.664 0 0 I : process_one_work+0x38c/0x660
01-01 05:55:53.664 0 0 I : worker_thread+0x268/0x4b8
01-01 05:55:53.664 0 0 I : kthread+0x140/0x150
01-01 05:55:53.664 0 0 I : ret_from_fork+0x10/0x1c
01-01 05:55:53.670 0 0 E : INFO: trying to register non-static key.
01-01 05:55:53.675 0 0 E : the code is fine but needs lockdep annotation.
01-01 05:55:53.681 0 0 I : CPU: 7 PID: 8 Comm: kworker/u16:0 Tainted: G S W O 4.19.157+ #1
01-01 05:55:53.681 0 0 I Hardware name: Qualcomm Technologies, Inc. kona MTP-RmPM8150b (DT)
01-01 05:55:53.681 0 0 I Workqueue: events_unbound ion_system_secure_heap_prefetch_work
01-01 05:55:53.681 0 0 I Call trace:
01-01 05:55:53.681 0 0 I : dump_backtrace+0x0/0x258
01-01 05:55:53.681 0 0 I : show_stack+0x20/0x30
01-01 05:55:53.681 0 0 I : dump_stack+0xd8/0x12c
01-01 05:55:53.681 0 0 I : register_lock_class+0x4d0/0x5c8
01-01 05:55:53.681 0 0 I : __lock_acquire+0xbc/0x1e58
01-01 05:55:53.681 0 0 I : lock_acquire+0x1cc/0x218
01-01 05:55:53.681 0 0 I : _raw_spin_lock_irqsave+0x54/0x98
01-01 05:55:53.681 0 0 I : ion_system_secure_heap_prefetch_work+0x94/0x2c0
01-01 05:55:53.681 0 0 I : process_one_work+0x38c/0x660
01-01 05:55:53.681 0 0 I : worker_thread+0x268/0x4b8
01-01 05:55:53.681 0 0 I : kthread+0x140/0x150
01-01 05:55:53.681 0 0 I : ret_from_fork+0x10/0x1c
08-16 16:52:15.881 2360 2360 W TelephonyComponentFactory: Injection jar is not protected , path: /system/framework/qti-telephony-common.jarstatvfs failed: ENOENT (No such file or directory)
08-16 16:52:15.881 2360 2360 W TelephonyComponentFactory: Injection jar is not protected , path: /product/framework/qti-telephony-common.jarstatvfs failed: ENOENT (No such file or directory)
08-16 16:52:15.882 2360 2360 W TelephonyComponentFactory: Injection jar is not protected , path: /product/framework/qti-telephony-hidl-wrapper.jarstatvfs failed: ENOENT (No such file or directory)
08-16 16:52:15.882 2360 2360 W TelephonyComponentFactory: Injection jar is not protected , path: /product/framework/qti-telephony-utils.jarstatvfs failed: ENOENT (No such file or directory)
08-16 16:52:15.882 2360 2360 W TelephonyComponentFactory: Injection jar is not protected , path: /system/framework/qti-telephony-utils.jarstatvfs failed: ENOENT (No such file or directory)
08-16 16:52:15.882 2360 2360 D TelephonyComponentFactory: Total components injected: 11
08-16 16:52:15.883 2360 2360 D TDC : updateOrInsert: inserting: Modem { uuid=modem, state=0, rilModel=0, rat={}, maxActiveVoiceCall=1, maxActiveDataCall=1, maxStandby=1 }
08-16 16:52:15.883 2360 2360 D TDC : updateOrInsert: inserting: Sim { uuid=sim, modemUuid=modem, state=0 }
08-16 16:52:15.885 1142 1221 I ActivityManagerTiming: FinishBooting
01-01 05:55:53.683 0 0 I msm_vidc: high: 00000001: vp8e: Closed video instance: ffffffed02e60000
01-01 05:55:53.691 0 0 E : INFO: trying to register non-static key.
08-16 16:52:15.892 2360 2360 D PersistAtomsStorage: PersistAtoms file not found
08-16 16:52:15.893 2360 2360 D PersistAtomsStorage: created new PersistAtoms
01-01 05:55:53.696 0 0 E : the code is fine but needs lockdep annotation.
01-01 05:55:53.702 0 0 I : CPU: 7 PID: 8 Comm: kworker/u16:0 Tainted: G S W O 4.19.157+ #1
01-01 05:55:53.702 0 0 I Hardware name: Qualcomm Technologies, Inc. kona MTP-RmPM8150b (DT)
01-01 05:55:53.702 0 0 I Workqueue: events_unbound ion_system_secure_heap_prefetch_work
01-01 05:55:53.702 0 0 I Call trace:
01-01 05:55:53.702 0 0 I : dump_backtrace+0x0/0x258
01-01 05:55:53.702 0 0 I : show_stack+0x20/0x30
01-01 05:55:53.702 0 0 I : dump_stack+0xd8/0x12c
01-01 05:55:53.702 0 0 I : register_lock_class+0x4d0/0x5c8
01-01 05:55:53.702 0 0 I : __lock_acquire+0xbc/0x1e58
01-01 05:55:53.702 0 0 I : lock_acquire+0x1cc/0x218
01-01 05:55:53.702 0 0 I : _raw_spin_lock_irqsave+0x54/0x98
01-01 05:55:53.702 0 0 I : ion_system_secure_heap_prefetch_work+0x94/0x2c0
01-01 05:55:53.702 0 0 I : process_one_work+0x38c/0x660
01-01 05:55:53.702 0 0 I : worker_thread+0x268/0x4b8
01-01 05:55:53.702 0 0 I : kthread+0x140/0x150
01-01 05:55:53.702 0 0 I : ret_from_fork+0x10/0x1c
08-16 16:52:15.907 2360 2360 D MetricsCollector: registered
08-16 16:52:15.911 2360 2360 D CdmaSSM : subscriptionSource from settings: 0
08-16 16:52:15.911 2360 2360 I PhoneFactory: Cdma Subscription set to 0
08-16 16:52:15.911 2360 2360 I PhoneFactory: Network Mode set to 33
08-16 16:52:15.911 2360 2360 D QtiTelephonyComponentFactory: makeQtiRIL
08-16 16:52:15.913 2360 2360 D RILJ : RIL: init allowedNetworkTypes=916479 cdmaSubscription=0) [PHONEnull]
01-01 05:55:53.721 0 0 E : INFO: trying to register non-static key.
01-01 05:55:53.726 0 0 E : the code is fine but needs lockdep annotation.
01-01 05:55:53.728 0 0 I binder : 2360:2360 ioctl 40046210 7fe0a4a2a4 returned -22
01-01 05:55:53.731 0 0 I : CPU: 7 PID: 8 Comm: kworker/u16:0 Tainted: G S W O 4.19.157+ #1
01-01 05:55:53.731 0 0 I Hardware name: Qualcomm Technologies, Inc. kona MTP-RmPM8150b (DT)
01-01 05:55:53.731 0 0 I Workqueue: events_unbound ion_system_secure_heap_prefetch_work
01-01 05:55:53.731 0 0 I Call trace:
01-01 05:55:53.731 0 0 I : dump_backtrace+0x0/0x258
01-01 05:55:53.731 0 0 I : show_stack+0x20/0x30
01-01 05:55:53.731 0 0 I : dump_stack+0xd8/0x12c
01-01 05:55:53.731 0 0 I : register_lock_class+0x4d0/0x5c8
01-01 05:55:53.731 0 0 I : __lock_acquire+0xbc/0x1e58
01-01 05:55:53.731 0 0 I : lock_acquire+0x1cc/0x218
01-01 05:55:53.731 0 0 I : _raw_spin_lock_irqsave+0x54/0x98
01-01 05:55:53.731 0 0 I : ion_system_secure_heap_prefetch_work+0x94/0x2c0
01-01 05:55:53.731 0 0 I : process_one_work+0x38c/0x660
01-01 05:55:53.731 0 0 I : worker_thread+0x268/0x4b8
01-01 05:55:53.731 0 0 I : kthread+0x140/0x150
01-01 05:55:53.731 0 0 I : ret_from_fork+0x10/0x1c
08-16 16:52:15.922 2360 2360 D RILJ : Radio HAL version: -1.-1 [PHONE0]
08-16 16:52:15.923 2360 2360 D QTIRILJ : QtiRIL
08-16 16:52:15.924 1142 1243 W ActivityManager: Slow operation: 168ms so far, now at startProcess: returned from zygote!
08-16 16:52:15.924 1142 1243 W ActivityManager: Slow operation: 169ms so far, now at startProcess: done updating battery stats
08-16 16:52:15.925 1142 1243 W ActivityManager: Slow operation: 169ms so far, now at startProcess: building log message
08-16 16:52:15.925 1142 1243 I ActivityManager: Start proc 2525:com.qualcomm.qti.qccauthmgr/u0a136 for content provider {com.qualcomm.qti.qccauthmgr/com.qualcomm.qti.qccauthmgr.providers.SMQContentProvider}
08-16 16:52:15.925 1142 1243 W ActivityManager: Slow operation: 169ms so far, now at startProcess: starting to update pids map
08-16 16:52:15.930 1142 1243 W ActivityManager: Slow operation: 174ms so far, now at startProcess: done updating pids map
01-01 05:55:53.740 0 0 E : INFO: trying to register non-static key.
01-01 05:55:53.746 0 0 E : the code is fine but needs lockdep annotation.
01-01 05:55:53.751 0 0 I : CPU: 7 PID: 8 Comm: kworker/u16:0 Tainted: G S W O 4.19.157+ #1
01-01 05:55:53.751 0 0 I Hardware name: Qualcomm Technologies, Inc. kona MTP-RmPM8150b (DT)
01-01 05:55:53.751 0 0 I Workqueue: events_unbound ion_system_secure_heap_prefetch_work
01-01 05:55:53.751 0 0 I Call trace:
01-01 05:55:53.751 0 0 I : dump_backtrace+0x0/0x258
01-01 05:55:53.751 0 0 I : show_stack+0x20/0x30
01-01 05:55:53.751 0 0 I : dump_stack+0xd8/0x12c
01-01 05:55:53.751 0 0 I : register_lock_class+0x4d0/0x5c8
01-01 05:55:53.751 0 0 I : __lock_acquire+0xbc/0x1e58
01-01 05:55:53.751 0 0 I : lock_acquire+0x1cc/0x218
01-01 05:55:53.751 0 0 I : _raw_spin_lock_irqsave+0x54/0x98
01-01 05:55:53.751 0 0 I : ion_system_secure_heap_prefetch_work+0x94/0x2c0
01-01 05:55:53.751 0 0 I : process_one_work+0x38c/0x660
01-01 05:55:53.751 0 0 I : worker_thread+0x268/0x4b8
01-01 05:55:53.751 0 0 I : kthread+0x140/0x150
01-01 05:55:53.751 0 0 I : ret_from_fork+0x10/0x1c
08-16 16:52:15.951 2360 2360 I PhoneFactory: Network Mode set to 33
08-16 16:52:15.951 1142 1220 I DropBoxManagerService: add tag=system_app_strictmode isTagEnabled=true flags=0x2
08-16 16:52:15.951 2360 2360 D QtiTelephonyComponentFactory: makeQtiRIL
08-16 16:52:15.952 2360 2360 D RILJ : RIL: init allowedNetworkTypes=916479 cdmaSubscription=0) [PHONEnull]
08-16 16:52:15.953 2360 2360 D RILJ : Radio HAL version: -1.-1 [PHONE1]
08-16 16:52:15.953 2360 2360 D QTIRILJ : QtiRIL
08-16 16:52:15.956 1142 1220 I DropBoxManagerService: add tag=system_app_strictmode isTagEnabled=true flags=0x2
01-01 05:55:53.760 0 0 E : INFO: trying to register non-static key.
01-01 05:55:53.766 0 0 E : the code is fine but needs lockdep annotation.
01-01 05:55:53.771 0 0 I : CPU: 7 PID: 8 Comm: kworker/u16:0 Tainted: G S W O 4.19.157+ #1
01-01 05:55:53.771 0 0 I Hardware name: Qualcomm Technologies, Inc. kona MTP-RmPM8150b (DT)
01-01 05:55:53.771 0 0 I Workqueue: events_unbound ion_system_secure_heap_prefetch_work
01-01 05:55:53.771 0 0 I Call trace:
01-01 05:55:53.771 0 0 I : dump_backtrace+0x0/0x258
01-01 05:55:53.771 0 0 I : show_stack+0x20/0x30
01-01 05:55:53.771 0 0 I : dump_stack+0xd8/0x12c
01-01 05:55:53.771 0 0 I : register_lock_class+0x4d0/0x5c8
01-01 05:55:53.771 0 0 I : __lock_acquire+0xbc/0x1e58
01-01 05:55:53.771 0 0 I : lock_acquire+0x1cc/0x218
01-01 05:55:53.771 0 0 I : _raw_spin_lock_irqsave+0x54/0x98
01-01 05:55:53.771 0 0 I : ion_system_secure_heap_prefetch_work+0x94/0x2c0
01-01 05:55:53.771 0 0 I : process_one_work+0x38c/0x660
01-01 05:55:53.771 0 0 I : worker_thread+0x268/0x4b8
01-01 05:55:53.771 0 0 I : kthread+0x140/0x150
01-01 05:55:53.771 0 0 I : ret_from_fork+0x10/0x1c
08-16 16:52:15.963 2360 2360 D UiccController: Creating UiccController
08-16 16:52:15.963 2360 2360 D UiccController: config_num_physical_slots = 2
08-16 16:52:15.968 1142 1220 I DropBoxManagerService: add tag=system_app_strictmode isTagEnabled=true flags=0x2
08-16 16:52:15.975 1142 1220 I DropBoxManagerService: add tag=system_app_strictmode isTagEnabled=true flags=0x2
01-01 05:55:53.781 0 0 E : INFO: trying to register non-static key.
01-01 05:55:53.786 0 0 E : the code is fine but needs lockdep annotation.
01-01 05:55:53.792 0 0 I : CPU: 7 PID: 8 Comm: kworker/u16:0 Tainted: G S W O 4.19.157+ #1
01-01 05:55:53.792 0 0 I Hardware name: Qualcomm Technologies, Inc. kona MTP-RmPM8150b (DT)
01-01 05:55:53.792 0 0 I Workqueue: events_unbound ion_system_secure_heap_prefetch_work
01-01 05:55:53.792 0 0 I Call trace:
01-01 05:55:53.792 0 0 I : dump_backtrace+0x0/0x258
01-01 05:55:53.792 0 0 I : show_stack+0x20/0x30
01-01 05:55:53.792 0 0 I : dump_stack+0xd8/0x12c
01-01 05:55:53.792 0 0 I : register_lock_class+0x4d0/0x5c8
01-01 05:55:53.792 0 0 I : __lock_acquire+0xbc/0x1e58
01-01 05:55:53.792 0 0 I : lock_acquire+0x1cc/0x218
01-01 05:55:53.792 0 0 I : _raw_spin_lock_irqsave+0x54/0x98
01-01 05:55:53.792 0 0 I : ion_system_secure_heap_prefetch_work+0x94/0x2c0
01-01 05:55:53.792 0 0 I : process_one_work+0x38c/0x660
01-01 05:55:53.792 0 0 I : worker_thread+0x268/0x4b8
01-01 05:55:53.792 0 0 I : kthread+0x140/0x150
01-01 05:55:53.792 0 0 I : ret_from_fork+0x10/0x1c
01-01 05:55:53.802 0 0 E : INFO: trying to register non-static key.
01-01 05:55:53.807 0 0 E : the code is fine but needs lockdep annotation.
01-01 05:55:53.812 0 0 I : CPU: 7 PID: 8 Comm: kworker/u16:0 Tainted: G S W O 4.19.157+ #1
01-01 05:55:53.812 0 0 I Hardware name: Qualcomm Technologies, Inc. kona MTP-RmPM8150b (DT)
01-01 05:55:53.812 0 0 I Workqueue: events_unbound ion_system_secure_heap_prefetch_work
01-01 05:55:53.812 0 0 I Call trace:
01-01 05:55:53.812 0 0 I : dump_backtrace+0x0/0x258
01-01 05:55:53.812 0 0 I : show_stack+0x20/0x30
01-01 05:55:53.812 0 0 I : dump_stack+0xd8/0x12c
01-01 05:55:53.812 0 0 I : register_lock_class+0x4d0/0x5c8
01-01 05:55:53.812 0 0 I : __lock_acquire+0xbc/0x1e58
01-01 05:55:53.812 0 0 I : lock_acquire+0x1cc/0x218
01-01 05:55:53.812 0 0 I : _raw_spin_lock_irqsave+0x54/0x98
01-01 05:55:53.812 0 0 I : ion_system_secure_heap_prefetch_work+0x94/0x2c0
01-01 05:55:53.812 0 0 I : process_one_work+0x38c/0x660
01-01 05:55:53.812 0 0 I : worker_thread+0x268/0x4b8
01-01 05:55:53.812 0 0 I : kthread+0x140/0x150
01-01 05:55:53.812 0 0 I : ret_from_fork+0x10/0x1c
08-16 16:52:16.022 2360 2360 D PinStorage: KeyStore: alias PinStorage_longTerm_always_key exists
08-16 16:52:16.022 2360 2360 D PinStorage: onDeviceReady
08-16 16:52:16.024 2360 2360 D PinStorage: KeyStore: alias PinStorage_shortTerm_key does not exist - Nothing to do
01-01 05:55:53.821 0 0 E : INFO: trying to register non-static key.
01-01 05:55:53.826 0 0 E : the code is fine but needs lockdep annotation.
01-01 05:55:53.832 0 0 I : CPU: 7 PID: 8 Comm: kworker/u16:0 Tainted: G S W O 4.19.157+ #1
01-01 05:55:53.832 0 0 I Hardware name: Qualcomm Technologies, Inc. kona MTP-RmPM8150b (DT)
01-01 05:55:53.832 0 0 I Workqueue: events_unbound ion_system_secure_heap_prefetch_work
01-01 05:55:53.832 0 0 I Call trace:
01-01 05:55:53.832 0 0 I : dump_backtrace+0x0/0x258
01-01 05:55:53.832 0 0 I : show_stack+0x20/0x30
01-01 05:55:53.832 0 0 I : dump_stack+0xd8/0x12c
01-01 05:55:53.832 0 0 I : register_lock_class+0x4d0/0x5c8
01-01 05:55:53.832 0 0 I : __lock_acquire+0xbc/0x1e58
01-01 05:55:53.832 0 0 I : lock_acquire+0x1cc/0x218
01-01 05:55:53.832 0 0 I : _raw_spin_lock_irqsave+0x54/0x98
01-01 05:55:53.832 0 0 I : ion_system_secure_heap_prefetch_work+0x94/0x2c0
01-01 05:55:53.832 0 0 I : process_one_work+0x38c/0x660
01-01 05:55:53.832 0 0 I : worker_thread+0x268/0x4b8
01-01 05:55:53.832 0 0 I : kthread+0x140/0x150
01-01 05:55:53.832 0 0 I : ret_from_fork+0x10/0x1c
08-16 16:52:16.037 2360 2360 I PhoneFactory: Creating SubscriptionController
08-16 16:52:16.037 2360 2360 D QtiTelephonyComponentFactory: initSubscriptionController
01-01 05:55:53.841 0 0 E : INFO: trying to register non-static key.
01-01 05:55:53.846 0 0 E : the code is fine but needs lockdep annotation.
01-01 05:55:53.852 0 0 I : CPU: 7 PID: 8 Comm: kworker/u16:0 Tainted: G S W O 4.19.157+ #1
01-01 05:55:53.852 0 0 I Hardware name: Qualcomm Technologies, Inc. kona MTP-RmPM8150b (DT)
01-01 05:55:53.852 0 0 I Workqueue: events_unbound ion_system_secure_heap_prefetch_work
01-01 05:55:53.852 0 0 I Call trace:
01-01 05:55:53.852 0 0 I : dump_backtrace+0x0/0x258
01-01 05:55:53.852 0 0 I : show_stack+0x20/0x30
01-01 05:55:53.852 0 0 I : dump_stack+0xd8/0x12c
01-01 05:55:53.852 0 0 I : register_lock_class+0x4d0/0x5c8
01-01 05:55:53.852 0 0 I : __lock_acquire+0xbc/0x1e58
01-01 05:55:53.852 0 0 I : lock_acquire+0x1cc/0x218
01-01 05:55:53.852 0 0 I : _raw_spin_lock_irqsave+0x54/0x98
01-01 05:55:53.852 0 0 I : ion_system_secure_heap_prefetch_work+0x94/0x2c0
01-01 05:55:53.852 0 0 I : process_one_work+0x38c/0x660
01-01 05:55:53.852 0 0 I : worker_thread+0x268/0x4b8
01-01 05:55:53.852 0 0 I : kthread+0x140/0x150
01-01 05:55:53.852 0 0 I : ret_from_fork+0x10/0x1c
01-01 05:55:53.853 0 0 I [kworke][0x51c33080][16:52:16.048730] wlan: [278:I:DP] Peer pool init
01-01 05:55:53.854 0 0 W [kworke][0x51c35203][16:52:16.049177] wlan: [278:W:DP] dp_rx_pdev_mon_attach: pdev attach id=0
01-01 05:55:53.861 0 0 E : INFO: trying to register non-static key.
01-01 05:55:53.866 0 0 E : the code is fine but needs lockdep annotation.
01-01 05:55:53.872 0 0 I : CPU: 7 PID: 8 Comm: kworker/u16:0 Tainted: G S W O 4.19.157+ #1
01-01 05:55:53.872 0 0 I Hardware name: Qualcomm Technologies, Inc. kona MTP-RmPM8150b (DT)
01-01 05:55:53.872 0 0 I Workqueue: events_unbound ion_system_secure_heap_prefetch_work
01-01 05:55:53.872 0 0 I Call trace:
01-01 05:55:53.872 0 0 I : dump_backtrace+0x0/0x258
01-01 05:55:53.872 0 0 I : show_stack+0x20/0x30
01-01 05:55:53.872 0 0 I : dump_stack+0xd8/0x12c
01-01 05:55:53.872 0 0 I : register_lock_class+0x4d0/0x5c8
01-01 05:55:53.872 0 0 I : __lock_acquire+0xbc/0x1e58
01-01 05:55:53.872 0 0 I : lock_acquire+0x1cc/0x218
01-01 05:55:53.872 0 0 I : _raw_spin_lock_irqsave+0x54/0x98
01-01 05:55:53.872 0 0 I : ion_system_secure_heap_prefetch_work+0x94/0x2c0
01-01 05:55:53.872 0 0 I : process_one_work+0x38c/0x660
01-01 05:55:53.872 0 0 I : worker_thread+0x268/0x4b8
01-01 05:55:53.872 0 0 I : kthread+0x140/0x150
01-01 05:55:53.872 0 0 I : ret_from_fork+0x10/0x1c
01-01 05:55:53.881 0 0 E : INFO: trying to register non-static key.
01-01 05:55:53.886 0 0 E : the code is fine but needs lockdep annotation.
01-01 05:55:53.892 0 0 I : CPU: 7 PID: 8 Comm: kworker/u16:0 Tainted: G S W O 4.19.157+ #1
01-01 05:55:53.892 0 0 I Hardware name: Qualcomm Technologies, Inc. kona MTP-RmPM8150b (DT)
01-01 05:55:53.892 0 0 I Workqueue: events_unbound ion_system_secure_heap_prefetch_work
01-01 05:55:53.892 0 0 I Call trace:
01-01 05:55:53.892 0 0 I : dump_backtrace+0x0/0x258
01-01 05:55:53.892 0 0 I : show_stack+0x20/0x30
01-01 05:55:53.892 0 0 I : dump_stack+0xd8/0x12c
01-01 05:55:53.892 0 0 I : register_lock_class+0x4d0/0x5c8
01-01 05:55:53.892 0 0 I : __lock_acquire+0xbc/0x1e58
01-01 05:55:53.892 0 0 I : lock_acquire+0x1cc/0x218
01-01 05:55:53.892 0 0 I : _raw_spin_lock_irqsave+0x54/0x98
01-01 05:55:53.892 0 0 I : ion_system_secure_heap_prefetch_work+0x94/0x2c0
01-01 05:55:53.892 0 0 I : process_one_work+0x38c/0x660
01-01 05:55:53.892 0 0 I : worker_thread+0x268/0x4b8
01-01 05:55:53.892 0 0 I : kthread+0x140/0x150
01-01 05:55:53.892 0 0 I : ret_from_fork+0x10/0x1c
08-16 16:52:16.092 2360 2360 D SubscriptionController: [SubscriptionController] init by Context
08-16 16:52:16.097 1142 1984 D CompatibilityChangeReporter: Compat change id reported: 124107808; UID 1001; state: ENABLED
08-16 16:52:16.104 2360 2360 D QtiSubscriptionController: init by Context
08-16 16:52:16.105 2360 2360 I TelephonyComponentFactory: initMultiSimSettingController
01-01 05:55:53.900 0 0 E : INFO: trying to register non-static key.
01-01 05:55:53.905 0 0 I binder : 2525:2525 ioctl 40046210 7fe0a4c4c4 returned -22
01-01 05:55:53.905 0 0 E : the code is fine but needs lockdep annotation.
01-01 05:55:53.905 0 0 I : CPU: 7 PID: 8 Comm: kworker/u16:0 Tainted: G S W O 4.19.157+ #1
01-01 05:55:53.905 0 0 I Hardware name: Qualcomm Technologies, Inc. kona MTP-RmPM8150b (DT)
01-01 05:55:53.905 0 0 I Workqueue: events_unbound ion_system_secure_heap_prefetch_work
01-01 05:55:53.911 0 0 I Call trace:
01-01 05:55:53.911 0 0 I : dump_backtrace+0x0/0x258
01-01 05:55:53.911 0 0 I : show_stack+0x20/0x30
01-01 05:55:53.911 0 0 I : dump_stack+0xd8/0x12c
01-01 05:55:53.911 0 0 I : register_lock_class+0x4d0/0x5c8
01-01 05:55:53.911 0 0 I : __lock_acquire+0xbc/0x1e58
01-01 05:55:53.911 0 0 I : lock_acquire+0x1cc/0x218
01-01 05:55:53.911 0 0 I : _raw_spin_lock_irqsave+0x54/0x98
01-01 05:55:53.911 0 0 I : ion_system_secure_heap_prefetch_work+0x94/0x2c0
01-01 05:55:53.911 0 0 I : process_one_work+0x38c/0x660
01-01 05:55:53.911 0 0 I : worker_thread+0x268/0x4b8
01-01 05:55:53.911 0 0 I : kthread+0x140/0x150
01-01 05:55:53.911 0 0 I : ret_from_fork+0x10/0x1c
08-16 16:52:16.108 2360 2360 D QtiTelephonyComponentFactory: makePhone
08-16 16:52:16.109 2360 2360 D TelephonyTester: register for intent action=com.qualcomm.qti.internal.telephony.action_detached
08-16 16:52:16.109 2360 2360 D TelephonyTester: register for intent action=com.qualcomm.qti.internal.telephony.action_attached
08-16 16:52:16.109 2360 2360 D TelephonyTester: register for intent action=com.android.internal.telephony.TestServiceState
08-16 16:52:16.110 2360 2360 D TelephonyTester: register for intent action=com.android.internal.telephony.TestChangeNumber
08-16 16:52:16.113 2360 2360 D Phone : mDoesRilSendMultipleCallRing=false
08-16 16:52:16.113 2360 2360 D Phone : mCallRingDelay=3000
08-16 16:52:16.113 2360 2360 D TelephonyComponentFactory: makeSmsStorageMonitor
08-16 16:52:16.115 2360 2360 D TelephonyComponentFactory: makeSmsUsageMonitor
08-16 16:52:16.123 2360 2360 D TelephonyComponentFactory: makeGsmCdmaCallTracker
01-01 05:55:53.920 0 0 E : INFO: trying to register non-static key.
01-01 05:55:53.925 0 0 E : the code is fine but needs lockdep annotation.
01-01 05:55:53.931 0 0 I : CPU: 7 PID: 8 Comm: kworker/u16:0 Tainted: G S W O 4.19.157+ #1
01-01 05:55:53.931 0 0 I Hardware name: Qualcomm Technologies, Inc. kona MTP-RmPM8150b (DT)
01-01 05:55:53.931 0 0 I Workqueue: events_unbound ion_system_secure_heap_prefetch_work
01-01 05:55:53.931 0 0 I Call trace:
01-01 05:55:53.931 0 0 I : dump_backtrace+0x0/0x258
01-01 05:55:53.931 0 0 I : show_stack+0x20/0x30
01-01 05:55:53.931 0 0 I : dump_stack+0xd8/0x12c
01-01 05:55:53.931 0 0 I : register_lock_class+0x4d0/0x5c8
01-01 05:55:53.931 0 0 I : __lock_acquire+0xbc/0x1e58
01-01 05:55:53.931 0 0 I : lock_acquire+0x1cc/0x218
01-01 05:55:53.931 0 0 I : _raw_spin_lock_irqsave+0x54/0x98
01-01 05:55:53.931 0 0 I : ion_system_secure_heap_prefetch_work+0x94/0x2c0
01-01 05:55:53.931 0 0 I : process_one_work+0x38c/0x660
01-01 05:55:53.931 0 0 I : worker_thread+0x268/0x4b8
01-01 05:55:53.931 0 0 I : kthread+0x140/0x150
01-01 05:55:53.931 0 0 I : ret_from_fork+0x10/0x1c
