08-16 16:52:24.539 2360 2360 D TelephonyNetworkFactory[0]: got request NetworkRequest [ REQUEST id=42, [ Capabilities: INTERNET&NOT_RESTRICTED&TRUSTED&NOT_VCN_MANAGED Uid: 1001 RequestorUid: 1001 RequestorPkg: com.qti.dpmserviceapp] ]
08-16 16:52:24.539 2360 2360 D TelephonyNetworkFactory[1]: got request NetworkRequest [ REQUEST id=42, [ Capabilities: INTERNET&NOT_RESTRICTED&TRUSTED&NOT_VCN_MANAGED Uid: 1001 RequestorUid: 1001 RequestorPkg: com.qti.dpmserviceapp] ]
08-16 16:52:24.539 2360 2360 D TelephonyNetworkFactory[0]: onNeedNetworkFor NetworkRequest [ REQUEST id=42, [ Capabilities: INTERNET&NOT_RESTRICTED&TRUSTED&NOT_VCN_MANAGED Uid: 1001 RequestorUid: 1001 RequestorPkg: com.qti.dpmserviceapp] ] shouldApply false
08-16 16:52:24.539 2360 2360 D TelephonyNetworkFactory[1]: onNeedNetworkFor NetworkRequest [ REQUEST id=42, [ Capabilities: INTERNET&NOT_RESTRICTED&TRUSTED&NOT_VCN_MANAGED Uid: 1001 RequestorUid: 1001 RequestorPkg: com.qti.dpmserviceapp] ] shouldApply false
08-16 16:52:24.546 1142 1243 I ActivityManager: Start proc 3694:android.process.media/u0a28 for content provider {com.android.providers.downloads/com.android.providers.downloads.DownloadProvider}
01-01 05:56:02.364 0 0 I binder : 3686:3686 ioctl 40046210 ffc90358 returned -22
08-16 16:52:24.567 1142 2775 D CompatibilityChangeReporter: Compat change id reported: 168419799; UID 10157; state: DISABLED
08-16 16:52:24.581 3035 3035 W ContextImpl: Calling a method in the system process without a qualified user: android.app.ContextImpl.startService:1816 android.content.ContextWrapper.startService:774 android.content.ContextWrapper.startService:774 com.qualcomm.qti.services.secureui.BootReceiver.onReceive:30 android.app.ActivityThread.handleReceiver:4309
01-01 05:56:02.411 0 0 I binder : 3035:3721 ioctl 40046210 773d917164 returned -22
08-16 16:52:24.613 1142 2775 D CompatibilityChangeReporter: Compat change id reported: 168419799; UID 10123; state: DISABLED
01-01 05:56:02.427 0 0 I binder : 3694:3694 ioctl 40046210 7fe0a4c4c4 returned -22
08-16 16:52:24.634 1142 2497 D CompatibilityChangeReporter: Compat change id reported: 168419799; UID 10028; state: DISABLED
08-16 16:52:24.659 1142 1142 D CompanionDeviceManagerService: onDeviceConnected(address = 00:58:76:20:46:3D)
08-16 16:52:24.659 1142 1142 I CompanionDeviceManagerService: onDeviceNearby(justAppeared, address = 00:58:76:20:46:3D)
08-16 16:52:24.677 1142 2775 D CompatibilityChangeReporter: Compat change id reported: 135634846; UID 10082; state: DISABLED
08-16 16:52:24.677 1142 2775 D CompatibilityChangeReporter: Compat change id reported: 177438394; UID 10082; state: DISABLED
08-16 16:52:24.677 1142 2775 D CompatibilityChangeReporter: Compat change id reported: 135772972; UID 10082; state: DISABLED
08-16 16:52:24.677 1142 2775 D CompatibilityChangeReporter: Compat change id reported: 135754954; UID 10082; state: DISABLED
08-16 16:52:24.678 1142 1243 D CompatibilityChangeReporter: Compat change id reported: 143937733; UID 10082; state: DISABLED
01-01 05:56:02.488 0 0 I binder : 2947:3739 ioctl 40046210 774087c604 returned -22
08-16 16:52:24.724 1142 1243 I ActivityManager: Start proc 3748:com.android.dialer/u0a82 for broadcast {com.android.dialer/com.android.dialer.app.calllog.CallLogReceiver}
08-16 16:52:24.759 2360 2360 D SST : [0] SST.requestAllCellInfo(): not implemented
08-16 16:52:24.760 2360 2360 D LocaleTracker-0: processCellInfo: cell info=null
08-16 16:52:24.760 2360 2360 D LocaleTracker-0: updateLocale: countryIso = , countryIsoDebugInfo = radio off
08-16 16:52:24.760 2360 2360 D LocaleTracker-0: updateLocale: timeZoneCountryIso = , timeZoneCountryIsoDebugInfo = Defaulted: radio off
08-16 16:52:24.760 2360 2360 D NewNitzStateMachineImpl: handleCountryUnavailable: mLatestNitzSignal=null
08-16 16:52:24.760 2360 2360 D NewNitzStateMachineImpl: doTimeZoneDetection: countryIsoCode=null, nitzSignal=null, suggestion=TelephonyTimeZoneSuggestion{mSlotIndex=0, mZoneId='null', mMatchType=0, mQuality=0, mDebugInfo=[getTimeZoneSuggestion: nitzSignal=null, countryIsoCode=null, Detection reason=handleCountryUnavailable()]}, reason=handleCountryUnavailable()
08-16 16:52:24.760 2360 2360 D LocaleTracker-0: Can't get cell info. Try again in 8 secs.
01-01 05:56:02.590 0 0 I binder : 3748:3748 ioctl 40046210 7fe0a4c4c4 returned -22
08-16 16:52:24.795 1142 2497 D CompatibilityChangeReporter: Compat change id reported: 168419799; UID 10082; state: DISABLED
08-16 16:52:24.814 2360 2360 D SST : [1] SST.requestAllCellInfo(): not implemented
08-16 16:52:24.814 2360 2360 D LocaleTracker-1: processCellInfo: cell info=null
08-16 16:52:24.814 2360 2360 D LocaleTracker-1: updateLocale: countryIso = , countryIsoDebugInfo = radio off
08-16 16:52:24.814 2360 2360 D LocaleTracker-1: updateLocale: timeZoneCountryIso = , timeZoneCountryIsoDebugInfo = Defaulted: radio off
08-16 16:52:24.816 2360 2360 D NewNitzStateMachineImpl: handleCountryUnavailable: mLatestNitzSignal=null
08-16 16:52:24.816 2360 2360 D NewNitzStateMachineImpl: doTimeZoneDetection: countryIsoCode=null, nitzSignal=null, suggestion=TelephonyTimeZoneSuggestion{mSlotIndex=1, mZoneId='null', mMatchType=0, mQuality=0, mDebugInfo=[getTimeZoneSuggestion: nitzSignal=null, countryIsoCode=null, Detection reason=handleCountryUnavailable()]}, reason=handleCountryUnavailable()
08-16 16:52:24.817 2360 2360 D LocaleTracker-1: Can't get cell info. Try again in 8 secs.
08-16 16:52:25.119 1142 1242 W BroadcastQueue: Permission Denial: broadcasting Intent { act=android.net.conn.CONNECTIVITY_CHANGE flg=0x4200010 (has extras) } from null (pid=-1, uid=-1) requires com.tencent.mtt.broadcast due to registered receiver BroadcastFilter{248fed7 10157/u0 ReceiverList{928e56 3686 com.tencent.mtt:service/10157/u0 remote:f18c071}}
08-16 16:52:25.183 1142 1758 D CompatibilityChangeReporter: Compat change id reported: 135634846; UID 1000; state: DISABLED
08-16 16:52:25.188 1142 1758 D CompatibilityChangeReporter: Compat change id reported: 177438394; UID 1000; state: DISABLED
08-16 16:52:25.188 1142 1758 D CompatibilityChangeReporter: Compat change id reported: 135772972; UID 1000; state: DISABLED
08-16 16:52:25.189 1142 1758 D CompatibilityChangeReporter: Compat change id reported: 135754954; UID 1000; state: ENABLED
08-16 16:52:25.233 1142 1243 W ActivityManager: Slow operation: 52ms so far, now at startProcess: returned from zygote!
08-16 16:52:25.233 1142 1243 W ActivityManager: Slow operation: 52ms so far, now at startProcess: done updating battery stats
08-16 16:52:25.233 1142 1243 W ActivityManager: Slow operation: 52ms so far, now at startProcess: building log message
08-16 16:52:25.233 1142 1243 I ActivityManager: Start proc 3856:com.qti.diagservices/1000 for broadcast {com.qti.diagservices/com.qti.diagservices.Diag_OnBoot}
08-16 16:52:25.233 1142 1243 W ActivityManager: Slow operation: 52ms so far, now at startProcess: starting to update pids map
08-16 16:52:25.233 1142 1243 W ActivityManager: Slow operation: 53ms so far, now at startProcess: done updating pids map
01-01 05:56:03.115 0 0 I binder : 3856:3856 ioctl 40046210 7fe0a4c4c4 returned -22
08-16 16:52:25.453 3856 3856 W ContextImpl: Calling a method in the system process without a qualified user: android.app.ContextImpl.startService:1816 android.content.ContextWrapper.startService:774 android.content.ContextWrapper.startService:774 com.qti.diagservices.Diag_OnBoot.onReceive:40 android.app.ActivityThread.handleReceiver:4309
08-16 16:52:25.461 1142 2509 D CompatibilityChangeReporter: Compat change id reported: 135634846; UID 10117; state: DISABLED
08-16 16:52:25.461 1142 2509 D CompatibilityChangeReporter: Compat change id reported: 177438394; UID 10117; state: DISABLED
08-16 16:52:25.461 1142 2509 D CompatibilityChangeReporter: Compat change id reported: 135772972; UID 10117; state: DISABLED
08-16 16:52:25.462 1142 2509 D CompatibilityChangeReporter: Compat change id reported: 135754954; UID 10117; state: ENABLED
08-16 16:52:25.463 1142 1243 D CompatibilityChangeReporter: Compat change id reported: 143937733; UID 10117; state: ENABLED
08-16 16:52:25.522 1142 1243 W ActivityManager: Slow operation: 63ms so far, now at startProcess: returned from zygote!
08-16 16:52:25.523 1142 1243 W ActivityManager: Slow operation: 63ms so far, now at startProcess: done updating battery stats
08-16 16:52:25.523 1142 1243 W ActivityManager: Slow operation: 63ms so far, now at startProcess: building log message
08-16 16:52:25.523 1142 1243 I ActivityManager: Start proc 3880:org.codeaurora.dialer/u0a117 for broadcast {org.codeaurora.dialer/com.android.dialer.app.calllog.CallLogReceiver}
08-16 16:52:25.523 1142 1243 W ActivityManager: Slow operation: 63ms so far, now at startProcess: starting to update pids map
08-16 16:52:25.523 1142 1243 W ActivityManager: Slow operation: 63ms so far, now at startProcess: done updating pids map
01-01 05:56:03.328 0 0 D : mv2112_read_status
01-01 05:56:03.329 0 0 D mv2112_update_link: 3.0x901(1G): 0x4
01-01 05:56:03.329 0 0 D mv2112_update_link: 3.0x8109(100M): 0x8
01-01 05:56:03.329 0 0 D mv2112_update_link: link 0x4
01-01 05:56:03.329 0 0 D mv2112_read_status: autoneg is disabled
01-01 05:56:03.392 0 0 I binder : 3880:3880 ioctl 40046210 7fe0a4c4c4 returned -22
08-16 16:52:25.600 1142 2509 D CompatibilityChangeReporter: Compat change id reported: 168419799; UID 10117; state: DISABLED
08-16 16:52:25.926 1142 1142 W Looper : Slow dispatch took 427ms main h=android.app.ActivityThread$H c=android.app.LoadedApk$ReceiverDispatcher$Args$$ExternalSyntheticLambda0@7be8ef2 m=0
08-16 16:52:25.927 1142 1142 I Telecom : BluetoothStateReceiver: Device 00:58:76:20:46:3D is now the preferred BT device for HFP: BSR.oR@ACE
08-16 16:52:25.927 1142 1142 W Looper : Slow delivery took 424ms main h=android.app.ActivityThread$H c=android.app.LoadedApk$ReceiverDispatcher$Args$$ExternalSyntheticLambda0@c264bc0 m=0
08-16 16:52:25.927 1142 1142 I Telecom : BluetoothStateReceiver: Device 00:58:76:20:46:3D changed state to 2: BSR.oR@ACI
08-16 16:52:25.927 1142 2197 I Telecom : CallAudioRouteStateMachine: Message received: BT_ACTIVE_DEVICE_PRESENT=8, arg1=0: BSR.oR->CARSM.pM_BT_ACTIVE_DEVICE_PRESENT@ACE
08-16 16:52:25.928 1142 2197 I Telecom : QuiescentEarpieceRoute: Processing message BT_ACTIVE_DEVICE_PRESENT: BSR.oR->CARSM.pM_BT_ACTIVE_DEVICE_PRESENT@ACE
08-16 16:52:25.928 1142 2197 I Telecom : Logging.Events: Non-call EVENT: AUDIO_ROUTE, Bluetooth active device present: BSR.oR->CARSM.pM_BT_ACTIVE_DEVICE_PRESENT@ACE
08-16 16:52:25.928 1142 2197 I Telecom : CallAudioRouteStateMachine: Message received: SWITCH_BLUETOOTH=1002, arg1=0: BSR.oR->CARSM.pM_BT_ACTIVE_DEVICE_PRESENT->CARSM.pM_SWITCH_BLUETOOTH@ACE
08-16 16:52:25.929 1142 2197 I Telecom : QuiescentEarpieceRoute: Processing message SWITCH_BLUETOOTH: BSR.oR->CARSM.pM_BT_ACTIVE_DEVICE_PRESENT->CARSM.pM_SWITCH_BLUETOOTH@ACE
08-16 16:52:25.929 1142 2197 W Telecom : QuiescentEarpieceRoute: Ignoring switch to bluetooth command. Not available.: BSR.oR->CARSM.pM_BT_ACTIVE_DEVICE_PRESENT->CARSM.pM_SWITCH_BLUETOOTH@ACE
08-16 16:52:25.930 1142 2191 I Telecom : BluetoothRouteManager: Message received: NEW_DEVICE_CONNECTED.: BSR.oR->BRM.pM_1@ACI
08-16 16:52:25.930 1142 2197 I Telecom : CallAudioRouteStateMachine: Message received: BLUETOOTH_DEVICE_LIST_CHANGED=7, arg1=0: BSR.oR->CARSM.pM_BLUETOOTH_DEVICE_LIST_CHANGED@ACI
08-16 16:52:25.931 1142 2197 I Telecom : QuiescentEarpieceRoute: Processing message BLUETOOTH_DEVICE_LIST_CHANGED: BSR.oR->CARSM.pM_BLUETOOTH_DEVICE_LIST_CHANGED@ACI
08-16 16:52:25.931 1142 1142 W Looper : Drained
08-16 16:52:25.931 1142 2197 I Telecom : Logging.Events: Non-call EVENT: AUDIO_ROUTE, Bluetooth device list changed: BSR.oR->CARSM.pM_BLUETOOTH_DEVICE_LIST_CHANGED@ACI
08-16 16:52:25.949 1142 1142 I Telecom : WiredHeadsetManager: ACTION_HEADSET_PLUG event, plugged in: false, : WHC.oADA@ACM
01-01 05:56:04.353 0 0 D : mv2112_read_status
01-01 05:56:04.354 0 0 D mv2112_update_link: 3.0x901(1G): 0x4
01-01 05:56:04.354 0 0 D mv2112_update_link: 3.0x8109(100M): 0x8
01-01 05:56:04.354 0 0 D mv2112_update_link: link 0x4
01-01 05:56:04.354 0 0 D mv2112_read_status: autoneg is disabled
08-16 16:52:26.564 2360 2398 D SubscriptionController: [getSlotIndex]- subId invalid
08-16 16:52:26.565 2360 2398 D SubscriptionController: [getSlotIndex]- subId invalid
08-16 16:52:26.641 1142 1142 I Telecom : DefaultDialerCache: Refreshing default dialer for user 0: now org.codeaurora.dialer: DDC.oR@ACg
08-16 16:52:26.642 1142 1142 I Telecom : MissedCallNotifierImpl: reloadAfterBootComplete: user=0: TSBCR.oR@ACk
08-16 16:52:26.648 1142 1142 I Telecom : MissedCallNotifierImpl: reloadAfterBootComplete: user=0: TSBCR.oR@ACk
08-16 16:52:26.687 1142 2497 D CompatibilityChangeReporter: Compat change id reported: 135634846; UID 10088; state: DISABLED
08-16 16:52:26.687 1142 2497 D CompatibilityChangeReporter: Compat change id reported: 177438394; UID 10088; state: DISABLED
08-16 16:52:26.689 1142 2497 D CompatibilityChangeReporter: Compat change id reported: 135772972; UID 10088; state: DISABLED
08-16 16:52:26.690 1142 2497 D CompatibilityChangeReporter: Compat change id reported: 135754954; UID 10088; state: DISABLED
08-16 16:52:26.691 1142 1243 D CompatibilityChangeReporter: Compat change id reported: 143937733; UID 10088; state: DISABLED
08-16 16:52:26.716 2360 2360 D SipService: SipService: started!
08-16 16:52:26.733 2360 2360 D SipService: start:
08-16 16:52:26.734 1142 1243 I ActivityManager: Start proc 3936:com.android.calendar/u0a88 for broadcast {com.android.calendar/com.android.calendar.alerts.AlertReceiver}
01-01 05:56:04.589 0 0 I binder : 3936:3936 ioctl 40046210 7fe0a4c4c4 returned -22
08-16 16:52:26.793 1142 2509 D CompatibilityChangeReporter: Compat change id reported: 168419799; UID 10088; state: DISABLED
08-16 16:52:26.979 1142 2497 D CompatibilityChangeReporter: Compat change id reported: 135634846; UID 10087; state: DISABLED
08-16 16:52:26.980 1142 2497 D CompatibilityChangeReporter: Compat change id reported: 177438394; UID 10087; state: DISABLED
08-16 16:52:26.980 1142 2497 D CompatibilityChangeReporter: Compat change id reported: 135772972; UID 10087; state: DISABLED
08-16 16:52:26.981 1142 2497 D CompatibilityChangeReporter: Compat change id reported: 135754954; UID 10087; state: ENABLED
08-16 16:52:26.982 1142 1243 D CompatibilityChangeReporter: Compat change id reported: 143937733; UID 10087; state: ENABLED
08-16 16:52:27.046 1142 1243 W ActivityManager: Slow operation: 69ms so far, now at startProcess: returned from zygote!
08-16 16:52:27.046 1142 1243 W ActivityManager: Slow operation: 70ms so far, now at startProcess: done updating battery stats
08-16 16:52:27.047 1142 1243 W ActivityManager: Slow operation: 70ms so far, now at startProcess: building log message
08-16 16:52:27.047 1142 1243 I ActivityManager: Start proc 3958:com.android.camera2/u0a87 for broadcast {com.android.camera2/com.android.camera.SetActivitiesCameraReceiver}
08-16 16:52:27.047 1142 1243 W ActivityManager: Slow operation: 70ms so far, now at startProcess: starting to update pids map
08-16 16:52:27.047 1142 1243 W ActivityManager: Slow operation: 70ms so far, now at startProcess: done updating pids map
01-01 05:56:04.912 0 0 I binder : 3958:3958 ioctl 40046210 7fe0a4c4c4 returned -22
08-16 16:52:27.118 1142 2497 D CompatibilityChangeReporter: Compat change id reported: 168419799; UID 10087; state: DISABLED
08-16 16:52:27.386 1142 2509 D CompatibilityChangeReporter: Compat change id reported: 168419799; UID 10154; state: DISABLED
08-16 16:52:27.404 1142 2509 D CompatibilityChangeReporter: Compat change id reported: 135634846; UID 10081; state: DISABLED
08-16 16:52:27.404 1142 2509 D CompatibilityChangeReporter: Compat change id reported: 177438394; UID 10081; state: DISABLED
08-16 16:52:27.404 1142 2509 D CompatibilityChangeReporter: Compat change id reported: 135772972; UID 10081; state: DISABLED
08-16 16:52:27.404 1142 2509 D CompatibilityChangeReporter: Compat change id reported: 135754954; UID 10081; state: ENABLED
08-16 16:52:27.405 1142 1243 D CompatibilityChangeReporter: Compat change id reported: 143937733; UID 10081; state: ENABLED
08-16 16:52:27.464 1142 1243 W ActivityManager: Slow operation: 62ms so far, now at startProcess: returned from zygote!
08-16 16:52:27.465 1142 1243 W ActivityManager: Slow operation: 62ms so far, now at startProcess: done updating battery stats
08-16 16:52:27.465 1142 1243 W ActivityManager: Slow operation: 62ms so far, now at startProcess: building log message
08-16 16:52:27.465 1142 1243 I ActivityManager: Start proc 3978:com.android.contacts/u0a81 for broadcast {com.android.contacts/com.android.contacts.interactions.OnBootOrUpgradeReceiver}
08-16 16:52:27.465 1142 1243 W ActivityManager: Slow operation: 62ms so far, now at startProcess: starting to update pids map
08-16 16:52:27.465 1142 1243 W ActivityManager: Slow operation: 62ms so far, now at startProcess: done updating pids map
01-01 05:56:05.326 0 0 I binder : 3978:3978 ioctl 40046210 7fe0a4c4c4 returned -22
08-16 16:52:27.540 1142 2497 D CompatibilityChangeReporter: Compat change id reported: 168419799; UID 10081; state: DISABLED
01-01 05:56:05.376 0 0 D : mv2112_read_status
01-01 05:56:05.377 0 0 D mv2112_update_link: 3.0x901(1G): 0x4
01-01 05:56:05.377 0 0 D mv2112_update_link: 3.0x8109(100M): 0x8
01-01 05:56:05.377 0 0 D mv2112_update_link: link 0x4
01-01 05:56:05.377 0 0 D mv2112_read_status: autoneg is disabled
08-16 16:52:27.861 1142 1171 D CompatibilityChangeReporter: Compat change id reported: 168419799; UID 10092; state: DISABLED
08-16 16:52:27.988 1142 1171 D CompatibilityChangeReporter: Compat change id reported: 135634846; UID 1000; state: DISABLED
08-16 16:52:27.988 1142 1171 D CompatibilityChangeReporter: Compat change id reported: 177438394; UID 1000; state: DISABLED
08-16 16:52:27.989 1142 1171 D CompatibilityChangeReporter: Compat change id reported: 135772972; UID 1000; state: DISABLED
08-16 16:52:27.989 1142 1171 D CompatibilityChangeReporter: Compat change id reported: 135754954; UID 1000; state: ENABLED
08-16 16:52:28.047 1142 1243 W ActivityManager: Slow operation: 60ms so far, now at startProcess: returned from zygote!
08-16 16:52:28.047 1142 1243 W ActivityManager: Slow operation: 61ms so far, now at startProcess: done updating battery stats
08-16 16:52:28.047 1142 1243 W ActivityManager: Slow operation: 61ms so far, now at startProcess: building log message
08-16 16:52:28.047 1142 1243 I ActivityManager: Start proc 4008:com.android.dynsystem/1000 for broadcast {com.android.dynsystem/com.android.dynsystem.BootCompletedReceiver}
08-16 16:52:28.048 1142 1243 W ActivityManager: Slow operation: 61ms so far, now at startProcess: starting to update pids map
08-16 16:52:28.048 1142 1243 W ActivityManager: Slow operation: 61ms so far, now at startProcess: done updating pids map
01-01 05:56:05.919 0 0 I binder : 4008:4008 ioctl 40046210 7fe0a4c4c4 returned -22
08-16 16:52:28.138 1142 2497 D CompatibilityChangeReporter: Compat change id reported: 168419799; UID 1000; state: DISABLED
08-16 16:52:28.154 1142 1142 I Telecom : WiredHeadsetManager: ACTION_HEADSET_PLUG event, plugged in: false, : WHC.oADA@AC8
08-16 16:52:28.280 1142 1171 D CompatibilityChangeReporter: Compat change id reported: 135634846; UID 1000; state: DISABLED
08-16 16:52:28.280 1142 1171 D CompatibilityChangeReporter: Compat change id reported: 177438394; UID 1000; state: DISABLED
08-16 16:52:28.280 1142 1171 D CompatibilityChangeReporter: Compat change id reported: 135772972; UID 1000; state: DISABLED
08-16 16:52:28.281 1142 1171 D CompatibilityChangeReporter: Compat change id reported: 135754954; UID 1000; state: ENABLED
01-01 05:56:06.088 0 0 I init : starting service 'vendor.light-hal-2-0'...
08-16 16:52:28.290 1142 1171 D CompatibilityChangeReporter: Compat change id reported: 135634846; UID 10080; state: DISABLED
08-16 16:52:28.290 1142 1171 D CompatibilityChangeReporter: Compat change id reported: 177438394; UID 10080; state: DISABLED
08-16 16:52:28.290 1142 1171 D CompatibilityChangeReporter: Compat change id reported: 135772972; UID 10080; state: DISABLED
08-16 16:52:28.291 1142 1171 D CompatibilityChangeReporter: Compat change id reported: 135754954; UID 10080; state: ENABLED
08-16 16:52:28.329 1142 1243 W ActivityManager: Slow operation: 51ms so far, now at startProcess: returned from zygote!
08-16 16:52:28.330 1142 1243 W ActivityManager: Slow operation: 51ms so far, now at startProcess: done updating battery stats
08-16 16:52:28.330 1142 1243 W ActivityManager: Slow operation: 51ms so far, now at startProcess: building log message
08-16 16:52:28.330 1142 1243 I ActivityManager: Start proc 4036:com.android.dynsystem:dynsystem/1000 for service {com.android.dynsystem/com.android.dynsystem.DynamicSystemInstallationService}
08-16 16:52:28.330 1142 1243 W ActivityManager: Slow operation: 51ms so far, now at startProcess: starting to update pids map
08-16 16:52:28.330 1142 1243 W ActivityManager: Slow operation: 51ms so far, now at startProcess: done updating pids map
08-16 16:52:28.330 1142 1243 D CompatibilityChangeReporter: Compat change id reported: 143937733; UID 10080; state: ENABLED
01-01 05:56:06.157 0 0 I init : starting service 'qvrd_vndr'...
01-01 05:56:06.163 0 0 I init : Created socket '/dev/socket/qvrservice_vndr', mode 660, user 1000, group 1000
01-01 05:56:06.169 0 0 I init : Created socket '/dev/socket/qvrservice_vndr_camera', mode 660, user 1000, group 1000
08-16 16:52:28.367 1142 1243 W ActivityManager: Slow operation: 78ms so far, now at startProcess: returned from zygote!
08-16 16:52:28.368 1142 1243 W ActivityManager: Slow operation: 79ms so far, now at startProcess: done updating battery stats
08-16 16:52:28.368 1142 1243 W ActivityManager: Slow operation: 79ms so far, now at startProcess: building log message
08-16 16:52:28.368 1142 1243 I ActivityManager: Start proc 4043:com.android.imsserviceentitlement/u0a80 for broadcast {com.android.imsserviceentitlement/com.android.imsserviceentitlement.fcm.FcmRegistrationReceiver}
08-16 16:52:28.368 1142 1243 W ActivityManager: Slow operation: 79ms so far, now at startProcess: starting to update pids map
08-16 16:52:28.368 1142 1243 W ActivityManager: Slow operation: 79ms so far, now at startProcess: done updating pids map
01-01 05:56:06.190 0 0 I init : starting service 'sxrd'...
01-01 05:56:06.198 0 0 I binder : 4036:4036 ioctl 40046210 7fe0a4c4c4 returned -22
01-01 05:56:06.204 0 0 I init : Service 'vendor.light-hal-2-0' (pid 4035) exited with status 0
01-01 05:56:06.204 0 0 I init : Sending signal 9 to service 'vendor.light-hal-2-0' (pid 4035) process group...
08-16 16:52:28.410 4049 4049 F linker : CANNOT LINK EXECUTABLE "/vendor/bin/hw/qvrservice": library "vendor.qti.hardware.qxr-V1-ndk_platform.so" not found: needed by /vendor/lib64/libqvrservice.so in namespace (default)
01-01 05:56:06.217 0 0 I binder : 4043:4043 ioctl 40046210 7fe0a4c4c4 returned -22
08-16 16:52:28.419 1142 2775 D CompatibilityChangeReporter: Compat change id reported: 168419799; UID 10080; state: DISABLED
08-16 16:52:28.424 4051 4051 F linker : CANNOT LINK EXECUTABLE "/vendor/bin/hw/sxrservice": library "vendor.qti.hardware.qxr-V1-ndk_platform.so" not found: needed by main executable
08-16 16:52:28.510 1142 1171 I DynamicSystemService: isInstalled(): false
01-01 05:56:06.401 0 0 D : mv2112_read_status
01-01 05:56:06.401 0 0 D mv2112_update_link: 3.0x901(1G): 0x4
01-01 05:56:06.402 0 0 D mv2112_update_link: 3.0x8109(100M): 0x8
01-01 05:56:06.402 0 0 D mv2112_update_link: link 0x4
01-01 05:56:06.402 0 0 D mv2112_read_status: autoneg is disabled
08-16 16:52:28.610 2360 2360 D TelephonyNetworkFactory[0]: got request NetworkRequest [ REQUEST id=45, [ Capabilities: INTERNET&NOT_RESTRICTED&TRUSTED&NOT_VCN_MANAGED Uid: 10080 RequestorUid: 1000 RequestorPkg: android] ]
08-16 16:52:28.611 2360 2360 D TelephonyNetworkFactory[0]: onNeedNetworkFor NetworkRequest [ REQUEST id=45, [ Capabilities: INTERNET&NOT_RESTRICTED&TRUSTED&NOT_VCN_MANAGED Uid: 10080 RequestorUid: 1000 RequestorPkg: android] ] shouldApply false
08-16 16:52:28.611 2360 2360 D TelephonyNetworkFactory[1]: got request NetworkRequest [ REQUEST id=45, [ Capabilities: INTERNET&NOT_RESTRICTED&TRUSTED&NOT_VCN_MANAGED Uid: 10080 RequestorUid: 1000 RequestorPkg: android] ]
08-16 16:52:28.612 2360 2360 D TelephonyNetworkFactory[1]: onNeedNetworkFor NetworkRequest [ REQUEST id=45, [ Capabilities: INTERNET&NOT_RESTRICTED&TRUSTED&NOT_VCN_MANAGED Uid: 10080 RequestorUid: 1000 RequestorPkg: android] ] shouldApply false
08-16 16:52:28.629 1142 2775 I ActivityManager: com.android.managedprovisioning is exempt from freezer
08-16 16:52:28.629 1142 2775 D CompatibilityChangeReporter: Compat change id reported: 135634846; UID 10045; state: DISABLED
08-16 16:52:28.629 1142 2775 D CompatibilityChangeReporter: Compat change id reported: 177438394; UID 10045; state: DISABLED
08-16 16:52:28.629 1142 2775 D CompatibilityChangeReporter: Compat change id reported: 135772972; UID 10045; state: DISABLED
08-16 16:52:28.630 1142 2775 D CompatibilityChangeReporter: Compat change id reported: 135754954; UID 10045; state: ENABLED
08-16 16:52:28.630 1142 1243 D CompatibilityChangeReporter: Compat change id reported: 143937733; UID 10045; state: ENABLED
08-16 16:52:28.689 1142 1243 W ActivityManager: Slow operation: 61ms so far, now at startProcess: returned from zygote!
08-16 16:52:28.690 1142 1243 W ActivityManager: Slow operation: 61ms so far, now at startProcess: done updating battery stats
08-16 16:52:28.690 1142 1243 W ActivityManager: Slow operation: 61ms so far, now at startProcess: building log message
08-16 16:52:28.690 1142 1243 I ActivityManager: Start proc 4073:com.android.managedprovisioning/u0a45 for broadcast {com.android.managedprovisioning/com.android.managedprovisioning.BootReminder}
08-16 16:52:28.690 1142 1243 W ActivityManager: Slow operation: 61ms so far, now at startProcess: starting to update pids map
08-16 16:52:28.690 1142 1243 W ActivityManager: Slow operation: 61ms so far, now at startProcess: done updating pids map
01-01 05:56:06.570 0 0 I binder : 4073:4073 ioctl 40046210 7fe0a4c4c4 returned -22
08-16 16:52:28.774 1142 2775 D CompatibilityChangeReporter: Compat change id reported: 168419799; UID 10045; state: DISABLED
08-16 16:52:28.976 1142 2775 D CompatibilityChangeReporter: Compat change id reported: 135634846; UID 10120; state: DISABLED
08-16 16:52:28.977 1142 2775 D CompatibilityChangeReporter: Compat change id reported: 177438394; UID 10120; state: DISABLED
08-16 16:52:28.977 1142 2775 D CompatibilityChangeReporter: Compat change id reported: 135772972; UID 10120; state: DISABLED
08-16 16:52:28.977 1142 2775 D CompatibilityChangeReporter: Compat change id reported: 135754954; UID 10120; state: ENABLED
08-16 16:52:28.978 1142 1243 D CompatibilityChangeReporter: Compat change id reported: 143937733; UID 10120; state: ENABLED
08-16 16:52:29.022 1142 1243 I ActivityManager: Start proc 4090:com.android.mms/u0a120 for broadcast {com.android.mms/com.android.mms.transaction.SmsReceiver}
01-01 05:56:06.895 0 0 I binder : 4090:4090 ioctl 40046210 7fe0a4c4c4 returned -22
08-16 16:52:29.101 1142 2775 D CompatibilityChangeReporter: Compat change id reported: 168419799; UID 10120; state: DISABLED
08-16 16:52:29.416 1142 1758 D CompatibilityChangeReporter: Compat change id reported: 168419799; UID 10028; state: DISABLED
08-16 16:52:29.432 1142 2497 D CompatibilityChangeReporter: Compat change id reported: 168419799; UID 1027; state: DISABLED
08-16 16:52:29.439 1142 1758 D CompatibilityChangeReporter: Compat change id reported: 135634846; UID 10077; state: DISABLED
08-16 16:52:29.439 1142 1758 D CompatibilityChangeReporter: Compat change id reported: 177438394; UID 10077; state: DISABLED
08-16 16:52:29.439 1142 1758 D CompatibilityChangeReporter: Compat change id reported: 135772972; UID 10077; state: DISABLED
08-16 16:52:29.439 1142 1758 D CompatibilityChangeReporter: Compat change id reported: 135754954; UID 10077; state: ENABLED
08-16 16:52:29.440 1142 1243 D CompatibilityChangeReporter: Compat change id reported: 143937733; UID 10077; state: ENABLED
08-16 16:52:29.496 1142 1243 W ActivityManager: Slow operation: 58ms so far, now at startProcess: returned from zygote!
08-16 16:52:29.496 1142 1243 W ActivityManager: Slow operation: 58ms so far, now at startProcess: done updating battery stats
08-16 16:52:29.496 1142 1243 W ActivityManager: Slow operation: 58ms so far, now at startProcess: building log message
08-16 16:52:29.496 1142 1243 I ActivityManager: Start proc 4123:com.android.onetimeinitializer/u0a77 for broadcast {com.android.onetimeinitializer/com.android.onetimeinitializer.OneTimeInitializerReceiver}
08-16 16:52:29.496 1142 1243 W ActivityManager: Slow operation: 59ms so far, now at startProcess: starting to update pids map
08-16 16:52:29.496 1142 1243 W ActivityManager: Slow operation: 59ms so far, now at startProcess: done updating pids map
01-01 05:56:07.360 0 0 I binder : 4123:4123 ioctl 40046210 7fe0a4c4c4 returned -22
08-16 16:52:29.563 1142 1758 D CompatibilityChangeReporter: Compat change id reported: 168419799; UID 10077; state: DISABLED
01-01 05:56:07.425 0 0 D : mv2112_read_status
01-01 05:56:07.425 0 0 D mv2112_update_link: 3.0x901(1G): 0x4
01-01 05:56:07.425 0 0 D mv2112_update_link: 3.0x8109(100M): 0x8
01-01 05:56:07.426 0 0 D mv2112_update_link: link 0x4
01-01 05:56:07.426 0 0 D mv2112_read_status: autoneg is disabled
08-16 16:52:29.690 1142 2768 I ActivityManager: com.android.packageinstaller is exempt from freezer
08-16 16:52:29.690 1142 2768 D CompatibilityChangeReporter: Compat change id reported: 135634846; UID 10033; state: DISABLED
08-16 16:52:29.690 1142 2768 D CompatibilityChangeReporter: Compat change id reported: 177438394; UID 10033; state: DISABLED
08-16 16:52:29.691 1142 2768 D CompatibilityChangeReporter: Compat change id reported: 135772972; UID 10033; state: DISABLED
08-16 16:52:29.691 1142 2768 D CompatibilityChangeReporter: Compat change id reported: 135754954; UID 10033; state: ENABLED
08-16 16:52:29.692 1142 1243 D CompatibilityChangeReporter: Compat change id reported: 143937733; UID 10033; state: ENABLED
08-16 16:52:29.747 1142 1243 W ActivityManager: Slow operation: 58ms so far, now at startProcess: returned from zygote!
08-16 16:52:29.748 1142 1243 W ActivityManager: Slow operation: 58ms so far, now at startProcess: done updating battery stats
08-16 16:52:29.748 1142 1243 W ActivityManager: Slow operation: 58ms so far, now at startProcess: building log message
08-16 16:52:29.748 1142 1243 I ActivityManager: Start proc 4147:com.android.packageinstaller/u0a33 for broadcast {com.android.packageinstaller/com.android.packageinstaller.TemporaryFileManager}
08-16 16:52:29.748 1142 1243 W ActivityManager: Slow operation: 58ms so far, now at startProcess: starting to update pids map
08-16 16:52:29.748 1142 1243 W ActivityManager: Slow operation: 58ms so far, now at startProcess: done updating pids map
01-01 05:56:07.622 0 0 I binder : 4147:4147 ioctl 40046210 7fe0a4c4c4 returned -22
08-16 16:52:29.832 1142 2768 D CompatibilityChangeReporter: Compat change id reported: 168419799; UID 10033; state: DISABLED
08-16 16:52:29.996 1142 1758 D CompatibilityChangeReporter: Compat change id reported: 135634846; UID 10151; state: DISABLED
08-16 16:52:29.996 1142 1758 D CompatibilityChangeReporter: Compat change id reported: 177438394; UID 10151; state: DISABLED
08-16 16:52:29.997 1142 1758 D CompatibilityChangeReporter: Compat change id reported: 135772972; UID 10151; state: DISABLED
08-16 16:52:29.997 1142 1758 D CompatibilityChangeReporter: Compat change id reported: 135754954; UID 10151; state: DISABLED
08-16 16:52:29.998 1142 1243 D CompatibilityChangeReporter: Compat change id reported: 143937733; UID 10151; state: DISABLED
08-16 16:52:30.044 1142 1243 I ActivityManager: Start proc 4164:com.android.permissioncontroller/u0a151 for broadcast {com.android.permissioncontroller/com.android.permissioncontroller.permission.service.LocationAccessCheck$SetupPeriodicBackgroundLocationAccessCheck}
01-01 05:56:07.927 0 0 I binder : 4164:4164 ioctl 40046210 7fe0a4c4c4 returned -22
08-16 16:52:30.146 1142 1758 D CompatibilityChangeReporter: Compat change id reported: 168419799; UID 10151; state: DISABLED
08-16 16:52:30.478 1142 2775 D CompatibilityChangeReporter: Compat change id reported: 135634846; UID 10037; state: DISABLED
08-16 16:52:30.478 1142 2775 D CompatibilityChangeReporter: Compat change id reported: 177438394; UID 10037; state: DISABLED
08-16 16:52:30.479 1142 2775 D CompatibilityChangeReporter: Compat change id reported: 135772972; UID 10037; state: DISABLED
08-16 16:52:30.479 1142 2775 D CompatibilityChangeReporter: Compat change id reported: 135754954; UID 10037; state: ENABLED
08-16 16:52:30.480 1142 1243 D CompatibilityChangeReporter: Compat change id reported: 143937733; UID 10037; state: ENABLED
08-16 16:52:30.536 1142 1243 W ActivityManager: Slow operation: 59ms so far, now at startProcess: returned from zygote!
08-16 16:52:30.536 1142 1243 W ActivityManager: Slow operation: 59ms so far, now at startProcess: done updating battery stats
08-16 16:52:30.536 1142 1243 W ActivityManager: Slow operation: 60ms so far, now at startProcess: building log message
08-16 16:52:30.536 1142 1243 I ActivityManager: Start proc 4185:com.android.providers.calendar/u0a37 for broadcast {com.android.providers.calendar/com.android.providers.calendar.CalendarReceiver}
08-16 16:52:30.536 1142 1243 W ActivityManager: Slow operation: 60ms so far, now at startProcess: starting to update pids map
08-16 16:52:30.537 1142 1243 W ActivityManager: Slow operation: 60ms so far, now at startProcess: done updating pids map
01-01 05:56:08.413 0 0 I binder : 4185:4185 ioctl 40046210 7fe0a4c4c4 returned -22
08-16 16:52:30.621 1142 1758 D CompatibilityChangeReporter: Compat change id reported: 168419799; UID 10037; state: DISABLED
01-01 05:56:08.448 0 0 D : mv2112_read_status
01-01 05:56:08.449 0 0 D mv2112_update_link: 3.0x901(1G): 0x4
01-01 05:56:08.449 0 0 D mv2112_update_link: 3.0x8109(100M): 0x8
01-01 05:56:08.449 0 0 D mv2112_update_link: link 0x4
01-01 05:56:08.449 0 0 D mv2112_read_status: autoneg is disabled
08-16 16:52:30.821 1142 1758 D CompatibilityChangeReporter: Compat change id reported: 171306433; UID 10037; state: ENABLED
08-16 16:52:30.831 1142 1758 D CompatibilityChangeReporter: Compat change id reported: 143231523; UID 10037; state: DISABLED
08-16 16:52:30.855 1142 2775 D CompatibilityChangeReporter: Compat change id reported: 168419799; UID 10152; state: DISABLED
08-16 16:52:30.864 1142 2775 D CompatibilityChangeReporter: Compat change id reported: 168419799; UID 1000; state: DISABLED
08-16 16:52:30.892 1142 2775 I ActivityManager: com.android.shell is exempt from freezer
08-16 16:52:30.892 1142 2775 D CompatibilityChangeReporter: Compat change id reported: 135634846; UID 2000; state: DISABLED
08-16 16:52:30.893 1142 2775 D CompatibilityChangeReporter: Compat change id reported: 177438394; UID 2000; state: DISABLED
08-16 16:52:30.893 1142 2775 D CompatibilityChangeReporter: Compat change id reported: 135772972; UID 2000; state: DISABLED
08-16 16:52:30.894 1142 2775 D CompatibilityChangeReporter: Compat change id reported: 135754954; UID 2000; state: ENABLED
08-16 16:52:30.951 1142 1243 W ActivityManager: Slow operation: 59ms so far, now at startProcess: returned from zygote!
08-16 16:52:30.951 1142 1243 W ActivityManager: Slow operation: 60ms so far, now at startProcess: done updating battery stats
08-16 16:52:30.952 1142 1243 W ActivityManager: Slow operation: 60ms so far, now at startProcess: building log message
08-16 16:52:30.952 1142 1243 I ActivityManager: Start proc 4207:com.android.shell/2000 for broadcast {com.android.shell/com.android.shell.HeapDumpReceiver}
08-16 16:52:30.952 1142 1243 W ActivityManager: Slow operation: 60ms so far, now at startProcess: starting to update pids map
08-16 16:52:30.952 1142 1243 W ActivityManager: Slow operation: 60ms so far, now at startProcess: done updating pids map
01-01 05:56:08.810 0 0 I binder : 4207:4207 ioctl 40046210 7fe0a4c4c4 returned -22
08-16 16:52:31.017 1142 2497 D CompatibilityChangeReporter: Compat change id reported: 168419799; UID 2000; state: DISABLED
08-16 16:52:31.158 1142 2775 D CompatibilityChangeReporter: Compat change id reported: 168419799; UID 10043; state: DISABLED
08-16 16:52:31.346 2360 2360 D CAT : BootCompletedReceiver: [ACTION_BOOT_COMPLETED]
08-16 16:52:31.349 2360 2360 D CAT : StkAppService: onCreate()+
08-16 16:52:31.349 2360 2360 D CAT : StkAppService: simCount: 2
08-16 16:52:31.349 2360 2360 D CAT : StkAppService: slotId: 0
08-16 16:52:31.350 2360 2360 D CAT : StkAppService: slotId: 1
08-16 16:52:31.350 1142 1758 D CompatibilityChangeReporter: Compat change id reported: 135634846; UID 10107; state: DISABLED
08-16 16:52:31.351 2360 2360 D CAT : StkAppService: onStart sim id: 0, op: 5, *****
08-16 16:52:31.351 2360 2360 D CAT : StkAppService: mStkService is: -1
08-16 16:52:31.351 1142 1758 D CompatibilityChangeReporter: Compat change id reported: 177438394; UID 10107; state: DISABLED
08-16 16:52:31.352 1142 1758 D CompatibilityChangeReporter: Compat change id reported: 135772972; UID 10107; state: DISABLED
08-16 16:52:31.352 1142 1758 D CompatibilityChangeReporter: Compat change id reported: 135754954; UID 10107; state: ENABLED
08-16 16:52:31.353 1142 1243 D CompatibilityChangeReporter: Compat change id reported: 143937733; UID 10107; state: ENABLED
08-16 16:52:31.359 2360 2360 D CAT : StkAppService: onDestroy()
08-16 16:52:31.413 1142 1243 W ActivityManager: Slow operation: 63ms so far, now at startProcess: returned from zygote!
08-16 16:52:31.413 1142 1243 W ActivityManager: Slow operation: 63ms so far, now at startProcess: done updating battery stats
08-16 16:52:31.413 1142 1243 W ActivityManager: Slow operation: 64ms so far, now at startProcess: building log message
08-16 16:52:31.413 1142 1243 I ActivityManager: Start proc 4226:com.qti.ltebc/u0a107 for broadcast {com.qti.ltebc/com.qualcomm.ltebc.LTEBroadcastBootReceiver}
08-16 16:52:31.413 1142 1243 W ActivityManager: Slow operation: 64ms so far, now at startProcess: starting to update pids map
08-16 16:52:31.414 1142 1243 W ActivityManager: Slow operation: 64ms so far, now at startProcess: done updating pids map
01-01 05:56:09.285 0 0 I binder : 4226:4226 ioctl 40046210 7fe0a4c4c4 returned -22
08-16 16:52:31.495 1142 1758 D CompatibilityChangeReporter: Compat change id reported: 168419799; UID 10107; state: DISABLED
01-01 05:56:09.473 0 0 D : mv2112_read_status
01-01 05:56:09.473 0 0 D mv2112_update_link: 3.0x901(1G): 0x4
01-01 05:56:09.474 0 0 D mv2112_update_link: 3.0x8109(100M): 0x8
01-01 05:56:09.474 0 0 D mv2112_update_link: link 0x4
01-01 05:56:09.474 0 0 D mv2112_read_status: autoneg is disabled
01-01 05:56:10.497 0 0 D : mv2112_read_status
01-01 05:56:10.497 0 0 D mv2112_update_link: 3.0x901(1G): 0x4
01-01 05:56:10.498 0 0 D mv2112_update_link: 3.0x8109(100M): 0x8
01-01 05:56:10.498 0 0 D mv2112_update_link: link 0x4
01-01 05:56:10.498 0 0 D mv2112_read_status: autoneg is disabled
08-16 16:52:32.761 2360 2360 D SST : [0] SST.requestAllCellInfo(): not implemented
08-16 16:52:32.762 2360 2360 D LocaleTracker-0: processCellInfo: cell info=null
08-16 16:52:32.762 2360 2360 D LocaleTracker-0: updateLocale: countryIso = , countryIsoDebugInfo = radio off
08-16 16:52:32.762 2360 2360 D LocaleTracker-0: updateLocale: timeZoneCountryIso = , timeZoneCountryIsoDebugInfo = Defaulted: radio off
08-16 16:52:32.762 2360 2360 D NewNitzStateMachineImpl: handleCountryUnavailable: mLatestNitzSignal=null
08-16 16:52:32.762 2360 2360 D NewNitzStateMachineImpl: doTimeZoneDetection: countryIsoCode=null, nitzSignal=null, suggestion=TelephonyTimeZoneSuggestion{mSlotIndex=0, mZoneId='null', mMatchType=0, mQuality=0, mDebugInfo=[getTimeZoneSuggestion: nitzSignal=null, countryIsoCode=null, Detection reason=handleCountryUnavailable()]}, reason=handleCountryUnavailable()
08-16 16:52:32.762 2360 2360 D LocaleTracker-0: Can't get cell info. Try again in 16 secs.
08-16 16:52:32.817 2360 2360 D SST : [1] SST.requestAllCellInfo(): not implemented
08-16 16:52:32.817 2360 2360 D LocaleTracker-1: processCellInfo: cell info=null
08-16 16:52:32.817 2360 2360 D LocaleTracker-1: updateLocale: countryIso = , countryIsoDebugInfo = radio off
08-16 16:52:32.818 2360 2360 D LocaleTracker-1: updateLocale: timeZoneCountryIso = , timeZoneCountryIsoDebugInfo = Defaulted: radio off
08-16 16:52:32.818 2360 2360 D NewNitzStateMachineImpl: handleCountryUnavailable: mLatestNitzSignal=null
08-16 16:52:32.818 2360 2360 D NewNitzStateMachineImpl: doTimeZoneDetection: countryIsoCode=null, nitzSignal=null, suggestion=TelephonyTimeZoneSuggestion{mSlotIndex=1, mZoneId='null', mMatchType=0, mQuality=0, mDebugInfo=[getTimeZoneSuggestion: nitzSignal=null, countryIsoCode=null, Detection reason=handleCountryUnavailable()]}, reason=handleCountryUnavailable()
08-16 16:52:32.818 2360 2360 D LocaleTracker-1: Can't get cell info. Try again in 16 secs.
01-01 05:56:11.111 0 0 I init : starting service 'vendor.light-hal-2-0'...
01-01 05:56:11.186 0 0 I init : starting service 'qvrd_vndr'...
01-01 05:56:11.190 0 0 I init : Created socket '/dev/socket/qvrservice_vndr', mode 660, user 1000, group 1000
01-01 05:56:11.193 0 0 I init : Created socket '/dev/socket/qvrservice_vndr_camera', mode 660, user 1000, group 1000
01-01 05:56:11.229 0 0 I init : starting service 'sxrd'...
01-01 05:56:11.247 0 0 I init : Service 'vendor.light-hal-2-0' (pid 4253) exited with status 0
01-01 05:56:11.247 0 0 I init : Sending signal 9 to service 'vendor.light-hal-2-0' (pid 4253) process group...
01-01 05:56:11.248 0 0 I libprocessgroup: Successfully killed process cgroup uid 1000 pid 4253 in 0ms
08-16 16:52:33.453 4257 4257 F linker : CANNOT LINK EXECUTABLE "/vendor/bin/hw/qvrservice": library "vendor.qti.hardware.qxr-V1-ndk_platform.so" not found: needed by /vendor/lib64/libqvrservice.so in namespace (default)
01-01 05:56:11.259 0 0 I init : Service 'qvrd_vndr' (pid 4257) exited with status 1
01-01 05:56:11.259 0 0 I init : Sending signal 9 to service 'qvrd_vndr' (pid 4257) process group...
08-16 16:52:33.485 4258 4258 F linker : CANNOT LINK EXECUTABLE "/vendor/bin/hw/sxrservice": library "vendor.qti.hardware.qxr-V1-ndk_platform.so" not found: needed by main executable
01-01 05:56:11.524 0 0 D : mv2112_read_status
01-01 05:56:11.525 0 0 D mv2112_update_link: 3.0x901(1G): 0x4
01-01 05:56:11.525 0 0 D mv2112_update_link: 3.0x8109(100M): 0x8
01-01 05:56:11.525 0 0 D mv2112_update_link: link 0x4
01-01 05:56:11.525 0 0 D mv2112_read_status: autoneg is disabled
08-16 16:52:34.660 1142 1142 D CompanionDeviceManagerService: TriggerDeviceDisappearedRunnable.run(address = 00:58:76:20:46:3D)
01-01 05:56:12.545 0 0 D : mv2112_read_status
01-01 05:56:12.545 0 0 D mv2112_update_link: 3.0x901(1G): 0x4
01-01 05:56:12.546 0 0 D mv2112_update_link: 3.0x8109(100M): 0x8
01-01 05:56:12.546 0 0 D mv2112_update_link: link 0x4
01-01 05:56:12.546 0 0 D mv2112_read_status: autoneg is disabled
01-01 05:56:13.569 0 0 D : mv2112_read_status
01-01 05:56:13.569 0 0 D mv2112_update_link: 3.0x901(1G): 0x4
01-01 05:56:13.570 0 0 D mv2112_update_link: 3.0x8109(100M): 0x8
01-01 05:56:13.570 0 0 D mv2112_update_link: link 0x4
01-01 05:56:13.570 0 0 D mv2112_read_status: autoneg is disabled
08-16 16:52:36.448 1142 2775 I ActivityManager: Killing 3135:com.qualcomm.qti.biometrics.fingerprint.service/u0a68 (adj 999): empty #31
08-16 16:52:36.455 1142 2768 D CompatibilityChangeReporter: Compat change id reported: 171306433; UID 10107; state: ENABLED
08-16 16:52:36.467 1142 2775 D CompatibilityChangeReporter: Compat change id reported: 168419799; UID 10065; state: DISABLED
08-16 16:52:36.656 1142 2768 D CompatibilityChangeReporter: Compat change id reported: 135634846; UID 10142; state: DISABLED
08-16 16:52:36.657 1142 2768 D CompatibilityChangeReporter: Compat change id reported: 177438394; UID 10142; state: DISABLED
08-16 16:52:36.657 1142 2768 D CompatibilityChangeReporter: Compat change id reported: 135772972; UID 10142; state: DISABLED
08-16 16:52:36.658 1142 2768 D CompatibilityChangeReporter: Compat change id reported: 135754954; UID 10142; state: ENABLED
08-16 16:52:36.658 1142 1243 D CompatibilityChangeReporter: Compat change id reported: 143937733; UID 10142; state: ENABLED
08-16 16:52:36.720 1142 1243 W ActivityManager: Slow operation: 64ms so far, now at startProcess: returned from zygote!
08-16 16:52:36.720 1142 1243 W ActivityManager: Slow operation: 65ms so far, now at startProcess: done updating battery stats
08-16 16:52:36.720 1142 1243 W ActivityManager: Slow operation: 65ms so far, now at startProcess: building log message
08-16 16:52:36.721 1142 1243 I ActivityManager: Start proc 4274:com.qualcomm.telephony/u0a142 for broadcast {com.qualcomm.atfwd/com.qualcomm.atfwd.AtFwdAutoboot}
08-16 16:52:36.721 1142 1243 W ActivityManager: Slow operation: 65ms so far, now at startProcess: starting to update pids map
08-16 16:52:36.721 1142 1243 W ActivityManager: Slow operation: 65ms so far, now at startProcess: done updating pids map
08-16 16:52:36.721 1142 2768 I ActivityManager: Process com.qti.ltebc (pid 4226) has died: cch+5 CEM
01-01 05:56:14.584 0 0 I binder : 4274:4274 ioctl 40046210 7fe0a4c4c4 returned -22
01-01 05:56:14.592 0 0 D : mv2112_read_status
01-01 05:56:14.592 0 0 D mv2112_update_link: 3.0x901(1G): 0x4
01-01 05:56:14.593 0 0 D mv2112_update_link: 3.0x8109(100M): 0x8
01-01 05:56:14.593 0 0 D mv2112_update_link: link 0x4
01-01 05:56:14.593 0 0 D mv2112_read_status: autoneg is disabled
08-16 16:52:36.793 1142 2768 D CompatibilityChangeReporter: Compat change id reported: 168419799; UID 10142; state: DISABLED
08-16 16:52:36.924 1142 2768 D CompatibilityChangeReporter: Compat change id reported: 168419799; UID 10125; state: DISABLED
01-01 05:56:14.738 0 0 I binder : 4274:4274 ioctl 40046210 7fe0a4be54 returned -22
08-16 16:52:36.938 1142 2497 D CompatibilityChangeReporter: Compat change id reported: 168419799; UID 10108; state: DISABLED
08-16 16:52:36.945 1142 2768 D CompatibilityChangeReporter: Compat change id reported: 135634846; UID 10139; state: DISABLED
08-16 16:52:36.945 1142 2768 D CompatibilityChangeReporter: Compat change id reported: 177438394; UID 10139; state: DISABLED
08-16 16:52:36.945 1142 2768 D CompatibilityChangeReporter: Compat change id reported: 135772972; UID 10139; state: DISABLED
08-16 16:52:36.945 1142 2768 D CompatibilityChangeReporter: Compat change id reported: 135754954; UID 10139; state: ENABLED
08-16 16:52:36.946 1142 1243 D CompatibilityChangeReporter: Compat change id reported: 143937733; UID 10139; state: ENABLED
08-16 16:52:37.010 1142 1243 W ActivityManager: Slow operation: 65ms so far, now at startProcess: returned from zygote!
08-16 16:52:37.010 1142 1243 W ActivityManager: Slow operation: 66ms so far, now at startProcess: done updating battery stats
08-16 16:52:37.011 1142 1243 W ActivityManager: Slow operation: 66ms so far, now at startProcess: building log message
08-16 16:52:37.011 1142 1243 I ActivityManager: Start proc 4295:com.qualcomm.qct.dlt/u0a139 for broadcast {com.qualcomm.qct.dlt/com.qualcomm.qct.dlt.proximity.ProximityBroadcastReceiver}
08-16 16:52:37.011 1142 1243 W ActivityManager: Slow operation: 66ms so far, now at startProcess: starting to update pids map
08-16 16:52:37.011 1142 1243 W ActivityManager: Slow operation: 66ms so far, now at startProcess: done updating pids map
01-01 05:56:14.885 0 0 I binder : 4295:4295 ioctl 40046210 7fe0a4c4c4 returned -22
08-16 16:52:37.094 1142 1758 D CompatibilityChangeReporter: Compat change id reported: 168419799; UID 10139; state: DISABLED
08-16 16:52:37.749 1142 1758 D CompatibilityChangeReporter: Compat change id reported: 135634846; UID 10068; state: DISABLED
08-16 16:52:37.750 1142 1758 D CompatibilityChangeReporter: Compat change id reported: 177438394; UID 10068; state: DISABLED
08-16 16:52:37.750 1142 1758 D CompatibilityChangeReporter: Compat change id reported: 135772972; UID 10068; state: DISABLED
08-16 16:52:37.751 1142 1758 D CompatibilityChangeReporter: Compat change id reported: 135754954; UID 10068; state: ENABLED
08-16 16:52:37.752 1142 1243 D CompatibilityChangeReporter: Compat change id reported: 143937733; UID 10068; state: ENABLED
01-01 05:56:15.616 0 0 D : mv2112_read_status
01-01 05:56:15.616 0 0 D mv2112_update_link: 3.0x901(1G): 0x4
01-01 05:56:15.617 0 0 D mv2112_update_link: 3.0x8109(100M): 0x8
01-01 05:56:15.617 0 0 D mv2112_update_link: link 0x4
01-01 05:56:15.617 0 0 D mv2112_read_status: autoneg is disabled
08-16 16:52:37.814 1142 1243 W ActivityManager: Slow operation: 66ms so far, now at startProcess: returned from zygote!
08-16 16:52:37.814 1142 1243 W ActivityManager: Slow operation: 67ms so far, now at startProcess: done updating battery stats
08-16 16:52:37.814 1142 1243 W ActivityManager: Slow operation: 67ms so far, now at startProcess: building log message
08-16 16:52:37.815 1142 1243 I ActivityManager: Start proc 4313:com.qualcomm.qti.biometrics.fingerprint.service/u0a68 for broadcast {com.qualcomm.qti.biometrics.fingerprint.service/com.qualcomm.qti.biometrics.fingerprint.service.ShutdownReceiver}
08-16 16:52:37.815 1142 1243 W ActivityManager: Slow operation: 67ms so far, now at startProcess: starting to update pids map
08-16 16:52:37.815 1142 1243 W ActivityManager: Slow operation: 67ms so far, now at startProcess: done updating pids map
01-01 05:56:15.675 0 0 I binder : 4313:4313 ioctl 40046210 7fe0a4c4c4 returned -22
08-16 16:52:37.882 1142 1758 D CompatibilityChangeReporter: Compat change id reported: 168419799; UID 10068; state: DISABLED
01-01 05:56:15.800 0 0 I binder : 4313:4313 ioctl 40046210 7fe0a4b2e4 returned -22
08-16 16:52:38.005 1142 1758 D CompatibilityChangeReporter: Compat change id reported: 135634846; UID 10095; state: DISABLED
