01-01 05:55:51.807 0 0 D cnss : PM stay awake, state: 0x11, count: 1
01-01 05:55:51.807 0 0 I : dump_stack+0xd8/0x12c
01-01 05:55:51.807 0 0 I : register_lock_class+0x4d0/0x5c8
01-01 05:55:51.807 0 0 I : __lock_acquire+0xbc/0x1e58
01-01 05:55:51.807 0 0 I : lock_acquire+0x1cc/0x218
01-01 05:55:51.807 0 0 I : _raw_spin_lock_irqsave+0x54/0x98
01-01 05:55:51.807 0 0 D cnss : PM relax, state: 0x11, count: 0
01-01 05:55:51.807 0 0 I : ion_system_secure_heap_prefetch_work+0x94/0x2c0
01-01 05:55:51.807 0 0 I : process_one_work+0x38c/0x660
01-01 05:55:51.807 0 0 I : worker_thread+0x268/0x4b8
01-01 05:55:51.807 0 0 I : kthread+0x140/0x150
01-01 05:55:51.807 0 0 I : ret_from_fork+0x10/0x1c
01-01 05:55:51.810 0 0 E : INFO: trying to register non-static key.
01-01 05:55:51.811 0 0 D cnss : PM stay awake, state: 0x11, count: 1
01-01 05:55:51.815 0 0 E : the code is fine but needs lockdep annotation.
01-01 05:55:51.815 0 0 I : CPU: 5 PID: 1350 Comm: HwBinder:1307_2 Tainted: G S W O 4.19.157+ #1
01-01 05:55:51.815 0 0 I Hardware name: Qualcomm Technologies, Inc. kona MTP-RmPM8150b (DT)
01-01 05:55:51.815 0 0 I Call trace:
01-01 05:55:51.815 0 0 I : dump_backtrace+0x0/0x258
01-01 05:55:51.815 0 0 I : show_stack+0x20/0x30
01-01 05:55:51.815 0 0 I : dump_stack+0xd8/0x12c
01-01 05:55:51.815 0 0 I : register_lock_class+0x4d0/0x5c8
01-01 05:55:51.815 0 0 I : __lock_acquire+0xbc/0x1e58
01-01 05:55:51.815 0 0 I : lock_acquire+0x1cc/0x218
01-01 05:55:51.815 0 0 I : _raw_spin_lock_irqsave+0x54/0x98
01-01 05:55:51.815 0 0 I : __ion_system_secure_heap_resize+0x768/0x8c0
01-01 05:55:51.815 0 0 I : ion_system_secure_heap_drain+0x28/0x38
01-01 05:55:51.815 0 0 I : ion_walk_heaps+0x88/0xb8
01-01 05:55:51.815 0 0 I : ion_ioctl+0x1b0/0x2a8
01-01 05:55:51.815 0 0 I : __arm64_compat_sys_ioctl+0xf4/0x240
01-01 05:55:51.815 0 0 I : el0_svc_common+0xa4/0x190
01-01 05:55:51.815 0 0 I : el0_svc_compat_handler+0x28/0x38
01-01 05:55:51.815 0 0 I : el0_svc_compat+0x8/0x34
01-01 05:55:51.817 0 0 E : INFO: trying to register non-static key.
01-01 05:55:51.819 0 0 I : re-initialized> (1917) used greatest stack depth: 9992 bytes left
08-16 16:52:14.022 1142 2084 D CompatibilityChangeReporter: Compat change id reported: 168419799; UID 1073; state: DISABLED
01-01 05:55:51.826 0 0 E : the code is fine but needs lockdep annotation.
08-16 16:52:14.040 1142 2084 D CompatibilityChangeReporter: Compat change id reported: 168419799; UID 1073; state: DISABLED
01-01 05:55:51.827 0 0 D cnss : Processing driver event: REQUEST_MEM(2), state: 0x11
01-01 05:55:51.828 0 0 E init : Control message: Could not find 'vendor.qti.hardware.iop@2.0::IIop/default' for ctl.interface_start from pid: 519 (/system/bin/hwservicemanager)
01-01 05:55:51.832 0 0 I : CPU: 5 PID: 1350 Comm: HwBinder:1307_2 Tainted: G S W O 4.19.157+ #1
01-01 05:55:51.832 0 0 I Hardware name: Qualcomm Technologies, Inc. kona MTP-RmPM8150b (DT)
01-01 05:55:51.832 0 0 I Call trace:
01-01 05:55:51.832 0 0 I : dump_backtrace+0x0/0x258
01-01 05:55:51.832 0 0 I : show_stack+0x20/0x30
01-01 05:55:51.832 0 0 I : dump_stack+0xd8/0x12c
01-01 05:55:51.832 0 0 I : register_lock_class+0x4d0/0x5c8
01-01 05:55:51.832 0 0 I : __lock_acquire+0xbc/0x1e58
01-01 05:55:51.832 0 0 I : lock_acquire+0x1cc/0x218
01-01 05:55:51.832 0 0 I : _raw_spin_lock_irqsave+0x54/0x98
01-01 05:55:51.832 0 0 I : __ion_system_secure_heap_resize+0x768/0x8c0
01-01 05:55:51.832 0 0 I : ion_system_secure_heap_drain+0x28/0x38
01-01 05:55:51.832 0 0 I : ion_walk_heaps+0x88/0xb8
01-01 05:55:51.832 0 0 I : ion_ioctl+0x1b0/0x2a8
01-01 05:55:51.832 0 0 I : __arm64_compat_sys_ioctl+0xf4/0x240
01-01 05:55:51.832 0 0 I : el0_svc_common+0xa4/0x190
01-01 05:55:51.832 0 0 I : el0_svc_compat_handler+0x28/0x38
01-01 05:55:51.832 0 0 I : el0_svc_compat+0x8/0x34
01-01 05:55:51.842 0 0 I msm_vidc: high: 00000001: h265d: Closed video instance: ffffffed1c590000
01-01 05:55:51.848 0 0 D cnss : Sending respond memory message, state: 0x11
01-01 05:55:51.848 0 0 D cnss : Memory for FW, va: 0xffffff8025a9b000, pa: 0x00000000a1000000, size: 0x5e0000, type: 1
01-01 05:55:51.848 0 0 D cnss : Memory for FW, va: 0xffffff8021001000, pa: 0x00000000a1600000, size: 0xd8000, type: 4
01-01 05:55:51.850 0 0 E : INFO: trying to register non-static key.
01-01 05:55:51.855 0 0 E : the code is fine but needs lockdep annotation.
08-16 16:52:14.058 1822 1822 D SystemUIBootTiming: DependencyInjection took to complete: 0ms
08-16 16:52:14.058 1142 1233 D TelephonyRegistry: listen oscl: mHasNotifySubscriptionInfoChangedOccurred==false no callback
01-01 05:55:51.861 0 0 I : CPU: 0 PID: 8 Comm: kworker/u16:0 Tainted: G S W O 4.19.157+ #1
01-01 05:55:51.861 0 0 I Hardware name: Qualcomm Technologies, Inc. kona MTP-RmPM8150b (DT)
01-01 05:55:51.861 0 0 I Workqueue: events_unbound ion_system_secure_heap_prefetch_work
01-01 05:55:51.861 0 0 I Call trace:
01-01 05:55:51.861 0 0 I : dump_backtrace+0x0/0x258
01-01 05:55:51.861 0 0 I : show_stack+0x20/0x30
01-01 05:55:51.861 0 0 I : dump_stack+0xd8/0x12c
01-01 05:55:51.861 0 0 I : register_lock_class+0x4d0/0x5c8
01-01 05:55:51.861 0 0 I : __lock_acquire+0xbc/0x1e58
01-01 05:55:51.861 0 0 I : lock_acquire+0x1cc/0x218
01-01 05:55:51.861 0 0 I : _raw_spin_lock_irqsave+0x54/0x98
01-01 05:55:51.861 0 0 I : ion_system_secure_heap_prefetch_work+0x94/0x2c0
01-01 05:55:51.861 0 0 I : process_one_work+0x38c/0x660
01-01 05:55:51.861 0 0 I : worker_thread+0x268/0x4b8
01-01 05:55:51.861 0 0 I : kthread+0x140/0x150
01-01 05:55:51.861 0 0 I : ret_from_fork+0x10/0x1c
01-01 05:55:51.862 0 0 D cnss : PM relax, state: 0x11, count: 0
01-01 05:55:51.868 0 0 D cnss : Received QMI WLFW FW memory ready indication
01-01 05:55:51.868 0 0 D cnss : Posting event: FW_MEM_READY(3), state: 0x11 flags: 0x0
01-01 05:55:51.868 0 0 D cnss : PM stay awake, state: 0x11, count: 1
01-01 05:55:51.868 0 0 D cnss : PM relax, state: 0x11, count: 0
01-01 05:55:51.868 0 0 D cnss : PM stay awake, state: 0x11, count: 1
01-01 05:55:51.868 0 0 D cnss : Processing driver event: FW_MEM_READY(3), state: 0x11
01-01 05:55:51.868 0 0 D cnss : Sending target capability message, state: 0x13
01-01 05:55:51.877 0 0 I init : Service 'exec 23 (/vendor/bin/modprobe -a -d /vendor/lib/modules/ qca_cld3_qca6390 qca_cld3_qca6490)' (pid 1212) exited with status 0 oneshot service took 8.413000 seconds in background
01-01 05:55:51.877 0 0 I init : Sending signal 9 to service 'exec 23 (/vendor/bin/modprobe -a -d /vendor/lib/modules/ qca_cld3_qca6390 qca_cld3_qca6490)' (pid 1212) process group...
01-01 05:55:51.880 0 0 I libprocessgroup: Successfully killed process cgroup uid 0 pid 1212 in 3ms
08-16 16:52:14.063 1142 1170 I ActivityManager: Process WebViewLoader-armeabi-v7a (pid 1894) has died: psvc PER
08-16 16:52:14.076 1142 1233 D CountryDetector: Using custom country detector class: com.android.server.location.ComprehensiveCountryDetector
08-16 16:52:14.076 1142 1233 E CountryDetector: Could not instantiate the custom country detector class
08-16 16:52:14.076 1142 1233 D CountryDetector: Using default country detector
01-01 05:55:51.883 0 0 D cnss : Voltage for CPR: 948mV
01-01 05:55:51.883 0 0 D cnss : Update TCS CMD data address 0x000000000b2e5844 with voltage 950mV
01-01 05:55:51.883 0 0 D cnss : Device frequency is 24000000 HZ
01-01 05:55:51.883 0 0 D cnss : Target capability: chip_id: 0x0, chip_family: 0xb, board_id: 0xff, soc_id: 0xffffffff, fw_version: 0x101a0521, fw_build_timestamp: 2021-12-20 07:54, fw_build_id: QC_IMAGE_VERSION_STRING=WLAN.HST.1.0.1.r1-01313-QCAHSTSWPL_SILICONZ-1, otp_version: 0x0
01-01 05:55:51.883 0 0 D cnss : Sending BDF download message, state: 0x13, type: 4
01-01 05:55:51.883 0 0 D cnss : FW name added with prefix: qca6390/regdb.bin
01-01 05:55:51.883 0 0 W cnss2 b0000000.qcom,cnss-qca6390: Falling back to syfs fallback for: qca6390/regdb.bin
01-01 05:55:51.897 0 0 E init : Control message: Could not find 'vendor.qti.hardware.iop@2.0::IIop/default' for ctl.interface_start from pid: 519 (/system/bin/hwservicemanager)
01-01 05:55:51.902 0 0 E : INFO: trying to register non-static key.
01-01 05:55:51.915 0 0 I ueventd : firmware: loading 'qca6390/regdb.bin' for '/devices/platform/soc/b0000000.qcom,cnss-qca6390/firmware/qca6390!regdb.bin'
01-01 05:55:51.917 0 0 E : the code is fine but needs lockdep annotation.
01-01 05:55:51.917 0 0 I : CPU: 2 PID: 8 Comm: kworker/u16:0 Tainted: G S W O 4.19.157+ #1
01-01 05:55:51.917 0 0 I Hardware name: Qualcomm Technologies, Inc. kona MTP-RmPM8150b (DT)
01-01 05:55:51.917 0 0 I Workqueue: events_unbound ion_system_secure_heap_prefetch_work
01-01 05:55:51.923 0 0 I Call trace:
01-01 05:55:51.923 0 0 I : dump_backtrace+0x0/0x258
01-01 05:55:51.923 0 0 I : show_stack+0x20/0x30
01-01 05:55:51.923 0 0 I : dump_stack+0xd8/0x12c
01-01 05:55:51.923 0 0 I : register_lock_class+0x4d0/0x5c8
01-01 05:55:51.923 0 0 I : __lock_acquire+0xbc/0x1e58
01-01 05:55:51.923 0 0 I : lock_acquire+0x1cc/0x218
01-01 05:55:51.923 0 0 I : _raw_spin_lock_irqsave+0x54/0x98
01-01 05:55:51.923 0 0 I : ion_system_secure_heap_prefetch_work+0x94/0x2c0
01-01 05:55:51.923 0 0 I : process_one_work+0x38c/0x660
01-01 05:55:51.923 0 0 I : worker_thread+0x268/0x4b8
01-01 05:55:51.923 0 0 I : kthread+0x140/0x150
01-01 05:55:51.923 0 0 I : ret_from_fork+0x10/0x1c
08-16 16:52:14.119 1822 1822 D SystemUIBootTiming: StartServicescom.android.systemui.util.NotificationChannels took to complete: 34ms
01-01 05:55:51.925 0 0 E ueventd : firmware: could not find firmware for qca6390/regdb.bin
01-01 05:55:51.937 0 0 E ueventd : firmware: attempted /etc/firmware/qca6390/regdb.bin, open failed: No such file or directory
01-01 05:55:51.942 0 0 E : INFO: trying to register non-static key.
01-01 05:55:51.948 0 0 E ueventd : firmware: attempted /odm/firmware/qca6390/regdb.bin, open failed: No such file or directory
01-01 05:55:51.952 0 0 E : the code is fine but needs lockdep annotation.
01-01 05:55:51.952 0 0 I : CPU: 2 PID: 8 Comm: kworker/u16:0 Tainted: G S W O 4.19.157+ #1
01-01 05:55:51.952 0 0 I Hardware name: Qualcomm Technologies, Inc. kona MTP-RmPM8150b (DT)
01-01 05:55:51.952 0 0 I Workqueue: events_unbound ion_system_secure_heap_prefetch_work
01-01 05:55:51.952 0 0 I Call trace:
01-01 05:55:51.952 0 0 I : dump_backtrace+0x0/0x258
01-01 05:55:51.952 0 0 I : show_stack+0x20/0x30
01-01 05:55:51.952 0 0 I : dump_stack+0xd8/0x12c
01-01 05:55:51.952 0 0 I : register_lock_class+0x4d0/0x5c8
01-01 05:55:51.952 0 0 I : __lock_acquire+0xbc/0x1e58
01-01 05:55:51.952 0 0 I : lock_acquire+0x1cc/0x218
01-01 05:55:51.963 0 0 E ueventd : firmware: attempted /vendor/firmware/qca6390/regdb.bin, open failed: No such file or directory
01-01 05:55:51.968 0 0 I : _raw_spin_lock_irqsave+0x54/0x98
01-01 05:55:51.968 0 0 I : ion_system_secure_heap_prefetch_work+0x94/0x2c0
01-01 05:55:51.968 0 0 I : process_one_work+0x38c/0x660
01-01 05:55:51.968 0 0 I : worker_thread+0x268/0x4b8
01-01 05:55:51.968 0 0 I : kthread+0x140/0x150
01-01 05:55:51.968 0 0 I : ret_from_fork+0x10/0x1c
08-16 16:52:14.169 1142 2084 I ActivityManager: Process WebViewLoader-arm64-v8a (pid 1917) has died: psvc PER
01-01 05:55:51.979 0 0 E ueventd : firmware: attempted /firmware/image/qca6390/regdb.bin, open failed: No such file or directory
01-01 05:55:51.986 0 0 E : INFO: trying to register non-static key.
01-01 05:55:51.987 0 0 I msm_vidc: high: 00000001: ....d: Opening video instance: ffffffed1ab74000, 1
01-01 05:55:51.990 0 0 E ueventd : firmware: attempted /vendor/firmware_mnt/image/qca6390/regdb.bin, open failed: No such file or directory
01-01 05:55:51.995 0 0 E : the code is fine but needs lockdep annotation.
01-01 05:55:51.995 0 0 I : CPU: 2 PID: 8 Comm: kworker/u16:0 Tainted: G S W O 4.19.157+ #1
01-01 05:55:51.995 0 0 I Hardware name: Qualcomm Technologies, Inc. kona MTP-RmPM8150b (DT)
01-01 05:55:51.995 0 0 I Workqueue: events_unbound ion_system_secure_heap_prefetch_work
01-01 05:55:51.995 0 0 I Call trace:
01-01 05:55:52.007 0 0 I ueventd : loading /devices/platform/soc/b0000000.qcom,cnss-qca6390/firmware/qca6390!regdb.bin took 92ms
01-01 05:55:52.011 0 0 E cnss : Failed to load BDF: qca6390/regdb.bin
08-16 16:52:14.192 1142 1243 W ActivityManager: Slow operation: 1058ms so far, now at startProcess: returned from zygote!
08-16 16:52:14.192 1142 1243 W ActivityManager: Slow operation: 1059ms so far, now at startProcess: done updating battery stats
08-16 16:52:14.192 1142 1243 W ActivityManager: Slow operation: 1059ms so far, now at startProcess: building log message
08-16 16:52:14.193 1142 1243 I ActivityManager: Start proc 2163:com.qualcomm.qtil.aptxacu/u0a147 for added application com.qualcomm.qtil.aptxacu
08-16 16:52:14.193 1142 1243 W ActivityManager: Slow operation: 1059ms so far, now at startProcess: starting to update pids map
08-16 16:52:14.193 1142 1243 W ActivityManager: Slow operation: 1059ms so far, now at startProcess: done updating pids map
08-16 16:52:14.193 1142 1243 W ActivityManager: Slow operation: 1057ms so far, now at startProcess: asking zygote to start proc
08-16 16:52:14.194 1142 1243 D CompatibilityChangeReporter: Compat change id reported: 143937733; UID 10126; state: ENABLED
08-16 16:52:14.214 1822 1822 D SystemUIBootTiming: StartServicescom.android.systemui.keyguard.KeyguardViewMediator took to complete: 95ms
08-16 16:52:14.227 1142 2084 D CompatibilityChangeReporter: Compat change id reported: 135634846; UID 10118; state: DISABLED
08-16 16:52:14.227 1142 2084 D CompatibilityChangeReporter: Compat change id reported: 177438394; UID 10118; state: DISABLED
08-16 16:52:14.228 1142 2084 D CompatibilityChangeReporter: Compat change id reported: 135772972; UID 10118; state: DISABLED
08-16 16:52:14.228 1142 2084 D CompatibilityChangeReporter: Compat change id reported: 135754954; UID 10118; state: ENABLED
08-16 16:52:14.240 1822 1822 D SystemUIBootTiming: StartServicescom.android.systemui.recents.Recents took to complete: 26ms
08-16 16:52:14.299 1142 1142 W Looper : Slow dispatch took 430ms main h=android.app.ActivityThread$H c=android.app.LoadedApk$ReceiverDispatcher$Args$$ExternalSyntheticLambda0@2753f97 m=0
08-16 16:52:14.312 1142 1142 D ConditionProviders.SCP: onSubscribe condition://android/schedule?days=1.2.3.4.5.6.7&start=22.0&end=7.0&exitAtAlarm=true
08-16 16:52:14.313 1142 1142 D ConditionProviders.SCP: setRegistered true
08-16 16:52:14.315 1142 1218 D UsbDeviceManager: push notification:Charging this device via USB
08-16 16:52:14.324 1142 1142 D ConditionProviders.SCP: evaluateSubscriptionLocked cal=ScheduleCalendar[mDays={1, 2, 3, 4, 5, 6, 7}, mSchedule=ScheduleInfo{days=[1, 2, 3, 4, 5, 6, 7], startHour=22, startMinute=0, endHour=7, endMinute=0, exitAtAlarm=true, nextAlarm=Thu Jan 01 00:00:00 GMT 1970 (0)}], now=Tue Aug 16 16:52:14 GMT 2022 (1660668734313), nextUserAlarmTime=Thu Jan 01 00:00:00 GMT 1970 (0)
08-16 16:52:14.324 1142 1142 D ConditionProviders.SCP: notifyCondition condition://android/schedule?days=1.2.3.4.5.6.7&start=22.0&end=7.0&exitAtAlarm=true STATE_FALSE reason=!meetsSchedule
08-16 16:52:14.327 1142 1142 D ConditionProviders.SCP: Scheduling evaluate for Tue Aug 16 22:00:00 GMT 2022 (1660687200000), in +5h7m45s687ms, now=Tue Aug 16 16:52:14 GMT 2022 (1660668734313)
08-16 16:52:14.331 1142 1142 D BluetoothManagerService: Bluetooth Adapter name changed to QCOM-BTD by android
08-16 16:52:14.331 1142 1142 D BluetoothManagerService: Stored Bluetooth name: QCOM-BTD
08-16 16:52:14.332 1142 1243 W ActivityManager: Slow operation: 1196ms so far, now at startProcess: returned from zygote!
08-16 16:52:14.333 1142 1243 W ActivityManager: Slow operation: 1196ms so far, now at startProcess: done updating battery stats
08-16 16:52:14.333 1142 1243 W ActivityManager: Slow operation: 1196ms so far, now at startProcess: building log message
08-16 16:52:14.333 1142 1243 I ActivityManager: Start proc 2179:com.qualcomm.qtil.aptxals/u0a126 for added application com.qualcomm.qtil.aptxals
08-16 16:52:14.333 1142 1243 W ActivityManager: Slow operation: 1196ms so far, now at startProcess: starting to update pids map
08-16 16:52:14.333 1142 1243 W ActivityManager: Slow operation: 1197ms so far, now at startProcess: done updating pids map
08-16 16:52:14.333 1142 1243 W ActivityManager: Slow operation: 1193ms so far, now at startProcess: asking zygote to start proc
01-01 05:55:52.011 0 0 D cnss : Sending BDF download message, state: 0x13, type: 1
08-16 16:52:14.364 1142 1757 W ActivityThread: Failed to find provider info for com.android.calendar (user not unlocked)
01-01 05:55:52.011 0 0 D cnss : FW name added with prefix: qca6390/bdwlan.elf
08-16 16:52:14.373 1142 1142 W BluetoothManagerService: bindBluetoothProfileService:Trying to bind to profile: 1, while Bluetooth is disabled
08-16 16:52:14.376 1142 1757 W ActivityThread: Failed to find provider info for com.android.calendar (user not unlocked)
08-16 16:52:14.387 1142 1142 I Telecom : SystemStateHelper: Registering broadcast receiver: android.content.IntentFilter@ddb106b: TS.init@AAA
08-16 16:52:14.387 1142 1142 I Telecom : SystemStateHelper: Registering broadcast receiver: android.content.IntentFilter@308c7c8: TS.init@AAA
08-16 16:52:14.389 1142 2191 I Telecom : BluetoothRouteManager: getBluetoothAudioConnectedDevice: no service available.
08-16 16:52:14.411 1142 2084 D CompatibilityChangeReporter: Compat change id reported: 168419799; UID 10147; state: DISABLED
08-16 16:52:14.411 1822 1822 D SystemUIBootTiming: StartServicescom.android.systemui.volume.VolumeUI took to complete: 172ms
08-16 16:52:14.424 1142 2197 I Telecom : Logging.Events: Non-call EVENT: AUDIO_ROUTE, Entering state QuiescentEarpieceRoute
08-16 16:52:14.424 1142 2197 I Telecom : BluetoothRouteManager: getBluetoothAudioConnectedDevice: no service available.
01-01 05:55:52.012 0 0 W cnss2 b0000000.qcom,cnss-qca6390: Falling back to syfs fallback for: qca6390/bdwlan.elf
01-01 05:55:52.012 0 0 I : dump_backtrace+0x0/0x258
01-01 05:55:52.012 0 0 I : show_stack+0x20/0x30
01-01 05:55:52.012 0 0 I : dump_stack+0xd8/0x12c
01-01 05:55:52.012 0 0 I : register_lock_class+0x4d0/0x5c8
01-01 05:55:52.012 0 0 I : __lock_acquire+0xbc/0x1e58
01-01 05:55:52.018 0 0 I : lock_acquire+0x1cc/0x218
01-01 05:55:52.018 0 0 I : _raw_spin_lock_irqsave+0x54/0x98
01-01 05:55:52.018 0 0 I : ion_system_secure_heap_prefetch_work+0x94/0x2c0
01-01 05:55:52.018 0 0 I : process_one_work+0x38c/0x660
01-01 05:55:52.018 0 0 I : worker_thread+0x268/0x4b8
01-01 05:55:52.018 0 0 I : kthread+0x140/0x150
01-01 05:55:52.018 0 0 I : ret_from_fork+0x10/0x1c
01-01 05:55:52.024 0 0 I msm_vidc: high: 00000001: mpg2d: Closed video instance: ffffffed1ab74000
01-01 05:55:52.036 0 0 E : INFO: trying to register non-static key.
01-01 05:55:52.036 0 0 I ueventd : firmware: loading 'qca6390/bdwlan.elf' for '/devices/platform/soc/b0000000.qcom,cnss-qca6390/firmware/qca6390!bdwlan.elf'
01-01 05:55:52.041 0 0 E : the code is fine but needs lockdep annotation.
01-01 05:55:52.041 0 0 I : CPU: 2 PID: 8 Comm: kworker/u16:0 Tainted: G S W O 4.19.157+ #1
01-01 05:55:52.041 0 0 I Hardware name: Qualcomm Technologies, Inc. kona MTP-RmPM8150b (DT)
01-01 05:55:52.041 0 0 I Workqueue: events_unbound ion_system_secure_heap_prefetch_work
01-01 05:55:52.041 0 0 I Call trace:
01-01 05:55:52.041 0 0 I : dump_backtrace+0x0/0x258
01-01 05:55:52.041 0 0 I : show_stack+0x20/0x30
01-01 05:55:52.041 0 0 I : dump_stack+0xd8/0x12c
01-01 05:55:52.041 0 0 I : register_lock_class+0x4d0/0x5c8
01-01 05:55:52.041 0 0 I : __lock_acquire+0xbc/0x1e58
01-01 05:55:52.046 0 0 I : lock_acquire+0x1cc/0x218
01-01 05:55:52.046 0 0 I : _raw_spin_lock_irqsave+0x54/0x98
01-01 05:55:52.046 0 0 I : ion_system_secure_heap_prefetch_work+0x94/0x2c0
01-01 05:55:52.046 0 0 I : process_one_work+0x38c/0x660
01-01 05:55:52.046 0 0 I : worker_thread+0x268/0x4b8
01-01 05:55:52.047 0 0 I : kthread+0x140/0x150
01-01 05:55:52.047 0 0 I : ret_from_fork+0x10/0x1c
01-01 05:55:52.058 0 0 D cnss : Downloading BDF: qca6390/bdwlan.elf, size: 57908
01-01 05:55:52.073 0 0 E : INFO: trying to register non-static key.
01-01 05:55:52.078 0 0 E : the code is fine but needs lockdep annotation.
01-01 05:55:52.084 0 0 I : CPU: 5 PID: 8 Comm: kworker/u16:0 Tainted: G S W O 4.19.157+ #1
01-01 05:55:52.084 0 0 I Hardware name: Qualcomm Technologies, Inc. kona MTP-RmPM8150b (DT)
01-01 05:55:52.084 0 0 I Workqueue: events_unbound ion_system_secure_heap_prefetch_work
01-01 05:55:52.084 0 0 I Call trace:
01-01 05:55:52.084 0 0 I : dump_backtrace+0x0/0x258
01-01 05:55:52.084 0 0 I : show_stack+0x20/0x30
01-01 05:55:52.084 0 0 I : dump_stack+0xd8/0x12c
01-01 05:55:52.084 0 0 I : register_lock_class+0x4d0/0x5c8
01-01 05:55:52.084 0 0 I : __lock_acquire+0xbc/0x1e58
01-01 05:55:52.084 0 0 I : lock_acquire+0x1cc/0x218
01-01 05:55:52.084 0 0 I : _raw_spin_lock_irqsave+0x54/0x98
01-01 05:55:52.084 0 0 I : ion_system_secure_heap_prefetch_work+0x94/0x2c0
01-01 05:55:52.084 0 0 I : process_one_work+0x38c/0x660
01-01 05:55:52.084 0 0 I : worker_thread+0x268/0x4b8
01-01 05:55:52.084 0 0 I : kthread+0x140/0x150
01-01 05:55:52.084 0 0 I : ret_from_fork+0x10/0x1c
01-01 05:55:52.089 0 0 I msm_vidc: high: 00000001: ....d: Opening video instance: ffffffed1d058000, 1
01-01 05:55:52.106 0 0 E : INFO: trying to register non-static key.
01-01 05:55:52.108 0 0 E : INFO: trying to register non-static key.
01-01 05:55:52.111 0 0 E : the code is fine but needs lockdep annotation.
01-01 05:55:52.116 0 0 E : the code is fine but needs lockdep annotation.
01-01 05:55:52.116 0 0 I : CPU: 6 PID: 8 Comm: kworker/u16:0 Tainted: G S W O 4.19.157+ #1
01-01 05:55:52.128 0 0 I Hardware name: Qualcomm Technologies, Inc. kona MTP-RmPM8150b (DT)
01-01 05:55:52.128 0 0 I Workqueue: events_unbound ion_system_secure_heap_prefetch_work
01-01 05:55:52.128 0 0 I Call trace:
01-01 05:55:52.128 0 0 I : dump_backtrace+0x0/0x258
01-01 05:55:52.128 0 0 I : show_stack+0x20/0x30
01-01 05:55:52.128 0 0 I : dump_stack+0xd8/0x12c
01-01 05:55:52.128 0 0 I : register_lock_class+0x4d0/0x5c8
01-01 05:55:52.128 0 0 I : __lock_acquire+0xbc/0x1e58
01-01 05:55:52.128 0 0 I : lock_acquire+0x1cc/0x218
01-01 05:55:52.128 0 0 I : _raw_spin_lock_irqsave+0x54/0x98
01-01 05:55:52.128 0 0 I : ion_system_secure_heap_prefetch_work+0x94/0x2c0
01-01 05:55:52.128 0 0 I : process_one_work+0x38c/0x660
01-01 05:55:52.128 0 0 I : worker_thread+0x268/0x4b8
01-01 05:55:52.128 0 0 I : kthread+0x140/0x150
01-01 05:55:52.128 0 0 I : ret_from_fork+0x10/0x1c
01-01 05:55:52.128 0 0 I : CPU: 2 PID: 2175 Comm: VideoDecMsgThre Tainted: G S W O 4.19.157+ #1
01-01 05:55:52.128 0 0 I Hardware name: Qualcomm Technologies, Inc. kona MTP-RmPM8150b (DT)
01-01 05:55:52.128 0 0 I Call trace:
01-01 05:55:52.128 0 0 I : dump_backtrace+0x0/0x258
01-01 05:55:52.128 0 0 I : show_stack+0x20/0x30
01-01 05:55:52.128 0 0 I : dump_stack+0xd8/0x12c
01-01 05:55:52.128 0 0 I : register_lock_class+0x4d0/0x5c8
01-01 05:55:52.128 0 0 I : __lock_acquire+0xbc/0x1e58
01-01 05:55:52.128 0 0 I : lock_acquire+0x1cc/0x218
01-01 05:55:52.128 0 0 I : _raw_spin_lock_irqsave+0x54/0x98
01-01 05:55:52.128 0 0 I : __ion_system_secure_heap_resize+0x768/0x8c0
01-01 05:55:52.128 0 0 I : ion_system_secure_heap_prefetch+0x28/0x38
01-01 05:55:52.128 0 0 I : ion_walk_heaps+0x88/0xb8
01-01 05:55:52.128 0 0 I : ion_ioctl+0x1b0/0x2a8
01-01 05:55:52.128 0 0 I : __arm64_compat_sys_ioctl+0xf4/0x240
01-01 05:55:52.128 0 0 I : el0_svc_common+0xa4/0x190
01-01 05:55:52.128 0 0 I : el0_svc_compat_handler+0x28/0x38
01-01 05:55:52.128 0 0 I : el0_svc_compat+0x8/0x34
01-01 05:55:52.133 0 0 E : INFO: trying to register non-static key.
01-01 05:55:52.138 0 0 E : the code is fine but needs lockdep annotation.
01-01 05:55:52.144 0 0 I : CPU: 7 PID: 1348 Comm: HwBinder:1307_1 Tainted: G S W O 4.19.157+ #1
01-01 05:55:52.144 0 0 I Hardware name: Qualcomm Technologies, Inc. kona MTP-RmPM8150b (DT)
01-01 05:55:52.144 0 0 I Call trace:
01-01 05:55:52.144 0 0 I : dump_backtrace+0x0/0x258
01-01 05:55:52.144 0 0 I : show_stack+0x20/0x30
01-01 05:55:52.144 0 0 I : dump_stack+0xd8/0x12c
01-01 05:55:52.144 0 0 I : register_lock_class+0x4d0/0x5c8
01-01 05:55:52.144 0 0 I : __lock_acquire+0xbc/0x1e58
01-01 05:55:52.144 0 0 I : lock_acquire+0x1cc/0x218
01-01 05:55:52.144 0 0 I : _raw_spin_lock_irqsave+0x54/0x98
01-01 05:55:52.144 0 0 I : __ion_system_secure_heap_resize+0x768/0x8c0
01-01 05:55:52.144 0 0 I : ion_system_secure_heap_drain+0x28/0x38
01-01 05:55:52.144 0 0 I : ion_walk_heaps+0x88/0xb8
01-01 05:55:52.144 0 0 I : ion_ioctl+0x1b0/0x2a8
01-01 05:55:52.144 0 0 I : __arm64_compat_sys_ioctl+0xf4/0x240
01-01 05:55:52.144 0 0 I : el0_svc_common+0xa4/0x190
01-01 05:55:52.144 0 0 I : el0_svc_compat_handler+0x28/0x38
01-01 05:55:52.144 0 0 I : el0_svc_compat+0x8/0x34
01-01 05:55:52.151 0 0 E : INFO: trying to register non-static key.
01-01 05:55:52.155 0 0 D cnss : Sending M3 information message, state: 0x13
01-01 05:55:52.156 0 0 E : the code is fine but needs lockdep annotation.
01-01 05:55:52.156 0 0 I : CPU: 6 PID: 8 Comm: kworker/u16:0 Tainted: G S W O 4.19.157+ #1
01-01 05:55:52.156 0 0 I Hardware name: Qualcomm Technologies, Inc. kona MTP-RmPM8150b (DT)
01-01 05:55:52.157 0 0 I Workqueue: events_unbound ion_system_secure_heap_prefetch_work
01-01 05:55:52.157 0 0 I Call trace:
01-01 05:55:52.157 0 0 I : dump_backtrace+0x0/0x258
01-01 05:55:52.157 0 0 I : show_stack+0x20/0x30
01-01 05:55:52.161 0 0 I msm_vidc: high: 00000001: mpg2d: Closed video instance: ffffffed1d058000
01-01 05:55:52.162 0 0 I : dump_stack+0xd8/0x12c
01-01 05:55:52.162 0 0 I : register_lock_class+0x4d0/0x5c8
01-01 05:55:52.162 0 0 I : __lock_acquire+0xbc/0x1e58
01-01 05:55:52.162 0 0 I : lock_acquire+0x1cc/0x218
01-01 05:55:52.162 0 0 I : _raw_spin_lock_irqsave+0x54/0x98
01-01 05:55:52.162 0 0 I : ion_system_secure_heap_prefetch_work+0x94/0x2c0
01-01 05:55:52.162 0 0 I : process_one_work+0x38c/0x660
01-01 05:55:52.162 0 0 I : worker_thread+0x268/0x4b8
01-01 05:55:52.162 0 0 I : kthread+0x140/0x150
01-01 05:55:52.162 0 0 I : ret_from_fork+0x10/0x1c
01-01 05:55:52.173 0 0 D cnss : M3 memory, va: 0xffffff8022200000, pa: 0x00000000a1800000, size: 0x411bc
01-01 05:55:52.175 0 0 E : INFO: trying to register non-static key.
01-01 05:55:52.180 0 0 D cnss : PM relax, state: 0x13, count: 0
01-01 05:55:52.180 0 0 D cnss : Received QMI WLFW FW initialization done indication
01-01 05:55:52.180 0 0 D cnss : Posting event: FW_READY(4), state: 0x13 flags: 0x0
01-01 05:55:52.180 0 0 D cnss : PM stay awake, state: 0x13, count: 1
01-01 05:55:52.180 0 0 D cnss : PM relax, state: 0x13, count: 0
01-01 05:55:52.181 0 0 E : the code is fine but needs lockdep annotation.
01-01 05:55:52.181 0 0 I : CPU: 6 PID: 8 Comm: kworker/u16:0 Tainted: G S W O 4.19.157+ #1
01-01 05:55:52.181 0 0 I Hardware name: Qualcomm Technologies, Inc. kona MTP-RmPM8150b (DT)
01-01 05:55:52.181 0 0 I Workqueue: events_unbound ion_system_secure_heap_prefetch_work
01-01 05:55:52.181 0 0 I Call trace:
01-01 05:55:52.181 0 0 I : dump_backtrace+0x0/0x258
01-01 05:55:52.181 0 0 I : show_stack+0x20/0x30
01-01 05:55:52.181 0 0 I : dump_stack+0xd8/0x12c
01-01 05:55:52.181 0 0 I : register_lock_class+0x4d0/0x5c8
01-01 05:55:52.181 0 0 I : __lock_acquire+0xbc/0x1e58
01-01 05:55:52.181 0 0 I : lock_acquire+0x1cc/0x218
01-01 05:55:52.181 0 0 I : _raw_spin_lock_irqsave+0x54/0x98
01-01 05:55:52.181 0 0 I : ion_system_secure_heap_prefetch_work+0x94/0x2c0
01-01 05:55:52.181 0 0 I : process_one_work+0x38c/0x660
01-01 05:55:52.181 0 0 I : worker_thread+0x268/0x4b8
01-01 05:55:52.181 0 0 I : kthread+0x140/0x150
01-01 05:55:52.181 0 0 I : ret_from_fork+0x10/0x1c
01-01 05:55:52.187 0 0 D cnss : PM stay awake, state: 0x13, count: 1
01-01 05:55:52.187 0 0 D cnss : Processing driver event: FW_READY(4), state: 0x13
01-01 05:55:52.187 0 0 D cnss : PCIE Gen speed not setup
01-01 05:55:52.188 0 0 I binder : 2163:2163 ioctl 40046210 7fe0a4c4c4 returned -22
01-01 05:55:52.191 0 0 E : INFO: trying to register non-static key.
01-01 05:55:52.196 0 0 E : the code is fine but needs lockdep annotation.
01-01 05:55:52.202 0 0 I : CPU: 6 PID: 8 Comm: kworker/u16:0 Tainted: G S W O 4.19.157+ #1
01-01 05:55:52.202 0 0 I Hardware name: Qualcomm Technologies, Inc. kona MTP-RmPM8150b (DT)
01-01 05:55:52.202 0 0 I Workqueue: events_unbound ion_system_secure_heap_prefetch_work
01-01 05:55:52.202 0 0 I Call trace:
01-01 05:55:52.202 0 0 I : dump_backtrace+0x0/0x258
01-01 05:55:52.202 0 0 I : show_stack+0x20/0x30
01-01 05:55:52.202 0 0 I : dump_stack+0xd8/0x12c
01-01 05:55:52.202 0 0 I : register_lock_class+0x4d0/0x5c8
01-01 05:55:52.202 0 0 I : __lock_acquire+0xbc/0x1e58
01-01 05:55:52.202 0 0 I : lock_acquire+0x1cc/0x218
01-01 05:55:52.202 0 0 I : _raw_spin_lock_irqsave+0x54/0x98
01-01 05:55:52.202 0 0 I : ion_system_secure_heap_prefetch_work+0x94/0x2c0
01-01 05:55:52.202 0 0 I : process_one_work+0x38c/0x660
01-01 05:55:52.202 0 0 I : worker_thread+0x268/0x4b8
01-01 05:55:52.202 0 0 I : kthread+0x140/0x150
01-01 05:55:52.202 0 0 I : ret_from_fork+0x10/0x1c
01-01 05:55:52.219 0 0 I perfetto: enabled ftrace
01-01 05:55:52.224 0 0 E : INFO: trying to register non-static key.
01-01 05:55:52.229 0 0 E : the code is fine but needs lockdep annotation.
01-01 05:55:52.234 0 0 I : CPU: 6 PID: 8 Comm: kworker/u16:0 Tainted: G S W O 4.19.157+ #1
01-01 05:55:52.234 0 0 I Hardware name: Qualcomm Technologies, Inc. kona MTP-RmPM8150b (DT)
01-01 05:55:52.234 0 0 I Workqueue: events_unbound ion_system_secure_heap_prefetch_work
01-01 05:55:52.234 0 0 I Call trace:
01-01 05:55:52.234 0 0 I : dump_backtrace+0x0/0x258
01-01 05:55:52.234 0 0 I : show_stack+0x20/0x30
01-01 05:55:52.234 0 0 I : dump_stack+0xd8/0x12c
01-01 05:55:52.234 0 0 I : register_lock_class+0x4d0/0x5c8
01-01 05:55:52.234 0 0 I : __lock_acquire+0xbc/0x1e58
01-01 05:55:52.234 0 0 I : lock_acquire+0x1cc/0x218
01-01 05:55:52.234 0 0 I : _raw_spin_lock_irqsave+0x54/0x98
01-01 05:55:52.234 0 0 I : ion_system_secure_heap_prefetch_work+0x94/0x2c0
01-01 05:55:52.234 0 0 I : process_one_work+0x38c/0x660
01-01 05:55:52.234 0 0 I : worker_thread+0x268/0x4b8
01-01 05:55:52.234 0 0 I : kthread+0x140/0x150
01-01 05:55:52.234 0 0 I : ret_from_fork+0x10/0x1c
01-01 05:55:52.239 0 0 E : INFO: trying to register non-static key.
01-01 05:55:52.244 0 0 E : the code is fine but needs lockdep annotation.
01-01 05:55:52.250 0 0 I : CPU: 6 PID: 8 Comm: kworker/u16:0 Tainted: G S W O 4.19.157+ #1
01-01 05:55:52.250 0 0 I Hardware name: Qualcomm Technologies, Inc. kona MTP-RmPM8150b (DT)
01-01 05:55:52.250 0 0 I Workqueue: events_unbound ion_system_secure_heap_prefetch_work
01-01 05:55:52.250 0 0 I Call trace:
01-01 05:55:52.250 0 0 I : dump_backtrace+0x0/0x258
01-01 05:55:52.250 0 0 I : show_stack+0x20/0x30
01-01 05:55:52.250 0 0 I : dump_stack+0xd8/0x12c
01-01 05:55:52.250 0 0 I : register_lock_class+0x4d0/0x5c8
01-01 05:55:52.250 0 0 I : __lock_acquire+0xbc/0x1e58
01-01 05:55:52.250 0 0 I : lock_acquire+0x1cc/0x218
01-01 05:55:52.250 0 0 I : _raw_spin_lock_irqsave+0x54/0x98
01-01 05:55:52.250 0 0 I : ion_system_secure_heap_prefetch_work+0x94/0x2c0
01-01 05:55:52.250 0 0 I : process_one_work+0x38c/0x660
01-01 05:55:52.250 0 0 I : worker_thread+0x268/0x4b8
01-01 05:55:52.250 0 0 I : kthread+0x140/0x150
01-01 05:55:52.250 0 0 I : ret_from_fork+0x10/0x1c
01-01 05:55:52.267 0 0 E : INFO: trying to register non-static key.
01-01 05:55:52.272 0 0 E : the code is fine but needs lockdep annotation.
01-01 05:55:52.278 0 0 I : CPU: 0 PID: 8 Comm: kworker/u16:0 Tainted: G S W O 4.19.157+ #1
01-01 05:55:52.278 0 0 I Hardware name: Qualcomm Technologies, Inc. kona MTP-RmPM8150b (DT)
01-01 05:55:52.278 0 0 I Workqueue: events_unbound ion_system_secure_heap_prefetch_work
01-01 05:55:52.278 0 0 I Call trace:
01-01 05:55:52.278 0 0 I : dump_backtrace+0x0/0x258
01-01 05:55:52.278 0 0 I : show_stack+0x20/0x30
01-01 05:55:52.278 0 0 I : dump_stack+0xd8/0x12c
01-01 05:55:52.278 0 0 I : register_lock_class+0x4d0/0x5c8
01-01 05:55:52.278 0 0 I : __lock_acquire+0xbc/0x1e58
01-01 05:55:52.278 0 0 I : lock_acquire+0x1cc/0x218
01-01 05:55:52.278 0 0 I : _raw_spin_lock_irqsave+0x54/0x98
01-01 05:55:52.278 0 0 I : ion_system_secure_heap_prefetch_work+0x94/0x2c0
01-01 05:55:52.278 0 0 I : process_one_work+0x38c/0x660
01-01 05:55:52.278 0 0 I : worker_thread+0x268/0x4b8
01-01 05:55:52.278 0 0 I : kthread+0x140/0x150
01-01 05:55:52.278 0 0 I : ret_from_fork+0x10/0x1c
08-16 16:52:14.443 1142 1243 W ActivityManager: Slow operation: 1302ms so far, now at startProcess: returned from zygote!
08-16 16:52:14.443 1142 1243 W ActivityManager: Slow operation: 1303ms so far, now at startProcess: done updating battery stats
08-16 16:52:14.443 1142 1243 W ActivityManager: Slow operation: 1303ms so far, now at startProcess: building log message
08-16 16:52:14.444 1142 1243 I ActivityManager: Start proc 2205:vendor.qti.qesdk.sysservice/1000 for added application vendor.qti.qesdk.sysservice
08-16 16:52:14.444 1142 1243 W ActivityManager: Slow operation: 1303ms so far, now at startProcess: starting to update pids map
08-16 16:52:14.444 1142 1243 W ActivityManager: Slow operation: 1303ms so far, now at startProcess: done updating pids map
08-16 16:52:14.444 1142 1243 W ActivityManager: Slow operation: 1299ms so far, now at startProcess: asking zygote to start proc
08-16 16:52:14.444 1142 1243 D CompatibilityChangeReporter: Compat change id reported: 143937733; UID 10122; state: ENABLED
08-16 16:52:14.455 1142 2204 I Telecom : CallAudioModeStateMachine: Message received: null.: TS.init->CAMSM.pM_1@AAA
08-16 16:52:14.462 1142 1142 I Telecom : MissedCallNotifierImpl: reloadFromDatabase: Boot not yet complete -- call log db may not be available. Deferring loading until boot complete for user 0: TS.init@AAA
08-16 16:52:14.469 1142 1142 D TelephonyRegistry: listen oscl: mHasNotifySubscriptionInfoChangedOccurred==false no callback
08-16 16:52:14.470 1142 1142 I Telecom : MissedCallNotifierImpl: reloadFromDatabase: Boot not yet complete -- call log db may not be available. Deferring loading until boot complete for user 0: TS.init@AAA
08-16 16:52:14.472 1142 1142 I Telecom : Class: TelecomSystem.INSTANCE being set
08-16 16:52:14.475 1142 1142 W Looper : Slow dispatch took 144ms main h=android.app.ActivityThread$H c=android.app.LoadedApk$ServiceDispatcher$RunConnection@ecfd9f4 m=0
08-16 16:52:14.482 1142 1142 D AutofillManagerService: Restriction did not change for user 0
08-16 16:52:14.483 1142 1243 W ActivityManager: Slow operation: 1339ms so far, now at startProcess: returned from zygote!
08-16 16:52:14.484 1142 1243 W ActivityManager: Slow operation: 1339ms so far, now at startProcess: done updating battery stats
08-16 16:52:14.484 1142 1243 W ActivityManager: Slow operation: 1339ms so far, now at startProcess: building log message
08-16 16:52:14.484 1142 1243 I ActivityManager: Start proc 2211:org.codeaurora.ims/u0a122 for added application org.codeaurora.ims
08-16 16:52:14.484 1142 1243 W ActivityManager: Slow operation: 1339ms so far, now at startProcess: starting to update pids map
08-16 16:52:14.485 1142 1243 W ActivityManager: Slow operation: 1340ms so far, now at startProcess: done updating pids map
08-16 16:52:14.485 1142 1243 W ActivityManager: Slow operation: 1338ms so far, now at startProcess: asking zygote to start proc
08-16 16:52:14.485 1142 1243 D CompatibilityChangeReporter: Compat change id reported: 143937733; UID 10132; state: DISABLED
08-16 16:52:14.485 1142 1142 D BluetoothManagerService: BluetoothServiceConnection: com.android.bluetooth.btservice.AdapterService
08-16 16:52:14.486 1142 1220 D BluetoothManagerService: MESSAGE_BLUETOOTH_SERVICE_CONNECTED: 1
01-01 05:55:52.281 0 0 E : INFO: trying to register non-static key.
01-01 05:55:52.286 0 0 E : the code is fine but needs lockdep annotation.
01-01 05:55:52.292 0 0 I : CPU: 0 PID: 8 Comm: kworker/u16:0 Tainted: G S W O 4.19.157+ #1
01-01 05:55:52.292 0 0 I Hardware name: Qualcomm Technologies, Inc. kona MTP-RmPM8150b (DT)
01-01 05:55:52.292 0 0 I Workqueue: events_unbound ion_system_secure_heap_prefetch_work
01-01 05:55:52.292 0 0 I Call trace:
01-01 05:55:52.292 0 0 I : dump_backtrace+0x0/0x258
01-01 05:55:52.292 0 0 I : show_stack+0x20/0x30
01-01 05:55:52.292 0 0 I : dump_stack+0xd8/0x12c
01-01 05:55:52.292 0 0 I : register_lock_class+0x4d0/0x5c8
01-01 05:55:52.292 0 0 I : __lock_acquire+0xbc/0x1e58
01-01 05:55:52.292 0 0 I : lock_acquire+0x1cc/0x218
01-01 05:55:52.292 0 0 I : _raw_spin_lock_irqsave+0x54/0x98
01-01 05:55:52.292 0 0 I : ion_system_secure_heap_prefetch_work+0x94/0x2c0
01-01 05:55:52.292 0 0 I : process_one_work+0x38c/0x660
01-01 05:55:52.292 0 0 I : worker_thread+0x268/0x4b8
01-01 05:55:52.292 0 0 I : kthread+0x140/0x150
01-01 05:55:52.292 0 0 I : ret_from_fork+0x10/0x1c
01-01 05:55:52.295 0 0 E : INFO: trying to register non-static key.
01-01 05:55:52.300 0 0 E : the code is fine but needs lockdep annotation.
01-01 05:55:52.306 0 0 I : CPU: 0 PID: 8 Comm: kworker/u16:0 Tainted: G S W O 4.19.157+ #1
01-01 05:55:52.306 0 0 I Hardware name: Qualcomm Technologies, Inc. kona MTP-RmPM8150b (DT)
01-01 05:55:52.306 0 0 I Workqueue: events_unbound ion_system_secure_heap_prefetch_work
01-01 05:55:52.306 0 0 I Call trace:
01-01 05:55:52.306 0 0 I : dump_backtrace+0x0/0x258
01-01 05:55:52.306 0 0 I : show_stack+0x20/0x30
01-01 05:55:52.306 0 0 I : dump_stack+0xd8/0x12c
01-01 05:55:52.306 0 0 I : register_lock_class+0x4d0/0x5c8
01-01 05:55:52.306 0 0 I : __lock_acquire+0xbc/0x1e58
01-01 05:55:52.306 0 0 I : lock_acquire+0x1cc/0x218
01-01 05:55:52.306 0 0 I : _raw_spin_lock_irqsave+0x54/0x98
01-01 05:55:52.306 0 0 I : ion_system_secure_heap_prefetch_work+0x94/0x2c0
01-01 05:55:52.306 0 0 I : process_one_work+0x38c/0x660
01-01 05:55:52.306 0 0 I : worker_thread+0x268/0x4b8
01-01 05:55:52.306 0 0 I : kthread+0x140/0x150
01-01 05:55:52.306 0 0 I : ret_from_fork+0x10/0x1c
01-01 05:55:52.308 0 0 E : INFO: trying to register non-static key.
01-01 05:55:52.313 0 0 E : the code is fine but needs lockdep annotation.
08-16 16:52:14.497 1142 1220 D BluetoothManagerService: MESSAGE_INFORM_ADAPTER_SERVICE_UP
08-16 16:52:14.497 1142 1220 D BluetoothManagerService: Broadcasting onBluetoothServiceUp() to 3 receivers.
08-16 16:52:14.505 1142 1220 D BluetoothManagerService: MESSAGE_BLUETOOTH_STATE_CHANGE: OFF > BLE_TURNING_ON
08-16 16:52:14.505 1142 1220 D BluetoothManagerService: Sending BLE State Change: OFF > BLE_TURNING_ON
08-16 16:52:14.523 1142 1142 D TelephonyRegistry: notifyCellLocationForSubscriber: subId=2147483647 cellIdentity=null
08-16 16:52:14.523 1822 1822 W CarrierConfigManager: Error getting config for subId -1 ICarrierConfigLoader is null
08-16 16:52:14.529 1142 1142 D TelephonyRegistry: notifyCellLocationForSubscriber: subId=2147483647 cellIdentity=null
08-16 16:52:14.533 1142 1142 I ConnectivityModuleConnector: Networking module service connected
01-01 05:55:52.319 0 0 I : CPU: 0 PID: 8 Comm: kworker/u16:0 Tainted: G S W O 4.19.157+ #1
01-01 05:55:52.319 0 0 I Hardware name: Qualcomm Technologies, Inc. kona MTP-RmPM8150b (DT)
01-01 05:55:52.319 0 0 I Workqueue: events_unbound ion_system_secure_heap_prefetch_work
01-01 05:55:52.319 0 0 I Call trace:
01-01 05:55:52.319 0 0 I : dump_backtrace+0x0/0x258
01-01 05:55:52.319 0 0 I : show_stack+0x20/0x30
01-01 05:55:52.319 0 0 I : dump_stack+0xd8/0x12c
01-01 05:55:52.319 0 0 I : register_lock_class+0x4d0/0x5c8
01-01 05:55:52.319 0 0 I : __lock_acquire+0xbc/0x1e58
01-01 05:55:52.319 0 0 I : lock_acquire+0x1cc/0x218
01-01 05:55:52.319 0 0 I : _raw_spin_lock_irqsave+0x54/0x98
01-01 05:55:52.319 0 0 I : ion_system_secure_heap_prefetch_work+0x94/0x2c0
01-01 05:55:52.319 0 0 I : process_one_work+0x38c/0x660
01-01 05:55:52.319 0 0 I : worker_thread+0x268/0x4b8
01-01 05:55:52.319 0 0 I : kthread+0x140/0x150
01-01 05:55:52.319 0 0 I : ret_from_fork+0x10/0x1c
01-01 05:55:52.325 0 0 I binder : 2205:2205 ioctl 40046210 7fe0a4c4c4 returned -22
01-01 05:55:52.330 0 0 E : INFO: trying to register non-static key.
01-01 05:55:52.335 0 0 E : the code is fine but needs lockdep annotation.
01-01 05:55:52.341 0 0 I : CPU: 0 PID: 8 Comm: kworker/u16:0 Tainted: G S W O 4.19.157+ #1
01-01 05:55:52.341 0 0 I Hardware name: Qualcomm Technologies, Inc. kona MTP-RmPM8150b (DT)
01-01 05:55:52.341 0 0 I Workqueue: events_unbound ion_system_secure_heap_prefetch_work
01-01 05:55:52.341 0 0 I Call trace:
01-01 05:55:52.341 0 0 I : dump_backtrace+0x0/0x258
01-01 05:55:52.341 0 0 I : show_stack+0x20/0x30
01-01 05:55:52.341 0 0 I : dump_stack+0xd8/0x12c
01-01 05:55:52.341 0 0 I : register_lock_class+0x4d0/0x5c8
01-01 05:55:52.341 0 0 I : __lock_acquire+0xbc/0x1e58
01-01 05:55:52.341 0 0 I : lock_acquire+0x1cc/0x218
01-01 05:55:52.341 0 0 I : _raw_spin_lock_irqsave+0x54/0x98
01-01 05:55:52.341 0 0 I : ion_system_secure_heap_prefetch_work+0x94/0x2c0
01-01 05:55:52.341 0 0 I : process_one_work+0x38c/0x660
01-01 05:55:52.341 0 0 I : worker_thread+0x268/0x4b8
01-01 05:55:52.341 0 0 I : kthread+0x140/0x150
01-01 05:55:52.341 0 0 I : ret_from_fork+0x10/0x1c
01-01 05:55:52.344 0 0 E : INFO: trying to register non-static key.
01-01 05:55:52.349 0 0 E : the code is fine but needs lockdep annotation.
01-01 05:55:52.355 0 0 I : CPU: 0 PID: 8 Comm: kworker/u16:0 Tainted: G S W O 4.19.157+ #1
01-01 05:55:52.355 0 0 I Hardware name: Qualcomm Technologies, Inc. kona MTP-RmPM8150b (DT)
01-01 05:55:52.355 0 0 I Workqueue: events_unbound ion_system_secure_heap_prefetch_work
01-01 05:55:52.355 0 0 I Call trace:
01-01 05:55:52.355 0 0 I : dump_backtrace+0x0/0x258
01-01 05:55:52.355 0 0 I : show_stack+0x20/0x30
01-01 05:55:52.355 0 0 I : dump_stack+0xd8/0x12c
01-01 05:55:52.355 0 0 I : register_lock_class+0x4d0/0x5c8
01-01 05:55:52.355 0 0 I : __lock_acquire+0xbc/0x1e58
01-01 05:55:52.355 0 0 I : lock_acquire+0x1cc/0x218
01-01 05:55:52.355 0 0 I : _raw_spin_lock_irqsave+0x54/0x98
01-01 05:55:52.355 0 0 I : ion_system_secure_heap_prefetch_work+0x94/0x2c0
01-01 05:55:52.355 0 0 I : process_one_work+0x38c/0x660
01-01 05:55:52.355 0 0 I : worker_thread+0x268/0x4b8
01-01 05:55:52.355 0 0 I : kthread+0x140/0x150
01-01 05:55:52.355 0 0 I : ret_from_fork+0x10/0x1c
01-01 05:55:52.356 0 0 I binder : 2211:2211 ioctl 40046210 7fe0a4c4c4 returned -22
01-01 05:55:52.358 0 0 E : INFO: trying to register non-static key.
01-01 05:55:52.360 0 0 I msm_vidc: high: 00000001: ....d: Opening video instance: ffffffed1e468000, 1
01-01 05:55:52.363 0 0 E : the code is fine but needs lockdep annotation.
01-01 05:55:52.363 0 0 I : CPU: 0 PID: 8 Comm: kworker/u16:0 Tainted: G S W O 4.19.157+ #1
01-01 05:55:52.363 0 0 I Hardware name: Qualcomm Technologies, Inc. kona MTP-RmPM8150b (DT)
01-01 05:55:52.363 0 0 I Workqueue: events_unbound ion_system_secure_heap_prefetch_work
01-01 05:55:52.363 0 0 I Call trace:
01-01 05:55:52.363 0 0 I : dump_backtrace+0x0/0x258
01-01 05:55:52.363 0 0 I : show_stack+0x20/0x30
01-01 05:55:52.368 0 0 I : dump_stack+0xd8/0x12c
01-01 05:55:52.368 0 0 I : register_lock_class+0x4d0/0x5c8
01-01 05:55:52.368 0 0 I : __lock_acquire+0xbc/0x1e58
01-01 05:55:52.368 0 0 I : lock_acquire+0x1cc/0x218
01-01 05:55:52.368 0 0 I : _raw_spin_lock_irqsave+0x54/0x98
01-01 05:55:52.368 0 0 I : ion_system_secure_heap_prefetch_work+0x94/0x2c0
01-01 05:55:52.368 0 0 I : process_one_work+0x38c/0x660
01-01 05:55:52.368 0 0 I : worker_thread+0x268/0x4b8
01-01 05:55:52.368 0 0 I : kthread+0x140/0x150
01-01 05:55:52.368 0 0 I : ret_from_fork+0x10/0x1c
01-01 05:55:52.381 0 0 E : INFO: trying to register non-static key.
01-01 05:55:52.386 0 0 E : the code is fine but needs lockdep annotation.
01-01 05:55:52.392 0 0 I : CPU: 0 PID: 8 Comm: kworker/u16:0 Tainted: G S W O 4.19.157+ #1
01-01 05:55:52.392 0 0 I Hardware name: Qualcomm Technologies, Inc. kona MTP-RmPM8150b (DT)
01-01 05:55:52.392 0 0 I Workqueue: events_unbound ion_system_secure_heap_prefetch_work
01-01 05:55:52.392 0 0 I Call trace:
01-01 05:55:52.392 0 0 I : dump_backtrace+0x0/0x258
01-01 05:55:52.392 0 0 I : show_stack+0x20/0x30
01-01 05:55:52.392 0 0 I : dump_stack+0xd8/0x12c
01-01 05:55:52.392 0 0 I : register_lock_class+0x4d0/0x5c8
01-01 05:55:52.392 0 0 I : __lock_acquire+0xbc/0x1e58
01-01 05:55:52.392 0 0 I : lock_acquire+0x1cc/0x218
01-01 05:55:52.392 0 0 I : _raw_spin_lock_irqsave+0x54/0x98
01-01 05:55:52.392 0 0 I : ion_system_secure_heap_prefetch_work+0x94/0x2c0
01-01 05:55:52.392 0 0 I : process_one_work+0x38c/0x660
01-01 05:55:52.392 0 0 I : worker_thread+0x268/0x4b8
01-01 05:55:52.392 0 0 I : kthread+0x140/0x150
01-01 05:55:52.392 0 0 I : ret_from_fork+0x10/0x1c
08-16 16:52:14.541 1142 1142 I Telecom : WiredHeadsetManager: ACTION_HEADSET_PLUG event, plugged in: false, : WHC.oADA@AAE
08-16 16:52:14.543 1142 1758 D CompatibilityChangeReporter: Compat change id reported: 168419799; UID 1000; state: DISABLED
08-16 16:52:14.549 1142 1142 D CompanionDeviceManagerService: Received BT state transition broadcast: OFF -> BLE_TURNING_ON
01-01 05:55:52.408 0 0 E : INFO: trying to register non-static key.
01-01 05:55:52.411 0 0 I binder : 2179:2179 ioctl 40046210 7fe0a4c4c4 returned -22
01-01 05:55:52.413 0 0 E : the code is fine but needs lockdep annotation.
01-01 05:55:52.413 0 0 I : CPU: 0 PID: 8 Comm: kworker/u16:0 Tainted: G S W O 4.19.157+ #1
01-01 05:55:52.413 0 0 I Hardware name: Qualcomm Technologies, Inc. kona MTP-RmPM8150b (DT)
01-01 05:55:52.413 0 0 I Workqueue: events_unbound ion_system_secure_heap_prefetch_work
01-01 05:55:52.413 0 0 I Call trace:
01-01 05:55:52.413 0 0 I : dump_backtrace+0x0/0x258
01-01 05:55:52.413 0 0 I : show_stack+0x20/0x30
01-01 05:55:52.413 0 0 I : dump_stack+0xd8/0x12c
01-01 05:55:52.413 0 0 I : register_lock_class+0x4d0/0x5c8
01-01 05:55:52.413 0 0 I : __lock_acquire+0xbc/0x1e58
01-01 05:55:52.413 0 0 I : lock_acquire+0x1cc/0x218
01-01 05:55:52.413 0 0 I : _raw_spin_lock_irqsave+0x54/0x98
01-01 05:55:52.413 0 0 I : ion_system_secure_heap_prefetch_work+0x94/0x2c0
01-01 05:55:52.413 0 0 I : process_one_work+0x38c/0x660
01-01 05:55:52.413 0 0 I : worker_thread+0x268/0x4b8
01-01 05:55:52.413 0 0 I : kthread+0x140/0x150
01-01 05:55:52.413 0 0 I : ret_from_fork+0x10/0x1c
01-01 05:55:52.416 0 0 E : INFO: trying to register non-static key.
01-01 05:55:52.424 0 0 E : the code is fine but needs lockdep annotation.
01-01 05:55:52.430 0 0 I : CPU: 0 PID: 8 Comm: kworker/u16:0 Tainted: G S W O 4.19.157+ #1
01-01 05:55:52.430 0 0 I Hardware name: Qualcomm Technologies, Inc. kona MTP-RmPM8150b (DT)
01-01 05:55:52.430 0 0 I Workqueue: events_unbound ion_system_secure_heap_prefetch_work
01-01 05:55:52.430 0 0 I Call trace:
01-01 05:55:52.430 0 0 I : dump_backtrace+0x0/0x258
01-01 05:55:52.430 0 0 I : show_stack+0x20/0x30
01-01 05:55:52.430 0 0 I : dump_stack+0xd8/0x12c
01-01 05:55:52.430 0 0 I : register_lock_class+0x4d0/0x5c8
01-01 05:55:52.430 0 0 I : __lock_acquire+0xbc/0x1e58
01-01 05:55:52.430 0 0 I : lock_acquire+0x1cc/0x218
01-01 05:55:52.430 0 0 I : _raw_spin_lock_irqsave+0x54/0x98
01-01 05:55:52.430 0 0 I : ion_system_secure_heap_prefetch_work+0x94/0x2c0
01-01 05:55:52.430 0 0 I : process_one_work+0x38c/0x660
01-01 05:55:52.430 0 0 I : worker_thread+0x268/0x4b8
01-01 05:55:52.430 0 0 I : kthread+0x140/0x150
01-01 05:55:52.430 0 0 I : ret_from_fork+0x10/0x1c
08-16 16:52:14.555 1142 1142 W NotificationHistory: Attempted to add notif for locked/gone/disabled user 0
08-16 16:52:14.557 1142 1142 W Looper : Drained
08-16 16:52:14.561 1142 1758 D TelephonyRegistry: listen oscl: mHasNotifySubscriptionInfoChangedOccurred==false no callback
08-16 16:52:14.564 1142 1170 D CompatibilityChangeReporter: Compat change id reported: 168419799; UID 1002; state: DISABLED
08-16 16:52:14.564 1142 1982 D CompatibilityChangeReporter: Compat change id reported: 182478738; UID 1073; state: DISABLED
08-16 16:52:14.574 1142 1170 D CompatibilityChangeReporter: Compat change id reported: 168419799; UID 10122; state: DISABLED
08-16 16:52:14.596 1142 1142 I ConnectivityModuleConnector: Networking module service connected
01-01 05:55:52.433 0 0 E : INFO: trying to register non-static key.
08-16 16:52:14.624 1142 1243 W ActivityManager: Slow operation: 1477ms so far, now at startProcess: returned from zygote!
08-16 16:52:14.625 1142 1243 W ActivityManager: Slow operation: 1479ms so far, now at startProcess: done updating battery stats
08-16 16:52:14.626 1142 1243 W ActivityManager: Slow operation: 1479ms so far, now at startProcess: building log message
08-16 16:52:14.626 1142 1243 I ActivityManager: Start proc 2262:com.qti.qualcomm.mstatssystemservice/u0a132 for added application com.qti.qualcomm.mstatssystemservice
08-16 16:52:14.626 1142 1243 W ActivityManager: Slow operation: 1479ms so far, now at startProcess: starting to update pids map
08-16 16:52:14.626 1142 1243 W ActivityManager: Slow operation: 1480ms so far, now at startProcess: done updating pids map
08-16 16:52:14.626 1142 1243 W ActivityManager: Slow operation: 1478ms so far, now at startProcess: asking zygote to start proc
08-16 16:52:14.632 1142 1758 D CompatibilityChangeReporter: Compat change id reported: 168419799; UID 10126; state: DISABLED
01-01 05:55:52.438 0 0 E : the code is fine but needs lockdep annotation.
01-01 05:55:52.444 0 0 I : CPU: 0 PID: 8 Comm: kworker/u16:0 Tainted: G S W O 4.19.157+ #1
01-01 05:55:52.444 0 0 I Hardware name: Qualcomm Technologies, Inc. kona MTP-RmPM8150b (DT)
01-01 05:55:52.444 0 0 I Workqueue: events_unbound ion_system_secure_heap_prefetch_work
01-01 05:55:52.444 0 0 I Call trace:
01-01 05:55:52.444 0 0 I : dump_backtrace+0x0/0x258
01-01 05:55:52.444 0 0 I : show_stack+0x20/0x30
01-01 05:55:52.444 0 0 I : dump_stack+0xd8/0x12c
01-01 05:55:52.444 0 0 I : register_lock_class+0x4d0/0x5c8
01-01 05:55:52.444 0 0 I : __lock_acquire+0xbc/0x1e58
01-01 05:55:52.444 0 0 I : lock_acquire+0x1cc/0x218
01-01 05:55:52.444 0 0 I : _raw_spin_lock_irqsave+0x54/0x98
01-01 05:55:52.444 0 0 I : ion_system_secure_heap_prefetch_work+0x94/0x2c0
01-01 05:55:52.444 0 0 I : process_one_work+0x38c/0x660
01-01 05:55:52.444 0 0 I : worker_thread+0x268/0x4b8
01-01 05:55:52.444 0 0 I : kthread+0x140/0x150
01-01 05:55:52.444 0 0 I : ret_from_fork+0x10/0x1c
