01-01 00:48:23.257 I/libprocessgroup( 0): Successfully killed process cgroup uid 1000 pid 1780 in 0ms
01-01 00:48:23.269 I/init ( 0): Service 'qvrd_vndr' (pid 1768) exited with status 1
01-01 00:48:23.275 I/init ( 0): Sending signal 9 to service 'qvrd_vndr' (pid 1768) process group...
01-01 00:48:23.284 I/libprocessgroup( 0): Successfully killed process cgroup uid 1000 pid 1768 in 0ms
08-22 18:24:15.487 F/linker ( 1780): CANNOT LINK EXECUTABLE "/vendor/bin/hw/sxrservice": library "vendor.qti.hardware.qxr-V1-ndk_platform.so" not found: needed by main executable
08-22 18:24:15.489 F/linker ( 1768): CANNOT LINK EXECUTABLE "/vendor/bin/hw/qvrservice": library "vendor.qti.hardware.qxr-V1-ndk_platform.so" not found: needed by /vendor/lib64/libqvrservice.so in namespace (default)
01-01 00:48:23.496 D/ ( 0): mv2112_read_status
01-01 00:48:23.501 D/mv2112_update_link( 0): 3.0x901(1G): 0x80
01-01 00:48:23.506 D/mv2112_update_link( 0): 3.0x8109(100M): 0x0
01-01 00:48:23.511 D/mv2112_update_link( 0): link 0x0
01-01 00:48:23.517 D/mv2112_read_status( 0): autoneg is disabled
08-22 18:24:16.011 D/AutofillManagerService( 1164): onBackKeyPressed()
08-22 18:24:16.532 W/ActivityTaskManager( 1164): Can't find TaskDisplayArea to determine support for multi window. Task id=20 attached=false
08-22 18:24:16.532 W/ActivityTaskManager( 1164): Can't find TaskDisplayArea to determine support for multi window. Task id=20 attached=false
01-01 00:48:24.520 D/ ( 0): mv2112_read_status
01-01 00:48:24.526 D/mv2112_update_link( 0): 3.0x901(1G): 0x80
01-01 00:48:24.534 D/mv2112_update_link( 0): 3.0x8109(100M): 0x0
01-01 00:48:24.539 D/mv2112_update_link( 0): link 0x0
01-01 00:48:24.543 D/mv2112_read_status( 0): autoneg is disabled
01-01 00:48:24.647 I/[schedu][0xbc8ccf59a][18:24:16.893919] wlan( 0): [13930:I:OSIF] scan start scan id 40993
08-22 18:24:17.551 W/WindowManager( 1164): removeWindowToken: Attempted to remove non-existing token: android.os.Binder@cae4a78
01-01 00:48:25.576 D/ ( 0): mv2112_read_status
01-01 00:48:25.582 D/mv2112_update_link( 0): 3.0x901(1G): 0x80
01-01 00:48:25.587 D/mv2112_update_link( 0): 3.0x8109(100M): 0x0
01-01 00:48:25.593 D/mv2112_update_link( 0): link 0x0
01-01 00:48:25.597 D/mv2112_read_status( 0): autoneg is disabled
01-01 00:48:26.041 I/[schedu][0xbca657e75][18:24:18.288383] wlan( 0): [13930:I:OSIF] vdev 0, scan id 40993 type COMPLETED(1) reason COMPLETED(1) scan found 65 bss
01-01 00:48:26.601 D/ ( 0): mv2112_read_status
01-01 00:48:26.608 D/mv2112_update_link( 0): 3.0x901(1G): 0x80
01-01 00:48:26.615 D/mv2112_update_link( 0): 3.0x8109(100M): 0x0
01-01 00:48:26.620 D/mv2112_update_link( 0): link 0x0
01-01 00:48:26.627 D/mv2112_read_status( 0): autoneg is disabled
08-22 18:24:19.543 E/TaskPersister( 1164): File error accessing recents directory (directory doesn't exist?).
01-01 00:48:27.656 D/ ( 0): mv2112_read_status
01-01 00:48:27.660 D/mv2112_update_link( 0): 3.0x901(1G): 0x80
01-01 00:48:27.666 D/mv2112_update_link( 0): 3.0x8109(100M): 0x0
01-01 00:48:27.672 D/mv2112_update_link( 0): link 0x0
01-01 00:48:27.676 D/mv2112_read_status( 0): autoneg is disabled
01-01 00:48:28.206 I/init ( 0): starting service 'qvrd_vndr'...
01-01 00:48:28.214 I/init ( 0): Created socket '/dev/socket/qvrservice_vndr', mode 660, user 1000, group 1000
01-01 00:48:28.225 I/init ( 0): Created socket '/dev/socket/qvrservice_vndr_camera', mode 660, user 1000, group 1000
01-01 00:48:28.250 I/init ( 0): starting service 'sxrd'...
01-01 00:48:28.274 I/init ( 0): Service 'sxrd' (pid 4036) exited with status 1
01-01 00:48:28.280 I/init ( 0): Sending signal 9 to service 'sxrd' (pid 4036) process group...
01-01 00:48:28.288 I/libprocessgroup( 0): Successfully killed process cgroup uid 1000 pid 4036 in 0ms
01-01 00:48:28.298 I/init ( 0): Service 'qvrd_vndr' (pid 4031) exited with status 1
01-01 00:48:28.305 I/init ( 0): Sending signal 9 to service 'qvrd_vndr' (pid 4031) process group...
01-01 00:48:28.313 I/libprocessgroup( 0): Successfully killed process cgroup uid 1000 pid 4031 in 0ms
08-22 18:24:20.519 F/linker ( 4036): CANNOT LINK EXECUTABLE "/vendor/bin/hw/sxrservice": library "vendor.qti.hardware.qxr-V1-ndk_platform.so" not found: needed by main executable
08-22 18:24:20.525 F/linker ( 4031): CANNOT LINK EXECUTABLE "/vendor/bin/hw/qvrservice": library "vendor.qti.hardware.qxr-V1-ndk_platform.so" not found: needed by /vendor/lib64/libqvrservice.so in namespace (default)
01-01 00:48:28.680 D/ ( 0): mv2112_read_status
01-01 00:48:28.685 D/mv2112_update_link( 0): 3.0x901(1G): 0x80
01-01 00:48:28.694 D/mv2112_update_link( 0): 3.0x8109(100M): 0x0
01-01 00:48:28.699 D/mv2112_update_link( 0): link 0x0
01-01 00:48:28.703 D/mv2112_read_status( 0): autoneg is disabled
01-01 00:48:29.736 D/ ( 0): mv2112_read_status
01-01 00:48:29.742 D/mv2112_update_link( 0): 3.0x901(1G): 0x80
01-01 00:48:29.748 D/mv2112_update_link( 0): 3.0x8109(100M): 0x0
01-01 00:48:29.754 D/mv2112_update_link( 0): link 0x0
01-01 00:48:29.758 D/mv2112_read_status( 0): autoneg is disabled
01-01 00:48:30.761 D/ ( 0): mv2112_read_status
01-01 00:48:30.766 D/mv2112_update_link( 0): 3.0x901(1G): 0x80
01-01 00:48:30.772 D/mv2112_update_link( 0): 3.0x8109(100M): 0x0
01-01 00:48:30.778 D/mv2112_update_link( 0): link 0x0
01-01 00:48:30.782 D/mv2112_read_status( 0): autoneg is disabled
01-01 00:48:31.238 I/afe_find_cal_topo_id_by_port( 0): port id: 0x9000, dev_acdb_id: 0
01-01 00:48:31.245 I/afe_find_cal_topo_id_by_port( 0): top_id:112fc acdb_id:15 afe_port:0x9000
01-01 00:48:31.253 I/afe_get_cal_topology_id( 0): port_id = 0x9000 acdb_id = 15 topology_id = 0x112fc cal_type_index=8 ret=0
01-01 00:48:31.264 I/afe_send_port_topology_id( 0): AFE set topology id 0x112fc enable for port 0x9000 ret 0
01-01 00:48:31.274 I/send_afe_cal_type( 0): cal_index is 0
01-01 00:48:31.278 I/send_afe_cal_type( 0): dev_acdb_id[55] is 0
01-01 00:48:31.283 I/send_afe_cal_type( 0): Sending cal_index cal 0
01-01 00:48:31.289 E/send_afe_cal_type( 0): No cal sent for cal_index 0, port_id = 0x9000! ret -22
01-01 00:48:31.298 I/afe_send_hw_delay( 0): port_id 0x9000 rate 48000 delay_usec 474 status 0
08-22 18:24:23.456 I/ActivityTaskManager( 1164): START u0 {act=android.intent.action.MAIN cat=[android.intent.category.LAUNCHER] flg=0x10200000 cmp=com.android.settings/.Settings bnds=[36,402][335,699]} from uid 10106
08-22 18:24:23.474 D/CompatibilityChangeReporter( 1164): Compat change id reported: 168419799; UID 1000; state: DISABLED
08-22 18:24:23.481 D/PhoneStartingWindowTypeAlgorithm( 2258): preferredStartingWindowType newTask:false taskSwitch:true processRunning:true allowTaskSnapshot:true activityCreated:true useEmptySplashScreen:true legacySplashScreen:false topIsHome:false
08-22 18:24:23.482 D/PhoneStartingWindowTypeAlgorithm( 2258): isSnapshotCompatible no snapshot 13
08-22 18:24:23.483 D/StartingSurfaceDrawer( 2258): addSplashScreen com.android.settings theme=7f13033e task=13 suggestType=3
08-22 18:24:23.489 D/StartingSurfaceDrawer( 2258): window attributes color: 0 icon null duration 0 brandImage null
08-22 18:24:23.489 D/StartingSurfaceDrawer( 2258): fillViewWithIcon surfaceWindowView android.window.SplashScreenView{510758a V.E...... ......ID 0,0-0,0}
08-22 18:24:23.490 D/CompatibilityChangeReporter( 1164): Compat change id reported: 181136395; UID 1000; state: DISABLED
08-22 18:24:23.491 D/CompatibilityChangeReporter( 1164): Compat change id reported: 174042936; UID 1000; state: DISABLED
08-22 18:24:23.510 W/UsageStatsService( 1164): Unexpected activity event reported! (com.android.settings/com.android.settings.SubSettings event : 23 instanceId : 149815412)
08-22 18:24:23.556 D/StartingSurfaceDrawer( 2258): Task start finish, remove starting surface for task 13
08-22 18:24:23.557 V/StartingSurfaceDrawer( 2258): Removing splash screen window for task: 13
01-01 00:48:31.784 D/ ( 0): mv2112_read_status
01-01 00:48:31.788 D/mv2112_update_link( 0): 3.0x901(1G): 0x80
01-01 00:48:31.794 D/mv2112_update_link( 0): 3.0x8109(100M): 0x0
01-01 00:48:31.799 D/mv2112_update_link( 0): link 0x0
01-01 00:48:31.804 D/mv2112_read_status( 0): autoneg is disabled
01-01 00:48:32.809 D/ ( 0): mv2112_read_status
01-01 00:48:32.812 D/mv2112_update_link( 0): 3.0x901(1G): 0x80
01-01 00:48:32.818 D/mv2112_update_link( 0): 3.0x8109(100M): 0x0
01-01 00:48:32.823 D/mv2112_update_link( 0): link 0x0
01-01 00:48:32.828 D/mv2112_read_status( 0): autoneg is disabled
01-01 00:48:33.250 I/init ( 0): starting service 'qvrd_vndr'...
01-01 00:48:33.256 I/init ( 0): Created socket '/dev/socket/qvrservice_vndr', mode 660, user 1000, group 1000
01-01 00:48:33.267 I/init ( 0): Created socket '/dev/socket/qvrservice_vndr_camera', mode 660, user 1000, group 1000
01-01 00:48:33.288 I/init ( 0): starting service 'sxrd'...
01-01 00:48:33.309 I/init ( 0): Service 'qvrd_vndr' (pid 5890) exited with status 1
01-01 00:48:33.315 I/init ( 0): Sending signal 9 to service 'qvrd_vndr' (pid 5890) process group...
01-01 00:48:33.324 I/libprocessgroup( 0): Successfully killed process cgroup uid 1000 pid 5890 in 0ms
01-01 00:48:33.333 I/init ( 0): Service 'sxrd' (pid 5897) exited with status 1
01-01 00:48:33.339 I/init ( 0): Sending signal 9 to service 'sxrd' (pid 5897) process group...
01-01 00:48:33.347 I/libprocessgroup( 0): Successfully killed process cgroup uid 1000 pid 5897 in 0ms
08-22 18:24:25.554 F/linker ( 5890): CANNOT LINK EXECUTABLE "/vendor/bin/hw/qvrservice": library "vendor.qti.hardware.qxr-V1-ndk_platform.so" not found: needed by /vendor/lib64/libqvrservice.so in namespace (default)
08-22 18:24:25.557 F/linker ( 5897): CANNOT LINK EXECUTABLE "/vendor/bin/hw/sxrservice": library "vendor.qti.hardware.qxr-V1-ndk_platform.so" not found: needed by main executable
01-01 00:48:33.864 D/ ( 0): mv2112_read_status
01-01 00:48:33.868 D/mv2112_update_link( 0): 3.0x901(1G): 0x80
01-01 00:48:33.873 D/mv2112_update_link( 0): 3.0x8109(100M): 0x0
01-01 00:48:33.880 D/mv2112_update_link( 0): link 0x0
01-01 00:48:33.885 D/mv2112_read_status( 0): autoneg is disabled
08-22 18:24:26.130 I/ActivityTaskManager( 1164): START u0 {act=android.intent.action.MAIN cmp=com.android.settings/.SubSettings (has extras)} from uid 1000
08-22 18:24:26.137 D/CompatibilityChangeReporter( 1164): Compat change id reported: 174042980; UID 1000; state: DISABLED
08-22 18:24:26.157 I/ActivityTaskManager( 1164): The Process com.android.settings Already Exists in BG. So sending its PID: 11753
08-22 18:24:26.160 W/ActivityTaskManager( 1164): Tried to set launchTime (0) < mLastActivityLaunchTime (2395342)
08-22 18:24:26.231 W/BroadcastQueue( 1164): Permission Denial: broadcasting Intent { act=android.net.conn.CONNECTIVITY_CHANGE flg=0x4200010 (has extras) } from null (pid=-1, uid=-1) requires android.permission.CHANGE_NETWORK_STATE due to registered receiver BroadcastFilter{17fb6e7 1000/u0 ReceiverList{fafdca6 11753 com.android.settings/1000/u0 remote:45c1601}}
08-22 18:24:26.231 W/BroadcastQueue( 1164): Permission Denial: broadcasting Intent { act=android.net.wifi.STATE_CHANGE flg=0x4000010 (has extras) } from null (pid=-1, uid=-1) requires android.permission.CHANGE_NETWORK_STATE due to registered receiver BroadcastFilter{17fb6e7 1000/u0 ReceiverList{fafdca6 11753 com.android.settings/1000/u0 remote:45c1601}}
08-22 18:24:26.232 W/BroadcastQueue( 1164): Permission Denial: broadcasting Intent { act=android.net.conn.CONNECTIVITY_CHANGE flg=0x4200010 (has extras) } from null (pid=-1, uid=-1) requires android.permission.CHANGE_NETWORK_STATE due to registered receiver BroadcastFilter{f6d1d32 1000/u0 ReceiverList{173113d 11753 com.android.settings/1000/u0 remote:ac57294}}
08-22 18:24:26.232 W/BroadcastQueue( 1164): Permission Denial: broadcasting Intent { act=android.net.wifi.STATE_CHANGE flg=0x4000010 (has extras) } from null (pid=-1, uid=-1) requires android.permission.CHANGE_NETWORK_STATE due to registered receiver BroadcastFilter{f6d1d32 1000/u0 ReceiverList{173113d 11753 com.android.settings/1000/u0 remote:ac57294}}
08-22 18:24:26.234 W/FeatureConnector(11753): [ImsConnector, 0] connect: not supported.
08-22 18:24:26.241 D/PackageManager( 1164): Instant App installer not found with android.intent.action.INSTALL_INSTANT_APP_PACKAGE
08-22 18:24:26.241 D/PackageManager( 1164): Clear ephemeral installer activity
08-22 18:24:26.297 D/PackageManager( 1164): Instant App installer not found with android.intent.action.INSTALL_INSTANT_APP_PACKAGE
08-22 18:24:26.297 D/PackageManager( 1164): Clear ephemeral installer activity
08-22 18:24:27.041 E/TaskPersister( 1164): File error accessing recents directory (directory doesn't exist?).
01-01 00:48:34.888 D/ ( 0): mv2112_read_status
01-01 00:48:34.896 D/mv2112_update_link( 0): 3.0x901(1G): 0x80
01-01 00:48:34.904 D/mv2112_update_link( 0): 3.0x8109(100M): 0x0
01-01 00:48:34.910 D/mv2112_update_link( 0): link 0x0
01-01 00:48:34.914 D/mv2112_read_status( 0): autoneg is disabled
01-01 00:48:35.074 I/binder ( 0): 6416:6416 ioctl 40046210 7fd6842ef4 returned -22
08-22 18:24:27.256 D/CompanionDeviceManagerService( 1164): onPackageModified(packageName = com.android.settings)
08-22 18:24:27.269 I/Telecom ( 1164): DefaultDialerCache: Refreshing default dialer for user 0: now null: DDC.oR@AYU
08-22 18:24:27.335 W/VoiceInteractionManager( 1164): no available voice recognition services found for user 0
01-01 00:48:35.944 D/ ( 0): mv2112_read_status
01-01 00:48:35.948 D/mv2112_update_link( 0): 3.0x901(1G): 0x80
01-01 00:48:35.954 D/mv2112_update_link( 0): 3.0x8109(100M): 0x0
01-01 00:48:35.959 D/mv2112_update_link( 0): link 0x0
01-01 00:48:35.963 D/mv2112_read_status( 0): autoneg is disabled
01-01 00:48:36.976 D/ ( 0): mv2112_read_status
01-01 00:48:36.980 D/mv2112_update_link( 0): 3.0x901(1G): 0x80
01-01 00:48:36.985 D/mv2112_update_link( 0): 3.0x8109(100M): 0x0
01-01 00:48:36.992 D/mv2112_update_link( 0): link 0x0
01-01 00:48:36.996 D/mv2112_read_status( 0): autoneg is disabled
08-22 18:24:29.985 D/AutofillManagerService( 1164): onBackKeyPressed()
01-01 00:48:38.030 D/ ( 0): mv2112_read_status
01-01 00:48:38.035 D/mv2112_update_link( 0): 3.0x901(1G): 0x80
01-01 00:48:38.041 D/mv2112_update_link( 0): 3.0x8109(100M): 0x0
01-01 00:48:38.046 D/mv2112_update_link( 0): link 0x0
01-01 00:48:38.050 D/mv2112_read_status( 0): autoneg is disabled
01-01 00:48:38.286 I/init ( 0): starting service 'qvrd_vndr'...
01-01 00:48:38.292 I/init ( 0): Created socket '/dev/socket/qvrservice_vndr', mode 660, user 1000, group 1000
01-01 00:48:38.302 I/init ( 0): Created socket '/dev/socket/qvrservice_vndr_camera', mode 660, user 1000, group 1000
01-01 00:48:38.323 I/init ( 0): starting service 'sxrd'...
01-01 00:48:38.343 I/init ( 0): Service 'qvrd_vndr' (pid 7336) exited with status 1
01-01 00:48:38.349 I/init ( 0): Sending signal 9 to service 'qvrd_vndr' (pid 7336) process group...
01-01 00:48:38.358 I/libprocessgroup( 0): Successfully killed process cgroup uid 1000 pid 7336 in 0ms
01-01 00:48:38.368 I/init ( 0): Service 'sxrd' (pid 7341) exited with status 1
01-01 00:48:38.374 I/init ( 0): Sending signal 9 to service 'sxrd' (pid 7341) process group...
01-01 00:48:38.382 I/libprocessgroup( 0): Successfully killed process cgroup uid 1000 pid 7341 in 0ms
08-22 18:24:30.588 F/linker ( 7336): CANNOT LINK EXECUTABLE "/vendor/bin/hw/qvrservice": library "vendor.qti.hardware.qxr-V1-ndk_platform.so" not found: needed by /vendor/lib64/libqvrservice.so in namespace (default)
08-22 18:24:30.591 F/linker ( 7341): CANNOT LINK EXECUTABLE "/vendor/bin/hw/sxrservice": library "vendor.qti.hardware.qxr-V1-ndk_platform.so" not found: needed by main executable
01-01 00:48:38.823 I/afe_close( 0): port_id = 0x9000
08-22 18:24:31.067 D/AutofillManagerService( 1164): onBackKeyPressed()
01-01 00:48:39.081 D/ ( 0): mv2112_read_status
01-01 00:48:39.085 D/mv2112_update_link( 0): 3.0x901(1G): 0x80
01-01 00:48:39.094 D/mv2112_update_link( 0): 3.0x8109(100M): 0x0
01-01 00:48:39.099 D/mv2112_update_link( 0): link 0x0
01-01 00:48:39.103 D/mv2112_read_status( 0): autoneg is disabled
08-22 18:24:32.033 D/AutofillManagerService( 1164): onBackKeyPressed()
01-01 00:48:40.136 D/ ( 0): mv2112_read_status
01-01 00:48:40.144 D/mv2112_update_link( 0): 3.0x901(1G): 0x80
01-01 00:48:40.153 D/mv2112_update_link( 0): 3.0x8109(100M): 0x0
01-01 00:48:40.159 D/mv2112_update_link( 0): link 0x0
01-01 00:48:40.163 D/mv2112_read_status( 0): autoneg is disabled
08-22 18:24:32.965 D/AutofillManagerService( 1164): onBackKeyPressed()
01-01 00:48:41.192 D/ ( 0): mv2112_read_status
01-01 00:48:41.196 D/mv2112_update_link( 0): 3.0x901(1G): 0x80
01-01 00:48:41.203 D/mv2112_update_link( 0): 3.0x8109(100M): 0x0
01-01 00:48:41.214 D/mv2112_update_link( 0): link 0x0
01-01 00:48:41.223 D/mv2112_read_status( 0): autoneg is disabled
08-22 18:24:33.592 W/ActivityTaskManager( 1164): Can't find TaskDisplayArea to determine support for multi window. Task id=13 attached=false
08-22 18:24:33.592 W/ActivityTaskManager( 1164): Can't find TaskDisplayArea to determine support for multi window. Task id=13 attached=false
08-22 18:24:33.950 D/AutofillManagerService( 1164): onBackKeyPressed()
01-01 00:48:42.248 D/ ( 0): mv2112_read_status
01-01 00:48:42.253 D/mv2112_update_link( 0): 3.0x901(1G): 0x80
01-01 00:48:42.259 D/mv2112_update_link( 0): 3.0x8109(100M): 0x0
01-01 00:48:42.270 D/mv2112_update_link( 0): link 0x0
01-01 00:48:42.274 D/mv2112_read_status( 0): autoneg is disabled
01-01 00:48:43.304 D/ ( 0): mv2112_read_status
01-01 00:48:43.310 D/mv2112_update_link( 0): 3.0x901(1G): 0x80
01-01 00:48:43.316 D/mv2112_update_link( 0): 3.0x8109(100M): 0x0
01-01 00:48:43.322 I/init ( 0): starting service 'qvrd_vndr'...
01-01 00:48:43.322 D/mv2112_update_link( 0): link 0x0
01-01 00:48:43.322 D/mv2112_read_status( 0): autoneg is disabled
01-01 00:48:43.328 I/init ( 0): Created socket '/dev/socket/qvrservice_vndr', mode 660, user 1000, group 1000
01-01 00:48:43.348 I/init ( 0): Created socket '/dev/socket/qvrservice_vndr_camera', mode 660, user 1000, group 1000
01-01 00:48:43.368 I/init ( 0): starting service 'sxrd'...
01-01 00:48:43.394 I/init ( 0): Service 'qvrd_vndr' (pid 8753) exited with status 1
01-01 00:48:43.400 I/init ( 0): Sending signal 9 to service 'qvrd_vndr' (pid 8753) process group...
01-01 00:48:43.409 I/libprocessgroup( 0): Successfully killed process cgroup uid 1000 pid 8753 in 0ms
01-01 00:48:43.421 I/init ( 0): Service 'sxrd' (pid 8760) exited with status 1
01-01 00:48:43.427 I/init ( 0): Sending signal 9 to service 'sxrd' (pid 8760) process group...
01-01 00:48:43.435 I/libprocessgroup( 0): Successfully killed process cgroup uid 1000 pid 8760 in 0ms
08-22 18:24:35.639 F/linker ( 8753): CANNOT LINK EXECUTABLE "/vendor/bin/hw/qvrservice": library "vendor.qti.hardware.qxr-V1-ndk_platform.so" not found: needed by /vendor/lib64/libqvrservice.so in namespace (default)
08-22 18:24:35.649 F/linker ( 8760): CANNOT LINK EXECUTABLE "/vendor/bin/hw/sxrservice": library "vendor.qti.hardware.qxr-V1-ndk_platform.so" not found: needed by main executable
08-22 18:24:36.102 E/TaskPersister( 1164): File error accessing recents directory (directory doesn't exist?).
01-01 00:48:44.328 D/ ( 0): mv2112_read_status
01-01 00:48:44.332 D/mv2112_update_link( 0): 3.0x901(1G): 0x80
01-01 00:48:44.338 D/mv2112_update_link( 0): 3.0x8109(100M): 0x0
01-01 00:48:44.343 D/mv2112_update_link( 0): link 0x0
01-01 00:48:44.348 D/mv2112_read_status( 0): autoneg is disabled
08-22 18:24:37.364 W/OverlayManager( 1164): service 'idmap' died
01-01 00:48:45.353 D/ ( 0): mv2112_read_status
01-01 00:48:45.356 D/mv2112_update_link( 0): 3.0x901(1G): 0x80
01-01 00:48:45.363 D/mv2112_update_link( 0): 3.0x8109(100M): 0x0
01-01 00:48:45.368 D/mv2112_update_link( 0): link 0x0
01-01 00:48:45.375 D/mv2112_read_status( 0): autoneg is disabled
01-01 00:48:46.408 D/ ( 0): mv2112_read_status
01-01 00:48:46.412 D/mv2112_update_link( 0): 3.0x901(1G): 0x80
01-01 00:48:46.421 D/mv2112_update_link( 0): 3.0x8109(100M): 0x0
01-01 00:48:46.429 D/mv2112_update_link( 0): link 0x0
01-01 00:48:46.433 D/mv2112_read_status( 0): autoneg is disabled
01-01 00:48:47.464 D/ ( 0): mv2112_read_status
01-01 00:48:47.468 D/mv2112_update_link( 0): 3.0x901(1G): 0x80
01-01 00:48:47.481 D/mv2112_update_link( 0): 3.0x8109(100M): 0x0
01-01 00:48:47.488 D/mv2112_update_link( 0): link 0x0
01-01 00:48:47.492 D/mv2112_read_status( 0): autoneg is disabled
01-01 00:48:48.366 I/init ( 0): starting service 'qvrd_vndr'...
01-01 00:48:48.378 I/init ( 0): Created socket '/dev/socket/qvrservice_vndr', mode 660, user 1000, group 1000
01-01 00:48:48.389 I/init ( 0): Created socket '/dev/socket/qvrservice_vndr_camera', mode 660, user 1000, group 1000
01-01 00:48:48.413 I/init ( 0): starting service 'sxrd'...
01-01 00:48:48.436 I/init ( 0): Service 'sxrd' (pid 10722) exited with status 1
01-01 00:48:48.442 I/init ( 0): Sending signal 9 to service 'sxrd' (pid 10722) process group...
01-01 00:48:48.450 I/libprocessgroup( 0): Successfully killed process cgroup uid 1000 pid 10722 in 0ms
01-01 00:48:48.462 I/init ( 0): Service 'qvrd_vndr' (pid 10721) exited with status 1
01-01 00:48:48.468 I/init ( 0): Sending signal 9 to service 'qvrd_vndr' (pid 10721) process group...
01-01 00:48:48.477 I/libprocessgroup( 0): Successfully killed process cgroup uid 1000 pid 10721 in 0ms
08-22 18:24:40.681 F/linker (10722): CANNOT LINK EXECUTABLE "/vendor/bin/hw/sxrservice": library "vendor.qti.hardware.qxr-V1-ndk_platform.so" not found: needed by main executable
01-01 00:48:48.520 D/ ( 0): mv2112_read_status
08-22 18:24:40.686 F/linker (10721): CANNOT LINK EXECUTABLE "/vendor/bin/hw/qvrservice": library "vendor.qti.hardware.qxr-V1-ndk_platform.so" not found: needed by /vendor/lib64/libqvrservice.so in namespace (default)
01-01 00:48:48.527 D/mv2112_update_link( 0): 3.0x901(1G): 0x80
01-01 00:48:48.533 D/mv2112_update_link( 0): 3.0x8109(100M): 0x0
01-01 00:48:48.539 D/mv2112_update_link( 0): link 0x0
01-01 00:48:48.543 D/mv2112_read_status( 0): autoneg is disabled
01-01 00:48:49.581 D/ ( 0): mv2112_read_status
01-01 00:48:49.584 D/mv2112_update_link( 0): 3.0x901(1G): 0x80
01-01 00:48:49.591 D/mv2112_update_link( 0): 3.0x8109(100M): 0x0
01-01 00:48:49.597 D/mv2112_update_link( 0): link 0x0
01-01 00:48:49.601 D/mv2112_read_status( 0): autoneg is disabled
01-01 00:48:50.632 D/ ( 0): mv2112_read_status
01-01 00:48:50.636 D/mv2112_update_link( 0): 3.0x901(1G): 0x80
01-01 00:48:50.642 D/mv2112_update_link( 0): 3.0x8109(100M): 0x0
01-01 00:48:50.649 D/mv2112_update_link( 0): link 0x0
01-01 00:48:50.654 D/mv2112_read_status( 0): autoneg is disabled
01-01 00:48:51.656 D/ ( 0): mv2112_read_status
01-01 00:48:51.660 D/mv2112_update_link( 0): 3.0x901(1G): 0x80
01-01 00:48:51.667 D/mv2112_update_link( 0): 3.0x8109(100M): 0x0
01-01 00:48:51.672 D/mv2112_update_link( 0): link 0x0
01-01 00:48:51.677 D/mv2112_read_status( 0): autoneg is disabled
01-01 00:48:52.680 D/ ( 0): mv2112_read_status
01-01 00:48:52.684 D/mv2112_update_link( 0): 3.0x901(1G): 0x80
01-01 00:48:52.690 D/mv2112_update_link( 0): 3.0x8109(100M): 0x0
01-01 00:48:52.699 D/mv2112_update_link( 0): link 0x0
01-01 00:48:52.704 D/mv2112_read_status( 0): autoneg is disabled
01-01 00:48:53.412 I/init ( 0): starting service 'qvrd_vndr'...
01-01 00:48:53.419 I/init ( 0): Created socket '/dev/socket/qvrservice_vndr', mode 660, user 1000, group 1000
01-01 00:48:53.430 I/init ( 0): Created socket '/dev/socket/qvrservice_vndr_camera', mode 660, user 1000, group 1000
01-01 00:48:53.451 I/init ( 0): starting service 'sxrd'...
01-01 00:48:53.468 I/init ( 0): Service 'qvrd_vndr' (pid 12621) exited with status 1
01-01 00:48:53.475 I/init ( 0): Sending signal 9 to service 'qvrd_vndr' (pid 12621) process group...
01-01 00:48:53.483 I/libprocessgroup( 0): Successfully killed process cgroup uid 1000 pid 12621 in 0ms
01-01 00:48:53.493 I/init ( 0): starting service 'vendor.light-hal-2-0'...
01-01 00:48:53.510 I/init ( 0): Service 'sxrd' (pid 12628) exited with status 1
01-01 00:48:53.516 I/init ( 0): Sending signal 9 to service 'sxrd' (pid 12628) process group...
08-22 18:24:45.713 F/linker (12621): CANNOT LINK EXECUTABLE "/vendor/bin/hw/qvrservice": library "vendor.qti.hardware.qxr-V1-ndk_platform.so" not found: needed by /vendor/lib64/libqvrservice.so in namespace (default)
08-22 18:24:45.746 F/linker (12628): CANNOT LINK EXECUTABLE "/vendor/bin/hw/sxrservice": library "vendor.qti.hardware.qxr-V1-ndk_platform.so" not found: needed by main executable
01-01 00:48:53.736 D/ ( 0): mv2112_read_status
01-01 00:48:53.740 D/mv2112_update_link( 0): 3.0x901(1G): 0x80
01-01 00:48:53.746 D/mv2112_update_link( 0): 3.0x8109(100M): 0x0
01-01 00:48:53.754 D/mv2112_update_link( 0): link 0x0
01-01 00:48:53.758 D/mv2112_read_status( 0): autoneg is disabled
01-01 00:48:54.760 D/ ( 0): mv2112_read_status
01-01 00:48:54.767 D/mv2112_update_link( 0): 3.0x901(1G): 0x80
01-01 00:48:54.774 D/mv2112_update_link( 0): 3.0x8109(100M): 0x0
01-01 00:48:54.780 D/mv2112_update_link( 0): link 0x0
01-01 00:48:54.784 D/mv2112_read_status( 0): autoneg is disabled
01-01 00:48:55.822 D/ ( 0): mv2112_read_status
01-01 00:48:55.829 D/mv2112_update_link( 0): 3.0x901(1G): 0x80
01-01 00:48:55.838 D/mv2112_update_link( 0): 3.0x8109(100M): 0x0
01-01 00:48:55.843 D/mv2112_update_link( 0): link 0x0
01-01 00:48:55.847 D/mv2112_read_status( 0): autoneg is disabled
01-01 00:48:56.876 D/ ( 0): mv2112_read_status
01-01 00:48:56.880 D/mv2112_update_link( 0): 3.0x901(1G): 0x80
01-01 00:48:56.888 D/mv2112_update_link( 0): 3.0x8109(100M): 0x0
01-01 00:48:56.894 D/mv2112_update_link( 0): link 0x0
01-01 00:48:56.898 D/mv2112_read_status( 0): autoneg is disabled
01-01 00:48:57.928 D/ ( 0): mv2112_read_status
01-01 00:48:57.932 D/mv2112_update_link( 0): 3.0x901(1G): 0x80
01-01 00:48:57.937 D/mv2112_update_link( 0): 3.0x8109(100M): 0x0
01-01 00:48:57.943 D/mv2112_update_link( 0): link 0x0
01-01 00:48:57.949 D/mv2112_read_status( 0): autoneg is disabled
01-01 00:48:58.451 I/init ( 0): starting service 'qvrd_vndr'...
01-01 00:48:58.458 I/init ( 0): Created socket '/dev/socket/qvrservice_vndr', mode 660, user 1000, group 1000
01-01 00:48:58.468 I/init ( 0): Created socket '/dev/socket/qvrservice_vndr_camera', mode 660, user 1000, group 1000
01-01 00:48:58.490 I/init ( 0): starting service 'sxrd'...
01-01 00:48:58.505 I/init ( 0): starting service 'vendor.light-hal-2-0'...
01-01 00:48:58.519 I/init ( 0): Service 'sxrd' (pid 14518) exited with status 1
01-01 00:48:58.526 I/init ( 0): Sending signal 9 to service 'sxrd' (pid 14518) process group...
01-01 00:48:58.534 I/libprocessgroup( 0): Successfully killed process cgroup uid 1000 pid 14518 in 0ms
01-01 00:48:58.543 I/init ( 0): Service 'qvrd_vndr' (pid 14509) exited with status 1
01-01 00:48:58.550 I/init ( 0): Sending signal 9 to service 'qvrd_vndr' (pid 14509) process group...
08-22 18:24:50.758 F/linker (14518): CANNOT LINK EXECUTABLE "/vendor/bin/hw/sxrservice": library "vendor.qti.hardware.qxr-V1-ndk_platform.so" not found: needed by main executable
08-22 18:24:50.773 F/linker (14509): CANNOT LINK EXECUTABLE "/vendor/bin/hw/qvrservice": library "vendor.qti.hardware.qxr-V1-ndk_platform.so" not found: needed by /vendor/lib64/libqvrservice.so in namespace (default)
01-01 00:48:58.952 D/ ( 0): mv2112_read_status
01-01 00:48:58.956 D/mv2112_update_link( 0): 3.0x901(1G): 0x80
01-01 00:48:58.962 D/mv2112_update_link( 0): 3.0x8109(100M): 0x0
01-01 00:48:58.969 D/mv2112_update_link( 0): link 0x0
01-01 00:48:58.973 D/mv2112_read_status( 0): autoneg is disabled
01-01 00:48:59.977 D/ ( 0): mv2112_read_status
01-01 00:48:59.980 D/mv2112_update_link( 0): 3.0x901(1G): 0x80
01-01 00:48:59.986 D/mv2112_update_link( 0): 3.0x8109(100M): 0x0
01-01 00:48:59.991 D/mv2112_update_link( 0): link 0x0
01-01 00:48:59.995 D/mv2112_read_status( 0): autoneg is disabled
01-01 00:49:01.000 D/ ( 0): mv2112_read_status
01-01 00:49:01.004 D/mv2112_update_link( 0): 3.0x901(1G): 0x80
01-01 00:49:01.010 D/mv2112_update_link( 0): 3.0x8109(100M): 0x0
01-01 00:49:01.015 D/mv2112_update_link( 0): link 0x0
01-01 00:49:01.019 D/mv2112_read_status( 0): autoneg is disabled
01-01 00:49:02.028 D/ ( 0): mv2112_read_status
01-01 00:49:02.032 D/mv2112_update_link( 0): 3.0x901(1G): 0x80
01-01 00:49:02.038 D/mv2112_update_link( 0): 3.0x8109(100M): 0x0
01-01 00:49:02.047 D/mv2112_update_link( 0): link 0x0
01-01 00:49:02.051 D/mv2112_read_status( 0): autoneg is disabled
01-01 00:49:03.081 D/ ( 0): mv2112_read_status
01-01 00:49:03.086 D/mv2112_update_link( 0): 3.0x901(1G): 0x80
01-01 00:49:03.098 D/mv2112_update_link( 0): 3.0x8109(100M): 0x0
01-01 00:49:03.103 D/mv2112_update_link( 0): link 0x0
01-01 00:49:03.108 D/mv2112_read_status( 0): autoneg is disabled
01-01 00:49:03.490 I/init ( 0): starting service 'qvrd_vndr'...
01-01 00:49:03.496 I/init ( 0): Created socket '/dev/socket/qvrservice_vndr', mode 660, user 1000, group 1000
01-01 00:49:03.507 I/init ( 0): Created socket '/dev/socket/qvrservice_vndr_camera', mode 660, user 1000, group 1000
01-01 00:49:03.528 I/init ( 0): starting service 'sxrd'...
01-01 00:49:03.543 I/init ( 0): starting service 'vendor.light-hal-2-0'...
01-01 00:49:03.562 I/init ( 0): Service 'sxrd' (pid 16335) exited with status 1
01-01 00:49:03.569 I/init ( 0): Sending signal 9 to service 'sxrd' (pid 16335) process group...
01-01 00:49:03.577 I/libprocessgroup( 0): Successfully killed process cgroup uid 1000 pid 16335 in 0ms
01-01 00:49:03.586 I/init ( 0): Service 'qvrd_vndr' (pid 16329) exited with status 1
01-01 00:49:03.593 I/init ( 0): Sending signal 9 to service 'qvrd_vndr' (pid 16329) process group...
08-22 18:24:55.808 F/linker (16335): CANNOT LINK EXECUTABLE "/vendor/bin/hw/sxrservice": library "vendor.qti.hardware.qxr-V1-ndk_platform.so" not found: needed by main executable
08-22 18:24:55.811 F/linker (16329): CANNOT LINK EXECUTABLE "/vendor/bin/hw/qvrservice": library "vendor.qti.hardware.qxr-V1-ndk_platform.so" not found: needed by /vendor/lib64/libqvrservice.so in namespace (default)
01-01 00:49:04.136 D/ ( 0): mv2112_read_status
01-01 00:49:04.140 D/mv2112_update_link( 0): 3.0x901(1G): 0x80
01-01 00:49:04.145 D/mv2112_update_link( 0): 3.0x8109(100M): 0x0
01-01 00:49:04.151 D/mv2112_update_link( 0): link 0x0
01-01 00:49:04.155 D/mv2112_read_status( 0): autoneg is disabled
01-01 00:49:05.161 D/ ( 0): mv2112_read_status
01-01 00:49:05.169 D/mv2112_update_link( 0): 3.0x901(1G): 0x80
01-01 00:49:05.176 D/mv2112_update_link( 0): 3.0x8109(100M): 0x0
01-01 00:49:05.181 D/mv2112_update_link( 0): link 0x0
01-01 00:49:05.185 D/mv2112_read_status( 0): autoneg is disabled
01-01 00:49:06.217 D/ ( 0): mv2112_read_status
01-01 00:49:06.224 D/mv2112_update_link( 0): 3.0x901(1G): 0x80
01-01 00:49:06.229 D/mv2112_update_link( 0): 3.0x8109(100M): 0x0
01-01 00:49:06.234 D/mv2112_update_link( 0): link 0x0
01-01 00:49:06.238 D/mv2112_read_status( 0): autoneg is disabled
01-01 00:49:07.272 D/ ( 0): mv2112_read_status
01-01 00:49:07.276 D/mv2112_update_link( 0): 3.0x901(1G): 0x80
01-01 00:49:07.281 D/mv2112_update_link( 0): 3.0x8109(100M): 0x0
01-01 00:49:07.286 D/mv2112_update_link( 0): link 0x0
01-01 00:49:07.291 D/mv2112_read_status( 0): autoneg is disabled
01-01 00:49:08.296 D/ ( 0): mv2112_read_status
01-01 00:49:08.300 D/mv2112_update_link( 0): 3.0x901(1G): 0x80
01-01 00:49:08.305 D/mv2112_update_link( 0): 3.0x8109(100M): 0x0
01-01 00:49:08.310 D/mv2112_update_link( 0): link 0x0
01-01 00:49:08.315 D/mv2112_read_status( 0): autoneg is disabled
01-01 00:49:08.529 I/init ( 0): starting service 'qvrd_vndr'...
01-01 00:49:08.535 I/init ( 0): Created socket '/dev/socket/qvrservice_vndr', mode 660, user 1000, group 1000
01-01 00:49:08.545 I/init ( 0): Created socket '/dev/socket/qvrservice_vndr_camera', mode 660, user 1000, group 1000
01-01 00:49:08.566 I/init ( 0): starting service 'sxrd'...
01-01 00:49:08.581 I/init ( 0): starting service 'vendor.light-hal-2-0'...
01-01 00:49:08.595 I/init ( 0): Service 'qvrd_vndr' (pid 18193) exited with status 1
01-01 00:49:08.602 I/init ( 0): Sending signal 9 to service 'qvrd_vndr' (pid 18193) process group...
01-01 00:49:08.611 I/libprocessgroup( 0): Successfully killed process cgroup uid 1000 pid 18193 in 0ms
01-01 00:49:08.621 I/init ( 0): Service 'sxrd' (pid 18195) exited with status 1
01-01 00:49:08.627 I/init ( 0): Sending signal 9 to service 'sxrd' (pid 18195) process group...
08-22 18:25:00.840 F/linker (18193): CANNOT LINK EXECUTABLE "/vendor/bin/hw/qvrservice": library "vendor.qti.hardware.qxr-V1-ndk_platform.so" not found: needed by /vendor/lib64/libqvrservice.so in namespace (default)
08-22 18:25:00.847 F/linker (18195): CANNOT LINK EXECUTABLE "/vendor/bin/hw/sxrservice": library "vendor.qti.hardware.qxr-V1-ndk_platform.so" not found: needed by main executable
01-01 00:49:09.320 D/ ( 0): mv2112_read_status
01-01 00:49:09.324 D/mv2112_update_link( 0): 3.0x901(1G): 0x80
01-01 00:49:09.334 D/mv2112_update_link( 0): 3.0x8109(100M): 0x0
01-01 00:49:09.340 D/mv2112_update_link( 0): link 0x0
01-01 00:49:09.344 D/mv2112_read_status( 0): autoneg is disabled
01-01 00:49:10.377 D/ ( 0): mv2112_read_status
01-01 00:49:10.380 D/mv2112_update_link( 0): 3.0x901(1G): 0x80
01-01 00:49:10.386 D/mv2112_update_link( 0): 3.0x8109(100M): 0x0
01-01 00:49:10.394 D/mv2112_update_link( 0): link 0x0
01-01 00:49:10.398 D/mv2112_read_status( 0): autoneg is disabled
01-01 00:49:11.400 D/ ( 0): mv2112_read_status
01-01 00:49:11.404 D/mv2112_update_link( 0): 3.0x901(1G): 0x80
01-01 00:49:11.409 D/mv2112_update_link( 0): 3.0x8109(100M): 0x0
01-01 00:49:11.418 D/mv2112_update_link( 0): link 0x0
01-01 00:49:11.423 D/mv2112_read_status( 0): autoneg is disabled
01-01 00:49:12.426 D/ ( 0): mv2112_read_status
01-01 00:49:12.430 D/mv2112_update_link( 0): 3.0x901(1G): 0x80
01-01 00:49:12.436 D/mv2112_update_link( 0): 3.0x8109(100M): 0x0
01-01 00:49:12.442 D/mv2112_update_link( 0): link 0x0
01-01 00:49:12.446 D/mv2112_read_status( 0): autoneg is disabled
01-01 00:49:13.449 D/ ( 0): mv2112_read_status
01-01 00:49:13.452 D/mv2112_update_link( 0): 3.0x901(1G): 0x80
01-01 00:49:13.458 D/mv2112_update_link( 0): 3.0x8109(100M): 0x0
01-01 00:49:13.465 D/mv2112_update_link( 0): link 0x0
01-01 00:49:13.469 D/mv2112_read_status( 0): autoneg is disabled
01-01 00:49:13.569 I/init ( 0): starting service 'qvrd_vndr'...
01-01 00:49:13.575 I/init ( 0): Created socket '/dev/socket/qvrservice_vndr', mode 660, user 1000, group 1000
01-01 00:49:13.586 I/init ( 0): Created socket '/dev/socket/qvrservice_vndr_camera', mode 660, user 1000, group 1000
01-01 00:49:13.607 I/init ( 0): starting service 'sxrd'...
01-01 00:49:13.623 I/init ( 0): starting service 'vendor.light-hal-2-0'...
01-01 00:49:13.639 I/init ( 0): Service 'sxrd' (pid 19926) exited with status 1
01-01 00:49:13.645 I/init ( 0): Sending signal 9 to service 'sxrd' (pid 19926) process group...
01-01 00:49:13.653 I/libprocessgroup( 0): Successfully killed process cgroup uid 1000 pid 19926 in 0ms
01-01 00:49:13.662 I/init ( 0): Service 'qvrd_vndr' (pid 19920) exited with status 1
01-01 00:49:13.669 I/init ( 0): Sending signal 9 to service 'qvrd_vndr' (pid 19920) process group...
08-22 18:25:05.882 F/linker (19926): CANNOT LINK EXECUTABLE "/vendor/bin/hw/sxrservice": library "vendor.qti.hardware.qxr-V1-ndk_platform.so" not found: needed by main executable
08-22 18:25:05.891 F/linker (19920): CANNOT LINK EXECUTABLE "/vendor/bin/hw/qvrservice": library "vendor.qti.hardware.qxr-V1-ndk_platform.so" not found: needed by /vendor/lib64/libqvrservice.so in namespace (default)
01-01 00:49:14.506 D/ ( 0): mv2112_read_status
01-01 00:49:14.509 D/mv2112_update_link( 0): 3.0x901(1G): 0x80
01-01 00:49:14.515 D/mv2112_update_link( 0): 3.0x8109(100M): 0x0
01-01 00:49:14.523 D/mv2112_update_link( 0): link 0x0
01-01 00:49:14.527 D/mv2112_read_status( 0): autoneg is disabled
01-01 00:49:15.562 D/ ( 0): mv2112_read_status
01-01 00:49:15.566 D/mv2112_update_link( 0): 3.0x901(1G): 0x80
01-01 00:49:15.571 D/mv2112_update_link( 0): 3.0x8109(100M): 0x0
01-01 00:49:15.576 D/mv2112_update_link( 0): link 0x0
01-01 00:49:15.581 D/mv2112_read_status( 0): autoneg is disabled
01-01 00:49:16.584 D/ ( 0): mv2112_read_status
01-01 00:49:16.588 D/mv2112_update_link( 0): 3.0x901(1G): 0x80
01-01 00:49:16.594 D/mv2112_update_link( 0): 3.0x8109(100M): 0x0
01-01 00:49:16.599 D/mv2112_update_link( 0): link 0x0
01-01 00:49:16.603 D/mv2112_read_status( 0): autoneg is disabled
01-01 00:49:17.609 D/ ( 0): mv2112_read_status
01-01 00:49:17.613 D/mv2112_update_link( 0): 3.0x901(1G): 0x80
01-01 00:49:17.619 D/mv2112_update_link( 0): 3.0x8109(100M): 0x0
01-01 00:49:17.624 D/mv2112_update_link( 0): link 0x0
01-01 00:49:17.629 D/mv2112_read_status( 0): autoneg is disabled
01-01 00:49:18.609 I/init ( 0): starting service 'qvrd_vndr'...
01-01 00:49:18.616 I/init ( 0): Created socket '/dev/socket/qvrservice_vndr', mode 660, user 1000, group 1000
01-01 00:49:18.626 I/init ( 0): Created socket '/dev/socket/qvrservice_vndr_camera', mode 660, user 1000, group 1000
01-01 00:49:18.648 I/init ( 0): starting service 'sxrd'...
01-01 00:49:18.663 I/init ( 0): starting service 'vendor.light-hal-2-0'...
01-01 00:49:18.664 D/ ( 0): mv2112_read_status
01-01 00:49:18.674 D/mv2112_update_link( 0): 3.0x901(1G): 0x80
01-01 00:49:18.679 D/mv2112_update_link( 0): 3.0x8109(100M): 0x0
01-01 00:49:18.683 I/init ( 0): Service 'qvrd_vndr' (pid 21580) exited with status 1
01-01 00:49:18.686 D/mv2112_update_link( 0): link 0x0
01-01 00:49:18.691 I/init ( 0): Sending signal 9 to service 'qvrd_vndr' (pid 21580) process group...
01-01 00:49:18.691 I/libprocessgroup( 0): Successfully killed process cgroup uid 1000 pid 21580 in 0ms
01-01 00:49:18.695 D/mv2112_read_status( 0): autoneg is disabled
01-01 00:49:18.705 I/init ( 0): Service 'sxrd' (pid 21588) exited with status 1
08-22 18:25:10.925 F/linker (21580): CANNOT LINK EXECUTABLE "/vendor/bin/hw/qvrservice": library "vendor.qti.hardware.qxr-V1-ndk_platform.so" not found: needed by /vendor/lib64/libqvrservice.so in namespace (default)
01-01 00:49:18.723 I/init ( 0): Sending signal 9 to service 'sxrd' (pid 21588) process group...
08-22 18:25:10.934 F/linker (21588): CANNOT LINK EXECUTABLE "/vendor/bin/hw/sxrservice": library "vendor.qti.hardware.qxr-V1-ndk_platform.so" not found: needed by main executable
01-01 00:49:19.720 D/ ( 0): mv2112_read_status
01-01 00:49:19.724 D/mv2112_update_link( 0): 3.0x901(1G): 0x80
01-01 00:49:19.733 D/mv2112_update_link( 0): 3.0x8109(100M): 0x0
01-01 00:49:19.738 D/mv2112_update_link( 0): link 0x0
01-01 00:49:19.743 D/mv2112_read_status( 0): autoneg is disabled
01-01 00:49:20.776 D/ ( 0): mv2112_read_status
01-01 00:49:20.780 D/mv2112_update_link( 0): 3.0x901(1G): 0x80
01-01 00:49:20.785 D/mv2112_update_link( 0): 3.0x8109(100M): 0x0
01-01 00:49:20.791 D/mv2112_update_link( 0): link 0x0
01-01 00:49:20.795 D/mv2112_read_status( 0): autoneg is disabled
01-01 00:49:21.801 D/ ( 0): mv2112_read_status
01-01 00:49:21.805 D/mv2112_update_link( 0): 3.0x901(1G): 0x80
01-01 00:49:21.811 D/mv2112_update_link( 0): 3.0x8109(100M): 0x0
01-01 00:49:21.817 D/mv2112_update_link( 0): link 0x0
01-01 00:49:21.821 D/mv2112_read_status( 0): autoneg is disabled
01-01 00:49:22.824 D/ ( 0): mv2112_read_status
01-01 00:49:22.828 D/mv2112_update_link( 0): 3.0x901(1G): 0x80
01-01 00:49:22.833 D/mv2112_update_link( 0): 3.0x8109(100M): 0x0
01-01 00:49:22.839 D/mv2112_update_link( 0): link 0x0
01-01 00:49:22.844 D/mv2112_read_status( 0): autoneg is disabled
01-01 00:49:23.649 I/init ( 0): starting service 'qvrd_vndr'...
01-01 00:49:23.655 I/init ( 0): Created socket '/dev/socket/qvrservice_vndr', mode 660, user 1000, group 1000
01-01 00:49:23.665 I/init ( 0): Created socket '/dev/socket/qvrservice_vndr_camera', mode 660, user 1000, group 1000
01-01 00:49:23.688 I/init ( 0): starting service 'sxrd'...
01-01 00:49:23.702 I/init ( 0): starting service 'vendor.light-hal-2-0'...
01-01 00:49:23.721 I/init ( 0): Service 'qvrd_vndr' (pid 23275) exited with status 1
01-01 00:49:23.728 I/init ( 0): Sending signal 9 to service 'qvrd_vndr' (pid 23275) process group...
01-01 00:49:23.737 I/libprocessgroup( 0): Successfully killed process cgroup uid 1000 pid 23275 in 0ms
01-01 00:49:23.746 I/init ( 0): Service 'sxrd' (pid 23277) exited with status 1
01-01 00:49:23.753 I/init ( 0): Sending signal 9 to service 'sxrd' (pid 23277) process group...
08-22 18:25:15.967 F/linker (23275): CANNOT LINK EXECUTABLE "/vendor/bin/hw/qvrservice": library "vendor.qti.hardware.qxr-V1-ndk_platform.so" not found: needed by /vendor/lib64/libqvrservice.so in namespace (default)
08-22 18:25:15.986 F/linker (23277): CANNOT LINK EXECUTABLE "/vendor/bin/hw/sxrservice": library "vendor.qti.hardware.qxr-V1-ndk_platform.so" not found: needed by main executable
01-01 00:49:23.850 D/ ( 0): mv2112_read_status
01-01 00:49:23.853 D/mv2112_update_link( 0): 3.0x901(1G): 0x80
01-01 00:49:23.859 D/mv2112_update_link( 0): 3.0x8109(100M): 0x0
01-01 00:49:23.870 D/mv2112_update_link( 0): link 0x0
01-01 00:49:23.874 D/mv2112_read_status( 0): autoneg is disabled
01-01 00:49:24.904 D/ ( 0): mv2112_read_status
01-01 00:49:24.908 D/mv2112_update_link( 0): 3.0x901(1G): 0x80
01-01 00:49:24.913 D/mv2112_update_link( 0): 3.0x8109(100M): 0x0
01-01 00:49:24.919 D/mv2112_update_link( 0): link 0x0
01-01 00:49:24.923 D/mv2112_read_status( 0): autoneg is disabled
01-01 00:49:25.931 D/ ( 0): mv2112_read_status
01-01 00:49:25.934 D/mv2112_update_link( 0): 3.0x901(1G): 0x80
01-01 00:49:25.940 D/mv2112_update_link( 0): 3.0x8109(100M): 0x0
01-01 00:49:25.948 D/mv2112_update_link( 0): link 0x0
01-01 00:49:25.955 D/mv2112_read_status( 0): autoneg is disabled
01-01 00:49:26.984 D/ ( 0): mv2112_read_status
01-01 00:49:26.988 D/mv2112_update_link( 0): 3.0x901(1G): 0x80
01-01 00:49:26.997 D/mv2112_update_link( 0): 3.0x8109(100M): 0x0
01-01 00:49:27.002 D/mv2112_update_link( 0): link 0x0
01-01 00:49:27.006 D/mv2112_read_status( 0): autoneg is disabled
01-01 00:49:28.009 D/ ( 0): mv2112_read_status
01-01 00:49:28.012 D/mv2112_update_link( 0): 3.0x901(1G): 0x80
01-01 00:49:28.018 D/mv2112_update_link( 0): 3.0x8109(100M): 0x0
01-01 00:49:28.023 D/mv2112_update_link( 0): link 0x0
01-01 00:49:28.027 D/mv2112_read_status( 0): autoneg is disabled
01-01 00:49:28.688 I/init ( 0): starting service 'qvrd_vndr'...
01-01 00:49:28.693 I/init ( 0): Created socket '/dev/socket/qvrservice_vndr', mode 660, user 1000, group 1000
01-01 00:49:28.704 I/init ( 0): Created socket '/dev/socket/qvrservice_vndr_camera', mode 660, user 1000, group 1000
01-01 00:49:28.726 I/init ( 0): starting service 'sxrd'...
01-01 00:49:28.741 I/init ( 0): starting service 'vendor.light-hal-2-0'...
01-01 00:49:28.759 I/init ( 0): Service 'sxrd' (pid 24905) exited with status 1
01-01 00:49:28.765 I/init ( 0): Sending signal 9 to service 'sxrd' (pid 24905) process group...
01-01 00:49:28.773 I/libprocessgroup( 0): Successfully killed process cgroup uid 1000 pid 24905 in 0ms
01-01 00:49:28.783 I/init ( 0): Service 'qvrd_vndr' (pid 24899) exited with status 1
01-01 00:49:28.790 I/init ( 0): Sending signal 9 to service 'qvrd_vndr' (pid 24899) process group...
08-22 18:25:21.005 F/linker (24905): CANNOT LINK EXECUTABLE "/vendor/bin/hw/sxrservice": library "vendor.qti.hardware.qxr-V1-ndk_platform.so" not found: needed by main executable
08-22 18:25:21.010 F/linker (24899): CANNOT LINK EXECUTABLE "/vendor/bin/hw/qvrservice": library "vendor.qti.hardware.qxr-V1-ndk_platform.so" not found: needed by /vendor/lib64/libqvrservice.so in namespace (default)
01-01 00:49:29.032 D/ ( 0): mv2112_read_status
01-01 00:49:29.036 D/mv2112_update_link( 0): 3.0x901(1G): 0x80
01-01 00:49:29.041 D/mv2112_update_link( 0): 3.0x8109(100M): 0x0
01-01 00:49:29.047 D/mv2112_update_link( 0): link 0x0
01-01 00:49:29.051 D/mv2112_read_status( 0): autoneg is disabled
01-01 00:49:30.056 D/ ( 0): mv2112_read_status
01-01 00:49:30.060 D/mv2112_update_link( 0): 3.0x901(1G): 0x80
01-01 00:49:30.068 D/mv2112_update_link( 0): 3.0x8109(100M): 0x0
01-01 00:49:30.073 D/mv2112_update_link( 0): link 0x0
01-01 00:49:30.078 D/mv2112_read_status( 0): autoneg is disabled
08-22 18:25:22.718 W/ContextImpl( 2661): Calling a method in the system process without a qualified user: android.app.ContextImpl.startActivity:1055 android.content.ContextWrapper.startActivity:411 com.thundercomm.remotecontrolservice.RemoteControlService.startApp:248 com.thundercomm.remotecontrolservice.remotecommand.RemoteAppLaunchCommand.doActualAction:35 com.thundercomm.remotecontrolservice.remotecommand.BaseCommand.doAction:41
08-22 18:25:22.718 W/ContextImpl( 2661): Calling a method in the system process without a qualified user: android.app.ContextImpl.startActivity:1067 android.app.ContextImpl.startActivity:1056 android.content.ContextWrapper.startActivity:411 com.thundercomm.remotecontrolservice.RemoteControlService.startApp:248 com.thundercomm.remotecontrolservice.remotecommand.RemoteAppLaunchCommand.doActualAction:35
08-22 18:25:22.723 I/ActivityTaskManager( 1164): START u0 {flg=0x10000000 cmp=com.android.settings/.Settings} from uid 1000
08-22 18:25:22.732 W/ActivityTaskManager( 1164): Can't find TaskDisplayArea to determine support for multi window. Task id=24 attached=false
08-22 18:25:22.756 D/PhoneStartingWindowTypeAlgorithm( 2258): preferredStartingWindowType newTask:true taskSwitch:true processRunning:true allowTaskSnapshot:true activityCreated:false useEmptySplashScreen:false legacySplashScreen:false topIsHome:false
08-22 18:25:22.760 D/StartingSurfaceDrawer( 2258): addSplashScreen com.android.settings theme=7f13033e task=24 suggestType=1
08-22 18:25:22.772 I/ActivityTaskManager( 1164): The Process com.android.settings Already Exists in BG. So sending its PID: 11753
08-22 18:25:22.772 D/StartingSurfaceDrawer( 2258): window attributes color: 0 icon null duration 0 brandImage null
08-22 18:25:22.773 W/ActivityTaskManager( 1164): Tried to set launchTime (0) < mLastActivityLaunchTime (2616658)
08-22 18:25:22.783 D/StartingSurfaceDrawer( 2258): FgMainColor=fff5f5f5 BgMainColor=ff00668b IsBgComplex=false FromCache=true ThemeColor=fff0f0f3
08-22 18:25:22.784 D/StartingSurfaceDrawer( 2258): isRgbSimilarInHsv a: fff0f0f3 b ff00668b contrast ratio: 5.6404657
08-22 18:25:22.784 D/StartingSurfaceDrawer( 2258): hsvDiff 44 ah 240.0 bh 195.97124 as 0.012345679 bs 1.0 av 0.9529412 bv 0.54509807 sqH 0.059753086581642245 sqS 0.975461072301087 sqV 0.16633600477712207 root 0.6328639041847389
08-22 18:25:22.784 D/StartingSurfaceDrawer( 2258): makeSplashScreenContentView: draw whole icon
08-22 18:25:22.785 D/StartingSurfaceDrawer( 2258): fillViewWithIcon surfaceWindowView android.window.SplashScreenView{73d834f V.E...... ......ID 0,0-0,0}
08-22 18:25:22.827 E/UserRestrictionsUtils( 1164): Unknown restriction queried by uid 1000 (com.qti.snapdragon.qdcm_ff et al): null
08-22 18:25:22.899 D/StartingSurfaceDrawer( 2258): Task start finish, remove starting surface for task 24
08-22 18:25:22.899 V/StartingSurfaceDrawer( 2258): Removing splash screen window for task: 24
01-01 00:49:31.080 D/ ( 0): mv2112_read_status
01-01 00:49:31.084 D/mv2112_update_link( 0): 3.0x901(1G): 0x80
01-01 00:49:31.092 D/mv2112_update_link( 0): 3.0x8109(100M): 0x0
01-01 00:49:31.098 D/mv2112_update_link( 0): link 0x0
01-01 00:49:31.102 D/mv2112_read_status( 0): autoneg is disabled
01-01 00:49:32.106 D/ ( 0): mv2112_read_status
01-01 00:49:32.111 D/mv2112_update_link( 0): 3.0x901(1G): 0x80
01-01 00:49:32.118 D/mv2112_update_link( 0): 3.0x8109(100M): 0x0
01-01 00:49:32.123 D/mv2112_update_link( 0): link 0x0
01-01 00:49:32.127 D/mv2112_read_status( 0): autoneg is disabled
01-01 00:49:33.160 D/ ( 0): mv2112_read_status
01-01 00:49:33.164 D/mv2112_update_link( 0): 3.0x901(1G): 0x80
01-01 00:49:33.169 D/mv2112_update_link( 0): 3.0x8109(100M): 0x0
01-01 00:49:33.178 D/mv2112_update_link( 0): link 0x0
01-01 00:49:33.183 D/mv2112_read_status( 0): autoneg is disabled
01-01 00:49:33.727 I/init ( 0): starting service 'qvrd_vndr'...
01-01 00:49:33.734 I/init ( 0): Created socket '/dev/socket/qvrservice_vndr', mode 660, user 1000, group 1000
01-01 00:49:33.745 I/init ( 0): Created socket '/dev/socket/qvrservice_vndr_camera', mode 660, user 1000, group 1000
01-01 00:49:33.766 I/init ( 0): starting service 'sxrd'...
01-01 00:49:33.782 I/init ( 0): starting service 'vendor.light-hal-2-0'...
01-01 00:49:33.801 I/init ( 0): Service 'sxrd' (pid 26285) exited with status 1
01-01 00:49:33.808 I/init ( 0): Sending signal 9 to service 'sxrd' (pid 26285) process group...
01-01 00:49:33.816 I/libprocessgroup( 0): Successfully killed process cgroup uid 1000 pid 26285 in 0ms
01-01 00:49:33.825 I/init ( 0): Service 'qvrd_vndr' (pid 26281) exited with status 1
01-01 00:49:33.833 I/init ( 0): Sending signal 9 to service 'qvrd_vndr' (pid 26281) process group...
08-22 18:25:26.047 F/linker (26285): CANNOT LINK EXECUTABLE "/vendor/bin/hw/sxrservice": library "vendor.qti.hardware.qxr-V1-ndk_platform.so" not found: needed by main executable
08-22 18:25:26.053 F/linker (26281): CANNOT LINK EXECUTABLE "/vendor/bin/hw/qvrservice": library "vendor.qti.hardware.qxr-V1-ndk_platform.so" not found: needed by /vendor/lib64/libqvrservice.so in namespace (default)
08-22 18:25:26.175 W/ContextImpl( 2661): Calling a method in the system process without a qualified user: android.app.ContextImpl.startActivity:1055 android.content.ContextWrapper.startActivity:411 com.thundercomm.remotecontrolservice.RemoteControlService.startApp:248 com.thundercomm.remotecontrolservice.remotecommand.RemoteAppLaunchCommand.doActualAction:35 com.thundercomm.remotecontrolservice.remotecommand.BaseCommand.doAction:41
08-22 18:25:26.175 W/ContextImpl( 2661): Calling a method in the system process without a qualified user: android.app.ContextImpl.startActivity:1067 android.app.ContextImpl.startActivity:1056 android.content.ContextWrapper.startActivity:411 com.thundercomm.remotecontrolservice.RemoteControlService.startApp:248 com.thundercomm.remotecontrolservice.remotecommand.RemoteAppLaunchCommand.doActualAction:35
08-22 18:25:26.178 I/ActivityTaskManager( 1164): START u0 {flg=0x10000000 cmp=com.android.settings/.Settings} from uid 1000
