08-22 17:42:03.449 D/ActivityManagerTiming( 1164): OnBootPhase_1000_com.android.server.usage.StorageStatsService$Lifecycle took to complete: 0ms
08-22 17:42:03.449 I/ActivityManagerTiming( 1164): OnBootPhase_1000_com.android.server.UiModeManagerService
08-22 17:42:03.449 D/ActivityManagerTiming( 1164): OnBootPhase_1000_com.android.server.UiModeManagerService took to complete: 0ms
08-22 17:42:03.450 I/ActivityManagerTiming( 1164): OnBootPhase_1000_com.android.server.locksettings.LockSettingsService$Lifecycle
08-22 17:42:03.450 D/ActivityManagerTiming( 1164): OnBootPhase_1000_com.android.server.locksettings.LockSettingsService$Lifecycle took to complete: 0ms
08-22 17:42:03.450 I/ActivityManagerTiming( 1164): OnBootPhase_1000_com.android.server.PersistentDataBlockService
08-22 17:42:03.450 D/ActivityManagerTiming( 1164): OnBootPhase_1000_com.android.server.PersistentDataBlockService took to complete: 0ms
08-22 17:42:03.450 I/ActivityManagerTiming( 1164): OnBootPhase_1000_com.android.server.testharness.TestHarnessModeService
08-22 17:42:03.450 D/TestHarnessModeService( 1164): Completing Test Harness Mode setup.
08-22 17:42:03.472 D/ActivityManagerTiming( 1164): OnBootPhase_1000_com.android.server.testharness.TestHarnessModeService took to complete: 22ms
08-22 17:42:03.473 I/ActivityManagerTiming( 1164): OnBootPhase_1000_com.android.server.oemlock.OemLockService
08-22 17:42:03.473 D/ActivityManagerTiming( 1164): OnBootPhase_1000_com.android.server.oemlock.OemLockService took to complete: 0ms
08-22 17:42:03.473 I/ActivityManagerTiming( 1164): OnBootPhase_1000_com.android.server.DeviceIdleController
08-22 17:42:03.473 D/ActivityManagerTiming( 1164): OnBootPhase_1000_com.android.server.DeviceIdleController took to complete: 0ms
08-22 17:42:03.473 I/ActivityManagerTiming( 1164): OnBootPhase_1000_com.android.server.devicepolicy.DevicePolicyManagerService$Lifecycle
08-22 17:42:03.473 D/ActivityManagerTiming( 1164): OnBootPhase_1000_com.android.server.devicepolicy.DevicePolicyManagerService$Lifecycle took to complete: 0ms
08-22 17:42:03.474 I/ActivityManagerTiming( 1164): OnBootPhase_1000_com.android.server.texttospeech.TextToSpeechManagerService
08-22 17:42:03.474 D/ActivityManagerTiming( 1164): OnBootPhase_1000_com.android.server.texttospeech.TextToSpeechManagerService took to complete: 0ms
08-22 17:42:03.474 I/ActivityManagerTiming( 1164): OnBootPhase_1000_com.android.server.speech.SpeechRecognitionManagerService
08-22 17:42:03.474 D/ActivityManagerTiming( 1164): OnBootPhase_1000_com.android.server.speech.SpeechRecognitionManagerService took to complete: 0ms
08-22 17:42:03.474 I/ActivityManagerTiming( 1164): OnBootPhase_1000_com.android.server.searchui.SearchUiManagerService
08-22 17:42:03.474 D/ActivityManagerTiming( 1164): OnBootPhase_1000_com.android.server.searchui.SearchUiManagerService took to complete: 0ms
08-22 17:42:03.474 I/ActivityManagerTiming( 1164): OnBootPhase_1000_com.android.server.smartspace.SmartspaceManagerService
08-22 17:42:03.474 D/ActivityManagerTiming( 1164): OnBootPhase_1000_com.android.server.smartspace.SmartspaceManagerService took to complete: 0ms
08-22 17:42:03.474 I/ActivityManagerTiming( 1164): OnBootPhase_1000_com.android.server.graphics.fonts.FontManagerService$Lifecycle
08-22 17:42:03.474 D/ActivityManagerTiming( 1164): OnBootPhase_1000_com.android.server.graphics.fonts.FontManagerService$Lifecycle took to complete: 0ms
08-22 17:42:03.474 I/ActivityManagerTiming( 1164): OnBootPhase_1000_com.android.server.textservices.TextServicesManagerService$Lifecycle
08-22 17:42:03.474 D/ActivityManagerTiming( 1164): OnBootPhase_1000_com.android.server.textservices.TextServicesManagerService$Lifecycle took to complete: 0ms
08-22 17:42:03.474 I/ActivityManagerTiming( 1164): OnBootPhase_1000_com.android.server.textclassifier.TextClassificationManagerService$Lifecycle
08-22 17:42:03.474 D/ActivityManagerTiming( 1164): OnBootPhase_1000_com.android.server.textclassifier.TextClassificationManagerService$Lifecycle took to complete: 0ms
08-22 17:42:03.474 I/ActivityManagerTiming( 1164): OnBootPhase_1000_com.android.server.NetworkScoreService$Lifecycle
08-22 17:42:03.474 D/ActivityManagerTiming( 1164): OnBootPhase_1000_com.android.server.NetworkScoreService$Lifecycle took to complete: 0ms
08-22 17:42:03.474 I/ActivityManagerTiming( 1164): OnBootPhase_1000_com.android.server.wifi.WifiService
08-22 17:42:03.474 D/ActivityManagerTiming( 1164): OnBootPhase_1000_com.android.server.wifi.WifiService took to complete: 0ms
08-22 17:42:03.475 I/ActivityManagerTiming( 1164): OnBootPhase_1000_com.android.server.wifi.scanner.WifiScanningService
08-22 17:42:03.475 D/ActivityManagerTiming( 1164): OnBootPhase_1000_com.android.server.wifi.scanner.WifiScanningService took to complete: 0ms
08-22 17:42:03.475 I/ActivityManagerTiming( 1164): OnBootPhase_1000_com.android.server.wifi.rtt.RttService
08-22 17:42:03.475 D/ActivityManagerTiming( 1164): OnBootPhase_1000_com.android.server.wifi.rtt.RttService took to complete: 0ms
08-22 17:42:03.475 I/ActivityManagerTiming( 1164): OnBootPhase_1000_com.android.server.wifi.aware.WifiAwareService
08-22 17:42:03.476 D/ActivityManagerTiming( 1164): OnBootPhase_1000_com.android.server.wifi.aware.WifiAwareService took to complete: 1ms
08-22 17:42:03.476 I/ActivityManagerTiming( 1164): OnBootPhase_1000_com.android.server.wifi.p2p.WifiP2pService
08-22 17:42:03.476 D/ActivityManagerTiming( 1164): OnBootPhase_1000_com.android.server.wifi.p2p.WifiP2pService took to complete: 0ms
08-22 17:42:03.477 I/ActivityManagerTiming( 1164): OnBootPhase_1000_com.android.server.ethernet.EthernetService
08-22 17:42:03.477 D/ActivityManagerTiming( 1164): OnBootPhase_1000_com.android.server.ethernet.EthernetService took to complete: 0ms
08-22 17:42:03.477 I/ActivityManagerTiming( 1164): OnBootPhase_1000_com.android.server.ConnectivityServiceInitializer
08-22 17:42:03.477 D/ActivityManagerTiming( 1164): OnBootPhase_1000_com.android.server.ConnectivityServiceInitializer took to complete: 0ms
08-22 17:42:03.477 I/ActivityManagerTiming( 1164): OnBootPhase_1000_com.android.server.notification.NotificationManagerService
08-22 17:42:03.477 D/ActivityManagerTiming( 1164): OnBootPhase_1000_com.android.server.notification.NotificationManagerService took to complete: 0ms
08-22 17:42:03.477 I/ActivityManagerTiming( 1164): OnBootPhase_1000_com.android.server.storage.DeviceStorageMonitorService
08-22 17:42:03.477 D/ActivityManagerTiming( 1164): OnBootPhase_1000_com.android.server.storage.DeviceStorageMonitorService took to complete: 0ms
08-22 17:42:03.477 I/ActivityManagerTiming( 1164): OnBootPhase_1000_com.android.server.location.LocationManagerService$Lifecycle
08-22 17:42:03.477 D/ActivityManagerTiming( 1164): OnBootPhase_1000_com.android.server.location.LocationManagerService$Lifecycle took to complete: 0ms
08-22 17:42:03.477 I/ActivityManagerTiming( 1164): OnBootPhase_1000_com.android.server.timedetector.TimeDetectorService$Lifecycle
08-22 17:42:03.477 D/ActivityManagerTiming( 1164): OnBootPhase_1000_com.android.server.timedetector.TimeDetectorService$Lifecycle took to complete: 0ms
08-22 17:42:03.477 I/ActivityManagerTiming( 1164): OnBootPhase_1000_com.android.server.timezonedetector.TimeZoneDetectorService$Lifecycle
08-22 17:42:03.477 D/ActivityManagerTiming( 1164): OnBootPhase_1000_com.android.server.timezonedetector.TimeZoneDetectorService$Lifecycle took to complete: 0ms
08-22 17:42:03.478 I/ActivityManagerTiming( 1164): OnBootPhase_1000_com.android.server.timezonedetector.location.LocationTimeZoneManagerService$Lifecycle
08-22 17:42:03.478 D/ActivityManagerTiming( 1164): OnBootPhase_1000_com.android.server.timezonedetector.location.LocationTimeZoneManagerService$Lifecycle took to complete: 0ms
08-22 17:42:03.478 I/ActivityManagerTiming( 1164): OnBootPhase_1000_com.android.server.search.SearchManagerService$Lifecycle
08-22 17:42:03.478 D/ActivityManagerTiming( 1164): OnBootPhase_1000_com.android.server.search.SearchManagerService$Lifecycle took to complete: 0ms
08-22 17:42:03.478 I/ActivityManagerTiming( 1164): OnBootPhase_1000_com.android.server.wallpaper.WallpaperManagerService$Lifecycle
08-22 17:42:03.478 D/ActivityManagerTiming( 1164): OnBootPhase_1000_com.android.server.wallpaper.WallpaperManagerService$Lifecycle took to complete: 0ms
08-22 17:42:03.478 I/ActivityManagerTiming( 1164): OnBootPhase_1000_com.android.server.audio.AudioService$Lifecycle
08-22 17:42:03.478 D/ActivityManagerTiming( 1164): OnBootPhase_1000_com.android.server.audio.AudioService$Lifecycle took to complete: 0ms
08-22 17:42:03.478 I/ActivityManagerTiming( 1164): OnBootPhase_1000_com.android.server.soundtrigger_middleware.SoundTriggerMiddlewareService$Lifecycle
08-22 17:42:03.478 D/ActivityManagerTiming( 1164): OnBootPhase_1000_com.android.server.soundtrigger_middleware.SoundTriggerMiddlewareService$Lifecycle took to complete: 0ms
08-22 17:42:03.478 I/ActivityManagerTiming( 1164): OnBootPhase_1000_com.android.server.DockObserver
08-22 17:42:03.478 D/ActivityManagerTiming( 1164): OnBootPhase_1000_com.android.server.DockObserver took to complete: 0ms
08-22 17:42:03.478 I/ActivityManagerTiming( 1164): OnBootPhase_1000_com.android.server.midi.MidiService$Lifecycle
08-22 17:42:03.479 D/ActivityManagerTiming( 1164): OnBootPhase_1000_com.android.server.midi.MidiService$Lifecycle took to complete: 0ms
08-22 17:42:03.479 I/ActivityManagerTiming( 1164): OnBootPhase_1000_com.android.server.adb.AdbService$Lifecycle
08-22 17:42:03.480 D/ActivityManagerTiming( 1164): OnBootPhase_1000_com.android.server.adb.AdbService$Lifecycle took to complete: 0ms
08-22 17:42:03.480 I/ActivityManagerTiming( 1164): OnBootPhase_1000_com.android.server.usb.UsbService$Lifecycle
08-22 17:42:03.480 D/ActivityManagerTiming( 1164): OnBootPhase_1000_com.android.server.usb.UsbService$Lifecycle took to complete: 0ms
08-22 17:42:03.480 I/ActivityManagerTiming( 1164): OnBootPhase_1000_com.android.server.twilight.TwilightService
08-22 17:42:03.481 D/ActivityManagerTiming( 1164): OnBootPhase_1000_com.android.server.twilight.TwilightService took to complete: 0ms
08-22 17:42:03.481 I/ActivityManagerTiming( 1164): OnBootPhase_1000_com.android.server.display.color.ColorDisplayService
08-22 17:42:03.481 D/ActivityManagerTiming( 1164): OnBootPhase_1000_com.android.server.display.color.ColorDisplayService took to complete: 0ms
08-22 17:42:03.481 I/ActivityManagerTiming( 1164): OnBootPhase_1000_com.android.server.job.JobSchedulerService
08-22 17:42:03.481 D/ActivityManagerTiming( 1164): OnBootPhase_1000_com.android.server.job.JobSchedulerService took to complete: 0ms
08-22 17:42:03.481 I/ActivityManagerTiming( 1164): OnBootPhase_1000_com.android.server.soundtrigger.SoundTriggerService
08-22 17:42:03.481 D/SoundTriggerService( 1164): onBootPhase: 1000 : false
08-22 17:42:03.481 D/ActivityManagerTiming( 1164): OnBootPhase_1000_com.android.server.soundtrigger.SoundTriggerService took to complete: 0ms
08-22 17:42:03.481 I/ActivityManagerTiming( 1164): OnBootPhase_1000_com.android.server.trust.TrustManagerService
08-22 17:42:03.489 W/NotificationHistory( 1164): Attempted to add notif for locked/gone/disabled user 0
08-22 17:42:03.532 W/SystemServiceManager( 1164): Service com.android.server.trust.TrustManagerService took 51 ms in onBootPhase
08-22 17:42:03.532 D/ActivityManagerTiming( 1164): OnBootPhase_1000_com.android.server.trust.TrustManagerService took to complete: 51ms
08-22 17:42:03.532 I/ActivityManagerTiming( 1164): OnBootPhase_1000_com.android.server.backup.BackupManagerService$Lifecycle
08-22 17:42:03.532 D/ActivityManagerTiming( 1164): OnBootPhase_1000_com.android.server.backup.BackupManagerService$Lifecycle took to complete: 0ms
08-22 17:42:03.532 I/ActivityManagerTiming( 1164): OnBootPhase_1000_com.android.server.appwidget.AppWidgetService
08-22 17:42:03.532 D/ActivityManagerTiming( 1164): OnBootPhase_1000_com.android.server.appwidget.AppWidgetService took to complete: 0ms
08-22 17:42:03.532 I/ActivityManagerTiming( 1164): OnBootPhase_1000_com.android.server.voiceinteraction.VoiceInteractionManagerService
08-22 17:42:03.532 D/ActivityManagerTiming( 1164): OnBootPhase_1000_com.android.server.voiceinteraction.VoiceInteractionManagerService took to complete: 0ms
08-22 17:42:03.532 I/ActivityManagerTiming( 1164): OnBootPhase_1000_com.android.server.apphibernation.AppHibernationService
08-22 17:42:03.533 D/ActivityManagerTiming( 1164): OnBootPhase_1000_com.android.server.apphibernation.AppHibernationService took to complete: 1ms
08-22 17:42:03.533 I/ActivityManagerTiming( 1164): OnBootPhase_1000_com.android.server.GestureLauncherService
08-22 17:42:03.533 D/ActivityManagerTiming( 1164): OnBootPhase_1000_com.android.server.GestureLauncherService took to complete: 0ms
08-22 17:42:03.534 I/ActivityManagerTiming( 1164): OnBootPhase_1000_com.android.server.SensorNotificationService
08-22 17:42:03.534 I/HibernationStateDiskStore( 1164): No hibernation file on disk for file /data/system/hibernation/states
08-22 17:42:03.541 D/CompatibilityChangeReporter( 1164): Compat change id reported: 168936375; UID 1000; state: ENABLED
08-22 17:42:03.541 D/CompatibilityChangeReporter( 1164): Compat change id reported: 168936375; UID 1000; state: DISABLED
08-22 17:42:03.544 D/CompatibilityChangeReporter( 1164): Compat change id reported: 73144566; UID 1000; state: ENABLED
08-22 17:42:03.544 D/CompatibilityChangeReporter( 1164): Compat change id reported: 73144566; UID 1000; state: DISABLED
08-22 17:42:03.545 D/ActivityManagerTiming( 1164): OnBootPhase_1000_com.android.server.SensorNotificationService took to complete: 12ms
08-22 17:42:03.545 I/ActivityManagerTiming( 1164): OnBootPhase_1000_com.android.server.emergency.EmergencyAffordanceService
08-22 17:42:03.545 D/ActivityManagerTiming( 1164): OnBootPhase_1000_com.android.server.emergency.EmergencyAffordanceService took to complete: 0ms
08-22 17:42:03.545 I/ActivityManagerTiming( 1164): OnBootPhase_1000_com.android.server.blob.BlobStoreManagerService
08-22 17:42:03.546 D/ActivityManagerTiming( 1164): OnBootPhase_1000_com.android.server.blob.BlobStoreManagerService took to complete: 1ms
08-22 17:42:03.546 I/ActivityManagerTiming( 1164): OnBootPhase_1000_com.android.server.dreams.DreamManagerService
08-22 17:42:03.546 D/ActivityManagerTiming( 1164): OnBootPhase_1000_com.android.server.dreams.DreamManagerService took to complete: 0ms
08-22 17:42:03.546 I/ActivityManagerTiming( 1164): OnBootPhase_1000_com.android.server.companion.CompanionDeviceManagerService
08-22 17:42:03.546 D/ActivityManagerTiming( 1164): OnBootPhase_1000_com.android.server.companion.CompanionDeviceManagerService took to complete: 0ms
08-22 17:42:03.546 I/ActivityManagerTiming( 1164): OnBootPhase_1000_com.android.server.restrictions.RestrictionsManagerService
08-22 17:42:03.546 D/ActivityManagerTiming( 1164): OnBootPhase_1000_com.android.server.restrictions.RestrictionsManagerService took to complete: 0ms
08-22 17:42:03.546 I/ActivityManagerTiming( 1164): OnBootPhase_1000_com.android.server.media.MediaSessionService
08-22 17:42:03.548 D/ActivityManagerTiming( 1164): OnBootPhase_1000_com.android.server.media.MediaSessionService took to complete: 2ms
08-22 17:42:03.549 I/ActivityManagerTiming( 1164): OnBootPhase_1000_com.android.server.media.MediaResourceMonitorService
08-22 17:42:03.549 D/ActivityManagerTiming( 1164): OnBootPhase_1000_com.android.server.media.MediaResourceMonitorService took to complete: 0ms
08-22 17:42:03.549 I/ActivityManagerTiming( 1164): OnBootPhase_1000_com.android.server.biometrics.sensors.fingerprint.FingerprintService
08-22 17:42:03.549 D/ActivityManagerTiming( 1164): OnBootPhase_1000_com.android.server.biometrics.sensors.fingerprint.FingerprintService took to complete: 0ms
08-22 17:42:03.549 I/ActivityManagerTiming( 1164): OnBootPhase_1000_com.android.server.biometrics.BiometricService
08-22 17:42:03.550 D/ActivityManagerTiming( 1164): OnBootPhase_1000_com.android.server.biometrics.BiometricService took to complete: 0ms
08-22 17:42:03.550 I/ActivityManagerTiming( 1164): OnBootPhase_1000_com.android.server.biometrics.AuthService
08-22 17:42:03.550 D/ActivityManagerTiming( 1164): OnBootPhase_1000_com.android.server.biometrics.AuthService took to complete: 0ms
08-22 17:42:03.550 I/ActivityManagerTiming( 1164): OnBootPhase_1000_com.android.server.pm.ShortcutService$Lifecycle
08-22 17:42:03.550 D/ActivityManagerTiming( 1164): OnBootPhase_1000_com.android.server.pm.ShortcutService$Lifecycle took to complete: 0ms
08-22 17:42:03.550 I/ActivityManagerTiming( 1164): OnBootPhase_1000_com.android.server.pm.LauncherAppsService
08-22 17:42:03.550 D/ActivityManagerTiming( 1164): OnBootPhase_1000_com.android.server.pm.LauncherAppsService took to complete: 0ms
08-22 17:42:03.550 I/ActivityManagerTiming( 1164): OnBootPhase_1000_com.android.server.pm.CrossProfileAppsService
08-22 17:42:03.550 D/ActivityManagerTiming( 1164): OnBootPhase_1000_com.android.server.pm.CrossProfileAppsService took to complete: 0ms
08-22 17:42:03.550 I/ActivityManagerTiming( 1164): OnBootPhase_1000_com.android.server.people.PeopleService
08-22 17:42:03.550 D/ActivityManagerTiming( 1164): OnBootPhase_1000_com.android.server.people.PeopleService took to complete: 0ms
08-22 17:42:03.550 I/ActivityManagerTiming( 1164): OnBootPhase_1000_com.android.server.media.metrics.MediaMetricsManagerService
08-22 17:42:03.550 D/ActivityManagerTiming( 1164): OnBootPhase_1000_com.android.server.media.metrics.MediaMetricsManagerService took to complete: 0ms
08-22 17:42:03.550 I/ActivityManagerTiming( 1164): OnBootPhase_1000_com.android.server.media.projection.MediaProjectionManagerService
08-22 17:42:03.550 D/ActivityManagerTiming( 1164): OnBootPhase_1000_com.android.server.media.projection.MediaProjectionManagerService took to complete: 0ms
08-22 17:42:03.550 I/ActivityManagerTiming( 1164): OnBootPhase_1000_com.android.server.slice.SliceManagerService$Lifecycle
08-22 17:42:03.550 D/ActivityManagerTiming( 1164): OnBootPhase_1000_com.android.server.slice.SliceManagerService$Lifecycle took to complete: 0ms
08-22 17:42:03.550 I/ActivityManagerTiming( 1164): OnBootPhase_1000_com.android.server.stats.StatsCompanion$Lifecycle
08-22 17:42:03.551 D/ActivityManagerTiming( 1164): OnBootPhase_1000_com.android.server.stats.StatsCompanion$Lifecycle took to complete: 0ms
08-22 17:42:03.552 I/ActivityManagerTiming( 1164): OnBootPhase_1000_com.android.server.scheduling.RebootReadinessManagerService$Lifecycle
08-22 17:42:03.552 D/ActivityManagerTiming( 1164): OnBootPhase_1000_com.android.server.scheduling.RebootReadinessManagerService$Lifecycle took to complete: 0ms
08-22 17:42:03.552 I/ActivityManagerTiming( 1164): OnBootPhase_1000_com.android.server.stats.pull.StatsPullAtomService
08-22 17:42:03.552 D/ActivityManagerTiming( 1164): OnBootPhase_1000_com.android.server.stats.pull.StatsPullAtomService took to complete: 0ms
08-22 17:42:03.552 I/ActivityManagerTiming( 1164): OnBootPhase_1000_com.android.server.incident.IncidentCompanionService
08-22 17:42:03.552 D/ActivityManagerTiming( 1164): OnBootPhase_1000_com.android.server.incident.IncidentCompanionService took to complete: 0ms
08-22 17:42:03.552 I/ActivityManagerTiming( 1164): OnBootPhase_1000_com.android.server.MmsServiceBroker
08-22 17:42:03.552 D/ActivityManagerTiming( 1164): OnBootPhase_1000_com.android.server.MmsServiceBroker took to complete: 0ms
08-22 17:42:03.552 I/ActivityManagerTiming( 1164): OnBootPhase_1000_com.android.server.autofill.AutofillManagerService
08-22 17:42:03.552 D/ActivityManagerTiming( 1164): OnBootPhase_1000_com.android.server.autofill.AutofillManagerService took to complete: 0ms
08-22 17:42:03.552 I/ActivityManagerTiming( 1164): OnBootPhase_1000_com.android.server.clipboard.ClipboardService
08-22 17:42:03.552 D/ActivityManagerTiming( 1164): OnBootPhase_1000_com.android.server.clipboard.ClipboardService took to complete: 0ms
08-22 17:42:03.552 I/ActivityManagerTiming( 1164): OnBootPhase_1000_com.android.server.appbinding.AppBindingService$Lifecycle
08-22 17:42:03.552 D/ActivityManagerTiming( 1164): OnBootPhase_1000_com.android.server.appbinding.AppBindingService$Lifecycle took to complete: 0ms
08-22 17:42:03.552 I/ActivityManagerTiming( 1164): OnBootPhase_1000_com.android.server.tracing.TracingServiceProxy
08-22 17:42:03.553 D/ActivityManagerTiming( 1164): OnBootPhase_1000_com.android.server.tracing.TracingServiceProxy took to complete: 0ms
08-22 17:42:03.553 I/ActivityManagerTiming( 1164): OnBootPhase_1000_com.android.server.policy.PermissionPolicyService
08-22 17:42:03.553 D/ActivityManagerTiming( 1164): OnBootPhase_1000_com.android.server.policy.PermissionPolicyService took to complete: 0ms
08-22 17:42:03.553 I/ActivityManagerTiming( 1164): OnBootPhase_1000_com.android.server.pm.StagingManager$Lifecycle
08-22 17:42:03.553 D/ActivityManagerTiming( 1164): OnBootPhase_1000_com.android.server.pm.StagingManager$Lifecycle took to complete: 1ms
08-22 17:42:03.553 I/ActivityManagerTiming( 1164): OnBootPhase_1000_com.android.server.app.GameManagerService$Lifecycle
08-22 17:42:03.553 D/GameManagerService( 1164): onBootCompleted
08-22 17:42:03.553 D/ActivityManagerTiming( 1164): OnBootPhase_1000_com.android.server.app.GameManagerService$Lifecycle took to complete: 0ms
08-22 17:42:03.553 I/ActivityManagerTiming( 1164): OnBootPhase_1000_com.android.server.appsearch.AppSearchManagerService
08-22 17:42:03.554 D/ActivityManagerTiming( 1164): OnBootPhase_1000_com.android.server.appsearch.AppSearchManagerService took to complete: 1ms
08-22 17:42:03.554 I/ActivityManagerTiming( 1164): OnBootPhase_1000_com.android.server.media.MediaCommunicationService
08-22 17:42:03.554 D/ActivityManagerTiming( 1164): OnBootPhase_1000_com.android.server.media.MediaCommunicationService took to complete: 0ms
08-22 17:42:03.554 D/ActivityManagerTiming( 1164): OnBootPhase_1000 took to complete: 134ms
08-22 17:42:03.555 D/ActivityManagerTiming( 1164): TotalBootTime took to complete: 17671ms
08-22 17:42:03.555 D/SystemServerInitThreadPool( 1164): Shutdown requested
08-22 17:42:03.555 I/SystemServerTiming( 1164): WaitInitThreadPoolShutdown
08-22 17:42:03.573 D/SystemServerInitThreadPool( 1164): Shutdown successful
08-22 17:42:03.573 D/SystemServerTiming( 1164): WaitInitThreadPoolShutdown took to complete: 19ms
08-22 17:42:03.574 D/CompatibilityChangeReporter( 1164): Compat change id reported: 135634846; UID 10129; state: DISABLED
08-22 17:42:03.574 D/CompatibilityChangeReporter( 1164): Compat change id reported: 177438394; UID 10129; state: DISABLED
08-22 17:42:03.574 D/CompatibilityChangeReporter( 1164): Compat change id reported: 135772972; UID 10129; state: DISABLED
08-22 17:42:03.574 D/CompatibilityChangeReporter( 1164): Compat change id reported: 135754954; UID 10129; state: ENABLED
08-22 17:42:03.575 D/CompatibilityChangeReporter( 1164): Compat change id reported: 143937733; UID 10129; state: ENABLED
08-22 17:42:03.575 W/ActivityManager( 1164): android.ext.services inode == 0 (b/152760674)
08-22 17:42:03.587 I/ActivityManager( 1164): User 0 state changed from BOOTING to RUNNING_LOCKED
08-22 17:42:03.587 W/ActivityManager( 1164): UserLifecycleEvent 4 received without an active userJourneySession.
08-22 17:42:03.588 W/ActivityManager( 1164): UserLifecycleEvent 5 received without an active userJourneySession.
08-22 17:42:03.589 D/ActivityManager( 1164): Started unlocking user 0
08-22 17:42:03.589 D/ActivityManager( 1164): Unlocking user 0 progress 0
08-22 17:42:03.589 D/ActivityManager( 1164): Unlocking user 0 progress 5
08-22 17:42:03.590 D/ActivityManagerTiming( 1164): FinishBooting took to complete: 366ms
08-22 17:42:03.590 D/vold ( 565): fscrypt_prepare_user_storage for volume null, user 0, serial 0, flags 2
08-22 17:42:03.590 D/vold ( 565): Preparing: /data/system_ce/0
08-22 17:42:03.590 D/vold ( 565): Preparing: /data/misc_ce/0
08-22 17:42:03.591 D/vold ( 565): Preparing: /data/vendor_ce/0
08-22 17:42:03.591 D/vold ( 565): Preparing: /data/media/0
08-22 17:42:03.591 W/NotificationHistory( 1164): Attempted to add notif for locked/gone/disabled user 0
08-22 17:42:03.592 D/vold ( 565): Preparing: /data/data
08-22 17:42:03.592 I/vold ( 565): Encryption policy of /data/system_ce/0 set to 4c2ea4d49ad954c9977b8fc7d689f873 v2 modes 1/4 flags 0xa
08-22 17:42:03.592 I/vold ( 565): Encryption policy of /data/misc_ce/0 set to 4c2ea4d49ad954c9977b8fc7d689f873 v2 modes 1/4 flags 0xa
08-22 17:42:03.592 I/vold ( 565): Encryption policy of /data/vendor_ce/0 set to 4c2ea4d49ad954c9977b8fc7d689f873 v2 modes 1/4 flags 0xa
08-22 17:42:03.592 I/vold ( 565): Encryption policy of /data/media/0 set to 4c2ea4d49ad954c9977b8fc7d689f873 v2 modes 1/4 flags 0xa
08-22 17:42:03.593 I/vold ( 565): Encryption policy of /data/data set to 4c2ea4d49ad954c9977b8fc7d689f873 v2 modes 1/4 flags 0xa
08-22 17:42:03.593 D/vold ( 565): Starting restorecon of /data/system_ce/0
08-22 17:42:03.600 D/CompatibilityChangeReporter( 1164): Compat change id reported: 135634846; UID 10078; state: DISABLED
08-22 17:42:03.600 D/CompatibilityChangeReporter( 1164): Compat change id reported: 177438394; UID 10078; state: DISABLED
08-22 17:42:03.600 I/DropBoxManagerService( 1164): add tag=system_server_strictmode isTagEnabled=true flags=0x2
08-22 17:42:03.601 D/CompatibilityChangeReporter( 1164): Compat change id reported: 135772972; UID 10078; state: DISABLED
08-22 17:42:03.601 D/CompatibilityChangeReporter( 1164): Compat change id reported: 135754954; UID 10078; state: DISABLED
08-22 17:42:03.602 I/DropBoxManagerService( 1164): add tag=system_server_strictmode isTagEnabled=true flags=0x2
08-22 17:42:03.603 I/DropBoxManagerService( 1164): add tag=system_server_strictmode isTagEnabled=true flags=0x2
08-22 17:42:03.603 D/vold ( 565): Finished restorecon of /data/system_ce/0
08-22 17:42:03.603 D/vold ( 565): Starting restorecon of /data/vendor_ce/0
08-22 17:42:03.605 I/DropBoxManagerService( 1164): add tag=system_server_strictmode isTagEnabled=true flags=0x2
08-22 17:42:03.609 D/vold ( 565): Finished restorecon of /data/vendor_ce/0
08-22 17:42:03.609 D/vold ( 565): Starting restorecon of /data/misc_ce/0
08-22 17:42:03.614 D/vold ( 565): Finished restorecon of /data/misc_ce/0
08-22 17:42:03.614 D/vold ( 565): /system/bin/vold_prepare_subdirs
08-22 17:42:03.614 D/vold ( 565): prepare
08-22 17:42:03.614 D/vold ( 565):
08-22 17:42:03.614 D/vold ( 565): 0
08-22 17:42:03.614 D/vold ( 565): 2
08-22 17:42:03.623 I/ActivityManager( 1164): Start proc 3077:android.ext.services/u0a129 for on-hold
08-22 17:42:03.623 D/CompatibilityChangeReporter( 1164): Compat change id reported: 143937733; UID 10078; state: DISABLED
08-22 17:42:03.623 W/ActivityManager( 1164): com.android.deskclock inode == 0 (b/152760674)
08-22 17:42:03.651 W/ActivityThread( 3032): Failed to find provider info for user_dictionary (user not unlocked)
08-22 17:42:03.658 D/Fingerprint21( 1164): handleError, client: FingerprintInternalCleanupClient, error: 2, vendorCode: 0
08-22 17:42:03.658 E/Fingerprint21( 1164): onError for non-error consumer: FingerprintInternalCleanupClient
08-22 17:42:03.664 W/ActivityManager( 1164): Slow operation: 64ms so far, now at startProcess: returned from zygote!
08-22 17:42:03.665 W/ActivityManager( 1164): Slow operation: 64ms so far, now at startProcess: done updating battery stats
08-22 17:42:03.665 W/ActivityManager( 1164): Slow operation: 64ms so far, now at startProcess: building log message
08-22 17:42:03.665 I/ActivityManager( 1164): Start proc 3083:com.android.deskclock/u0a78 for broadcast {com.android.deskclock/com.android.deskclock.AlarmInitReceiver}
08-22 17:42:03.665 W/ActivityManager( 1164): Slow operation: 65ms so far, now at startProcess: starting to update pids map
08-22 17:42:03.667 W/ActivityTaskManager( 1164): Current config: {1.0 ?mcc?mnc [zh_CN] ldltr sw680dp w1586dp h608dp 240dpi lrg long hdr land finger -keyb/h/h -nav/h winConfig={ mBounds=Rect(0, 0 - 2380, 1020) mAppBounds=Rect(0, 0 - 2380, 948) mMaxBounds=Rect(0, 0 - 2380, 1020) mWindowingMode=fullscreen mDisplayWindowingMode=fullscreen mActivityType=undefined mAlwaysOnTop=undefined mRotation=ROTATION_0} s.10 fontWeightAdjustment=0} unchanged for IME proc com.android.inputmethod.latin
08-22 17:42:03.667 W/ActivityTaskManager( 1164): Current config: {1.0 ?mcc?mnc [zh_CN] ldltr sw680dp w1586dp h608dp 240dpi lrg long hdr land finger -keyb/h/h -nav/h winConfig={ mBounds=Rect(0, 0 - 2380, 1020) mAppBounds=Rect(0, 0 - 2380, 948) mMaxBounds=Rect(0, 0 - 2380, 1020) mWindowingMode=fullscreen mDisplayWindowingMode=fullscreen mActivityType=undefined mAlwaysOnTop=undefined mRotation=ROTATION_0} s.10 fontWeightAdjustment=0} unchanged for IME proc com.android.inputmethod.latin
08-22 17:42:03.668 W/ActivityManager( 1164): Slow operation: 68ms so far, now at startProcess: done updating pids map
08-22 17:42:03.732 V/UserDataPreparer( 1164): Found /data/user/0 with serial number 0
08-22 17:42:03.732 V/UserDataPreparer( 1164): Found /data/system_ce/0 with serial number -1
08-22 17:42:03.732 D/UserDataPreparer( 1164): Serial number missing on /data/system_ce/0; assuming current is valid
08-22 17:42:03.733 D/UserDataPreparer( 1164): Setting property: sys.user.0.ce_available=true
08-22 17:42:03.735 V/PackageManager( 1164): reconcileAppsData for null u0 0x2 migrateAppData=true
08-22 17:42:03.747 D/CompatibilityChangeReporter( 1164): Compat change id reported: 168419799; UID 10129; state: DISABLED
08-22 17:42:03.773 D/CompatibilityChangeReporter( 1164): Compat change id reported: 168419799; UID 10078; state: DISABLED
08-22 17:42:03.888 W/UsageStatsService( 1164): Failed to query usage stats for locked user 0
08-22 17:42:03.945 V/NotificationAssistants( 1164): 0 notification assistant service connected: ComponentInfo{android.ext.services/android.ext.services.notification.Assistant}
08-22 17:42:03.963 I/ExplicitHealthCheckController( 1164): Explicit health check service is connected ComponentInfo{android.ext.services/android.ext.services.watchdog.ExplicitHealthCheckServiceImpl}
08-22 17:42:03.963 I/ExplicitHealthCheckController( 1164): Service initialized, syncing requests
08-22 17:42:03.963 I/PackageWatchdog( 1164): Syncing health check requests for packages: {}
08-22 17:42:03.963 D/ExplicitHealthCheckController( 1164): Getting health check supported packages
08-22 17:42:03.968 I/ExplicitHealthCheckController( 1164): Explicit health check supported packages [PackageConfig{com.android.networkstack, 86400000}]
08-22 17:42:03.968 D/PackageWatchdog( 1164): Received supported packages [PackageConfig{com.android.networkstack, 86400000}]
08-22 17:42:03.968 D/ExplicitHealthCheckController( 1164): Getting health check requested packages
08-22 17:42:03.970 I/ExplicitHealthCheckController( 1164): Explicit health check requested packages []
08-22 17:42:03.971 I/ExplicitHealthCheckController( 1164): No more health check requests, unbinding...
08-22 17:42:03.974 I/ExplicitHealthCheckController( 1164): Explicit health check service is unbound
08-22 17:42:04.103 D/CompatibilityChangeReporter( 1164): Compat change id reported: 135634846; UID 10092; state: DISABLED
08-22 17:42:04.104 D/CompatibilityChangeReporter( 1164): Compat change id reported: 177438394; UID 10092; state: DISABLED
08-22 17:42:04.104 D/CompatibilityChangeReporter( 1164): Compat change id reported: 135772972; UID 10092; state: DISABLED
08-22 17:42:04.105 D/CompatibilityChangeReporter( 1164): Compat change id reported: 135754954; UID 10092; state: ENABLED
08-22 17:42:04.106 D/CompatibilityChangeReporter( 1164): Compat change id reported: 143937733; UID 10092; state: ENABLED
08-22 17:42:04.106 W/ActivityManager( 1164): com.qualcomm.location inode == 0 (b/152760674)
08-22 17:42:04.207 W/ActivityManager( 1164): Slow operation: 106ms so far, now at startProcess: returned from zygote!
08-22 17:42:04.208 W/ActivityManager( 1164): Slow operation: 106ms so far, now at startProcess: done updating battery stats
08-22 17:42:04.208 W/ActivityManager( 1164): Slow operation: 107ms so far, now at startProcess: building log message
08-22 17:42:04.208 I/ActivityManager( 1164): Start proc 3149:com.qualcomm.location/u0a92 for broadcast {com.qualcomm.location/com.qualcomm.location.LocationServiceReceiver}
08-22 17:42:04.208 W/ActivityManager( 1164): Slow operation: 107ms so far, now at startProcess: starting to update pids map
08-22 17:42:04.209 W/ActivityManager( 1164): Slow operation: 108ms so far, now at startProcess: done updating pids map
08-22 17:42:04.361 D/BluetoothManagerService( 1164): Bluetooth Adapter address changed to 22:22:80:4D:A5:BF
08-22 17:42:04.363 D/BluetoothManagerService( 1164): Stored Bluetoothaddress: 22:22:80:4D:A5:BF
08-22 17:42:04.367 D/BluetoothManagerService( 1164): Bluetooth Adapter name changed to QCOM-BTD by android
08-22 17:42:04.367 D/BluetoothManagerService( 1164): Stored Bluetooth name: QCOM-BTD
08-22 17:42:04.374 D/BluetoothManagerService( 1164): Bluetooth Adapter address changed to 22:22:80:4D:A5:BF
08-22 17:42:04.374 D/BluetoothManagerService( 1164): Stored Bluetoothaddress: 22:22:80:4D:A5:BF
08-22 17:42:04.390 D/BluetoothManagerService( 1164): MESSAGE_BLUETOOTH_STATE_CHANGE: BLE_TURNING_ON > BLE_ON
08-22 17:42:04.390 D/BluetoothManagerService( 1164): Bluetooth is in LE only mode
08-22 17:42:04.390 D/BluetoothManagerService( 1164): Binding Bluetooth GATT service
08-22 17:42:04.393 D/BluetoothManagerService( 1164): Sending BLE State Change: BLE_TURNING_ON > BLE_ON
08-22 17:42:04.396 D/CompanionDeviceManagerService( 1164): Received BT state transition broadcast: BLE_TURNING_ON -> BLE_ON
08-22 17:42:04.397 W/ProcessCpuTracker( 1164): Failed to stat(/proc/3159): android.system.ErrnoException: stat failed: ENOENT (No such file or directory)
08-22 17:42:04.397 W/ProcessCpuTracker( 1164): Skipping unknown process pid 3159
08-22 17:42:04.399 I/CompanionDeviceManagerService( 1164): startBleScan()
08-22 17:42:04.400 I/CompanionDeviceManagerService( 1164): Read associations from disk: {0=[]}
08-22 17:42:04.401 D/BluetoothManagerService( 1164): BluetoothServiceConnection: com.android.bluetooth.gatt.GattService
08-22 17:42:04.401 D/BluetoothManagerService( 1164): MESSAGE_BLUETOOTH_SERVICE_CONNECTED: 2
08-22 17:42:04.401 D/BluetoothManagerService( 1164): continueFromBleOnState()
08-22 17:42:04.408 D/BluetoothManagerService( 1164): Persisting Bluetooth Setting: 1
08-22 17:42:04.424 D/BluetoothManagerService( 1164): MESSAGE_BLUETOOTH_STATE_CHANGE: BLE_ON > TURNING_ON
08-22 17:42:04.424 D/BluetoothManagerService( 1164): Sending BLE State Change: BLE_ON > TURNING_ON
08-22 17:42:04.425 D/BluetoothManagerService( 1164): Sending State Change: OFF > TURNING_ON
08-22 17:42:04.426 D/CompanionDeviceManagerService( 1164): Received BT state transition broadcast: BLE_ON -> TURNING_ON
08-22 17:42:04.489 D/CompatibilityChangeReporter( 1164): Compat change id reported: 168419799; UID 10092; state: DISABLED
08-22 17:42:04.511 D/TelephonyRegistry( 1164): listen oscl: mHasNotifySubscriptionInfoChangedOccurred==false no callback
08-22 17:42:04.705 D/CompatibilityChangeReporter( 1164): Compat change id reported: 135634846; UID 10059; state: DISABLED
08-22 17:42:04.706 D/CompatibilityChangeReporter( 1164): Compat change id reported: 177438394; UID 10059; state: DISABLED
08-22 17:42:04.706 D/CompatibilityChangeReporter( 1164): Compat change id reported: 135772972; UID 10059; state: DISABLED
08-22 17:42:04.706 D/CompatibilityChangeReporter( 1164): Compat change id reported: 135754954; UID 10059; state: ENABLED
08-22 17:42:04.707 D/CompatibilityChangeReporter( 1164): Compat change id reported: 143937733; UID 10059; state: ENABLED
08-22 17:42:04.707 W/ActivityManager( 1164): com.qualcomm.qti.biometrics.fingerprint.service inode == 0 (b/152760674)
08-22 17:42:04.768 W/ActivityManager( 1164): Slow operation: 63ms so far, now at startProcess: returned from zygote!
08-22 17:42:04.768 W/ActivityManager( 1164): Slow operation: 63ms so far, now at startProcess: done updating battery stats
08-22 17:42:04.768 W/ActivityManager( 1164): Slow operation: 63ms so far, now at startProcess: building log message
08-22 17:42:04.768 I/ActivityManager( 1164): Start proc 3233:com.qualcomm.qti.biometrics.fingerprint.service/u0a59 for broadcast {com.qualcomm.qti.biometrics.fingerprint.service/com.qualcomm.qti.biometrics.fingerprint.service.ShutdownReceiver}
08-22 17:42:04.768 W/ActivityManager( 1164): Slow operation: 63ms so far, now at startProcess: starting to update pids map
08-22 17:42:04.769 W/ActivityManager( 1164): Slow operation: 63ms so far, now at startProcess: done updating pids map
08-22 17:42:04.800 I/Telecom ( 1164): BluetoothDeviceManager: Got BluetoothHearingAid: android.bluetooth.BluetoothHearingAid@f4e0488: BMSL.oSC@AAM
08-22 17:42:04.824 W/ActivityThread( 2252): Failed to find provider info for com.android.contacts (user not unlocked)
08-22 17:42:04.833 D/TelephonyRegistry( 1164): listen oscl: mHasNotifySubscriptionInfoChangedOccurred==false no callback
08-22 17:42:04.861 D/BluetoothManagerService( 1164): MESSAGE_BLUETOOTH_STATE_CHANGE: TURNING_ON > ON
08-22 17:42:04.863 D/PackageManager( 1164): Instant App installer not found with android.intent.action.INSTALL_INSTANT_APP_PACKAGE
08-22 17:42:04.863 D/PackageManager( 1164): Clear ephemeral installer activity
08-22 17:42:04.865 D/BluetoothManagerService( 1164): Broadcasting onBluetoothStateChange(true) to 10 receivers.
08-22 17:42:04.866 D/BluetoothManagerService( 1164): Creating new ProfileServiceConnections object for profile: 1
08-22 17:42:04.869 W/BluetoothManagerService( 1164): psc is not null in bindBluetoothProfileService
08-22 17:42:04.869 D/BluetoothManagerService( 1164): Sending BLE State Change: TURNING_ON > ON
08-22 17:42:04.870 D/BluetoothManagerService( 1164): Sending State Change: TURNING_ON > ON
08-22 17:42:04.870 D/CompanionDeviceManagerService( 1164): Received BT state transition broadcast: TURNING_ON -> ON
08-22 17:42:04.872 I/CompanionDeviceManagerService( 1164): startBleScan()
08-22 17:42:04.913 W/BluetoothManagerService( 1164): psc is not null in bindBluetoothProfileService
08-22 17:42:04.918 D/CompatibilityChangeReporter( 1164): Compat change id reported: 168419799; UID 10059; state: DISABLED
08-22 17:42:05.023 I/Telecom ( 1164): BluetoothDeviceManager: Got BluetoothHeadset: com.android.server.telecom.BluetoothHeadsetProxy@ae144a2: BMSL.oSC@AAQ
08-22 17:42:05.090 D/CompatibilityChangeReporter( 1164): Compat change id reported: 135634846; UID 10110; state: DISABLED
08-22 17:42:05.090 D/CompatibilityChangeReporter( 1164): Compat change id reported: 177438394; UID 10110; state: DISABLED
08-22 17:42:05.090 D/CompatibilityChangeReporter( 1164): Compat change id reported: 135772972; UID 10110; state: DISABLED
08-22 17:42:05.090 D/CompatibilityChangeReporter( 1164): Compat change id reported: 135754954; UID 10110; state: ENABLED
08-22 17:42:05.092 D/CompatibilityChangeReporter( 1164): Compat change id reported: 143937733; UID 10110; state: ENABLED
08-22 17:42:05.092 W/ActivityManager( 1164): com.qualcomm.qti.performancemode inode == 0 (b/152760674)
08-22 17:42:05.105 D/CompatibilityChangeReporter( 1164): Compat change id reported: 135634846; UID 10059; state: DISABLED
08-22 17:42:05.105 D/CompatibilityChangeReporter( 1164): Compat change id reported: 177438394; UID 10059; state: DISABLED
08-22 17:42:05.105 D/CompatibilityChangeReporter( 1164): Compat change id reported: 135772972; UID 10059; state: DISABLED
08-22 17:42:05.105 D/CompatibilityChangeReporter( 1164): Compat change id reported: 135754954; UID 10059; state: ENABLED
08-22 17:42:05.152 W/ActivityManager( 1164): Slow operation: 63ms so far, now at startProcess: returned from zygote!
08-22 17:42:05.152 W/ActivityManager( 1164): Slow operation: 63ms so far, now at startProcess: done updating battery stats
08-22 17:42:05.152 W/ActivityManager( 1164): Slow operation: 63ms so far, now at startProcess: building log message
08-22 17:42:05.152 I/ActivityManager( 1164): Start proc 3304:com.qualcomm.qti.performancemode/u0a110 for broadcast {com.qualcomm.qti.performancemode/com.qualcomm.qti.performancemode.SystemEventReceiver}
08-22 17:42:05.152 W/ActivityManager( 1164): Slow operation: 63ms so far, now at startProcess: starting to update pids map
08-22 17:42:05.153 W/ActivityManager( 1164): Slow operation: 64ms so far, now at startProcess: done updating pids map
08-22 17:42:05.153 D/CompatibilityChangeReporter( 1164): Compat change id reported: 143937733; UID 10059; state: ENABLED
08-22 17:42:05.153 W/ActivityManager( 1164): com.qualcomm.qti.biometrics.fingerprint.service inode == 0 (b/152760674)
08-22 17:42:05.200 W/ActivityManager( 1164): Slow operation: 96ms so far, now at startProcess: returned from zygote!
08-22 17:42:05.200 W/ActivityManager( 1164): Slow operation: 96ms so far, now at startProcess: done updating battery stats
08-22 17:42:05.200 W/ActivityManager( 1164): Slow operation: 96ms so far, now at startProcess: building log message
08-22 17:42:05.200 I/ActivityManager( 1164): Start proc 3312:com.qualcomm.qti.biometrics.fingerprint.service:remote/u0a59 for service {com.qualcomm.qti.biometrics.fingerprint.service/com.qualcomm.qti.biometrics.fingerprint.service.FingerprintService}
08-22 17:42:05.200 W/ActivityManager( 1164): Slow operation: 96ms so far, now at startProcess: starting to update pids map
08-22 17:42:05.201 W/ActivityManager( 1164): Slow operation: 97ms so far, now at startProcess: done updating pids map
08-22 17:42:05.215 F/linker ( 3306): CANNOT LINK EXECUTABLE "/vendor/bin/hw/qvrservice": library "vendor.qti.hardware.qxr-V1-ndk_platform.so" not found: needed by /vendor/lib64/libqvrservice.so in namespace (default)
08-22 17:42:05.222 F/linker ( 3313): CANNOT LINK EXECUTABLE "/vendor/bin/hw/sxrservice": library "vendor.qti.hardware.qxr-V1-ndk_platform.so" not found: needed by main executable
08-22 17:42:05.258 D/CompatibilityChangeReporter( 1164): Compat change id reported: 168419799; UID 10110; state: DISABLED
08-22 17:42:05.393 D/PackageManager( 1164): Instant App installer not found with android.intent.action.INSTALL_INSTANT_APP_PACKAGE
08-22 17:42:05.393 D/PackageManager( 1164): Clear ephemeral installer activity
08-22 17:42:05.448 D/CompatibilityChangeReporter( 1164): Compat change id reported: 168419799; UID 1000; state: DISABLED
08-22 17:42:05.550 W/ContextImpl( 2726): Calling a method in the system process without a qualified user: android.app.ContextImpl.startService:1816 android.content.ContextWrapper.startService:774 android.content.ContextWrapper.startService:774 com.qualcomm.qti.qdma.app.BootReceiver.onBootReceived:115 com.qualcomm.qti.innodme.InnoBootReceiver.onReceive:22
08-22 17:42:05.561 D/CompatibilityChangeReporter( 1164): Compat change id reported: 135634846; UID 10063; state: DISABLED
08-22 17:42:05.561 D/CompatibilityChangeReporter( 1164): Compat change id reported: 177438394; UID 10063; state: DISABLED
08-22 17:42:05.561 D/CompatibilityChangeReporter( 1164): Compat change id reported: 135772972; UID 10063; state: DISABLED
08-22 17:42:05.562 D/CompatibilityChangeReporter( 1164): Compat change id reported: 135754954; UID 10063; state: ENABLED
08-22 17:42:05.562 D/CompatibilityChangeReporter( 1164): Compat change id reported: 143937733; UID 10063; state: ENABLED
08-22 17:42:05.562 W/ActivityManager( 1164): com.qualcomm.qti.smq inode == 0 (b/152760674)
08-22 17:42:05.576 W/ContextImpl( 2726): Calling a method in the system process without a qualified user: android.app.ContextImpl.startService:1816 android.content.ContextWrapper.startService:774 com.qualcomm.qti.qdma.util.PeriodicCI.run:477 com.qualcomm.qti.qdma.util.PeriodicCI.start:390 com.qualcomm.qti.qdma.app.ActiveCareService$ProcessSessionRequest.run:457
08-22 17:42:05.609 I/ActivityManager( 1164): Start proc 3401:com.qualcomm.qti.smq/u0a63 for broadcast {com.qualcomm.qti.smq/com.qualcomm.qti.smq.receiver.BootReceiver}
08-22 17:42:05.679 D/CompatibilityChangeReporter( 1164): Compat change id reported: 168419799; UID 10063; state: DISABLED
08-22 17:42:05.806 I/DropBoxManagerService( 1164): add tag=system_app_strictmode isTagEnabled=true flags=0x2
08-22 17:42:05.819 I/DropBoxManagerService( 1164): add tag=system_app_strictmode isTagEnabled=true flags=0x2
08-22 17:42:05.825 I/DropBoxManagerService( 1164): add tag=system_app_strictmode isTagEnabled=true flags=0x2
08-22 17:42:05.828 I/DropBoxManagerService( 1164): add tag=system_app_strictmode isTagEnabled=true flags=0x2
08-22 17:42:05.831 V/PackageManager( 1164): reconcileAppsData finished 168 packages
08-22 17:42:05.831 I/ActivityManager( 1164): User 0 state changed from RUNNING_LOCKED to RUNNING_UNLOCKING
08-22 17:42:05.832 D/ActivityManager( 1164): Unlocking user 0 progress 20
08-22 17:42:05.832 W/Looper ( 1164): Slow dispatch took 2243ms android.fg h=android.os.Handler c=com.android.server.am.UserController$$ExternalSyntheticLambda3@4b53241 m=0
08-22 17:42:05.832 W/Looper ( 1164): Slow delivery took 2243ms android.fg h=android.os.Handler c=com.android.server.am.UserController$$ExternalSyntheticLambda1@18acd27 m=0
08-22 17:42:05.832 I/SystemServerTimingAsync( 1164): ssm.UnlockingUser-0
08-22 17:42:05.833 I/SystemServiceManager( 1164): Calling onUnlockingUser 0
08-22 17:42:05.833 I/SystemServerTimingAsync( 1164): ssm.onUnlockingUser-0_com.android.server.security.FileIntegrityService
08-22 17:42:05.833 D/SystemServerTimingAsync( 1164): ssm.onUnlockingUser-0_com.android.server.security.FileIntegrityService took to complete: 0ms
08-22 17:42:05.833 I/SystemServerTimingAsync( 1164): ssm.onUnlockingUser-0_com.android.server.pm.Installer
08-22 17:42:05.833 D/SystemServerTimingAsync( 1164): ssm.onUnlockingUser-0_com.android.server.pm.Installer took to complete: 0ms
08-22 17:42:05.833 I/SystemServerTimingAsync( 1164): ssm.onUnlockingUser-0_com.android.server.os.DeviceIdentifiersPolicyService
08-22 17:42:05.833 D/SystemServerTimingAsync( 1164): ssm.onUnlockingUser-0_com.android.server.os.DeviceIdentifiersPolicyService took to complete: 0ms
08-22 17:42:05.834 I/SystemServerTimingAsync( 1164): ssm.onUnlockingUser-0_com.android.server.uri.UriGrantsManagerService$Lifecycle
08-22 17:42:05.834 D/SystemServerTimingAsync( 1164): ssm.onUnlockingUser-0_com.android.server.uri.UriGrantsManagerService$Lifecycle took to complete: 0ms
08-22 17:42:05.834 I/SystemServerTimingAsync( 1164): ssm.onUnlockingUser-0_com.android.server.powerstats.PowerStatsService
08-22 17:42:05.834 D/SystemServerTimingAsync( 1164): ssm.onUnlockingUser-0_com.android.server.powerstats.PowerStatsService took to complete: 0ms
08-22 17:42:05.835 I/SystemServerTimingAsync( 1164): ssm.onUnlockingUser-0_com.android.server.wm.ActivityTaskManagerService$Lifecycle
08-22 17:42:05.835 D/SystemServerTimingAsync( 1164): ssm.onUnlockingUser-0_com.android.server.wm.ActivityTaskManagerService$Lifecycle took to complete: 0ms
08-22 17:42:05.835 I/SystemServerTimingAsync( 1164): ssm.onUnlockingUser-0_com.android.server.am.ActivityManagerService$Lifecycle
08-22 17:42:05.835 D/SystemServerTimingAsync( 1164): ssm.onUnlockingUser-0_com.android.server.am.ActivityManagerService$Lifecycle took to complete: 0ms
08-22 17:42:05.836 I/SystemServerTimingAsync( 1164): ssm.onUnlockingUser-0_com.android.server.pm.DataLoaderManagerService
08-22 17:42:05.836 D/SystemServerTimingAsync( 1164): ssm.onUnlockingUser-0_com.android.server.pm.DataLoaderManagerService took to complete: 0ms
08-22 17:42:05.836 I/SystemServerTimingAsync( 1164): ssm.onUnlockingUser-0_com.android.server.power.PowerManagerService
08-22 17:42:05.836 D/SystemServerTimingAsync( 1164): ssm.onUnlockingUser-0_com.android.server.power.PowerManagerService took to complete: 0ms
08-22 17:42:05.836 I/SystemServerTimingAsync( 1164): ssm.onUnlockingUser-0_com.android.server.power.ThermalManagerService
08-22 17:42:05.837 D/SystemServerTimingAsync( 1164): ssm.onUnlockingUser-0_com.android.server.power.ThermalManagerService took to complete: 0ms
08-22 17:42:05.837 I/SystemServerTimingAsync( 1164): ssm.onUnlockingUser-0_com.android.server.power.hint.HintManagerService
08-22 17:42:05.837 D/SystemServerTimingAsync( 1164): ssm.onUnlockingUser-0_com.android.server.power.hint.HintManagerService took to complete: 0ms
08-22 17:42:05.838 I/SystemServerTimingAsync( 1164): ssm.onUnlockingUser-0_com.android.server.recoverysystem.RecoverySystemService$Lifecycle
08-22 17:42:05.847 D/SystemServerTimingAsync( 1164): ssm.onUnlockingUser-0_com.android.server.recoverysystem.RecoverySystemService$Lifecycle took to complete: 0ms
08-22 17:42:05.847 I/SystemServerTimingAsync( 1164): ssm.onUnlockingUser-0_com.android.server.lights.LightsService
08-22 17:42:05.848 D/SystemServerTimingAsync( 1164): ssm.onUnlockingUser-0_com.android.server.lights.LightsService took to complete: 0ms
08-22 17:42:05.848 I/SystemServerTimingAsync( 1164): ssm.onUnlockingUser-0_com.android.server.display.DisplayManagerService
08-22 17:42:05.848 D/SystemServerTimingAsync( 1164): ssm.onUnlockingUser-0_com.android.server.display.DisplayManagerService took to complete: 0ms
08-22 17:42:05.848 I/SystemServerTimingAsync( 1164): ssm.onUnlockingUser-0_com.android.server.pm.verify.domain.DomainVerificationService
08-22 17:42:05.848 D/SystemServerTimingAsync( 1164): ssm.onUnlockingUser-0_com.android.server.pm.verify.domain.DomainVerificationService took to complete: 0ms
08-22 17:42:05.848 I/SystemServerTimingAsync( 1164): ssm.onUnlockingUser-0_com.android.server.pm.PackageInstallerService$Lifecycle
08-22 17:42:05.848 D/SystemServerTimingAsync( 1164): ssm.onUnlockingUser-0_com.android.server.pm.PackageInstallerService$Lifecycle took to complete: 0ms
08-22 17:42:05.848 I/SystemServerTimingAsync( 1164): ssm.onUnlockingUser-0_com.android.server.pm.UserManagerService$LifeCycle
08-22 17:42:05.849 D/SystemServerTimingAsync( 1164): ssm.onUnlockingUser-0_com.android.server.pm.UserManagerService$LifeCycle took to complete: 0ms
08-22 17:42:05.849 I/SystemServerTimingAsync( 1164): ssm.onUnlockingUser-0_com.android.server.om.OverlayManagerService
