08-22 18:28:21.876 D/StartingSurfaceDrawer( 2258): addSplashScreen com.android.documentsui theme=7f110102 task=43 suggestType=1
08-22 18:28:21.880 D/StartingSurfaceDrawer( 2258): window attributes color: 0 icon null duration 0 brandImage null
08-22 18:28:21.885 D/StartingSurfaceDrawer( 2258): FgMainColor=fff5f5f5 BgMainColor=ff4688f2 IsBgComplex=false FromCache=true ThemeColor=ffffffff
08-22 18:28:21.885 D/StartingSurfaceDrawer( 2258): isRgbSimilarInHsv a: ffffffff b ff4688f2 contrast ratio: 3.4629216
08-22 18:28:21.885 D/StartingSurfaceDrawer( 2258): hsvDiff -144 ah 0.0 bh 216.97675 as 0.0 bs 0.7107438 av 1.0 bv 0.9490196 sqH 0.6400000190734865 sqS 0.5051567277803457 sqV 0.0025990000746425324 root 0.6185347597153763
08-22 18:28:21.885 D/StartingSurfaceDrawer( 2258): makeSplashScreenContentView: draw whole icon
08-22 18:28:21.886 D/StartingSurfaceDrawer( 2258): fillViewWithIcon surfaceWindowView android.window.SplashScreenView{3ebf9d3 V.E...... ......ID 0,0-0,0}
08-22 18:28:21.892 I/ActivityTaskManager( 1164): The Process com.android.documentsui Already Exists in BG. So sending its PID: 17492
08-22 18:28:21.892 W/ActivityTaskManager( 1164): Tried to set launchTime (0) < mLastActivityLaunchTime (2852335)
08-22 18:28:22.030 D/StartingSurfaceDrawer( 2258): Task start finish, remove starting surface for task 43
08-22 18:28:22.030 V/StartingSurfaceDrawer( 2258): Removing splash screen window for task: 43
01-01 00:52:29.898 D/ ( 0): mv2112_read_status
01-01 00:52:29.902 D/mv2112_update_link( 0): 3.0x901(1G): 0x80
01-01 00:52:29.911 D/mv2112_update_link( 0): 3.0x8109(100M): 0x0
01-01 00:52:29.917 D/mv2112_update_link( 0): link 0x0
01-01 00:52:29.932 D/mv2112_read_status( 0): autoneg is disabled
01-01 00:52:30.059 I/init ( 0): starting service 'qvrd_vndr'...
01-01 00:52:30.066 I/init ( 0): Created socket '/dev/socket/qvrservice_vndr', mode 660, user 1000, group 1000
01-01 00:52:30.076 I/init ( 0): Created socket '/dev/socket/qvrservice_vndr_camera', mode 660, user 1000, group 1000
01-01 00:52:30.101 I/init ( 0): starting service 'sxrd'...
01-01 00:52:30.125 I/init ( 0): Service 'qvrd_vndr' (pid 25363) exited with status 1
01-01 00:52:30.132 I/init ( 0): Sending signal 9 to service 'qvrd_vndr' (pid 25363) process group...
01-01 00:52:30.141 I/libprocessgroup( 0): Successfully killed process cgroup uid 1000 pid 25363 in 0ms
01-01 00:52:30.151 I/init ( 0): Service 'sxrd' (pid 25365) exited with status 1
01-01 00:52:30.157 I/init ( 0): Sending signal 9 to service 'sxrd' (pid 25365) process group...
01-01 00:52:30.165 I/libprocessgroup( 0): Successfully killed process cgroup uid 1000 pid 25365 in 0ms
08-22 18:28:22.371 F/linker (25363): CANNOT LINK EXECUTABLE "/vendor/bin/hw/qvrservice": library "vendor.qti.hardware.qxr-V1-ndk_platform.so" not found: needed by /vendor/lib64/libqvrservice.so in namespace (default)
08-22 18:28:22.373 F/linker (25365): CANNOT LINK EXECUTABLE "/vendor/bin/hw/sxrservice": library "vendor.qti.hardware.qxr-V1-ndk_platform.so" not found: needed by main executable
08-22 18:28:22.419 W/WindowManager( 1164): App freeze timeout expired.
01-01 00:52:30.956 D/ ( 0): mv2112_read_status
01-01 00:52:30.961 D/mv2112_update_link( 0): 3.0x901(1G): 0x80
01-01 00:52:30.968 D/mv2112_update_link( 0): 3.0x8109(100M): 0x0
01-01 00:52:30.980 D/mv2112_update_link( 0): link 0x0
01-01 00:52:30.991 D/mv2112_read_status( 0): autoneg is disabled
01-01 00:52:31.963 I/afe_close( 0): port_id = 0x9000
01-01 00:52:32.008 D/ ( 0): mv2112_read_status
01-01 00:52:32.014 D/mv2112_update_link( 0): 3.0x901(1G): 0x80
01-01 00:52:32.020 D/mv2112_update_link( 0): 3.0x8109(100M): 0x0
01-01 00:52:32.026 D/mv2112_update_link( 0): link 0x0
01-01 00:52:32.030 D/mv2112_read_status( 0): autoneg is disabled
08-22 18:28:24.269 E/TaskPersister( 1164): File error accessing recents directory (directory doesn't exist?).
01-01 00:52:32.596 I/perfetto( 0): disabled ftrace
08-22 18:28:24.793 I/DropBoxManagerService( 1164): add tag=system_app_strictmode isTagEnabled=true flags=0x2
08-22 18:28:24.873 I/iorapd ( 1243): Perfetto TraceBuffer saved to file: /data/misc/iorapd/com.caf.fmradio/31/com.caf.fmradio.FMRadio/raw_traces/1661192904845493517.perfetto_trace.pb
08-22 18:28:24.877 D/AutofillManagerService( 1164): Close system dialogs
01-01 00:52:33.033 D/ ( 0): mv2112_read_status
01-01 00:52:33.037 D/mv2112_update_link( 0): 3.0x901(1G): 0x80
01-01 00:52:33.043 D/mv2112_update_link( 0): 3.0x8109(100M): 0x0
01-01 00:52:33.050 D/mv2112_update_link( 0): link 0x0
01-01 00:52:33.055 D/mv2112_read_status( 0): autoneg is disabled
01-01 00:52:33.170 D/cnss ( 0): Host time = 2884643260 us, device time = 915369730 us, offset = 1969273530 us
01-01 00:52:33.179 D/cnss ( 0): Updated time sync regs [0x984] = 0x7560baba, [0x988] = 0x0
01-01 00:52:34.088 D/ ( 0): mv2112_read_status
01-01 00:52:34.093 D/mv2112_update_link( 0): 3.0x901(1G): 0x80
01-01 00:52:34.099 D/mv2112_update_link( 0): 3.0x8109(100M): 0x0
01-01 00:52:34.106 D/mv2112_update_link( 0): link 0x0
01-01 00:52:34.110 D/mv2112_read_status( 0): autoneg is disabled
01-01 00:52:35.098 I/init ( 0): starting service 'qvrd_vndr'...
01-01 00:52:35.104 I/init ( 0): Created socket '/dev/socket/qvrservice_vndr', mode 660, user 1000, group 1000
01-01 00:52:35.113 D/ ( 0): mv2112_read_status
01-01 00:52:35.114 I/init ( 0): Created socket '/dev/socket/qvrservice_vndr_camera', mode 660, user 1000, group 1000
01-01 00:52:35.117 D/mv2112_update_link( 0): 3.0x901(1G): 0x80
01-01 00:52:35.132 D/mv2112_update_link( 0): 3.0x8109(100M): 0x0
01-01 00:52:35.138 I/init ( 0): starting service 'sxrd'...
01-01 00:52:35.138 D/mv2112_update_link( 0): link 0x0
01-01 00:52:35.147 D/mv2112_read_status( 0): autoneg is disabled
01-01 00:52:35.159 I/init ( 0): Service 'qvrd_vndr' (pid 26820) exited with status 1
01-01 00:52:35.166 I/init ( 0): Sending signal 9 to service 'qvrd_vndr' (pid 26820) process group...
01-01 00:52:35.175 I/libprocessgroup( 0): Successfully killed process cgroup uid 1000 pid 26820 in 0ms
01-01 00:52:35.184 I/init ( 0): Service 'sxrd' (pid 26823) exited with status 1
01-01 00:52:35.190 I/init ( 0): Sending signal 9 to service 'sxrd' (pid 26823) process group...
01-01 00:52:35.199 I/libprocessgroup( 0): Successfully killed process cgroup uid 1000 pid 26823 in 0ms
08-22 18:28:27.405 F/linker (26820): CANNOT LINK EXECUTABLE "/vendor/bin/hw/qvrservice": library "vendor.qti.hardware.qxr-V1-ndk_platform.so" not found: needed by /vendor/lib64/libqvrservice.so in namespace (default)
08-22 18:28:27.422 F/linker (26823): CANNOT LINK EXECUTABLE "/vendor/bin/hw/sxrservice": library "vendor.qti.hardware.qxr-V1-ndk_platform.so" not found: needed by main executable
08-22 18:28:28.028 I/ActivityManager( 1164): PendingStartActivityUids startActivity to updateOomAdj delay:3211ms, uid:10106
01-01 00:52:36.168 D/ ( 0): mv2112_read_status
01-01 00:52:36.173 D/mv2112_update_link( 0): 3.0x901(1G): 0x80
01-01 00:52:36.179 D/mv2112_update_link( 0): 3.0x8109(100M): 0x0
01-01 00:52:36.184 D/mv2112_update_link( 0): link 0x0
01-01 00:52:36.189 D/mv2112_read_status( 0): autoneg is disabled
01-01 00:52:37.193 D/ ( 0): mv2112_read_status
01-01 00:52:37.197 D/mv2112_update_link( 0): 3.0x901(1G): 0x80
01-01 00:52:37.203 D/mv2112_update_link( 0): 3.0x8109(100M): 0x0
01-01 00:52:37.208 D/mv2112_update_link( 0): link 0x0
01-01 00:52:37.213 D/mv2112_read_status( 0): autoneg is disabled
01-01 00:52:38.217 D/ ( 0): mv2112_read_status
01-01 00:52:38.222 D/mv2112_update_link( 0): 3.0x901(1G): 0x80
01-01 00:52:38.229 D/mv2112_update_link( 0): 3.0x8109(100M): 0x0
01-01 00:52:38.238 D/mv2112_update_link( 0): link 0x0
01-01 00:52:38.243 D/mv2112_read_status( 0): autoneg is disabled
01-01 00:52:39.273 D/ ( 0): mv2112_read_status
01-01 00:52:39.277 D/mv2112_update_link( 0): 3.0x901(1G): 0x80
01-01 00:52:39.284 D/mv2112_update_link( 0): 3.0x8109(100M): 0x0
01-01 00:52:39.292 D/mv2112_update_link( 0): link 0x0
01-01 00:52:39.296 D/mv2112_read_status( 0): autoneg is disabled
01-01 00:52:40.139 I/init ( 0): starting service 'qvrd_vndr'...
01-01 00:52:40.147 I/init ( 0): Created socket '/dev/socket/qvrservice_vndr', mode 660, user 1000, group 1000
01-01 00:52:40.157 I/init ( 0): Created socket '/dev/socket/qvrservice_vndr_camera', mode 660, user 1000, group 1000
01-01 00:52:40.177 I/init ( 0): starting service 'sxrd'...
01-01 00:52:40.202 I/init ( 0): Service 'sxrd' (pid 28287) exited with status 1
01-01 00:52:40.208 I/init ( 0): Sending signal 9 to service 'sxrd' (pid 28287) process group...
01-01 00:52:40.216 I/libprocessgroup( 0): Successfully killed process cgroup uid 1000 pid 28287 in 0ms
01-01 00:52:40.226 I/init ( 0): Service 'qvrd_vndr' (pid 28280) exited with status 1
01-01 00:52:40.233 I/init ( 0): Sending signal 9 to service 'qvrd_vndr' (pid 28280) process group...
01-01 00:52:40.242 I/libprocessgroup( 0): Successfully killed process cgroup uid 1000 pid 28280 in 0ms
08-22 18:28:32.446 F/linker (28287): CANNOT LINK EXECUTABLE "/vendor/bin/hw/sxrservice": library "vendor.qti.hardware.qxr-V1-ndk_platform.so" not found: needed by main executable
08-22 18:28:32.452 F/linker (28280): CANNOT LINK EXECUTABLE "/vendor/bin/hw/qvrservice": library "vendor.qti.hardware.qxr-V1-ndk_platform.so" not found: needed by /vendor/lib64/libqvrservice.so in namespace (default)
01-01 00:52:40.329 D/ ( 0): mv2112_read_status
01-01 00:52:40.333 D/mv2112_update_link( 0): 3.0x901(1G): 0x80
01-01 00:52:40.339 D/mv2112_update_link( 0): 3.0x8109(100M): 0x0
01-01 00:52:40.345 D/mv2112_update_link( 0): link 0x0
01-01 00:52:40.349 D/mv2112_read_status( 0): autoneg is disabled
01-01 00:52:41.384 D/ ( 0): mv2112_read_status
01-01 00:52:41.389 D/mv2112_update_link( 0): 3.0x901(1G): 0x80
01-01 00:52:41.395 D/mv2112_update_link( 0): 3.0x8109(100M): 0x0
01-01 00:52:41.403 D/mv2112_update_link( 0): link 0x0
01-01 00:52:41.407 D/mv2112_read_status( 0): autoneg is disabled
01-01 00:52:42.441 D/ ( 0): mv2112_read_status
01-01 00:52:42.444 D/mv2112_update_link( 0): 3.0x901(1G): 0x80
01-01 00:52:42.449 D/mv2112_update_link( 0): 3.0x8109(100M): 0x0
01-01 00:52:42.461 D/mv2112_update_link( 0): link 0x0
01-01 00:52:42.465 D/mv2112_read_status( 0): autoneg is disabled
01-01 00:52:43.498 D/ ( 0): mv2112_read_status
01-01 00:52:43.505 D/mv2112_update_link( 0): 3.0x901(1G): 0x80
01-01 00:52:43.511 D/mv2112_update_link( 0): 3.0x8109(100M): 0x0
01-01 00:52:43.516 D/mv2112_update_link( 0): link 0x0
01-01 00:52:43.520 D/mv2112_read_status( 0): autoneg is disabled
01-01 00:52:44.552 D/ ( 0): mv2112_read_status
01-01 00:52:44.562 D/mv2112_update_link( 0): 3.0x901(1G): 0x80
01-01 00:52:44.569 D/mv2112_update_link( 0): 3.0x8109(100M): 0x0
01-01 00:52:44.575 D/mv2112_update_link( 0): link 0x0
01-01 00:52:44.579 D/mv2112_read_status( 0): autoneg is disabled
01-01 00:52:45.178 I/init ( 0): starting service 'qvrd_vndr'...
01-01 00:52:45.185 I/init ( 0): Created socket '/dev/socket/qvrservice_vndr', mode 660, user 1000, group 1000
01-01 00:52:45.195 I/init ( 0): Created socket '/dev/socket/qvrservice_vndr_camera', mode 660, user 1000, group 1000
01-01 00:52:45.214 I/init ( 0): starting service 'sxrd'...
01-01 00:52:45.245 I/init ( 0): Service 'sxrd' (pid 29710) exited with status 1
01-01 00:52:45.251 I/init ( 0): Sending signal 9 to service 'sxrd' (pid 29710) process group...
01-01 00:52:45.259 I/libprocessgroup( 0): Successfully killed process cgroup uid 1000 pid 29710 in 0ms
01-01 00:52:45.269 I/init ( 0): Service 'qvrd_vndr' (pid 29705) exited with status 1
01-01 00:52:45.275 I/init ( 0): Sending signal 9 to service 'qvrd_vndr' (pid 29705) process group...
01-01 00:52:45.284 I/libprocessgroup( 0): Successfully killed process cgroup uid 1000 pid 29705 in 0ms
08-22 18:28:37.490 F/linker (29710): CANNOT LINK EXECUTABLE "/vendor/bin/hw/sxrservice": library "vendor.qti.hardware.qxr-V1-ndk_platform.so" not found: needed by main executable
08-22 18:28:37.491 F/linker (29705): CANNOT LINK EXECUTABLE "/vendor/bin/hw/qvrservice": library "vendor.qti.hardware.qxr-V1-ndk_platform.so" not found: needed by /vendor/lib64/libqvrservice.so in namespace (default)
01-01 00:52:45.609 D/ ( 0): mv2112_read_status
01-01 00:52:45.617 D/mv2112_update_link( 0): 3.0x901(1G): 0x80
01-01 00:52:45.623 D/mv2112_update_link( 0): 3.0x8109(100M): 0x0
01-01 00:52:45.629 D/mv2112_update_link( 0): link 0x0
01-01 00:52:45.634 D/mv2112_read_status( 0): autoneg is disabled
01-01 00:52:46.664 D/ ( 0): mv2112_read_status
01-01 00:52:46.683 D/mv2112_update_link( 0): 3.0x901(1G): 0x80
01-01 00:52:46.690 D/mv2112_update_link( 0): 3.0x8109(100M): 0x0
01-01 00:52:46.696 D/mv2112_update_link( 0): link 0x0
01-01 00:52:46.701 D/mv2112_read_status( 0): autoneg is disabled
01-01 00:52:47.720 D/ ( 0): mv2112_read_status
01-01 00:52:47.724 D/mv2112_update_link( 0): 3.0x901(1G): 0x80
01-01 00:52:47.729 D/mv2112_update_link( 0): 3.0x8109(100M): 0x0
01-01 00:52:47.735 D/mv2112_update_link( 0): link 0x0
01-01 00:52:47.740 D/mv2112_read_status( 0): autoneg is disabled
01-01 00:52:48.744 D/ ( 0): mv2112_read_status
01-01 00:52:48.749 D/mv2112_update_link( 0): 3.0x901(1G): 0x80
01-01 00:52:48.758 D/mv2112_update_link( 0): 3.0x8109(100M): 0x0
01-01 00:52:48.763 D/mv2112_update_link( 0): link 0x0
01-01 00:52:48.767 D/mv2112_read_status( 0): autoneg is disabled
01-01 00:52:49.802 D/ ( 0): mv2112_read_status
01-01 00:52:49.807 D/mv2112_update_link( 0): 3.0x901(1G): 0x80
01-01 00:52:49.815 D/mv2112_update_link( 0): 3.0x8109(100M): 0x0
01-01 00:52:49.820 D/mv2112_update_link( 0): link 0x0
01-01 00:52:49.824 D/mv2112_read_status( 0): autoneg is disabled
01-01 00:52:50.214 I/init ( 0): starting service 'qvrd_vndr'...
01-01 00:52:50.221 I/init ( 0): Created socket '/dev/socket/qvrservice_vndr', mode 660, user 1000, group 1000
01-01 00:52:50.232 I/init ( 0): Created socket '/dev/socket/qvrservice_vndr_camera', mode 660, user 1000, group 1000
01-01 00:52:50.256 I/init ( 0): starting service 'sxrd'...
01-01 00:52:50.284 I/init ( 0): Service 'qvrd_vndr' (pid 31159) exited with status 1
01-01 00:52:50.291 I/init ( 0): Sending signal 9 to service 'qvrd_vndr' (pid 31159) process group...
01-01 00:52:50.299 I/libprocessgroup( 0): Successfully killed process cgroup uid 1000 pid 31159 in 0ms
01-01 00:52:50.313 I/init ( 0): Service 'sxrd' (pid 31164) exited with status 1
08-22 18:28:42.529 F/linker (31159): CANNOT LINK EXECUTABLE "/vendor/bin/hw/qvrservice": library "vendor.qti.hardware.qxr-V1-ndk_platform.so" not found: needed by /vendor/lib64/libqvrservice.so in namespace (default)
08-22 18:28:42.529 F/linker (31164): CANNOT LINK EXECUTABLE "/vendor/bin/hw/sxrservice": library "vendor.qti.hardware.qxr-V1-ndk_platform.so" not found: needed by main executable
01-01 00:52:50.319 I/init ( 0): Sending signal 9 to service 'sxrd' (pid 31164) process group...
01-01 00:52:50.327 I/libprocessgroup( 0): Successfully killed process cgroup uid 1000 pid 31164 in 0ms
01-01 00:52:50.857 D/ ( 0): mv2112_read_status
01-01 00:52:50.864 D/mv2112_update_link( 0): 3.0x901(1G): 0x80
01-01 00:52:50.870 D/mv2112_update_link( 0): 3.0x8109(100M): 0x0
01-01 00:52:50.880 D/mv2112_update_link( 0): link 0x0
01-01 00:52:50.884 D/mv2112_read_status( 0): autoneg is disabled
01-01 00:52:51.912 D/ ( 0): mv2112_read_status
01-01 00:52:51.917 D/mv2112_update_link( 0): 3.0x901(1G): 0x80
01-01 00:52:51.922 D/mv2112_update_link( 0): 3.0x8109(100M): 0x0
01-01 00:52:51.928 D/mv2112_update_link( 0): link 0x0
01-01 00:52:51.933 D/mv2112_read_status( 0): autoneg is disabled
01-01 00:52:52.968 D/ ( 0): mv2112_read_status
01-01 00:52:52.972 D/mv2112_update_link( 0): 3.0x901(1G): 0x80
01-01 00:52:52.977 D/mv2112_update_link( 0): 3.0x8109(100M): 0x0
01-01 00:52:52.982 D/mv2112_update_link( 0): link 0x0
01-01 00:52:52.988 D/mv2112_read_status( 0): autoneg is disabled
01-01 00:52:53.992 D/ ( 0): mv2112_read_status
01-01 00:52:53.996 D/mv2112_update_link( 0): 3.0x901(1G): 0x80
01-01 00:52:54.001 D/mv2112_update_link( 0): 3.0x8109(100M): 0x0
01-01 00:52:54.006 D/mv2112_update_link( 0): link 0x0
01-01 00:52:54.011 D/mv2112_read_status( 0): autoneg is disabled
01-01 00:52:55.016 D/ ( 0): mv2112_read_status
01-01 00:52:55.021 D/mv2112_update_link( 0): 3.0x901(1G): 0x80
01-01 00:52:55.027 D/mv2112_update_link( 0): 3.0x8109(100M): 0x0
01-01 00:52:55.034 D/mv2112_update_link( 0): link 0x0
01-01 00:52:55.038 D/mv2112_read_status( 0): autoneg is disabled
01-01 00:52:55.254 I/init ( 0): starting service 'qvrd_vndr'...
01-01 00:52:55.261 I/init ( 0): Created socket '/dev/socket/qvrservice_vndr', mode 660, user 1000, group 1000
01-01 00:52:55.272 I/init ( 0): Created socket '/dev/socket/qvrservice_vndr_camera', mode 660, user 1000, group 1000
01-01 00:52:55.294 I/init ( 0): starting service 'sxrd'...
01-01 00:52:55.309 I/init ( 0): Service 'qvrd_vndr' (pid 612) exited with status 1
01-01 00:52:55.315 I/init ( 0): Sending signal 9 to service 'qvrd_vndr' (pid 612) process group...
01-01 00:52:55.324 I/libprocessgroup( 0): Successfully killed process cgroup uid 1000 pid 612 in 0ms
01-01 00:52:55.339 I/init ( 0): Service 'sxrd' (pid 637) exited with status 1
01-01 00:52:55.345 I/init ( 0): Sending signal 9 to service 'sxrd' (pid 637) process group...
01-01 00:52:55.353 I/libprocessgroup( 0): Successfully killed process cgroup uid 1000 pid 637 in 0ms
08-22 18:28:47.554 F/linker ( 612): CANNOT LINK EXECUTABLE "/vendor/bin/hw/qvrservice": library "vendor.qti.hardware.qxr-V1-ndk_platform.so" not found: needed by /vendor/lib64/libqvrservice.so in namespace (default)
08-22 18:28:47.585 F/linker ( 637): CANNOT LINK EXECUTABLE "/vendor/bin/hw/sxrservice": library "vendor.qti.hardware.qxr-V1-ndk_platform.so" not found: needed by main executable
01-01 00:52:56.040 D/ ( 0): mv2112_read_status
01-01 00:52:56.044 D/mv2112_update_link( 0): 3.0x901(1G): 0x80
01-01 00:52:56.049 D/mv2112_update_link( 0): 3.0x8109(100M): 0x0
01-01 00:52:56.054 D/mv2112_update_link( 0): link 0x0
01-01 00:52:56.058 D/mv2112_read_status( 0): autoneg is disabled
01-01 00:52:57.064 D/ ( 0): mv2112_read_status
01-01 00:52:57.068 D/mv2112_update_link( 0): 3.0x901(1G): 0x80
01-01 00:52:57.074 D/mv2112_update_link( 0): 3.0x8109(100M): 0x0
01-01 00:52:57.079 D/mv2112_update_link( 0): link 0x0
01-01 00:52:57.083 D/mv2112_read_status( 0): autoneg is disabled
01-01 00:52:58.090 D/ ( 0): mv2112_read_status
01-01 00:52:58.094 D/mv2112_update_link( 0): 3.0x901(1G): 0x80
01-01 00:52:58.099 D/mv2112_update_link( 0): 3.0x8109(100M): 0x0
01-01 00:52:58.105 D/mv2112_update_link( 0): link 0x0
01-01 00:52:58.109 D/mv2112_read_status( 0): autoneg is disabled
08-22 18:28:50.862 W/ContextImpl( 2661): Calling a method in the system process without a qualified user: android.app.ContextImpl.startActivity:1055 android.content.ContextWrapper.startActivity:411 com.thundercomm.remotecontrolservice.RemoteControlService.startApp:248 com.thundercomm.remotecontrolservice.remotecommand.RemoteAppLaunchCommand.doActualAction:35 com.thundercomm.remotecontrolservice.remotecommand.BaseCommand.doAction:41
08-22 18:28:50.863 W/ContextImpl( 2661): Calling a method in the system process without a qualified user: android.app.ContextImpl.startActivity:1067 android.app.ContextImpl.startActivity:1056 android.content.ContextWrapper.startActivity:411 com.thundercomm.remotecontrolservice.RemoteControlService.startApp:248 com.thundercomm.remotecontrolservice.remotecommand.RemoteAppLaunchCommand.doActualAction:35
08-22 18:28:50.867 I/ActivityTaskManager( 1164): START u0 {flg=0x10000000 cmp=com.example.android.locationattribution/.MainActivity} from uid 1000
08-22 18:28:50.879 W/ActivityTaskManager( 1164): Can't find TaskDisplayArea to determine support for multi window. Task id=44 attached=false
08-22 18:28:50.885 D/CompatibilityChangeReporter( 1164): Compat change id reported: 174042980; UID 10077; state: DISABLED
01-01 00:52:58.853 I/perfetto( 0): enabled ftrace
08-22 18:28:50.890 D/CompatibilityChangeReporter( 1164): Compat change id reported: 184838306; UID 10077; state: DISABLED
08-22 18:28:50.894 D/CompatibilityChangeReporter( 1164): Compat change id reported: 185004937; UID 10077; state: DISABLED
08-22 18:28:50.895 D/CompatibilityChangeReporter( 1164): Compat change id reported: 181136395; UID 10077; state: DISABLED
08-22 18:28:50.897 D/CompatibilityChangeReporter( 1164): Compat change id reported: 174042936; UID 10077; state: DISABLED
08-22 18:28:50.902 D/CompatibilityChangeReporter( 1164): Compat change id reported: 168419799; UID 10077; state: DISABLED
08-22 18:28:50.907 D/PhoneStartingWindowTypeAlgorithm( 2258): preferredStartingWindowType newTask:true taskSwitch:true processRunning:false allowTaskSnapshot:true activityCreated:false useEmptySplashScreen:false legacySplashScreen:false topIsHome:false
08-22 18:28:50.907 D/StartingSurfaceDrawer( 2258): addSplashScreen com.example.android.locationattribution theme=7f0f0005 task=44 suggestType=1
08-22 18:28:50.914 D/StartingSurfaceDrawer( 2258): window attributes color: 0 icon null duration 0 brandImage null
01-01 00:52:58.895 I/binder ( 0): 2826:2826 ioctl 40046210 7ffbecfd54 returned -22
08-22 18:28:50.923 D/StartingSurfaceDrawer( 2258): FgMainColor=ffffffff BgMainColor=ff008070 IsBgComplex=true FromCache=false ThemeColor=fffafafa
08-22 18:28:50.923 D/StartingSurfaceDrawer( 2258): makeSplashScreenContentView: draw whole icon
08-22 18:28:50.924 D/StartingSurfaceDrawer( 2258): fillViewWithIcon surfaceWindowView android.window.SplashScreenView{5bf0825 V.E...... ......ID 0,0-0,0}
01-01 00:52:59.089 I/binder ( 0): 2826:2899 ioctl 40046210 79f321b1f4 returned -22
08-22 18:28:50.958 D/CompatibilityChangeReporter( 1164): Compat change id reported: 135634846; UID 10077; state: DISABLED
08-22 18:28:50.958 D/CompatibilityChangeReporter( 1164): Compat change id reported: 177438394; UID 10077; state: DISABLED
08-22 18:28:50.958 D/CompatibilityChangeReporter( 1164): Compat change id reported: 135772972; UID 10077; state: DISABLED
08-22 18:28:50.958 D/CompatibilityChangeReporter( 1164): Compat change id reported: 135754954; UID 10077; state: ENABLED
08-22 18:28:50.959 D/CompatibilityChangeReporter( 1164): Compat change id reported: 143937733; UID 10077; state: ENABLED
08-22 18:28:51.006 I/ActivityManager( 1164): Start proc 2826:com.example.android.locationattribution/u0a77 for pre-top-activity {com.example.android.locationattribution/com.example.android.locationattribution.MainActivity}
08-22 18:28:51.007 W/ActivityManager( 1164): Slow operation: 51ms so far, now at startProcess: done updating pids map
08-22 18:28:51.008 W/ContextImpl( 1164): Calling a method in the system process without a qualified user: android.app.ContextImpl.sendBroadcast:1173 com.qualcomm.qti.Performance$SendGameLaunchBroadcast.run:217 java.lang.Thread.run:920
01-01 00:52:59.113 D/ ( 0): mv2112_read_status
01-01 00:52:59.117 D/mv2112_update_link( 0): 3.0x901(1G): 0x80
01-01 00:52:59.126 D/mv2112_update_link( 0): 3.0x8109(100M): 0x0
01-01 00:52:59.131 D/mv2112_update_link( 0): link 0x0
01-01 00:52:59.136 D/mv2112_read_status( 0): autoneg is disabled
08-22 18:28:51.399 D/StartingSurfaceDrawer( 2258): Task start finish, remove starting surface for task 44
08-22 18:28:51.399 V/StartingSurfaceDrawer( 2258): Removing splash screen window for task: 44
08-22 18:28:51.462 W/UsageStatsService( 1164): Unexpected activity event reported! (com.android.permissioncontroller/com.android.permissioncontroller.permission.ui.ReviewPermissionsActivity event : 23 instanceId : 167173364)
08-22 18:28:51.467 W/ActivityTaskManager( 1164): Can't find TaskDisplayArea to determine support for multi window. Task id=34 attached=false
08-22 18:28:51.467 W/ActivityTaskManager( 1164): Can't find TaskDisplayArea to determine support for multi window. Task id=34 attached=false
01-01 00:53:00.168 D/ ( 0): mv2112_read_status
01-01 00:53:00.172 D/mv2112_update_link( 0): 3.0x901(1G): 0x80
01-01 00:53:00.180 D/mv2112_update_link( 0): 3.0x8109(100M): 0x0
01-01 00:53:00.186 D/mv2112_update_link( 0): link 0x0
01-01 00:53:00.190 D/mv2112_read_status( 0): autoneg is disabled
01-01 00:53:00.291 I/init ( 0): starting service 'qvrd_vndr'...
01-01 00:53:00.302 I/init ( 0): Created socket '/dev/socket/qvrservice_vndr', mode 660, user 1000, group 1000
01-01 00:53:00.312 I/init ( 0): Created socket '/dev/socket/qvrservice_vndr_camera', mode 660, user 1000, group 1000
01-01 00:53:00.336 I/init ( 0): starting service 'sxrd'...
01-01 00:53:00.368 I/init ( 0): starting service 'vendor.light-hal-2-0'...
01-01 00:53:00.395 I/init ( 0): Service 'qvrd_vndr' (pid 3478) exited with status 1
01-01 00:53:00.401 I/init ( 0): Sending signal 9 to service 'qvrd_vndr' (pid 3478) process group...
08-22 18:28:52.621 F/linker ( 3478): CANNOT LINK EXECUTABLE "/vendor/bin/hw/qvrservice": library "vendor.qti.hardware.qxr-V1-ndk_platform.so" not found: needed by /vendor/lib64/libqvrservice.so in namespace (default)
08-22 18:28:52.623 F/linker ( 3485): CANNOT LINK EXECUTABLE "/vendor/bin/hw/sxrservice": library "vendor.qti.hardware.qxr-V1-ndk_platform.so" not found: needed by main executable
01-01 00:53:00.410 I/libprocessgroup( 0): Successfully killed process cgroup uid 1000 pid 3478 in 0ms
01-01 00:53:00.419 I/init ( 0): Service 'sxrd' (pid 3485) exited with status 1
01-01 00:53:00.426 I/init ( 0): Sending signal 9 to service 'sxrd' (pid 3485) process group...
01-01 00:53:01.192 D/ ( 0): mv2112_read_status
01-01 00:53:01.196 D/mv2112_update_link( 0): 3.0x901(1G): 0x80
01-01 00:53:01.201 D/mv2112_update_link( 0): 3.0x8109(100M): 0x0
01-01 00:53:01.207 D/mv2112_update_link( 0): link 0x0
01-01 00:53:01.211 D/mv2112_read_status( 0): autoneg is disabled
08-22 18:28:53.917 E/TaskPersister( 1164): File error accessing recents directory (directory doesn't exist?).
01-01 00:53:02.217 D/ ( 0): mv2112_read_status
01-01 00:53:02.222 D/mv2112_update_link( 0): 3.0x901(1G): 0x80
01-01 00:53:02.230 D/mv2112_update_link( 0): 3.0x8109(100M): 0x0
01-01 00:53:02.237 D/mv2112_update_link( 0): link 0x0
01-01 00:53:02.241 D/mv2112_read_status( 0): autoneg is disabled
08-22 18:28:54.789 W/ContextImpl( 2661): Calling a method in the system process without a qualified user: android.app.ContextImpl.startActivity:1055 android.content.ContextWrapper.startActivity:411 com.thundercomm.remotecontrolservice.RemoteControlService.startApp:248 com.thundercomm.remotecontrolservice.remotecommand.RemoteAppLaunchCommand.doActualAction:35 com.thundercomm.remotecontrolservice.remotecommand.BaseCommand.doAction:41
08-22 18:28:54.789 W/ContextImpl( 2661): Calling a method in the system process without a qualified user: android.app.ContextImpl.startActivity:1067 android.app.ContextImpl.startActivity:1056 android.content.ContextWrapper.startActivity:411 com.thundercomm.remotecontrolservice.RemoteControlService.startApp:248 com.thundercomm.remotecontrolservice.remotecommand.RemoteAppLaunchCommand.doActualAction:35
08-22 18:28:54.793 I/ActivityTaskManager( 1164): START u0 {flg=0x10000000 cmp=com.example.android.locationattribution/.MainActivity} from uid 1000
01-01 00:53:03.273 D/ ( 0): mv2112_read_status
01-01 00:53:03.279 D/mv2112_update_link( 0): 3.0x901(1G): 0x80
01-01 00:53:03.286 D/mv2112_update_link( 0): 3.0x8109(100M): 0x0
01-01 00:53:03.294 D/mv2112_update_link( 0): link 0x0
01-01 00:53:03.299 D/mv2112_read_status( 0): autoneg is disabled
01-01 00:53:03.768 I/perfetto( 0): disabled ftrace
08-22 18:28:56.019 I/iorapd ( 1243): Perfetto TraceBuffer saved to file: /data/misc/iorapd/com.example.android.locationattribution/31/com.example.android.locationattribution.MainActivity/raw_traces/1661192936014157151.perfetto_trace.pb
01-01 00:53:04.328 D/ ( 0): mv2112_read_status
01-01 00:53:04.332 D/mv2112_update_link( 0): 3.0x901(1G): 0x80
01-01 00:53:04.338 D/mv2112_update_link( 0): 3.0x8109(100M): 0x0
01-01 00:53:04.343 D/mv2112_update_link( 0): link 0x0
01-01 00:53:04.349 D/mv2112_read_status( 0): autoneg is disabled
01-01 00:53:04.646 I/[schedu][0xd093bf2d8][18:28:56.893028] wlan( 0): [13930:I:OSIF] scan start scan id 40994
08-22 18:28:57.333 I/ActivityTaskManager( 1164): START u0 {flg=0x10000000 cmp=com.example.android.locationattribution/.MainActivity} from uid 1000
01-01 00:53:05.337 I/init ( 0): starting service 'qvrd_vndr'...
01-01 00:53:05.343 I/init ( 0): Created socket '/dev/socket/qvrservice_vndr', mode 660, user 1000, group 1000
01-01 00:53:05.354 I/init ( 0): Created socket '/dev/socket/qvrservice_vndr_camera', mode 660, user 1000, group 1000
01-01 00:53:05.356 D/ ( 0): mv2112_read_status
01-01 00:53:05.368 D/mv2112_update_link( 0): 3.0x901(1G): 0x80
01-01 00:53:05.375 I/init ( 0): starting service 'sxrd'...
01-01 00:53:05.377 D/mv2112_update_link( 0): 3.0x8109(100M): 0x0
01-01 00:53:05.384 D/mv2112_update_link( 0): link 0x0
01-01 00:53:05.388 D/mv2112_read_status( 0): autoneg is disabled
01-01 00:53:05.390 I/init ( 0): starting service 'vendor.light-hal-2-0'...
01-01 00:53:05.408 I/init ( 0): Service 'qvrd_vndr' (pid 5487) exited with status 1
01-01 00:53:05.415 I/init ( 0): Sending signal 9 to service 'qvrd_vndr' (pid 5487) process group...
01-01 00:53:05.423 I/libprocessgroup( 0): Successfully killed process cgroup uid 1000 pid 5487 in 0ms
08-22 18:28:57.637 F/linker ( 5487): CANNOT LINK EXECUTABLE "/vendor/bin/hw/qvrservice": library "vendor.qti.hardware.qxr-V1-ndk_platform.so" not found: needed by /vendor/lib64/libqvrservice.so in namespace (default)
08-22 18:28:57.670 F/linker ( 5489): CANNOT LINK EXECUTABLE "/vendor/bin/hw/sxrservice": library "vendor.qti.hardware.qxr-V1-ndk_platform.so" not found: needed by main executable
01-01 00:53:05.433 I/init ( 0): Service 'sxrd' (pid 5489) exited with status 1
01-01 00:53:05.439 I/init ( 0): Sending signal 9 to service 'sxrd' (pid 5489) process group...
01-01 00:53:06.121 I/[schedu][0xd0aebf7b3][18:28:58.367654] wlan( 0): [13930:I:OSIF] vdev 0, scan id 40994 type COMPLETED(1) reason COMPLETED(1) scan found 75 bss
01-01 00:53:06.412 D/ ( 0): mv2112_read_status
01-01 00:53:06.417 D/mv2112_update_link( 0): 3.0x901(1G): 0x80
01-01 00:53:06.424 D/mv2112_update_link( 0): 3.0x8109(100M): 0x0
01-01 00:53:06.431 D/mv2112_update_link( 0): link 0x0
01-01 00:53:06.435 D/mv2112_read_status( 0): autoneg is disabled
01-01 00:53:07.465 D/ ( 0): mv2112_read_status
01-01 00:53:07.468 D/mv2112_update_link( 0): 3.0x901(1G): 0x80
01-01 00:53:07.475 D/mv2112_update_link( 0): 3.0x8109(100M): 0x0
01-01 00:53:07.481 D/mv2112_update_link( 0): link 0x0
01-01 00:53:07.485 D/mv2112_read_status( 0): autoneg is disabled
01-01 00:53:08.489 D/ ( 0): mv2112_read_status
01-01 00:53:08.496 D/mv2112_update_link( 0): 3.0x901(1G): 0x80
01-01 00:53:08.503 D/mv2112_update_link( 0): 3.0x8109(100M): 0x0
01-01 00:53:08.509 D/mv2112_update_link( 0): link 0x0
01-01 00:53:08.514 D/mv2112_read_status( 0): autoneg is disabled
01-01 00:53:09.544 D/ ( 0): mv2112_read_status
01-01 00:53:09.548 D/mv2112_update_link( 0): 3.0x901(1G): 0x80
01-01 00:53:09.556 D/mv2112_update_link( 0): 3.0x8109(100M): 0x0
01-01 00:53:09.562 D/mv2112_update_link( 0): link 0x0
01-01 00:53:09.566 D/mv2112_read_status( 0): autoneg is disabled
01-01 00:53:10.377 I/init ( 0): starting service 'qvrd_vndr'...
01-01 00:53:10.384 I/init ( 0): Created socket '/dev/socket/qvrservice_vndr', mode 660, user 1000, group 1000
01-01 00:53:10.394 I/init ( 0): Created socket '/dev/socket/qvrservice_vndr_camera', mode 660, user 1000, group 1000
01-01 00:53:10.413 I/init ( 0): starting service 'sxrd'...
01-01 00:53:10.428 I/init ( 0): starting service 'vendor.light-hal-2-0'...
01-01 00:53:10.442 I/init ( 0): Service 'qvrd_vndr' (pid 7292) exited with status 1
01-01 00:53:10.449 I/init ( 0): Sending signal 9 to service 'qvrd_vndr' (pid 7292) process group...
01-01 00:53:10.457 I/libprocessgroup( 0): Successfully killed process cgroup uid 1000 pid 7292 in 0ms
01-01 00:53:10.467 I/init ( 0): Service 'sxrd' (pid 7297) exited with status 1
01-01 00:53:10.473 I/init ( 0): Sending signal 9 to service 'sxrd' (pid 7297) process group...
08-22 18:29:02.682 F/linker ( 7292): CANNOT LINK EXECUTABLE "/vendor/bin/hw/qvrservice": library "vendor.qti.hardware.qxr-V1-ndk_platform.so" not found: needed by /vendor/lib64/libqvrservice.so in namespace (default)
08-22 18:29:02.702 F/linker ( 7297): CANNOT LINK EXECUTABLE "/vendor/bin/hw/sxrservice": library "vendor.qti.hardware.qxr-V1-ndk_platform.so" not found: needed by main executable
01-01 00:53:10.568 D/ ( 0): mv2112_read_status
01-01 00:53:10.572 D/mv2112_update_link( 0): 3.0x901(1G): 0x80
01-01 00:53:10.578 D/mv2112_update_link( 0): 3.0x8109(100M): 0x0
01-01 00:53:10.583 D/mv2112_update_link( 0): link 0x0
01-01 00:53:10.587 D/mv2112_read_status( 0): autoneg is disabled
01-01 00:53:11.592 D/ ( 0): mv2112_read_status
01-01 00:53:11.596 D/mv2112_update_link( 0): 3.0x901(1G): 0x80
01-01 00:53:11.602 D/mv2112_update_link( 0): 3.0x8109(100M): 0x0
01-01 00:53:11.608 D/mv2112_update_link( 0): link 0x0
01-01 00:53:11.612 D/mv2112_read_status( 0): autoneg is disabled
01-01 00:53:12.616 D/ ( 0): mv2112_read_status
01-01 00:53:12.620 D/mv2112_update_link( 0): 3.0x901(1G): 0x80
01-01 00:53:12.625 D/mv2112_update_link( 0): 3.0x8109(100M): 0x0
01-01 00:53:12.632 D/mv2112_update_link( 0): link 0x0
01-01 00:53:12.636 D/mv2112_read_status( 0): autoneg is disabled
01-01 00:53:13.640 D/ ( 0): mv2112_read_status
01-01 00:53:13.644 D/mv2112_update_link( 0): 3.0x901(1G): 0x80
01-01 00:53:13.654 D/mv2112_update_link( 0): 3.0x8109(100M): 0x0
01-01 00:53:13.660 D/mv2112_update_link( 0): link 0x0
01-01 00:53:13.664 D/mv2112_read_status( 0): autoneg is disabled
01-01 00:53:14.696 D/ ( 0): mv2112_read_status
01-01 00:53:14.700 D/mv2112_update_link( 0): 3.0x901(1G): 0x80
01-01 00:53:14.705 D/mv2112_update_link( 0): 3.0x8109(100M): 0x0
01-01 00:53:14.711 D/mv2112_update_link( 0): link 0x0
01-01 00:53:14.715 D/mv2112_read_status( 0): autoneg is disabled
01-01 00:53:15.414 I/init ( 0): starting service 'qvrd_vndr'...
01-01 00:53:15.421 I/init ( 0): Created socket '/dev/socket/qvrservice_vndr', mode 660, user 1000, group 1000
01-01 00:53:15.431 I/init ( 0): Created socket '/dev/socket/qvrservice_vndr_camera', mode 660, user 1000, group 1000
01-01 00:53:15.449 I/init ( 0): starting service 'sxrd'...
01-01 00:53:15.463 I/init ( 0): starting service 'vendor.light-hal-2-0'...
01-01 00:53:15.477 I/init ( 0): Service 'sxrd' (pid 9126) exited with status 1
01-01 00:53:15.483 I/init ( 0): Sending signal 9 to service 'sxrd' (pid 9126) process group...
01-01 00:53:15.491 I/libprocessgroup( 0): Successfully killed process cgroup uid 1000 pid 9126 in 0ms
01-01 00:53:15.501 I/init ( 0): Service 'qvrd_vndr' (pid 9124) exited with status 1
08-22 18:29:07.720 F/linker ( 9126): CANNOT LINK EXECUTABLE "/vendor/bin/hw/sxrservice": library "vendor.qti.hardware.qxr-V1-ndk_platform.so" not found: needed by main executable
01-01 00:53:15.508 I/init ( 0): Sending signal 9 to service 'qvrd_vndr' (pid 9124) process group...
08-22 18:29:07.730 F/linker ( 9124): CANNOT LINK EXECUTABLE "/vendor/bin/hw/qvrservice": library "vendor.qti.hardware.qxr-V1-ndk_platform.so" not found: needed by /vendor/lib64/libqvrservice.so in namespace (default)
01-01 00:53:15.720 D/ ( 0): mv2112_read_status
01-01 00:53:15.724 D/mv2112_update_link( 0): 3.0x901(1G): 0x80
01-01 00:53:15.730 D/mv2112_update_link( 0): 3.0x8109(100M): 0x0
01-01 00:53:15.735 D/mv2112_update_link( 0): link 0x0
01-01 00:53:15.739 D/mv2112_read_status( 0): autoneg is disabled
01-01 00:53:16.744 D/ ( 0): mv2112_read_status
01-01 00:53:16.748 D/mv2112_update_link( 0): 3.0x901(1G): 0x80
01-01 00:53:16.755 D/mv2112_update_link( 0): 3.0x8109(100M): 0x0
01-01 00:53:16.760 D/mv2112_update_link( 0): link 0x0
01-01 00:53:16.764 D/mv2112_read_status( 0): autoneg is disabled
01-01 00:53:17.800 D/ ( 0): mv2112_read_status
01-01 00:53:17.804 D/mv2112_update_link( 0): 3.0x901(1G): 0x80
01-01 00:53:17.810 D/mv2112_update_link( 0): 3.0x8109(100M): 0x0
01-01 00:53:17.816 D/mv2112_update_link( 0): link 0x0
01-01 00:53:17.821 D/mv2112_read_status( 0): autoneg is disabled
01-01 00:53:18.824 D/ ( 0): mv2112_read_status
01-01 00:53:18.828 D/mv2112_update_link( 0): 3.0x901(1G): 0x80
01-01 00:53:18.835 D/mv2112_update_link( 0): 3.0x8109(100M): 0x0
01-01 00:53:18.841 D/mv2112_update_link( 0): link 0x0
01-01 00:53:18.845 D/mv2112_read_status( 0): autoneg is disabled
01-01 00:53:19.849 D/ ( 0): mv2112_read_status
01-01 00:53:19.852 D/mv2112_update_link( 0): 3.0x901(1G): 0x80
01-01 00:53:19.867 D/mv2112_update_link( 0): 3.0x8109(100M): 0x0
01-01 00:53:19.872 D/mv2112_update_link( 0): link 0x0
01-01 00:53:19.876 D/mv2112_read_status( 0): autoneg is disabled
01-01 00:53:20.451 I/init ( 0): starting service 'qvrd_vndr'...
08-22 18:29:12.766 F/linker (11045): CANNOT LINK EXECUTABLE "/vendor/bin/hw/qvrservice": library "vendor.qti.hardware.qxr-V1-ndk_platform.so" not found: needed by /vendor/lib64/libqvrservice.so in namespace (default)
01-01 00:53:20.458 I/init ( 0): Created socket '/dev/socket/qvrservice_vndr', mode 660, user 1000, group 1000
01-01 00:53:20.468 I/init ( 0): Created socket '/dev/socket/qvrservice_vndr_camera', mode 660, user 1000, group 1000
01-01 00:53:20.489 I/init ( 0): starting service 'sxrd'...
01-01 00:53:20.503 I/init ( 0): starting service 'vendor.light-hal-2-0'...
01-01 00:53:20.521 I/init ( 0): Service 'qvrd_vndr' (pid 11045) exited with status 1
01-01 00:53:20.528 I/init ( 0): Sending signal 9 to service 'qvrd_vndr' (pid 11045) process group...
01-01 00:53:20.536 I/libprocessgroup( 0): Successfully killed process cgroup uid 1000 pid 11045 in 0ms
01-01 00:53:20.546 I/init ( 0): Service 'sxrd' (pid 11074) exited with status 1
01-01 00:53:20.552 I/init ( 0): Sending signal 9 to service 'sxrd' (pid 11074) process group...
08-22 18:29:12.790 F/linker (11074): CANNOT LINK EXECUTABLE "/vendor/bin/hw/sxrservice": library "vendor.qti.hardware.qxr-V1-ndk_platform.so" not found: needed by main executable
01-01 00:53:20.904 D/ ( 0): mv2112_read_status
01-01 00:53:20.908 D/mv2112_update_link( 0): 3.0x901(1G): 0x80
01-01 00:53:20.915 D/mv2112_update_link( 0): 3.0x8109(100M): 0x0
01-01 00:53:20.920 D/mv2112_update_link( 0): link 0x0
01-01 00:53:20.924 D/mv2112_read_status( 0): autoneg is disabled
01-01 00:53:21.928 D/ ( 0): mv2112_read_status
01-01 00:53:21.932 D/mv2112_update_link( 0): 3.0x901(1G): 0x80
01-01 00:53:21.937 D/mv2112_update_link( 0): 3.0x8109(100M): 0x0
01-01 00:53:21.943 D/mv2112_update_link( 0): link 0x0
01-01 00:53:21.947 D/mv2112_read_status( 0): autoneg is disabled
01-01 00:53:22.956 D/ ( 0): mv2112_read_status
01-01 00:53:22.961 D/mv2112_update_link( 0): 3.0x901(1G): 0x80
01-01 00:53:22.969 D/mv2112_update_link( 0): 3.0x8109(100M): 0x0
01-01 00:53:22.977 D/mv2112_update_link( 0): link 0x0
01-01 00:53:22.982 D/mv2112_read_status( 0): autoneg is disabled
01-01 00:53:24.009 D/ ( 0): mv2112_read_status
01-01 00:53:24.012 D/mv2112_update_link( 0): 3.0x901(1G): 0x80
01-01 00:53:24.021 D/mv2112_update_link( 0): 3.0x8109(100M): 0x0
01-01 00:53:24.027 D/mv2112_update_link( 0): link 0x0
01-01 00:53:24.031 D/mv2112_read_status( 0): autoneg is disabled
01-01 00:53:25.064 D/ ( 0): mv2112_read_status
01-01 00:53:25.068 D/mv2112_update_link( 0): 3.0x901(1G): 0x80
01-01 00:53:25.076 D/mv2112_update_link( 0): 3.0x8109(100M): 0x0
01-01 00:53:25.081 D/mv2112_update_link( 0): link 0x0
01-01 00:53:25.085 D/mv2112_read_status( 0): autoneg is disabled
01-01 00:53:25.488 I/init ( 0): starting service 'qvrd_vndr'...
01-01 00:53:25.494 I/init ( 0): Created socket '/dev/socket/qvrservice_vndr', mode 660, user 1000, group 1000
01-01 00:53:25.503 I/init ( 0): Created socket '/dev/socket/qvrservice_vndr_camera', mode 660, user 1000, group 1000
01-01 00:53:25.524 I/init ( 0): starting service 'sxrd'...
01-01 00:53:25.537 I/init ( 0): starting service 'vendor.light-hal-2-0'...
01-01 00:53:25.553 I/init ( 0): Service 'qvrd_vndr' (pid 12995) exited with status 1
01-01 00:53:25.560 I/init ( 0): Sending signal 9 to service 'qvrd_vndr' (pid 12995) process group...
01-01 00:53:25.568 I/libprocessgroup( 0): Successfully killed process cgroup uid 1000 pid 12995 in 0ms
01-01 00:53:25.578 I/init ( 0): Service 'sxrd' (pid 13002) exited with status 1
01-01 00:53:25.584 I/init ( 0): Sending signal 9 to service 'sxrd' (pid 13002) process group...
08-22 18:29:17.792 F/linker (13002): CANNOT LINK EXECUTABLE "/vendor/bin/hw/sxrservice": library "vendor.qti.hardware.qxr-V1-ndk_platform.so" not found: needed by main executable
08-22 18:29:17.792 F/linker (12995): CANNOT LINK EXECUTABLE "/vendor/bin/hw/qvrservice": library "vendor.qti.hardware.qxr-V1-ndk_platform.so" not found: needed by /vendor/lib64/libqvrservice.so in namespace (default)
01-01 00:53:26.089 D/ ( 0): mv2112_read_status
01-01 00:53:26.092 D/mv2112_update_link( 0): 3.0x901(1G): 0x80
01-01 00:53:26.099 D/mv2112_update_link( 0): 3.0x8109(100M): 0x0
01-01 00:53:26.104 D/mv2112_update_link( 0): link 0x0
01-01 00:53:26.108 D/mv2112_read_status( 0): autoneg is disabled
01-01 00:53:27.112 D/ ( 0): mv2112_read_status
01-01 00:53:27.116 D/mv2112_update_link( 0): 3.0x901(1G): 0x80
01-01 00:53:27.124 D/mv2112_update_link( 0): 3.0x8109(100M): 0x0
01-01 00:53:27.131 D/mv2112_update_link( 0): link 0x0
01-01 00:53:27.140 D/mv2112_read_status( 0): autoneg is disabled
01-01 00:53:28.168 D/ ( 0): mv2112_read_status
01-01 00:53:28.172 D/mv2112_update_link( 0): 3.0x901(1G): 0x80
01-01 00:53:28.177 D/mv2112_update_link( 0): 3.0x8109(100M): 0x0
01-01 00:53:28.183 D/mv2112_update_link( 0): link 0x0
01-01 00:53:28.187 D/mv2112_read_status( 0): autoneg is disabled
01-01 00:53:29.192 D/ ( 0): mv2112_read_status
01-01 00:53:29.196 D/mv2112_update_link( 0): 3.0x901(1G): 0x80
01-01 00:53:29.202 D/mv2112_update_link( 0): 3.0x8109(100M): 0x0
01-01 00:53:29.207 D/mv2112_update_link( 0): link 0x0
01-01 00:53:29.211 D/mv2112_read_status( 0): autoneg is disabled
01-01 00:53:30.216 D/ ( 0): mv2112_read_status
01-01 00:53:30.220 D/mv2112_update_link( 0): 3.0x901(1G): 0x80
01-01 00:53:30.226 D/mv2112_update_link( 0): 3.0x8109(100M): 0x0
01-01 00:53:30.232 D/mv2112_update_link( 0): link 0x0
01-01 00:53:30.236 D/mv2112_read_status( 0): autoneg is disabled
08-22 18:29:22.439 W/ActivityManager( 1164): Stopping service due to app idle: u0a111 -1m2s332ms com.caf.fmradio/.FMRadioService
01-01 00:53:30.524 I/init ( 0): starting service 'qvrd_vndr'...
01-01 00:53:30.530 I/init ( 0): Created socket '/dev/socket/qvrservice_vndr', mode 660, user 1000, group 1000
01-01 00:53:30.540 I/init ( 0): Created socket '/dev/socket/qvrservice_vndr_camera', mode 660, user 1000, group 1000
01-01 00:53:30.562 I/init ( 0): starting service 'sxrd'...
01-01 00:53:30.578 I/init ( 0): starting service 'vendor.light-hal-2-0'...
01-01 00:53:30.592 I/init ( 0): Service 'qvrd_vndr' (pid 14858) exited with status 1
01-01 00:53:30.599 I/init ( 0): Sending signal 9 to service 'qvrd_vndr' (pid 14858) process group...
01-01 00:53:30.607 I/libprocessgroup( 0): Successfully killed process cgroup uid 1000 pid 14858 in 0ms
01-01 00:53:30.617 I/init ( 0): Service 'sxrd' (pid 14863) exited with status 1
01-01 00:53:30.623 I/init ( 0): Sending signal 9 to service 'sxrd' (pid 14863) process group...
08-22 18:29:22.836 F/linker (14858): CANNOT LINK EXECUTABLE "/vendor/bin/hw/qvrservice": library "vendor.qti.hardware.qxr-V1-ndk_platform.so" not found: needed by /vendor/lib64/libqvrservice.so in namespace (default)
08-22 18:29:22.848 F/linker (14863): CANNOT LINK EXECUTABLE "/vendor/bin/hw/sxrservice": library "vendor.qti.hardware.qxr-V1-ndk_platform.so" not found: needed by main executable
01-01 00:53:31.244 D/ ( 0): mv2112_read_status
01-01 00:53:31.253 D/mv2112_update_link( 0): 3.0x901(1G): 0x80
01-01 00:53:31.260 D/mv2112_update_link( 0): 3.0x8109(100M): 0x0
01-01 00:53:31.266 D/mv2112_update_link( 0): link 0x0
01-01 00:53:31.270 D/mv2112_read_status( 0): autoneg is disabled
01-01 00:53:32.296 D/ ( 0): mv2112_read_status
01-01 00:53:32.307 D/mv2112_update_link( 0): 3.0x901(1G): 0x80
01-01 00:53:32.314 D/mv2112_update_link( 0): 3.0x8109(100M): 0x0
01-01 00:53:32.320 D/mv2112_update_link( 0): link 0x0
01-01 00:53:32.324 D/mv2112_read_status( 0): autoneg is disabled
01-01 00:53:33.352 D/ ( 0): mv2112_read_status
01-01 00:53:33.356 D/mv2112_update_link( 0): 3.0x901(1G): 0x80
01-01 00:53:33.363 D/mv2112_update_link( 0): 3.0x8109(100M): 0x0
01-01 00:53:33.370 D/mv2112_update_link( 0): link 0x0
01-01 00:53:33.374 D/mv2112_read_status( 0): autoneg is disabled
01-01 00:53:34.376 D/ ( 0): mv2112_read_status
01-01 00:53:34.380 D/mv2112_update_link( 0): 3.0x901(1G): 0x80
01-01 00:53:34.385 D/mv2112_update_link( 0): 3.0x8109(100M): 0x0
01-01 00:53:34.390 D/mv2112_update_link( 0): link 0x0
01-01 00:53:34.394 D/mv2112_read_status( 0): autoneg is disabled
01-01 00:53:35.400 D/ ( 0): mv2112_read_status
01-01 00:53:35.409 D/mv2112_update_link( 0): 3.0x901(1G): 0x80
01-01 00:53:35.416 D/mv2112_update_link( 0): 3.0x8109(100M): 0x0
01-01 00:53:35.422 D/mv2112_update_link( 0): link 0x0
01-01 00:53:35.426 D/mv2112_read_status( 0): autoneg is disabled
01-01 00:53:35.563 I/init ( 0): starting service 'qvrd_vndr'...
01-01 00:53:35.569 I/init ( 0): Created socket '/dev/socket/qvrservice_vndr', mode 660, user 1000, group 1000
01-01 00:53:35.579 I/init ( 0): Created socket '/dev/socket/qvrservice_vndr_camera', mode 660, user 1000, group 1000
01-01 00:53:35.599 I/init ( 0): starting service 'sxrd'...
01-01 00:53:35.612 I/init ( 0): starting service 'vendor.light-hal-2-0'...
01-01 00:53:35.628 I/init ( 0): Service 'qvrd_vndr' (pid 16582) exited with status 1
01-01 00:53:35.634 I/init ( 0): Sending signal 9 to service 'qvrd_vndr' (pid 16582) process group...
01-01 00:53:35.643 I/libprocessgroup( 0): Successfully killed process cgroup uid 1000 pid 16582 in 0ms
01-01 00:53:35.653 I/init ( 0): Service 'sxrd' (pid 16588) exited with status 1
01-01 00:53:35.660 I/init ( 0): Sending signal 9 to service 'sxrd' (pid 16588) process group...
08-22 18:29:27.868 F/linker (16582): CANNOT LINK EXECUTABLE "/vendor/bin/hw/qvrservice": library "vendor.qti.hardware.qxr-V1-ndk_platform.so" not found: needed by /vendor/lib64/libqvrservice.so in namespace (default)
08-22 18:29:27.886 F/linker (16588): CANNOT LINK EXECUTABLE "/vendor/bin/hw/sxrservice": library "vendor.qti.hardware.qxr-V1-ndk_platform.so" not found: needed by main executable
01-01 00:53:36.456 D/ ( 0): mv2112_read_status
01-01 00:53:36.465 D/mv2112_update_link( 0): 3.0x901(1G): 0x80
01-01 00:53:36.472 D/mv2112_update_link( 0): 3.0x8109(100M): 0x0
01-01 00:53:36.479 D/mv2112_update_link( 0): link 0x0
01-01 00:53:36.483 D/mv2112_read_status( 0): autoneg is disabled
01-01 00:53:37.512 D/ ( 0): mv2112_read_status
01-01 00:53:37.516 D/mv2112_update_link( 0): 3.0x901(1G): 0x80
01-01 00:53:37.523 D/mv2112_update_link( 0): 3.0x8109(100M): 0x0
01-01 00:53:37.530 D/mv2112_update_link( 0): link 0x0
01-01 00:53:37.534 D/mv2112_read_status( 0): autoneg is disabled
01-01 00:53:38.536 D/ ( 0): mv2112_read_status
01-01 00:53:38.540 D/mv2112_update_link( 0): 3.0x901(1G): 0x80
01-01 00:53:38.548 D/mv2112_update_link( 0): 3.0x8109(100M): 0x0
01-01 00:53:38.554 D/mv2112_update_link( 0): link 0x0
01-01 00:53:38.558 D/mv2112_read_status( 0): autoneg is disabled
01-01 00:53:39.560 D/ ( 0): mv2112_read_status
01-01 00:53:39.564 D/mv2112_update_link( 0): 3.0x901(1G): 0x80
01-01 00:53:39.569 D/mv2112_update_link( 0): 3.0x8109(100M): 0x0
01-01 00:53:39.575 D/mv2112_update_link( 0): link 0x0
01-01 00:53:39.580 D/mv2112_read_status( 0): autoneg is disabled
01-01 00:53:40.584 D/ ( 0): mv2112_read_status
01-01 00:53:40.588 D/mv2112_update_link( 0): 3.0x901(1G): 0x80
01-01 00:53:40.593 D/mv2112_update_link( 0): 3.0x8109(100M): 0x0
01-01 00:53:40.599 D/mv2112_update_link( 0): link 0x0
01-01 00:53:40.600 I/init ( 0): starting service 'qvrd_vndr'...
01-01 00:53:40.603 D/mv2112_read_status( 0): autoneg is disabled
01-01 00:53:40.609 I/init ( 0): Created socket '/dev/socket/qvrservice_vndr', mode 660, user 1000, group 1000
01-01 00:53:40.622 I/init ( 0): Created socket '/dev/socket/qvrservice_vndr_camera', mode 660, user 1000, group 1000
01-01 00:53:40.642 I/init ( 0): starting service 'sxrd'...
01-01 00:53:40.655 I/init ( 0): starting service 'vendor.light-hal-2-0'...
01-01 00:53:40.668 I/init ( 0): Service 'qvrd_vndr' (pid 18544) exited with status 1
01-01 00:53:40.675 I/init ( 0): Sending signal 9 to service 'qvrd_vndr' (pid 18544) process group...
01-01 00:53:40.683 I/libprocessgroup( 0): Successfully killed process cgroup uid 1000 pid 18544 in 0ms
01-01 00:53:40.693 I/init ( 0): Service 'sxrd' (pid 18547) exited with status 1
01-01 00:53:40.699 I/init ( 0): Sending signal 9 to service 'sxrd' (pid 18547) process group...
08-22 18:29:32.911 F/linker (18544): CANNOT LINK EXECUTABLE "/vendor/bin/hw/qvrservice": library "vendor.qti.hardware.qxr-V1-ndk_platform.so" not found: needed by /vendor/lib64/libqvrservice.so in namespace (default)
08-22 18:29:32.914 F/linker (18547): CANNOT LINK EXECUTABLE "/vendor/bin/hw/sxrservice": library "vendor.qti.hardware.qxr-V1-ndk_platform.so" not found: needed by main executable
01-01 00:53:41.640 D/ ( 0): mv2112_read_status
01-01 00:53:41.644 D/mv2112_update_link( 0): 3.0x901(1G): 0x80
01-01 00:53:41.649 D/mv2112_update_link( 0): 3.0x8109(100M): 0x0
01-01 00:53:41.656 D/mv2112_update_link( 0): link 0x0
01-01 00:53:41.660 D/mv2112_read_status( 0): autoneg is disabled
01-01 00:53:42.664 D/ ( 0): mv2112_read_status
01-01 00:53:42.668 D/mv2112_update_link( 0): 3.0x901(1G): 0x80
01-01 00:53:42.686 D/mv2112_update_link( 0): 3.0x8109(100M): 0x0
01-01 00:53:42.693 D/mv2112_update_link( 0): link 0x0
01-01 00:53:42.697 D/mv2112_read_status( 0): autoneg is disabled
01-01 00:53:43.721 D/ ( 0): mv2112_read_status
01-01 00:53:43.725 D/mv2112_update_link( 0): 3.0x901(1G): 0x80
01-01 00:53:43.731 D/mv2112_update_link( 0): 3.0x8109(100M): 0x0
01-01 00:53:43.738 D/mv2112_update_link( 0): link 0x0
01-01 00:53:43.742 D/mv2112_read_status( 0): autoneg is disabled
01-01 00:53:44.745 D/ ( 0): mv2112_read_status
01-01 00:53:44.748 D/mv2112_update_link( 0): 3.0x901(1G): 0x80
01-01 00:53:44.754 D/mv2112_update_link( 0): 3.0x8109(100M): 0x0
