01-01 00:53:44.761 D/mv2112_update_link( 0): link 0x0
01-01 00:53:44.765 D/mv2112_read_status( 0): autoneg is disabled
01-01 00:53:45.643 I/init ( 0): starting service 'qvrd_vndr'...
01-01 00:53:45.649 I/init ( 0): Created socket '/dev/socket/qvrservice_vndr', mode 660, user 1000, group 1000
01-01 00:53:45.659 I/init ( 0): Created socket '/dev/socket/qvrservice_vndr_camera', mode 660, user 1000, group 1000
01-01 00:53:45.677 I/init ( 0): starting service 'sxrd'...
01-01 00:53:45.690 I/init ( 0): starting service 'vendor.light-hal-2-0'...
01-01 00:53:45.705 I/init ( 0): Service 'sxrd' (pid 20236) exited with status 1
01-01 00:53:45.711 I/init ( 0): Sending signal 9 to service 'sxrd' (pid 20236) process group...
08-22 18:29:37.950 F/linker (20236): CANNOT LINK EXECUTABLE "/vendor/bin/hw/sxrservice": library "vendor.qti.hardware.qxr-V1-ndk_platform.so" not found: needed by main executable
01-01 00:53:45.719 I/libprocessgroup( 0): Successfully killed process cgroup uid 1000 pid 20236 in 0ms
08-22 18:29:37.957 F/linker (20233): CANNOT LINK EXECUTABLE "/vendor/bin/hw/qvrservice": library "vendor.qti.hardware.qxr-V1-ndk_platform.so" not found: needed by /vendor/lib64/libqvrservice.so in namespace (default)
01-01 00:53:45.729 I/init ( 0): Service 'qvrd_vndr' (pid 20233) exited with status 1
01-01 00:53:45.735 I/init ( 0): Sending signal 9 to service 'qvrd_vndr' (pid 20233) process group...
01-01 00:53:45.768 D/ ( 0): mv2112_read_status
01-01 00:53:45.772 D/mv2112_update_link( 0): 3.0x901(1G): 0x80
01-01 00:53:45.777 D/mv2112_update_link( 0): 3.0x8109(100M): 0x0
01-01 00:53:45.784 D/mv2112_update_link( 0): link 0x0
01-01 00:53:45.792 D/mv2112_read_status( 0): autoneg is disabled
01-01 00:53:46.824 D/ ( 0): mv2112_read_status
01-01 00:53:46.828 D/mv2112_update_link( 0): 3.0x901(1G): 0x80
01-01 00:53:46.833 D/mv2112_update_link( 0): 3.0x8109(100M): 0x0
01-01 00:53:46.838 D/mv2112_update_link( 0): link 0x0
01-01 00:53:46.843 D/mv2112_read_status( 0): autoneg is disabled
01-01 00:53:47.848 D/ ( 0): mv2112_read_status
01-01 00:53:47.852 D/mv2112_update_link( 0): 3.0x901(1G): 0x80
01-01 00:53:47.858 D/mv2112_update_link( 0): 3.0x8109(100M): 0x0
01-01 00:53:47.865 D/mv2112_update_link( 0): link 0x0
01-01 00:53:47.873 D/mv2112_read_status( 0): autoneg is disabled
01-01 00:53:48.905 D/ ( 0): mv2112_read_status
01-01 00:53:48.908 D/mv2112_update_link( 0): 3.0x901(1G): 0x80
01-01 00:53:48.916 D/mv2112_update_link( 0): 3.0x8109(100M): 0x0
01-01 00:53:48.922 D/mv2112_update_link( 0): link 0x0
01-01 00:53:48.927 D/mv2112_read_status( 0): autoneg is disabled
01-01 00:53:49.929 D/ ( 0): mv2112_read_status
01-01 00:53:49.934 D/mv2112_update_link( 0): 3.0x901(1G): 0x80
01-01 00:53:49.940 D/mv2112_update_link( 0): 3.0x8109(100M): 0x0
01-01 00:53:49.945 D/mv2112_update_link( 0): link 0x0
01-01 00:53:49.949 D/mv2112_read_status( 0): autoneg is disabled
01-01 00:53:50.680 I/init ( 0): starting service 'qvrd_vndr'...
01-01 00:53:50.685 I/init ( 0): Created socket '/dev/socket/qvrservice_vndr', mode 660, user 1000, group 1000
01-01 00:53:50.695 I/init ( 0): Created socket '/dev/socket/qvrservice_vndr_camera', mode 660, user 1000, group 1000
01-01 00:53:50.715 I/init ( 0): starting service 'sxrd'...
01-01 00:53:50.727 I/init ( 0): starting service 'vendor.light-hal-2-0'...
01-01 00:53:50.742 I/init ( 0): Service 'qvrd_vndr' (pid 21884) exited with status 1
01-01 00:53:50.749 I/init ( 0): Sending signal 9 to service 'qvrd_vndr' (pid 21884) process group...
01-01 00:53:50.758 I/libprocessgroup( 0): Successfully killed process cgroup uid 1000 pid 21884 in 0ms
01-01 00:53:50.767 I/init ( 0): Service 'sxrd' (pid 21890) exited with status 1
01-01 00:53:50.774 I/init ( 0): Sending signal 9 to service 'sxrd' (pid 21890) process group...
08-22 18:29:42.988 F/linker (21884): CANNOT LINK EXECUTABLE "/vendor/bin/hw/qvrservice": library "vendor.qti.hardware.qxr-V1-ndk_platform.so" not found: needed by /vendor/lib64/libqvrservice.so in namespace (default)
08-22 18:29:43.007 F/linker (21890): CANNOT LINK EXECUTABLE "/vendor/bin/hw/sxrservice": library "vendor.qti.hardware.qxr-V1-ndk_platform.so" not found: needed by main executable
01-01 00:53:50.953 D/ ( 0): mv2112_read_status
01-01 00:53:50.958 D/mv2112_update_link( 0): 3.0x901(1G): 0x80
01-01 00:53:50.964 D/mv2112_update_link( 0): 3.0x8109(100M): 0x0
01-01 00:53:50.969 D/mv2112_update_link( 0): link 0x0
01-01 00:53:50.975 D/mv2112_read_status( 0): autoneg is disabled
01-01 00:53:52.009 D/ ( 0): mv2112_read_status
01-01 00:53:52.012 D/mv2112_update_link( 0): 3.0x901(1G): 0x80
01-01 00:53:52.018 D/mv2112_update_link( 0): 3.0x8109(100M): 0x0
01-01 00:53:52.026 D/mv2112_update_link( 0): link 0x0
01-01 00:53:52.030 D/mv2112_read_status( 0): autoneg is disabled
01-01 00:53:53.032 D/ ( 0): mv2112_read_status
01-01 00:53:53.036 D/mv2112_update_link( 0): 3.0x901(1G): 0x80
01-01 00:53:53.041 D/mv2112_update_link( 0): 3.0x8109(100M): 0x0
01-01 00:53:53.046 D/mv2112_update_link( 0): link 0x0
01-01 00:53:53.051 D/mv2112_read_status( 0): autoneg is disabled
01-01 00:53:54.057 D/ ( 0): mv2112_read_status
01-01 00:53:54.060 D/mv2112_update_link( 0): 3.0x901(1G): 0x80
01-01 00:53:54.069 D/mv2112_update_link( 0): 3.0x8109(100M): 0x0
01-01 00:53:54.074 D/mv2112_update_link( 0): link 0x0
01-01 00:53:54.078 D/mv2112_read_status( 0): autoneg is disabled
01-01 00:53:55.080 D/ ( 0): mv2112_read_status
01-01 00:53:55.084 D/mv2112_update_link( 0): 3.0x901(1G): 0x80
01-01 00:53:55.090 D/mv2112_update_link( 0): 3.0x8109(100M): 0x0
01-01 00:53:55.095 D/mv2112_update_link( 0): link 0x0
01-01 00:53:55.099 D/mv2112_read_status( 0): autoneg is disabled
01-01 00:53:55.715 I/init ( 0): starting service 'qvrd_vndr'...
01-01 00:53:55.722 I/init ( 0): Created socket '/dev/socket/qvrservice_vndr', mode 660, user 1000, group 1000
01-01 00:53:55.732 I/init ( 0): Created socket '/dev/socket/qvrservice_vndr_camera', mode 660, user 1000, group 1000
01-01 00:53:55.754 I/init ( 0): starting service 'sxrd'...
01-01 00:53:55.767 I/init ( 0): starting service 'vendor.light-hal-2-0'...
01-01 00:53:55.787 I/init ( 0): Service 'qvrd_vndr' (pid 23548) exited with status 1
01-01 00:53:55.794 I/init ( 0): Sending signal 9 to service 'qvrd_vndr' (pid 23548) process group...
01-01 00:53:55.802 I/libprocessgroup( 0): Successfully killed process cgroup uid 1000 pid 23548 in 0ms
01-01 00:53:55.813 I/init ( 0): Service 'sxrd' (pid 23557) exited with status 1
01-01 00:53:55.820 I/init ( 0): Sending signal 9 to service 'sxrd' (pid 23557) process group...
08-22 18:29:48.032 F/linker (23548): CANNOT LINK EXECUTABLE "/vendor/bin/hw/qvrservice": library "vendor.qti.hardware.qxr-V1-ndk_platform.so" not found: needed by /vendor/lib64/libqvrservice.so in namespace (default)
08-22 18:29:48.047 F/linker (23557): CANNOT LINK EXECUTABLE "/vendor/bin/hw/sxrservice": library "vendor.qti.hardware.qxr-V1-ndk_platform.so" not found: needed by main executable
01-01 00:53:56.105 D/ ( 0): mv2112_read_status
01-01 00:53:56.109 D/mv2112_update_link( 0): 3.0x901(1G): 0x80
01-01 00:53:56.115 D/mv2112_update_link( 0): 3.0x8109(100M): 0x0
01-01 00:53:56.120 D/mv2112_update_link( 0): link 0x0
01-01 00:53:56.124 D/mv2112_read_status( 0): autoneg is disabled
01-01 00:53:57.130 D/ ( 0): mv2112_read_status
01-01 00:53:57.134 D/mv2112_update_link( 0): 3.0x901(1G): 0x80
01-01 00:53:57.142 D/mv2112_update_link( 0): 3.0x8109(100M): 0x0
01-01 00:53:57.147 D/mv2112_update_link( 0): link 0x0
01-01 00:53:57.152 D/mv2112_read_status( 0): autoneg is disabled
01-01 00:53:58.185 D/ ( 0): mv2112_read_status
01-01 00:53:58.188 D/mv2112_update_link( 0): 3.0x901(1G): 0x80
01-01 00:53:58.194 D/mv2112_update_link( 0): 3.0x8109(100M): 0x0
01-01 00:53:58.199 D/mv2112_update_link( 0): link 0x0
01-01 00:53:58.203 D/mv2112_read_status( 0): autoneg is disabled
01-01 00:53:59.209 D/ ( 0): mv2112_read_status
01-01 00:53:59.215 D/mv2112_update_link( 0): 3.0x901(1G): 0x80
01-01 00:53:59.221 D/mv2112_update_link( 0): 3.0x8109(100M): 0x0
01-01 00:53:59.226 D/mv2112_update_link( 0): link 0x0
01-01 00:53:59.231 D/mv2112_read_status( 0): autoneg is disabled
01-01 00:54:00.233 D/ ( 0): mv2112_read_status
01-01 00:54:00.237 D/mv2112_update_link( 0): 3.0x901(1G): 0x80
01-01 00:54:00.243 D/mv2112_update_link( 0): 3.0x8109(100M): 0x0
01-01 00:54:00.248 D/mv2112_update_link( 0): link 0x0
01-01 00:54:00.252 D/mv2112_read_status( 0): autoneg is disabled
01-01 00:54:00.754 I/init ( 0): starting service 'qvrd_vndr'...
01-01 00:54:00.761 I/init ( 0): Created socket '/dev/socket/qvrservice_vndr', mode 660, user 1000, group 1000
01-01 00:54:00.771 I/init ( 0): Created socket '/dev/socket/qvrservice_vndr_camera', mode 660, user 1000, group 1000
01-01 00:54:00.791 I/init ( 0): starting service 'sxrd'...
01-01 00:54:00.805 I/init ( 0): starting service 'vendor.light-hal-2-0'...
01-01 00:54:00.819 I/init ( 0): Service 'qvrd_vndr' (pid 25067) exited with status 1
01-01 00:54:00.826 I/init ( 0): Sending signal 9 to service 'qvrd_vndr' (pid 25067) process group...
01-01 00:54:00.834 I/libprocessgroup( 0): Successfully killed process cgroup uid 1000 pid 25067 in 0ms
01-01 00:54:00.844 I/init ( 0): Service 'sxrd' (pid 25070) exited with status 1
01-01 00:54:00.850 I/init ( 0): Sending signal 9 to service 'sxrd' (pid 25070) process group...
08-22 18:29:53.053 F/linker (25067): CANNOT LINK EXECUTABLE "/vendor/bin/hw/qvrservice": library "vendor.qti.hardware.qxr-V1-ndk_platform.so" not found: needed by /vendor/lib64/libqvrservice.so in namespace (default)
08-22 18:29:53.061 F/linker (25070): CANNOT LINK EXECUTABLE "/vendor/bin/hw/sxrservice": library "vendor.qti.hardware.qxr-V1-ndk_platform.so" not found: needed by main executable
01-01 00:54:01.257 D/ ( 0): mv2112_read_status
01-01 00:54:01.260 D/mv2112_update_link( 0): 3.0x901(1G): 0x80
01-01 00:54:01.267 D/mv2112_update_link( 0): 3.0x8109(100M): 0x0
01-01 00:54:01.272 D/mv2112_update_link( 0): link 0x0
01-01 00:54:01.276 D/mv2112_read_status( 0): autoneg is disabled
01-01 00:54:02.281 D/ ( 0): mv2112_read_status
01-01 00:54:02.285 D/mv2112_update_link( 0): 3.0x901(1G): 0x80
01-01 00:54:02.290 D/mv2112_update_link( 0): 3.0x8109(100M): 0x0
01-01 00:54:02.295 D/mv2112_update_link( 0): link 0x0
01-01 00:54:02.299 D/mv2112_read_status( 0): autoneg is disabled
01-01 00:54:03.304 D/ ( 0): mv2112_read_status
01-01 00:54:03.308 D/mv2112_update_link( 0): 3.0x901(1G): 0x80
01-01 00:54:03.313 D/mv2112_update_link( 0): 3.0x8109(100M): 0x0
01-01 00:54:03.318 D/mv2112_update_link( 0): link 0x0
01-01 00:54:03.322 D/mv2112_read_status( 0): autoneg is disabled
01-01 00:54:04.328 D/ ( 0): mv2112_read_status
01-01 00:54:04.332 D/mv2112_update_link( 0): 3.0x901(1G): 0x80
01-01 00:54:04.337 D/mv2112_update_link( 0): 3.0x8109(100M): 0x0
01-01 00:54:04.342 D/mv2112_update_link( 0): link 0x0
01-01 00:54:04.348 D/mv2112_read_status( 0): autoneg is disabled
01-01 00:54:05.352 D/ ( 0): mv2112_read_status
01-01 00:54:05.356 D/mv2112_update_link( 0): 3.0x901(1G): 0x80
01-01 00:54:05.362 D/mv2112_update_link( 0): 3.0x8109(100M): 0x0
01-01 00:54:05.367 D/mv2112_update_link( 0): link 0x0
01-01 00:54:05.371 D/mv2112_read_status( 0): autoneg is disabled
01-01 00:54:05.793 I/init ( 0): starting service 'qvrd_vndr'...
01-01 00:54:05.799 I/init ( 0): Created socket '/dev/socket/qvrservice_vndr', mode 660, user 1000, group 1000
01-01 00:54:05.809 I/init ( 0): Created socket '/dev/socket/qvrservice_vndr_camera', mode 660, user 1000, group 1000
01-01 00:54:05.828 I/init ( 0): starting service 'sxrd'...
01-01 00:54:05.846 I/init ( 0): starting service 'vendor.light-hal-2-0'...
01-01 00:54:05.861 I/init ( 0): Service 'sxrd' (pid 26708) exited with status 1
01-01 00:54:05.868 I/init ( 0): Sending signal 9 to service 'sxrd' (pid 26708) process group...
01-01 00:54:05.876 I/libprocessgroup( 0): Successfully killed process cgroup uid 1000 pid 26708 in 0ms
01-01 00:54:05.885 I/init ( 0): Service 'qvrd_vndr' (pid 26705) exited with status 1
01-01 00:54:05.892 I/init ( 0): Sending signal 9 to service 'qvrd_vndr' (pid 26705) process group...
08-22 18:29:58.098 F/linker (26708): CANNOT LINK EXECUTABLE "/vendor/bin/hw/sxrservice": library "vendor.qti.hardware.qxr-V1-ndk_platform.so" not found: needed by main executable
08-22 18:29:58.118 F/linker (26705): CANNOT LINK EXECUTABLE "/vendor/bin/hw/qvrservice": library "vendor.qti.hardware.qxr-V1-ndk_platform.so" not found: needed by /vendor/lib64/libqvrservice.so in namespace (default)
01-01 00:54:06.376 D/ ( 0): mv2112_read_status
01-01 00:54:06.380 D/mv2112_update_link( 0): 3.0x901(1G): 0x80
01-01 00:54:06.386 D/mv2112_update_link( 0): 3.0x8109(100M): 0x0
01-01 00:54:06.392 D/mv2112_update_link( 0): link 0x0
01-01 00:54:06.396 D/mv2112_read_status( 0): autoneg is disabled
01-01 00:54:07.400 D/ ( 0): mv2112_read_status
01-01 00:54:07.404 D/mv2112_update_link( 0): 3.0x901(1G): 0x80
01-01 00:54:07.411 D/mv2112_update_link( 0): 3.0x8109(100M): 0x0
01-01 00:54:07.416 D/mv2112_update_link( 0): link 0x0
01-01 00:54:07.420 D/mv2112_read_status( 0): autoneg is disabled
08-22 18:30:00.194 W/ContextImpl( 2661): Calling a method in the system process without a qualified user: android.app.ContextImpl.startActivity:1055 android.content.ContextWrapper.startActivity:411 com.thundercomm.remotecontrolservice.RemoteControlService.startApp:248 com.thundercomm.remotecontrolservice.remotecommand.RemoteAppLaunchCommand.doActualAction:35 com.thundercomm.remotecontrolservice.remotecommand.BaseCommand.doAction:41
08-22 18:30:00.194 W/ContextImpl( 2661): Calling a method in the system process without a qualified user: android.app.ContextImpl.startActivity:1067 android.app.ContextImpl.startActivity:1056 android.content.ContextWrapper.startActivity:411 com.thundercomm.remotecontrolservice.RemoteControlService.startApp:248 com.thundercomm.remotecontrolservice.remotecommand.RemoteAppLaunchCommand.doActualAction:35
08-22 18:30:00.196 I/ActivityTaskManager( 1164): START u0 {flg=0x10000000 cmp=com.android.contacts/.activities.PeopleActivity} from uid 1000
08-22 18:30:00.210 D/CompatibilityChangeReporter( 1164): Compat change id reported: 168419799; UID 10072; state: DISABLED
08-22 18:30:00.213 D/PhoneStartingWindowTypeAlgorithm( 2258): preferredStartingWindowType newTask:false taskSwitch:true processRunning:true allowTaskSnapshot:true activityCreated:true useEmptySplashScreen:false legacySplashScreen:false topIsHome:false
08-22 18:30:00.213 D/PhoneStartingWindowTypeAlgorithm( 2258): isSnapshotCompatible rotation 0 snapshot 0
08-22 18:30:00.369 D/StartingSurfaceDrawer( 2258): Task start finish, remove starting surface for task 32
01-01 00:54:08.425 D/ ( 0): mv2112_read_status
01-01 00:54:08.428 D/mv2112_update_link( 0): 3.0x901(1G): 0x80
01-01 00:54:08.441 D/mv2112_update_link( 0): 3.0x8109(100M): 0x0
01-01 00:54:08.446 D/mv2112_update_link( 0): link 0x0
01-01 00:54:08.452 D/mv2112_read_status( 0): autoneg is disabled
01-01 00:54:09.483 D/ ( 0): mv2112_read_status
01-01 00:54:09.488 D/mv2112_update_link( 0): 3.0x901(1G): 0x80
01-01 00:54:09.497 D/mv2112_update_link( 0): 3.0x8109(100M): 0x0
01-01 00:54:09.502 D/mv2112_update_link( 0): link 0x0
01-01 00:54:09.506 D/mv2112_read_status( 0): autoneg is disabled
01-01 00:54:10.536 D/ ( 0): mv2112_read_status
01-01 00:54:10.540 D/mv2112_update_link( 0): 3.0x901(1G): 0x80
01-01 00:54:10.545 D/mv2112_update_link( 0): 3.0x8109(100M): 0x0
01-01 00:54:10.551 D/mv2112_update_link( 0): link 0x0
01-01 00:54:10.555 D/mv2112_read_status( 0): autoneg is disabled
01-01 00:54:10.830 I/init ( 0): starting service 'qvrd_vndr'...
01-01 00:54:10.835 I/init ( 0): Created socket '/dev/socket/qvrservice_vndr', mode 660, user 1000, group 1000
01-01 00:54:10.846 I/init ( 0): Created socket '/dev/socket/qvrservice_vndr_camera', mode 660, user 1000, group 1000
01-01 00:54:10.865 I/init ( 0): starting service 'sxrd'...
01-01 00:54:10.878 I/init ( 0): starting service 'vendor.light-hal-2-0'...
01-01 00:54:10.895 I/init ( 0): Service 'qvrd_vndr' (pid 28104) exited with status 1
01-01 00:54:10.902 I/init ( 0): Sending signal 9 to service 'qvrd_vndr' (pid 28104) process group...
01-01 00:54:10.910 I/libprocessgroup( 0): Successfully killed process cgroup uid 1000 pid 28104 in 0ms
01-01 00:54:10.920 I/init ( 0): Service 'sxrd' (pid 28108) exited with status 1
01-01 00:54:10.926 I/init ( 0): Sending signal 9 to service 'sxrd' (pid 28108) process group...
08-22 18:30:03.140 F/linker (28104): CANNOT LINK EXECUTABLE "/vendor/bin/hw/qvrservice": library "vendor.qti.hardware.qxr-V1-ndk_platform.so" not found: needed by /vendor/lib64/libqvrservice.so in namespace (default)
08-22 18:30:03.146 F/linker (28108): CANNOT LINK EXECUTABLE "/vendor/bin/hw/sxrservice": library "vendor.qti.hardware.qxr-V1-ndk_platform.so" not found: needed by main executable
08-22 18:30:03.269 E/TaskPersister( 1164): File error accessing recents directory (directory doesn't exist?).
01-01 00:54:11.560 D/ ( 0): mv2112_read_status
01-01 00:54:11.571 D/mv2112_update_link( 0): 3.0x901(1G): 0x80
01-01 00:54:11.578 D/mv2112_update_link( 0): 3.0x8109(100M): 0x0
01-01 00:54:11.584 D/mv2112_update_link( 0): link 0x0
01-01 00:54:11.588 D/mv2112_read_status( 0): autoneg is disabled
01-01 00:54:12.616 D/ ( 0): mv2112_read_status
01-01 00:54:12.620 D/mv2112_update_link( 0): 3.0x901(1G): 0x80
01-01 00:54:12.626 D/mv2112_update_link( 0): 3.0x8109(100M): 0x0
01-01 00:54:12.631 D/mv2112_update_link( 0): link 0x0
01-01 00:54:12.637 D/mv2112_read_status( 0): autoneg is disabled
01-01 00:54:13.640 D/ ( 0): mv2112_read_status
01-01 00:54:13.644 D/mv2112_update_link( 0): 3.0x901(1G): 0x80
01-01 00:54:13.649 D/mv2112_update_link( 0): 3.0x8109(100M): 0x0
01-01 00:54:13.654 D/mv2112_update_link( 0): link 0x0
01-01 00:54:13.658 D/mv2112_read_status( 0): autoneg is disabled
01-01 00:54:14.664 D/ ( 0): mv2112_read_status
01-01 00:54:14.668 D/mv2112_update_link( 0): 3.0x901(1G): 0x80
01-01 00:54:14.674 D/mv2112_update_link( 0): 3.0x8109(100M): 0x0
01-01 00:54:14.679 D/mv2112_update_link( 0): link 0x0
01-01 00:54:14.687 D/mv2112_read_status( 0): autoneg is disabled
01-01 00:54:15.720 D/ ( 0): mv2112_read_status
01-01 00:54:15.724 D/mv2112_update_link( 0): 3.0x901(1G): 0x80
01-01 00:54:15.730 D/mv2112_update_link( 0): 3.0x8109(100M): 0x0
01-01 00:54:15.735 D/mv2112_update_link( 0): link 0x0
01-01 00:54:15.740 D/mv2112_read_status( 0): autoneg is disabled
01-01 00:54:15.867 I/init ( 0): starting service 'qvrd_vndr'...
01-01 00:54:15.873 I/init ( 0): Created socket '/dev/socket/qvrservice_vndr', mode 660, user 1000, group 1000
01-01 00:54:15.883 I/init ( 0): Created socket '/dev/socket/qvrservice_vndr_camera', mode 660, user 1000, group 1000
01-01 00:54:15.906 I/init ( 0): starting service 'sxrd'...
01-01 00:54:15.919 I/init ( 0): starting service 'vendor.light-hal-2-0'...
01-01 00:54:15.932 I/init ( 0): Service 'sxrd' (pid 29658) exited with status 1
01-01 00:54:15.938 I/init ( 0): Sending signal 9 to service 'sxrd' (pid 29658) process group...
01-01 00:54:15.946 I/libprocessgroup( 0): Successfully killed process cgroup uid 1000 pid 29658 in 0ms
01-01 00:54:15.956 I/init ( 0): Service 'qvrd_vndr' (pid 29655) exited with status 1
01-01 00:54:15.963 I/init ( 0): Sending signal 9 to service 'qvrd_vndr' (pid 29655) process group...
08-22 18:30:08.173 F/linker (29658): CANNOT LINK EXECUTABLE "/vendor/bin/hw/sxrservice": library "vendor.qti.hardware.qxr-V1-ndk_platform.so" not found: needed by main executable
08-22 18:30:08.188 F/linker (29655): CANNOT LINK EXECUTABLE "/vendor/bin/hw/qvrservice": library "vendor.qti.hardware.qxr-V1-ndk_platform.so" not found: needed by /vendor/lib64/libqvrservice.so in namespace (default)
01-01 00:54:16.745 D/ ( 0): mv2112_read_status
01-01 00:54:16.749 D/mv2112_update_link( 0): 3.0x901(1G): 0x80
01-01 00:54:16.759 D/mv2112_update_link( 0): 3.0x8109(100M): 0x0
01-01 00:54:16.768 D/mv2112_update_link( 0): link 0x0
01-01 00:54:16.776 D/mv2112_read_status( 0): autoneg is disabled
01-01 00:54:17.800 D/ ( 0): mv2112_read_status
01-01 00:54:17.804 D/mv2112_update_link( 0): 3.0x901(1G): 0x80
01-01 00:54:17.810 D/mv2112_update_link( 0): 3.0x8109(100M): 0x0
01-01 00:54:17.815 D/mv2112_update_link( 0): link 0x0
01-01 00:54:17.819 D/mv2112_read_status( 0): autoneg is disabled
01-01 00:54:18.824 D/ ( 0): mv2112_read_status
01-01 00:54:18.828 D/mv2112_update_link( 0): 3.0x901(1G): 0x80
01-01 00:54:18.834 D/mv2112_update_link( 0): 3.0x8109(100M): 0x0
01-01 00:54:18.840 D/mv2112_update_link( 0): link 0x0
01-01 00:54:18.844 D/mv2112_read_status( 0): autoneg is disabled
01-01 00:54:19.848 D/ ( 0): mv2112_read_status
01-01 00:54:19.852 D/mv2112_update_link( 0): 3.0x901(1G): 0x80
01-01 00:54:19.857 D/mv2112_update_link( 0): 3.0x8109(100M): 0x0
01-01 00:54:19.863 D/mv2112_update_link( 0): link 0x0
01-01 00:54:19.867 D/mv2112_read_status( 0): autoneg is disabled
01-01 00:54:20.872 D/ ( 0): mv2112_read_status
01-01 00:54:20.876 D/mv2112_update_link( 0): 3.0x901(1G): 0x80
01-01 00:54:20.882 D/mv2112_update_link( 0): 3.0x8109(100M): 0x0
01-01 00:54:20.888 D/mv2112_update_link( 0): link 0x0
01-01 00:54:20.892 D/mv2112_read_status( 0): autoneg is disabled
01-01 00:54:20.907 I/init ( 0): starting service 'qvrd_vndr'...
01-01 00:54:20.914 I/init ( 0): Created socket '/dev/socket/qvrservice_vndr', mode 660, user 1000, group 1000
01-01 00:54:20.924 I/init ( 0): Created socket '/dev/socket/qvrservice_vndr_camera', mode 660, user 1000, group 1000
01-01 00:54:20.946 I/init ( 0): starting service 'sxrd'...
01-01 00:54:20.959 I/init ( 0): starting service 'vendor.light-hal-2-0'...
01-01 00:54:20.980 I/init ( 0): Service 'sxrd' (pid 31483) exited with status 1
01-01 00:54:20.987 I/init ( 0): Sending signal 9 to service 'sxrd' (pid 31483) process group...
01-01 00:54:20.995 I/libprocessgroup( 0): Successfully killed process cgroup uid 1000 pid 31483 in 0ms
01-01 00:54:21.004 I/init ( 0): Service 'qvrd_vndr' (pid 31480) exited with status 1
01-01 00:54:21.011 I/init ( 0): Sending signal 9 to service 'qvrd_vndr' (pid 31480) process group...
08-22 18:30:13.226 F/linker (31483): CANNOT LINK EXECUTABLE "/vendor/bin/hw/sxrservice": library "vendor.qti.hardware.qxr-V1-ndk_platform.so" not found: needed by main executable
08-22 18:30:13.232 F/linker (31480): CANNOT LINK EXECUTABLE "/vendor/bin/hw/qvrservice": library "vendor.qti.hardware.qxr-V1-ndk_platform.so" not found: needed by /vendor/lib64/libqvrservice.so in namespace (default)
01-01 00:54:21.896 D/ ( 0): mv2112_read_status
01-01 00:54:21.904 D/mv2112_update_link( 0): 3.0x901(1G): 0x80
01-01 00:54:21.917 D/mv2112_update_link( 0): 3.0x8109(100M): 0x0
01-01 00:54:21.923 D/mv2112_update_link( 0): link 0x0
01-01 00:54:21.927 D/mv2112_read_status( 0): autoneg is disabled
01-01 00:54:22.956 D/ ( 0): mv2112_read_status
01-01 00:54:22.961 D/mv2112_update_link( 0): 3.0x901(1G): 0x80
01-01 00:54:22.968 D/mv2112_update_link( 0): 3.0x8109(100M): 0x0
01-01 00:54:22.978 D/mv2112_update_link( 0): link 0x0
01-01 00:54:22.982 D/mv2112_read_status( 0): autoneg is disabled
01-01 00:54:24.008 D/ ( 0): mv2112_read_status
01-01 00:54:24.012 D/mv2112_update_link( 0): 3.0x901(1G): 0x80
01-01 00:54:24.018 D/mv2112_update_link( 0): 3.0x8109(100M): 0x0
01-01 00:54:24.023 D/mv2112_update_link( 0): link 0x0
01-01 00:54:24.031 D/mv2112_read_status( 0): autoneg is disabled
01-01 00:54:25.066 D/ ( 0): mv2112_read_status
01-01 00:54:25.073 D/mv2112_update_link( 0): 3.0x901(1G): 0x80
01-01 00:54:25.079 D/mv2112_update_link( 0): 3.0x8109(100M): 0x0
01-01 00:54:25.084 D/mv2112_update_link( 0): link 0x0
01-01 00:54:25.088 D/mv2112_read_status( 0): autoneg is disabled
01-01 00:54:25.865 I/afe_find_cal_topo_id_by_port( 0): port id: 0x9000, dev_acdb_id: 0
01-01 00:54:25.873 I/afe_find_cal_topo_id_by_port( 0): top_id:112fc acdb_id:15 afe_port:0x9000
01-01 00:54:25.880 I/afe_get_cal_topology_id( 0): port_id = 0x9000 acdb_id = 15 topology_id = 0x112fc cal_type_index=8 ret=0
01-01 00:54:25.891 I/afe_send_port_topology_id( 0): AFE set topology id 0x112fc enable for port 0x9000 ret 0
01-01 00:54:25.900 I/send_afe_cal_type( 0): cal_index is 0
01-01 00:54:25.905 I/send_afe_cal_type( 0): dev_acdb_id[55] is 0
01-01 00:54:25.910 I/send_afe_cal_type( 0): Sending cal_index cal 0
01-01 00:54:25.915 E/send_afe_cal_type( 0): No cal sent for cal_index 0, port_id = 0x9000! ret -22
01-01 00:54:25.924 I/afe_send_hw_delay( 0): port_id 0x9000 rate 48000 delay_usec 474 status 0
08-22 18:30:18.094 D/CompatibilityChangeReporter( 1164): Compat change id reported: 173031413; UID 1000; state: ENABLED
08-22 18:30:18.095 D/CompatibilityChangeReporter( 1164): Compat change id reported: 173031413; UID 1000; state: DISABLED
01-01 00:54:25.945 I/init ( 0): starting service 'qvrd_vndr'...
01-01 00:54:25.951 I/init ( 0): Created socket '/dev/socket/qvrservice_vndr', mode 660, user 1000, group 1000
01-01 00:54:25.961 I/init ( 0): Created socket '/dev/socket/qvrservice_vndr_camera', mode 660, user 1000, group 1000
01-01 00:54:25.981 I/init ( 0): starting service 'sxrd'...
01-01 00:54:25.993 I/init ( 0): starting service 'vendor.light-hal-2-0'...
01-01 00:54:26.008 I/init ( 0): Service 'qvrd_vndr' (pid 714) exited with status 1
01-01 00:54:26.014 I/init ( 0): Sending signal 9 to service 'qvrd_vndr' (pid 714) process group...
01-01 00:54:26.022 I/libprocessgroup( 0): Successfully killed process cgroup uid 1000 pid 714 in 0ms
08-22 18:30:18.245 F/linker ( 714): CANNOT LINK EXECUTABLE "/vendor/bin/hw/qvrservice": library "vendor.qti.hardware.qxr-V1-ndk_platform.so" not found: needed by /vendor/lib64/libqvrservice.so in namespace (default)
01-01 00:54:26.032 I/init ( 0): Service 'sxrd' (pid 717) exited with status 1
01-01 00:54:26.038 I/init ( 0): Sending signal 9 to service 'sxrd' (pid 717) process group...
08-22 18:30:18.263 F/linker ( 717): CANNOT LINK EXECUTABLE "/vendor/bin/hw/sxrservice": library "vendor.qti.hardware.qxr-V1-ndk_platform.so" not found: needed by main executable
01-01 00:54:26.120 D/ ( 0): mv2112_read_status
01-01 00:54:26.131 D/mv2112_update_link( 0): 3.0x901(1G): 0x80
08-22 18:30:18.294 D/WindowManager( 1164): powerPress: eventTime=2968790 interactive=true count=0 beganFromNonInteractive=false mShortPressOnPowerBehavior=1
08-22 18:30:18.294 I/PowerManagerService( 1164): Powering off display group due to power_button (groupId= 0, uid= 1000)...
08-22 18:30:18.294 I/PowerManagerService( 1164): Going to sleep due to power_button (uid 1000)...
01-01 00:54:26.145 D/mv2112_update_link( 0): 3.0x8109(100M): 0x0
01-01 00:54:26.150 D/mv2112_update_link( 0): link 0x0
01-01 00:54:26.154 D/mv2112_read_status( 0): autoneg is disabled
08-22 18:30:18.300 D/CompatibilityChangeReporter( 1164): Compat change id reported: 156215187; UID 10082; state: DISABLED
08-22 18:30:18.301 I/DreamManagerService( 1164): Entering dreamland.
08-22 18:30:18.301 I/PowerManagerService( 1164): Dozing...
08-22 18:30:18.304 I/DreamController( 1164): Starting dream: name=ComponentInfo{com.android.systemui/com.android.systemui.doze.DozeService}, isTest=false, canDoze=true, userId=0
08-22 18:30:18.317 D/AutofillManagerService( 1164): Close system dialogs
08-22 18:30:18.402 V/DisplayPowerController[0]( 1164): Brightness [0.062992126] reason changing to: 'doze', previous reason: 'manual'.
01-01 00:54:26.639 E/ ( 0): [MAX975X:max96755x_drm_notifier_callback] *ERROR* receives EARLY_BLANK:POWERDOWN
01-01 00:54:26.673 E/ ( 0): [MAX975X:max96755x_drm_notifier_callback] *ERROR* receives BLANK:POWERDOWN
08-22 18:30:18.817 I/DisplayPowerController[0]( 1164): Blocking screen off
08-22 18:30:18.818 I/DisplayPowerController[0]( 1164): Unblocked screen off after 0 ms
08-22 18:30:18.818 E/DisplayDeviceConfig( 1164): requesting nits when no mapping exists.
08-22 18:30:18.819 E/DisplayDeviceConfig( 1164): requesting nits when no mapping exists.
08-22 18:30:18.831 I/DropBoxManagerService( 1164): add tag=system_server_wtf isTagEnabled=true flags=0x2
08-22 18:30:18.840 D/ActivityTaskManager( 1164): Top Process State changed to PROCESS_STATE_TOP_SLEEPING
08-22 18:30:18.841 I/DropBoxManagerService( 1164): add tag=system_server_wtf isTagEnabled=true flags=0x2
08-22 18:30:18.852 V/DisplayPowerController[0]( 1164): Brightness [0.0] reason changing to: 'screen_off', previous reason: 'doze'.
08-22 18:30:18.867 I/DisplayDeviceRepository( 1164): Display device changed state: "内置å±å¹•", OFF
08-22 18:30:18.898 E/KernelCpuSpeedReader( 1164): Failed to read cpu-freq: /sys/devices/system/cpu/cpu4/cpufreq/stats/time_in_state: open failed: ENOENT (No such file or directory)
08-22 18:30:18.899 E/KernelCpuSpeedReader( 1164): Failed to read cpu-freq: /sys/devices/system/cpu/cpu0/cpufreq/stats/time_in_state: open failed: ENOENT (No such file or directory)
01-01 00:54:27.176 D/ ( 0): mv2112_read_status
01-01 00:54:27.180 D/mv2112_update_link( 0): 3.0x901(1G): 0x80
01-01 00:54:27.185 D/mv2112_update_link( 0): 3.0x8109(100M): 0x0
01-01 00:54:27.190 D/mv2112_update_link( 0): link 0x0
01-01 00:54:27.194 D/mv2112_read_status( 0): autoneg is disabled
01-01 00:54:28.201 D/ ( 0): mv2112_read_status
01-01 00:54:28.205 D/mv2112_update_link( 0): 3.0x901(1G): 0x80
01-01 00:54:28.211 D/mv2112_update_link( 0): 3.0x8109(100M): 0x0
01-01 00:54:28.216 D/mv2112_update_link( 0): link 0x0
01-01 00:54:28.220 D/mv2112_read_status( 0): autoneg is disabled
01-01 00:54:29.224 D/ ( 0): mv2112_read_status
01-01 00:54:29.228 D/mv2112_update_link( 0): 3.0x901(1G): 0x80
01-01 00:54:29.233 D/mv2112_update_link( 0): 3.0x8109(100M): 0x0
01-01 00:54:29.240 D/mv2112_update_link( 0): link 0x0
01-01 00:54:29.244 D/mv2112_read_status( 0): autoneg is disabled
01-01 00:54:29.268 I/afe_close( 0): port_id = 0x9000
01-01 00:54:30.248 D/ ( 0): mv2112_read_status
01-01 00:54:30.252 D/mv2112_update_link( 0): 3.0x901(1G): 0x80
01-01 00:54:30.258 D/mv2112_update_link( 0): 3.0x8109(100M): 0x0
01-01 00:54:30.264 D/mv2112_update_link( 0): link 0x0
01-01 00:54:30.268 D/mv2112_read_status( 0): autoneg is disabled
01-01 00:54:30.632 D/cnss ( 0): Runtime suspend start
01-01 00:54:30.639 I/[kworke][0xd6ba54d6c][18:30:22.886343] wlan( 0): [5628:I:PMO] pmo_core_is_wow_applicable: 319: lpass enabled, enabling wow
01-01 00:54:30.652 I/[kworke][0xd6ba92558][18:30:22.899462] wlan( 0): [5628:I:PMO] pmo_core_enable_wow_in_fw: 807: drv wow is enabled
01-01 00:54:30.664 I/[kworke][0xd6bac708c][18:30:22.910705] wlan( 0): [5628:I:PMO] pmo_core_enable_wow_in_fw: 820: RTPM wow
01-01 00:54:30.674 I/[kworke][0xd6baf7db9][18:30:22.921120] wlan( 0): [5628:I:WMI] send_wow_enable_cmd_tlv: 1831: suspend type: WOW_IFACE_PAUSE_ENABLED flag is 0x10
01-01 00:54:30.737 D/cnss ( 0): Setting MHI state: SUSPEND(6)
01-01 00:54:30.743 D/cnss ( 0): Suspending PCI link
01-01 00:54:30.748 D/cnss ( 0): Use PCIe DRV suspend
01-01 00:54:30.756 D/cnss ( 0): Runtime suspend status: 0
01-01 00:54:30.982 I/init ( 0): starting service 'qvrd_vndr'...
01-01 00:54:30.990 I/init ( 0): Created socket '/dev/socket/qvrservice_vndr', mode 660, user 1000, group 1000
01-01 00:54:31.002 I/init ( 0): Created socket '/dev/socket/qvrservice_vndr_camera', mode 660, user 1000, group 1000
01-01 00:54:31.027 I/init ( 0): starting service 'sxrd'...
01-01 00:54:31.042 I/init ( 0): starting service 'vendor.light-hal-2-0'...
01-01 00:54:31.065 I/init ( 0): Service 'qvrd_vndr' (pid 3793) exited with status 1
01-01 00:54:31.072 I/init ( 0): Sending signal 9 to service 'qvrd_vndr' (pid 3793) process group...
01-01 00:54:31.080 I/libprocessgroup( 0): Successfully killed process cgroup uid 1000 pid 3793 in 0ms
01-01 00:54:31.090 I/init ( 0): Service 'sxrd' (pid 3813) exited with status 1
01-01 00:54:31.096 I/init ( 0): Sending signal 9 to service 'sxrd' (pid 3813) process group...
08-22 18:30:23.310 F/linker ( 3793): CANNOT LINK EXECUTABLE "/vendor/bin/hw/qvrservice": library "vendor.qti.hardware.qxr-V1-ndk_platform.so" not found: needed by /vendor/lib64/libqvrservice.so in namespace (default)
08-22 18:30:23.319 F/linker ( 3813): CANNOT LINK EXECUTABLE "/vendor/bin/hw/sxrservice": library "vendor.qti.hardware.qxr-V1-ndk_platform.so" not found: needed by main executable
01-01 00:54:31.272 D/ ( 0): mv2112_read_status
01-01 00:54:31.277 D/mv2112_update_link( 0): 3.0x901(1G): 0x80
01-01 00:54:31.283 D/mv2112_update_link( 0): 3.0x8109(100M): 0x0
01-01 00:54:31.288 D/mv2112_update_link( 0): link 0x0
01-01 00:54:31.293 D/mv2112_read_status( 0): autoneg is disabled
01-01 00:54:32.296 D/ ( 0): mv2112_read_status
01-01 00:54:32.303 D/mv2112_update_link( 0): 3.0x901(1G): 0x80
01-01 00:54:32.309 D/mv2112_update_link( 0): 3.0x8109(100M): 0x0
01-01 00:54:32.315 D/mv2112_update_link( 0): link 0x0
01-01 00:54:32.319 D/mv2112_read_status( 0): autoneg is disabled
01-01 00:54:33.352 D/ ( 0): mv2112_read_status
01-01 00:54:33.363 D/mv2112_update_link( 0): 3.0x901(1G): 0x80
01-01 00:54:33.369 D/mv2112_update_link( 0): 3.0x8109(100M): 0x0
01-01 00:54:33.375 D/mv2112_update_link( 0): link 0x0
01-01 00:54:33.380 D/mv2112_read_status( 0): autoneg is disabled
01-01 00:54:34.408 D/ ( 0): mv2112_read_status
01-01 00:54:34.412 D/mv2112_update_link( 0): 3.0x901(1G): 0x80
01-01 00:54:34.417 D/mv2112_update_link( 0): 3.0x8109(100M): 0x0
01-01 00:54:34.422 D/mv2112_update_link( 0): link 0x0
01-01 00:54:34.427 D/mv2112_read_status( 0): autoneg is disabled
01-01 00:54:34.718 D/cnss ( 0): Runtime resume start
01-01 00:54:34.722 D/cnss ( 0): Resuming PCI link
01-01 00:54:34.728 D/cnss ( 0): Set PCI link status to: 2
01-01 00:54:34.733 D/cnss ( 0): Setting MHI state: RESUME(7)
01-01 00:54:34.742 I/[kworke][0xd705750e1][18:30:26.989215] wlan( 0): [411:I:PMO] pmo_core_psoc_send_host_wakeup_ind_to_fw: 1225: Host wakeup indication sent to fw
01-01 00:54:34.759 D/cnss ( 0): Runtime resume status: 0
01-01 00:54:34.763 D/cnss ( 0): Runtime idle
01-01 00:54:35.432 D/ ( 0): mv2112_read_status
01-01 00:54:35.436 D/mv2112_update_link( 0): 3.0x901(1G): 0x80
01-01 00:54:35.441 D/mv2112_update_link( 0): 3.0x8109(100M): 0x0
01-01 00:54:35.445 D/cnss ( 0): Runtime suspend start
01-01 00:54:35.451 I/[kworke][0xd7126f46c][18:30:27.697955] wlan( 0): [411:I:PMO] pmo_core_is_wow_applicable: 319: lpass enabled, enabling wow
01-01 00:54:35.451 D/mv2112_update_link( 0): link 0x0
01-01 00:54:35.463 I/[kworke][0xd712a83d7][18:30:27.710108] wlan( 0): [411:I:PMO] pmo_core_enable_wow_in_fw: 807: drv wow is enabled
01-01 00:54:35.467 D/mv2112_read_status( 0): autoneg is disabled
01-01 00:54:35.478 I/[kworke][0xd712ef100][18:30:27.725216] wlan( 0): [411:I:PMO] pmo_core_enable_wow_in_fw: 820: RTPM wow
01-01 00:54:35.478 I/[kworke][0xd712ef2e4][18:30:27.725241] wlan( 0): [411:I:WMI] send_wow_enable_cmd_tlv: 1831: suspend type: WOW_IFACE_PAUSE_ENABLED flag is 0x10
01-01 00:54:35.525 D/cnss ( 0): Setting MHI state: SUSPEND(6)
01-01 00:54:35.530 D/cnss ( 0): Suspending PCI link
01-01 00:54:35.534 D/cnss ( 0): Use PCIe DRV suspend
01-01 00:54:35.541 D/cnss ( 0): Runtime suspend status: 0
01-01 00:54:35.786 E/ ( 0): [MAX975X:max96755x_drm_notifier_callback] *ERROR* receives EARLY_BLANK:UNBLANK
01-01 00:54:35.795 I/[drm:dsi_display_set_mode] [msm-dsi-info]( 0): mdp_transfer_time_us=0 us
01-01 00:54:35.802 I/[drm:dsi_display_set_mode] [msm-dsi-info]( 0): hactive= 2380,vactive= 1020,fps=60
01-01 00:54:35.811 I/[drm:dsi_ctrl_isr_configure] [msm-dsi-info]( 0): dsi-ctrl-0: IRQ 463 registered
01-01 00:54:35.813 D/cnss ( 0): Runtime resume start
01-01 00:54:35.823 D/cnss ( 0): Resuming PCI link
01-01 00:54:35.828 D/cnss ( 0): Set PCI link status to: 2
01-01 00:54:35.832 D/cnss ( 0): Setting MHI state: RESUME(7)
01-01 00:54:35.842 I/[kworke][0xd71996563][18:30:28.088581] wlan( 0): [411:I:PMO] pmo_core_psoc_send_host_wakeup_ind_to_fw: 1225: Host wakeup indication sent to fw
01-01 00:54:35.846 D/cnss ( 0): Sending get info message, type: 0, cmd length: 28, state: 0x107
01-01 00:54:35.856 D/cnss ( 0): Runtime resume status: 0
08-22 18:30:28.007 I/PowerManagerService( 1164): Powering on display group fromDozing (groupId=0, uid=1000, reason=WAKE_REASON_POWER_BUTTON, details=android.policy:POWER)...
08-22 18:30:28.008 I/PowerManagerService( 1164): Waking up from Dozing (uid=1000, reason=WAKE_REASON_POWER_BUTTON, details=android.policy:POWER)...
08-22 18:30:28.018 I/DisplayPowerController[0]( 1164): Blocking screen on until initial contents have been drawn.
08-22 18:30:28.024 V/DisplayPowerController[0]( 1164): Brightness [0.39763778] reason changing to: 'manual', previous reason: 'screen_off'.
08-22 18:30:28.026 I/DisplayDeviceRepository( 1164): Display device changed state: "内置å±å¹•", ON
01-01 00:54:35.878 E/ ( 0): [MAX975X:max96755x_drm_notifier_callback] *ERROR* receives BLANK:UNBLANK
01-01 00:54:35.904 I/[schedu][0xd71abcc1b][18:30:28.151391] wlan( 0): [13930:I:OSIF] scan start scan id 40995
01-01 00:54:35.925 D/cnss ( 0): Received QMI WLFW respond get info indication
01-01 00:54:35.932 D/cnss ( 0): Extract message with event length: 812, type: 0, is last: 0, seq no: 0
08-22 18:30:28.048 E/KernelCpuSpeedReader( 1164): Failed to read cpu-freq: /sys/devices/system/cpu/cpu4/cpufreq/stats/time_in_state: open failed: ENOENT (No such file or directory)
08-22 18:30:28.048 E/KernelCpuSpeedReader( 1164): Failed to read cpu-freq: /sys/devices/system/cpu/cpu0/cpufreq/stats/time_in_state: open failed: ENOENT (No such file or directory)
01-01 00:54:35.941 D/cnss ( 0): Received QMI WLFW respond get info indication
01-01 00:54:35.948 D/cnss ( 0): Extract message with event length: 576, type: 0, is last: 0, seq no: 0
01-01 00:54:35.957 D/cnss ( 0): Received QMI WLFW respond get info indication
01-01 00:54:35.963 D/cnss ( 0): Extract message with event length: 488, type: 0, is last: 0, seq no: 0
01-01 00:54:35.971 D/cnss ( 0): Received QMI WLFW respond get info indication
01-01 00:54:35.979 D/cnss ( 0): Extract message with event length: 748, type: 0, is last: 0, seq no: 0
01-01 00:54:35.987 D/cnss ( 0): Received QMI WLFW respond get info indication
01-01 00:54:35.993 D/cnss ( 0): Extract message with event length: 812, type: 0, is last: 0, seq no: 0
01-01 00:54:36.002 D/cnss ( 0): Received QMI WLFW respond get info indication
01-01 00:54:36.008 D/cnss ( 0): Extract message with event length: 748, type: 0, is last: 0, seq no: 0
01-01 00:54:36.022 I/init ( 0): starting service 'qvrd_vndr'...
01-01 00:54:36.029 I/init ( 0): Created socket '/dev/socket/qvrservice_vndr', mode 660, user 1000, group 1000
01-01 00:54:36.039 I/init ( 0): Created socket '/dev/socket/qvrservice_vndr_camera', mode 660, user 1000, group 1000
08-22 18:30:28.089 D/ActivityTaskManager( 1164): Top Process State changed to PROCESS_STATE_TOP
01-01 00:54:36.059 I/init ( 0): starting service 'sxrd'...
08-22 18:30:28.161 I/WindowManager( 1164): Suppressed redundant power key press while already in the process of turning the screen on.
01-01 00:54:36.071 I/init ( 0): starting service 'vendor.light-hal-2-0'...
08-22 18:30:28.199 I/DisplayPowerController[0]( 1164): Unblocked screen on after 181 ms
08-22 18:30:28.202 E/DisplayDeviceConfig( 1164): requesting nits when no mapping exists.
08-22 18:30:28.202 I/DreamManagerService( 1164): Gently waking up from dream.
08-22 18:30:28.202 I/DreamManagerService( 1164): Performing gentle wake from dream.
08-22 18:30:28.202 E/DisplayDeviceConfig( 1164): requesting nits when no mapping exists.
08-22 18:30:28.205 I/DropBoxManagerService( 1164): add tag=system_server_wtf isTagEnabled=true flags=0x2
08-22 18:30:28.213 I/DropBoxManagerService( 1164): add tag=system_server_wtf isTagEnabled=true flags=0x2
08-22 18:30:28.222 I/DreamManagerService( 1164): Leaving dreamland.
08-22 18:30:28.222 I/DreamManagerService( 1164): Performing gentle wake from dream.
08-22 18:30:28.222 I/DreamController( 1164): Stopping dream: name=ComponentInfo{com.android.systemui/com.android.systemui.doze.DozeService}, isTest=false, canDoze=true, userId=0, reason='finished self'(from 'requested stopDream')
01-01 00:54:36.084 I/init ( 0): Service 'qvrd_vndr' (pid 5742) exited with status 1
01-01 00:54:36.091 I/init ( 0): Sending signal 9 to service 'qvrd_vndr' (pid 5742) process group...
01-01 00:54:36.100 I/libprocessgroup( 0): Successfully killed process cgroup uid 1000 pid 5742 in 0ms
01-01 00:54:36.110 I/init ( 0): Service 'sxrd' (pid 5745) exited with status 1
01-01 00:54:36.116 I/init ( 0): Sending signal 9 to service 'sxrd' (pid 5745) process group...
08-22 18:30:28.322 F/linker ( 5742): CANNOT LINK EXECUTABLE "/vendor/bin/hw/qvrservice": library "vendor.qti.hardware.qxr-V1-ndk_platform.so" not found: needed by /vendor/lib64/libqvrservice.so in namespace (default)
08-22 18:30:28.330 F/linker ( 5745): CANNOT LINK EXECUTABLE "/vendor/bin/hw/sxrservice": library "vendor.qti.hardware.qxr-V1-ndk_platform.so" not found: needed by main executable
01-01 00:54:36.520 D/ ( 0): mv2112_read_status
01-01 00:54:36.528 D/mv2112_update_link( 0): 3.0x901(1G): 0x80
01-01 00:54:36.534 D/mv2112_update_link( 0): 3.0x8109(100M): 0x0
01-01 00:54:36.541 D/mv2112_update_link( 0): link 0x0
01-01 00:54:36.545 D/mv2112_read_status( 0): autoneg is disabled
01-01 00:54:37.255 I/[schedu][0xd73378d2c][18:30:29.502232] wlan( 0): [13930:I:OSIF] vdev 0, scan id 40995 type COMPLETED(1) reason COMPLETED(1) scan found 70 bss
01-01 00:54:37.576 D/ ( 0): mv2112_read_status
01-01 00:54:37.580 D/mv2112_update_link( 0): 3.0x901(1G): 0x80
01-01 00:54:37.596 D/mv2112_update_link( 0): 3.0x8109(100M): 0x0
01-01 00:54:37.602 D/mv2112_update_link( 0): link 0x0
01-01 00:54:37.613 D/mv2112_read_status( 0): autoneg is disabled
01-01 00:54:38.635 D/ ( 0): mv2112_read_status
01-01 00:54:38.639 D/mv2112_update_link( 0): 3.0x901(1G): 0x80
01-01 00:54:38.648 D/mv2112_update_link( 0): 3.0x8109(100M): 0x0
01-01 00:54:38.653 D/mv2112_update_link( 0): link 0x0
01-01 00:54:38.658 D/mv2112_read_status( 0): autoneg is disabled
01-01 00:54:39.688 D/ ( 0): mv2112_read_status
01-01 00:54:39.693 D/mv2112_update_link( 0): 3.0x901(1G): 0x80
01-01 00:54:39.698 D/mv2112_update_link( 0): 3.0x8109(100M): 0x0
01-01 00:54:39.703 D/mv2112_update_link( 0): link 0x0
01-01 00:54:39.711 D/mv2112_read_status( 0): autoneg is disabled
01-01 00:54:40.745 D/ ( 0): mv2112_read_status
01-01 00:54:40.749 D/mv2112_update_link( 0): 3.0x901(1G): 0x80
01-01 00:54:40.754 D/mv2112_update_link( 0): 3.0x8109(100M): 0x0
01-01 00:54:40.761 D/mv2112_update_link( 0): link 0x0
01-01 00:54:40.765 D/mv2112_read_status( 0): autoneg is disabled
01-01 00:54:41.060 I/init ( 0): starting service 'qvrd_vndr'...
01-01 00:54:41.066 I/init ( 0): Created socket '/dev/socket/qvrservice_vndr', mode 660, user 1000, group 1000
01-01 00:54:41.075 I/init ( 0): Created socket '/dev/socket/qvrservice_vndr_camera', mode 660, user 1000, group 1000
01-01 00:54:41.095 I/init ( 0): starting service 'sxrd'...
01-01 00:54:41.108 I/init ( 0): starting service 'vendor.light-hal-2-0'...
01-01 00:54:41.121 I/init ( 0): Service 'qvrd_vndr' (pid 7534) exited with status 1
01-01 00:54:41.127 I/init ( 0): Sending signal 9 to service 'qvrd_vndr' (pid 7534) process group...
01-01 00:54:41.136 I/libprocessgroup( 0): Successfully killed process cgroup uid 1000 pid 7534 in 0ms
01-01 00:54:41.146 I/init ( 0): Service 'sxrd' (pid 7542) exited with status 1
01-01 00:54:41.152 I/init ( 0): Sending signal 9 to service 'sxrd' (pid 7542) process group...
08-22 18:30:33.364 F/linker ( 7534): CANNOT LINK EXECUTABLE "/vendor/bin/hw/qvrservice": library "vendor.qti.hardware.qxr-V1-ndk_platform.so" not found: needed by /vendor/lib64/libqvrservice.so in namespace (default)
08-22 18:30:33.368 F/linker ( 7542): CANNOT LINK EXECUTABLE "/vendor/bin/hw/sxrservice": library "vendor.qti.hardware.qxr-V1-ndk_platform.so" not found: needed by main executable
01-01 00:54:41.768 D/ ( 0): mv2112_read_status
01-01 00:54:41.772 D/mv2112_update_link( 0): 3.0x901(1G): 0x80
01-01 00:54:41.777 D/mv2112_update_link( 0): 3.0x8109(100M): 0x0
01-01 00:54:41.783 D/mv2112_update_link( 0): link 0x0
01-01 00:54:41.787 D/mv2112_read_status( 0): autoneg is disabled
01-01 00:54:42.794 D/ ( 0): mv2112_read_status
01-01 00:54:42.801 D/mv2112_update_link( 0): 3.0x901(1G): 0x80
01-01 00:54:42.807 D/mv2112_update_link( 0): 3.0x8109(100M): 0x0
01-01 00:54:42.814 D/mv2112_update_link( 0): link 0x0
01-01 00:54:42.818 D/mv2112_read_status( 0): autoneg is disabled
01-01 00:54:43.849 D/ ( 0): mv2112_read_status
01-01 00:54:43.852 D/mv2112_update_link( 0): 3.0x901(1G): 0x80
01-01 00:54:43.857 D/mv2112_update_link( 0): 3.0x8109(100M): 0x0
01-01 00:54:43.865 D/mv2112_update_link( 0): link 0x0
01-01 00:54:43.869 D/mv2112_read_status( 0): autoneg is disabled
01-01 00:54:44.875 D/ ( 0): mv2112_read_status
01-01 00:54:44.883 D/mv2112_update_link( 0): 3.0x901(1G): 0x80
01-01 00:54:44.889 D/mv2112_update_link( 0): 3.0x8109(100M): 0x0
01-01 00:54:44.894 D/mv2112_update_link( 0): link 0x0
01-01 00:54:44.898 D/mv2112_read_status( 0): autoneg is disabled
01-01 00:54:45.928 D/ ( 0): mv2112_read_status
01-01 00:54:45.932 D/mv2112_update_link( 0): 3.0x901(1G): 0x80
01-01 00:54:45.937 D/mv2112_update_link( 0): 3.0x8109(100M): 0x0
01-01 00:54:45.943 D/mv2112_update_link( 0): link 0x0
01-01 00:54:45.947 D/mv2112_read_status( 0): autoneg is disabled
01-01 00:54:46.096 I/init ( 0): starting service 'qvrd_vndr'...
01-01 00:54:46.102 I/init ( 0): Created socket '/dev/socket/qvrservice_vndr', mode 660, user 1000, group 1000
01-01 00:54:46.112 I/init ( 0): Created socket '/dev/socket/qvrservice_vndr_camera', mode 660, user 1000, group 1000
01-01 00:54:46.133 I/init ( 0): starting service 'sxrd'...
01-01 00:54:46.149 I/init ( 0): starting service 'vendor.light-hal-2-0'...
01-01 00:54:46.167 I/init ( 0): Service 'qvrd_vndr' (pid 9463) exited with status 1
01-01 00:54:46.174 I/init ( 0): Sending signal 9 to service 'qvrd_vndr' (pid 9463) process group...
01-01 00:54:46.182 I/libprocessgroup( 0): Successfully killed process cgroup uid 1000 pid 9463 in 0ms
01-01 00:54:46.192 I/init ( 0): Service 'sxrd' (pid 9471) exited with status 1
01-01 00:54:46.198 I/init ( 0): Sending signal 9 to service 'sxrd' (pid 9471) process group...
08-22 18:30:38.413 F/linker ( 9463): CANNOT LINK EXECUTABLE "/vendor/bin/hw/qvrservice": library "vendor.qti.hardware.qxr-V1-ndk_platform.so" not found: needed by /vendor/lib64/libqvrservice.so in namespace (default)
08-22 18:30:38.426 F/linker ( 9471): CANNOT LINK EXECUTABLE "/vendor/bin/hw/sxrservice": library "vendor.qti.hardware.qxr-V1-ndk_platform.so" not found: needed by main executable
01-01 00:54:46.952 D/ ( 0): mv2112_read_status
01-01 00:54:46.956 D/mv2112_update_link( 0): 3.0x901(1G): 0x80
01-01 00:54:46.966 D/mv2112_update_link( 0): 3.0x8109(100M): 0x0
01-01 00:54:46.972 D/mv2112_update_link( 0): link 0x0
01-01 00:54:46.977 D/mv2112_read_status( 0): autoneg is disabled
01-01 00:54:48.008 D/ ( 0): mv2112_read_status
01-01 00:54:48.012 D/mv2112_update_link( 0): 3.0x901(1G): 0x80
01-01 00:54:48.018 D/mv2112_update_link( 0): 3.0x8109(100M): 0x0
01-01 00:54:48.023 D/mv2112_update_link( 0): link 0x0
01-01 00:54:48.027 D/mv2112_read_status( 0): autoneg is disabled
01-01 00:54:49.032 D/ ( 0): mv2112_read_status
01-01 00:54:49.036 D/mv2112_update_link( 0): 3.0x901(1G): 0x80
01-01 00:54:49.041 D/mv2112_update_link( 0): 3.0x8109(100M): 0x0
01-01 00:54:49.046 D/mv2112_update_link( 0): link 0x0
01-01 00:54:49.050 D/mv2112_read_status( 0): autoneg is disabled
01-01 00:54:50.056 D/ ( 0): mv2112_read_status
01-01 00:54:50.060 D/mv2112_update_link( 0): 3.0x901(1G): 0x80
01-01 00:54:50.065 D/mv2112_update_link( 0): 3.0x8109(100M): 0x0
01-01 00:54:50.072 D/mv2112_update_link( 0): link 0x0
01-01 00:54:50.077 D/mv2112_read_status( 0): autoneg is disabled
01-01 00:54:51.081 D/ ( 0): mv2112_read_status
01-01 00:54:51.084 D/mv2112_update_link( 0): 3.0x901(1G): 0x80
01-01 00:54:51.090 D/mv2112_update_link( 0): 3.0x8109(100M): 0x0
01-01 00:54:51.096 D/mv2112_update_link( 0): link 0x0
01-01 00:54:51.100 D/mv2112_read_status( 0): autoneg is disabled
01-01 00:54:51.134 I/init ( 0): starting service 'qvrd_vndr'...
01-01 00:54:51.140 I/init ( 0): Created socket '/dev/socket/qvrservice_vndr', mode 660, user 1000, group 1000
01-01 00:54:51.150 I/init ( 0): Created socket '/dev/socket/qvrservice_vndr_camera', mode 660, user 1000, group 1000
01-01 00:54:51.171 I/init ( 0): starting service 'sxrd'...
01-01 00:54:51.185 I/init ( 0): starting service 'vendor.light-hal-2-0'...
01-01 00:54:51.203 I/init ( 0): Service 'qvrd_vndr' (pid 11314) exited with status 1
01-01 00:54:51.210 I/init ( 0): Sending signal 9 to service 'qvrd_vndr' (pid 11314) process group...
01-01 00:54:51.218 I/libprocessgroup( 0): Successfully killed process cgroup uid 1000 pid 11314 in 0ms
01-01 00:54:51.228 I/init ( 0): Service 'sxrd' (pid 11323) exited with status 1
01-01 00:54:51.234 I/init ( 0): Sending signal 9 to service 'sxrd' (pid 11323) process group...
08-22 18:30:43.448 F/linker (11314): CANNOT LINK EXECUTABLE "/vendor/bin/hw/qvrservice": library "vendor.qti.hardware.qxr-V1-ndk_platform.so" not found: needed by /vendor/lib64/libqvrservice.so in namespace (default)
08-22 18:30:43.456 F/linker (11323): CANNOT LINK EXECUTABLE "/vendor/bin/hw/sxrservice": library "vendor.qti.hardware.qxr-V1-ndk_platform.so" not found: needed by main executable
01-01 00:54:52.105 D/ ( 0): mv2112_read_status
01-01 00:54:52.108 D/mv2112_update_link( 0): 3.0x901(1G): 0x80
01-01 00:54:52.115 D/mv2112_update_link( 0): 3.0x8109(100M): 0x0
01-01 00:54:52.121 D/mv2112_update_link( 0): link 0x0
01-01 00:54:52.125 D/mv2112_read_status( 0): autoneg is disabled
01-01 00:54:53.128 D/ ( 0): mv2112_read_status
01-01 00:54:53.132 D/mv2112_update_link( 0): 3.0x901(1G): 0x80
01-01 00:54:53.138 D/mv2112_update_link( 0): 3.0x8109(100M): 0x0
01-01 00:54:53.143 D/mv2112_update_link( 0): link 0x0
01-01 00:54:53.148 D/mv2112_read_status( 0): autoneg is disabled
01-01 00:54:54.153 D/ ( 0): mv2112_read_status
01-01 00:54:54.159 D/mv2112_update_link( 0): 3.0x901(1G): 0x80
01-01 00:54:54.166 D/mv2112_update_link( 0): 3.0x8109(100M): 0x0
01-01 00:54:54.176 D/mv2112_update_link( 0): link 0x0
01-01 00:54:54.180 D/mv2112_read_status( 0): autoneg is disabled
01-01 00:54:55.209 D/ ( 0): mv2112_read_status
