01-01 00:59:33.247 I/init ( 0): starting service 'qvrd_vndr'...
01-01 00:59:33.255 I/init ( 0): Created socket '/dev/socket/qvrservice_vndr', mode 660, user 1000, group 1000
01-01 00:59:33.267 I/init ( 0): Created socket '/dev/socket/qvrservice_vndr_camera', mode 660, user 1000, group 1000
01-01 00:59:33.288 I/init ( 0): starting service 'sxrd'...
01-01 00:59:33.302 I/init ( 0): starting service 'vendor.light-hal-2-0'...
01-01 00:59:33.316 I/init ( 0): Service 'qvrd_vndr' (pid 19440) exited with status 1
01-01 00:59:33.320 D/ ( 0): mv2112_read_status
01-01 00:59:33.324 I/init ( 0): Sending signal 9 to service 'qvrd_vndr' (pid 19440) process group...
01-01 00:59:33.334 I/libprocessgroup( 0): Successfully killed process cgroup uid 1000 pid 19440 in 0ms
01-01 00:59:33.335 D/mv2112_update_link( 0): 3.0x901(1G): 0x80
01-01 00:59:33.344 I/init ( 0): Service 'sxrd' (pid 19450) exited with status 1
01-01 00:59:33.348 D/mv2112_update_link( 0): 3.0x8109(100M): 0x0
01-01 00:59:33.348 E/bt_ioctl( 0): BT_CMD_PWR_CTRL pwr_cntrl:0
01-01 00:59:33.354 I/init ( 0): Sending signal 9 to service 'sxrd' (pid 19450) process group...
08-22 18:35:25.485 D/BluetoothManagerService( 1164): MESSAGE_HANDLE_DISABLE_DELAYED: disabling:false
08-22 18:35:25.485 D/BluetoothManagerService( 1164): Re-Queue MESSAGE_HANDLE_DISABLE_DELAYED(0)
01-01 00:59:33.372 D/mv2112_update_link( 0): link 0x0
01-01 00:59:33.376 D/mv2112_read_status( 0): autoneg is disabled
08-22 18:35:25.550 F/linker (19440): CANNOT LINK EXECUTABLE "/vendor/bin/hw/qvrservice": library "vendor.qti.hardware.qxr-V1-ndk_platform.so" not found: needed by /vendor/lib64/libqvrservice.so in namespace (default)
08-22 18:35:25.576 F/linker (19450): CANNOT LINK EXECUTABLE "/vendor/bin/hw/sxrservice": library "vendor.qti.hardware.qxr-V1-ndk_platform.so" not found: needed by main executable
01-01 00:59:33.453 I/bt_configure_gpios( 0): BT-OFF:bt-reset-gpio(1121) value(0)
01-01 00:59:33.461 I/bt_configure_gpios( 0): BT-OFF:bt-sw-ctrl-gpio(1224) value(0)
01-01 00:59:33.468 I/bt_configure_gpios( 0): bt_gpio= 1121 on: 0 is successful
01-01 00:59:33.478 E/bt_vreg_disable( 0): vreg_disable successful for : qca,bt-vdd-asd
01-01 00:59:33.486 E/bt_vreg_disable( 0): vreg_disable successful for : qca,bt-vdd-rfa2
01-01 00:59:33.493 E/bt_vreg_disable( 0): vreg_disable successful for : qca,bt-vdd-rfa1
01-01 00:59:33.500 E/bt_vreg_disable( 0): vreg_disable successful for : qca,bt-vdd-dig
01-01 00:59:33.507 E/bt_vreg_disable( 0): vreg_disable successful for : qca,bt-vdd-aon
08-22 18:35:25.786 D/BluetoothManagerService( 1164): MESSAGE_HANDLE_DISABLE_DELAYED: disabling:false
08-22 18:35:25.786 D/BluetoothManagerService( 1164): Re-Queue MESSAGE_HANDLE_DISABLE_DELAYED(0)
08-22 18:35:25.793 D/BluetoothManagerService( 1164): MESSAGE_BLUETOOTH_STATE_CHANGE: BLE_TURNING_OFF > OFF
08-22 18:35:25.793 D/BluetoothManagerService( 1164): Bluetooth is complete off, send Service Down
08-22 18:35:25.793 D/BluetoothManagerService( 1164): Broadcasting onBluetoothServiceDown() to 6 receivers.
08-22 18:35:25.795 D/BluetoothManagerService( 1164): Broadcasting onBluetoothStateChange(false) to 26 receivers.
08-22 18:35:25.800 D/BluetoothManagerService( 1164): unbindAndFinish(): android.bluetooth.IBluetooth$Stub$Proxy@c6e570d mBinding = false mUnbinding = false
08-22 18:35:25.807 D/BluetoothManagerService( 1164): Sending BLE State Change: BLE_TURNING_OFF > OFF
08-22 18:35:25.808 D/CompanionDeviceManagerService( 1164): Received BT state transition broadcast: BLE_TURNING_OFF -> OFF
08-22 18:35:26.037 I/ActivityManager( 1164): Process com.android.bluetooth (pid 18586) has died: fg SVC
08-22 18:35:26.086 D/BluetoothManagerService( 1164): MESSAGE_HANDLE_DISABLE_DELAYED: disabling:false
08-22 18:35:26.086 D/BluetoothManagerService( 1164): Re-Queue MESSAGE_HANDLE_DISABLE_DELAYED(0)
08-22 18:35:26.387 D/BluetoothManagerService( 1164): MESSAGE_HANDLE_DISABLE_DELAYED: disabling:false
08-22 18:35:26.387 D/BluetoothManagerService( 1164): Re-Queue MESSAGE_HANDLE_DISABLE_DELAYED(0)
01-01 00:59:34.408 D/ ( 0): mv2112_read_status
01-01 00:59:34.412 D/mv2112_update_link( 0): 3.0x901(1G): 0x80
01-01 00:59:34.417 D/mv2112_update_link( 0): 3.0x8109(100M): 0x0
01-01 00:59:34.424 D/mv2112_update_link( 0): link 0x0
01-01 00:59:34.428 D/mv2112_read_status( 0): autoneg is disabled
08-22 18:35:26.688 D/BluetoothManagerService( 1164): MESSAGE_HANDLE_DISABLE_DELAYED: disabling:false
08-22 18:35:26.688 D/BluetoothManagerService( 1164): Re-Queue MESSAGE_HANDLE_DISABLE_DELAYED(0)
08-22 18:35:26.989 D/BluetoothManagerService( 1164): MESSAGE_HANDLE_DISABLE_DELAYED: disabling:false
08-22 18:35:26.989 D/BluetoothManagerService( 1164): Re-Queue MESSAGE_HANDLE_DISABLE_DELAYED(0)
08-22 18:35:27.290 D/BluetoothManagerService( 1164): MESSAGE_HANDLE_DISABLE_DELAYED: disabling:false
08-22 18:35:27.290 E/BluetoothManagerService( 1164): Wait for STATE_ON timeout
08-22 18:35:27.290 D/BluetoothManagerService( 1164): MESSAGE_HANDLE_DISABLE_DELAYED: handleDisable
08-22 18:35:27.290 D/BluetoothManagerService( 1164): Re-Queue MESSAGE_HANDLE_DISABLE_DELAYED(1)
01-01 00:59:35.433 D/ ( 0): mv2112_read_status
01-01 00:59:35.443 D/mv2112_update_link( 0): 3.0x901(1G): 0x80
01-01 00:59:35.448 D/mv2112_update_link( 0): 3.0x8109(100M): 0x0
01-01 00:59:35.463 D/mv2112_update_link( 0): link 0x0
01-01 00:59:35.467 D/mv2112_read_status( 0): autoneg is disabled
08-22 18:35:27.591 D/BluetoothManagerService( 1164): MESSAGE_HANDLE_DISABLE_DELAYED: disabling:true
08-22 18:35:27.591 D/BluetoothManagerService( 1164): Handle disable is finished
01-01 00:59:36.490 D/ ( 0): mv2112_read_status
01-01 00:59:36.493 D/mv2112_update_link( 0): 3.0x901(1G): 0x80
01-01 00:59:36.498 D/mv2112_update_link( 0): 3.0x8109(100M): 0x0
01-01 00:59:36.504 D/mv2112_update_link( 0): link 0x0
01-01 00:59:36.508 D/mv2112_read_status( 0): autoneg is disabled
01-01 00:59:37.513 D/ ( 0): mv2112_read_status
01-01 00:59:37.519 D/mv2112_update_link( 0): 3.0x901(1G): 0x80
01-01 00:59:37.524 D/mv2112_update_link( 0): 3.0x8109(100M): 0x0
01-01 00:59:37.530 D/mv2112_update_link( 0): link 0x0
01-01 00:59:37.535 D/mv2112_read_status( 0): autoneg is disabled
01-01 00:59:38.284 I/init ( 0): starting service 'qvrd_vndr'...
01-01 00:59:38.293 I/init ( 0): Created socket '/dev/socket/qvrservice_vndr', mode 660, user 1000, group 1000
01-01 00:59:38.303 I/init ( 0): Created socket '/dev/socket/qvrservice_vndr_camera', mode 660, user 1000, group 1000
01-01 00:59:38.321 I/init ( 0): starting service 'sxrd'...
01-01 00:59:38.332 I/init ( 0): starting service 'vendor.light-hal-2-0'...
01-01 00:59:38.346 I/init ( 0): Service 'qvrd_vndr' (pid 20938) exited with status 1
01-01 00:59:38.352 I/init ( 0): Sending signal 9 to service 'qvrd_vndr' (pid 20938) process group...
01-01 00:59:38.361 I/libprocessgroup( 0): Successfully killed process cgroup uid 1000 pid 20938 in 0ms
01-01 00:59:38.370 I/init ( 0): Service 'sxrd' (pid 20943) exited with status 1
01-01 00:59:38.377 I/init ( 0): Sending signal 9 to service 'sxrd' (pid 20943) process group...
08-22 18:35:30.581 F/linker (20938): CANNOT LINK EXECUTABLE "/vendor/bin/hw/qvrservice": library "vendor.qti.hardware.qxr-V1-ndk_platform.so" not found: needed by /vendor/lib64/libqvrservice.so in namespace (default)
08-22 18:35:30.589 F/linker (20943): CANNOT LINK EXECUTABLE "/vendor/bin/hw/sxrservice": library "vendor.qti.hardware.qxr-V1-ndk_platform.so" not found: needed by main executable
01-01 00:59:38.568 D/ ( 0): mv2112_read_status
01-01 00:59:38.577 D/mv2112_update_link( 0): 3.0x901(1G): 0x80
01-01 00:59:38.584 D/mv2112_update_link( 0): 3.0x8109(100M): 0x0
01-01 00:59:38.591 D/mv2112_update_link( 0): link 0x0
01-01 00:59:38.602 D/mv2112_read_status( 0): autoneg is disabled
01-01 00:59:39.625 D/ ( 0): mv2112_read_status
01-01 00:59:39.630 D/mv2112_update_link( 0): 3.0x901(1G): 0x80
01-01 00:59:39.638 D/mv2112_update_link( 0): 3.0x8109(100M): 0x0
01-01 00:59:39.643 D/mv2112_update_link( 0): link 0x0
01-01 00:59:39.648 D/mv2112_read_status( 0): autoneg is disabled
01-01 00:59:40.687 D/ ( 0): mv2112_read_status
01-01 00:59:40.690 D/mv2112_update_link( 0): 3.0x901(1G): 0x80
01-01 00:59:40.696 D/mv2112_update_link( 0): 3.0x8109(100M): 0x0
01-01 00:59:40.701 D/mv2112_update_link( 0): link 0x0
01-01 00:59:40.705 D/mv2112_read_status( 0): autoneg is disabled
01-01 00:59:41.739 D/ ( 0): mv2112_read_status
01-01 00:59:41.743 D/mv2112_update_link( 0): 3.0x901(1G): 0x80
01-01 00:59:41.757 D/mv2112_update_link( 0): 3.0x8109(100M): 0x0
01-01 00:59:41.762 D/mv2112_update_link( 0): link 0x0
01-01 00:59:41.766 D/mv2112_read_status( 0): autoneg is disabled
08-22 18:35:33.935 D/BluetoothManagerService( 1164): enable(com.android.systemui): mBluetooth =null mBinding = false mState = OFF
08-22 18:35:33.935 D/BluetoothManagerService( 1164): enable returning
08-22 18:35:33.935 D/BluetoothManagerService( 1164): MESSAGE_ENABLE(0): mBluetooth = null
08-22 18:35:33.935 D/BluetoothManagerService( 1164): MESSAGE_ENABLE: handleEnable
08-22 18:35:33.935 D/BluetoothManagerService( 1164): binding Bluetooth service
08-22 18:35:33.942 D/CompatibilityChangeReporter( 1164): Compat change id reported: 135634846; UID 1002; state: DISABLED
08-22 18:35:33.942 D/CompatibilityChangeReporter( 1164): Compat change id reported: 177438394; UID 1002; state: DISABLED
08-22 18:35:33.942 D/CompatibilityChangeReporter( 1164): Compat change id reported: 135772972; UID 1002; state: DISABLED
08-22 18:35:33.942 D/CompatibilityChangeReporter( 1164): Compat change id reported: 135754954; UID 1002; state: ENABLED
08-22 18:35:33.943 D/BluetoothManagerService( 1164): Binding BT service. Current user: 0
08-22 18:35:33.986 I/ActivityManager( 1164): Start proc 22052:com.android.bluetooth/1002 for service {com.android.bluetooth/com.android.bluetooth.btservice.AdapterService}
01-01 00:59:41.785 I/binder ( 0): 22052:22052 ioctl 40046210 7ffbecfd54 returned -22
08-22 18:35:34.047 D/CompatibilityChangeReporter( 1164): Compat change id reported: 168419799; UID 1002; state: DISABLED
01-01 00:59:42.051 I/binder ( 0): 22052:22052 ioctl 40046210 7ffbecf3c4 returned -22
08-22 18:35:34.276 D/BluetoothManagerService( 1164): Bluetooth Adapter name changed to QCOM-BTD by android
08-22 18:35:34.276 D/BluetoothManagerService( 1164): Stored Bluetooth name: QCOM-BTD
08-22 18:35:34.319 D/BluetoothManagerService( 1164): BluetoothServiceConnection: com.android.bluetooth.btservice.AdapterService
08-22 18:35:34.319 D/BluetoothManagerService( 1164): MESSAGE_BLUETOOTH_SERVICE_CONNECTED: 1
01-01 00:59:42.219 E/bt_ioctl( 0): BT_CMD_PWR_CTRL pwr_cntrl:0
08-22 18:35:34.326 D/BluetoothManagerService( 1164): MESSAGE_INFORM_ADAPTER_SERVICE_UP
08-22 18:35:34.326 D/BluetoothManagerService( 1164): Broadcasting onBluetoothServiceUp() to 6 receivers.
08-22 18:35:34.333 D/BluetoothManagerService( 1164): MESSAGE_BLUETOOTH_STATE_CHANGE: OFF > BLE_TURNING_ON
08-22 18:35:34.333 D/BluetoothManagerService( 1164): Sending BLE State Change: OFF > BLE_TURNING_ON
08-22 18:35:34.338 D/CompanionDeviceManagerService( 1164): Received BT state transition broadcast: OFF -> BLE_TURNING_ON
01-01 00:59:42.224 E/bt_ioctl( 0): BT state already:0 no change done
01-01 00:59:42.231 E/bt_ioctl( 0): BT_CMD_PWR_CTRL pwr_cntrl:1
01-01 00:59:42.236 E/bt_vreg_enable( 0): vreg_en successful for : qca,bt-vdd-aon
01-01 00:59:42.243 E/bt_vreg_enable( 0): vreg_en successful for : qca,bt-vdd-dig
01-01 00:59:42.250 E/bt_vreg_enable( 0): vreg_en successful for : qca,bt-vdd-rfa1
01-01 00:59:42.257 E/bt_vreg_enable( 0): vreg_en successful for : qca,bt-vdd-rfa2
01-01 00:59:42.264 E/bt_vreg_enable( 0): vreg_en successful for : qca,bt-vdd-asd
01-01 00:59:42.324 I/bt_configure_gpios( 0): BTON:Turn Bt Off bt-reset-gpio(1121) value(0)
01-01 00:59:42.332 I/bt_configure_gpios( 0): BTON:Turn Bt Off
01-01 00:59:42.336 I/bt_configure_gpios( 0): bt-sw-ctrl-gpio(1224) value(0)
01-01 00:59:42.343 I/bt_enable_bt_reset_gpios_safely( 0): bt_enable_bt_reset_gpios_safely: BTON:Turn Bt On
01-01 00:59:42.352 I/bt_enable_bt_reset_gpios_safely( 0): bt_enable_bt_reset_gpios_safely: wl-reset-gpio(1120) value(1)
01-01 00:59:42.362 I/bt_enable_bt_reset_gpios_safely( 0): bt_enable_bt_reset_gpios_safely: BTON: Asserting BT_EN
01-01 00:59:42.425 I/bt_configure_gpios( 0): BTON:Turn Bt On bt-reset-gpio(1121) value(1)
01-01 00:59:42.434 I/bt_configure_gpios( 0): BTON:Turn Bt On
01-01 00:59:42.439 I/bt_configure_gpios( 0): bt-sw-ctrl-gpio(1224) value(1)
01-01 00:59:42.445 I/bt_configure_gpios( 0): bt_gpio= 1121 on: 1 is successful
01-01 00:59:42.468 E/bt_ioctl( 0): unified Current SOC Version : 400a0200
01-01 00:59:42.792 D/ ( 0): mv2112_read_status
01-01 00:59:42.796 D/mv2112_update_link( 0): 3.0x901(1G): 0x80
01-01 00:59:42.803 D/mv2112_update_link( 0): 3.0x8109(100M): 0x0
01-01 00:59:42.809 D/mv2112_update_link( 0): link 0x0
01-01 00:59:42.813 D/mv2112_read_status( 0): autoneg is disabled
01-01 00:59:43.327 I/init ( 0): starting service 'qvrd_vndr'...
01-01 00:59:43.341 I/init ( 0): Created socket '/dev/socket/qvrservice_vndr', mode 660, user 1000, group 1000
01-01 00:59:43.350 I/init ( 0): Created socket '/dev/socket/qvrservice_vndr_camera', mode 660, user 1000, group 1000
01-01 00:59:43.371 I/init ( 0): starting service 'sxrd'...
01-01 00:59:43.384 I/init ( 0): starting service 'vendor.light-hal-2-0'...
01-01 00:59:43.399 I/init ( 0): Service 'qvrd_vndr' (pid 22547) exited with status 1
01-01 00:59:43.405 I/init ( 0): Sending signal 9 to service 'qvrd_vndr' (pid 22547) process group...
01-01 00:59:43.414 I/libprocessgroup( 0): Successfully killed process cgroup uid 1000 pid 22547 in 0ms
01-01 00:59:43.424 I/init ( 0): Service 'sxrd' (pid 22551) exited with status 1
01-01 00:59:43.430 I/init ( 0): Sending signal 9 to service 'sxrd' (pid 22551) process group...
08-22 18:35:35.633 F/linker (22547): CANNOT LINK EXECUTABLE "/vendor/bin/hw/qvrservice": library "vendor.qti.hardware.qxr-V1-ndk_platform.so" not found: needed by /vendor/lib64/libqvrservice.so in namespace (default)
08-22 18:35:35.665 F/linker (22551): CANNOT LINK EXECUTABLE "/vendor/bin/hw/sxrservice": library "vendor.qti.hardware.qxr-V1-ndk_platform.so" not found: needed by main executable
01-01 00:59:43.565 E/bt_ioctl( 0): BT_CMD_PWR_CTRL pwr_cntrl:2
01-01 00:59:43.571 E/bt_vreg_unvote( 0): vreg_unvote successful for : qca,bt-vdd-rfa2
01-01 00:59:43.578 E/bt_vreg_unvote( 0): vreg_unvote successful for : qca,bt-vdd-rfa1
01-01 00:59:43.585 E/bt_vreg_unvote( 0): vreg_unvote successful for : qca,bt-vdd-dig
01-01 00:59:43.592 E/bt_vreg_unvote( 0): vreg_unvote successful for : qca,bt-vdd-aon
01-01 00:59:43.817 D/ ( 0): mv2112_read_status
08-22 18:35:36.005 D/BluetoothManagerService( 1164): Bluetooth Adapter address changed to 22:22:80:4D:A5:BF
08-22 18:35:36.005 D/BluetoothManagerService( 1164): Stored Bluetoothaddress: 22:22:80:4D:A5:BF
01-01 00:59:43.823 D/mv2112_update_link( 0): 3.0x901(1G): 0x80
08-22 18:35:36.008 D/BluetoothManagerService( 1164): Bluetooth Adapter name changed to QCOM-BTD by android
08-22 18:35:36.008 D/BluetoothManagerService( 1164): Stored Bluetooth name: QCOM-BTD
08-22 18:35:36.018 D/BluetoothManagerService( 1164): Bluetooth Adapter address changed to 22:22:80:4D:A5:BF
08-22 18:35:36.018 D/BluetoothManagerService( 1164): Stored Bluetoothaddress: 22:22:80:4D:A5:BF
01-01 00:59:43.833 D/mv2112_update_link( 0): 3.0x8109(100M): 0x0
01-01 00:59:43.838 D/mv2112_update_link( 0): link 0x0
08-22 18:35:36.026 D/BluetoothManagerService( 1164): MESSAGE_BLUETOOTH_STATE_CHANGE: BLE_TURNING_ON > BLE_ON
08-22 18:35:36.026 D/BluetoothManagerService( 1164): Bluetooth is in LE only mode
08-22 18:35:36.026 D/BluetoothManagerService( 1164): Binding Bluetooth GATT service
08-22 18:35:36.029 D/BluetoothManagerService( 1164): Sending BLE State Change: BLE_TURNING_ON > BLE_ON
08-22 18:35:36.033 D/BluetoothManagerService( 1164): BluetoothServiceConnection: com.android.bluetooth.gatt.GattService
08-22 18:35:36.033 D/BluetoothManagerService( 1164): MESSAGE_BLUETOOTH_SERVICE_CONNECTED: 2
08-22 18:35:36.033 D/BluetoothManagerService( 1164): continueFromBleOnState()
08-22 18:35:36.034 D/CompanionDeviceManagerService( 1164): Received BT state transition broadcast: BLE_TURNING_ON -> BLE_ON
08-22 18:35:36.034 I/CompanionDeviceManagerService( 1164): startBleScan()
01-01 00:59:43.850 D/mv2112_read_status( 0): autoneg is disabled
08-22 18:35:36.039 D/BluetoothManagerService( 1164): Persisting Bluetooth Setting: 1
08-22 18:35:36.043 D/BluetoothManagerService( 1164): MESSAGE_BLUETOOTH_STATE_CHANGE: BLE_ON > TURNING_ON
08-22 18:35:36.043 D/BluetoothManagerService( 1164): Sending BLE State Change: BLE_ON > TURNING_ON
08-22 18:35:36.043 D/BluetoothManagerService( 1164): Sending State Change: OFF > TURNING_ON
08-22 18:35:36.044 D/CompanionDeviceManagerService( 1164): Received BT state transition broadcast: BLE_ON -> TURNING_ON
08-22 18:35:36.076 D/TelephonyRegistry( 1164): listen oscl: mHasNotifySubscriptionInfoChangedOccurred==false no callback
08-22 18:35:36.187 D/BluetoothManagerService( 1164): MESSAGE_BLUETOOTH_STATE_CHANGE: TURNING_ON > ON
08-22 18:35:36.187 D/BluetoothManagerService( 1164): Broadcasting onBluetoothStateChange(true) to 26 receivers.
08-22 18:35:36.188 D/PackageManager( 1164): Instant App installer not found with android.intent.action.INSTALL_INSTANT_APP_PACKAGE
08-22 18:35:36.189 D/PackageManager( 1164): Clear ephemeral installer activity
08-22 18:35:36.198 D/BluetoothManagerService( 1164): Creating new ProfileServiceConnections object for profile: 1
08-22 18:35:36.200 W/BluetoothManagerService( 1164): psc is not null in bindBluetoothProfileService
08-22 18:35:36.201 W/BluetoothManagerService( 1164): psc is not null in bindBluetoothProfileService
08-22 18:35:36.210 W/BluetoothManagerService( 1164): psc is not null in bindBluetoothProfileService
08-22 18:35:36.219 D/BluetoothManagerService( 1164): Sending BLE State Change: TURNING_ON > ON
08-22 18:35:36.224 I/Telecom ( 1164): BluetoothDeviceManager: Got BluetoothHearingAid: android.bluetooth.BluetoothHearingAid@f4e0488: BMSL.oSC@AbA
08-22 18:35:36.224 D/BluetoothManagerService( 1164): Sending State Change: TURNING_ON > ON
08-22 18:35:36.224 D/CompanionDeviceManagerService( 1164): Received BT state transition broadcast: TURNING_ON -> ON
08-22 18:35:36.224 I/CompanionDeviceManagerService( 1164): startBleScan()
08-22 18:35:36.229 W/ActivityManager( 1164): Receiver with filter android.content.IntentFilter@ddda1b8 already registered for pid 2258, callerPackage is com.android.systemui
08-22 18:35:36.247 W/ActivityManager( 1164): Receiver with filter android.content.IntentFilter@d7c1af6 already registered for pid 11753, callerPackage is com.android.settings
08-22 18:35:36.302 I/Telecom ( 1164): BluetoothDeviceManager: Got BluetoothHeadset: com.android.server.telecom.BluetoothHeadsetProxy@e529ef7: BMSL.oSC@AbE
01-01 00:59:44.873 D/ ( 0): mv2112_read_status
01-01 00:59:44.877 D/mv2112_update_link( 0): 3.0x901(1G): 0x80
01-01 00:59:44.884 D/mv2112_update_link( 0): 3.0x8109(100M): 0x0
01-01 00:59:44.889 D/mv2112_update_link( 0): link 0x0
01-01 00:59:44.893 D/mv2112_read_status( 0): autoneg is disabled
08-22 18:35:37.210 D/CompanionDeviceManagerService( 1164): onPackageModified(packageName = com.android.bluetooth)
08-22 18:35:37.220 I/Telecom ( 1164): DefaultDialerCache: Refreshing default dialer for user 0: now null: DDC.oR@AbI
08-22 18:35:37.249 W/VoiceInteractionManager( 1164): no available voice recognition services found for user 0
01-01 00:59:45.896 D/ ( 0): mv2112_read_status
01-01 00:59:45.900 D/mv2112_update_link( 0): 3.0x901(1G): 0x80
01-01 00:59:45.906 D/mv2112_update_link( 0): 3.0x8109(100M): 0x0
01-01 00:59:45.914 D/mv2112_update_link( 0): link 0x0
01-01 00:59:45.918 D/mv2112_read_status( 0): autoneg is disabled
01-01 00:59:46.920 D/ ( 0): mv2112_read_status
01-01 00:59:46.924 D/mv2112_update_link( 0): 3.0x901(1G): 0x80
01-01 00:59:46.930 D/mv2112_update_link( 0): 3.0x8109(100M): 0x0
01-01 00:59:46.937 D/mv2112_update_link( 0): link 0x0
01-01 00:59:46.941 D/mv2112_read_status( 0): autoneg is disabled
01-01 00:59:47.944 D/ ( 0): mv2112_read_status
01-01 00:59:47.948 D/mv2112_update_link( 0): 3.0x901(1G): 0x80
01-01 00:59:47.953 D/mv2112_update_link( 0): 3.0x8109(100M): 0x0
01-01 00:59:47.960 D/mv2112_update_link( 0): link 0x0
01-01 00:59:47.965 D/mv2112_read_status( 0): autoneg is disabled
01-01 00:59:48.369 I/init ( 0): starting service 'qvrd_vndr'...
01-01 00:59:48.378 I/init ( 0): Created socket '/dev/socket/qvrservice_vndr', mode 660, user 1000, group 1000
01-01 00:59:48.390 I/init ( 0): Created socket '/dev/socket/qvrservice_vndr_camera', mode 660, user 1000, group 1000
01-01 00:59:48.410 I/init ( 0): starting service 'sxrd'...
01-01 00:59:48.423 I/init ( 0): starting service 'vendor.light-hal-2-0'...
01-01 00:59:48.437 I/init ( 0): Service 'qvrd_vndr' (pid 24473) exited with status 1
01-01 00:59:48.444 I/init ( 0): Sending signal 9 to service 'qvrd_vndr' (pid 24473) process group...
01-01 00:59:48.452 I/libprocessgroup( 0): Successfully killed process cgroup uid 1000 pid 24473 in 0ms
01-01 00:59:48.463 I/init ( 0): Service 'sxrd' (pid 24481) exited with status 1
01-01 00:59:48.469 I/init ( 0): Sending signal 9 to service 'sxrd' (pid 24481) process group...
08-22 18:35:40.676 F/linker (24481): CANNOT LINK EXECUTABLE "/vendor/bin/hw/sxrservice": library "vendor.qti.hardware.qxr-V1-ndk_platform.so" not found: needed by main executable
08-22 18:35:40.682 F/linker (24473): CANNOT LINK EXECUTABLE "/vendor/bin/hw/qvrservice": library "vendor.qti.hardware.qxr-V1-ndk_platform.so" not found: needed by /vendor/lib64/libqvrservice.so in namespace (default)
01-01 00:59:48.968 D/ ( 0): mv2112_read_status
01-01 00:59:48.972 D/mv2112_update_link( 0): 3.0x901(1G): 0x80
01-01 00:59:48.977 D/mv2112_update_link( 0): 3.0x8109(100M): 0x0
01-01 00:59:48.982 D/mv2112_update_link( 0): link 0x0
01-01 00:59:48.987 D/mv2112_read_status( 0): autoneg is disabled
01-01 00:59:49.992 D/ ( 0): mv2112_read_status
01-01 00:59:49.999 D/mv2112_update_link( 0): 3.0x901(1G): 0x80
01-01 00:59:50.005 D/mv2112_update_link( 0): 3.0x8109(100M): 0x0
01-01 00:59:50.011 D/mv2112_update_link( 0): link 0x0
01-01 00:59:50.015 D/mv2112_read_status( 0): autoneg is disabled
01-01 00:59:51.052 D/ ( 0): mv2112_read_status
01-01 00:59:51.056 D/mv2112_update_link( 0): 3.0x901(1G): 0x80
01-01 00:59:51.062 D/mv2112_update_link( 0): 3.0x8109(100M): 0x0
01-01 00:59:51.067 D/mv2112_update_link( 0): link 0x0
01-01 00:59:51.072 D/mv2112_read_status( 0): autoneg is disabled
01-01 00:59:52.104 D/ ( 0): mv2112_read_status
01-01 00:59:52.108 D/mv2112_update_link( 0): 3.0x901(1G): 0x80
01-01 00:59:52.115 D/mv2112_update_link( 0): 3.0x8109(100M): 0x0
01-01 00:59:52.121 D/mv2112_update_link( 0): link 0x0
01-01 00:59:52.126 D/mv2112_read_status( 0): autoneg is disabled
01-01 00:59:53.161 D/ ( 0): mv2112_read_status
01-01 00:59:53.165 D/mv2112_update_link( 0): 3.0x901(1G): 0x80
01-01 00:59:53.173 D/mv2112_update_link( 0): 3.0x8109(100M): 0x0
01-01 00:59:53.178 D/mv2112_update_link( 0): link 0x0
01-01 00:59:53.182 D/mv2112_read_status( 0): autoneg is disabled
01-01 00:59:53.412 I/init ( 0): starting service 'qvrd_vndr'...
01-01 00:59:53.419 I/init ( 0): Created socket '/dev/socket/qvrservice_vndr', mode 660, user 1000, group 1000
01-01 00:59:53.429 I/init ( 0): Created socket '/dev/socket/qvrservice_vndr_camera', mode 660, user 1000, group 1000
01-01 00:59:53.450 I/init ( 0): starting service 'sxrd'...
01-01 00:59:53.466 I/init ( 0): starting service 'vendor.light-hal-2-0'...
01-01 00:59:53.479 I/init ( 0): Service 'qvrd_vndr' (pid 26362) exited with status 1
01-01 00:59:53.486 I/init ( 0): Sending signal 9 to service 'qvrd_vndr' (pid 26362) process group...
01-01 00:59:53.495 I/libprocessgroup( 0): Successfully killed process cgroup uid 1000 pid 26362 in 0ms
01-01 00:59:53.505 I/init ( 0): Service 'sxrd' (pid 26370) exited with status 1
01-01 00:59:53.511 I/init ( 0): Sending signal 9 to service 'sxrd' (pid 26370) process group...
08-22 18:35:45.724 F/linker (26362): CANNOT LINK EXECUTABLE "/vendor/bin/hw/qvrservice": library "vendor.qti.hardware.qxr-V1-ndk_platform.so" not found: needed by /vendor/lib64/libqvrservice.so in namespace (default)
08-22 18:35:45.744 F/linker (26370): CANNOT LINK EXECUTABLE "/vendor/bin/hw/sxrservice": library "vendor.qti.hardware.qxr-V1-ndk_platform.so" not found: needed by main executable
01-01 00:59:54.184 D/ ( 0): mv2112_read_status
01-01 00:59:54.194 D/mv2112_update_link( 0): 3.0x901(1G): 0x80
01-01 00:59:54.200 D/mv2112_update_link( 0): 3.0x8109(100M): 0x0
01-01 00:59:54.205 D/mv2112_update_link( 0): link 0x0
01-01 00:59:54.211 D/mv2112_read_status( 0): autoneg is disabled
01-01 00:59:55.240 D/ ( 0): mv2112_read_status
01-01 00:59:55.245 D/mv2112_update_link( 0): 3.0x901(1G): 0x80
01-01 00:59:55.255 D/mv2112_update_link( 0): 3.0x8109(100M): 0x0
01-01 00:59:55.260 D/mv2112_update_link( 0): link 0x0
01-01 00:59:55.265 D/mv2112_read_status( 0): autoneg is disabled
01-01 00:59:56.296 D/ ( 0): mv2112_read_status
01-01 00:59:56.300 D/mv2112_update_link( 0): 3.0x901(1G): 0x80
01-01 00:59:56.305 D/mv2112_update_link( 0): 3.0x8109(100M): 0x0
01-01 00:59:56.311 D/mv2112_update_link( 0): link 0x0
01-01 00:59:56.315 D/mv2112_read_status( 0): autoneg is disabled
01-01 00:59:57.320 D/ ( 0): mv2112_read_status
01-01 00:59:57.330 D/mv2112_update_link( 0): 3.0x901(1G): 0x80
01-01 00:59:57.336 D/mv2112_update_link( 0): 3.0x8109(100M): 0x0
01-01 00:59:57.341 D/mv2112_update_link( 0): link 0x0
01-01 00:59:57.345 D/mv2112_read_status( 0): autoneg is disabled
01-01 00:59:58.376 D/ ( 0): mv2112_read_status
01-01 00:59:58.380 D/mv2112_update_link( 0): 3.0x901(1G): 0x80
01-01 00:59:58.385 D/mv2112_update_link( 0): 3.0x8109(100M): 0x0
01-01 00:59:58.392 D/mv2112_update_link( 0): link 0x0
01-01 00:59:58.396 D/mv2112_read_status( 0): autoneg is disabled
01-01 00:59:58.451 I/init ( 0): starting service 'qvrd_vndr'...
01-01 00:59:58.457 I/init ( 0): Created socket '/dev/socket/qvrservice_vndr', mode 660, user 1000, group 1000
01-01 00:59:58.467 I/init ( 0): Created socket '/dev/socket/qvrservice_vndr_camera', mode 660, user 1000, group 1000
01-01 00:59:58.486 I/init ( 0): starting service 'sxrd'...
01-01 00:59:58.500 I/init ( 0): starting service 'vendor.light-hal-2-0'...
01-01 00:59:58.516 I/init ( 0): Service 'qvrd_vndr' (pid 28170) exited with status 1
01-01 00:59:58.522 I/init ( 0): Sending signal 9 to service 'qvrd_vndr' (pid 28170) process group...
01-01 00:59:58.531 I/libprocessgroup( 0): Successfully killed process cgroup uid 1000 pid 28170 in 0ms
01-01 00:59:58.541 I/init ( 0): Service 'sxrd' (pid 28174) exited with status 1
01-01 00:59:58.547 I/init ( 0): Sending signal 9 to service 'sxrd' (pid 28174) process group...
08-22 18:35:50.750 F/linker (28170): CANNOT LINK EXECUTABLE "/vendor/bin/hw/qvrservice": library "vendor.qti.hardware.qxr-V1-ndk_platform.so" not found: needed by /vendor/lib64/libqvrservice.so in namespace (default)
08-22 18:35:50.770 F/linker (28174): CANNOT LINK EXECUTABLE "/vendor/bin/hw/sxrservice": library "vendor.qti.hardware.qxr-V1-ndk_platform.so" not found: needed by main executable
01-01 00:59:59.400 D/ ( 0): mv2112_read_status
01-01 00:59:59.404 D/mv2112_update_link( 0): 3.0x901(1G): 0x80
01-01 00:59:59.409 D/mv2112_update_link( 0): 3.0x8109(100M): 0x0
01-01 00:59:59.415 D/mv2112_update_link( 0): link 0x0
01-01 00:59:59.420 D/mv2112_read_status( 0): autoneg is disabled
01-01 01:00:00.424 D/ ( 0): mv2112_read_status
01-01 01:00:00.428 D/mv2112_update_link( 0): 3.0x901(1G): 0x80
01-01 01:00:00.433 D/mv2112_update_link( 0): 3.0x8109(100M): 0x0
01-01 01:00:00.440 D/mv2112_update_link( 0): link 0x0
01-01 01:00:00.444 D/mv2112_read_status( 0): autoneg is disabled
01-01 01:00:01.452 D/ ( 0): mv2112_read_status
01-01 01:00:01.456 D/mv2112_update_link( 0): 3.0x901(1G): 0x80
01-01 01:00:01.461 D/mv2112_update_link( 0): 3.0x8109(100M): 0x0
01-01 01:00:01.467 D/mv2112_update_link( 0): link 0x0
01-01 01:00:01.476 D/mv2112_read_status( 0): autoneg is disabled
01-01 01:00:02.504 D/ ( 0): mv2112_read_status
01-01 01:00:02.508 D/mv2112_update_link( 0): 3.0x901(1G): 0x80
01-01 01:00:02.515 D/mv2112_update_link( 0): 3.0x8109(100M): 0x0
01-01 01:00:02.521 D/mv2112_update_link( 0): link 0x0
01-01 01:00:02.525 D/mv2112_read_status( 0): autoneg is disabled
01-01 01:00:03.488 I/init ( 0): starting service 'qvrd_vndr'...
01-01 01:00:03.494 I/init ( 0): Created socket '/dev/socket/qvrservice_vndr', mode 660, user 1000, group 1000
01-01 01:00:03.504 I/init ( 0): Created socket '/dev/socket/qvrservice_vndr_camera', mode 660, user 1000, group 1000
01-01 01:00:03.525 I/init ( 0): starting service 'sxrd'...
01-01 01:00:03.529 D/ ( 0): mv2112_read_status
01-01 01:00:03.533 D/mv2112_update_link( 0): 3.0x901(1G): 0x80
01-01 01:00:03.539 I/init ( 0): starting service 'vendor.light-hal-2-0'...
01-01 01:00:03.540 D/mv2112_update_link( 0): 3.0x8109(100M): 0x0
01-01 01:00:03.552 D/mv2112_update_link( 0): link 0x0
01-01 01:00:03.557 D/mv2112_read_status( 0): autoneg is disabled
01-01 01:00:03.559 I/init ( 0): Service 'sxrd' (pid 30106) exited with status 1
01-01 01:00:03.568 I/init ( 0): Sending signal 9 to service 'sxrd' (pid 30106) process group...
01-01 01:00:03.576 I/libprocessgroup( 0): Successfully killed process cgroup uid 1000 pid 30106 in 0ms
01-01 01:00:03.587 I/init ( 0): Service 'qvrd_vndr' (pid 30100) exited with status 1
01-01 01:00:03.594 I/init ( 0): Sending signal 9 to service 'qvrd_vndr' (pid 30100) process group...
08-22 18:35:55.805 F/linker (30106): CANNOT LINK EXECUTABLE "/vendor/bin/hw/sxrservice": library "vendor.qti.hardware.qxr-V1-ndk_platform.so" not found: needed by main executable
08-22 18:35:55.809 F/linker (30100): CANNOT LINK EXECUTABLE "/vendor/bin/hw/qvrservice": library "vendor.qti.hardware.qxr-V1-ndk_platform.so" not found: needed by /vendor/lib64/libqvrservice.so in namespace (default)
01-01 01:00:04.586 D/ ( 0): mv2112_read_status
01-01 01:00:04.591 D/mv2112_update_link( 0): 3.0x901(1G): 0x80
01-01 01:00:04.600 D/mv2112_update_link( 0): 3.0x8109(100M): 0x0
01-01 01:00:04.605 D/mv2112_update_link( 0): link 0x0
01-01 01:00:04.609 D/mv2112_read_status( 0): autoneg is disabled
01-01 01:00:05.640 D/ ( 0): mv2112_read_status
01-01 01:00:05.644 D/mv2112_update_link( 0): 3.0x901(1G): 0x80
01-01 01:00:05.649 D/mv2112_update_link( 0): 3.0x8109(100M): 0x0
01-01 01:00:05.656 D/mv2112_update_link( 0): link 0x0
01-01 01:00:05.660 D/mv2112_read_status( 0): autoneg is disabled
01-01 01:00:06.664 D/ ( 0): mv2112_read_status
01-01 01:00:06.668 D/mv2112_update_link( 0): 3.0x901(1G): 0x80
01-01 01:00:06.673 D/mv2112_update_link( 0): 3.0x8109(100M): 0x0
01-01 01:00:06.682 D/mv2112_update_link( 0): link 0x0
01-01 01:00:06.686 D/mv2112_read_status( 0): autoneg is disabled
01-01 01:00:07.688 D/ ( 0): mv2112_read_status
01-01 01:00:07.692 D/mv2112_update_link( 0): 3.0x901(1G): 0x80
01-01 01:00:07.698 D/mv2112_update_link( 0): 3.0x8109(100M): 0x0
01-01 01:00:07.705 D/mv2112_update_link( 0): link 0x0
01-01 01:00:07.712 D/mv2112_read_status( 0): autoneg is disabled
01-01 01:00:08.526 I/init ( 0): starting service 'qvrd_vndr'...
01-01 01:00:08.532 I/init ( 0): Created socket '/dev/socket/qvrservice_vndr', mode 660, user 1000, group 1000
01-01 01:00:08.541 I/init ( 0): Created socket '/dev/socket/qvrservice_vndr_camera', mode 660, user 1000, group 1000
01-01 01:00:08.560 I/init ( 0): starting service 'sxrd'...
01-01 01:00:08.573 I/init ( 0): Service 'qvrd_vndr' (pid 31948) exited with status 1
01-01 01:00:08.580 I/init ( 0): Sending signal 9 to service 'qvrd_vndr' (pid 31948) process group...
01-01 01:00:08.588 I/libprocessgroup( 0): Successfully killed process cgroup uid 1000 pid 31948 in 0ms
01-01 01:00:08.598 I/init ( 0): Service 'sxrd' (pid 31953) exited with status 1
01-01 01:00:08.604 I/init ( 0): Sending signal 9 to service 'sxrd' (pid 31953) process group...
01-01 01:00:08.612 I/libprocessgroup( 0): Successfully killed process cgroup uid 1000 pid 31953 in 0ms
08-22 18:36:00.818 F/linker (31948): CANNOT LINK EXECUTABLE "/vendor/bin/hw/qvrservice": library "vendor.qti.hardware.qxr-V1-ndk_platform.so" not found: needed by /vendor/lib64/libqvrservice.so in namespace (default)
08-22 18:36:00.843 F/linker (31953): CANNOT LINK EXECUTABLE "/vendor/bin/hw/sxrservice": library "vendor.qti.hardware.qxr-V1-ndk_platform.so" not found: needed by main executable
01-01 01:00:08.749 D/ ( 0): mv2112_read_status
01-01 01:00:08.753 D/mv2112_update_link( 0): 3.0x901(1G): 0x80
01-01 01:00:08.759 D/mv2112_update_link( 0): 3.0x8109(100M): 0x0
01-01 01:00:08.764 D/mv2112_update_link( 0): link 0x0
01-01 01:00:08.768 D/mv2112_read_status( 0): autoneg is disabled
01-01 01:00:09.800 D/ ( 0): mv2112_read_status
01-01 01:00:09.808 D/mv2112_update_link( 0): 3.0x901(1G): 0x80
01-01 01:00:09.817 D/mv2112_update_link( 0): 3.0x8109(100M): 0x0
01-01 01:00:09.822 D/mv2112_update_link( 0): link 0x0
01-01 01:00:09.827 D/mv2112_read_status( 0): autoneg is disabled
01-01 01:00:10.856 D/ ( 0): mv2112_read_status
01-01 01:00:10.860 D/mv2112_update_link( 0): 3.0x901(1G): 0x80
01-01 01:00:10.865 D/mv2112_update_link( 0): 3.0x8109(100M): 0x0
01-01 01:00:10.874 D/mv2112_update_link( 0): link 0x0
01-01 01:00:10.879 D/mv2112_read_status( 0): autoneg is disabled
01-01 01:00:11.880 D/ ( 0): mv2112_read_status
01-01 01:00:11.884 D/mv2112_update_link( 0): 3.0x901(1G): 0x80
01-01 01:00:11.891 D/mv2112_update_link( 0): 3.0x8109(100M): 0x0
01-01 01:00:11.897 D/mv2112_update_link( 0): link 0x0
01-01 01:00:11.901 D/mv2112_read_status( 0): autoneg is disabled
01-01 01:00:12.904 D/ ( 0): mv2112_read_status
01-01 01:00:12.908 D/mv2112_update_link( 0): 3.0x901(1G): 0x80
01-01 01:00:12.913 D/mv2112_update_link( 0): 3.0x8109(100M): 0x0
01-01 01:00:12.918 D/mv2112_update_link( 0): link 0x0
01-01 01:00:12.922 D/mv2112_read_status( 0): autoneg is disabled
01-01 01:00:13.562 I/init ( 0): starting service 'qvrd_vndr'...
01-01 01:00:13.569 I/init ( 0): Created socket '/dev/socket/qvrservice_vndr', mode 660, user 1000, group 1000
01-01 01:00:13.580 I/init ( 0): Created socket '/dev/socket/qvrservice_vndr_camera', mode 660, user 1000, group 1000
01-01 01:00:13.606 I/init ( 0): starting service 'sxrd'...
01-01 01:00:13.628 I/init ( 0): starting service 'vendor.light-hal-2-0'...
01-01 01:00:13.644 I/init ( 0): Service 'sxrd' (pid 2157) exited with status 1
01-01 01:00:13.650 I/init ( 0): Sending signal 9 to service 'sxrd' (pid 2157) process group...
01-01 01:00:13.658 I/libprocessgroup( 0): Successfully killed process cgroup uid 1000 pid 2157 in 0ms
01-01 01:00:13.668 I/init ( 0): Service 'qvrd_vndr' (pid 2149) exited with status 1
01-01 01:00:13.675 I/init ( 0): Sending signal 9 to service 'qvrd_vndr' (pid 2149) process group...
08-22 18:36:05.888 F/linker ( 2157): CANNOT LINK EXECUTABLE "/vendor/bin/hw/sxrservice": library "vendor.qti.hardware.qxr-V1-ndk_platform.so" not found: needed by main executable
08-22 18:36:05.890 F/linker ( 2149): CANNOT LINK EXECUTABLE "/vendor/bin/hw/qvrservice": library "vendor.qti.hardware.qxr-V1-ndk_platform.so" not found: needed by /vendor/lib64/libqvrservice.so in namespace (default)
01-01 01:00:13.929 D/ ( 0): mv2112_read_status
01-01 01:00:13.933 D/mv2112_update_link( 0): 3.0x901(1G): 0x80
01-01 01:00:13.940 D/mv2112_update_link( 0): 3.0x8109(100M): 0x0
01-01 01:00:13.947 D/mv2112_update_link( 0): link 0x0
01-01 01:00:13.951 D/mv2112_read_status( 0): autoneg is disabled
01-01 01:00:14.984 D/ ( 0): mv2112_read_status
01-01 01:00:14.988 D/mv2112_update_link( 0): 3.0x901(1G): 0x80
01-01 01:00:14.993 D/mv2112_update_link( 0): 3.0x8109(100M): 0x0
01-01 01:00:14.998 D/mv2112_update_link( 0): link 0x0
01-01 01:00:15.004 D/mv2112_read_status( 0): autoneg is disabled
01-01 01:00:16.040 D/ ( 0): mv2112_read_status
01-01 01:00:16.044 D/mv2112_update_link( 0): 3.0x901(1G): 0x80
01-01 01:00:16.051 D/mv2112_update_link( 0): 3.0x8109(100M): 0x0
01-01 01:00:16.056 D/mv2112_update_link( 0): link 0x0
01-01 01:00:16.060 D/mv2112_read_status( 0): autoneg is disabled
01-01 01:00:17.064 D/ ( 0): mv2112_read_status
01-01 01:00:17.068 D/mv2112_update_link( 0): 3.0x901(1G): 0x80
01-01 01:00:17.079 D/mv2112_update_link( 0): 3.0x8109(100M): 0x0
01-01 01:00:17.087 D/mv2112_update_link( 0): link 0x0
01-01 01:00:17.091 D/mv2112_read_status( 0): autoneg is disabled
01-01 01:00:18.121 D/ ( 0): mv2112_read_status
01-01 01:00:18.126 D/mv2112_update_link( 0): 3.0x901(1G): 0x80
01-01 01:00:18.133 D/mv2112_update_link( 0): 3.0x8109(100M): 0x0
01-01 01:00:18.138 D/mv2112_update_link( 0): link 0x0
01-01 01:00:18.145 D/mv2112_read_status( 0): autoneg is disabled
01-01 01:00:18.605 I/init ( 0): starting service 'qvrd_vndr'...
01-01 01:00:18.611 I/init ( 0): Created socket '/dev/socket/qvrservice_vndr', mode 660, user 1000, group 1000
01-01 01:00:18.622 I/init ( 0): Created socket '/dev/socket/qvrservice_vndr_camera', mode 660, user 1000, group 1000
01-01 01:00:18.645 I/init ( 0): starting service 'sxrd'...
01-01 01:00:18.660 I/init ( 0): starting service 'vendor.light-hal-2-0'...
01-01 01:00:18.681 I/init ( 0): Service 'qvrd_vndr' (pid 4813) exited with status 1
01-01 01:00:18.687 I/init ( 0): Sending signal 9 to service 'qvrd_vndr' (pid 4813) process group...
01-01 01:00:18.695 I/libprocessgroup( 0): Successfully killed process cgroup uid 1000 pid 4813 in 0ms
01-01 01:00:18.705 I/init ( 0): Service 'sxrd' (pid 4819) exited with status 1
01-01 01:00:18.712 I/init ( 0): Sending signal 9 to service 'sxrd' (pid 4819) process group...
08-22 18:36:10.926 F/linker ( 4813): CANNOT LINK EXECUTABLE "/vendor/bin/hw/qvrservice": library "vendor.qti.hardware.qxr-V1-ndk_platform.so" not found: needed by /vendor/lib64/libqvrservice.so in namespace (default)
08-22 18:36:10.932 F/linker ( 4819): CANNOT LINK EXECUTABLE "/vendor/bin/hw/sxrservice": library "vendor.qti.hardware.qxr-V1-ndk_platform.so" not found: needed by main executable
01-01 01:00:19.177 D/ ( 0): mv2112_read_status
01-01 01:00:19.181 D/mv2112_update_link( 0): 3.0x901(1G): 0x80
01-01 01:00:19.186 D/mv2112_update_link( 0): 3.0x8109(100M): 0x0
01-01 01:00:19.193 D/mv2112_update_link( 0): link 0x0
01-01 01:00:19.198 D/mv2112_read_status( 0): autoneg is disabled
01-01 01:00:20.200 D/ ( 0): mv2112_read_status
01-01 01:00:20.204 D/mv2112_update_link( 0): 3.0x901(1G): 0x80
01-01 01:00:20.213 D/mv2112_update_link( 0): 3.0x8109(100M): 0x0
01-01 01:00:20.218 D/mv2112_update_link( 0): link 0x0
01-01 01:00:20.223 D/mv2112_read_status( 0): autoneg is disabled
01-01 01:00:21.224 D/ ( 0): mv2112_read_status
01-01 01:00:21.228 D/mv2112_update_link( 0): 3.0x901(1G): 0x80
01-01 01:00:21.233 D/mv2112_update_link( 0): 3.0x8109(100M): 0x0
01-01 01:00:21.238 D/mv2112_update_link( 0): link 0x0
01-01 01:00:21.242 D/mv2112_read_status( 0): autoneg is disabled
01-01 01:00:22.248 D/ ( 0): mv2112_read_status
01-01 01:00:22.252 D/mv2112_update_link( 0): 3.0x901(1G): 0x80
01-01 01:00:22.257 D/mv2112_update_link( 0): 3.0x8109(100M): 0x0
01-01 01:00:22.263 D/mv2112_update_link( 0): link 0x0
01-01 01:00:22.270 D/mv2112_read_status( 0): autoneg is disabled
01-01 01:00:23.308 D/ ( 0): mv2112_read_status
01-01 01:00:23.312 D/mv2112_update_link( 0): 3.0x901(1G): 0x80
01-01 01:00:23.318 D/mv2112_update_link( 0): 3.0x8109(100M): 0x0
01-01 01:00:23.324 D/mv2112_update_link( 0): link 0x0
01-01 01:00:23.329 D/mv2112_read_status( 0): autoneg is disabled
08-22 18:36:15.814 D/WindowManager( 1164): powerPress: eventTime=3326306 interactive=true count=0 beganFromNonInteractive=false mShortPressOnPowerBehavior=1
08-22 18:36:15.814 I/PowerManagerService( 1164): Powering off display group due to power_button (groupId= 0, uid= 1000)...
08-22 18:36:15.814 I/PowerManagerService( 1164): Going to sleep due to power_button (uid 1000)...
01-01 01:00:23.641 I/init ( 0): starting service 'qvrd_vndr'...
01-01 01:00:23.648 I/init ( 0): Created socket '/dev/socket/qvrservice_vndr', mode 660, user 1000, group 1000
01-01 01:00:23.658 I/init ( 0): Created socket '/dev/socket/qvrservice_vndr_camera', mode 660, user 1000, group 1000
01-01 01:00:23.686 I/init ( 0): starting service 'sxrd'...
01-01 01:00:23.702 I/init ( 0): starting service 'vendor.light-hal-2-0'...
01-01 01:00:23.726 I/init ( 0): Service 'qvrd_vndr' (pid 6623) exited with status 1
01-01 01:00:23.733 I/init ( 0): Sending signal 9 to service 'qvrd_vndr' (pid 6623) process group...
01-01 01:00:23.741 I/libprocessgroup( 0): Successfully killed process cgroup uid 1000 pid 6623 in 0ms
01-01 01:00:23.751 I/init ( 0): Service 'sxrd' (pid 6631) exited with status 1
01-01 01:00:23.758 I/init ( 0): Sending signal 9 to service 'sxrd' (pid 6631) process group...
08-22 18:36:15.951 F/linker ( 6623): CANNOT LINK EXECUTABLE "/vendor/bin/hw/qvrservice": library "vendor.qti.hardware.qxr-V1-ndk_platform.so" not found: needed by /vendor/lib64/libqvrservice.so in namespace (default)
08-22 18:36:15.964 F/linker ( 6631): CANNOT LINK EXECUTABLE "/vendor/bin/hw/sxrservice": library "vendor.qti.hardware.qxr-V1-ndk_platform.so" not found: needed by main executable
01-01 01:00:24.115 E/ ( 0): [MAX975X:max96755x_drm_notifier_callback] *ERROR* receives EARLY_BLANK:POWERDOWN
08-22 18:36:16.309 I/DisplayPowerController[0]( 1164): Blocking screen off
08-22 18:36:16.309 E/DisplayDeviceConfig( 1164): requesting nits when no mapping exists.
08-22 18:36:16.309 I/DisplayPowerController[0]( 1164): Unblocked screen off after 0 ms
08-22 18:36:16.310 E/DisplayDeviceConfig( 1164): requesting nits when no mapping exists.
08-22 18:36:16.313 D/ActivityTaskManager( 1164): Top Process State changed to PROCESS_STATE_TOP_SLEEPING
01-01 01:00:24.149 E/ ( 0): [MAX975X:max96755x_drm_notifier_callback] *ERROR* receives BLANK:POWERDOWN
08-22 18:36:16.315 I/DropBoxManagerService( 1164): add tag=system_server_wtf isTagEnabled=true flags=0x2
08-22 18:36:16.324 I/DropBoxManagerService( 1164): add tag=system_server_wtf isTagEnabled=true flags=0x2
08-22 18:36:16.324 V/DisplayPowerController[0]( 1164): Brightness [0.0] reason changing to: 'screen_off', previous reason: 'manual'.
08-22 18:36:16.338 I/DisplayDeviceRepository( 1164): Display device changed state: "内置å±å¹•", OFF
08-22 18:36:16.348 E/KernelCpuSpeedReader( 1164): Failed to read cpu-freq: /sys/devices/system/cpu/cpu4/cpufreq/stats/time_in_state: open failed: ENOENT (No such file or directory)
08-22 18:36:16.349 E/KernelCpuSpeedReader( 1164): Failed to read cpu-freq: /sys/devices/system/cpu/cpu0/cpufreq/stats/time_in_state: open failed: ENOENT (No such file or directory)
08-22 18:36:16.414 I/DreamManagerService( 1164): Entering dreamland.
08-22 18:36:16.414 I/PowerManagerService( 1164): Dozing...
08-22 18:36:16.416 I/DreamController( 1164): Starting dream: name=ComponentInfo{com.android.systemui/com.android.systemui.doze.DozeService}, isTest=false, canDoze=true, userId=0
08-22 18:36:16.425 D/AutofillManagerService( 1164): Close system dialogs
01-01 01:00:24.361 D/ ( 0): mv2112_read_status
01-01 01:00:24.372 D/mv2112_update_link( 0): 3.0x901(1G): 0x80
01-01 01:00:24.378 D/mv2112_update_link( 0): 3.0x8109(100M): 0x0
01-01 01:00:24.383 D/mv2112_update_link( 0): link 0x0
01-01 01:00:24.387 D/mv2112_read_status( 0): autoneg is disabled
01-01 01:00:24.857 D/cnss ( 0): Runtime suspend start
01-01 01:00:24.864 I/[kworke][0xf01063701][18:36:17.111538] wlan( 0): [7995:I:PMO] pmo_core_is_wow_applicable: 319: lpass enabled, enabling wow
01-01 01:00:24.877 I/[kworke][0xf0109d750][18:36:17.123914] wlan( 0): [7995:I:PMO] pmo_core_enable_wow_in_fw: 807: drv wow is enabled
01-01 01:00:24.889 I/[kworke][0xf010d4636][18:36:17.135634] wlan( 0): [7995:I:PMO] pmo_core_enable_wow_in_fw: 820: RTPM wow
01-01 01:00:24.899 I/[kworke][0xf01106613][18:36:17.146298] wlan( 0): [7995:I:WMI] send_wow_enable_cmd_tlv: 1831: suspend type: WOW_IFACE_PAUSE_ENABLED flag is 0x10
01-01 01:00:24.958 D/cnss ( 0): Setting MHI state: SUSPEND(6)
01-01 01:00:24.963 D/cnss ( 0): Suspending PCI link
01-01 01:00:24.967 D/cnss ( 0): Use PCIe DRV suspend
01-01 01:00:24.974 D/cnss ( 0): Runtime suspend status: 0
01-01 01:00:25.417 D/ ( 0): mv2112_read_status
01-01 01:00:25.430 D/mv2112_update_link( 0): 3.0x901(1G): 0x80
01-01 01:00:25.435 D/mv2112_update_link( 0): 3.0x8109(100M): 0x0
01-01 01:00:25.441 D/mv2112_update_link( 0): link 0x0
01-01 01:00:25.445 D/mv2112_read_status( 0): autoneg is disabled
01-01 01:00:26.026 D/cnss ( 0): Runtime resume start
01-01 01:00:26.030 D/cnss ( 0): Resuming PCI link
01-01 01:00:26.035 D/cnss ( 0): Set PCI link status to: 2
01-01 01:00:26.040 D/cnss ( 0): Setting MHI state: RESUME(7)
01-01 01:00:26.052 I/[kworke][0xf02621470][18:36:18.298916] wlan( 0): [29858:I:PMO] pmo_core_psoc_send_host_wakeup_ind_to_fw: 1225: Host wakeup indication sent to fw
01-01 01:00:26.067 D/cnss ( 0): Runtime resume status: 0
01-01 01:00:26.071 D/cnss ( 0): Runtime idle
01-01 01:00:26.335 E/ ( 0): [MAX975X:max96755x_drm_notifier_callback] *ERROR* receives EARLY_BLANK:UNBLANK
01-01 01:00:26.343 I/[drm:dsi_display_set_mode] [msm-dsi-info]( 0): mdp_transfer_time_us=0 us
01-01 01:00:26.351 I/[drm:dsi_display_set_mode] [msm-dsi-info]( 0): hactive= 2380,vactive= 1020,fps=60
01-01 01:00:26.360 I/[drm:dsi_ctrl_isr_configure] [msm-dsi-info]( 0): dsi-ctrl-0: IRQ 463 registered
01-01 01:00:26.389 I/[schedu][0xf02c4c90f][18:36:18.635831] wlan( 0): [13930:I:OSIF] scan start scan id 40999
08-22 18:36:18.555 I/PowerManagerService( 1164): Powering on display group fromDozing (groupId=0, uid=1000, reason=WAKE_REASON_POWER_BUTTON, details=android.policy:POWER)...
08-22 18:36:18.555 I/PowerManagerService( 1164): Waking up from Dozing (uid=1000, reason=WAKE_REASON_POWER_BUTTON, details=android.policy:POWER)...
01-01 01:00:26.440 E/ ( 0): [MAX975X:max96755x_drm_notifier_callback] *ERROR* receives BLANK:UNBLANK
08-22 18:36:18.568 I/DisplayPowerController[0]( 1164): Blocking screen on until initial contents have been drawn.
08-22 18:36:18.571 V/DisplayPowerController[0]( 1164): Brightness [0.39763778] reason changing to: 'manual', previous reason: 'screen_off'.
08-22 18:36:18.573 I/DisplayDeviceRepository( 1164): Display device changed state: "内置å±å¹•", ON
08-22 18:36:18.577 I/WindowManager( 1164): Suppressed redundant power key press while already in the process of turning the screen on.
01-01 01:00:26.474 D/ ( 0): mv2112_read_status
01-01 01:00:26.480 D/mv2112_update_link( 0): 3.0x901(1G): 0x80
01-01 01:00:26.486 D/mv2112_update_link( 0): 3.0x8109(100M): 0x0
01-01 01:00:26.495 D/mv2112_update_link( 0): link 0x0
08-22 18:36:18.609 E/KernelCpuSpeedReader( 1164): Failed to read cpu-freq: /sys/devices/system/cpu/cpu4/cpufreq/stats/time_in_state: open failed: ENOENT (No such file or directory)
08-22 18:36:18.610 E/KernelCpuSpeedReader( 1164): Failed to read cpu-freq: /sys/devices/system/cpu/cpu0/cpufreq/stats/time_in_state: open failed: ENOENT (No such file or directory)
01-01 01:00:26.500 D/mv2112_read_status( 0): autoneg is disabled
08-22 18:36:18.620 D/ActivityTaskManager( 1164): Top Process State changed to PROCESS_STATE_TOP
08-22 18:36:18.682 I/DisplayPowerController[0]( 1164): Unblocked screen on after 114 ms
08-22 18:36:18.691 E/DisplayDeviceConfig( 1164): requesting nits when no mapping exists.
08-22 18:36:18.693 E/DisplayDeviceConfig( 1164): requesting nits when no mapping exists.
08-22 18:36:18.698 I/DreamManagerService( 1164): Gently waking up from dream.
08-22 18:36:18.698 I/DreamManagerService( 1164): Performing gentle wake from dream.
08-22 18:36:18.699 I/DropBoxManagerService( 1164): add tag=system_server_wtf isTagEnabled=true flags=0x2
08-22 18:36:18.720 I/DropBoxManagerService( 1164): add tag=system_server_wtf isTagEnabled=true flags=0x2
08-22 18:36:18.728 I/DreamManagerService( 1164): Leaving dreamland.
08-22 18:36:18.728 I/DreamManagerService( 1164): Performing gentle wake from dream.
08-22 18:36:18.728 I/DreamController( 1164): Stopping dream: name=ComponentInfo{com.android.systemui/com.android.systemui.doze.DozeService}, isTest=false, canDoze=true, userId=0, reason='finished self'(from 'requested stopDream')
01-01 01:00:27.528 D/ ( 0): mv2112_read_status
01-01 01:00:27.533 D/mv2112_update_link( 0): 3.0x901(1G): 0x80
01-01 01:00:27.538 D/mv2112_update_link( 0): 3.0x8109(100M): 0x0
01-01 01:00:27.545 D/mv2112_update_link( 0): link 0x0
01-01 01:00:27.550 D/mv2112_read_status( 0): autoneg is disabled
01-01 01:00:27.787 I/[schedu][0xf045e7f2a][18:36:20.034312] wlan( 0): [13930:I:OSIF] vdev 0, scan id 40999 type COMPLETED(1) reason COMPLETED(1) scan found 68 bss
01-01 01:00:28.585 D/ ( 0): mv2112_read_status
01-01 01:00:28.591 D/mv2112_update_link( 0): 3.0x901(1G): 0x80
01-01 01:00:28.597 D/mv2112_update_link( 0): 3.0x8109(100M): 0x0
01-01 01:00:28.602 D/mv2112_update_link( 0): link 0x0
01-01 01:00:28.606 D/mv2112_read_status( 0): autoneg is disabled
01-01 01:00:28.681 I/init ( 0): starting service 'qvrd_vndr'...
01-01 01:00:28.692 I/init ( 0): Created socket '/dev/socket/qvrservice_vndr', mode 660, user 1000, group 1000
01-01 01:00:28.705 I/init ( 0): Created socket '/dev/socket/qvrservice_vndr_camera', mode 660, user 1000, group 1000
01-01 01:00:28.724 I/init ( 0): starting service 'sxrd'...
01-01 01:00:28.736 I/init ( 0): starting service 'vendor.light-hal-2-0'...
01-01 01:00:28.751 I/init ( 0): Service 'qvrd_vndr' (pid 8368) exited with status 1
01-01 01:00:28.758 I/init ( 0): Sending signal 9 to service 'qvrd_vndr' (pid 8368) process group...
01-01 01:00:28.766 I/libprocessgroup( 0): Successfully killed process cgroup uid 1000 pid 8368 in 0ms
01-01 01:00:28.776 I/init ( 0): Service 'sxrd' (pid 8375) exited with status 1
01-01 01:00:28.783 I/init ( 0): Sending signal 9 to service 'sxrd' (pid 8375) process group...
08-22 18:36:20.997 F/linker ( 8368): CANNOT LINK EXECUTABLE "/vendor/bin/hw/qvrservice": library "vendor.qti.hardware.qxr-V1-ndk_platform.so" not found: needed by /vendor/lib64/libqvrservice.so in namespace (default)
08-22 18:36:21.015 F/linker ( 8375): CANNOT LINK EXECUTABLE "/vendor/bin/hw/sxrservice": library "vendor.qti.hardware.qxr-V1-ndk_platform.so" not found: needed by main executable
