01-01 01:05:13.375 D/mv2112_read_status( 0): autoneg is disabled
01-01 01:05:14.409 D/ ( 0): mv2112_read_status
01-01 01:05:14.412 D/mv2112_update_link( 0): 3.0x901(1G): 0x80
01-01 01:05:14.420 D/mv2112_update_link( 0): 3.0x8109(100M): 0x0
01-01 01:05:14.426 D/mv2112_update_link( 0): link 0x0
01-01 01:05:14.432 D/mv2112_read_status( 0): autoneg is disabled
01-01 01:05:15.464 D/ ( 0): mv2112_read_status
01-01 01:05:15.468 D/mv2112_update_link( 0): 3.0x901(1G): 0x80
01-01 01:05:15.475 D/mv2112_update_link( 0): 3.0x8109(100M): 0x0
01-01 01:05:15.482 D/mv2112_update_link( 0): link 0x0
01-01 01:05:15.486 D/mv2112_read_status( 0): autoneg is disabled
01-01 01:05:15.917 I/init ( 0): starting service 'qvrd_vndr'...
01-01 01:05:15.924 I/init ( 0): Created socket '/dev/socket/qvrservice_vndr', mode 660, user 1000, group 1000
01-01 01:05:15.933 I/init ( 0): Created socket '/dev/socket/qvrservice_vndr_camera', mode 660, user 1000, group 1000
01-01 01:05:15.954 I/init ( 0): starting service 'sxrd'...
01-01 01:05:15.989 I/init ( 0): Service 'sxrd' (pid 14787) exited with status 1
01-01 01:05:15.996 I/init ( 0): Sending signal 9 to service 'sxrd' (pid 14787) process group...
01-01 01:05:16.004 I/libprocessgroup( 0): Successfully killed process cgroup uid 1000 pid 14787 in 0ms
01-01 01:05:16.015 I/init ( 0): Service 'qvrd_vndr' (pid 14782) exited with status 1
01-01 01:05:16.021 I/init ( 0): Sending signal 9 to service 'qvrd_vndr' (pid 14782) process group...
01-01 01:05:16.030 I/libprocessgroup( 0): Successfully killed process cgroup uid 1000 pid 14782 in 0ms
08-22 18:41:08.235 F/linker (14787): CANNOT LINK EXECUTABLE "/vendor/bin/hw/sxrservice": library "vendor.qti.hardware.qxr-V1-ndk_platform.so" not found: needed by main executable
08-22 18:41:08.237 F/linker (14782): CANNOT LINK EXECUTABLE "/vendor/bin/hw/qvrservice": library "vendor.qti.hardware.qxr-V1-ndk_platform.so" not found: needed by /vendor/lib64/libqvrservice.so in namespace (default)
01-01 01:05:16.521 D/ ( 0): mv2112_read_status
01-01 01:05:16.526 D/mv2112_update_link( 0): 3.0x901(1G): 0x80
01-01 01:05:16.532 D/mv2112_update_link( 0): 3.0x8109(100M): 0x0
01-01 01:05:16.537 D/mv2112_update_link( 0): link 0x0
01-01 01:05:16.541 D/mv2112_read_status( 0): autoneg is disabled
01-01 01:05:17.544 D/ ( 0): mv2112_read_status
01-01 01:05:17.548 D/mv2112_update_link( 0): 3.0x901(1G): 0x80
01-01 01:05:17.553 D/mv2112_update_link( 0): 3.0x8109(100M): 0x0
01-01 01:05:17.558 D/mv2112_update_link( 0): link 0x0
01-01 01:05:17.564 D/mv2112_read_status( 0): autoneg is disabled
01-01 01:05:18.568 D/ ( 0): mv2112_read_status
01-01 01:05:18.572 D/mv2112_update_link( 0): 3.0x901(1G): 0x80
01-01 01:05:18.577 D/mv2112_update_link( 0): 3.0x8109(100M): 0x0
01-01 01:05:18.583 D/mv2112_update_link( 0): link 0x0
01-01 01:05:18.588 D/mv2112_read_status( 0): autoneg is disabled
01-01 01:05:19.592 D/ ( 0): mv2112_read_status
01-01 01:05:19.597 D/mv2112_update_link( 0): 3.0x901(1G): 0x80
01-01 01:05:19.604 D/mv2112_update_link( 0): 3.0x8109(100M): 0x0
01-01 01:05:19.609 D/mv2112_update_link( 0): link 0x0
01-01 01:05:19.613 D/mv2112_read_status( 0): autoneg is disabled
01-01 01:05:20.617 D/ ( 0): mv2112_read_status
01-01 01:05:20.621 D/mv2112_update_link( 0): 3.0x901(1G): 0x80
01-01 01:05:20.626 D/mv2112_update_link( 0): 3.0x8109(100M): 0x0
01-01 01:05:20.635 D/mv2112_update_link( 0): link 0x0
01-01 01:05:20.639 D/mv2112_read_status( 0): autoneg is disabled
01-01 01:05:20.954 I/init ( 0): starting service 'qvrd_vndr'...
01-01 01:05:20.960 I/init ( 0): Created socket '/dev/socket/qvrservice_vndr', mode 660, user 1000, group 1000
01-01 01:05:20.970 I/init ( 0): Created socket '/dev/socket/qvrservice_vndr_camera', mode 660, user 1000, group 1000
01-01 01:05:20.993 I/init ( 0): starting service 'sxrd'...
01-01 01:05:21.034 I/init ( 0): Service 'qvrd_vndr' (pid 16580) exited with status 1
01-01 01:05:21.040 I/init ( 0): Sending signal 9 to service 'qvrd_vndr' (pid 16580) process group...
01-01 01:05:21.049 I/libprocessgroup( 0): Successfully killed process cgroup uid 1000 pid 16580 in 0ms
01-01 01:05:21.062 I/init ( 0): Service 'sxrd' (pid 16596) exited with status 1
01-01 01:05:21.068 I/init ( 0): Sending signal 9 to service 'sxrd' (pid 16596) process group...
01-01 01:05:21.076 I/libprocessgroup( 0): Successfully killed process cgroup uid 1000 pid 16596 in 0ms
08-22 18:41:13.278 F/linker (16580): CANNOT LINK EXECUTABLE "/vendor/bin/hw/qvrservice": library "vendor.qti.hardware.qxr-V1-ndk_platform.so" not found: needed by /vendor/lib64/libqvrservice.so in namespace (default)
08-22 18:41:13.281 F/linker (16596): CANNOT LINK EXECUTABLE "/vendor/bin/hw/sxrservice": library "vendor.qti.hardware.qxr-V1-ndk_platform.so" not found: needed by main executable
01-01 01:05:21.672 D/ ( 0): mv2112_read_status
01-01 01:05:21.676 D/mv2112_update_link( 0): 3.0x901(1G): 0x80
01-01 01:05:21.683 D/mv2112_update_link( 0): 3.0x8109(100M): 0x0
01-01 01:05:21.689 D/mv2112_update_link( 0): link 0x0
01-01 01:05:21.694 D/mv2112_read_status( 0): autoneg is disabled
01-01 01:05:22.696 D/ ( 0): mv2112_read_status
01-01 01:05:22.700 D/mv2112_update_link( 0): 3.0x901(1G): 0x80
01-01 01:05:22.706 D/mv2112_update_link( 0): 3.0x8109(100M): 0x0
01-01 01:05:22.711 D/mv2112_update_link( 0): link 0x0
01-01 01:05:22.715 D/mv2112_read_status( 0): autoneg is disabled
01-01 01:05:23.720 D/ ( 0): mv2112_read_status
01-01 01:05:23.724 D/mv2112_update_link( 0): 3.0x901(1G): 0x80
01-01 01:05:23.730 D/mv2112_update_link( 0): 3.0x8109(100M): 0x0
01-01 01:05:23.740 D/mv2112_update_link( 0): link 0x0
01-01 01:05:23.745 D/mv2112_read_status( 0): autoneg is disabled
01-01 01:05:24.777 D/ ( 0): mv2112_read_status
01-01 01:05:24.780 D/mv2112_update_link( 0): 3.0x901(1G): 0x80
01-01 01:05:24.788 D/mv2112_update_link( 0): 3.0x8109(100M): 0x0
01-01 01:05:24.795 D/mv2112_update_link( 0): link 0x0
01-01 01:05:24.799 D/mv2112_read_status( 0): autoneg is disabled
01-01 01:05:25.833 D/ ( 0): mv2112_read_status
01-01 01:05:25.837 D/mv2112_update_link( 0): 3.0x901(1G): 0x80
01-01 01:05:25.850 D/mv2112_update_link( 0): 3.0x8109(100M): 0x0
01-01 01:05:25.858 D/mv2112_update_link( 0): link 0x0
01-01 01:05:25.862 D/mv2112_read_status( 0): autoneg is disabled
01-01 01:05:25.992 I/init ( 0): starting service 'qvrd_vndr'...
01-01 01:05:25.999 I/init ( 0): Created socket '/dev/socket/qvrservice_vndr', mode 660, user 1000, group 1000
01-01 01:05:26.010 I/init ( 0): Created socket '/dev/socket/qvrservice_vndr_camera', mode 660, user 1000, group 1000
01-01 01:05:26.031 I/init ( 0): starting service 'sxrd'...
01-01 01:05:26.054 I/init ( 0): Service 'sxrd' (pid 18317) exited with status 1
01-01 01:05:26.060 I/init ( 0): Sending signal 9 to service 'sxrd' (pid 18317) process group...
01-01 01:05:26.068 I/libprocessgroup( 0): Successfully killed process cgroup uid 1000 pid 18317 in 0ms
01-01 01:05:26.079 I/init ( 0): Service 'qvrd_vndr' (pid 18311) exited with status 1
01-01 01:05:26.086 I/init ( 0): Sending signal 9 to service 'qvrd_vndr' (pid 18311) process group...
01-01 01:05:26.094 I/libprocessgroup( 0): Successfully killed process cgroup uid 1000 pid 18311 in 0ms
08-22 18:41:18.300 F/linker (18317): CANNOT LINK EXECUTABLE "/vendor/bin/hw/sxrservice": library "vendor.qti.hardware.qxr-V1-ndk_platform.so" not found: needed by main executable
08-22 18:41:18.310 F/linker (18311): CANNOT LINK EXECUTABLE "/vendor/bin/hw/qvrservice": library "vendor.qti.hardware.qxr-V1-ndk_platform.so" not found: needed by /vendor/lib64/libqvrservice.so in namespace (default)
01-01 01:05:26.888 D/ ( 0): mv2112_read_status
01-01 01:05:26.894 D/mv2112_update_link( 0): 3.0x901(1G): 0x80
01-01 01:05:26.899 D/mv2112_update_link( 0): 3.0x8109(100M): 0x0
01-01 01:05:26.904 D/mv2112_update_link( 0): link 0x0
01-01 01:05:26.909 D/mv2112_read_status( 0): autoneg is disabled
01-01 01:05:27.912 D/ ( 0): mv2112_read_status
01-01 01:05:27.916 D/mv2112_update_link( 0): 3.0x901(1G): 0x80
01-01 01:05:27.924 D/mv2112_update_link( 0): 3.0x8109(100M): 0x0
01-01 01:05:27.930 D/mv2112_update_link( 0): link 0x0
01-01 01:05:27.934 D/mv2112_read_status( 0): autoneg is disabled
01-01 01:05:28.936 D/ ( 0): mv2112_read_status
01-01 01:05:28.940 D/mv2112_update_link( 0): 3.0x901(1G): 0x80
01-01 01:05:28.947 D/mv2112_update_link( 0): 3.0x8109(100M): 0x0
01-01 01:05:28.952 D/mv2112_update_link( 0): link 0x0
01-01 01:05:28.957 D/mv2112_read_status( 0): autoneg is disabled
01-01 01:05:29.961 D/ ( 0): mv2112_read_status
01-01 01:05:29.965 D/mv2112_update_link( 0): 3.0x901(1G): 0x80
01-01 01:05:29.972 D/mv2112_update_link( 0): 3.0x8109(100M): 0x0
01-01 01:05:29.977 D/mv2112_update_link( 0): link 0x0
01-01 01:05:29.981 D/mv2112_read_status( 0): autoneg is disabled
01-01 01:05:30.985 D/ ( 0): mv2112_read_status
01-01 01:05:30.991 D/mv2112_update_link( 0): 3.0x901(1G): 0x80
01-01 01:05:30.996 D/mv2112_update_link( 0): 3.0x8109(100M): 0x0
01-01 01:05:31.001 D/mv2112_update_link( 0): link 0x0
01-01 01:05:31.005 D/mv2112_read_status( 0): autoneg is disabled
01-01 01:05:31.031 I/init ( 0): starting service 'qvrd_vndr'...
01-01 01:05:31.038 I/init ( 0): Created socket '/dev/socket/qvrservice_vndr', mode 660, user 1000, group 1000
01-01 01:05:31.048 I/init ( 0): Created socket '/dev/socket/qvrservice_vndr_camera', mode 660, user 1000, group 1000
01-01 01:05:31.070 I/init ( 0): starting service 'sxrd'...
01-01 01:05:31.102 I/init ( 0): Service 'sxrd' (pid 19982) exited with status 1
01-01 01:05:31.108 I/init ( 0): Sending signal 9 to service 'sxrd' (pid 19982) process group...
01-01 01:05:31.116 I/libprocessgroup( 0): Successfully killed process cgroup uid 1000 pid 19982 in 0ms
01-01 01:05:31.127 I/init ( 0): Service 'qvrd_vndr' (pid 19972) exited with status 1
01-01 01:05:31.133 I/init ( 0): Sending signal 9 to service 'qvrd_vndr' (pid 19972) process group...
01-01 01:05:31.142 I/libprocessgroup( 0): Successfully killed process cgroup uid 1000 pid 19972 in 0ms
08-22 18:41:23.347 F/linker (19982): CANNOT LINK EXECUTABLE "/vendor/bin/hw/sxrservice": library "vendor.qti.hardware.qxr-V1-ndk_platform.so" not found: needed by main executable
08-22 18:41:23.352 F/linker (19972): CANNOT LINK EXECUTABLE "/vendor/bin/hw/qvrservice": library "vendor.qti.hardware.qxr-V1-ndk_platform.so" not found: needed by /vendor/lib64/libqvrservice.so in namespace (default)
01-01 01:05:31.942 I/binder ( 0): 1164:1852 ioctl 400c620e 79be4425d8 returned -22
01-01 01:05:31.952 I/binder ( 0): 1164:1852 ioctl c00c620f 79be4425b8 returned -22
01-01 01:05:32.009 D/ ( 0): mv2112_read_status
01-01 01:05:32.012 D/mv2112_update_link( 0): 3.0x901(1G): 0x80
01-01 01:05:32.017 D/mv2112_update_link( 0): 3.0x8109(100M): 0x0
01-01 01:05:32.022 D/mv2112_update_link( 0): link 0x0
01-01 01:05:32.028 D/mv2112_read_status( 0): autoneg is disabled
08-22 18:41:24.188 D/ActivityManager( 1164): freezing 2826 com.example.android.locationattribution
08-22 18:41:24.197 E/ActivityManager( 1164): Unable to freeze binder for 2826 com.example.android.locationattribution
08-22 18:41:24.199 D/ActivityManager( 1164): froze 2826 com.example.android.locationattribution
08-22 18:41:24.206 E/ActivityManager( 1164): Unable to freeze binder for 2826 com.example.android.locationattribution
08-22 18:41:24.207 I/ActivityManager( 1164): Killing 2826:com.example.android.locationattribution/u0a77 (adj 910): Unable to freeze binder interface
08-22 18:41:24.403 I/WindowManager( 1164): WIN DEATH: Window{f88d023 u0 com.example.android.locationattribution/com.example.android.locationattribution.MainActivity}
08-22 18:41:24.424 W/ActivityManager( 1164): setHasOverlayUi called on unknown pid: 2826
08-22 18:41:24.448 W/UsageStatsService( 1164): Unexpected activity event reported! (com.example.android.locationattribution/com.example.android.locationattribution.MainActivity event : 23 instanceId : 188108883)
01-01 01:05:33.033 D/ ( 0): mv2112_read_status
01-01 01:05:33.037 D/mv2112_update_link( 0): 3.0x901(1G): 0x80
01-01 01:05:33.052 D/mv2112_update_link( 0): 3.0x8109(100M): 0x0
01-01 01:05:33.057 D/mv2112_update_link( 0): link 0x0
01-01 01:05:33.061 D/mv2112_read_status( 0): autoneg is disabled
01-01 01:05:34.089 D/ ( 0): mv2112_read_status
01-01 01:05:34.092 D/mv2112_update_link( 0): 3.0x901(1G): 0x80
01-01 01:05:34.102 D/mv2112_update_link( 0): 3.0x8109(100M): 0x0
01-01 01:05:34.107 D/mv2112_update_link( 0): link 0x0
01-01 01:05:34.112 D/mv2112_read_status( 0): autoneg is disabled
01-01 01:05:35.148 D/ ( 0): mv2112_read_status
01-01 01:05:35.152 D/mv2112_update_link( 0): 3.0x901(1G): 0x80
01-01 01:05:35.158 D/mv2112_update_link( 0): 3.0x8109(100M): 0x0
01-01 01:05:35.164 D/mv2112_update_link( 0): link 0x0
01-01 01:05:35.169 D/mv2112_read_status( 0): autoneg is disabled
01-01 01:05:36.072 I/init ( 0): starting service 'qvrd_vndr'...
01-01 01:05:36.079 I/init ( 0): Created socket '/dev/socket/qvrservice_vndr', mode 660, user 1000, group 1000
01-01 01:05:36.093 I/init ( 0): Created socket '/dev/socket/qvrservice_vndr_camera', mode 660, user 1000, group 1000
01-01 01:05:36.117 I/init ( 0): starting service 'sxrd'...
01-01 01:05:36.140 I/init ( 0): Service 'sxrd' (pid 21554) exited with status 1
01-01 01:05:36.146 I/init ( 0): Sending signal 9 to service 'sxrd' (pid 21554) process group...
01-01 01:05:36.154 I/libprocessgroup( 0): Successfully killed process cgroup uid 1000 pid 21554 in 0ms
01-01 01:05:36.164 I/init ( 0): Service 'qvrd_vndr' (pid 21552) exited with status 1
01-01 01:05:36.171 I/init ( 0): Sending signal 9 to service 'qvrd_vndr' (pid 21552) process group...
01-01 01:05:36.180 I/libprocessgroup( 0): Successfully killed process cgroup uid 1000 pid 21552 in 0ms
01-01 01:05:36.205 D/ ( 0): mv2112_read_status
01-01 01:05:36.212 D/mv2112_update_link( 0): 3.0x901(1G): 0x80
01-01 01:05:36.219 D/mv2112_update_link( 0): 3.0x8109(100M): 0x0
01-01 01:05:36.224 D/mv2112_update_link( 0): link 0x0
01-01 01:05:36.229 D/mv2112_read_status( 0): autoneg is disabled
08-22 18:41:28.386 F/linker (21554): CANNOT LINK EXECUTABLE "/vendor/bin/hw/sxrservice": library "vendor.qti.hardware.qxr-V1-ndk_platform.so" not found: needed by main executable
08-22 18:41:28.393 F/linker (21552): CANNOT LINK EXECUTABLE "/vendor/bin/hw/qvrservice": library "vendor.qti.hardware.qxr-V1-ndk_platform.so" not found: needed by /vendor/lib64/libqvrservice.so in namespace (default)
01-01 01:05:37.256 D/ ( 0): mv2112_read_status
01-01 01:05:37.261 D/mv2112_update_link( 0): 3.0x901(1G): 0x80
01-01 01:05:37.271 D/mv2112_update_link( 0): 3.0x8109(100M): 0x0
01-01 01:05:37.276 D/mv2112_update_link( 0): link 0x0
01-01 01:05:37.280 D/mv2112_read_status( 0): autoneg is disabled
01-01 01:05:38.312 D/ ( 0): mv2112_read_status
01-01 01:05:38.316 D/mv2112_update_link( 0): 3.0x901(1G): 0x80
01-01 01:05:38.326 D/mv2112_update_link( 0): 3.0x8109(100M): 0x0
01-01 01:05:38.334 D/mv2112_update_link( 0): link 0x0
01-01 01:05:38.338 D/mv2112_read_status( 0): autoneg is disabled
01-01 01:05:39.368 D/ ( 0): mv2112_read_status
01-01 01:05:39.372 D/mv2112_update_link( 0): 3.0x901(1G): 0x80
01-01 01:05:39.377 D/mv2112_update_link( 0): 3.0x8109(100M): 0x0
01-01 01:05:39.383 D/mv2112_update_link( 0): link 0x0
01-01 01:05:39.388 D/mv2112_read_status( 0): autoneg is disabled
01-01 01:05:40.394 D/ ( 0): mv2112_read_status
01-01 01:05:40.397 D/mv2112_update_link( 0): 3.0x901(1G): 0x80
01-01 01:05:40.405 D/mv2112_update_link( 0): 3.0x8109(100M): 0x0
01-01 01:05:40.411 D/mv2112_update_link( 0): link 0x0
01-01 01:05:40.417 D/mv2112_read_status( 0): autoneg is disabled
01-01 01:05:41.116 I/init ( 0): starting service 'qvrd_vndr'...
01-01 01:05:41.123 I/init ( 0): Created socket '/dev/socket/qvrservice_vndr', mode 660, user 1000, group 1000
01-01 01:05:41.133 I/init ( 0): Created socket '/dev/socket/qvrservice_vndr_camera', mode 660, user 1000, group 1000
01-01 01:05:41.162 I/init ( 0): starting service 'sxrd'...
01-01 01:05:41.178 I/init ( 0): Service 'qvrd_vndr' (pid 23115) exited with status 1
01-01 01:05:41.185 I/init ( 0): Sending signal 9 to service 'qvrd_vndr' (pid 23115) process group...
01-01 01:05:41.193 I/libprocessgroup( 0): Successfully killed process cgroup uid 1000 pid 23115 in 0ms
01-01 01:05:41.203 I/init ( 0): starting service 'vendor.light-hal-2-0'...
01-01 01:05:41.220 I/init ( 0): Service 'sxrd' (pid 23127) exited with status 1
01-01 01:05:41.226 I/init ( 0): Sending signal 9 to service 'sxrd' (pid 23127) process group...
08-22 18:41:33.423 F/linker (23115): CANNOT LINK EXECUTABLE "/vendor/bin/hw/qvrservice": library "vendor.qti.hardware.qxr-V1-ndk_platform.so" not found: needed by /vendor/lib64/libqvrservice.so in namespace (default)
08-22 18:41:33.450 F/linker (23127): CANNOT LINK EXECUTABLE "/vendor/bin/hw/sxrservice": library "vendor.qti.hardware.qxr-V1-ndk_platform.so" not found: needed by main executable
01-01 01:05:41.448 D/ ( 0): mv2112_read_status
01-01 01:05:41.452 D/mv2112_update_link( 0): 3.0x901(1G): 0x80
01-01 01:05:41.457 D/mv2112_update_link( 0): 3.0x8109(100M): 0x0
01-01 01:05:41.464 D/mv2112_update_link( 0): link 0x0
01-01 01:05:41.468 D/mv2112_read_status( 0): autoneg is disabled
01-01 01:05:42.473 D/ ( 0): mv2112_read_status
01-01 01:05:42.477 D/mv2112_update_link( 0): 3.0x901(1G): 0x80
01-01 01:05:42.482 D/mv2112_update_link( 0): 3.0x8109(100M): 0x0
01-01 01:05:42.487 D/mv2112_update_link( 0): link 0x0
01-01 01:05:42.491 D/mv2112_read_status( 0): autoneg is disabled
01-01 01:05:43.496 D/ ( 0): mv2112_read_status
01-01 01:05:43.500 D/mv2112_update_link( 0): 3.0x901(1G): 0x80
01-01 01:05:43.509 D/mv2112_update_link( 0): 3.0x8109(100M): 0x0
01-01 01:05:43.514 D/mv2112_update_link( 0): link 0x0
01-01 01:05:43.518 D/mv2112_read_status( 0): autoneg is disabled
01-01 01:05:44.520 D/ ( 0): mv2112_read_status
01-01 01:05:44.524 D/mv2112_update_link( 0): 3.0x901(1G): 0x80
01-01 01:05:44.529 D/mv2112_update_link( 0): 3.0x8109(100M): 0x0
01-01 01:05:44.535 D/mv2112_update_link( 0): link 0x0
01-01 01:05:44.539 D/mv2112_read_status( 0): autoneg is disabled
01-01 01:05:45.545 D/ ( 0): mv2112_read_status
01-01 01:05:45.550 D/mv2112_update_link( 0): 3.0x901(1G): 0x80
01-01 01:05:45.555 D/mv2112_update_link( 0): 3.0x8109(100M): 0x0
01-01 01:05:45.562 D/mv2112_update_link( 0): link 0x0
01-01 01:05:45.567 D/mv2112_read_status( 0): autoneg is disabled
01-01 01:05:46.155 I/init ( 0): starting service 'qvrd_vndr'...
01-01 01:05:46.161 I/init ( 0): Created socket '/dev/socket/qvrservice_vndr', mode 660, user 1000, group 1000
01-01 01:05:46.172 I/init ( 0): Created socket '/dev/socket/qvrservice_vndr_camera', mode 660, user 1000, group 1000
01-01 01:05:46.194 I/init ( 0): starting service 'sxrd'...
01-01 01:05:46.214 I/init ( 0): starting service 'vendor.light-hal-2-0'...
01-01 01:05:46.230 I/init ( 0): Service 'qvrd_vndr' (pid 24724) exited with status 1
01-01 01:05:46.236 I/init ( 0): Sending signal 9 to service 'qvrd_vndr' (pid 24724) process group...
01-01 01:05:46.245 I/libprocessgroup( 0): Successfully killed process cgroup uid 1000 pid 24724 in 0ms
08-22 18:41:38.469 F/linker (24724): CANNOT LINK EXECUTABLE "/vendor/bin/hw/qvrservice": library "vendor.qti.hardware.qxr-V1-ndk_platform.so" not found: needed by /vendor/lib64/libqvrservice.so in namespace (default)
01-01 01:05:46.255 I/init ( 0): Service 'sxrd' (pid 24730) exited with status 1
01-01 01:05:46.261 I/init ( 0): Sending signal 9 to service 'sxrd' (pid 24730) process group...
08-22 18:41:38.490 F/linker (24730): CANNOT LINK EXECUTABLE "/vendor/bin/hw/sxrservice": library "vendor.qti.hardware.qxr-V1-ndk_platform.so" not found: needed by main executable
01-01 01:05:46.604 D/ ( 0): mv2112_read_status
01-01 01:05:46.608 D/mv2112_update_link( 0): 3.0x901(1G): 0x80
01-01 01:05:46.614 D/mv2112_update_link( 0): 3.0x8109(100M): 0x0
01-01 01:05:46.619 D/mv2112_update_link( 0): link 0x0
01-01 01:05:46.624 D/mv2112_read_status( 0): autoneg is disabled
01-01 01:05:47.656 D/ ( 0): mv2112_read_status
01-01 01:05:47.660 D/mv2112_update_link( 0): 3.0x901(1G): 0x80
01-01 01:05:47.669 D/mv2112_update_link( 0): 3.0x8109(100M): 0x0
01-01 01:05:47.674 D/mv2112_update_link( 0): link 0x0
01-01 01:05:47.678 D/mv2112_read_status( 0): autoneg is disabled
01-01 01:05:48.680 D/ ( 0): mv2112_read_status
01-01 01:05:48.684 D/mv2112_update_link( 0): 3.0x901(1G): 0x80
01-01 01:05:48.692 D/mv2112_update_link( 0): 3.0x8109(100M): 0x0
01-01 01:05:48.697 D/mv2112_update_link( 0): link 0x0
01-01 01:05:48.701 D/mv2112_read_status( 0): autoneg is disabled
01-01 01:05:49.704 D/ ( 0): mv2112_read_status
01-01 01:05:49.709 D/mv2112_update_link( 0): 3.0x901(1G): 0x80
01-01 01:05:49.720 D/mv2112_update_link( 0): 3.0x8109(100M): 0x0
01-01 01:05:49.725 D/mv2112_update_link( 0): link 0x0
01-01 01:05:49.730 D/mv2112_read_status( 0): autoneg is disabled
01-01 01:05:50.760 D/ ( 0): mv2112_read_status
01-01 01:05:50.764 D/mv2112_update_link( 0): 3.0x901(1G): 0x80
01-01 01:05:50.773 D/mv2112_update_link( 0): 3.0x8109(100M): 0x0
01-01 01:05:50.778 D/mv2112_update_link( 0): link 0x0
01-01 01:05:50.782 D/mv2112_read_status( 0): autoneg is disabled
01-01 01:05:50.830 I/[schedu][0x10760fd122][18:41:43.076685] wlan( 0): [13930:I:OSIF] scan start scan id 41004
01-01 01:05:51.194 I/init ( 0): starting service 'qvrd_vndr'...
01-01 01:05:51.201 I/init ( 0): Created socket '/dev/socket/qvrservice_vndr', mode 660, user 1000, group 1000
01-01 01:05:51.210 I/init ( 0): Created socket '/dev/socket/qvrservice_vndr_camera', mode 660, user 1000, group 1000
01-01 01:05:51.231 I/init ( 0): starting service 'sxrd'...
01-01 01:05:51.245 I/init ( 0): starting service 'vendor.light-hal-2-0'...
01-01 01:05:51.259 I/init ( 0): Service 'qvrd_vndr' (pid 26280) exited with status 1
01-01 01:05:51.266 I/init ( 0): Sending signal 9 to service 'qvrd_vndr' (pid 26280) process group...
01-01 01:05:51.274 I/libprocessgroup( 0): Successfully killed process cgroup uid 1000 pid 26280 in 0ms
01-01 01:05:51.284 I/init ( 0): Service 'sxrd' (pid 26286) exited with status 1
01-01 01:05:51.291 I/init ( 0): Sending signal 9 to service 'sxrd' (pid 26286) process group...
08-22 18:41:43.497 F/linker (26286): CANNOT LINK EXECUTABLE "/vendor/bin/hw/sxrservice": library "vendor.qti.hardware.qxr-V1-ndk_platform.so" not found: needed by main executable
08-22 18:41:43.500 F/linker (26280): CANNOT LINK EXECUTABLE "/vendor/bin/hw/qvrservice": library "vendor.qti.hardware.qxr-V1-ndk_platform.so" not found: needed by /vendor/lib64/libqvrservice.so in namespace (default)
01-01 01:05:51.784 D/ ( 0): mv2112_read_status
01-01 01:05:51.788 D/mv2112_update_link( 0): 3.0x901(1G): 0x80
01-01 01:05:51.794 D/mv2112_update_link( 0): 3.0x8109(100M): 0x0
01-01 01:05:51.800 D/mv2112_update_link( 0): link 0x0
01-01 01:05:51.804 D/mv2112_read_status( 0): autoneg is disabled
01-01 01:05:52.202 I/[schedu][0x1077a1ccf8][18:41:44.448790] wlan( 0): [13930:I:OSIF] vdev 0, scan id 41004 type COMPLETED(1) reason COMPLETED(1) scan found 68 bss
01-01 01:05:52.808 D/ ( 0): mv2112_read_status
01-01 01:05:52.812 D/mv2112_update_link( 0): 3.0x901(1G): 0x80
01-01 01:05:52.821 D/mv2112_update_link( 0): 3.0x8109(100M): 0x0
01-01 01:05:52.826 D/mv2112_update_link( 0): link 0x0
01-01 01:05:52.830 D/mv2112_read_status( 0): autoneg is disabled
01-01 01:05:53.833 D/ ( 0): mv2112_read_status
01-01 01:05:53.837 D/mv2112_update_link( 0): 3.0x901(1G): 0x80
01-01 01:05:53.843 D/mv2112_update_link( 0): 3.0x8109(100M): 0x0
01-01 01:05:53.850 D/mv2112_update_link( 0): link 0x0
01-01 01:05:53.854 D/mv2112_read_status( 0): autoneg is disabled
01-01 01:05:54.856 D/ ( 0): mv2112_read_status
01-01 01:05:54.860 D/mv2112_update_link( 0): 3.0x901(1G): 0x80
01-01 01:05:54.865 D/mv2112_update_link( 0): 3.0x8109(100M): 0x0
01-01 01:05:54.870 D/mv2112_update_link( 0): link 0x0
01-01 01:05:54.876 D/mv2112_read_status( 0): autoneg is disabled
01-01 01:05:55.880 D/ ( 0): mv2112_read_status
01-01 01:05:55.884 D/mv2112_update_link( 0): 3.0x901(1G): 0x80
01-01 01:05:55.889 D/mv2112_update_link( 0): 3.0x8109(100M): 0x0
01-01 01:05:55.895 D/mv2112_update_link( 0): link 0x0
01-01 01:05:55.899 D/mv2112_read_status( 0): autoneg is disabled
01-01 01:05:56.233 I/init ( 0): starting service 'qvrd_vndr'...
01-01 01:05:56.239 I/init ( 0): Created socket '/dev/socket/qvrservice_vndr', mode 660, user 1000, group 1000
01-01 01:05:56.250 I/init ( 0): Created socket '/dev/socket/qvrservice_vndr_camera', mode 660, user 1000, group 1000
01-01 01:05:56.271 I/init ( 0): starting service 'sxrd'...
01-01 01:05:56.286 I/init ( 0): starting service 'vendor.light-hal-2-0'...
08-22 18:41:48.566 F/linker (27836): CANNOT LINK EXECUTABLE "/vendor/bin/hw/sxrservice": library "vendor.qti.hardware.qxr-V1-ndk_platform.so" not found: needed by main executable
08-22 18:41:48.567 F/linker (27833): CANNOT LINK EXECUTABLE "/vendor/bin/hw/qvrservice": library "vendor.qti.hardware.qxr-V1-ndk_platform.so" not found: needed by /vendor/lib64/libqvrservice.so in namespace (default)
01-01 01:05:56.321 I/init ( 0): Service 'sxrd' (pid 27836) exited with status 1
01-01 01:05:56.327 I/init ( 0): Sending signal 9 to service 'sxrd' (pid 27836) process group...
01-01 01:05:56.335 I/libprocessgroup( 0): Successfully killed process cgroup uid 1000 pid 27836 in 0ms
01-01 01:05:56.346 I/init ( 0): Service 'qvrd_vndr' (pid 27833) exited with status 1
01-01 01:05:56.353 I/init ( 0): Sending signal 9 to service 'qvrd_vndr' (pid 27833) process group...
01-01 01:05:56.904 D/ ( 0): mv2112_read_status
01-01 01:05:56.908 D/mv2112_update_link( 0): 3.0x901(1G): 0x80
01-01 01:05:56.915 D/mv2112_update_link( 0): 3.0x8109(100M): 0x0
01-01 01:05:56.920 D/mv2112_update_link( 0): link 0x0
01-01 01:05:56.924 D/mv2112_read_status( 0): autoneg is disabled
01-01 01:05:57.928 D/ ( 0): mv2112_read_status
01-01 01:05:57.932 D/mv2112_update_link( 0): 3.0x901(1G): 0x80
01-01 01:05:57.939 D/mv2112_update_link( 0): 3.0x8109(100M): 0x0
01-01 01:05:57.944 D/mv2112_update_link( 0): link 0x0
01-01 01:05:57.950 D/mv2112_read_status( 0): autoneg is disabled
08-22 18:41:50.303 I/UsageStatsService( 1164): User[0] Flushing usage stats to disk
01-01 01:05:58.952 D/ ( 0): mv2112_read_status
01-01 01:05:58.956 D/mv2112_update_link( 0): 3.0x901(1G): 0x80
01-01 01:05:58.962 D/mv2112_update_link( 0): 3.0x8109(100M): 0x0
01-01 01:05:58.969 D/mv2112_update_link( 0): link 0x0
01-01 01:05:58.975 D/mv2112_read_status( 0): autoneg is disabled
01-01 01:06:00.009 D/ ( 0): mv2112_read_status
01-01 01:06:00.012 D/mv2112_update_link( 0): 3.0x901(1G): 0x80
01-01 01:06:00.018 D/mv2112_update_link( 0): 3.0x8109(100M): 0x0
01-01 01:06:00.024 D/mv2112_update_link( 0): link 0x0
01-01 01:06:00.028 D/mv2112_read_status( 0): autoneg is disabled
01-01 01:06:01.033 D/ ( 0): mv2112_read_status
01-01 01:06:01.037 D/mv2112_update_link( 0): 3.0x901(1G): 0x80
01-01 01:06:01.042 D/mv2112_update_link( 0): 3.0x8109(100M): 0x0
01-01 01:06:01.048 D/mv2112_update_link( 0): link 0x0
01-01 01:06:01.052 D/mv2112_read_status( 0): autoneg is disabled
01-01 01:06:01.272 I/init ( 0): starting service 'qvrd_vndr'...
01-01 01:06:01.278 I/init ( 0): Created socket '/dev/socket/qvrservice_vndr', mode 660, user 1000, group 1000
01-01 01:06:01.289 I/init ( 0): Created socket '/dev/socket/qvrservice_vndr_camera', mode 660, user 1000, group 1000
01-01 01:06:01.311 I/init ( 0): starting service 'sxrd'...
01-01 01:06:01.327 I/init ( 0): starting service 'vendor.light-hal-2-0'...
01-01 01:06:01.345 I/init ( 0): Service 'qvrd_vndr' (pid 29603) exited with status 1
01-01 01:06:01.352 I/init ( 0): Sending signal 9 to service 'qvrd_vndr' (pid 29603) process group...
01-01 01:06:01.360 I/libprocessgroup( 0): Successfully killed process cgroup uid 1000 pid 29603 in 0ms
01-01 01:06:01.371 I/init ( 0): Service 'sxrd' (pid 29612) exited with status 1
01-01 01:06:01.377 I/init ( 0): Sending signal 9 to service 'sxrd' (pid 29612) process group...
08-22 18:41:53.591 F/linker (29603): CANNOT LINK EXECUTABLE "/vendor/bin/hw/qvrservice": library "vendor.qti.hardware.qxr-V1-ndk_platform.so" not found: needed by /vendor/lib64/libqvrservice.so in namespace (default)
08-22 18:41:53.604 F/linker (29612): CANNOT LINK EXECUTABLE "/vendor/bin/hw/sxrservice": library "vendor.qti.hardware.qxr-V1-ndk_platform.so" not found: needed by main executable
01-01 01:06:02.061 D/ ( 0): mv2112_read_status
01-01 01:06:02.064 D/mv2112_update_link( 0): 3.0x901(1G): 0x80
01-01 01:06:02.070 D/mv2112_update_link( 0): 3.0x8109(100M): 0x0
01-01 01:06:02.077 D/mv2112_update_link( 0): link 0x0
01-01 01:06:02.081 D/mv2112_read_status( 0): autoneg is disabled
01-01 01:06:03.112 D/ ( 0): mv2112_read_status
01-01 01:06:03.117 D/mv2112_update_link( 0): 3.0x901(1G): 0x80
01-01 01:06:03.123 D/mv2112_update_link( 0): 3.0x8109(100M): 0x0
01-01 01:06:03.130 D/mv2112_update_link( 0): link 0x0
01-01 01:06:03.134 D/mv2112_read_status( 0): autoneg is disabled
01-01 01:06:04.168 D/ ( 0): mv2112_read_status
01-01 01:06:04.172 D/mv2112_update_link( 0): 3.0x901(1G): 0x80
01-01 01:06:04.178 D/mv2112_update_link( 0): 3.0x8109(100M): 0x0
01-01 01:06:04.183 D/mv2112_update_link( 0): link 0x0
01-01 01:06:04.189 D/mv2112_read_status( 0): autoneg is disabled
01-01 01:06:05.196 D/ ( 0): mv2112_read_status
01-01 01:06:05.205 D/mv2112_update_link( 0): 3.0x901(1G): 0x80
01-01 01:06:05.218 D/mv2112_update_link( 0): 3.0x8109(100M): 0x0
01-01 01:06:05.223 D/mv2112_update_link( 0): link 0x0
01-01 01:06:05.227 D/mv2112_read_status( 0): autoneg is disabled
01-01 01:06:06.249 D/ ( 0): mv2112_read_status
01-01 01:06:06.252 D/mv2112_update_link( 0): 3.0x901(1G): 0x80
01-01 01:06:06.258 D/mv2112_update_link( 0): 3.0x8109(100M): 0x0
01-01 01:06:06.266 D/mv2112_update_link( 0): link 0x0
01-01 01:06:06.270 D/mv2112_read_status( 0): autoneg is disabled
01-01 01:06:06.312 I/init ( 0): starting service 'qvrd_vndr'...
01-01 01:06:06.319 I/init ( 0): Created socket '/dev/socket/qvrservice_vndr', mode 660, user 1000, group 1000
01-01 01:06:06.329 I/init ( 0): Created socket '/dev/socket/qvrservice_vndr_camera', mode 660, user 1000, group 1000
01-01 01:06:06.354 I/init ( 0): starting service 'sxrd'...
01-01 01:06:06.369 I/init ( 0): Service 'qvrd_vndr' (pid 31321) exited with status 1
01-01 01:06:06.376 I/init ( 0): Sending signal 9 to service 'qvrd_vndr' (pid 31321) process group...
01-01 01:06:06.385 I/libprocessgroup( 0): Successfully killed process cgroup uid 1000 pid 31321 in 0ms
01-01 01:06:06.395 I/init ( 0): Service 'sxrd' (pid 31328) exited with status 1
01-01 01:06:06.401 I/init ( 0): Sending signal 9 to service 'sxrd' (pid 31328) process group...
01-01 01:06:06.409 I/libprocessgroup( 0): Successfully killed process cgroup uid 1000 pid 31328 in 0ms
08-22 18:41:58.612 F/linker (31321): CANNOT LINK EXECUTABLE "/vendor/bin/hw/qvrservice": library "vendor.qti.hardware.qxr-V1-ndk_platform.so" not found: needed by /vendor/lib64/libqvrservice.so in namespace (default)
08-22 18:41:58.624 F/linker (31328): CANNOT LINK EXECUTABLE "/vendor/bin/hw/sxrservice": library "vendor.qti.hardware.qxr-V1-ndk_platform.so" not found: needed by main executable
01-01 01:06:07.272 D/ ( 0): mv2112_read_status
01-01 01:06:07.276 D/mv2112_update_link( 0): 3.0x901(1G): 0x80
01-01 01:06:07.281 D/mv2112_update_link( 0): 3.0x8109(100M): 0x0
01-01 01:06:07.286 D/mv2112_update_link( 0): link 0x0
01-01 01:06:07.291 D/mv2112_read_status( 0): autoneg is disabled
01-01 01:06:08.296 D/ ( 0): mv2112_read_status
01-01 01:06:08.300 D/mv2112_update_link( 0): 3.0x901(1G): 0x80
01-01 01:06:08.315 D/mv2112_update_link( 0): 3.0x8109(100M): 0x0
01-01 01:06:08.320 D/mv2112_update_link( 0): link 0x0
01-01 01:06:08.324 D/mv2112_read_status( 0): autoneg is disabled
01-01 01:06:09.352 D/ ( 0): mv2112_read_status
01-01 01:06:09.356 D/mv2112_update_link( 0): 3.0x901(1G): 0x80
01-01 01:06:09.366 D/mv2112_update_link( 0): 3.0x8109(100M): 0x0
01-01 01:06:09.373 D/mv2112_update_link( 0): link 0x0
01-01 01:06:09.380 D/mv2112_read_status( 0): autoneg is disabled
01-01 01:06:10.408 D/ ( 0): mv2112_read_status
01-01 01:06:10.412 D/mv2112_update_link( 0): 3.0x901(1G): 0x80
01-01 01:06:10.418 D/mv2112_update_link( 0): 3.0x8109(100M): 0x0
01-01 01:06:10.423 D/mv2112_update_link( 0): link 0x0
01-01 01:06:10.427 D/mv2112_read_status( 0): autoneg is disabled
01-01 01:06:11.353 I/init ( 0): starting service 'qvrd_vndr'...
01-01 01:06:11.360 I/init ( 0): Created socket '/dev/socket/qvrservice_vndr', mode 660, user 1000, group 1000
01-01 01:06:11.372 I/init ( 0): Created socket '/dev/socket/qvrservice_vndr_camera', mode 660, user 1000, group 1000
01-01 01:06:11.394 I/init ( 0): starting service 'sxrd'...
01-01 01:06:11.425 I/init ( 0): Service 'qvrd_vndr' (pid 32574) exited with status 1
01-01 01:06:11.431 I/init ( 0): Sending signal 9 to service 'qvrd_vndr' (pid 32574) process group...
01-01 01:06:11.434 D/ ( 0): mv2112_read_status
01-01 01:06:11.440 I/libprocessgroup( 0): Successfully killed process cgroup uid 1000 pid 32574 in 0ms
01-01 01:06:11.445 D/mv2112_update_link( 0): 3.0x901(1G): 0x80
01-01 01:06:11.452 I/init ( 0): Service 'sxrd' (pid 32581) exited with status 1
01-01 01:06:11.456 D/mv2112_update_link( 0): 3.0x8109(100M): 0x0
01-01 01:06:11.463 I/init ( 0): Sending signal 9 to service 'sxrd' (pid 32581) process group...
01-01 01:06:11.467 D/mv2112_update_link( 0): link 0x0
01-01 01:06:11.475 I/libprocessgroup( 0): Successfully killed process cgroup uid 1000 pid 32581 in 0ms
01-01 01:06:11.479 D/mv2112_read_status( 0): autoneg is disabled
08-22 18:42:03.670 F/linker (32574): CANNOT LINK EXECUTABLE "/vendor/bin/hw/qvrservice": library "vendor.qti.hardware.qxr-V1-ndk_platform.so" not found: needed by /vendor/lib64/libqvrservice.so in namespace (default)
08-22 18:42:03.684 F/linker (32581): CANNOT LINK EXECUTABLE "/vendor/bin/hw/sxrservice": library "vendor.qti.hardware.qxr-V1-ndk_platform.so" not found: needed by main executable
01-01 01:06:12.520 D/ ( 0): mv2112_read_status
01-01 01:06:12.524 D/mv2112_update_link( 0): 3.0x901(1G): 0x80
01-01 01:06:12.529 D/mv2112_update_link( 0): 3.0x8109(100M): 0x0
01-01 01:06:12.535 D/mv2112_update_link( 0): link 0x0
01-01 01:06:12.539 D/mv2112_read_status( 0): autoneg is disabled
01-01 01:06:13.544 D/ ( 0): mv2112_read_status
01-01 01:06:13.549 D/mv2112_update_link( 0): 3.0x901(1G): 0x80
01-01 01:06:13.557 D/mv2112_update_link( 0): 3.0x8109(100M): 0x0
01-01 01:06:13.562 D/mv2112_update_link( 0): link 0x0
01-01 01:06:13.566 D/mv2112_read_status( 0): autoneg is disabled
01-01 01:06:14.568 D/ ( 0): mv2112_read_status
01-01 01:06:14.572 D/mv2112_update_link( 0): 3.0x901(1G): 0x80
01-01 01:06:14.577 D/mv2112_update_link( 0): 3.0x8109(100M): 0x0
01-01 01:06:14.585 D/mv2112_update_link( 0): link 0x0
01-01 01:06:14.590 D/mv2112_read_status( 0): autoneg is disabled
01-01 01:06:15.593 D/ ( 0): mv2112_read_status
01-01 01:06:15.596 D/mv2112_update_link( 0): 3.0x901(1G): 0x80
01-01 01:06:15.602 D/mv2112_update_link( 0): 3.0x8109(100M): 0x0
01-01 01:06:15.607 D/mv2112_update_link( 0): link 0x0
01-01 01:06:15.612 D/mv2112_read_status( 0): autoneg is disabled
01-01 01:06:16.395 I/init ( 0): starting service 'qvrd_vndr'...
01-01 01:06:16.401 I/init ( 0): Created socket '/dev/socket/qvrservice_vndr', mode 660, user 1000, group 1000
01-01 01:06:16.411 I/init ( 0): Created socket '/dev/socket/qvrservice_vndr_camera', mode 660, user 1000, group 1000
01-01 01:06:16.433 I/init ( 0): starting service 'sxrd'...
01-01 01:06:16.460 I/init ( 0): Service 'qvrd_vndr' (pid 3168) exited with status 1
01-01 01:06:16.467 I/init ( 0): Sending signal 9 to service 'qvrd_vndr' (pid 3168) process group...
01-01 01:06:16.476 I/libprocessgroup( 0): Successfully killed process cgroup uid 1000 pid 3168 in 0ms
01-01 01:06:16.486 I/init ( 0): Service 'sxrd' (pid 3190) exited with status 1
01-01 01:06:16.492 I/init ( 0): Sending signal 9 to service 'sxrd' (pid 3190) process group...
01-01 01:06:16.500 I/libprocessgroup( 0): Successfully killed process cgroup uid 1000 pid 3190 in 0ms
08-22 18:42:08.706 F/linker ( 3168): CANNOT LINK EXECUTABLE "/vendor/bin/hw/qvrservice": library "vendor.qti.hardware.qxr-V1-ndk_platform.so" not found: needed by /vendor/lib64/libqvrservice.so in namespace (default)
08-22 18:42:08.722 F/linker ( 3190): CANNOT LINK EXECUTABLE "/vendor/bin/hw/sxrservice": library "vendor.qti.hardware.qxr-V1-ndk_platform.so" not found: needed by main executable
01-01 01:06:16.616 D/ ( 0): mv2112_read_status
01-01 01:06:16.620 D/mv2112_update_link( 0): 3.0x901(1G): 0x80
01-01 01:06:16.626 D/mv2112_update_link( 0): 3.0x8109(100M): 0x0
01-01 01:06:16.635 D/mv2112_update_link( 0): link 0x0
01-01 01:06:16.639 D/mv2112_read_status( 0): autoneg is disabled
01-01 01:06:17.673 D/ ( 0): mv2112_read_status
01-01 01:06:17.678 D/mv2112_update_link( 0): 3.0x901(1G): 0x80
01-01 01:06:17.684 D/mv2112_update_link( 0): 3.0x8109(100M): 0x0
01-01 01:06:17.689 D/mv2112_update_link( 0): link 0x0
01-01 01:06:17.693 D/mv2112_read_status( 0): autoneg is disabled
01-01 01:06:18.696 D/ ( 0): mv2112_read_status
01-01 01:06:18.700 D/mv2112_update_link( 0): 3.0x901(1G): 0x80
01-01 01:06:18.706 D/mv2112_update_link( 0): 3.0x8109(100M): 0x0
01-01 01:06:18.711 D/mv2112_update_link( 0): link 0x0
01-01 01:06:18.716 D/mv2112_read_status( 0): autoneg is disabled
01-01 01:06:19.720 D/ ( 0): mv2112_read_status
01-01 01:06:19.724 D/mv2112_update_link( 0): 3.0x901(1G): 0x80
01-01 01:06:19.729 D/mv2112_update_link( 0): 3.0x8109(100M): 0x0
01-01 01:06:19.736 D/mv2112_update_link( 0): link 0x0
01-01 01:06:19.740 D/mv2112_read_status( 0): autoneg is disabled
01-01 01:06:20.751 D/ ( 0): mv2112_read_status
01-01 01:06:20.754 D/mv2112_update_link( 0): 3.0x901(1G): 0x80
01-01 01:06:20.759 D/mv2112_update_link( 0): 3.0x8109(100M): 0x0
01-01 01:06:20.765 D/mv2112_update_link( 0): link 0x0
01-01 01:06:20.769 D/mv2112_read_status( 0): autoneg is disabled
01-01 01:06:21.434 I/init ( 0): starting service 'qvrd_vndr'...
01-01 01:06:21.440 I/init ( 0): Created socket '/dev/socket/qvrservice_vndr', mode 660, user 1000, group 1000
01-01 01:06:21.451 I/init ( 0): Created socket '/dev/socket/qvrservice_vndr_camera', mode 660, user 1000, group 1000
01-01 01:06:21.473 I/init ( 0): starting service 'sxrd'...
01-01 01:06:21.492 I/init ( 0): Service 'qvrd_vndr' (pid 5330) exited with status 1
01-01 01:06:21.499 I/init ( 0): Sending signal 9 to service 'qvrd_vndr' (pid 5330) process group...
01-01 01:06:21.507 I/libprocessgroup( 0): Successfully killed process cgroup uid 1000 pid 5330 in 0ms
01-01 01:06:21.517 I/init ( 0): starting service 'vendor.light-hal-2-0'...
01-01 01:06:21.534 I/init ( 0): Service 'sxrd' (pid 5336) exited with status 1
01-01 01:06:21.540 I/init ( 0): Sending signal 9 to service 'sxrd' (pid 5336) process group...
08-22 18:42:13.738 F/linker ( 5330): CANNOT LINK EXECUTABLE "/vendor/bin/hw/qvrservice": library "vendor.qti.hardware.qxr-V1-ndk_platform.so" not found: needed by /vendor/lib64/libqvrservice.so in namespace (default)
08-22 18:42:13.768 F/linker ( 5336): CANNOT LINK EXECUTABLE "/vendor/bin/hw/sxrservice": library "vendor.qti.hardware.qxr-V1-ndk_platform.so" not found: needed by main executable
01-01 01:06:21.800 D/ ( 0): mv2112_read_status
01-01 01:06:21.804 D/mv2112_update_link( 0): 3.0x901(1G): 0x80
01-01 01:06:21.809 D/mv2112_update_link( 0): 3.0x8109(100M): 0x0
01-01 01:06:21.814 D/mv2112_update_link( 0): link 0x0
01-01 01:06:21.819 D/mv2112_read_status( 0): autoneg is disabled
01-01 01:06:22.824 D/ ( 0): mv2112_read_status
01-01 01:06:22.828 D/mv2112_update_link( 0): 3.0x901(1G): 0x80
01-01 01:06:22.833 D/mv2112_update_link( 0): 3.0x8109(100M): 0x0
01-01 01:06:22.839 D/mv2112_update_link( 0): link 0x0
01-01 01:06:22.844 D/mv2112_read_status( 0): autoneg is disabled
01-01 01:06:23.848 D/ ( 0): mv2112_read_status
01-01 01:06:23.852 D/mv2112_update_link( 0): 3.0x901(1G): 0x80
01-01 01:06:23.859 D/mv2112_update_link( 0): 3.0x8109(100M): 0x0
01-01 01:06:23.864 D/mv2112_update_link( 0): link 0x0
01-01 01:06:23.871 D/mv2112_read_status( 0): autoneg is disabled
01-01 01:06:24.872 D/ ( 0): mv2112_read_status
01-01 01:06:24.877 D/mv2112_update_link( 0): 3.0x901(1G): 0x80
01-01 01:06:24.883 D/mv2112_update_link( 0): 3.0x8109(100M): 0x0
01-01 01:06:24.891 D/mv2112_update_link( 0): link 0x0
01-01 01:06:24.896 D/mv2112_read_status( 0): autoneg is disabled
01-01 01:06:25.930 D/ ( 0): mv2112_read_status
01-01 01:06:25.934 D/mv2112_update_link( 0): 3.0x901(1G): 0x80
01-01 01:06:25.941 D/mv2112_update_link( 0): 3.0x8109(100M): 0x0
01-01 01:06:25.946 D/mv2112_update_link( 0): link 0x0
01-01 01:06:25.951 D/mv2112_read_status( 0): autoneg is disabled
01-01 01:06:26.474 I/init ( 0): starting service 'qvrd_vndr'...
01-01 01:06:26.480 I/init ( 0): Created socket '/dev/socket/qvrservice_vndr', mode 660, user 1000, group 1000
01-01 01:06:26.492 I/init ( 0): Created socket '/dev/socket/qvrservice_vndr_camera', mode 660, user 1000, group 1000
01-01 01:06:26.512 I/init ( 0): starting service 'sxrd'...
01-01 01:06:26.529 I/init ( 0): starting service 'vendor.light-hal-2-0'...
08-22 18:42:18.776 F/linker ( 7130): CANNOT LINK EXECUTABLE "/vendor/bin/hw/qvrservice": library "vendor.qti.hardware.qxr-V1-ndk_platform.so" not found: needed by /vendor/lib64/libqvrservice.so in namespace (default)
01-01 01:06:26.543 I/init ( 0): Service 'qvrd_vndr' (pid 7130) exited with status 1
01-01 01:06:26.551 I/init ( 0): Sending signal 9 to service 'qvrd_vndr' (pid 7130) process group...
01-01 01:06:26.560 I/libprocessgroup( 0): Successfully killed process cgroup uid 1000 pid 7130 in 0ms
01-01 01:06:26.569 I/init ( 0): Service 'sxrd' (pid 7137) exited with status 1
01-01 01:06:26.576 I/init ( 0): Sending signal 9 to service 'sxrd' (pid 7137) process group...
08-22 18:42:18.793 F/linker ( 7137): CANNOT LINK EXECUTABLE "/vendor/bin/hw/sxrservice": library "vendor.qti.hardware.qxr-V1-ndk_platform.so" not found: needed by main executable
01-01 01:06:26.984 D/ ( 0): mv2112_read_status
01-01 01:06:26.988 D/mv2112_update_link( 0): 3.0x901(1G): 0x80
01-01 01:06:26.993 D/mv2112_update_link( 0): 3.0x8109(100M): 0x0
01-01 01:06:26.998 D/mv2112_update_link( 0): link 0x0
01-01 01:06:27.003 D/mv2112_read_status( 0): autoneg is disabled
01-01 01:06:28.008 D/ ( 0): mv2112_read_status
01-01 01:06:28.012 D/mv2112_update_link( 0): 3.0x901(1G): 0x80
01-01 01:06:28.017 D/mv2112_update_link( 0): 3.0x8109(100M): 0x0
01-01 01:06:28.022 D/mv2112_update_link( 0): link 0x0
01-01 01:06:28.028 D/mv2112_read_status( 0): autoneg is disabled
01-01 01:06:29.033 D/ ( 0): mv2112_read_status
01-01 01:06:29.041 D/mv2112_update_link( 0): 3.0x901(1G): 0x80
01-01 01:06:29.046 D/mv2112_update_link( 0): 3.0x8109(100M): 0x0
01-01 01:06:29.054 D/mv2112_update_link( 0): link 0x0
01-01 01:06:29.059 D/mv2112_read_status( 0): autoneg is disabled
08-22 18:42:21.545 I/DreamManagerService( 1164): Gently waking up from dream.
08-22 18:42:21.545 I/DreamManagerService( 1164): Performing gentle wake from dream.
08-22 18:42:21.580 D/CompatibilityChangeReporter( 1164): Compat change id reported: 135634846; UID 10077; state: DISABLED
08-22 18:42:21.580 D/CompatibilityChangeReporter( 1164): Compat change id reported: 177438394; UID 10077; state: DISABLED
08-22 18:42:21.580 D/CompatibilityChangeReporter( 1164): Compat change id reported: 135772972; UID 10077; state: DISABLED
08-22 18:42:21.581 D/CompatibilityChangeReporter( 1164): Compat change id reported: 135754954; UID 10077; state: ENABLED
08-22 18:42:21.581 D/CompatibilityChangeReporter( 1164): Compat change id reported: 143937733; UID 10077; state: ENABLED
08-22 18:42:21.602 I/PowerManagerService( 1164): Powering on display group fromDreaming (groupId=0, uid=1000, reason=WAKE_REASON_UNKNOWN, details=android.server.power:DREAM_FINISHED)...
08-22 18:42:21.602 I/PowerManagerService( 1164): Waking up from Dreaming (uid=1000, reason=WAKE_REASON_UNKNOWN, details=android.server.power:DREAM_FINISHED)...
01-01 01:06:29.414 I/binder ( 0): 8190:8190 ioctl 40046210 7ffbecfd54 returned -22
08-22 18:42:21.621 I/ActivityManager( 1164): Start proc 8190:com.example.android.locationattribution/u0a77 for null
08-22 18:42:21.677 D/CompatibilityChangeReporter( 1164): Compat change id reported: 168419799; UID 10077; state: DISABLED
08-22 18:42:21.884 I/DreamManagerService( 1164): Leaving dreamland.
08-22 18:42:21.885 I/DreamManagerService( 1164): Performing gentle wake from dream.
08-22 18:42:21.886 I/DreamController( 1164): Stopping dream: name=ComponentInfo{com.android.deskclock/com.android.deskclock.Screensaver}, isTest=false, canDoze=false, userId=0, reason='finished self'(from 'finished self')
08-22 18:42:21.908 W/ActivityTaskManager( 1164): Can't find TaskDisplayArea to determine support for multi window. Task id=50 attached=false
01-01 01:06:30.088 D/ ( 0): mv2112_read_status
01-01 01:06:30.092 D/mv2112_update_link( 0): 3.0x901(1G): 0x80
01-01 01:06:30.097 D/mv2112_update_link( 0): 3.0x8109(100M): 0x0
01-01 01:06:30.102 D/mv2112_update_link( 0): link 0x0
01-01 01:06:30.106 D/mv2112_read_status( 0): autoneg is disabled
01-01 01:06:30.569 I/afe_find_cal_topo_id_by_port( 0): port id: 0x9000, dev_acdb_id: 0
01-01 01:06:30.576 I/afe_find_cal_topo_id_by_port( 0): top_id:112fc acdb_id:15 afe_port:0x9000
01-01 01:06:30.584 I/afe_get_cal_topology_id( 0): port_id = 0x9000 acdb_id = 15 topology_id = 0x112fc cal_type_index=8 ret=0
01-01 01:06:30.595 I/afe_send_port_topology_id( 0): AFE set topology id 0x112fc enable for port 0x9000 ret 0
01-01 01:06:30.604 I/send_afe_cal_type( 0): cal_index is 0
01-01 01:06:30.608 I/send_afe_cal_type( 0): dev_acdb_id[55] is 0
01-01 01:06:30.614 I/send_afe_cal_type( 0): Sending cal_index cal 0
01-01 01:06:30.619 E/send_afe_cal_type( 0): No cal sent for cal_index 0, port_id = 0x9000! ret -22
01-01 01:06:30.628 I/afe_send_hw_delay( 0): port_id 0x9000 rate 48000 delay_usec 474 status 0
08-22 18:42:22.788 I/ActivityTaskManager( 1164): START u0 {act=android.intent.action.MAIN cat=[android.intent.category.LAUNCHER] flg=0x10200000 pkg=com.android.gallery3d cmp=com.android.gallery3d/.app.GalleryActivity bnds=[336,662][634,975]} from uid 10106
08-22 18:42:22.797 I/DropBoxManagerService( 1164): add tag=system_app_strictmode isTagEnabled=true flags=0x2
08-22 18:42:22.801 W/ActivityTaskManager( 1164): Can't find TaskDisplayArea to determine support for multi window. Task id=51 attached=false
08-22 18:42:22.829 V/SplashScreenExceptionList( 1164): SplashScreen checking exception for package com.android.gallery3d (target sdk:29) -> false
08-22 18:42:22.836 D/PhoneStartingWindowTypeAlgorithm( 2258): preferredStartingWindowType newTask:true taskSwitch:true processRunning:true allowTaskSnapshot:true activityCreated:false useEmptySplashScreen:false legacySplashScreen:false topIsHome:false
08-22 18:42:22.836 D/StartingSurfaceDrawer( 2258): addSplashScreen com.android.gallery3d theme=7f120034 task=51 suggestType=1
08-22 18:42:22.840 D/StartingSurfaceDrawer( 2258): window attributes color: 0 icon null duration 0 brandImage null
08-22 18:42:22.840 I/ActivityTaskManager( 1164): The Process com.android.gallery3d Already Exists in BG. So sending its PID: 11654
08-22 18:42:22.841 W/ActivityTaskManager( 1164): Tried to set launchTime (0) < mLastActivityLaunchTime (3205223)
08-22 18:42:22.848 D/StartingSurfaceDrawer( 2258): FgMainColor=fff1f1f1 BgMainColor=ff4285f4 IsBgComplex=false FromCache=true ThemeColor=ff000000
08-22 18:42:22.848 D/StartingSurfaceDrawer( 2258): isRgbSimilarInHsv a: ff000000 b ff4285f4 contrast ratio: 5.8929925
08-22 18:42:22.848 D/StartingSurfaceDrawer( 2258): hsvDiff -143 ah 0.0 bh 217.41573 as 0.0 bs 0.7295082 av 0.0 bv 0.95686275 sqH 0.6311419710995239 sqS 0.5321822447246269 sqV 0.9155863178770893 root 0.8324483034401676
08-22 18:42:22.848 D/StartingSurfaceDrawer( 2258): makeSplashScreenContentView: draw whole icon
08-22 18:42:22.849 D/StartingSurfaceDrawer( 2258): fillViewWithIcon surfaceWindowView android.window.SplashScreenView{4c6b685 V.E...... ......ID 0,0-0,0}
08-22 18:42:22.959 D/StartingSurfaceDrawer( 2258): Task start finish, remove starting surface for task 51
08-22 18:42:22.959 V/StartingSurfaceDrawer( 2258): Removing splash screen window for task: 51
01-01 01:06:31.115 D/ ( 0): mv2112_read_status
01-01 01:06:31.120 D/mv2112_update_link( 0): 3.0x901(1G): 0x80
01-01 01:06:31.140 D/mv2112_update_link( 0): 3.0x8109(100M): 0x0
01-01 01:06:31.145 D/mv2112_update_link( 0): link 0x0
01-01 01:06:31.149 D/mv2112_read_status( 0): autoneg is disabled
01-01 01:06:31.511 I/init ( 0): starting service 'qvrd_vndr'...
01-01 01:06:31.518 I/init ( 0): Created socket '/dev/socket/qvrservice_vndr', mode 660, user 1000, group 1000
01-01 01:06:31.528 I/init ( 0): Created socket '/dev/socket/qvrservice_vndr_camera', mode 660, user 1000, group 1000
01-01 01:06:31.549 I/init ( 0): starting service 'sxrd'...
01-01 01:06:31.565 I/init ( 0): starting service 'vendor.light-hal-2-0'...
08-22 18:42:23.815 F/linker ( 8868): CANNOT LINK EXECUTABLE "/vendor/bin/hw/qvrservice": library "vendor.qti.hardware.qxr-V1-ndk_platform.so" not found: needed by /vendor/lib64/libqvrservice.so in namespace (default)
01-01 01:06:31.579 I/init ( 0): Service 'qvrd_vndr' (pid 8868) exited with status 1
01-01 01:06:31.587 I/init ( 0): Sending signal 9 to service 'qvrd_vndr' (pid 8868) process group...
01-01 01:06:31.596 I/libprocessgroup( 0): Successfully killed process cgroup uid 1000 pid 8868 in 0ms
01-01 01:06:31.606 I/init ( 0): Service 'sxrd' (pid 8871) exited with status 1
01-01 01:06:31.612 I/init ( 0): Sending signal 9 to service 'sxrd' (pid 8871) process group...
08-22 18:42:23.829 F/linker ( 8871): CANNOT LINK EXECUTABLE "/vendor/bin/hw/sxrservice": library "vendor.qti.hardware.qxr-V1-ndk_platform.so" not found: needed by main executable
01-01 01:06:32.168 D/ ( 0): mv2112_read_status
01-01 01:06:32.173 D/mv2112_update_link( 0): 3.0x901(1G): 0x80
01-01 01:06:32.178 D/mv2112_update_link( 0): 3.0x8109(100M): 0x0
01-01 01:06:32.183 D/mv2112_update_link( 0): link 0x0
01-01 01:06:32.190 D/mv2112_read_status( 0): autoneg is disabled
01-01 01:06:33.192 D/ ( 0): mv2112_read_status
01-01 01:06:33.196 D/mv2112_update_link( 0): 3.0x901(1G): 0x80
