01-01 01:06:33.201 D/mv2112_update_link( 0): 3.0x8109(100M): 0x0
01-01 01:06:33.206 D/mv2112_update_link( 0): link 0x0
01-01 01:06:33.213 D/mv2112_read_status( 0): autoneg is disabled
01-01 01:06:33.950 I/afe_close( 0): port_id = 0x9000
01-01 01:06:34.216 D/ ( 0): mv2112_read_status
01-01 01:06:34.224 D/mv2112_update_link( 0): 3.0x901(1G): 0x80
01-01 01:06:34.229 D/mv2112_update_link( 0): 3.0x8109(100M): 0x0
01-01 01:06:34.235 D/mv2112_update_link( 0): link 0x0
01-01 01:06:34.239 D/mv2112_read_status( 0): autoneg is disabled
08-22 18:42:26.376 E/TaskPersister( 1164): File error accessing recents directory (directory doesn't exist?).
01-01 01:06:35.272 D/ ( 0): mv2112_read_status
01-01 01:06:35.276 D/mv2112_update_link( 0): 3.0x901(1G): 0x80
01-01 01:06:35.287 D/mv2112_update_link( 0): 3.0x8109(100M): 0x0
01-01 01:06:35.292 D/mv2112_update_link( 0): link 0x0
01-01 01:06:35.301 D/mv2112_read_status( 0): autoneg is disabled
01-01 01:06:36.328 D/ ( 0): mv2112_read_status
01-01 01:06:36.332 D/mv2112_update_link( 0): 3.0x901(1G): 0x80
01-01 01:06:36.338 D/mv2112_update_link( 0): 3.0x8109(100M): 0x0
01-01 01:06:36.343 D/mv2112_update_link( 0): link 0x0
01-01 01:06:36.348 D/mv2112_read_status( 0): autoneg is disabled
01-01 01:06:36.551 I/init ( 0): starting service 'qvrd_vndr'...
01-01 01:06:36.558 I/init ( 0): Created socket '/dev/socket/qvrservice_vndr', mode 660, user 1000, group 1000
01-01 01:06:36.568 I/init ( 0): Created socket '/dev/socket/qvrservice_vndr_camera', mode 660, user 1000, group 1000
01-01 01:06:36.588 I/init ( 0): starting service 'sxrd'...
01-01 01:06:36.603 I/init ( 0): starting service 'vendor.light-hal-2-0'...
01-01 01:06:36.622 I/init ( 0): Service 'qvrd_vndr' (pid 10640) exited with status 1
01-01 01:06:36.628 I/init ( 0): Sending signal 9 to service 'qvrd_vndr' (pid 10640) process group...
01-01 01:06:36.637 I/libprocessgroup( 0): Successfully killed process cgroup uid 1000 pid 10640 in 0ms
01-01 01:06:36.647 I/init ( 0): Service 'sxrd' (pid 10644) exited with status 1
01-01 01:06:36.653 I/init ( 0): Sending signal 9 to service 'sxrd' (pid 10644) process group...
08-22 18:42:28.864 F/linker (10640): CANNOT LINK EXECUTABLE "/vendor/bin/hw/qvrservice": library "vendor.qti.hardware.qxr-V1-ndk_platform.so" not found: needed by /vendor/lib64/libqvrservice.so in namespace (default)
08-22 18:42:28.865 F/linker (10644): CANNOT LINK EXECUTABLE "/vendor/bin/hw/sxrservice": library "vendor.qti.hardware.qxr-V1-ndk_platform.so" not found: needed by main executable
08-22 18:42:28.964 I/PowerManagerService( 1164): Napping display group (groupId=0, uid=1000)...
08-22 18:42:28.964 I/PowerManagerService( 1164): Nap time (uid 1000)...
08-22 18:42:28.971 I/DreamManagerService( 1164): Entering dreamland.
08-22 18:42:28.972 I/PowerManagerService( 1164): Dreaming...
08-22 18:42:28.976 I/DreamController( 1164): Starting dream: name=ComponentInfo{com.android.deskclock/com.android.deskclock.Screensaver}, isTest=false, canDoze=false, userId=0
08-22 18:42:28.987 D/AutofillManagerService( 1164): Close system dialogs
08-22 18:42:28.996 I/ActivityTaskManager( 1164): START u0 {flg=0x10000000 pkg=com.android.deskclock cmp=com.android.deskclock/android.service.dreams.DreamActivity (has extras)} from uid 10078
08-22 18:42:28.999 W/ActivityTaskManager( 1164): Can't find TaskDisplayArea to determine support for multi window. Task id=52 attached=false
08-22 18:42:29.016 V/SplashScreenExceptionList( 1164): SplashScreen checking exception for package com.android.deskclock (target sdk:29) -> false
08-22 18:42:29.058 I/ActivityTaskManager( 1164): The Process com.android.deskclock Already Exists in BG. So sending its PID: 3083
08-22 18:42:29.059 W/ActivityTaskManager( 1164): Tried to set launchTime (0) < mLastActivityLaunchTime (3571165)
08-22 18:42:29.090 W/WindowManager( 1164): Failed looking up window session=Session{6ad21f0 3083:u0a10078} callers=com.android.server.wm.WindowManagerService.windowForClientLocked:5626 com.android.server.wm.Session.insetsModified:629 android.view.IWindowSession$Stub.onTransact:1151
01-01 01:06:37.352 D/ ( 0): mv2112_read_status
01-01 01:06:37.356 D/mv2112_update_link( 0): 3.0x901(1G): 0x80
01-01 01:06:37.361 D/mv2112_update_link( 0): 3.0x8109(100M): 0x0
01-01 01:06:37.369 D/mv2112_update_link( 0): link 0x0
01-01 01:06:37.373 D/mv2112_read_status( 0): autoneg is disabled
01-01 01:06:38.411 D/ ( 0): mv2112_read_status
01-01 01:06:38.415 D/mv2112_update_link( 0): 3.0x901(1G): 0x80
01-01 01:06:38.421 D/mv2112_update_link( 0): 3.0x8109(100M): 0x0
01-01 01:06:38.427 D/mv2112_update_link( 0): link 0x0
01-01 01:06:38.433 D/mv2112_read_status( 0): autoneg is disabled
01-01 01:06:39.464 D/ ( 0): mv2112_read_status
01-01 01:06:39.468 D/mv2112_update_link( 0): 3.0x901(1G): 0x80
01-01 01:06:39.478 D/mv2112_update_link( 0): 3.0x8109(100M): 0x0
01-01 01:06:39.484 D/mv2112_update_link( 0): link 0x0
01-01 01:06:39.489 D/mv2112_read_status( 0): autoneg is disabled
01-01 01:06:40.524 D/ ( 0): mv2112_read_status
01-01 01:06:40.528 D/mv2112_update_link( 0): 3.0x901(1G): 0x80
01-01 01:06:40.533 D/mv2112_update_link( 0): 3.0x8109(100M): 0x0
01-01 01:06:40.540 D/mv2112_update_link( 0): link 0x0
01-01 01:06:40.544 D/mv2112_read_status( 0): autoneg is disabled
01-01 01:06:41.576 D/ ( 0): mv2112_read_status
01-01 01:06:41.580 D/mv2112_update_link( 0): 3.0x901(1G): 0x80
01-01 01:06:41.585 D/mv2112_update_link( 0): 3.0x8109(100M): 0x0
01-01 01:06:41.589 I/init ( 0): starting service 'qvrd_vndr'...
01-01 01:06:41.591 D/mv2112_update_link( 0): link 0x0
01-01 01:06:41.597 I/init ( 0): Created socket '/dev/socket/qvrservice_vndr', mode 660, user 1000, group 1000
01-01 01:06:41.599 D/mv2112_read_status( 0): autoneg is disabled
01-01 01:06:41.609 I/init ( 0): Created socket '/dev/socket/qvrservice_vndr_camera', mode 660, user 1000, group 1000
01-01 01:06:41.634 I/init ( 0): starting service 'sxrd'...
01-01 01:06:41.647 I/init ( 0): starting service 'vendor.light-hal-2-0'...
01-01 01:06:41.666 I/init ( 0): Service 'qvrd_vndr' (pid 12183) exited with status 1
01-01 01:06:41.673 I/init ( 0): Sending signal 9 to service 'qvrd_vndr' (pid 12183) process group...
01-01 01:06:41.681 I/libprocessgroup( 0): Successfully killed process cgroup uid 1000 pid 12183 in 0ms
01-01 01:06:41.691 I/init ( 0): Service 'sxrd' (pid 12189) exited with status 1
01-01 01:06:41.698 I/init ( 0): Sending signal 9 to service 'sxrd' (pid 12189) process group...
08-22 18:42:33.912 F/linker (12183): CANNOT LINK EXECUTABLE "/vendor/bin/hw/qvrservice": library "vendor.qti.hardware.qxr-V1-ndk_platform.so" not found: needed by /vendor/lib64/libqvrservice.so in namespace (default)
08-22 18:42:33.928 F/linker (12189): CANNOT LINK EXECUTABLE "/vendor/bin/hw/sxrservice": library "vendor.qti.hardware.qxr-V1-ndk_platform.so" not found: needed by main executable
01-01 01:06:42.632 D/ ( 0): mv2112_read_status
01-01 01:06:42.636 D/mv2112_update_link( 0): 3.0x901(1G): 0x80
01-01 01:06:42.641 D/mv2112_update_link( 0): 3.0x8109(100M): 0x0
01-01 01:06:42.649 D/mv2112_update_link( 0): link 0x0
01-01 01:06:42.654 D/mv2112_read_status( 0): autoneg is disabled
01-01 01:06:43.661 D/ ( 0): mv2112_read_status
01-01 01:06:43.664 D/mv2112_update_link( 0): 3.0x901(1G): 0x80
01-01 01:06:43.676 D/mv2112_update_link( 0): 3.0x8109(100M): 0x0
01-01 01:06:43.681 D/mv2112_update_link( 0): link 0x0
01-01 01:06:43.685 D/mv2112_read_status( 0): autoneg is disabled
01-01 01:06:44.712 D/ ( 0): mv2112_read_status
01-01 01:06:44.717 D/mv2112_update_link( 0): 3.0x901(1G): 0x80
01-01 01:06:44.723 D/mv2112_update_link( 0): 3.0x8109(100M): 0x0
01-01 01:06:44.728 D/mv2112_update_link( 0): link 0x0
01-01 01:06:44.732 D/mv2112_read_status( 0): autoneg is disabled
01-01 01:06:45.736 D/ ( 0): mv2112_read_status
01-01 01:06:45.740 D/mv2112_update_link( 0): 3.0x901(1G): 0x80
01-01 01:06:45.746 D/mv2112_update_link( 0): 3.0x8109(100M): 0x0
01-01 01:06:45.752 D/mv2112_update_link( 0): link 0x0
01-01 01:06:45.757 D/mv2112_read_status( 0): autoneg is disabled
01-01 01:06:46.635 I/init ( 0): starting service 'qvrd_vndr'...
01-01 01:06:46.641 I/init ( 0): Created socket '/dev/socket/qvrservice_vndr', mode 660, user 1000, group 1000
01-01 01:06:46.652 I/init ( 0): Created socket '/dev/socket/qvrservice_vndr_camera', mode 660, user 1000, group 1000
01-01 01:06:46.672 I/init ( 0): starting service 'sxrd'...
01-01 01:06:46.685 I/init ( 0): starting service 'vendor.light-hal-2-0'...
01-01 01:06:46.699 I/init ( 0): Service 'qvrd_vndr' (pid 14071) exited with status 1
01-01 01:06:46.706 I/init ( 0): Sending signal 9 to service 'qvrd_vndr' (pid 14071) process group...
01-01 01:06:46.714 I/libprocessgroup( 0): Successfully killed process cgroup uid 1000 pid 14071 in 0ms
01-01 01:06:46.724 I/init ( 0): Service 'sxrd' (pid 14073) exited with status 1
01-01 01:06:46.730 I/init ( 0): Sending signal 9 to service 'sxrd' (pid 14073) process group...
08-22 18:42:38.933 F/linker (14071): CANNOT LINK EXECUTABLE "/vendor/bin/hw/qvrservice": library "vendor.qti.hardware.qxr-V1-ndk_platform.so" not found: needed by /vendor/lib64/libqvrservice.so in namespace (default)
01-01 01:06:46.762 D/ ( 0): mv2112_read_status
01-01 01:06:46.765 D/mv2112_update_link( 0): 3.0x901(1G): 0x80
01-01 01:06:46.778 D/mv2112_update_link( 0): 3.0x8109(100M): 0x0
01-01 01:06:46.783 D/mv2112_update_link( 0): link 0x0
08-22 18:42:38.950 F/linker (14073): CANNOT LINK EXECUTABLE "/vendor/bin/hw/sxrservice": library "vendor.qti.hardware.qxr-V1-ndk_platform.so" not found: needed by main executable
01-01 01:06:46.787 D/mv2112_read_status( 0): autoneg is disabled
01-01 01:06:47.816 D/ ( 0): mv2112_read_status
01-01 01:06:47.820 D/mv2112_update_link( 0): 3.0x901(1G): 0x80
01-01 01:06:47.826 D/mv2112_update_link( 0): 3.0x8109(100M): 0x0
01-01 01:06:47.832 D/mv2112_update_link( 0): link 0x0
01-01 01:06:47.838 D/mv2112_read_status( 0): autoneg is disabled
01-01 01:06:48.840 D/ ( 0): mv2112_read_status
01-01 01:06:48.844 D/mv2112_update_link( 0): 3.0x901(1G): 0x80
01-01 01:06:48.857 D/mv2112_update_link( 0): 3.0x8109(100M): 0x0
01-01 01:06:48.862 D/mv2112_update_link( 0): link 0x0
01-01 01:06:48.866 D/mv2112_read_status( 0): autoneg is disabled
01-01 01:06:49.897 D/ ( 0): mv2112_read_status
01-01 01:06:49.902 D/mv2112_update_link( 0): 3.0x901(1G): 0x80
01-01 01:06:49.911 D/mv2112_update_link( 0): 3.0x8109(100M): 0x0
01-01 01:06:49.916 D/mv2112_update_link( 0): link 0x0
01-01 01:06:49.920 D/mv2112_read_status( 0): autoneg is disabled
01-01 01:06:50.953 D/ ( 0): mv2112_read_status
01-01 01:06:50.959 D/mv2112_update_link( 0): 3.0x901(1G): 0x80
01-01 01:06:50.965 D/mv2112_update_link( 0): 3.0x8109(100M): 0x0
01-01 01:06:50.971 D/mv2112_update_link( 0): link 0x0
01-01 01:06:50.976 D/mv2112_read_status( 0): autoneg is disabled
01-01 01:06:51.674 I/init ( 0): starting service 'qvrd_vndr'...
01-01 01:06:51.681 I/init ( 0): Created socket '/dev/socket/qvrservice_vndr', mode 660, user 1000, group 1000
01-01 01:06:51.691 I/init ( 0): Created socket '/dev/socket/qvrservice_vndr_camera', mode 660, user 1000, group 1000
01-01 01:06:51.711 I/init ( 0): starting service 'sxrd'...
01-01 01:06:51.726 I/init ( 0): starting service 'vendor.light-hal-2-0'...
01-01 01:06:51.742 I/init ( 0): Service 'qvrd_vndr' (pid 15882) exited with status 1
01-01 01:06:51.749 I/init ( 0): Sending signal 9 to service 'qvrd_vndr' (pid 15882) process group...
01-01 01:06:51.757 I/libprocessgroup( 0): Successfully killed process cgroup uid 1000 pid 15882 in 0ms
01-01 01:06:51.767 I/init ( 0): Service 'sxrd' (pid 15889) exited with status 1
01-01 01:06:51.773 I/init ( 0): Sending signal 9 to service 'sxrd' (pid 15889) process group...
08-22 18:42:43.987 F/linker (15882): CANNOT LINK EXECUTABLE "/vendor/bin/hw/qvrservice": library "vendor.qti.hardware.qxr-V1-ndk_platform.so" not found: needed by /vendor/lib64/libqvrservice.so in namespace (default)
08-22 18:42:43.995 F/linker (15889): CANNOT LINK EXECUTABLE "/vendor/bin/hw/sxrservice": library "vendor.qti.hardware.qxr-V1-ndk_platform.so" not found: needed by main executable
01-01 01:06:52.008 D/ ( 0): mv2112_read_status
01-01 01:06:52.013 D/mv2112_update_link( 0): 3.0x901(1G): 0x80
01-01 01:06:52.019 D/mv2112_update_link( 0): 3.0x8109(100M): 0x0
01-01 01:06:52.025 D/mv2112_update_link( 0): link 0x0
01-01 01:06:52.029 D/mv2112_read_status( 0): autoneg is disabled
01-01 01:06:53.033 D/ ( 0): mv2112_read_status
01-01 01:06:53.036 D/mv2112_update_link( 0): 3.0x901(1G): 0x80
01-01 01:06:53.043 D/mv2112_update_link( 0): 3.0x8109(100M): 0x0
01-01 01:06:53.048 D/mv2112_update_link( 0): link 0x0
01-01 01:06:53.053 D/mv2112_read_status( 0): autoneg is disabled
01-01 01:06:54.056 D/ ( 0): mv2112_read_status
01-01 01:06:54.060 D/mv2112_update_link( 0): 3.0x901(1G): 0x80
01-01 01:06:54.065 D/mv2112_update_link( 0): 3.0x8109(100M): 0x0
01-01 01:06:54.071 D/mv2112_update_link( 0): link 0x0
01-01 01:06:54.076 D/mv2112_read_status( 0): autoneg is disabled
01-01 01:06:55.080 D/ ( 0): mv2112_read_status
01-01 01:06:55.084 D/mv2112_update_link( 0): 3.0x901(1G): 0x80
01-01 01:06:55.094 D/mv2112_update_link( 0): 3.0x8109(100M): 0x0
01-01 01:06:55.100 D/mv2112_update_link( 0): link 0x0
01-01 01:06:55.104 D/mv2112_read_status( 0): autoneg is disabled
01-01 01:06:56.136 D/ ( 0): mv2112_read_status
01-01 01:06:56.140 D/mv2112_update_link( 0): 3.0x901(1G): 0x80
01-01 01:06:56.146 D/mv2112_update_link( 0): 3.0x8109(100M): 0x0
01-01 01:06:56.155 D/mv2112_update_link( 0): link 0x0
01-01 01:06:56.159 D/mv2112_read_status( 0): autoneg is disabled
01-01 01:06:56.712 I/init ( 0): starting service 'qvrd_vndr'...
01-01 01:06:56.719 I/init ( 0): Created socket '/dev/socket/qvrservice_vndr', mode 660, user 1000, group 1000
01-01 01:06:56.729 I/init ( 0): Created socket '/dev/socket/qvrservice_vndr_camera', mode 660, user 1000, group 1000
01-01 01:06:56.750 I/init ( 0): starting service 'sxrd'...
01-01 01:06:56.765 I/init ( 0): starting service 'vendor.light-hal-2-0'...
01-01 01:06:56.779 I/init ( 0): Service 'qvrd_vndr' (pid 17696) exited with status 1
01-01 01:06:56.786 I/init ( 0): Sending signal 9 to service 'qvrd_vndr' (pid 17696) process group...
01-01 01:06:56.795 I/libprocessgroup( 0): Successfully killed process cgroup uid 1000 pid 17696 in 0ms
01-01 01:06:56.804 I/init ( 0): Service 'sxrd' (pid 17700) exited with status 1
01-01 01:06:56.811 I/init ( 0): Sending signal 9 to service 'sxrd' (pid 17700) process group...
08-22 18:42:49.025 F/linker (17696): CANNOT LINK EXECUTABLE "/vendor/bin/hw/qvrservice": library "vendor.qti.hardware.qxr-V1-ndk_platform.so" not found: needed by /vendor/lib64/libqvrservice.so in namespace (default)
08-22 18:42:49.031 F/linker (17700): CANNOT LINK EXECUTABLE "/vendor/bin/hw/sxrservice": library "vendor.qti.hardware.qxr-V1-ndk_platform.so" not found: needed by main executable
01-01 01:06:57.192 D/ ( 0): mv2112_read_status
01-01 01:06:57.196 D/mv2112_update_link( 0): 3.0x901(1G): 0x80
01-01 01:06:57.201 D/mv2112_update_link( 0): 3.0x8109(100M): 0x0
01-01 01:06:57.206 D/mv2112_update_link( 0): link 0x0
01-01 01:06:57.213 D/mv2112_read_status( 0): autoneg is disabled
01-01 01:06:58.219 D/ ( 0): mv2112_read_status
01-01 01:06:58.225 D/mv2112_update_link( 0): 3.0x901(1G): 0x80
01-01 01:06:58.230 D/mv2112_update_link( 0): 3.0x8109(100M): 0x0
01-01 01:06:58.236 D/mv2112_update_link( 0): link 0x0
01-01 01:06:58.240 D/mv2112_read_status( 0): autoneg is disabled
01-01 01:06:59.272 D/ ( 0): mv2112_read_status
01-01 01:06:59.278 D/mv2112_update_link( 0): 3.0x901(1G): 0x80
01-01 01:06:59.285 D/mv2112_update_link( 0): 3.0x8109(100M): 0x0
01-01 01:06:59.290 D/mv2112_update_link( 0): link 0x0
01-01 01:06:59.296 D/mv2112_read_status( 0): autoneg is disabled
01-01 01:07:00.328 D/ ( 0): mv2112_read_status
01-01 01:07:00.332 D/mv2112_update_link( 0): 3.0x901(1G): 0x80
01-01 01:07:00.337 D/mv2112_update_link( 0): 3.0x8109(100M): 0x0
01-01 01:07:00.342 D/mv2112_update_link( 0): link 0x0
01-01 01:07:00.348 D/mv2112_read_status( 0): autoneg is disabled
01-01 01:07:01.352 D/ ( 0): mv2112_read_status
01-01 01:07:01.356 D/mv2112_update_link( 0): 3.0x901(1G): 0x80
01-01 01:07:01.362 D/mv2112_update_link( 0): 3.0x8109(100M): 0x0
01-01 01:07:01.369 D/mv2112_update_link( 0): link 0x0
01-01 01:07:01.374 D/mv2112_read_status( 0): autoneg is disabled
01-01 01:07:01.751 I/init ( 0): starting service 'qvrd_vndr'...
01-01 01:07:01.758 I/init ( 0): Created socket '/dev/socket/qvrservice_vndr', mode 660, user 1000, group 1000
01-01 01:07:01.768 I/init ( 0): Created socket '/dev/socket/qvrservice_vndr_camera', mode 660, user 1000, group 1000
01-01 01:07:01.790 I/init ( 0): starting service 'sxrd'...
01-01 01:07:01.804 I/init ( 0): starting service 'vendor.light-hal-2-0'...
01-01 01:07:01.825 I/init ( 0): Service 'sxrd' (pid 19534) exited with status 1
01-01 01:07:01.831 I/init ( 0): Sending signal 9 to service 'sxrd' (pid 19534) process group...
01-01 01:07:01.839 I/libprocessgroup( 0): Successfully killed process cgroup uid 1000 pid 19534 in 0ms
01-01 01:07:01.849 I/init ( 0): Service 'qvrd_vndr' (pid 19529) exited with status 1
01-01 01:07:01.856 I/init ( 0): Sending signal 9 to service 'qvrd_vndr' (pid 19529) process group...
08-22 18:42:54.070 F/linker (19534): CANNOT LINK EXECUTABLE "/vendor/bin/hw/sxrservice": library "vendor.qti.hardware.qxr-V1-ndk_platform.so" not found: needed by main executable
08-22 18:42:54.072 F/linker (19529): CANNOT LINK EXECUTABLE "/vendor/bin/hw/qvrservice": library "vendor.qti.hardware.qxr-V1-ndk_platform.so" not found: needed by /vendor/lib64/libqvrservice.so in namespace (default)
01-01 01:07:02.381 D/ ( 0): mv2112_read_status
01-01 01:07:02.384 D/mv2112_update_link( 0): 3.0x901(1G): 0x80
01-01 01:07:02.390 D/mv2112_update_link( 0): 3.0x8109(100M): 0x0
01-01 01:07:02.396 D/mv2112_update_link( 0): link 0x0
01-01 01:07:02.400 D/mv2112_read_status( 0): autoneg is disabled
01-01 01:07:03.432 D/ ( 0): mv2112_read_status
01-01 01:07:03.436 D/mv2112_update_link( 0): 3.0x901(1G): 0x80
01-01 01:07:03.444 D/mv2112_update_link( 0): 3.0x8109(100M): 0x0
01-01 01:07:03.451 D/mv2112_update_link( 0): link 0x0
01-01 01:07:03.457 D/mv2112_read_status( 0): autoneg is disabled
01-01 01:07:04.488 D/ ( 0): mv2112_read_status
01-01 01:07:04.493 D/mv2112_update_link( 0): 3.0x901(1G): 0x80
01-01 01:07:04.499 D/mv2112_update_link( 0): 3.0x8109(100M): 0x0
01-01 01:07:04.505 D/mv2112_update_link( 0): link 0x0
01-01 01:07:04.512 D/mv2112_read_status( 0): autoneg is disabled
01-01 01:07:05.546 D/ ( 0): mv2112_read_status
01-01 01:07:05.553 D/mv2112_update_link( 0): 3.0x901(1G): 0x80
01-01 01:07:05.558 D/mv2112_update_link( 0): 3.0x8109(100M): 0x0
01-01 01:07:05.564 D/mv2112_update_link( 0): link 0x0
01-01 01:07:05.568 D/mv2112_read_status( 0): autoneg is disabled
01-01 01:07:06.600 D/ ( 0): mv2112_read_status
01-01 01:07:06.604 D/mv2112_update_link( 0): 3.0x901(1G): 0x80
01-01 01:07:06.611 D/mv2112_update_link( 0): 3.0x8109(100M): 0x0
01-01 01:07:06.616 D/mv2112_update_link( 0): link 0x0
01-01 01:07:06.620 D/mv2112_read_status( 0): autoneg is disabled
01-01 01:07:06.790 I/init ( 0): starting service 'qvrd_vndr'...
01-01 01:07:06.796 I/init ( 0): Created socket '/dev/socket/qvrservice_vndr', mode 660, user 1000, group 1000
01-01 01:07:06.805 I/init ( 0): Created socket '/dev/socket/qvrservice_vndr_camera', mode 660, user 1000, group 1000
01-01 01:07:06.826 I/init ( 0): starting service 'sxrd'...
01-01 01:07:06.842 I/init ( 0): starting service 'vendor.light-hal-2-0'...
01-01 01:07:06.855 I/init ( 0): Service 'qvrd_vndr' (pid 21124) exited with status 1
01-01 01:07:06.862 I/init ( 0): Sending signal 9 to service 'qvrd_vndr' (pid 21124) process group...
01-01 01:07:06.870 I/libprocessgroup( 0): Successfully killed process cgroup uid 1000 pid 21124 in 0ms
01-01 01:07:06.880 I/init ( 0): Service 'sxrd' (pid 21126) exited with status 1
01-01 01:07:06.886 I/init ( 0): Sending signal 9 to service 'sxrd' (pid 21126) process group...
08-22 18:42:59.093 F/linker (21124): CANNOT LINK EXECUTABLE "/vendor/bin/hw/qvrservice": library "vendor.qti.hardware.qxr-V1-ndk_platform.so" not found: needed by /vendor/lib64/libqvrservice.so in namespace (default)
08-22 18:42:59.111 F/linker (21126): CANNOT LINK EXECUTABLE "/vendor/bin/hw/sxrservice": library "vendor.qti.hardware.qxr-V1-ndk_platform.so" not found: needed by main executable
01-01 01:07:07.624 D/ ( 0): mv2112_read_status
01-01 01:07:07.628 D/mv2112_update_link( 0): 3.0x901(1G): 0x80
01-01 01:07:07.641 D/mv2112_update_link( 0): 3.0x8109(100M): 0x0
01-01 01:07:07.647 D/mv2112_update_link( 0): link 0x0
01-01 01:07:07.652 D/mv2112_read_status( 0): autoneg is disabled
01-01 01:07:08.680 D/ ( 0): mv2112_read_status
01-01 01:07:08.684 D/mv2112_update_link( 0): 3.0x901(1G): 0x80
01-01 01:07:08.690 D/mv2112_update_link( 0): 3.0x8109(100M): 0x0
01-01 01:07:08.695 D/mv2112_update_link( 0): link 0x0
01-01 01:07:08.699 D/mv2112_read_status( 0): autoneg is disabled
01-01 01:07:09.704 D/ ( 0): mv2112_read_status
01-01 01:07:09.708 D/mv2112_update_link( 0): 3.0x901(1G): 0x80
01-01 01:07:09.714 D/mv2112_update_link( 0): 3.0x8109(100M): 0x0
01-01 01:07:09.720 D/mv2112_update_link( 0): link 0x0
01-01 01:07:09.727 D/mv2112_read_status( 0): autoneg is disabled
08-22 18:43:02.150 I/DreamManagerService( 1164): Gently waking up from dream.
08-22 18:43:02.150 I/DreamManagerService( 1164): Performing gentle wake from dream.
08-22 18:43:02.229 I/PowerManagerService( 1164): Powering on display group fromDreaming (groupId=0, uid=1000, reason=WAKE_REASON_UNKNOWN, details=android.server.power:DREAM_FINISHED)...
08-22 18:43:02.229 I/PowerManagerService( 1164): Waking up from Dreaming (uid=1000, reason=WAKE_REASON_UNKNOWN, details=android.server.power:DREAM_FINISHED)...
08-22 18:43:02.772 I/DreamManagerService( 1164): Leaving dreamland.
08-22 18:43:02.773 I/DreamManagerService( 1164): Performing gentle wake from dream.
08-22 18:43:02.773 I/DreamController( 1164): Stopping dream: name=ComponentInfo{com.android.deskclock/com.android.deskclock.Screensaver}, isTest=false, canDoze=false, userId=0, reason='finished self'(from 'finished self')
08-22 18:43:02.796 W/ActivityTaskManager( 1164): Can't find TaskDisplayArea to determine support for multi window. Task id=52 attached=false
01-01 01:07:10.728 D/ ( 0): mv2112_read_status
01-01 01:07:10.732 D/mv2112_update_link( 0): 3.0x901(1G): 0x80
01-01 01:07:10.738 D/mv2112_update_link( 0): 3.0x8109(100M): 0x0
01-01 01:07:10.743 D/mv2112_update_link( 0): link 0x0
01-01 01:07:10.748 D/mv2112_read_status( 0): autoneg is disabled
01-01 01:07:11.752 D/ ( 0): mv2112_read_status
01-01 01:07:11.758 D/mv2112_update_link( 0): 3.0x901(1G): 0x80
01-01 01:07:11.765 D/mv2112_update_link( 0): 3.0x8109(100M): 0x0
01-01 01:07:11.770 D/mv2112_update_link( 0): link 0x0
01-01 01:07:11.776 D/mv2112_read_status( 0): autoneg is disabled
01-01 01:07:11.824 I/init ( 0): starting service 'qvrd_vndr'...
01-01 01:07:11.831 I/init ( 0): Created socket '/dev/socket/qvrservice_vndr', mode 660, user 1000, group 1000
01-01 01:07:11.842 I/init ( 0): Created socket '/dev/socket/qvrservice_vndr_camera', mode 660, user 1000, group 1000
01-01 01:07:11.866 I/init ( 0): starting service 'sxrd'...
01-01 01:07:11.880 I/init ( 0): starting service 'vendor.light-hal-2-0'...
01-01 01:07:11.906 I/init ( 0): Service 'qvrd_vndr' (pid 22583) exited with status 1
01-01 01:07:11.913 I/init ( 0): Sending signal 9 to service 'qvrd_vndr' (pid 22583) process group...
01-01 01:07:11.921 I/libprocessgroup( 0): Successfully killed process cgroup uid 1000 pid 22583 in 0ms
01-01 01:07:11.931 I/init ( 0): Service 'sxrd' (pid 22589) exited with status 1
01-01 01:07:11.938 I/init ( 0): Sending signal 9 to service 'sxrd' (pid 22589) process group...
08-22 18:43:04.151 F/linker (22583): CANNOT LINK EXECUTABLE "/vendor/bin/hw/qvrservice": library "vendor.qti.hardware.qxr-V1-ndk_platform.so" not found: needed by /vendor/lib64/libqvrservice.so in namespace (default)
08-22 18:43:04.155 F/linker (22589): CANNOT LINK EXECUTABLE "/vendor/bin/hw/sxrservice": library "vendor.qti.hardware.qxr-V1-ndk_platform.so" not found: needed by main executable
01-01 01:07:12.808 D/ ( 0): mv2112_read_status
01-01 01:07:12.812 D/mv2112_update_link( 0): 3.0x901(1G): 0x80
01-01 01:07:12.817 D/mv2112_update_link( 0): 3.0x8109(100M): 0x0
01-01 01:07:12.822 D/mv2112_update_link( 0): link 0x0
01-01 01:07:12.827 D/mv2112_read_status( 0): autoneg is disabled
01-01 01:07:13.833 D/ ( 0): mv2112_read_status
01-01 01:07:13.837 D/mv2112_update_link( 0): 3.0x901(1G): 0x80
01-01 01:07:13.843 D/mv2112_update_link( 0): 3.0x8109(100M): 0x0
01-01 01:07:13.849 D/mv2112_update_link( 0): link 0x0
01-01 01:07:13.853 D/mv2112_read_status( 0): autoneg is disabled
01-01 01:07:14.856 D/ ( 0): mv2112_read_status
01-01 01:07:14.860 D/mv2112_update_link( 0): 3.0x901(1G): 0x80
01-01 01:07:14.865 D/mv2112_update_link( 0): 3.0x8109(100M): 0x0
01-01 01:07:14.870 D/mv2112_update_link( 0): link 0x0
01-01 01:07:14.875 D/mv2112_read_status( 0): autoneg is disabled
08-22 18:43:07.360 D/AutofillManagerService( 1164): onBackKeyPressed()
08-22 18:43:07.928 W/ActivityTaskManager( 1164): Can't find TaskDisplayArea to determine support for multi window. Task id=51 attached=false
08-22 18:43:07.928 W/ActivityTaskManager( 1164): Can't find TaskDisplayArea to determine support for multi window. Task id=51 attached=false
01-01 01:07:15.888 D/ ( 0): mv2112_read_status
01-01 01:07:15.893 D/mv2112_update_link( 0): 3.0x901(1G): 0x80
01-01 01:07:15.898 D/mv2112_update_link( 0): 3.0x8109(100M): 0x0
01-01 01:07:15.904 D/mv2112_update_link( 0): link 0x0
01-01 01:07:15.908 D/mv2112_read_status( 0): autoneg is disabled
01-01 01:07:16.865 I/init ( 0): starting service 'qvrd_vndr'...
01-01 01:07:16.870 I/init ( 0): Created socket '/dev/socket/qvrservice_vndr', mode 660, user 1000, group 1000
01-01 01:07:16.880 I/init ( 0): Created socket '/dev/socket/qvrservice_vndr_camera', mode 660, user 1000, group 1000
01-01 01:07:16.899 I/init ( 0): starting service 'sxrd'...
01-01 01:07:16.911 I/init ( 0): starting service 'vendor.light-hal-2-0'...
01-01 01:07:16.924 I/init ( 0): Service 'qvrd_vndr' (pid 24380) exited with status 1
01-01 01:07:16.930 I/init ( 0): Sending signal 9 to service 'qvrd_vndr' (pid 24380) process group...
01-01 01:07:16.937 D/ ( 0): mv2112_read_status
01-01 01:07:16.939 I/libprocessgroup( 0): Successfully killed process cgroup uid 1000 pid 24380 in 0ms
01-01 01:07:16.946 D/mv2112_update_link( 0): 3.0x901(1G): 0x80
01-01 01:07:16.951 I/init ( 0): Service 'sxrd' (pid 24385) exited with status 1
01-01 01:07:16.955 D/mv2112_update_link( 0): 3.0x8109(100M): 0x0
01-01 01:07:16.961 I/init ( 0): Sending signal 9 to service 'sxrd' (pid 24385) process group...
01-01 01:07:16.966 D/mv2112_update_link( 0): link 0x0
01-01 01:07:16.978 D/mv2112_read_status( 0): autoneg is disabled
08-22 18:43:09.157 F/linker (24380): CANNOT LINK EXECUTABLE "/vendor/bin/hw/qvrservice": library "vendor.qti.hardware.qxr-V1-ndk_platform.so" not found: needed by /vendor/lib64/libqvrservice.so in namespace (default)
08-22 18:43:09.189 F/linker (24385): CANNOT LINK EXECUTABLE "/vendor/bin/hw/sxrservice": library "vendor.qti.hardware.qxr-V1-ndk_platform.so" not found: needed by main executable
01-01 01:07:17.993 D/ ( 0): mv2112_read_status
01-01 01:07:17.996 D/mv2112_update_link( 0): 3.0x901(1G): 0x80
01-01 01:07:18.002 D/mv2112_update_link( 0): 3.0x8109(100M): 0x0
01-01 01:07:18.007 D/mv2112_update_link( 0): link 0x0
01-01 01:07:18.012 D/mv2112_read_status( 0): autoneg is disabled
08-22 18:43:10.875 D/WindowManager( 1164): powerPress: eventTime=3741366 interactive=true count=0 beganFromNonInteractive=false mShortPressOnPowerBehavior=1
08-22 18:43:10.875 I/PowerManagerService( 1164): Powering off display group due to power_button (groupId= 0, uid= 1000)...
08-22 18:43:10.875 I/PowerManagerService( 1164): Going to sleep due to power_button (uid 1000)...
08-22 18:43:10.876 D/CompatibilityChangeReporter( 1164): Compat change id reported: 173031413; UID 1000; state: ENABLED
08-22 18:43:10.876 D/CompatibilityChangeReporter( 1164): Compat change id reported: 173031413; UID 1000; state: DISABLED
08-22 18:43:10.965 E/TaskPersister( 1164): File error accessing recents directory (directory doesn't exist?).
01-01 01:07:19.018 D/ ( 0): mv2112_read_status
01-01 01:07:19.023 D/mv2112_update_link( 0): 3.0x901(1G): 0x80
01-01 01:07:19.030 D/mv2112_update_link( 0): 3.0x8109(100M): 0x0
01-01 01:07:19.039 D/mv2112_update_link( 0): link 0x0
01-01 01:07:19.043 D/mv2112_read_status( 0): autoneg is disabled
01-01 01:07:19.165 E/ ( 0): [MAX975X:max96755x_drm_notifier_callback] *ERROR* receives EARLY_BLANK:POWERDOWN
01-01 01:07:19.199 E/ ( 0): [MAX975X:max96755x_drm_notifier_callback] *ERROR* receives BLANK:POWERDOWN
08-22 18:43:11.367 I/DisplayPowerController[0]( 1164): Blocking screen off
08-22 18:43:11.367 I/DisplayPowerController[0]( 1164): Unblocked screen off after 1 ms
08-22 18:43:11.368 E/DisplayDeviceConfig( 1164): requesting nits when no mapping exists.
08-22 18:43:11.369 E/DisplayDeviceConfig( 1164): requesting nits when no mapping exists.
08-22 18:43:11.370 D/ActivityTaskManager( 1164): Top Process State changed to PROCESS_STATE_TOP_SLEEPING
08-22 18:43:11.373 I/DropBoxManagerService( 1164): add tag=system_server_wtf isTagEnabled=true flags=0x2
08-22 18:43:11.389 I/DropBoxManagerService( 1164): add tag=system_server_wtf isTagEnabled=true flags=0x2
08-22 18:43:11.391 V/DisplayPowerController[0]( 1164): Brightness [0.0] reason changing to: 'screen_off', previous reason: 'manual'.
08-22 18:43:11.392 I/DisplayDeviceRepository( 1164): Display device changed state: "内置å±å¹•", OFF
08-22 18:43:11.409 E/KernelCpuSpeedReader( 1164): Failed to read cpu-freq: /sys/devices/system/cpu/cpu4/cpufreq/stats/time_in_state: open failed: ENOENT (No such file or directory)
08-22 18:43:11.410 E/KernelCpuSpeedReader( 1164): Failed to read cpu-freq: /sys/devices/system/cpu/cpu0/cpufreq/stats/time_in_state: open failed: ENOENT (No such file or directory)
08-22 18:43:11.461 I/DreamManagerService( 1164): Entering dreamland.
08-22 18:43:11.461 I/PowerManagerService( 1164): Dozing...
08-22 18:43:11.462 I/DreamController( 1164): Starting dream: name=ComponentInfo{com.android.systemui/com.android.systemui.doze.DozeService}, isTest=false, canDoze=true, userId=0
08-22 18:43:11.463 D/AutofillManagerService( 1164): Close system dialogs
01-01 01:07:19.896 D/cnss ( 0): Runtime suspend start
01-01 01:07:19.901 I/[kworke][0x10dbfefa0d][18:43:12.148164] wlan( 0): [8623:I:PMO] pmo_core_is_wow_applicable: 319: lpass enabled, enabling wow
01-01 01:07:19.914 I/[kworke][0x10dc02ada7][18:43:12.160799] wlan( 0): [8623:I:PMO] pmo_core_enable_wow_in_fw: 807: drv wow is enabled
01-01 01:07:19.926 I/[kworke][0x10dc062b10][18:43:12.172815] wlan( 0): [8623:I:PMO] pmo_core_enable_wow_in_fw: 820: RTPM wow
01-01 01:07:19.937 I/[kworke][0x10dc09677f][18:43:12.183757] wlan( 0): [8623:I:WMI] send_wow_enable_cmd_tlv: 1831: suspend type: WOW_IFACE_PAUSE_ENABLED flag is 0x10
01-01 01:07:19.998 D/cnss ( 0): Setting MHI state: SUSPEND(6)
01-01 01:07:20.003 D/cnss ( 0): Suspending PCI link
01-01 01:07:20.007 D/cnss ( 0): Use PCIe DRV suspend
01-01 01:07:20.015 D/cnss ( 0): Runtime suspend status: 0
01-01 01:07:20.073 D/ ( 0): mv2112_read_status
01-01 01:07:20.076 D/mv2112_update_link( 0): 3.0x901(1G): 0x80
01-01 01:07:20.083 D/mv2112_update_link( 0): 3.0x8109(100M): 0x0
01-01 01:07:20.088 D/mv2112_update_link( 0): link 0x0
01-01 01:07:20.093 D/mv2112_read_status( 0): autoneg is disabled
01-01 01:07:20.514 D/cnss ( 0): Runtime resume start
01-01 01:07:20.519 D/cnss ( 0): Resuming PCI link
01-01 01:07:20.527 D/cnss ( 0): Set PCI link status to: 2
01-01 01:07:20.535 D/cnss ( 0): Setting MHI state: RESUME(7)
01-01 01:07:20.545 I/[kworke][0x10dcbbb251][18:43:12.792328] wlan( 0): [30248:I:PMO] pmo_core_psoc_send_host_wakeup_ind_to_fw: 1225: Host wakeup indication sent to fw
01-01 01:07:20.560 D/cnss ( 0): Runtime resume status: 0
01-01 01:07:20.565 D/cnss ( 0): Runtime idle
01-01 01:07:21.096 D/ ( 0): mv2112_read_status
01-01 01:07:21.100 D/mv2112_update_link( 0): 3.0x901(1G): 0x80
01-01 01:07:21.108 D/mv2112_update_link( 0): 3.0x8109(100M): 0x0
01-01 01:07:21.114 D/mv2112_update_link( 0): link 0x0
01-01 01:07:21.118 D/mv2112_read_status( 0): autoneg is disabled
01-01 01:07:21.252 D/cnss ( 0): Runtime suspend start
01-01 01:07:21.257 I/[kworke][0x10dd8c3c0f][18:43:13.504138] wlan( 0): [30248:I:PMO] pmo_core_is_wow_applicable: 319: lpass enabled, enabling wow
01-01 01:07:21.272 I/[kworke][0x10dd90af43][18:43:13.519327] wlan( 0): [30248:I:PMO] pmo_core_enable_wow_in_fw: 807: drv wow is enabled
01-01 01:07:21.284 I/[kworke][0x10dd941983][18:43:13.530984] wlan( 0): [30248:I:PMO] pmo_core_enable_wow_in_fw: 820: RTPM wow
01-01 01:07:21.295 I/[kworke][0x10dd9738e4][18:43:13.541642] wlan( 0): [30248:I:WMI] send_wow_enable_cmd_tlv: 1831: suspend type: WOW_IFACE_PAUSE_ENABLED flag is 0x10
01-01 01:07:21.354 D/cnss ( 0): Setting MHI state: SUSPEND(6)
01-01 01:07:21.359 D/cnss ( 0): Suspending PCI link
01-01 01:07:21.363 D/cnss ( 0): Use PCIe DRV suspend
01-01 01:07:21.371 D/cnss ( 0): Runtime suspend status: 0
01-01 01:07:21.738 I/[irq][0x10de19093a][18:43:13.984740] wlan( 0): [0:I:HIF] wake interrupt received on irq 425
01-01 01:07:21.747 I/[irq][0x10de1bdaa6][18:43:13.994358] wlan( 0): [0:I:HIF] Runtime PM resume is requested by hif_wake_interrupt_handler [wlan]
01-01 01:07:21.760 D/cnss ( 0): Runtime resume start
01-01 01:07:21.764 D/cnss ( 0): Resuming PCI link
01-01 01:07:21.770 D/cnss ( 0): Set PCI link status to: 2
01-01 01:07:21.774 D/cnss ( 0): Setting MHI state: RESUME(7)
01-01 01:07:21.781 I/[kworke][0x10de25b040][18:43:14.027927] wlan( 0): [30248:I:PMO] pmo_core_psoc_send_host_wakeup_ind_to_fw: 1225: Host wakeup indication sent to fw
01-01 01:07:21.790 F/[soft_i][0x10de285e40][18:43:14.037074] wlan( 0): [0:F:WMA] WLAN triggered wakeup: BPF_ALLOW (39), vdev: 0 (STA)
01-01 01:07:21.807 F/[soft_i][0x10de2d3654][18:43:14.053608] wlan( 0): [0:F:WMA] WLAN wake reason counters:
01-01 01:07:21.807 D/cnss ( 0): Runtime resume status: 0
01-01 01:07:21.815 F/[soft_i][0x10de2fcf76][18:43:14.062476] wlan( 0): [0:F:WMA] uc:3 bc:0 v4_mc:0 v6_mc:0 ra:0 ns:0 na:0 icmp:0 icmpv6:0
01-01 01:07:21.815 F/[soft_i][0x10de2fd09d][18:43:14.062491] wlan( 0): [0:F:WMA] assoc:0 disassoc:0 assoc_resp:0 reassoc:0 reassoc_resp:0 auth:0 deauth:0 action:0
01-01 01:07:21.815 F/[soft_i][0x10de2fd1a0][18:43:14.062505] wlan( 0): [0:F:WMA] pno_match:0 pno_complete:0 gscan:0 low_rssi:0 rssi_breach:0 oem:0 scan_11d:0
01-01 01:07:21.816 I/[soft_i][0x10de2fd640][18:43:14.062567] wlan( 0): [0:I:WMA] wma_wow_parse_data_pkt: 2172: Src_mac: 72:c3:54:69:df:0f, Dst_mac: de:80:07:da:d9:6c
01-01 01:07:21.820 D/cnss ( 0): Runtime idle
01-01 01:07:21.831 I/[soft_i][0x10de34726c][18:43:14.078302] wlan( 0): [0:I:WMA] WOW Wakeup: IPV4 TCP Packet rcvd
01-01 01:07:21.885 I/[soft_i][0x10de442777][18:43:14.131916] wlan( 0): [0:I:WMA] Pkt_len: 60, src_port: 35005, dst_port: 12600
01-01 01:07:21.895 F/[soft_i][0x10de474207][18:43:14.142510] wlan( 0): [0:F:WMA] WLAN wake reason counters:
01-01 01:07:21.901 I/init ( 0): starting service 'qvrd_vndr'...
01-01 01:07:21.904 F/[soft_i][0x10de49dbc0][18:43:14.151387] wlan( 0): [0:F:WMA] uc:4 bc:0 v4_mc:0 v6_mc:0 ra:0 ns:0 na:0 icmp:0 icmpv6:0
01-01 01:07:21.904 F/[soft_i][0x10de49dcaf][18:43:14.151399] wlan( 0): [0:F:WMA] assoc:0 disassoc:0 assoc_resp:0 reassoc:0 reassoc_resp:0 auth:0 deauth:0 action:0
01-01 01:07:21.904 F/[soft_i][0x10de49dd96][18:43:14.151411] wlan( 0): [0:F:WMA] pno_match:0 pno_complete:0 gscan:0 low_rssi:0 rssi_breach:0 oem:0 scan_11d:0
01-01 01:07:21.953 I/init ( 0): Created socket '/dev/socket/qvrservice_vndr', mode 660, user 1000, group 1000
01-01 01:07:21.967 I/init ( 0): Created socket '/dev/socket/qvrservice_vndr_camera', mode 660, user 1000, group 1000
01-01 01:07:21.987 I/init ( 0): starting service 'sxrd'...
01-01 01:07:22.001 I/init ( 0): starting service 'vendor.light-hal-2-0'...
01-01 01:07:22.020 I/init ( 0): Service 'qvrd_vndr' (pid 26069) exited with status 1
01-01 01:07:22.027 I/init ( 0): Sending signal 9 to service 'qvrd_vndr' (pid 26069) process group...
01-01 01:07:22.035 I/libprocessgroup( 0): Successfully killed process cgroup uid 1000 pid 26069 in 0ms
01-01 01:07:22.045 I/init ( 0): Service 'sxrd' (pid 26075) exited with status 1
01-01 01:07:22.052 I/init ( 0): Sending signal 9 to service 'sxrd' (pid 26075) process group...
08-22 18:43:14.266 F/linker (26069): CANNOT LINK EXECUTABLE "/vendor/bin/hw/qvrservice": library "vendor.qti.hardware.qxr-V1-ndk_platform.so" not found: needed by /vendor/lib64/libqvrservice.so in namespace (default)
08-22 18:43:14.269 F/linker (26075): CANNOT LINK EXECUTABLE "/vendor/bin/hw/sxrservice": library "vendor.qti.hardware.qxr-V1-ndk_platform.so" not found: needed by main executable
01-01 01:07:22.120 D/ ( 0): mv2112_read_status
01-01 01:07:22.124 D/mv2112_update_link( 0): 3.0x901(1G): 0x80
01-01 01:07:22.129 D/mv2112_update_link( 0): 3.0x8109(100M): 0x0
01-01 01:07:22.136 D/mv2112_update_link( 0): link 0x0
01-01 01:07:22.141 D/mv2112_read_status( 0): autoneg is disabled
01-01 01:07:22.354 E/ ( 0): [MAX975X:max96755x_drm_notifier_callback] *ERROR* receives EARLY_BLANK:UNBLANK
01-01 01:07:22.363 I/[drm:dsi_display_set_mode] [msm-dsi-info]( 0): mdp_transfer_time_us=0 us
01-01 01:07:22.370 I/[drm:dsi_display_set_mode] [msm-dsi-info]( 0): hactive= 2380,vactive= 1020,fps=60
01-01 01:07:22.379 I/[drm:dsi_ctrl_isr_configure] [msm-dsi-info]( 0): dsi-ctrl-0: IRQ 463 registered
01-01 01:07:22.425 I/[schedu][0x10dee2563d][18:43:14.671847] wlan( 0): [13930:I:OSIF] scan start scan id 41005
01-01 01:07:22.443 E/ ( 0): [MAX975X:max96755x_drm_notifier_callback] *ERROR* receives BLANK:UNBLANK
08-22 18:43:14.559 I/PowerManagerService( 1164): Powering on display group fromDozing (groupId=0, uid=1000, reason=WAKE_REASON_POWER_BUTTON, details=android.policy:POWER)...
08-22 18:43:14.559 I/PowerManagerService( 1164): Waking up from Dozing (uid=1000, reason=WAKE_REASON_POWER_BUTTON, details=android.policy:POWER)...
08-22 18:43:14.569 I/DisplayPowerController[0]( 1164): Blocking screen on until initial contents have been drawn.
08-22 18:43:14.589 I/WindowManager( 1164): Suppressed redundant power key press while already in the process of turning the screen on.
08-22 18:43:14.589 V/DisplayPowerController[0]( 1164): Brightness [0.39763778] reason changing to: 'manual', previous reason: 'screen_off'.
08-22 18:43:14.593 I/DisplayDeviceRepository( 1164): Display device changed state: "内置å±å¹•", ON
08-22 18:43:14.607 E/KernelCpuSpeedReader( 1164): Failed to read cpu-freq: /sys/devices/system/cpu/cpu4/cpufreq/stats/time_in_state: open failed: ENOENT (No such file or directory)
08-22 18:43:14.608 E/KernelCpuSpeedReader( 1164): Failed to read cpu-freq: /sys/devices/system/cpu/cpu0/cpufreq/stats/time_in_state: open failed: ENOENT (No such file or directory)
08-22 18:43:14.614 D/ActivityTaskManager( 1164): Top Process State changed to PROCESS_STATE_TOP
08-22 18:43:14.670 I/DisplayPowerController[0]( 1164): Unblocked screen on after 101 ms
08-22 18:43:14.694 E/DisplayDeviceConfig( 1164): requesting nits when no mapping exists.
08-22 18:43:14.694 E/DisplayDeviceConfig( 1164): requesting nits when no mapping exists.
08-22 18:43:14.695 I/DreamManagerService( 1164): Gently waking up from dream.
08-22 18:43:14.695 I/DreamManagerService( 1164): Performing gentle wake from dream.
08-22 18:43:14.702 I/DropBoxManagerService( 1164): add tag=system_server_wtf isTagEnabled=true flags=0x2
08-22 18:43:14.704 I/DreamManagerService( 1164): Leaving dreamland.
08-22 18:43:14.704 I/DreamManagerService( 1164): Performing gentle wake from dream.
08-22 18:43:14.704 I/DreamController( 1164): Stopping dream: name=ComponentInfo{com.android.systemui/com.android.systemui.doze.DozeService}, isTest=false, canDoze=true, userId=0, reason='finished self'(from 'requested stopDream')
08-22 18:43:14.730 I/DropBoxManagerService( 1164): add tag=system_server_wtf isTagEnabled=true flags=0x2
01-01 01:07:23.144 D/ ( 0): mv2112_read_status
01-01 01:07:23.151 D/mv2112_update_link( 0): 3.0x901(1G): 0x80
01-01 01:07:23.159 D/mv2112_update_link( 0): 3.0x8109(100M): 0x0
01-01 01:07:23.164 D/mv2112_update_link( 0): link 0x0
01-01 01:07:23.171 D/mv2112_read_status( 0): autoneg is disabled
01-01 01:07:23.961 I/[schedu][0x10e0a4620f][18:43:16.208005] wlan( 0): [13930:I:OSIF] vdev 0, scan id 41005 type COMPLETED(1) reason COMPLETED(1) scan found 91 bss
01-01 01:07:24.202 D/ ( 0): mv2112_read_status
01-01 01:07:24.207 D/mv2112_update_link( 0): 3.0x901(1G): 0x80
01-01 01:07:24.215 D/mv2112_update_link( 0): 3.0x8109(100M): 0x0
01-01 01:07:24.220 D/mv2112_update_link( 0): link 0x0
01-01 01:07:24.224 D/mv2112_read_status( 0): autoneg is disabled
01-01 01:07:25.256 D/ ( 0): mv2112_read_status
01-01 01:07:25.260 D/mv2112_update_link( 0): 3.0x901(1G): 0x80
01-01 01:07:25.270 D/mv2112_update_link( 0): 3.0x8109(100M): 0x0
01-01 01:07:25.283 D/mv2112_update_link( 0): link 0x0
01-01 01:07:25.287 D/mv2112_read_status( 0): autoneg is disabled
01-01 01:07:25.312 I/afe_find_cal_topo_id_by_port( 0): port id: 0x9000, dev_acdb_id: 0
01-01 01:07:25.319 I/afe_find_cal_topo_id_by_port( 0): top_id:112fc acdb_id:15 afe_port:0x9000
01-01 01:07:25.327 I/afe_get_cal_topology_id( 0): port_id = 0x9000 acdb_id = 15 topology_id = 0x112fc cal_type_index=8 ret=0
01-01 01:07:25.338 I/afe_send_port_topology_id( 0): AFE set topology id 0x112fc enable for port 0x9000 ret 0
01-01 01:07:25.347 I/send_afe_cal_type( 0): cal_index is 0
01-01 01:07:25.352 I/send_afe_cal_type( 0): dev_acdb_id[55] is 0
01-01 01:07:25.357 I/send_afe_cal_type( 0): Sending cal_index cal 0
01-01 01:07:25.363 E/send_afe_cal_type( 0): No cal sent for cal_index 0, port_id = 0x9000! ret -22
01-01 01:07:25.372 I/afe_send_hw_delay( 0): port_id 0x9000 rate 48000 delay_usec 474 status 0
08-22 18:43:17.533 I/ActivityTaskManager( 1164): START u0 {act=android.intent.action.MAIN cat=[android.intent.category.LAUNCHER] flg=0x10200000 pkg=com.android.gallery3d cmp=com.android.gallery3d/.app.GalleryActivity bnds=[336,662][634,975]} from uid 10106
08-22 18:43:17.540 W/ActivityTaskManager( 1164): Can't find TaskDisplayArea to determine support for multi window. Task id=53 attached=false
08-22 18:43:17.547 V/SplashScreenExceptionList( 1164): SplashScreen checking exception for package com.android.gallery3d (target sdk:29) -> false
08-22 18:43:17.555 D/PhoneStartingWindowTypeAlgorithm( 2258): preferredStartingWindowType newTask:true taskSwitch:true processRunning:true allowTaskSnapshot:true activityCreated:false useEmptySplashScreen:false legacySplashScreen:false topIsHome:false
08-22 18:43:17.555 D/StartingSurfaceDrawer( 2258): addSplashScreen com.android.gallery3d theme=7f120034 task=53 suggestType=1
08-22 18:43:17.559 D/StartingSurfaceDrawer( 2258): window attributes color: 0 icon null duration 0 brandImage null
08-22 18:43:17.565 D/StartingSurfaceDrawer( 2258): FgMainColor=fff1f1f1 BgMainColor=ff4285f4 IsBgComplex=false FromCache=true ThemeColor=ff000000
08-22 18:43:17.565 D/StartingSurfaceDrawer( 2258): isRgbSimilarInHsv a: ff000000 b ff4285f4 contrast ratio: 5.8929925
08-22 18:43:17.565 D/StartingSurfaceDrawer( 2258): hsvDiff -143 ah 0.0 bh 217.41573 as 0.0 bs 0.7295082 av 0.0 bv 0.95686275 sqH 0.6311419710995239 sqS 0.5321822447246269 sqV 0.9155863178770893 root 0.8324483034401676
08-22 18:43:17.565 D/StartingSurfaceDrawer( 2258): makeSplashScreenContentView: draw whole icon
08-22 18:43:17.566 D/StartingSurfaceDrawer( 2258): fillViewWithIcon surfaceWindowView android.window.SplashScreenView{3c53b55 V.E...... ......ID 0,0-0,0}
08-22 18:43:17.568 I/ActivityTaskManager( 1164): The Process com.android.gallery3d Already Exists in BG. So sending its PID: 11654
08-22 18:43:17.569 W/ActivityTaskManager( 1164): Tried to set launchTime (0) < mLastActivityLaunchTime (3693339)
08-22 18:43:17.693 D/StartingSurfaceDrawer( 2258): Task start finish, remove starting surface for task 53
08-22 18:43:17.693 V/StartingSurfaceDrawer( 2258): Removing splash screen window for task: 53
01-01 01:07:26.312 D/ ( 0): mv2112_read_status
01-01 01:07:26.316 D/mv2112_update_link( 0): 3.0x901(1G): 0x80
01-01 01:07:26.324 D/mv2112_update_link( 0): 3.0x8109(100M): 0x0
01-01 01:07:26.330 D/mv2112_update_link( 0): link 0x0
01-01 01:07:26.334 D/mv2112_read_status( 0): autoneg is disabled
01-01 01:07:26.990 I/init ( 0): starting service 'qvrd_vndr'...
01-01 01:07:27.000 I/init ( 0): Created socket '/dev/socket/qvrservice_vndr', mode 660, user 1000, group 1000
01-01 01:07:27.017 I/init ( 0): Created socket '/dev/socket/qvrservice_vndr_camera', mode 660, user 1000, group 1000
01-01 01:07:27.038 I/init ( 0): starting service 'sxrd'...
01-01 01:07:27.059 I/init ( 0): starting service 'vendor.light-hal-2-0'...
01-01 01:07:27.073 I/init ( 0): Service 'qvrd_vndr' (pid 27628) exited with status 1
01-01 01:07:27.080 I/init ( 0): Sending signal 9 to service 'qvrd_vndr' (pid 27628) process group...
01-01 01:07:27.088 I/libprocessgroup( 0): Successfully killed process cgroup uid 1000 pid 27628 in 0ms
01-01 01:07:27.100 I/init ( 0): Service 'sxrd' (pid 27634) exited with status 1
01-01 01:07:27.106 I/init ( 0): Sending signal 9 to service 'sxrd' (pid 27634) process group...
08-22 18:43:19.307 F/linker (27628): CANNOT LINK EXECUTABLE "/vendor/bin/hw/qvrservice": library "vendor.qti.hardware.qxr-V1-ndk_platform.so" not found: needed by /vendor/lib64/libqvrservice.so in namespace (default)
08-22 18:43:19.307 F/linker (27634): CANNOT LINK EXECUTABLE "/vendor/bin/hw/sxrservice": library "vendor.qti.hardware.qxr-V1-ndk_platform.so" not found: needed by main executable
01-01 01:07:27.337 D/ ( 0): mv2112_read_status
01-01 01:07:27.340 D/mv2112_update_link( 0): 3.0x901(1G): 0x80
01-01 01:07:27.346 D/mv2112_update_link( 0): 3.0x8109(100M): 0x0
01-01 01:07:27.352 D/mv2112_update_link( 0): link 0x0
01-01 01:07:27.357 D/mv2112_read_status( 0): autoneg is disabled
08-22 18:43:19.503 D/WindowManager( 1164): powerPress: eventTime=3749992 interactive=true count=0 beganFromNonInteractive=false mShortPressOnPowerBehavior=1
08-22 18:43:19.503 I/PowerManagerService( 1164): Powering off display group due to power_button (groupId= 0, uid= 1000)...
08-22 18:43:19.503 I/PowerManagerService( 1164): Going to sleep due to power_button (uid 1000)...
01-01 01:07:27.806 E/ ( 0): [MAX975X:max96755x_drm_notifier_callback] *ERROR* receives EARLY_BLANK:POWERDOWN
01-01 01:07:27.841 E/ ( 0): [MAX975X:max96755x_drm_notifier_callback] *ERROR* receives BLANK:POWERDOWN
08-22 18:43:20.000 I/DisplayPowerController[0]( 1164): Blocking screen off
08-22 18:43:20.000 E/DisplayDeviceConfig( 1164): requesting nits when no mapping exists.
08-22 18:43:20.001 I/DisplayPowerController[0]( 1164): Unblocked screen off after 0 ms
08-22 18:43:20.001 E/DisplayDeviceConfig( 1164): requesting nits when no mapping exists.
08-22 18:43:20.004 I/DropBoxManagerService( 1164): add tag=system_server_wtf isTagEnabled=true flags=0x2
08-22 18:43:20.019 D/ActivityTaskManager( 1164): Top Process State changed to PROCESS_STATE_TOP_SLEEPING
08-22 18:43:20.026 V/DisplayPowerController[0]( 1164): Brightness [0.0] reason changing to: 'screen_off', previous reason: 'manual'.
08-22 18:43:20.027 I/DisplayDeviceRepository( 1164): Display device changed state: "内置å±å¹•", OFF
08-22 18:43:20.036 E/KernelCpuSpeedReader( 1164): Failed to read cpu-freq: /sys/devices/system/cpu/cpu4/cpufreq/stats/time_in_state: open failed: ENOENT (No such file or directory)
08-22 18:43:20.036 E/KernelCpuSpeedReader( 1164): Failed to read cpu-freq: /sys/devices/system/cpu/cpu0/cpufreq/stats/time_in_state: open failed: ENOENT (No such file or directory)
08-22 18:43:20.106 I/DreamManagerService( 1164): Entering dreamland.
08-22 18:43:20.106 I/PowerManagerService( 1164): Dozing...
08-22 18:43:20.107 I/DreamController( 1164): Starting dream: name=ComponentInfo{com.android.systemui/com.android.systemui.doze.DozeService}, isTest=false, canDoze=true, userId=0
08-22 18:43:20.119 D/AutofillManagerService( 1164): Close system dialogs
01-01 01:07:28.360 D/ ( 0): mv2112_read_status
01-01 01:07:28.364 D/mv2112_update_link( 0): 3.0x901(1G): 0x80
01-01 01:07:28.369 D/mv2112_update_link( 0): 3.0x8109(100M): 0x0
01-01 01:07:28.376 D/mv2112_update_link( 0): link 0x0
01-01 01:07:28.380 D/mv2112_read_status( 0): autoneg is disabled
01-01 01:07:28.697 I/afe_close( 0): port_id = 0x9000
01-01 01:07:29.224 D/cnss ( 0): Runtime suspend start
01-01 01:07:29.229 I/[kworke][0x10e6abc46e][18:43:21.476089] wlan( 0): [8623:I:PMO] pmo_core_is_wow_applicable: 319: lpass enabled, enabling wow
01-01 01:07:29.246 I/[kworke][0x10e6b0a57b][18:43:21.492743] wlan( 0): [8623:I:PMO] pmo_core_enable_wow_in_fw: 807: drv wow is enabled
01-01 01:07:29.258 I/[kworke][0x10e6b45a82][18:43:21.505397] wlan( 0): [8623:I:PMO] pmo_core_enable_wow_in_fw: 820: RTPM wow
01-01 01:07:29.269 I/[kworke][0x10e6b78797][18:43:21.516238] wlan( 0): [8623:I:WMI] send_wow_enable_cmd_tlv: 1831: suspend type: WOW_IFACE_PAUSE_ENABLED flag is 0x10
01-01 01:07:29.331 D/cnss ( 0): Setting MHI state: SUSPEND(6)
01-01 01:07:29.336 D/cnss ( 0): Suspending PCI link
01-01 01:07:29.340 D/cnss ( 0): Use PCIe DRV suspend
01-01 01:07:29.352 D/cnss ( 0): Runtime suspend status: 0
01-01 01:07:29.384 D/ ( 0): mv2112_read_status
01-01 01:07:29.388 D/mv2112_update_link( 0): 3.0x901(1G): 0x80
01-01 01:07:29.393 D/mv2112_update_link( 0): 3.0x8109(100M): 0x0
01-01 01:07:29.398 D/mv2112_update_link( 0): link 0x0
01-01 01:07:29.403 D/mv2112_read_status( 0): autoneg is disabled
08-22 18:43:21.602 E/TaskPersister( 1164): File error accessing recents directory (directory doesn't exist?).
01-01 01:07:30.440 D/ ( 0): mv2112_read_status
01-01 01:07:30.444 D/mv2112_update_link( 0): 3.0x901(1G): 0x80
01-01 01:07:30.456 D/mv2112_update_link( 0): 3.0x8109(100M): 0x0
01-01 01:07:30.461 D/mv2112_update_link( 0): link 0x0
01-01 01:07:30.466 D/mv2112_read_status( 0): autoneg is disabled
