08-22 18:25:26.288 E/TaskPersister( 1164): File error accessing recents directory (directory doesn't exist?).
01-01 00:49:34.216 D/ ( 0): mv2112_read_status
01-01 00:49:34.220 D/mv2112_update_link( 0): 3.0x901(1G): 0x80
01-01 00:49:34.225 D/mv2112_update_link( 0): 3.0x8109(100M): 0x0
01-01 00:49:34.231 D/mv2112_update_link( 0): link 0x0
01-01 00:49:34.236 D/mv2112_read_status( 0): autoneg is disabled
08-22 18:25:26.949 V/DisplayPowerController[0]( 1164): Brightness [0.05] reason changing to: 'manual [ dim ]', previous reason: 'manual'.
08-22 18:25:26.949 W/PowerManagerService( 1164): Screen on took 89259 ms
08-22 18:25:26.953 E/DisplayDeviceConfig( 1164): requesting nits when no mapping exists.
08-22 18:25:26.953 E/DisplayDeviceConfig( 1164): requesting nits when no mapping exists.
08-22 18:25:26.955 I/DropBoxManagerService( 1164): add tag=system_server_wtf isTagEnabled=true flags=0x2
08-22 18:25:26.961 I/DropBoxManagerService( 1164): add tag=system_server_wtf isTagEnabled=true flags=0x2
08-22 18:25:26.969 E/DisplayDeviceConfig( 1164): requesting nits when no mapping exists.
08-22 18:25:26.969 E/DisplayDeviceConfig( 1164): requesting nits when no mapping exists.
08-22 18:25:26.971 I/DropBoxManagerService( 1164): add tag=system_server_wtf isTagEnabled=true flags=0x2
08-22 18:25:26.986 I/DropBoxManagerService( 1164): add tag=system_server_wtf isTagEnabled=true flags=0x2
08-22 18:25:26.991 E/DisplayDeviceConfig( 1164): requesting nits when no mapping exists.
08-22 18:25:26.991 E/DisplayDeviceConfig( 1164): requesting nits when no mapping exists.
08-22 18:25:26.996 I/DropBoxManagerService( 1164): add tag=system_server_wtf isTagEnabled=true flags=0x2
08-22 18:25:27.005 E/DisplayDeviceConfig( 1164): requesting nits when no mapping exists.
08-22 18:25:27.005 E/DisplayDeviceConfig( 1164): requesting nits when no mapping exists.
08-22 18:25:27.019 E/DisplayDeviceConfig( 1164): requesting nits when no mapping exists.
08-22 18:25:27.021 E/DisplayDeviceConfig( 1164): requesting nits when no mapping exists.
08-22 18:25:27.036 E/DisplayDeviceConfig( 1164): requesting nits when no mapping exists.
08-22 18:25:27.037 E/DisplayDeviceConfig( 1164): requesting nits when no mapping exists.
08-22 18:25:27.054 E/DisplayDeviceConfig( 1164): requesting nits when no mapping exists.
08-22 18:25:27.055 E/DisplayDeviceConfig( 1164): requesting nits when no mapping exists.
08-22 18:25:27.070 E/DisplayDeviceConfig( 1164): requesting nits when no mapping exists.
08-22 18:25:27.070 E/DisplayDeviceConfig( 1164): requesting nits when no mapping exists.
08-22 18:25:27.086 E/DisplayDeviceConfig( 1164): requesting nits when no mapping exists.
08-22 18:25:27.086 E/DisplayDeviceConfig( 1164): requesting nits when no mapping exists.
08-22 18:25:27.104 E/DisplayDeviceConfig( 1164): requesting nits when no mapping exists.
08-22 18:25:27.105 E/DisplayDeviceConfig( 1164): requesting nits when no mapping exists.
08-22 18:25:27.119 E/DisplayDeviceConfig( 1164): requesting nits when no mapping exists.
08-22 18:25:27.120 E/DisplayDeviceConfig( 1164): requesting nits when no mapping exists.
08-22 18:25:27.136 E/DisplayDeviceConfig( 1164): requesting nits when no mapping exists.
08-22 18:25:27.137 E/DisplayDeviceConfig( 1164): requesting nits when no mapping exists.
08-22 18:25:27.152 E/DisplayDeviceConfig( 1164): requesting nits when no mapping exists.
08-22 18:25:27.153 E/DisplayDeviceConfig( 1164): requesting nits when no mapping exists.
08-22 18:25:27.171 E/DisplayDeviceConfig( 1164): requesting nits when no mapping exists.
08-22 18:25:27.172 E/DisplayDeviceConfig( 1164): requesting nits when no mapping exists.
08-22 18:25:27.189 E/DisplayDeviceConfig( 1164): requesting nits when no mapping exists.
08-22 18:25:27.189 E/DisplayDeviceConfig( 1164): requesting nits when no mapping exists.
08-22 18:25:27.203 E/DisplayDeviceConfig( 1164): requesting nits when no mapping exists.
08-22 18:25:27.203 E/DisplayDeviceConfig( 1164): requesting nits when no mapping exists.
08-22 18:25:27.219 E/DisplayDeviceConfig( 1164): requesting nits when no mapping exists.
08-22 18:25:27.220 E/DisplayDeviceConfig( 1164): requesting nits when no mapping exists.
08-22 18:25:27.237 E/DisplayDeviceConfig( 1164): requesting nits when no mapping exists.
08-22 18:25:27.237 E/DisplayDeviceConfig( 1164): requesting nits when no mapping exists.
08-22 18:25:27.254 E/DisplayDeviceConfig( 1164): requesting nits when no mapping exists.
08-22 18:25:27.254 E/DisplayDeviceConfig( 1164): requesting nits when no mapping exists.
08-22 18:25:27.269 E/DisplayDeviceConfig( 1164): requesting nits when no mapping exists.
08-22 18:25:27.270 E/DisplayDeviceConfig( 1164): requesting nits when no mapping exists.
01-01 00:49:35.241 D/ ( 0): mv2112_read_status
08-22 18:25:27.287 E/DisplayDeviceConfig( 1164): requesting nits when no mapping exists.
01-01 00:49:35.245 D/mv2112_update_link( 0): 3.0x901(1G): 0x80
01-01 00:49:35.251 D/mv2112_update_link( 0): 3.0x8109(100M): 0x0
01-01 00:49:35.256 D/mv2112_update_link( 0): link 0x0
08-22 18:25:27.288 E/DisplayDeviceConfig( 1164): requesting nits when no mapping exists.
08-22 18:25:27.303 E/DisplayDeviceConfig( 1164): requesting nits when no mapping exists.
08-22 18:25:27.304 E/DisplayDeviceConfig( 1164): requesting nits when no mapping exists.
01-01 00:49:35.260 D/mv2112_read_status( 0): autoneg is disabled
08-22 18:25:27.320 E/DisplayDeviceConfig( 1164): requesting nits when no mapping exists.
08-22 18:25:27.320 E/DisplayDeviceConfig( 1164): requesting nits when no mapping exists.
08-22 18:25:27.336 E/DisplayDeviceConfig( 1164): requesting nits when no mapping exists.
08-22 18:25:27.337 E/DisplayDeviceConfig( 1164): requesting nits when no mapping exists.
08-22 18:25:27.354 E/DisplayDeviceConfig( 1164): requesting nits when no mapping exists.
08-22 18:25:27.355 E/DisplayDeviceConfig( 1164): requesting nits when no mapping exists.
08-22 18:25:27.369 E/DisplayDeviceConfig( 1164): requesting nits when no mapping exists.
08-22 18:25:27.370 E/DisplayDeviceConfig( 1164): requesting nits when no mapping exists.
08-22 18:25:27.386 E/DisplayDeviceConfig( 1164): requesting nits when no mapping exists.
08-22 18:25:27.387 E/DisplayDeviceConfig( 1164): requesting nits when no mapping exists.
08-22 18:25:27.405 E/DisplayDeviceConfig( 1164): requesting nits when no mapping exists.
08-22 18:25:27.405 E/DisplayDeviceConfig( 1164): requesting nits when no mapping exists.
08-22 18:25:27.420 E/DisplayDeviceConfig( 1164): requesting nits when no mapping exists.
08-22 18:25:27.420 E/DisplayDeviceConfig( 1164): requesting nits when no mapping exists.
08-22 18:25:27.437 E/DisplayDeviceConfig( 1164): requesting nits when no mapping exists.
08-22 18:25:27.438 E/DisplayDeviceConfig( 1164): requesting nits when no mapping exists.
08-22 18:25:27.454 E/DisplayDeviceConfig( 1164): requesting nits when no mapping exists.
08-22 18:25:27.455 E/DisplayDeviceConfig( 1164): requesting nits when no mapping exists.
01-01 00:49:36.264 D/ ( 0): mv2112_read_status
01-01 00:49:36.268 D/mv2112_update_link( 0): 3.0x901(1G): 0x80
01-01 00:49:36.273 D/mv2112_update_link( 0): 3.0x8109(100M): 0x0
01-01 00:49:36.279 D/mv2112_update_link( 0): link 0x0
01-01 00:49:36.284 D/mv2112_read_status( 0): autoneg is disabled
08-22 18:25:28.423 V/DisplayPowerController[0]( 1164): Brightness [0.39763778] reason changing to: 'manual', previous reason: 'manual [ dim ]'.
08-22 18:25:28.428 D/AutofillManagerService( 1164): onBackKeyPressed()
08-22 18:25:28.439 E/DisplayDeviceConfig( 1164): requesting nits when no mapping exists.
08-22 18:25:28.440 E/DisplayDeviceConfig( 1164): requesting nits when no mapping exists.
08-22 18:25:28.456 E/DisplayDeviceConfig( 1164): requesting nits when no mapping exists.
08-22 18:25:28.456 E/DisplayDeviceConfig( 1164): requesting nits when no mapping exists.
08-22 18:25:28.473 E/DisplayDeviceConfig( 1164): requesting nits when no mapping exists.
08-22 18:25:28.483 E/DisplayDeviceConfig( 1164): requesting nits when no mapping exists.
08-22 18:25:28.489 E/DisplayDeviceConfig( 1164): requesting nits when no mapping exists.
08-22 18:25:28.490 E/DisplayDeviceConfig( 1164): requesting nits when no mapping exists.
08-22 18:25:28.506 E/DisplayDeviceConfig( 1164): requesting nits when no mapping exists.
08-22 18:25:28.506 E/DisplayDeviceConfig( 1164): requesting nits when no mapping exists.
08-22 18:25:28.532 E/DisplayDeviceConfig( 1164): requesting nits when no mapping exists.
08-22 18:25:28.532 E/DisplayDeviceConfig( 1164): requesting nits when no mapping exists.
08-22 18:25:28.556 E/DisplayDeviceConfig( 1164): requesting nits when no mapping exists.
08-22 18:25:28.556 E/DisplayDeviceConfig( 1164): requesting nits when no mapping exists.
08-22 18:25:28.573 E/DisplayDeviceConfig( 1164): requesting nits when no mapping exists.
08-22 18:25:28.575 E/DisplayDeviceConfig( 1164): requesting nits when no mapping exists.
08-22 18:25:28.606 E/DisplayDeviceConfig( 1164): requesting nits when no mapping exists.
08-22 18:25:28.606 E/DisplayDeviceConfig( 1164): requesting nits when no mapping exists.
08-22 18:25:28.639 E/DisplayDeviceConfig( 1164): requesting nits when no mapping exists.
08-22 18:25:28.640 E/DisplayDeviceConfig( 1164): requesting nits when no mapping exists.
08-22 18:25:28.656 E/DisplayDeviceConfig( 1164): requesting nits when no mapping exists.
08-22 18:25:28.656 E/DisplayDeviceConfig( 1164): requesting nits when no mapping exists.
08-22 18:25:28.672 E/DisplayDeviceConfig( 1164): requesting nits when no mapping exists.
08-22 18:25:28.673 E/DisplayDeviceConfig( 1164): requesting nits when no mapping exists.
08-22 18:25:28.689 E/DisplayDeviceConfig( 1164): requesting nits when no mapping exists.
08-22 18:25:28.689 E/DisplayDeviceConfig( 1164): requesting nits when no mapping exists.
08-22 18:25:28.706 E/DisplayDeviceConfig( 1164): requesting nits when no mapping exists.
08-22 18:25:28.706 E/DisplayDeviceConfig( 1164): requesting nits when no mapping exists.
08-22 18:25:28.723 E/DisplayDeviceConfig( 1164): requesting nits when no mapping exists.
08-22 18:25:28.723 E/DisplayDeviceConfig( 1164): requesting nits when no mapping exists.
08-22 18:25:28.740 E/DisplayDeviceConfig( 1164): requesting nits when no mapping exists.
08-22 18:25:28.740 E/DisplayDeviceConfig( 1164): requesting nits when no mapping exists.
08-22 18:25:28.756 E/DisplayDeviceConfig( 1164): requesting nits when no mapping exists.
08-22 18:25:28.757 E/DisplayDeviceConfig( 1164): requesting nits when no mapping exists.
08-22 18:25:28.773 E/DisplayDeviceConfig( 1164): requesting nits when no mapping exists.
08-22 18:25:28.774 E/DisplayDeviceConfig( 1164): requesting nits when no mapping exists.
08-22 18:25:28.789 E/DisplayDeviceConfig( 1164): requesting nits when no mapping exists.
08-22 18:25:28.790 E/DisplayDeviceConfig( 1164): requesting nits when no mapping exists.
08-22 18:25:28.808 E/DisplayDeviceConfig( 1164): requesting nits when no mapping exists.
08-22 18:25:28.809 E/DisplayDeviceConfig( 1164): requesting nits when no mapping exists.
08-22 18:25:28.823 E/DisplayDeviceConfig( 1164): requesting nits when no mapping exists.
08-22 18:25:28.824 E/DisplayDeviceConfig( 1164): requesting nits when no mapping exists.
08-22 18:25:28.842 E/DisplayDeviceConfig( 1164): requesting nits when no mapping exists.
08-22 18:25:28.843 E/DisplayDeviceConfig( 1164): requesting nits when no mapping exists.
08-22 18:25:28.859 E/DisplayDeviceConfig( 1164): requesting nits when no mapping exists.
08-22 18:25:28.860 E/DisplayDeviceConfig( 1164): requesting nits when no mapping exists.
08-22 18:25:28.874 E/DisplayDeviceConfig( 1164): requesting nits when no mapping exists.
08-22 18:25:28.874 E/DisplayDeviceConfig( 1164): requesting nits when no mapping exists.
08-22 18:25:28.892 E/DisplayDeviceConfig( 1164): requesting nits when no mapping exists.
08-22 18:25:28.892 E/DisplayDeviceConfig( 1164): requesting nits when no mapping exists.
08-22 18:25:28.908 E/DisplayDeviceConfig( 1164): requesting nits when no mapping exists.
08-22 18:25:28.910 E/DisplayDeviceConfig( 1164): requesting nits when no mapping exists.
08-22 18:25:28.931 E/DisplayDeviceConfig( 1164): requesting nits when no mapping exists.
08-22 18:25:28.931 E/DisplayDeviceConfig( 1164): requesting nits when no mapping exists.
08-22 18:25:28.971 W/ActivityTaskManager( 1164): Can't find TaskDisplayArea to determine support for multi window. Task id=24 attached=false
08-22 18:25:28.971 W/ActivityTaskManager( 1164): Can't find TaskDisplayArea to determine support for multi window. Task id=24 attached=false
01-01 00:49:37.289 D/ ( 0): mv2112_read_status
01-01 00:49:37.292 D/mv2112_update_link( 0): 3.0x901(1G): 0x80
01-01 00:49:37.301 D/mv2112_update_link( 0): 3.0x8109(100M): 0x0
01-01 00:49:37.306 D/mv2112_update_link( 0): link 0x0
01-01 00:49:37.311 D/mv2112_read_status( 0): autoneg is disabled
01-01 00:49:38.313 D/ ( 0): mv2112_read_status
01-01 00:49:38.317 D/mv2112_update_link( 0): 3.0x901(1G): 0x80
01-01 00:49:38.323 D/mv2112_update_link( 0): 3.0x8109(100M): 0x0
01-01 00:49:38.328 D/mv2112_update_link( 0): link 0x0
01-01 00:49:38.333 D/mv2112_read_status( 0): autoneg is disabled
08-22 18:25:30.937 W/ContextImpl( 2661): Calling a method in the system process without a qualified user: android.app.ContextImpl.startActivity:1055 android.content.ContextWrapper.startActivity:411 com.thundercomm.remotecontrolservice.RemoteControlService.startApp:248 com.thundercomm.remotecontrolservice.remotecommand.RemoteAppLaunchCommand.doActualAction:35 com.thundercomm.remotecontrolservice.remotecommand.BaseCommand.doAction:41
08-22 18:25:30.937 W/ContextImpl( 2661): Calling a method in the system process without a qualified user: android.app.ContextImpl.startActivity:1067 android.app.ContextImpl.startActivity:1056 android.content.ContextWrapper.startActivity:411 com.thundercomm.remotecontrolservice.RemoteControlService.startApp:248 com.thundercomm.remotecontrolservice.remotecommand.RemoteAppLaunchCommand.doActualAction:35
08-22 18:25:30.939 I/ActivityTaskManager( 1164): START u0 {flg=0x10000000 cmp=com.android.settings/.Settings} from uid 1000
08-22 18:25:30.947 W/ActivityTaskManager( 1164): Can't find TaskDisplayArea to determine support for multi window. Task id=25 attached=false
08-22 18:25:30.960 D/PhoneStartingWindowTypeAlgorithm( 2258): preferredStartingWindowType newTask:true taskSwitch:true processRunning:true allowTaskSnapshot:true activityCreated:false useEmptySplashScreen:false legacySplashScreen:false topIsHome:false
08-22 18:25:30.960 D/StartingSurfaceDrawer( 2258): addSplashScreen com.android.settings theme=7f13033e task=25 suggestType=1
08-22 18:25:30.962 D/StartingSurfaceDrawer( 2258): window attributes color: 0 icon null duration 0 brandImage null
08-22 18:25:30.972 D/StartingSurfaceDrawer( 2258): FgMainColor=fff5f5f5 BgMainColor=ff00668b IsBgComplex=false FromCache=true ThemeColor=fff0f0f3
08-22 18:25:30.973 D/StartingSurfaceDrawer( 2258): isRgbSimilarInHsv a: fff0f0f3 b ff00668b contrast ratio: 5.6404657
08-22 18:25:30.973 D/StartingSurfaceDrawer( 2258): hsvDiff 44 ah 240.0 bh 195.97124 as 0.012345679 bs 1.0 av 0.9529412 bv 0.54509807 sqH 0.059753086581642245 sqS 0.975461072301087 sqV 0.16633600477712207 root 0.6328639041847389
08-22 18:25:30.973 D/StartingSurfaceDrawer( 2258): makeSplashScreenContentView: draw whole icon
08-22 18:25:30.974 D/StartingSurfaceDrawer( 2258): fillViewWithIcon surfaceWindowView android.window.SplashScreenView{b4f38e0 V.E...... ......ID 0,0-0,0}
08-22 18:25:30.987 I/ActivityTaskManager( 1164): The Process com.android.settings Already Exists in BG. So sending its PID: 11753
08-22 18:25:30.988 W/ActivityTaskManager( 1164): Tried to set launchTime (0) < mLastActivityLaunchTime (2673271)
01-01 00:49:38.764 I/init ( 0): starting service 'qvrd_vndr'...
01-01 00:49:38.770 I/init ( 0): Created socket '/dev/socket/qvrservice_vndr', mode 660, user 1000, group 1000
01-01 00:49:38.781 I/init ( 0): Created socket '/dev/socket/qvrservice_vndr_camera', mode 660, user 1000, group 1000
01-01 00:49:38.803 I/init ( 0): starting service 'sxrd'...
08-22 18:25:31.054 E/UserRestrictionsUtils( 1164): Unknown restriction queried by uid 1000 (com.qti.snapdragon.qdcm_ff et al): null
08-22 18:25:31.061 F/linker (27687): CANNOT LINK EXECUTABLE "/vendor/bin/hw/qvrservice": library "vendor.qti.hardware.qxr-V1-ndk_platform.so" not found: needed by /vendor/lib64/libqvrservice.so in namespace (default)
01-01 00:49:38.818 I/init ( 0): starting service 'vendor.light-hal-2-0'...
08-22 18:25:31.085 F/linker (27692): CANNOT LINK EXECUTABLE "/vendor/bin/hw/sxrservice": library "vendor.qti.hardware.qxr-V1-ndk_platform.so" not found: needed by main executable
01-01 00:49:38.835 I/init ( 0): Service 'qvrd_vndr' (pid 27687) exited with status 1
01-01 00:49:38.843 I/init ( 0): Sending signal 9 to service 'qvrd_vndr' (pid 27687) process group...
01-01 00:49:38.852 I/libprocessgroup( 0): Successfully killed process cgroup uid 1000 pid 27687 in 0ms
01-01 00:49:38.862 I/init ( 0): Service 'sxrd' (pid 27692) exited with status 1
08-22 18:25:31.128 D/StartingSurfaceDrawer( 2258): Task start finish, remove starting surface for task 25
08-22 18:25:31.129 V/StartingSurfaceDrawer( 2258): Removing splash screen window for task: 25
01-01 00:49:38.868 I/init ( 0): Sending signal 9 to service 'sxrd' (pid 27692) process group...
01-01 00:49:39.336 D/ ( 0): mv2112_read_status
01-01 00:49:39.340 D/mv2112_update_link( 0): 3.0x901(1G): 0x80
01-01 00:49:39.346 D/mv2112_update_link( 0): 3.0x8109(100M): 0x0
01-01 00:49:39.352 D/mv2112_update_link( 0): link 0x0
01-01 00:49:39.356 D/mv2112_read_status( 0): autoneg is disabled
01-01 00:49:40.361 D/ ( 0): mv2112_read_status
01-01 00:49:40.366 D/mv2112_update_link( 0): 3.0x901(1G): 0x80
01-01 00:49:40.376 D/mv2112_update_link( 0): 3.0x8109(100M): 0x0
01-01 00:49:40.382 D/mv2112_update_link( 0): link 0x0
01-01 00:49:40.386 D/mv2112_read_status( 0): autoneg is disabled
08-22 18:25:33.003 E/TaskPersister( 1164): File error accessing recents directory (directory doesn't exist?).
01-01 00:49:41.417 D/ ( 0): mv2112_read_status
01-01 00:49:41.420 D/mv2112_update_link( 0): 3.0x901(1G): 0x80
01-01 00:49:41.428 D/mv2112_update_link( 0): 3.0x8109(100M): 0x0
01-01 00:49:41.437 D/mv2112_update_link( 0): link 0x0
01-01 00:49:41.442 D/mv2112_read_status( 0): autoneg is disabled
08-22 18:25:34.072 D/AutofillManagerService( 1164): onBackKeyPressed()
08-22 18:25:34.589 W/ActivityTaskManager( 1164): Can't find TaskDisplayArea to determine support for multi window. Task id=25 attached=false
08-22 18:25:34.589 W/ActivityTaskManager( 1164): Can't find TaskDisplayArea to determine support for multi window. Task id=25 attached=false
01-01 00:49:42.473 D/ ( 0): mv2112_read_status
01-01 00:49:42.478 D/mv2112_update_link( 0): 3.0x901(1G): 0x80
01-01 00:49:42.483 D/mv2112_update_link( 0): 3.0x8109(100M): 0x0
01-01 00:49:42.488 D/mv2112_update_link( 0): link 0x0
01-01 00:49:42.493 D/mv2112_read_status( 0): autoneg is disabled
01-01 00:49:43.496 D/ ( 0): mv2112_read_status
01-01 00:49:43.500 D/mv2112_update_link( 0): 3.0x901(1G): 0x80
01-01 00:49:43.511 D/mv2112_update_link( 0): 3.0x8109(100M): 0x0
01-01 00:49:43.519 D/mv2112_update_link( 0): link 0x0
01-01 00:49:43.524 D/mv2112_read_status( 0): autoneg is disabled
01-01 00:49:43.805 I/init ( 0): starting service 'qvrd_vndr'...
01-01 00:49:43.811 I/init ( 0): Created socket '/dev/socket/qvrservice_vndr', mode 660, user 1000, group 1000
01-01 00:49:43.821 I/init ( 0): Created socket '/dev/socket/qvrservice_vndr_camera', mode 660, user 1000, group 1000
01-01 00:49:43.845 I/init ( 0): starting service 'sxrd'...
01-01 00:49:43.859 I/init ( 0): starting service 'vendor.light-hal-2-0'...
01-01 00:49:43.878 I/init ( 0): Service 'sxrd' (pid 29066) exited with status 1
01-01 00:49:43.884 I/init ( 0): Sending signal 9 to service 'sxrd' (pid 29066) process group...
01-01 00:49:43.892 I/libprocessgroup( 0): Successfully killed process cgroup uid 1000 pid 29066 in 0ms
01-01 00:49:43.901 I/init ( 0): Service 'qvrd_vndr' (pid 29057) exited with status 1
01-01 00:49:43.908 I/init ( 0): Sending signal 9 to service 'qvrd_vndr' (pid 29057) process group...
08-22 18:25:36.123 F/linker (29066): CANNOT LINK EXECUTABLE "/vendor/bin/hw/sxrservice": library "vendor.qti.hardware.qxr-V1-ndk_platform.so" not found: needed by main executable
08-22 18:25:36.130 F/linker (29057): CANNOT LINK EXECUTABLE "/vendor/bin/hw/qvrservice": library "vendor.qti.hardware.qxr-V1-ndk_platform.so" not found: needed by /vendor/lib64/libqvrservice.so in namespace (default)
01-01 00:49:44.552 D/ ( 0): mv2112_read_status
01-01 00:49:44.556 D/mv2112_update_link( 0): 3.0x901(1G): 0x80
01-01 00:49:44.565 D/mv2112_update_link( 0): 3.0x8109(100M): 0x0
01-01 00:49:44.570 D/mv2112_update_link( 0): link 0x0
01-01 00:49:44.574 D/mv2112_read_status( 0): autoneg is disabled
08-22 18:25:37.611 E/TaskPersister( 1164): File error accessing recents directory (directory doesn't exist?).
01-01 00:49:45.576 D/ ( 0): mv2112_read_status
01-01 00:49:45.580 D/mv2112_update_link( 0): 3.0x901(1G): 0x80
01-01 00:49:45.588 D/mv2112_update_link( 0): 3.0x8109(100M): 0x0
01-01 00:49:45.593 D/mv2112_update_link( 0): link 0x0
01-01 00:49:45.597 D/mv2112_read_status( 0): autoneg is disabled
01-01 00:49:46.600 D/ ( 0): mv2112_read_status
01-01 00:49:46.604 D/mv2112_update_link( 0): 3.0x901(1G): 0x80
01-01 00:49:46.610 D/mv2112_update_link( 0): 3.0x8109(100M): 0x0
01-01 00:49:46.615 D/mv2112_update_link( 0): link 0x0
01-01 00:49:46.619 D/mv2112_read_status( 0): autoneg is disabled
08-22 18:25:39.448 W/ContextImpl( 2661): Calling a method in the system process without a qualified user: android.app.ContextImpl.startActivity:1055 android.content.ContextWrapper.startActivity:411 com.thundercomm.remotecontrolservice.RemoteControlService.startApp:248 com.thundercomm.remotecontrolservice.remotecommand.RemoteAppLaunchCommand.doActualAction:35 com.thundercomm.remotecontrolservice.remotecommand.BaseCommand.doAction:41
08-22 18:25:39.448 W/ContextImpl( 2661): Calling a method in the system process without a qualified user: android.app.ContextImpl.startActivity:1067 android.app.ContextImpl.startActivity:1056 android.content.ContextWrapper.startActivity:411 com.thundercomm.remotecontrolservice.RemoteControlService.startApp:248 com.thundercomm.remotecontrolservice.remotecommand.RemoteAppLaunchCommand.doActualAction:35
08-22 18:25:39.455 I/ActivityTaskManager( 1164): START u0 {flg=0x10000000 cmp=com.android.deskclock/.DeskClock} from uid 1000
08-22 18:25:39.468 W/ActivityTaskManager( 1164): Can't find TaskDisplayArea to determine support for multi window. Task id=26 attached=false
08-22 18:25:39.490 V/SplashScreenExceptionList( 1164): SplashScreen checking exception for package com.android.deskclock (target sdk:29) -> false
08-22 18:25:39.493 D/PhoneStartingWindowTypeAlgorithm( 2258): preferredStartingWindowType newTask:true taskSwitch:true processRunning:true allowTaskSnapshot:true activityCreated:false useEmptySplashScreen:false legacySplashScreen:false topIsHome:false
08-22 18:25:39.493 D/StartingSurfaceDrawer( 2258): addSplashScreen com.android.deskclock theme=7f1201cb task=26 suggestType=1
08-22 18:25:39.501 D/StartingSurfaceDrawer( 2258): window attributes color: 0 icon null duration 0 brandImage null
08-22 18:25:39.507 D/StartingSurfaceDrawer( 2258): The icon is not an AdaptiveIconDrawable
08-22 18:25:39.519 I/ActivityTaskManager( 1164): The Process com.android.deskclock Already Exists in BG. So sending its PID: 3083
08-22 18:25:39.520 W/ActivityTaskManager( 1164): Tried to set launchTime (0) < mLastActivityLaunchTime (2585689)
08-22 18:25:39.524 D/StartingSurfaceDrawer( 2258): fillViewWithIcon surfaceWindowView android.window.SplashScreenView{34b1ed3 V.E...... ......ID 0,0-0,0}
08-22 18:25:39.571 I/ActivityTaskManager( 1164): START u0 {act=android.content.pm.action.REQUEST_PERMISSIONS pkg=com.android.permissioncontroller cmp=com.android.permissioncontroller/.permission.ui.GrantPermissionsActivity (has extras)} from uid 10078
08-22 18:25:39.576 D/CompatibilityChangeReporter( 1164): Compat change id reported: 174042980; UID 10127; state: DISABLED
08-22 18:25:39.580 D/CompatibilityChangeReporter( 1164): Compat change id reported: 184838306; UID 10127; state: DISABLED
08-22 18:25:39.585 D/CompatibilityChangeReporter( 1164): Compat change id reported: 185004937; UID 10127; state: DISABLED
08-22 18:25:39.586 D/CompatibilityChangeReporter( 1164): Compat change id reported: 181136395; UID 10127; state: DISABLED
08-22 18:25:39.587 D/CompatibilityChangeReporter( 1164): Compat change id reported: 174042936; UID 10127; state: DISABLED
08-22 18:25:39.641 I/ActivityTaskManager( 1164): The Process com.android.permissioncontroller Already Exists in BG. So sending its PID: 12555
08-22 18:25:39.732 D/CompatibilityChangeReporter( 1164): Compat change id reported: 149924527; UID 10078; state: ENABLED
08-22 18:25:39.732 D/CompatibilityChangeReporter( 1164): Compat change id reported: 132649864; UID 10078; state: DISABLED
08-22 18:25:39.734 D/CompatibilityChangeReporter( 1164): Compat change id reported: 182734110; UID 10078; state: DISABLED
01-01 00:49:47.633 D/ ( 0): mv2112_read_status
01-01 00:49:47.638 D/mv2112_update_link( 0): 3.0x901(1G): 0x80
01-01 00:49:47.644 D/mv2112_update_link( 0): 3.0x8109(100M): 0x0
01-01 00:49:47.649 D/mv2112_update_link( 0): link 0x0
01-01 00:49:47.654 D/mv2112_read_status( 0): autoneg is disabled
08-22 18:25:39.851 D/StartingSurfaceDrawer( 2258): Task start finish, remove starting surface for task 26
08-22 18:25:39.851 V/StartingSurfaceDrawer( 2258): Removing splash screen window for task: 26
01-01 00:49:48.681 D/ ( 0): mv2112_read_status
01-01 00:49:48.685 D/mv2112_update_link( 0): 3.0x901(1G): 0x80
01-01 00:49:48.691 D/mv2112_update_link( 0): 3.0x8109(100M): 0x0
01-01 00:49:48.696 D/mv2112_update_link( 0): link 0x0
01-01 00:49:48.702 D/mv2112_read_status( 0): autoneg is disabled
01-01 00:49:48.843 I/init ( 0): starting service 'qvrd_vndr'...
01-01 00:49:48.850 I/init ( 0): Created socket '/dev/socket/qvrservice_vndr', mode 660, user 1000, group 1000
01-01 00:49:48.860 I/init ( 0): Created socket '/dev/socket/qvrservice_vndr_camera', mode 660, user 1000, group 1000
01-01 00:49:48.885 I/init ( 0): starting service 'sxrd'...
01-01 00:49:48.901 I/init ( 0): starting service 'vendor.light-hal-2-0'...
01-01 00:49:48.918 I/init ( 0): Service 'sxrd' (pid 30902) exited with status 1
01-01 00:49:48.925 I/init ( 0): Sending signal 9 to service 'sxrd' (pid 30902) process group...
01-01 00:49:48.933 I/libprocessgroup( 0): Successfully killed process cgroup uid 1000 pid 30902 in 0ms
01-01 00:49:48.943 I/init ( 0): Service 'qvrd_vndr' (pid 30899) exited with status 1
01-01 00:49:48.950 I/init ( 0): Sending signal 9 to service 'qvrd_vndr' (pid 30899) process group...
08-22 18:25:41.164 F/linker (30902): CANNOT LINK EXECUTABLE "/vendor/bin/hw/sxrservice": library "vendor.qti.hardware.qxr-V1-ndk_platform.so" not found: needed by main executable
08-22 18:25:41.169 F/linker (30899): CANNOT LINK EXECUTABLE "/vendor/bin/hw/qvrservice": library "vendor.qti.hardware.qxr-V1-ndk_platform.so" not found: needed by /vendor/lib64/libqvrservice.so in namespace (default)
08-22 18:25:41.575 D/AutofillManagerService( 1164): onBackKeyPressed()
08-22 18:25:41.579 I/ActivityTaskManager( 1164): moveTaskToBack: Task{11e12c7 #26 type=standard A=10078:com.android.deskclock U=0 visible=true mode=fullscreen translucent=false sz=1}
01-01 00:49:49.704 D/ ( 0): mv2112_read_status
01-01 00:49:49.708 D/mv2112_update_link( 0): 3.0x901(1G): 0x80
01-01 00:49:49.715 D/mv2112_update_link( 0): 3.0x8109(100M): 0x0
01-01 00:49:49.721 D/mv2112_update_link( 0): link 0x0
01-01 00:49:49.726 D/mv2112_read_status( 0): autoneg is disabled
08-22 18:25:42.519 E/TaskPersister( 1164): File error accessing recents directory (directory doesn't exist?).
01-01 00:49:50.760 D/ ( 0): mv2112_read_status
01-01 00:49:50.764 D/mv2112_update_link( 0): 3.0x901(1G): 0x80
01-01 00:49:50.769 D/mv2112_update_link( 0): 3.0x8109(100M): 0x0
01-01 00:49:50.774 D/mv2112_update_link( 0): link 0x0
01-01 00:49:50.779 D/mv2112_read_status( 0): autoneg is disabled
01-01 00:49:51.784 D/ ( 0): mv2112_read_status
01-01 00:49:51.794 D/mv2112_update_link( 0): 3.0x901(1G): 0x80
01-01 00:49:51.799 D/mv2112_update_link( 0): 3.0x8109(100M): 0x0
01-01 00:49:51.805 D/mv2112_update_link( 0): link 0x0
01-01 00:49:51.810 D/mv2112_read_status( 0): autoneg is disabled
01-01 00:49:52.840 D/ ( 0): mv2112_read_status
01-01 00:49:52.844 D/mv2112_update_link( 0): 3.0x901(1G): 0x80
01-01 00:49:52.849 D/mv2112_update_link( 0): 3.0x8109(100M): 0x0
01-01 00:49:52.854 D/mv2112_update_link( 0): link 0x0
01-01 00:49:52.859 D/mv2112_read_status( 0): autoneg is disabled
01-01 00:49:53.864 D/ ( 0): mv2112_read_status
01-01 00:49:53.869 D/mv2112_update_link( 0): 3.0x901(1G): 0x80
01-01 00:49:53.875 D/mv2112_update_link( 0): 3.0x8109(100M): 0x0
01-01 00:49:53.880 D/mv2112_update_link( 0): link 0x0
01-01 00:49:53.884 D/mv2112_read_status( 0): autoneg is disabled
01-01 00:49:53.885 I/init ( 0): starting service 'qvrd_vndr'...
01-01 00:49:53.895 I/init ( 0): Created socket '/dev/socket/qvrservice_vndr', mode 660, user 1000, group 1000
01-01 00:49:53.905 I/init ( 0): Created socket '/dev/socket/qvrservice_vndr_camera', mode 660, user 1000, group 1000
01-01 00:49:53.926 I/init ( 0): starting service 'sxrd'...
01-01 00:49:53.941 I/init ( 0): starting service 'vendor.light-hal-2-0'...
01-01 00:49:53.959 I/init ( 0): Service 'qvrd_vndr' (pid 32652) exited with status 1
01-01 00:49:53.966 I/init ( 0): Sending signal 9 to service 'qvrd_vndr' (pid 32652) process group...
01-01 00:49:53.974 I/libprocessgroup( 0): Successfully killed process cgroup uid 1000 pid 32652 in 0ms
01-01 00:49:53.984 I/init ( 0): Service 'sxrd' (pid 32660) exited with status 1
01-01 00:49:53.991 I/init ( 0): Sending signal 9 to service 'sxrd' (pid 32660) process group...
08-22 18:25:46.205 F/linker (32652): CANNOT LINK EXECUTABLE "/vendor/bin/hw/qvrservice": library "vendor.qti.hardware.qxr-V1-ndk_platform.so" not found: needed by /vendor/lib64/libqvrservice.so in namespace (default)
08-22 18:25:46.216 F/linker (32660): CANNOT LINK EXECUTABLE "/vendor/bin/hw/sxrservice": library "vendor.qti.hardware.qxr-V1-ndk_platform.so" not found: needed by main executable
01-01 00:49:54.888 D/ ( 0): mv2112_read_status
01-01 00:49:54.892 D/mv2112_update_link( 0): 3.0x901(1G): 0x80
01-01 00:49:54.897 D/mv2112_update_link( 0): 3.0x8109(100M): 0x0
01-01 00:49:54.902 D/mv2112_update_link( 0): link 0x0
01-01 00:49:54.907 D/mv2112_read_status( 0): autoneg is disabled
08-22 18:25:47.139 I/DropBoxManagerService( 1164): add tag=system_app_strictmode isTagEnabled=true flags=0x2
01-01 00:49:55.912 D/ ( 0): mv2112_read_status
01-01 00:49:55.916 D/mv2112_update_link( 0): 3.0x901(1G): 0x80
01-01 00:49:55.921 D/mv2112_update_link( 0): 3.0x8109(100M): 0x0
01-01 00:49:55.927 D/mv2112_update_link( 0): link 0x0
01-01 00:49:55.933 D/mv2112_read_status( 0): autoneg is disabled
01-01 00:49:56.941 D/ ( 0): mv2112_read_status
01-01 00:49:56.946 D/mv2112_update_link( 0): 3.0x901(1G): 0x80
01-01 00:49:56.952 D/mv2112_update_link( 0): 3.0x8109(100M): 0x0
01-01 00:49:56.957 D/mv2112_update_link( 0): link 0x0
01-01 00:49:56.961 D/mv2112_read_status( 0): autoneg is disabled
01-01 00:49:57.997 D/ ( 0): mv2112_read_status
01-01 00:49:58.000 D/mv2112_update_link( 0): 3.0x901(1G): 0x80
01-01 00:49:58.006 D/mv2112_update_link( 0): 3.0x8109(100M): 0x0
01-01 00:49:58.012 D/mv2112_update_link( 0): link 0x0
01-01 00:49:58.016 D/mv2112_read_status( 0): autoneg is disabled
01-01 00:49:58.927 I/init ( 0): starting service 'qvrd_vndr'...
01-01 00:49:58.934 I/init ( 0): Created socket '/dev/socket/qvrservice_vndr', mode 660, user 1000, group 1000
01-01 00:49:58.944 I/init ( 0): Created socket '/dev/socket/qvrservice_vndr_camera', mode 660, user 1000, group 1000
01-01 00:49:58.966 I/init ( 0): starting service 'sxrd'...
01-01 00:49:58.979 I/init ( 0): starting service 'vendor.light-hal-2-0'...
01-01 00:49:58.999 I/init ( 0): Service 'sxrd' (pid 3272) exited with status 1
01-01 00:49:59.006 I/init ( 0): Sending signal 9 to service 'sxrd' (pid 3272) process group...
01-01 00:49:59.013 I/libprocessgroup( 0): Successfully killed process cgroup uid 1000 pid 3272 in 0ms
01-01 00:49:59.023 I/init ( 0): Service 'qvrd_vndr' (pid 3266) exited with status 1
01-01 00:49:59.030 I/init ( 0): Sending signal 9 to service 'qvrd_vndr' (pid 3266) process group...
01-01 00:49:59.050 D/ ( 0): mv2112_read_status
01-01 00:49:59.059 D/mv2112_update_link( 0): 3.0x901(1G): 0x80
01-01 00:49:59.066 D/mv2112_update_link( 0): 3.0x8109(100M): 0x0
01-01 00:49:59.071 D/mv2112_update_link( 0): link 0x0
01-01 00:49:59.077 D/mv2112_read_status( 0): autoneg is disabled
08-22 18:25:51.245 F/linker ( 3272): CANNOT LINK EXECUTABLE "/vendor/bin/hw/sxrservice": library "vendor.qti.hardware.qxr-V1-ndk_platform.so" not found: needed by main executable
08-22 18:25:51.250 F/linker ( 3266): CANNOT LINK EXECUTABLE "/vendor/bin/hw/qvrservice": library "vendor.qti.hardware.qxr-V1-ndk_platform.so" not found: needed by /vendor/lib64/libqvrservice.so in namespace (default)
01-01 00:50:00.104 D/ ( 0): mv2112_read_status
01-01 00:50:00.108 D/mv2112_update_link( 0): 3.0x901(1G): 0x80
01-01 00:50:00.115 D/mv2112_update_link( 0): 3.0x8109(100M): 0x0
01-01 00:50:00.120 D/mv2112_update_link( 0): link 0x0
01-01 00:50:00.124 D/mv2112_read_status( 0): autoneg is disabled
01-01 00:50:01.129 D/ ( 0): mv2112_read_status
01-01 00:50:01.132 D/mv2112_update_link( 0): 3.0x901(1G): 0x80
01-01 00:50:01.138 D/mv2112_update_link( 0): 3.0x8109(100M): 0x0
01-01 00:50:01.145 D/mv2112_update_link( 0): link 0x0
01-01 00:50:01.150 D/mv2112_read_status( 0): autoneg is disabled
01-01 00:50:02.154 D/ ( 0): mv2112_read_status
01-01 00:50:02.158 D/mv2112_update_link( 0): 3.0x901(1G): 0x80
01-01 00:50:02.163 D/mv2112_update_link( 0): 3.0x8109(100M): 0x0
01-01 00:50:02.169 D/mv2112_update_link( 0): link 0x0
01-01 00:50:02.173 D/mv2112_read_status( 0): autoneg is disabled
01-01 00:50:03.177 D/ ( 0): mv2112_read_status
01-01 00:50:03.184 D/mv2112_update_link( 0): 3.0x901(1G): 0x80
01-01 00:50:03.189 D/mv2112_update_link( 0): 3.0x8109(100M): 0x0
01-01 00:50:03.195 D/mv2112_update_link( 0): link 0x0
01-01 00:50:03.199 D/mv2112_read_status( 0): autoneg is disabled
01-01 00:50:03.966 I/init ( 0): starting service 'qvrd_vndr'...
01-01 00:50:03.973 I/init ( 0): Created socket '/dev/socket/qvrservice_vndr', mode 660, user 1000, group 1000
01-01 00:50:03.984 I/init ( 0): Created socket '/dev/socket/qvrservice_vndr_camera', mode 660, user 1000, group 1000
01-01 00:50:04.006 I/init ( 0): starting service 'sxrd'...
01-01 00:50:04.021 I/init ( 0): starting service 'vendor.light-hal-2-0'...
01-01 00:50:04.037 I/init ( 0): Service 'sxrd' (pid 5547) exited with status 1
01-01 00:50:04.043 I/init ( 0): Sending signal 9 to service 'sxrd' (pid 5547) process group...
01-01 00:50:04.051 I/libprocessgroup( 0): Successfully killed process cgroup uid 1000 pid 5547 in 0ms
01-01 00:50:04.060 I/init ( 0): Service 'qvrd_vndr' (pid 5537) exited with status 1
01-01 00:50:04.067 I/init ( 0): Sending signal 9 to service 'qvrd_vndr' (pid 5537) process group...
08-22 18:25:56.283 F/linker ( 5547): CANNOT LINK EXECUTABLE "/vendor/bin/hw/sxrservice": library "vendor.qti.hardware.qxr-V1-ndk_platform.so" not found: needed by main executable
08-22 18:25:56.284 F/linker ( 5537): CANNOT LINK EXECUTABLE "/vendor/bin/hw/qvrservice": library "vendor.qti.hardware.qxr-V1-ndk_platform.so" not found: needed by /vendor/lib64/libqvrservice.so in namespace (default)
01-01 00:50:04.232 D/ ( 0): mv2112_read_status
01-01 00:50:04.236 D/mv2112_update_link( 0): 3.0x901(1G): 0x80
01-01 00:50:04.246 D/mv2112_update_link( 0): 3.0x8109(100M): 0x0
01-01 00:50:04.253 D/mv2112_update_link( 0): link 0x0
01-01 00:50:04.257 D/mv2112_read_status( 0): autoneg is disabled
08-22 18:25:56.493 W/ContextImpl( 2661): Calling a method in the system process without a qualified user: android.app.ContextImpl.startActivity:1055 android.content.ContextWrapper.startActivity:411 com.thundercomm.remotecontrolservice.RemoteControlService.startApp:248 com.thundercomm.remotecontrolservice.remotecommand.RemoteAppLaunchCommand.doActualAction:35 com.thundercomm.remotecontrolservice.remotecommand.BaseCommand.doAction:41
08-22 18:25:56.501 I/ActivityTaskManager( 1164): START u0 {flg=0x10000000 cmp=com.android.music/.MusicBrowserActivity} from uid 1000
08-22 18:25:56.516 W/ActivityTaskManager( 1164): Can't find TaskDisplayArea to determine support for multi window. Task id=27 attached=false
08-22 18:25:56.522 D/CompatibilityChangeReporter( 1164): Compat change id reported: 174042980; UID 10079; state: DISABLED
08-22 18:25:56.526 D/CompatibilityChangeReporter( 1164): Compat change id reported: 184838306; UID 10079; state: DISABLED
08-22 18:25:56.527 D/CompatibilityChangeReporter( 1164): Compat change id reported: 185004937; UID 10079; state: DISABLED
08-22 18:25:56.528 D/CompatibilityChangeReporter( 1164): Compat change id reported: 181136395; UID 10079; state: DISABLED
08-22 18:25:56.529 D/CompatibilityChangeReporter( 1164): Compat change id reported: 174042936; UID 10079; state: DISABLED
08-22 18:25:56.534 D/CompatibilityChangeReporter( 1164): Compat change id reported: 168419799; UID 10079; state: DISABLED
08-22 18:25:56.537 D/PhoneStartingWindowTypeAlgorithm( 2258): preferredStartingWindowType newTask:true taskSwitch:true processRunning:false allowTaskSnapshot:true activityCreated:false useEmptySplashScreen:false legacySplashScreen:false topIsHome:false
08-22 18:25:56.537 D/StartingSurfaceDrawer( 2258): addSplashScreen com.android.music theme=7f100009 task=27 suggestType=1
08-22 18:25:56.543 D/StartingSurfaceDrawer( 2258): window attributes color: 0 icon null duration 0 brandImage null
08-22 18:25:56.544 D/StartingSurfaceDrawer( 2258): The icon is not an AdaptiveIconDrawable
08-22 18:25:56.553 D/StartingSurfaceDrawer( 2258): fillViewWithIcon surfaceWindowView android.window.SplashScreenView{48634cb V.E...... ......ID 0,0-0,0}
01-01 00:50:04.461 I/perfetto( 0): enabled ftrace
08-22 18:25:56.567 D/CompatibilityChangeReporter( 1164): Compat change id reported: 135634846; UID 10079; state: DISABLED
08-22 18:25:56.567 D/CompatibilityChangeReporter( 1164): Compat change id reported: 177438394; UID 10079; state: DISABLED
08-22 18:25:56.568 D/CompatibilityChangeReporter( 1164): Compat change id reported: 135772972; UID 10079; state: DISABLED
08-22 18:25:56.568 D/CompatibilityChangeReporter( 1164): Compat change id reported: 135754954; UID 10079; state: ENABLED
08-22 18:25:56.569 D/CompatibilityChangeReporter( 1164): Compat change id reported: 143937733; UID 10079; state: ENABLED
01-01 00:50:04.504 I/binder ( 0): 5659:5659 ioctl 40046210 7ffbecfd54 returned -22
08-22 18:25:56.614 W/ActivityManager( 1164): Slow operation: 60ms so far, now at startProcess: returned from zygote!
08-22 18:25:56.615 W/ActivityManager( 1164): Slow operation: 60ms so far, now at startProcess: done updating battery stats
08-22 18:25:56.615 W/ActivityManager( 1164): Slow operation: 60ms so far, now at startProcess: building log message
08-22 18:25:56.615 I/ActivityManager( 1164): Start proc 5659:com.android.music/u0a79 for pre-top-activity {com.android.music/com.android.music.MusicBrowserActivity}
08-22 18:25:56.615 W/ActivityManager( 1164): Slow operation: 61ms so far, now at startProcess: starting to update pids map
08-22 18:25:56.615 W/ContextImpl( 1164): Calling a method in the system process without a qualified user: android.app.ContextImpl.sendBroadcast:1173 com.qualcomm.qti.Performance$SendGameLaunchBroadcast.run:217 java.lang.Thread.run:920
08-22 18:25:56.615 W/ActivityManager( 1164): Slow operation: 61ms so far, now at startProcess: done updating pids map
01-01 00:50:04.679 I/binder ( 0): 5749:5749 ioctl 40046210 7ffbecfd54 returned -22
08-22 18:25:56.800 I/ActivityTaskManager( 1164): START u0 {cmp=com.android.music/com.codeaurora.music.custom.PermissionActivity (has extras)} from uid 10079
08-22 18:25:56.842 I/ActivityManager( 1164): Process com.android.music (pid 5659) has died: fg TOP
08-22 18:25:56.850 D/CompatibilityChangeReporter( 1164): Compat change id reported: 135634846; UID 10079; state: DISABLED
08-22 18:25:56.850 D/CompatibilityChangeReporter( 1164): Compat change id reported: 177438394; UID 10079; state: DISABLED
08-22 18:25:56.850 D/CompatibilityChangeReporter( 1164): Compat change id reported: 135772972; UID 10079; state: DISABLED
08-22 18:25:56.850 D/CompatibilityChangeReporter( 1164): Compat change id reported: 135754954; UID 10079; state: ENABLED
08-22 18:25:56.850 D/CompatibilityChangeReporter( 1164): Compat change id reported: 143937733; UID 10079; state: ENABLED
08-22 18:25:56.883 I/ActivityManager( 1164): Start proc 5749:com.android.music/u0a79 for top-activity {com.android.music/com.codeaurora.music.custom.PermissionActivity}
08-22 18:25:56.939 I/ActivityTaskManager( 1164): The Process com.android.music Already Exists in BG. So sending its PID: 5749
08-22 18:25:56.975 I/ActivityTaskManager( 1164): START u0 {act=android.content.pm.action.REQUEST_PERMISSIONS pkg=com.android.permissioncontroller cmp=com.android.permissioncontroller/.permission.ui.GrantPermissionsActivity (has extras)} from uid 10079
08-22 18:25:57.014 I/ActivityTaskManager( 1164): The Process com.android.permissioncontroller Already Exists in BG. So sending its PID: 12555
08-22 18:25:57.014 W/ActivityTaskManager( 1164): Tried to set launchTime (0) < mLastActivityLaunchTime (2690139)
01-01 00:50:04.845 I/binder ( 0): 5749:5787 ioctl 40046210 79f407b1f4 returned -22
01-01 00:50:04.891 I/binder ( 0): 12555:12555 ioctl 40046210 7ffbecf194 returned -22
08-22 18:25:57.165 D/StartingSurfaceDrawer( 2258): Task start finish, remove starting surface for task 27
08-22 18:25:57.165 V/StartingSurfaceDrawer( 2258): Removing splash screen window for task: 27
08-22 18:25:57.307 W/ActivityTaskManager( 1164): Activity top resumed state loss timeout for ActivityRecord{a488310 u0 com.android.music/.MusicBrowserActivity t-1 f}}
01-01 00:50:05.288 D/ ( 0): mv2112_read_status
01-01 00:50:05.292 D/mv2112_update_link( 0): 3.0x901(1G): 0x80
01-01 00:50:05.299 D/mv2112_update_link( 0): 3.0x8109(100M): 0x0
01-01 00:50:05.307 D/mv2112_update_link( 0): link 0x0
01-01 00:50:05.312 D/mv2112_read_status( 0): autoneg is disabled
01-01 00:50:06.344 D/ ( 0): mv2112_read_status
01-01 00:50:06.348 D/mv2112_update_link( 0): 3.0x901(1G): 0x80
01-01 00:50:06.359 D/mv2112_update_link( 0): 3.0x8109(100M): 0x0
01-01 00:50:06.364 D/mv2112_update_link( 0): link 0x0
01-01 00:50:06.369 D/mv2112_read_status( 0): autoneg is disabled
01-01 00:50:07.401 D/ ( 0): mv2112_read_status
01-01 00:50:07.404 D/mv2112_update_link( 0): 3.0x901(1G): 0x80
01-01 00:50:07.419 D/mv2112_update_link( 0): 3.0x8109(100M): 0x0
01-01 00:50:07.424 D/mv2112_update_link( 0): link 0x0
01-01 00:50:07.428 D/mv2112_read_status( 0): autoneg is disabled
08-22 18:26:00.078 E/TaskPersister( 1164): File error accessing recents directory (directory doesn't exist?).
01-01 00:50:08.456 D/ ( 0): mv2112_read_status
01-01 00:50:08.460 D/mv2112_update_link( 0): 3.0x901(1G): 0x80
01-01 00:50:08.465 D/mv2112_update_link( 0): 3.0x8109(100M): 0x0
01-01 00:50:08.471 D/mv2112_update_link( 0): link 0x0
01-01 00:50:08.476 D/mv2112_read_status( 0): autoneg is disabled
08-22 18:26:00.894 W/ContextImpl( 2661): Calling a method in the system process without a qualified user: android.app.ContextImpl.startActivity:1055 android.content.ContextWrapper.startActivity:411 com.thundercomm.remotecontrolservice.RemoteControlService.startApp:248 com.thundercomm.remotecontrolservice.remotecommand.RemoteAppLaunchCommand.doActualAction:35 com.thundercomm.remotecontrolservice.remotecommand.BaseCommand.doAction:41
08-22 18:26:00.894 W/ContextImpl( 2661): Calling a method in the system process without a qualified user: android.app.ContextImpl.startActivity:1067 android.app.ContextImpl.startActivity:1056 android.content.ContextWrapper.startActivity:411 com.thundercomm.remotecontrolservice.RemoteControlService.startApp:248 com.thundercomm.remotecontrolservice.remotecommand.RemoteAppLaunchCommand.doActualAction:35
08-22 18:26:00.897 I/ActivityTaskManager( 1164): START u0 {flg=0x10000000 cmp=com.android.music/.MusicBrowserActivity} from uid 1000
08-22 18:26:00.928 I/ActivityTaskManager( 1164): The Process com.android.music Already Exists in BG. So sending its PID: 5749
08-22 18:26:00.931 W/ActivityTaskManager( 1164): Tried to set launchTime (0) < mLastActivityLaunchTime (2707437)
08-22 18:26:00.958 I/ActivityTaskManager( 1164): START u0 {cmp=com.android.music/com.codeaurora.music.custom.PermissionActivity (has extras)} from uid 10079
08-22 18:26:00.978 W/ActivityTaskManager( 1164): Duplicate finish request for r=ActivityRecord{638bb60 u0 com.android.music/.MusicBrowserActivity t27 f}}
08-22 18:26:01.014 I/WindowManager( 1164): WIN DEATH: Window{b92f164 u0 com.android.music/com.codeaurora.music.custom.PermissionActivity}
08-22 18:26:01.017 I/ActivityManager( 1164): Process com.android.music (pid 5749) has died: fg TOP
08-22 18:26:01.020 W/ActivityTaskManager( 1164): Force removing ActivityRecord{b4aa22b u0 com.android.music/com.codeaurora.music.custom.PermissionActivity t27}: app died, no saved state
08-22 18:26:01.034 W/ActivityManager( 1164): setHasOverlayUi called on unknown pid: 5749
01-01 00:50:09.006 I/init ( 0): starting service 'qvrd_vndr'...
01-01 00:50:09.013 I/init ( 0): Created socket '/dev/socket/qvrservice_vndr', mode 660, user 1000, group 1000
01-01 00:50:09.024 I/init ( 0): Created socket '/dev/socket/qvrservice_vndr_camera', mode 660, user 1000, group 1000
01-01 00:50:09.045 I/init ( 0): starting service 'sxrd'...
01-01 00:50:09.062 I/init ( 0): Service 'qvrd_vndr' (pid 7108) exited with status 1
01-01 00:50:09.069 I/init ( 0): Sending signal 9 to service 'qvrd_vndr' (pid 7108) process group...
01-01 00:50:09.077 I/libprocessgroup( 0): Successfully killed process cgroup uid 1000 pid 7108 in 0ms
01-01 00:50:09.087 I/init ( 0): Service 'sxrd' (pid 7112) exited with status 1
01-01 00:50:09.093 I/init ( 0): Sending signal 9 to service 'sxrd' (pid 7112) process group...
01-01 00:50:09.102 I/libprocessgroup( 0): Successfully killed process cgroup uid 1000 pid 7112 in 0ms
08-22 18:26:01.306 F/linker ( 7108): CANNOT LINK EXECUTABLE "/vendor/bin/hw/qvrservice": library "vendor.qti.hardware.qxr-V1-ndk_platform.so" not found: needed by /vendor/lib64/libqvrservice.so in namespace (default)
08-22 18:26:01.314 F/linker ( 7112): CANNOT LINK EXECUTABLE "/vendor/bin/hw/sxrservice": library "vendor.qti.hardware.qxr-V1-ndk_platform.so" not found: needed by main executable
08-22 18:26:01.472 W/ActivityTaskManager( 1164): Activity top resumed state loss timeout for ActivityRecord{638bb60 u0 com.android.music/.MusicBrowserActivity t-1 f}}
08-22 18:26:01.502 W/ActivityTaskManager( 1164): Can't find TaskDisplayArea to determine support for multi window. Task id=27 attached=false
08-22 18:26:01.502 W/ActivityTaskManager( 1164): Can't find TaskDisplayArea to determine support for multi window. Task id=27 attached=false
01-01 00:50:09.381 I/perfetto( 0): disabled ftrace
01-01 00:50:09.480 D/ ( 0): mv2112_read_status
01-01 00:50:09.484 D/mv2112_update_link( 0): 3.0x901(1G): 0x80
01-01 00:50:09.489 D/mv2112_update_link( 0): 3.0x8109(100M): 0x0
01-01 00:50:09.494 D/mv2112_update_link( 0): link 0x0
01-01 00:50:09.498 D/mv2112_read_status( 0): autoneg is disabled
01-01 00:50:10.504 D/ ( 0): mv2112_read_status
01-01 00:50:10.508 D/mv2112_update_link( 0): 3.0x901(1G): 0x80
01-01 00:50:10.523 D/mv2112_update_link( 0): 3.0x8109(100M): 0x0
01-01 00:50:10.529 D/mv2112_update_link( 0): link 0x0
01-01 00:50:10.534 D/mv2112_read_status( 0): autoneg is disabled
01-01 00:50:10.689 I/perfetto( 0): enabled ftrace
08-22 18:26:02.761 W/ContextImpl( 2661): Calling a method in the system process without a qualified user: android.app.ContextImpl.startActivity:1055 android.content.ContextWrapper.startActivity:411 com.thundercomm.remotecontrolservice.RemoteControlService.startApp:248 com.thundercomm.remotecontrolservice.remotecommand.RemoteAppLaunchCommand.doActualAction:35 com.thundercomm.remotecontrolservice.remotecommand.BaseCommand.doAction:41
08-22 18:26:02.761 W/ContextImpl( 2661): Calling a method in the system process without a qualified user: android.app.ContextImpl.startActivity:1067 android.app.ContextImpl.startActivity:1056 android.content.ContextWrapper.startActivity:411 com.thundercomm.remotecontrolservice.RemoteControlService.startApp:248 com.thundercomm.remotecontrolservice.remotecommand.RemoteAppLaunchCommand.doActualAction:35
08-22 18:26:02.764 I/ActivityTaskManager( 1164): START u0 {flg=0x10000000 cmp=com.android.music/.MusicBrowserActivity} from uid 1000
08-22 18:26:02.770 W/ActivityTaskManager( 1164): Can't find TaskDisplayArea to determine support for multi window. Task id=28 attached=false
08-22 18:26:02.776 D/PhoneStartingWindowTypeAlgorithm( 2258): preferredStartingWindowType newTask:true taskSwitch:true processRunning:false allowTaskSnapshot:true activityCreated:false useEmptySplashScreen:false legacySplashScreen:false topIsHome:false
08-22 18:26:02.776 D/StartingSurfaceDrawer( 2258): addSplashScreen com.android.music theme=7f100009 task=28 suggestType=1
08-22 18:26:02.778 D/StartingSurfaceDrawer( 2258): window attributes color: 0 icon null duration 0 brandImage null
01-01 00:50:10.727 I/binder ( 0): 7735:7735 ioctl 40046210 7ffbecfd54 returned -22
08-22 18:26:02.780 D/StartingSurfaceDrawer( 2258): The icon is not an AdaptiveIconDrawable
08-22 18:26:02.788 D/StartingSurfaceDrawer( 2258): fillViewWithIcon surfaceWindowView android.window.SplashScreenView{cd5ebe0 V.E...... ......ID 0,0-0,0}
08-22 18:26:02.803 D/CompatibilityChangeReporter( 1164): Compat change id reported: 135634846; UID 10079; state: DISABLED
