08-22 18:37:21.820 W/ActivityTaskManager( 1164): Can't find TaskDisplayArea to determine support for multi window. Task id=47 attached=false
01-01 01:01:29.704 D/ ( 0): mv2112_read_status
01-01 01:01:29.708 D/mv2112_update_link( 0): 3.0x901(1G): 0x80
01-01 01:01:29.716 D/mv2112_update_link( 0): 3.0x8109(100M): 0x0
01-01 01:01:29.721 D/mv2112_update_link( 0): link 0x0
01-01 01:01:29.725 D/mv2112_read_status( 0): autoneg is disabled
08-22 18:37:21.955 E/AppOps ( 1164): Operation not started: uid=10107 pkg=com.android.systemui(null) op=WAKE_LOCK
01-01 01:01:30.376 D/cnss ( 0): Runtime suspend start
01-01 01:01:30.381 I/[kworke][0xf4c009ca3][18:37:22.628412] wlan( 0): [15775:I:PMO] pmo_core_is_wow_applicable: 319: lpass enabled, enabling wow
01-01 01:01:30.394 I/[kworke][0xf4c045bec][18:37:22.641203] wlan( 0): [15775:I:PMO] pmo_core_enable_wow_in_fw: 807: drv wow is enabled
01-01 01:01:30.405 I/[kworke][0xf4c07ad23][18:37:22.652526] wlan( 0): [15775:I:PMO] pmo_core_enable_wow_in_fw: 820: RTPM wow
01-01 01:01:30.416 I/[kworke][0xf4c0ac147][18:37:22.663034] wlan( 0): [15775:I:WMI] send_wow_enable_cmd_tlv: 1831: suspend type: WOW_IFACE_PAUSE_ENABLED flag is 0x10
01-01 01:01:30.475 D/cnss ( 0): Setting MHI state: SUSPEND(6)
01-01 01:01:30.481 D/cnss ( 0): Suspending PCI link
01-01 01:01:30.484 D/cnss ( 0): Use PCIe DRV suspend
01-01 01:01:30.496 D/cnss ( 0): Runtime suspend status: 0
01-01 01:01:30.733 D/ ( 0): mv2112_read_status
01-01 01:01:30.736 D/mv2112_update_link( 0): 3.0x901(1G): 0x80
01-01 01:01:30.741 D/mv2112_update_link( 0): 3.0x8109(100M): 0x0
01-01 01:01:30.747 D/mv2112_update_link( 0): link 0x0
01-01 01:01:30.752 D/mv2112_read_status( 0): autoneg is disabled
01-01 01:01:31.312 I/[irq][0xf4d11392a][18:37:23.558927] wlan( 0): [0:I:HIF] wake interrupt received on irq 425
01-01 01:01:31.321 I/[irq][0xf4d14020b][18:37:23.568430] wlan( 0): [0:I:HIF] Runtime PM resume is requested by hif_wake_interrupt_handler [wlan]
01-01 01:01:31.335 D/cnss ( 0): Runtime resume start
01-01 01:01:31.339 D/cnss ( 0): Resuming PCI link
01-01 01:01:31.348 D/cnss ( 0): Set PCI link status to: 2
01-01 01:01:31.353 D/cnss ( 0): Setting MHI state: RESUME(7)
01-01 01:01:31.364 I/[kworke][0xf4d208c0a][18:37:23.611231] wlan( 0): [15775:I:PMO] pmo_core_psoc_send_host_wakeup_ind_to_fw: 1225: Host wakeup indication sent to fw
01-01 01:01:31.387 F/[soft_i][0xf4d27345f][18:37:23.633955] wlan( 0): [0:F:WMA] WLAN triggered wakeup: BPF_ALLOW (39), vdev: 0 (STA)
01-01 01:01:31.398 F/[soft_i][0xf4d2a8e6d][18:37:23.645396] wlan( 0): [0:F:WMA] WLAN wake reason counters:
01-01 01:01:31.399 D/cnss ( 0): Runtime resume status: 0
01-01 01:01:31.407 F/[soft_i][0xf4d2d1fa5][18:37:23.654159] wlan( 0): [0:F:WMA] uc:0 bc:0 v4_mc:0 v6_mc:0 ra:0 ns:0 na:0 icmp:0 icmpv6:0
01-01 01:01:31.407 F/[soft_i][0xf4d2d20b2][18:37:23.654173] wlan( 0): [0:F:WMA] assoc:0 disassoc:0 assoc_resp:0 reassoc:0 reassoc_resp:0 auth:0 deauth:0 action:0
01-01 01:01:31.407 F/[soft_i][0xf4d2d21a7][18:37:23.654185] wlan( 0): [0:F:WMA] pno_match:0 pno_complete:0 gscan:0 low_rssi:0 rssi_breach:0 oem:0 scan_11d:0
01-01 01:01:31.407 I/[soft_i][0xf4d2d2873][18:37:23.654276] wlan( 0): [0:I:WMA] wma_wow_parse_data_pkt: 2172: Src_mac: 72:c3:54:69:df:0f, Dst_mac: de:80:07:da:d9:6c
01-01 01:01:31.416 D/cnss ( 0): Runtime idle
01-01 01:01:31.423 I/[soft_i][0xf4d31c241][18:37:23.669980] wlan( 0): [0:I:WMA] WOW Wakeup: IPV4 TCP Packet rcvd
01-01 01:01:31.476 I/[soft_i][0xf4d416396][18:37:23.723331] wlan( 0): [0:I:WMA] Pkt_len: 60, src_port: 36893, dst_port: 12600
01-01 01:01:31.487 F/[soft_i][0xf4d447679][18:37:23.733823] wlan( 0): [0:F:WMA] WLAN wake reason counters:
01-01 01:01:31.496 F/[soft_i][0xf4d470940][18:37:23.742607] wlan( 0): [0:F:WMA] uc:1 bc:0 v4_mc:0 v6_mc:0 ra:0 ns:0 na:0 icmp:0 icmpv6:0
01-01 01:01:31.507 F/[soft_i][0xf4d4a67a5][18:37:23.754105] wlan( 0): [0:F:WMA] assoc:0 disassoc:0 assoc_resp:0 reassoc:0 reassoc_resp:0 auth:0 deauth:0 action:0
01-01 01:01:31.521 F/[soft_i][0xf4d4e6935][18:37:23.767779] wlan( 0): [0:F:WMA] pno_match:0 pno_complete:0 gscan:0 low_rssi:0 rssi_breach:0 oem:0 scan_11d:0
01-01 01:01:31.785 D/ ( 0): mv2112_read_status
01-01 01:01:31.791 D/mv2112_update_link( 0): 3.0x901(1G): 0x80
01-01 01:01:31.796 D/mv2112_update_link( 0): 3.0x8109(100M): 0x0
01-01 01:01:31.801 D/mv2112_update_link( 0): link 0x0
01-01 01:01:31.806 D/mv2112_read_status( 0): autoneg is disabled
01-01 01:01:32.808 D/ ( 0): mv2112_read_status
01-01 01:01:32.812 D/mv2112_update_link( 0): 3.0x901(1G): 0x80
01-01 01:01:32.818 D/mv2112_update_link( 0): 3.0x8109(100M): 0x0
01-01 01:01:32.826 D/mv2112_update_link( 0): link 0x0
01-01 01:01:32.830 D/mv2112_read_status( 0): autoneg is disabled
01-01 01:01:32.969 D/cnss ( 0): Runtime suspend start
01-01 01:01:32.977 I/[kworke][0xf4ef8f9b4][18:37:25.223787] wlan( 0): [15775:I:PMO] pmo_core_is_wow_applicable: 319: lpass enabled, enabling wow
01-01 01:01:32.990 I/[kworke][0xf4efcd827][18:37:25.236992] wlan( 0): [15775:I:PMO] pmo_core_enable_wow_in_fw: 807: drv wow is enabled
01-01 01:01:33.002 I/[kworke][0xf4f003c72][18:37:25.248570] wlan( 0): [15775:I:PMO] pmo_core_enable_wow_in_fw: 820: RTPM wow
01-01 01:01:33.012 I/[kworke][0xf4f0357d6][18:37:25.259175] wlan( 0): [15775:I:WMI] send_wow_enable_cmd_tlv: 1831: suspend type: WOW_IFACE_PAUSE_ENABLED flag is 0x10
01-01 01:01:33.072 D/cnss ( 0): Setting MHI state: SUSPEND(6)
01-01 01:01:33.077 D/cnss ( 0): Suspending PCI link
01-01 01:01:33.084 D/cnss ( 0): Use PCIe DRV suspend
01-01 01:01:33.091 D/cnss ( 0): Runtime suspend status: 0
01-01 01:01:33.176 D/cnss ( 0): Runtime resume start
01-01 01:01:33.180 D/cnss ( 0): Resuming PCI link
01-01 01:01:33.188 D/cnss ( 0): Set PCI link status to: 2
01-01 01:01:33.192 D/cnss ( 0): Setting MHI state: RESUME(7)
01-01 01:01:33.202 I/[kworke][0xf4f3af0f5][18:37:25.448950] wlan( 0): [28222:I:PMO] pmo_core_psoc_send_host_wakeup_ind_to_fw: 1225: Host wakeup indication sent to fw
01-01 01:01:33.233 D/cnss ( 0): Runtime resume status: 0
01-01 01:01:33.237 D/cnss ( 0): Runtime idle
01-01 01:01:33.835 D/ ( 0): mv2112_read_status
01-01 01:01:33.838 D/mv2112_update_link( 0): 3.0x901(1G): 0x80
01-01 01:01:33.843 D/mv2112_update_link( 0): 3.0x8109(100M): 0x0
01-01 01:01:33.849 D/mv2112_update_link( 0): link 0x0
01-01 01:01:33.853 D/mv2112_read_status( 0): autoneg is disabled
01-01 01:01:33.985 D/cnss ( 0): Runtime suspend start
01-01 01:01:33.993 I/[kworke][0xf50229100][18:37:26.239564] wlan( 0): [28222:I:PMO] pmo_core_is_wow_applicable: 319: lpass enabled, enabling wow
01-01 01:01:34.005 I/[kworke][0xf50264795][18:37:26.252238] wlan( 0): [28222:I:PMO] pmo_core_enable_wow_in_fw: 807: drv wow is enabled
01-01 01:01:34.017 I/[kworke][0xf5029ad6c][18:37:26.263836] wlan( 0): [28222:I:PMO] pmo_core_enable_wow_in_fw: 820: RTPM wow
01-01 01:01:34.027 I/[kworke][0xf502cc84f][18:37:26.274434] wlan( 0): [28222:I:WMI] send_wow_enable_cmd_tlv: 1831: suspend type: WOW_IFACE_PAUSE_ENABLED flag is 0x10
01-01 01:01:34.087 D/cnss ( 0): Setting MHI state: SUSPEND(6)
01-01 01:01:34.092 D/cnss ( 0): Suspending PCI link
01-01 01:01:34.097 D/cnss ( 0): Use PCIe DRV suspend
01-01 01:01:34.110 D/cnss ( 0): Runtime suspend status: 0
01-01 01:01:34.188 I/init ( 0): starting service 'qvrd_vndr'...
01-01 01:01:34.198 I/init ( 0): Created socket '/dev/socket/qvrservice_vndr', mode 660, user 1000, group 1000
01-01 01:01:34.211 I/init ( 0): Created socket '/dev/socket/qvrservice_vndr_camera', mode 660, user 1000, group 1000
01-01 01:01:34.231 I/init ( 0): starting service 'sxrd'...
01-01 01:01:34.243 I/init ( 0): starting service 'vendor.light-hal-2-0'...
01-01 01:01:34.267 I/init ( 0): Service 'qvrd_vndr' (pid 30686) exited with status 1
01-01 01:01:34.273 I/init ( 0): Sending signal 9 to service 'qvrd_vndr' (pid 30686) process group...
01-01 01:01:34.282 I/libprocessgroup( 0): Successfully killed process cgroup uid 1000 pid 30686 in 0ms
01-01 01:01:34.292 I/init ( 0): Service 'sxrd' (pid 30699) exited with status 1
01-01 01:01:34.298 I/init ( 0): Sending signal 9 to service 'sxrd' (pid 30699) process group...
08-22 18:37:26.512 F/linker (30686): CANNOT LINK EXECUTABLE "/vendor/bin/hw/qvrservice": library "vendor.qti.hardware.qxr-V1-ndk_platform.so" not found: needed by /vendor/lib64/libqvrservice.so in namespace (default)
08-22 18:37:26.528 F/linker (30699): CANNOT LINK EXECUTABLE "/vendor/bin/hw/sxrservice": library "vendor.qti.hardware.qxr-V1-ndk_platform.so" not found: needed by main executable
01-01 01:01:34.861 D/ ( 0): mv2112_read_status
01-01 01:01:34.864 D/mv2112_update_link( 0): 3.0x901(1G): 0x80
01-01 01:01:34.870 D/mv2112_update_link( 0): 3.0x8109(100M): 0x0
01-01 01:01:34.875 D/mv2112_update_link( 0): link 0x0
01-01 01:01:34.880 D/mv2112_read_status( 0): autoneg is disabled
01-01 01:01:35.917 D/ ( 0): mv2112_read_status
01-01 01:01:35.923 D/mv2112_update_link( 0): 3.0x901(1G): 0x80
01-01 01:01:35.930 D/mv2112_update_link( 0): 3.0x8109(100M): 0x0
01-01 01:01:35.937 D/mv2112_update_link( 0): link 0x0
01-01 01:01:35.941 D/mv2112_read_status( 0): autoneg is disabled
01-01 01:01:36.330 I/[irq][0xf52cf678c][18:37:28.577145] wlan( 0): [0:I:HIF] wake interrupt received on irq 425
01-01 01:01:36.340 I/[irq][0xf52d2301f][18:37:28.586645] wlan( 0): [0:I:HIF] Runtime PM resume is requested by hif_wake_interrupt_handler [wlan]
01-01 01:01:36.352 D/cnss ( 0): Runtime resume start
01-01 01:01:36.356 D/cnss ( 0): Resuming PCI link
01-01 01:01:36.363 D/cnss ( 0): Set PCI link status to: 2
01-01 01:01:36.368 D/cnss ( 0): Setting MHI state: RESUME(7)
01-01 01:01:36.374 I/[kworke][0xf52dc2c6a][18:37:28.620729] wlan( 0): [15775:I:PMO] pmo_core_psoc_send_host_wakeup_ind_to_fw: 1225: Host wakeup indication sent to fw
01-01 01:01:36.389 F/[soft_i][0xf52e096ab][18:37:28.635799] wlan( 0): [0:F:WMA] WLAN triggered wakeup: BPF_ALLOW (39), vdev: 0 (STA)
01-01 01:01:36.400 F/[soft_i][0xf52e3f511][18:37:28.647298] wlan( 0): [0:F:WMA] WLAN wake reason counters:
01-01 01:01:36.401 D/cnss ( 0): Runtime resume status: 0
01-01 01:01:36.409 F/[soft_i][0xf52e6862f][18:37:28.656059] wlan( 0): [0:F:WMA] uc:1 bc:0 v4_mc:0 v6_mc:0 ra:0 ns:0 na:0 icmp:0 icmpv6:0
01-01 01:01:36.409 F/[soft_i][0xf52e68737][18:37:28.656073] wlan( 0): [0:F:WMA] assoc:0 disassoc:0 assoc_resp:0 reassoc:0 reassoc_resp:0 auth:0 deauth:0 action:0
01-01 01:01:36.409 F/[soft_i][0xf52e68827][18:37:28.656085] wlan( 0): [0:F:WMA] pno_match:0 pno_complete:0 gscan:0 low_rssi:0 rssi_breach:0 oem:0 scan_11d:0
01-01 01:01:36.409 I/[soft_i][0xf52e68c5a][18:37:28.656141] wlan( 0): [0:I:WMA] wma_wow_parse_data_pkt: 2172: Src_mac: 72:c3:54:69:df:0f, Dst_mac: de:80:07:da:d9:6c
01-01 01:01:36.413 D/cnss ( 0): Runtime idle
01-01 01:01:36.425 I/[soft_i][0xf52eb2055][18:37:28.671767] wlan( 0): [0:I:WMA] WOW Wakeup: IPV4 TCP Packet rcvd
01-01 01:01:36.425 I/[soft_i][0xf52eb21cd][18:37:28.671787] wlan( 0): [0:I:WMA] Pkt_len: 60, src_port: 33663, dst_port: 12600
01-01 01:01:36.425 F/[soft_i][0xf52eb2295][18:37:28.671797] wlan( 0): [0:F:WMA] WLAN wake reason counters:
01-01 01:01:36.425 F/[soft_i][0xf52eb22fc][18:37:28.671802] wlan( 0): [0:F:WMA] uc:2 bc:0 v4_mc:0 v6_mc:0 ra:0 ns:0 na:0 icmp:0 icmpv6:0
01-01 01:01:36.425 F/[soft_i][0xf52eb2364][18:37:28.671808] wlan( 0): [0:F:WMA] assoc:0 disassoc:0 assoc_resp:0 reassoc:0 reassoc_resp:0 auth:0 deauth:0 action:0
01-01 01:01:36.425 F/[soft_i][0xf52eb23c7][18:37:28.671813] wlan( 0): [0:F:WMA] pno_match:0 pno_complete:0 gscan:0 low_rssi:0 rssi_breach:0 oem:0 scan_11d:0
01-01 01:01:36.969 D/ ( 0): mv2112_read_status
01-01 01:01:36.974 D/mv2112_update_link( 0): 3.0x901(1G): 0x80
01-01 01:01:36.979 D/mv2112_update_link( 0): 3.0x8109(100M): 0x0
01-01 01:01:36.985 D/mv2112_update_link( 0): link 0x0
01-01 01:01:36.989 D/mv2112_read_status( 0): autoneg is disabled
01-01 01:01:37.645 D/cnss ( 0): Runtime suspend start
01-01 01:01:37.650 I/[kworke][0xf545231b2][18:37:29.897386] wlan( 0): [28222:I:PMO] pmo_core_is_wow_applicable: 319: lpass enabled, enabling wow
01-01 01:01:37.663 I/[kworke][0xf5455d3d8][18:37:29.909788] wlan( 0): [28222:I:PMO] pmo_core_enable_wow_in_fw: 807: drv wow is enabled
01-01 01:01:37.674 I/[kworke][0xf545934e2][18:37:29.921322] wlan( 0): [28222:I:PMO] pmo_core_enable_wow_in_fw: 820: RTPM wow
01-01 01:01:37.685 I/[kworke][0xf545c4fc7][18:37:29.931921] wlan( 0): [28222:I:WMI] send_wow_enable_cmd_tlv: 1831: suspend type: WOW_IFACE_PAUSE_ENABLED flag is 0x10
01-01 01:01:37.745 D/cnss ( 0): Setting MHI state: SUSPEND(6)
01-01 01:01:37.750 D/cnss ( 0): Suspending PCI link
01-01 01:01:37.754 D/cnss ( 0): Use PCIe DRV suspend
01-01 01:01:37.762 D/cnss ( 0): Runtime suspend status: 0
01-01 01:01:37.992 D/ ( 0): mv2112_read_status
01-01 01:01:37.996 D/mv2112_update_link( 0): 3.0x901(1G): 0x80
01-01 01:01:38.002 D/mv2112_update_link( 0): 3.0x8109(100M): 0x0
01-01 01:01:38.007 D/mv2112_update_link( 0): link 0x0
01-01 01:01:38.014 D/mv2112_read_status( 0): autoneg is disabled
01-01 01:01:39.016 D/ ( 0): mv2112_read_status
01-01 01:01:39.020 D/mv2112_update_link( 0): 3.0x901(1G): 0x80
01-01 01:01:39.027 D/mv2112_update_link( 0): 3.0x8109(100M): 0x0
01-01 01:01:39.033 D/mv2112_update_link( 0): link 0x0
01-01 01:01:39.038 D/mv2112_read_status( 0): autoneg is disabled
01-01 01:01:39.128 D/cnss ( 0): Runtime resume start
01-01 01:01:39.133 D/cnss ( 0): Resuming PCI link
01-01 01:01:39.142 D/cnss ( 0): Set PCI link status to: 2
01-01 01:01:39.147 D/cnss ( 0): Setting MHI state: RESUME(7)
01-01 01:01:39.159 I/[kworke][0xf560c28cc][18:37:31.405962] wlan( 0): [28222:I:PMO] pmo_core_psoc_send_host_wakeup_ind_to_fw: 1225: Host wakeup indication sent to fw
01-01 01:01:39.173 D/cnss ( 0): Runtime resume status: 0
01-01 01:01:39.178 D/cnss ( 0): Runtime idle
01-01 01:01:39.233 I/init ( 0): starting service 'qvrd_vndr'...
01-01 01:01:39.239 I/init ( 0): Created socket '/dev/socket/qvrservice_vndr', mode 660, user 1000, group 1000
01-01 01:01:39.250 I/init ( 0): Created socket '/dev/socket/qvrservice_vndr_camera', mode 660, user 1000, group 1000
01-01 01:01:39.272 I/init ( 0): starting service 'sxrd'...
01-01 01:01:39.289 I/init ( 0): starting service 'vendor.light-hal-2-0'...
01-01 01:01:39.303 I/init ( 0): Service 'qvrd_vndr' (pid 32421) exited with status 1
01-01 01:01:39.310 I/init ( 0): Sending signal 9 to service 'qvrd_vndr' (pid 32421) process group...
01-01 01:01:39.318 I/libprocessgroup( 0): Successfully killed process cgroup uid 1000 pid 32421 in 0ms
01-01 01:01:39.328 I/init ( 0): Service 'sxrd' (pid 32425) exited with status 1
01-01 01:01:39.334 I/init ( 0): Sending signal 9 to service 'sxrd' (pid 32425) process group...
08-22 18:37:31.548 F/linker (32421): CANNOT LINK EXECUTABLE "/vendor/bin/hw/qvrservice": library "vendor.qti.hardware.qxr-V1-ndk_platform.so" not found: needed by /vendor/lib64/libqvrservice.so in namespace (default)
08-22 18:37:31.558 F/linker (32425): CANNOT LINK EXECUTABLE "/vendor/bin/hw/sxrservice": library "vendor.qti.hardware.qxr-V1-ndk_platform.so" not found: needed by main executable
01-01 01:01:40.040 D/cnss ( 0): Runtime suspend start
01-01 01:01:40.045 I/[kworke][0xf570fc293][18:37:32.292065] wlan( 0): [28222:I:PMO] pmo_core_is_wow_applicable: 319: lpass enabled, enabling wow
01-01 01:01:40.060 I/[kworke][0xf57142a6b][18:37:32.307102] wlan( 0): [28222:I:PMO] pmo_core_enable_wow_in_fw: 807: drv wow is enabled
01-01 01:01:40.072 I/[kworke][0xf57179038][18:37:32.318700] wlan( 0): [28222:I:PMO] pmo_core_enable_wow_in_fw: 820: RTPM wow
01-01 01:01:40.078 D/ ( 0): mv2112_read_status
01-01 01:01:40.082 I/[kworke][0xf571ab19d][18:37:32.329385] wlan( 0): [28222:I:WMI] send_wow_enable_cmd_tlv: 1831: suspend type: WOW_IFACE_PAUSE_ENABLED flag is 0x10
01-01 01:01:40.088 D/mv2112_update_link( 0): 3.0x901(1G): 0x80
01-01 01:01:40.105 D/mv2112_update_link( 0): 3.0x8109(100M): 0x0
01-01 01:01:40.110 D/mv2112_update_link( 0): link 0x0
01-01 01:01:40.114 D/mv2112_read_status( 0): autoneg is disabled
01-01 01:01:40.147 I/[kworke][0xf572da5b6][18:37:32.394080] wlan( 0): [28222:I:HIF] hif_try_complete_tasks: 782: waiting for tasklets 0 grp tasklets 0 work 1
01-01 01:01:40.177 D/cnss ( 0): Setting MHI state: SUSPEND(6)
01-01 01:01:40.182 D/cnss ( 0): Suspending PCI link
01-01 01:01:40.187 D/cnss ( 0): Use PCIe DRV suspend
01-01 01:01:40.196 D/cnss ( 0): Runtime suspend status: 0
01-01 01:01:40.323 I/[irq][0xf576152fb][18:37:32.570470] wlan( 0): [0:I:HIF] wake interrupt received on irq 425
01-01 01:01:40.333 I/[irq][0xf57641b1b][18:37:32.579964] wlan( 0): [0:I:HIF] Runtime PM resume is requested by hif_wake_interrupt_handler [wlan]
01-01 01:01:40.347 D/cnss ( 0): Runtime resume start
01-01 01:01:40.351 D/cnss ( 0): Resuming PCI link
01-01 01:01:40.357 D/cnss ( 0): Set PCI link status to: 2
01-01 01:01:40.361 D/cnss ( 0): Setting MHI state: RESUME(7)
01-01 01:01:40.369 I/[kworke][0xf576ea4bd][18:37:32.615933] wlan( 0): [15775:I:PMO] pmo_core_psoc_send_host_wakeup_ind_to_fw: 1225: Host wakeup indication sent to fw
01-01 01:01:40.384 F/[soft_i][0xf57732b7e][18:37:32.631384] wlan( 0): [0:F:WMA] WLAN triggered wakeup: BPF_ALLOW (39), vdev: 0 (STA)
01-01 01:01:40.396 F/[soft_i][0xf57767fa8][18:37:32.642745] wlan( 0): [0:F:WMA] WLAN wake reason counters:
01-01 01:01:40.396 D/cnss ( 0): Runtime resume status: 0
01-01 01:01:40.404 F/[soft_i][0xf577913c1][18:37:32.651547] wlan( 0): [0:F:WMA] uc:2 bc:0 v4_mc:0 v6_mc:0 ra:0 ns:0 na:0 icmp:0 icmpv6:0
01-01 01:01:40.404 F/[soft_i][0xf577914c5][18:37:32.651560] wlan( 0): [0:F:WMA] assoc:0 disassoc:0 assoc_resp:0 reassoc:0 reassoc_resp:0 auth:0 deauth:0 action:0
01-01 01:01:40.405 F/[soft_i][0xf577915b2][18:37:32.651573] wlan( 0): [0:F:WMA] pno_match:0 pno_complete:0 gscan:0 low_rssi:0 rssi_breach:0 oem:0 scan_11d:0
01-01 01:01:40.405 I/[soft_i][0xf57791d18][18:37:32.651671] wlan( 0): [0:I:WMA] wma_wow_parse_data_pkt: 2172: Src_mac: 72:c3:54:69:df:0f, Dst_mac: de:80:07:da:d9:6c
01-01 01:01:40.409 D/cnss ( 0): Runtime idle
01-01 01:01:40.420 I/[soft_i][0xf577dac6d][18:37:32.667235] wlan( 0): [0:I:WMA] WOW Wakeup: IPV4 TCP Packet rcvd
01-01 01:01:40.420 I/[soft_i][0xf577dad41][18:37:32.667246] wlan( 0): [0:I:WMA] Pkt_len: 60, src_port: 46389, dst_port: 12600
01-01 01:01:40.420 F/[soft_i][0xf577dae07][18:37:32.667256] wlan( 0): [0:F:WMA] WLAN wake reason counters:
01-01 01:01:40.420 F/[soft_i][0xf577dae6f][18:37:32.667262] wlan( 0): [0:F:WMA] uc:3 bc:0 v4_mc:0 v6_mc:0 ra:0 ns:0 na:0 icmp:0 icmpv6:0
01-01 01:01:40.420 F/[soft_i][0xf577daed7][18:37:32.667267] wlan( 0): [0:F:WMA] assoc:0 disassoc:0 assoc_resp:0 reassoc:0 reassoc_resp:0 auth:0 deauth:0 action:0
01-01 01:01:40.420 F/[soft_i][0xf577daf3d][18:37:32.667272] wlan( 0): [0:F:WMA] pno_match:0 pno_complete:0 gscan:0 low_rssi:0 rssi_breach:0 oem:0 scan_11d:0
01-01 01:01:41.128 D/ ( 0): mv2112_read_status
01-01 01:01:41.133 D/mv2112_update_link( 0): 3.0x901(1G): 0x80
01-01 01:01:41.144 D/mv2112_update_link( 0): 3.0x8109(100M): 0x0
01-01 01:01:41.150 D/mv2112_update_link( 0): link 0x0
01-01 01:01:41.154 D/mv2112_read_status( 0): autoneg is disabled
01-01 01:01:41.801 D/cnss ( 0): Runtime suspend start
01-01 01:01:41.806 I/[kworke][0xf591397c6][18:37:34.052774] wlan( 0): [29858:I:PMO] pmo_core_is_wow_applicable: 319: lpass enabled, enabling wow
01-01 01:01:41.818 I/[kworke][0xf59174fed][18:37:34.065469] wlan( 0): [29858:I:PMO] pmo_core_enable_wow_in_fw: 807: drv wow is enabled
01-01 01:01:41.830 I/[kworke][0xf591aa2a5][18:37:34.076812] wlan( 0): [29858:I:PMO] pmo_core_enable_wow_in_fw: 820: RTPM wow
01-01 01:01:41.840 I/[kworke][0xf591dc00f][18:37:34.087444] wlan( 0): [29858:I:WMI] send_wow_enable_cmd_tlv: 1831: suspend type: WOW_IFACE_PAUSE_ENABLED flag is 0x10
01-01 01:01:41.902 D/cnss ( 0): Setting MHI state: SUSPEND(6)
01-01 01:01:41.907 D/cnss ( 0): Suspending PCI link
01-01 01:01:41.911 D/cnss ( 0): Use PCIe DRV suspend
01-01 01:01:41.929 D/cnss ( 0): Runtime suspend status: 0
01-01 01:01:42.185 D/ ( 0): mv2112_read_status
01-01 01:01:42.188 D/mv2112_update_link( 0): 3.0x901(1G): 0x80
01-01 01:01:42.194 D/mv2112_update_link( 0): 3.0x8109(100M): 0x0
01-01 01:01:42.199 D/mv2112_update_link( 0): link 0x0
01-01 01:01:42.203 D/mv2112_read_status( 0): autoneg is disabled
01-01 01:01:43.208 D/ ( 0): mv2112_read_status
01-01 01:01:43.212 D/mv2112_update_link( 0): 3.0x901(1G): 0x80
01-01 01:01:43.218 D/mv2112_update_link( 0): 3.0x8109(100M): 0x0
01-01 01:01:43.226 D/mv2112_update_link( 0): link 0x0
01-01 01:01:43.231 D/mv2112_read_status( 0): autoneg is disabled
01-01 01:01:44.265 D/ ( 0): mv2112_read_status
01-01 01:01:44.269 D/mv2112_update_link( 0): 3.0x901(1G): 0x80
01-01 01:01:44.273 I/init ( 0): starting service 'qvrd_vndr'...
01-01 01:01:44.279 D/mv2112_update_link( 0): 3.0x8109(100M): 0x0
01-01 01:01:44.281 I/init ( 0): Created socket '/dev/socket/qvrservice_vndr', mode 660, user 1000, group 1000
01-01 01:01:44.284 D/mv2112_update_link( 0): link 0x0
01-01 01:01:44.295 I/init ( 0): Created socket '/dev/socket/qvrservice_vndr_camera', mode 660, user 1000, group 1000
01-01 01:01:44.297 D/mv2112_read_status( 0): autoneg is disabled
01-01 01:01:44.321 I/init ( 0): starting service 'sxrd'...
01-01 01:01:44.339 I/init ( 0): starting service 'vendor.light-hal-2-0'...
01-01 01:01:44.357 I/init ( 0): Service 'qvrd_vndr' (pid 2621) exited with status 1
01-01 01:01:44.365 I/init ( 0): Sending signal 9 to service 'qvrd_vndr' (pid 2621) process group...
01-01 01:01:44.373 I/libprocessgroup( 0): Successfully killed process cgroup uid 1000 pid 2621 in 0ms
01-01 01:01:44.383 I/init ( 0): Service 'sxrd' (pid 2648) exited with status 1
01-01 01:01:44.389 I/init ( 0): Sending signal 9 to service 'sxrd' (pid 2648) process group...
08-22 18:37:36.597 F/linker ( 2621): CANNOT LINK EXECUTABLE "/vendor/bin/hw/qvrservice": library "vendor.qti.hardware.qxr-V1-ndk_platform.so" not found: needed by /vendor/lib64/libqvrservice.so in namespace (default)
08-22 18:37:36.615 F/linker ( 2648): CANNOT LINK EXECUTABLE "/vendor/bin/hw/sxrservice": library "vendor.qti.hardware.qxr-V1-ndk_platform.so" not found: needed by main executable
01-01 01:01:45.321 D/ ( 0): mv2112_read_status
01-01 01:01:45.325 D/mv2112_update_link( 0): 3.0x901(1G): 0x80
01-01 01:01:45.330 D/mv2112_update_link( 0): 3.0x8109(100M): 0x0
01-01 01:01:45.336 D/mv2112_update_link( 0): link 0x0
01-01 01:01:45.340 D/mv2112_read_status( 0): autoneg is disabled
01-01 01:01:45.761 E/ ( 0): [MAX975X:max96755x_drm_notifier_callback] *ERROR* receives EARLY_BLANK:UNBLANK
01-01 01:01:45.770 I/[drm:dsi_display_set_mode] [msm-dsi-info]( 0): mdp_transfer_time_us=0 us
01-01 01:01:45.777 I/[drm:dsi_display_set_mode] [msm-dsi-info]( 0): hactive= 2380,vactive= 1020,fps=60
01-01 01:01:45.783 D/cnss ( 0): Runtime resume start
01-01 01:01:45.786 I/[drm:dsi_ctrl_isr_configure] [msm-dsi-info]( 0): dsi-ctrl-0: IRQ 463 registered
01-01 01:01:45.793 D/cnss ( 0): Resuming PCI link
01-01 01:01:45.804 D/cnss ( 0): Set PCI link status to: 2
01-01 01:01:45.811 D/cnss ( 0): Setting MHI state: RESUME(7)
01-01 01:01:45.818 D/cnss ( 0): Sending get info message, type: 0, cmd length: 28, state: 0x107
01-01 01:01:45.820 I/[kworke][0xf5dab932b][18:37:38.066793] wlan( 0): [30248:I:PMO] pmo_core_psoc_send_host_wakeup_ind_to_fw: 1225: Host wakeup indication sent to fw
01-01 01:01:45.843 D/cnss ( 0): Runtime resume status: 0
01-01 01:01:45.844 D/cnss ( 0): Received QMI WLFW respond get info indication
01-01 01:01:45.854 D/cnss ( 0): Extract message with event length: 812, type: 0, is last: 0, seq no: 0
01-01 01:01:45.863 D/cnss ( 0): Received QMI WLFW respond get info indication
01-01 01:01:45.863 E/ ( 0): [MAX975X:max96755x_drm_notifier_callback] *ERROR* receives BLANK:UNBLANK
01-01 01:01:45.871 D/cnss ( 0): Extract message with event length: 576, type: 0, is last: 0, seq no: 0
01-01 01:01:45.886 D/cnss ( 0): Received QMI WLFW respond get info indication
01-01 01:01:45.886 I/[schedu][0xf5dbf217e][18:37:38.133544] wlan( 0): [13930:I:OSIF] scan start scan id 41001
01-01 01:01:45.892 D/cnss ( 0): Extract message with event length: 488, type: 0, is last: 0, seq no: 0
01-01 01:01:45.894 D/cnss ( 0): Received QMI WLFW respond get info indication
01-01 01:01:45.916 D/cnss ( 0): Extract message with event length: 748, type: 0, is last: 0, seq no: 0
01-01 01:01:45.919 I/binder ( 0): 3570:3570 ioctl 40046210 7ffbecfd54 returned -22
01-01 01:01:45.923 I/binder ( 0): 3548:3548 ioctl 40046210 7ffbecfd54 returned -22
01-01 01:01:45.930 D/cnss ( 0): Received QMI WLFW respond get info indication
01-01 01:01:45.944 D/cnss ( 0): Extract message with event length: 812, type: 0, is last: 0, seq no: 0
01-01 01:01:45.953 D/cnss ( 0): Received QMI WLFW respond get info indication
08-22 18:37:37.981 I/PowerManagerService( 1164): Powering on display group fromDozing (groupId=0, uid=1000, reason=WAKE_REASON_POWER_BUTTON, details=android.policy:POWER)...
08-22 18:37:37.981 I/PowerManagerService( 1164): Waking up from Dozing (uid=1000, reason=WAKE_REASON_POWER_BUTTON, details=android.policy:POWER)...
08-22 18:37:37.987 I/DreamManagerService( 1164): Gently waking up from dream.
08-22 18:37:37.989 I/DisplayPowerController[0]( 1164): Blocking screen on until initial contents have been drawn.
08-22 18:37:37.989 I/DreamManagerService( 1164): Performing gentle wake from dream.
08-22 18:37:37.992 V/DisplayPowerController[0]( 1164): Brightness [0.39763778] reason changing to: 'manual', previous reason: 'screen_off'.
08-22 18:37:37.994 I/DreamManagerService( 1164): Leaving dreamland.
08-22 18:37:37.999 I/DisplayDeviceRepository( 1164): Display device changed state: "内置å±å¹•", ON
08-22 18:37:38.002 I/DreamManagerService( 1164): Performing gentle wake from dream.
08-22 18:37:38.002 I/DreamController( 1164): Stopping dream: name=ComponentInfo{com.android.systemui/com.android.systemui.doze.DozeService}, isTest=false, canDoze=true, userId=0, reason='finished self'(from 'requested stopDream')
01-01 01:01:45.960 D/cnss ( 0): Extract message with event length: 748, type: 0, is last: 0, seq no: 0
08-22 18:37:38.033 E/KernelCpuSpeedReader( 1164): Failed to read cpu-freq: /sys/devices/system/cpu/cpu4/cpufreq/stats/time_in_state: open failed: ENOENT (No such file or directory)
08-22 18:37:38.035 E/KernelCpuSpeedReader( 1164): Failed to read cpu-freq: /sys/devices/system/cpu/cpu0/cpufreq/stats/time_in_state: open failed: ENOENT (No such file or directory)
08-22 18:37:38.058 D/ActivityTaskManager( 1164): Top Process State changed to PROCESS_STATE_TOP
08-22 18:37:38.071 D/CompatibilityChangeReporter( 1164): Compat change id reported: 135634846; UID 1000; state: DISABLED
08-22 18:37:38.071 D/CompatibilityChangeReporter( 1164): Compat change id reported: 177438394; UID 1000; state: DISABLED
08-22 18:37:38.071 D/CompatibilityChangeReporter( 1164): Compat change id reported: 135772972; UID 1000; state: DISABLED
08-22 18:37:38.071 D/CompatibilityChangeReporter( 1164): Compat change id reported: 135754954; UID 1000; state: ENABLED
08-22 18:37:38.072 D/CompatibilityChangeReporter( 1164): Compat change id reported: 135634846; UID 10079; state: DISABLED
08-22 18:37:38.072 D/CompatibilityChangeReporter( 1164): Compat change id reported: 177438394; UID 10079; state: DISABLED
08-22 18:37:38.072 D/CompatibilityChangeReporter( 1164): Compat change id reported: 135772972; UID 10079; state: DISABLED
08-22 18:37:38.072 D/CompatibilityChangeReporter( 1164): Compat change id reported: 135754954; UID 10079; state: ENABLED
08-22 18:37:38.102 I/ActivityManager( 1164): Start proc 3548:com.android.settings/1000 for null
08-22 18:37:38.103 D/CompatibilityChangeReporter( 1164): Compat change id reported: 143937733; UID 10079; state: ENABLED
08-22 18:37:38.126 W/ActivityManager( 1164): Slow operation: 55ms so far, now at startProcess: returned from zygote!
08-22 18:37:38.127 W/ActivityManager( 1164): Slow operation: 55ms so far, now at startProcess: done updating battery stats
08-22 18:37:38.127 W/ActivityManager( 1164): Slow operation: 55ms so far, now at startProcess: building log message
08-22 18:37:38.127 I/ActivityManager( 1164): Start proc 3570:com.android.music/u0a79 for null
08-22 18:37:38.127 W/ActivityManager( 1164): Slow operation: 56ms so far, now at startProcess: starting to update pids map
08-22 18:37:38.127 W/ActivityManager( 1164): Slow operation: 56ms so far, now at startProcess: done updating pids map
08-22 18:37:38.158 I/DisplayPowerController[0]( 1164): Unblocked screen on after 169 ms
08-22 18:37:38.162 E/DisplayDeviceConfig( 1164): requesting nits when no mapping exists.
08-22 18:37:38.162 E/DisplayDeviceConfig( 1164): requesting nits when no mapping exists.
08-22 18:37:38.173 I/DropBoxManagerService( 1164): add tag=system_server_wtf isTagEnabled=true flags=0x2
08-22 18:37:38.178 I/DropBoxManagerService( 1164): add tag=system_server_wtf isTagEnabled=true flags=0x2
08-22 18:37:38.184 D/CompatibilityChangeReporter( 1164): Compat change id reported: 168419799; UID 1000; state: DISABLED
08-22 18:37:38.191 D/CompatibilityChangeReporter( 1164): Compat change id reported: 168419799; UID 10079; state: DISABLED
08-22 18:37:38.225 D/WindowManager( 1164): powerPress: eventTime=3408476 interactive=true count=0 beganFromNonInteractive=true mShortPressOnPowerBehavior=1
01-01 01:01:46.348 D/ ( 0): mv2112_read_status
01-01 01:01:46.357 D/mv2112_update_link( 0): 3.0x901(1G): 0x80
01-01 01:01:46.362 D/mv2112_update_link( 0): 3.0x8109(100M): 0x0
01-01 01:01:46.367 D/mv2112_update_link( 0): link 0x0
01-01 01:01:46.371 D/mv2112_read_status( 0): autoneg is disabled
01-01 01:01:47.349 I/[schedu][0xf5f6b8b13][18:37:39.595857] wlan( 0): [13930:I:OSIF] vdev 0, scan id 41001 type COMPLETED(1) reason COMPLETED(1) scan found 66 bss
01-01 01:01:47.401 D/ ( 0): mv2112_read_status
01-01 01:01:47.405 D/mv2112_update_link( 0): 3.0x901(1G): 0x80
01-01 01:01:47.414 D/mv2112_update_link( 0): 3.0x8109(100M): 0x0
01-01 01:01:47.419 D/mv2112_update_link( 0): link 0x0
01-01 01:01:47.423 D/mv2112_read_status( 0): autoneg is disabled
01-01 01:01:48.456 D/ ( 0): mv2112_read_status
01-01 01:01:48.460 D/mv2112_update_link( 0): 3.0x901(1G): 0x80
01-01 01:01:48.470 D/mv2112_update_link( 0): 3.0x8109(100M): 0x0
01-01 01:01:48.476 D/mv2112_update_link( 0): link 0x0
01-01 01:01:48.480 D/mv2112_read_status( 0): autoneg is disabled
01-01 01:01:49.319 I/init ( 0): starting service 'qvrd_vndr'...
01-01 01:01:49.326 I/init ( 0): Created socket '/dev/socket/qvrservice_vndr', mode 660, user 1000, group 1000
01-01 01:01:49.336 I/init ( 0): Created socket '/dev/socket/qvrservice_vndr_camera', mode 660, user 1000, group 1000
01-01 01:01:49.359 I/init ( 0): starting service 'sxrd'...
01-01 01:01:49.372 I/init ( 0): starting service 'vendor.light-hal-2-0'...
01-01 01:01:49.386 I/init ( 0): Service 'qvrd_vndr' (pid 5034) exited with status 1
01-01 01:01:49.393 I/init ( 0): Sending signal 9 to service 'qvrd_vndr' (pid 5034) process group...
01-01 01:01:49.401 I/libprocessgroup( 0): Successfully killed process cgroup uid 1000 pid 5034 in 0ms
01-01 01:01:49.411 I/init ( 0): Service 'sxrd' (pid 5041) exited with status 1
01-01 01:01:49.417 I/init ( 0): Sending signal 9 to service 'sxrd' (pid 5041) process group...
08-22 18:37:41.622 F/linker ( 5034): CANNOT LINK EXECUTABLE "/vendor/bin/hw/qvrservice": library "vendor.qti.hardware.qxr-V1-ndk_platform.so" not found: needed by /vendor/lib64/libqvrservice.so in namespace (default)
08-22 18:37:41.628 F/linker ( 5041): CANNOT LINK EXECUTABLE "/vendor/bin/hw/sxrservice": library "vendor.qti.hardware.qxr-V1-ndk_platform.so" not found: needed by main executable
01-01 01:01:49.512 D/ ( 0): mv2112_read_status
01-01 01:01:49.516 D/mv2112_update_link( 0): 3.0x901(1G): 0x80
01-01 01:01:49.521 D/mv2112_update_link( 0): 3.0x8109(100M): 0x0
01-01 01:01:49.528 D/mv2112_update_link( 0): link 0x0
01-01 01:01:49.534 D/mv2112_read_status( 0): autoneg is disabled
01-01 01:01:50.542 D/ ( 0): mv2112_read_status
01-01 01:01:50.549 D/mv2112_update_link( 0): 3.0x901(1G): 0x80
01-01 01:01:50.556 D/mv2112_update_link( 0): 3.0x8109(100M): 0x0
01-01 01:01:50.561 D/mv2112_update_link( 0): link 0x0
01-01 01:01:50.565 D/mv2112_read_status( 0): autoneg is disabled
01-01 01:01:51.592 D/ ( 0): mv2112_read_status
01-01 01:01:51.596 D/mv2112_update_link( 0): 3.0x901(1G): 0x80
01-01 01:01:51.602 D/mv2112_update_link( 0): 3.0x8109(100M): 0x0
01-01 01:01:51.607 D/mv2112_update_link( 0): link 0x0
01-01 01:01:51.611 D/mv2112_read_status( 0): autoneg is disabled
01-01 01:01:52.617 D/ ( 0): mv2112_read_status
01-01 01:01:52.620 D/mv2112_update_link( 0): 3.0x901(1G): 0x80
01-01 01:01:52.627 D/mv2112_update_link( 0): 3.0x8109(100M): 0x0
01-01 01:01:52.632 D/mv2112_update_link( 0): link 0x0
01-01 01:01:52.637 D/mv2112_read_status( 0): autoneg is disabled
01-01 01:01:53.641 D/ ( 0): mv2112_read_status
01-01 01:01:53.645 D/mv2112_update_link( 0): 3.0x901(1G): 0x80
01-01 01:01:53.652 D/mv2112_update_link( 0): 3.0x8109(100M): 0x0
01-01 01:01:53.658 D/mv2112_update_link( 0): link 0x0
01-01 01:01:53.662 D/mv2112_read_status( 0): autoneg is disabled
01-01 01:01:54.358 I/init ( 0): starting service 'qvrd_vndr'...
01-01 01:01:54.365 I/init ( 0): Created socket '/dev/socket/qvrservice_vndr', mode 660, user 1000, group 1000
01-01 01:01:54.375 I/init ( 0): Created socket '/dev/socket/qvrservice_vndr_camera', mode 660, user 1000, group 1000
01-01 01:01:54.397 I/init ( 0): starting service 'sxrd'...
01-01 01:01:54.411 I/init ( 0): starting service 'vendor.light-hal-2-0'...
08-22 18:37:46.664 F/linker ( 6895): CANNOT LINK EXECUTABLE "/vendor/bin/hw/sxrservice": library "vendor.qti.hardware.qxr-V1-ndk_platform.so" not found: needed by main executable
08-22 18:37:46.674 F/linker ( 6887): CANNOT LINK EXECUTABLE "/vendor/bin/hw/qvrservice": library "vendor.qti.hardware.qxr-V1-ndk_platform.so" not found: needed by /vendor/lib64/libqvrservice.so in namespace (default)
01-01 01:01:54.426 I/init ( 0): Service 'sxrd' (pid 6895) exited with status 1
01-01 01:01:54.432 I/init ( 0): Sending signal 9 to service 'sxrd' (pid 6895) process group...
01-01 01:01:54.440 I/libprocessgroup( 0): Successfully killed process cgroup uid 1000 pid 6895 in 0ms
01-01 01:01:54.450 I/init ( 0): Service 'qvrd_vndr' (pid 6887) exited with status 1
01-01 01:01:54.456 I/init ( 0): Sending signal 9 to service 'qvrd_vndr' (pid 6887) process group...
01-01 01:01:54.664 D/ ( 0): mv2112_read_status
01-01 01:01:54.668 D/mv2112_update_link( 0): 3.0x901(1G): 0x80
01-01 01:01:54.673 D/mv2112_update_link( 0): 3.0x8109(100M): 0x0
01-01 01:01:54.679 D/mv2112_update_link( 0): link 0x0
01-01 01:01:54.683 D/mv2112_read_status( 0): autoneg is disabled
08-22 18:37:47.314 I/PowerManagerService( 1164): Napping display group (groupId=0, uid=1000)...
08-22 18:37:47.314 I/PowerManagerService( 1164): Nap time (uid 1000)...
08-22 18:37:47.317 I/DreamManagerService( 1164): Entering dreamland.
08-22 18:37:47.318 I/PowerManagerService( 1164): Dreaming...
08-22 18:37:47.318 I/DreamController( 1164): Starting dream: name=ComponentInfo{com.android.deskclock/com.android.deskclock.Screensaver}, isTest=false, canDoze=false, userId=0
08-22 18:37:47.322 D/AutofillManagerService( 1164): Close system dialogs
08-22 18:37:47.346 I/ActivityTaskManager( 1164): START u0 {flg=0x10000000 pkg=com.android.deskclock cmp=com.android.deskclock/android.service.dreams.DreamActivity (has extras)} from uid 10078
08-22 18:37:47.348 W/ActivityTaskManager( 1164): Can't find TaskDisplayArea to determine support for multi window. Task id=48 attached=false
08-22 18:37:47.369 V/SplashScreenExceptionList( 1164): SplashScreen checking exception for package com.android.deskclock (target sdk:29) -> false
08-22 18:37:47.379 I/ActivityTaskManager( 1164): The Process com.android.deskclock Already Exists in BG. So sending its PID: 3083
08-22 18:37:47.379 W/ActivityTaskManager( 1164): Tried to set launchTime (0) < mLastActivityLaunchTime (3389141)
08-22 18:37:47.400 W/WindowManager( 1164): Failed looking up window session=Session{6ad21f0 3083:u0a10078} callers=com.android.server.wm.WindowManagerService.windowForClientLocked:5626 com.android.server.wm.Session.insetsModified:629 android.view.IWindowSession$Stub.onTransact:1151
01-01 01:01:55.688 D/ ( 0): mv2112_read_status
01-01 01:01:55.699 D/mv2112_update_link( 0): 3.0x901(1G): 0x80
01-01 01:01:55.714 D/mv2112_update_link( 0): 3.0x8109(100M): 0x0
01-01 01:01:55.719 D/mv2112_update_link( 0): link 0x0
01-01 01:01:55.723 D/mv2112_read_status( 0): autoneg is disabled
01-01 01:01:56.745 D/ ( 0): mv2112_read_status
01-01 01:01:56.749 D/mv2112_update_link( 0): 3.0x901(1G): 0x80
01-01 01:01:56.756 D/mv2112_update_link( 0): 3.0x8109(100M): 0x0
01-01 01:01:56.762 D/mv2112_update_link( 0): link 0x0
01-01 01:01:56.766 D/mv2112_read_status( 0): autoneg is disabled
08-22 18:37:49.237 I/DreamManagerService( 1164): Gently waking up from dream.
08-22 18:37:49.237 I/PowerManagerService( 1164): Powering on display group fromDreaming (groupId=0, uid=1000, reason=WAKE_REASON_UNKNOWN, details=android.server.power:DREAM_FINISHED)...
08-22 18:37:49.237 I/PowerManagerService( 1164): Waking up from Dreaming (uid=1000, reason=WAKE_REASON_UNKNOWN, details=android.server.power:DREAM_FINISHED)...
08-22 18:37:49.237 I/DreamManagerService( 1164): Performing gentle wake from dream.
08-22 18:37:49.591 I/DreamManagerService( 1164): Leaving dreamland.
08-22 18:37:49.592 I/DreamManagerService( 1164): Performing gentle wake from dream.
08-22 18:37:49.592 I/DreamController( 1164): Stopping dream: name=ComponentInfo{com.android.deskclock/com.android.deskclock.Screensaver}, isTest=false, canDoze=false, userId=0, reason='finished self'(from 'request awaken')
08-22 18:37:49.620 W/ActivityTaskManager( 1164): Can't find TaskDisplayArea to determine support for multi window. Task id=48 attached=false
01-01 01:01:57.769 D/ ( 0): mv2112_read_status
01-01 01:01:57.772 D/mv2112_update_link( 0): 3.0x901(1G): 0x80
01-01 01:01:57.779 D/mv2112_update_link( 0): 3.0x8109(100M): 0x0
01-01 01:01:57.785 D/mv2112_update_link( 0): link 0x0
01-01 01:01:57.789 D/mv2112_read_status( 0): autoneg is disabled
01-01 01:01:58.794 D/ ( 0): mv2112_read_status
01-01 01:01:58.797 D/mv2112_update_link( 0): 3.0x901(1G): 0x80
01-01 01:01:58.802 D/mv2112_update_link( 0): 3.0x8109(100M): 0x0
01-01 01:01:58.808 D/mv2112_update_link( 0): link 0x0
01-01 01:01:58.812 D/mv2112_read_status( 0): autoneg is disabled
01-01 01:01:59.395 I/init ( 0): starting service 'qvrd_vndr'...
01-01 01:01:59.403 I/init ( 0): Created socket '/dev/socket/qvrservice_vndr', mode 660, user 1000, group 1000
01-01 01:01:59.418 I/init ( 0): Created socket '/dev/socket/qvrservice_vndr_camera', mode 660, user 1000, group 1000
01-01 01:01:59.438 I/init ( 0): starting service 'sxrd'...
01-01 01:01:59.451 I/init ( 0): Service 'qvrd_vndr' (pid 8452) exited with status 1
01-01 01:01:59.458 I/init ( 0): Sending signal 9 to service 'qvrd_vndr' (pid 8452) process group...
01-01 01:01:59.466 I/libprocessgroup( 0): Successfully killed process cgroup uid 1000 pid 8452 in 0ms
01-01 01:01:59.476 I/init ( 0): starting service 'vendor.light-hal-2-0'...
01-01 01:01:59.490 I/init ( 0): Service 'sxrd' (pid 8459) exited with status 1
01-01 01:01:59.496 I/init ( 0): Sending signal 9 to service 'sxrd' (pid 8459) process group...
08-22 18:37:51.696 F/linker ( 8452): CANNOT LINK EXECUTABLE "/vendor/bin/hw/qvrservice": library "vendor.qti.hardware.qxr-V1-ndk_platform.so" not found: needed by /vendor/lib64/libqvrservice.so in namespace (default)
08-22 18:37:51.723 F/linker ( 8459): CANNOT LINK EXECUTABLE "/vendor/bin/hw/sxrservice": library "vendor.qti.hardware.qxr-V1-ndk_platform.so" not found: needed by main executable
01-01 01:01:59.816 D/ ( 0): mv2112_read_status
01-01 01:01:59.820 D/mv2112_update_link( 0): 3.0x901(1G): 0x80
01-01 01:01:59.831 D/mv2112_update_link( 0): 3.0x8109(100M): 0x0
01-01 01:01:59.836 D/mv2112_update_link( 0): link 0x0
01-01 01:01:59.840 D/mv2112_read_status( 0): autoneg is disabled
08-22 18:37:51.911 I/ActivityTaskManager( 1164): Config changes=200 {1.0 ?mcc?mnc [zh_CN] ldltr sw680dp w1586dp h640dp 240dpi lrg long hdr land night finger -keyb/v/h -nav/h winConfig={ mBounds=Rect(0, 0 - 2380, 1020) mAppBounds=Rect(0, 0 - 2380, 996) mMaxBounds=Rect(0, 0 - 2380, 1020) mWindowingMode=fullscreen mDisplayWindowingMode=fullscreen mActivityType=undefined mAlwaysOnTop=undefined mRotation=ROTATION_0} s.271 fontWeightAdjustment=0}
08-22 18:37:51.919 W/ActivityTaskManager( 1164): Current config: {1.0 ?mcc?mnc [zh_CN] ldltr sw680dp w1586dp h640dp 240dpi lrg long hdr land finger -keyb/v/h -nav/h winConfig={ mBounds=Rect(0, 0 - 2380, 1020) mAppBounds=Rect(0, 0 - 2380, 996) mMaxBounds=Rect(0, 0 - 2380, 1020) mWindowingMode=fullscreen mDisplayWindowingMode=fullscreen mActivityType=undefined mAlwaysOnTop=undefined mRotation=ROTATION_0} s.271 fontWeightAdjustment=0} unchanged for IME proc com.android.inputmethod.latin
08-22 18:37:51.922 I/WindowManager( 1164): Override config changes=200 {1.0 ?mcc?mnc [zh_CN] ldltr sw680dp w1586dp h640dp 240dpi lrg long hdr land night finger -keyb/v/h -nav/h winConfig={ mBounds=Rect(0, 0 - 2380, 1020) mAppBounds=Rect(0, 0 - 2380, 996) mMaxBounds=Rect(0, 0 - 2380, 1020) mWindowingMode=fullscreen mDisplayWindowingMode=fullscreen mActivityType=undefined mAlwaysOnTop=undefined mRotation=ROTATION_0} s.271 fontWeightAdjustment=0} for displayId=0
08-22 18:37:51.923 V/ActivityTaskManager( 1164): Sending to IME proc com.android.inputmethod.latin new config {1.0 ?mcc?mnc [zh_CN] ldltr sw680dp w1586dp h640dp 240dpi lrg long hdr land night finger -keyb/v/h -nav/h winConfig={ mBounds=Rect(0, 0 - 2380, 1020) mAppBounds=Rect(0, 0 - 2380, 996) mMaxBounds=Rect(0, 0 - 2380, 1020) mWindowingMode=fullscreen mDisplayWindowingMode=fullscreen mActivityType=undefined mAlwaysOnTop=undefined mRotation=ROTATION_0} s.271 fontWeightAdjustment=0}
08-22 18:37:51.940 D/CompatibilityChangeReporter( 1164): Compat change id reported: 174042980; UID 10077; state: DISABLED
08-22 18:37:51.941 I/DropBoxManagerService( 1164): add tag=system_app_strictmode isTagEnabled=true flags=0x2
08-22 18:37:51.945 D/CompatibilityChangeReporter( 1164): Compat change id reported: 184838306; UID 10077; state: DISABLED
08-22 18:37:51.946 I/DropBoxManagerService( 1164): add tag=system_app_strictmode isTagEnabled=true flags=0x2
08-22 18:37:51.946 D/CompatibilityChangeReporter( 1164): Compat change id reported: 185004937; UID 10077; state: DISABLED
08-22 18:37:51.949 D/CompatibilityChangeReporter( 1164): Compat change id reported: 181136395; UID 10077; state: DISABLED
08-22 18:37:51.951 D/CompatibilityChangeReporter( 1164): Compat change id reported: 174042936; UID 10077; state: DISABLED
08-22 18:37:51.953 I/DropBoxManagerService( 1164): add tag=system_app_strictmode isTagEnabled=true flags=0x2
08-22 18:37:51.961 I/DropBoxManagerService( 1164): add tag=system_app_strictmode isTagEnabled=true flags=0x2
08-22 18:37:51.967 I/DropBoxManagerService( 1164): add tag=system_app_strictmode isTagEnabled=true flags=0x2
08-22 18:37:51.977 D/CompatibilityChangeReporter( 1164): Compat change id reported: 174042980; UID 10111; state: DISABLED
08-22 18:37:51.979 I/DropBoxManagerService( 1164): add tag=system_app_strictmode isTagEnabled=true flags=0x2
08-22 18:37:51.979 D/CompatibilityChangeReporter( 1164): Compat change id reported: 184838306; UID 10111; state: DISABLED
08-22 18:37:51.984 D/CompatibilityChangeReporter( 1164): Compat change id reported: 185004937; UID 10111; state: DISABLED
08-22 18:37:52.016 I/DropBoxManagerService( 1164): add tag=system_app_strictmode isTagEnabled=true flags=0x2
08-22 18:37:52.021 D/CompatibilityChangeReporter( 1164): Compat change id reported: 174042980; UID 1000; state: DISABLED
08-22 18:37:52.030 I/DropBoxManagerService( 1164): add tag=system_app_strictmode isTagEnabled=true flags=0x2
08-22 18:37:52.045 I/DropBoxManagerService( 1164): add tag=system_app_strictmode isTagEnabled=true flags=0x2
08-22 18:37:52.061 I/DropBoxManagerService( 1164): add tag=system_app_strictmode isTagEnabled=true flags=0x2
08-22 18:37:52.070 I/DropBoxManagerService( 1164): add tag=system_app_strictmode isTagEnabled=true flags=0x2
08-22 18:37:52.089 I/DropBoxManagerService( 1164): add tag=system_app_strictmode isTagEnabled=true flags=0x2
08-22 18:37:52.105 I/DropBoxManagerService( 1164): add tag=system_app_strictmode isTagEnabled=true flags=0x2
08-22 18:37:52.116 I/DropBoxManagerService( 1164): add tag=system_app_strictmode isTagEnabled=true flags=0x2
01-01 01:02:00.007 I/binder ( 0): 8645:8645 ioctl 40046210 7ffbecfd54 returned -22
08-22 18:37:52.122 I/DropBoxManagerService( 1164): add tag=system_app_strictmode isTagEnabled=true flags=0x2
08-22 18:37:52.133 I/DropBoxManagerService( 1164): add tag=system_app_strictmode isTagEnabled=true flags=0x2
08-22 18:37:52.141 I/DropBoxManagerService( 1164): add tag=system_app_strictmode isTagEnabled=true flags=0x2
08-22 18:37:52.147 I/DropBoxManagerService( 1164): add tag=system_app_strictmode isTagEnabled=true flags=0x2
08-22 18:37:52.161 I/DropBoxManagerService( 1164): add tag=system_app_strictmode isTagEnabled=true flags=0x2
08-22 18:37:52.163 I/DropBoxManagerService( 1164): add tag=system_app_strictmode isTagEnabled=true flags=0x2
08-22 18:37:52.168 D/CompatibilityChangeReporter( 1164): Compat change id reported: 135634846; UID 10080; state: DISABLED
08-22 18:37:52.168 D/CompatibilityChangeReporter( 1164): Compat change id reported: 177438394; UID 10080; state: DISABLED
08-22 18:37:52.168 D/CompatibilityChangeReporter( 1164): Compat change id reported: 135772972; UID 10080; state: DISABLED
08-22 18:37:52.168 D/CompatibilityChangeReporter( 1164): Compat change id reported: 135754954; UID 10080; state: DISABLED
08-22 18:37:52.169 D/CompatibilityChangeReporter( 1164): Compat change id reported: 143937733; UID 10080; state: DISABLED
08-22 18:37:52.171 I/DropBoxManagerService( 1164): add tag=system_app_strictmode isTagEnabled=true flags=0x2
08-22 18:37:52.187 I/DropBoxManagerService( 1164): add tag=system_app_strictmode isTagEnabled=true flags=0x2
08-22 18:37:52.206 I/ActivityManager( 1164): Start proc 8645:com.android.quicksearchbox/u0a80 for broadcast {com.android.quicksearchbox/com.android.quicksearchbox.SearchWidgetProvider}
08-22 18:37:52.231 I/DropBoxManagerService( 1164): add tag=system_app_strictmode isTagEnabled=true flags=0x2
08-22 18:37:52.232 I/WindowManager( 1164): finishDrawing of relaunch: Window{1408d33 u0 com.android.launcher3/com.android.launcher3.uioverrides.QuickstepLauncher} 165ms
01-01 01:02:00.144 I/afe_find_cal_topo_id_by_port( 0): port id: 0x9000, dev_acdb_id: 0
01-01 01:02:00.151 I/afe_find_cal_topo_id_by_port( 0): top_id:112fc acdb_id:15 afe_port:0x9000
01-01 01:02:00.159 I/afe_get_cal_topology_id( 0): port_id = 0x9000 acdb_id = 15 topology_id = 0x112fc cal_type_index=8 ret=0
08-22 18:37:52.271 I/DropBoxManagerService( 1164): add tag=system_app_strictmode isTagEnabled=true flags=0x2
08-22 18:37:52.289 I/DropBoxManagerService( 1164): add tag=system_app_strictmode isTagEnabled=true flags=0x2
08-22 18:37:52.307 I/DropBoxManagerService( 1164): add tag=system_app_strictmode isTagEnabled=true flags=0x2
08-22 18:37:52.316 I/WindowManager( 1164): Screen frozen for +293ms due to Window{6fdcbe1 u0 NavigationBar0}
01-01 01:02:00.169 I/afe_send_port_topology_id( 0): AFE set topology id 0x112fc enable for port 0x9000 ret 0
01-01 01:02:00.179 I/send_afe_cal_type( 0): cal_index is 0
01-01 01:02:00.183 I/send_afe_cal_type( 0): dev_acdb_id[55] is 0
01-01 01:02:00.188 I/send_afe_cal_type( 0): Sending cal_index cal 0
08-22 18:37:52.326 I/DropBoxManagerService( 1164): add tag=system_app_strictmode isTagEnabled=true flags=0x2
01-01 01:02:00.194 E/send_afe_cal_type( 0): No cal sent for cal_index 0, port_id = 0x9000! ret -22
08-22 18:37:52.335 I/DropBoxManagerService( 1164): add tag=system_app_strictmode isTagEnabled=true flags=0x2
08-22 18:37:52.341 I/DropBoxManagerService( 1164): add tag=system_app_strictmode isTagEnabled=true flags=0x2
01-01 01:02:00.202 I/afe_send_hw_delay( 0): port_id 0x9000 rate 48000 delay_usec 474 status 0
08-22 18:37:52.351 I/DropBoxManagerService( 1164): add tag=system_app_strictmode isTagEnabled=true flags=0x2
08-22 18:37:52.361 I/DropBoxManagerService( 1164): add tag=system_app_strictmode isTagEnabled=true flags=0x2
08-22 18:37:52.365 I/DropBoxManagerService( 1164): add tag=system_app_strictmode isTagEnabled=true flags=0x2
08-22 18:37:52.375 I/DropBoxManagerService( 1164): add tag=system_app_strictmode isTagEnabled=true flags=0x2
08-22 18:37:52.385 I/DropBoxManagerService( 1164): add tag=system_app_strictmode isTagEnabled=true flags=0x2
08-22 18:37:52.392 I/DropBoxManagerService( 1164): add tag=system_app_strictmode isTagEnabled=true flags=0x2
08-22 18:37:52.411 I/DropBoxManagerService( 1164): add tag=system_app_strictmode isTagEnabled=true flags=0x2
01-01 01:02:00.872 D/ ( 0): mv2112_read_status
01-01 01:02:00.876 D/mv2112_update_link( 0): 3.0x901(1G): 0x80
01-01 01:02:00.881 D/mv2112_update_link( 0): 3.0x8109(100M): 0x0
01-01 01:02:00.888 D/mv2112_update_link( 0): link 0x0
01-01 01:02:00.894 D/mv2112_read_status( 0): autoneg is disabled
01-01 01:02:01.896 D/ ( 0): mv2112_read_status
01-01 01:02:01.900 D/mv2112_update_link( 0): 3.0x901(1G): 0x80
01-01 01:02:01.905 D/mv2112_update_link( 0): 3.0x8109(100M): 0x0
01-01 01:02:01.913 D/mv2112_update_link( 0): link 0x0
01-01 01:02:01.917 D/mv2112_read_status( 0): autoneg is disabled
01-01 01:02:02.920 D/ ( 0): mv2112_read_status
01-01 01:02:02.931 D/mv2112_update_link( 0): 3.0x901(1G): 0x80
01-01 01:02:02.939 D/mv2112_update_link( 0): 3.0x8109(100M): 0x0
01-01 01:02:02.946 D/mv2112_update_link( 0): link 0x0
01-01 01:02:02.950 D/mv2112_read_status( 0): autoneg is disabled
01-01 01:02:03.544 I/afe_close( 0): port_id = 0x9000
01-01 01:02:03.980 D/ ( 0): mv2112_read_status
01-01 01:02:03.985 D/mv2112_update_link( 0): 3.0x901(1G): 0x80
01-01 01:02:03.991 D/mv2112_update_link( 0): 3.0x8109(100M): 0x0
01-01 01:02:03.998 D/mv2112_update_link( 0): link 0x0
01-01 01:02:04.002 D/mv2112_read_status( 0): autoneg is disabled
01-01 01:02:04.440 I/init ( 0): starting service 'qvrd_vndr'...
