08-22 18:34:22.560 W/ContextImpl( 2661): Calling a method in the system process without a qualified user: android.app.ContextImpl.startActivity:1067 android.app.ContextImpl.startActivity:1056 android.content.ContextWrapper.startActivity:411 com.thundercomm.remotecontrolservice.RemoteControlService.startApp:248 com.thundercomm.remotecontrolservice.remotecommand.RemoteAppLaunchCommand.doActualAction:35
08-22 18:34:22.565 I/ActivityTaskManager( 1164): START u0 {flg=0x10000000 cmp=com.android.gallery3d/.app.GalleryActivity} from uid 1000
01-01 00:58:31.208 D/ ( 0): mv2112_read_status
01-01 00:58:31.212 D/mv2112_update_link( 0): 3.0x901(1G): 0x80
01-01 00:58:31.218 D/mv2112_update_link( 0): 3.0x8109(100M): 0x0
01-01 00:58:31.224 D/mv2112_update_link( 0): link 0x0
01-01 00:58:31.229 D/mv2112_read_status( 0): autoneg is disabled
01-01 00:58:32.233 D/ ( 0): mv2112_read_status
01-01 00:58:32.237 D/mv2112_update_link( 0): 3.0x901(1G): 0x80
01-01 00:58:32.242 D/mv2112_update_link( 0): 3.0x8109(100M): 0x0
01-01 00:58:32.249 D/mv2112_update_link( 0): link 0x0
01-01 00:58:32.256 D/mv2112_read_status( 0): autoneg is disabled
01-01 00:58:32.794 I/init ( 0): starting service 'qvrd_vndr'...
01-01 00:58:32.800 I/init ( 0): Created socket '/dev/socket/qvrservice_vndr', mode 660, user 1000, group 1000
01-01 00:58:32.810 I/init ( 0): Created socket '/dev/socket/qvrservice_vndr_camera', mode 660, user 1000, group 1000
01-01 00:58:32.830 I/init ( 0): starting service 'sxrd'...
01-01 00:58:32.843 I/init ( 0): starting service 'vendor.light-hal-2-0'...
01-01 00:58:32.858 I/init ( 0): Service 'qvrd_vndr' (pid 29322) exited with status 1
01-01 00:58:32.865 I/init ( 0): Sending signal 9 to service 'qvrd_vndr' (pid 29322) process group...
01-01 00:58:32.873 I/libprocessgroup( 0): Successfully killed process cgroup uid 1000 pid 29322 in 0ms
01-01 00:58:32.883 I/init ( 0): Service 'sxrd' (pid 29329) exited with status 1
01-01 00:58:32.889 I/init ( 0): Sending signal 9 to service 'sxrd' (pid 29329) process group...
08-22 18:34:25.089 F/linker (29322): CANNOT LINK EXECUTABLE "/vendor/bin/hw/qvrservice": library "vendor.qti.hardware.qxr-V1-ndk_platform.so" not found: needed by /vendor/lib64/libqvrservice.so in namespace (default)
08-22 18:34:25.100 F/linker (29329): CANNOT LINK EXECUTABLE "/vendor/bin/hw/sxrservice": library "vendor.qti.hardware.qxr-V1-ndk_platform.so" not found: needed by main executable
01-01 00:58:33.289 D/ ( 0): mv2112_read_status
01-01 00:58:33.295 D/mv2112_update_link( 0): 3.0x901(1G): 0x80
01-01 00:58:33.300 D/mv2112_update_link( 0): 3.0x8109(100M): 0x0
01-01 00:58:33.306 D/mv2112_update_link( 0): link 0x0
01-01 00:58:33.310 D/mv2112_read_status( 0): autoneg is disabled
01-01 00:58:34.312 D/ ( 0): mv2112_read_status
01-01 00:58:34.316 D/mv2112_update_link( 0): 3.0x901(1G): 0x80
01-01 00:58:34.321 D/mv2112_update_link( 0): 3.0x8109(100M): 0x0
01-01 00:58:34.326 D/mv2112_update_link( 0): link 0x0
01-01 00:58:34.331 D/mv2112_read_status( 0): autoneg is disabled
01-01 00:58:35.336 D/ ( 0): mv2112_read_status
01-01 00:58:35.340 D/mv2112_update_link( 0): 3.0x901(1G): 0x80
01-01 00:58:35.346 D/mv2112_update_link( 0): 3.0x8109(100M): 0x0
01-01 00:58:35.354 D/mv2112_update_link( 0): link 0x0
01-01 00:58:35.358 D/mv2112_read_status( 0): autoneg is disabled
08-22 18:34:28.257 D/AutofillManagerService( 1164): onBackKeyPressed()
08-22 18:34:28.320 I/NotificationService( 1164): cancelToast pkg=com.android.gallery3d token=android.os.BinderProxy@512f4bf
08-22 18:34:28.320 W/NotificationService( 1164): Toast already cancelled. pkg=com.android.gallery3d token=android.os.BinderProxy@512f4bf
01-01 00:58:36.360 D/ ( 0): mv2112_read_status
01-01 00:58:36.364 D/mv2112_update_link( 0): 3.0x901(1G): 0x80
01-01 00:58:36.373 D/mv2112_update_link( 0): 3.0x8109(100M): 0x0
01-01 00:58:36.380 D/mv2112_update_link( 0): link 0x0
01-01 00:58:36.384 D/mv2112_read_status( 0): autoneg is disabled
08-22 18:34:28.780 W/ActivityTaskManager( 1164): Can't find TaskDisplayArea to determine support for multi window. Task id=46 attached=false
08-22 18:34:28.780 W/ActivityTaskManager( 1164): Can't find TaskDisplayArea to determine support for multi window. Task id=46 attached=false
08-22 18:34:29.341 W/WindowManager( 1164): removeWindowToken: Attempted to remove non-existing token: android.os.Binder@7b4c83d
01-01 00:58:37.417 D/ ( 0): mv2112_read_status
01-01 00:58:37.420 D/mv2112_update_link( 0): 3.0x901(1G): 0x80
01-01 00:58:37.425 D/mv2112_update_link( 0): 3.0x8109(100M): 0x0
01-01 00:58:37.431 D/mv2112_update_link( 0): link 0x0
01-01 00:58:37.437 D/mv2112_read_status( 0): autoneg is disabled
01-01 00:58:37.832 I/init ( 0): starting service 'qvrd_vndr'...
01-01 00:58:37.839 I/init ( 0): Created socket '/dev/socket/qvrservice_vndr', mode 660, user 1000, group 1000
01-01 00:58:37.850 I/init ( 0): Created socket '/dev/socket/qvrservice_vndr_camera', mode 660, user 1000, group 1000
01-01 00:58:37.868 I/init ( 0): starting service 'sxrd'...
01-01 00:58:37.879 I/init ( 0): starting service 'vendor.light-hal-2-0'...
01-01 00:58:37.900 I/init ( 0): Service 'qvrd_vndr' (pid 30793) exited with status 1
01-01 00:58:37.907 I/init ( 0): Sending signal 9 to service 'qvrd_vndr' (pid 30793) process group...
01-01 00:58:37.915 I/libprocessgroup( 0): Successfully killed process cgroup uid 1000 pid 30793 in 0ms
01-01 00:58:37.925 I/init ( 0): Service 'sxrd' (pid 30796) exited with status 1
01-01 00:58:37.931 I/init ( 0): Sending signal 9 to service 'sxrd' (pid 30796) process group...
08-22 18:34:30.145 F/linker (30793): CANNOT LINK EXECUTABLE "/vendor/bin/hw/qvrservice": library "vendor.qti.hardware.qxr-V1-ndk_platform.so" not found: needed by /vendor/lib64/libqvrservice.so in namespace (default)
08-22 18:34:30.150 F/linker (30796): CANNOT LINK EXECUTABLE "/vendor/bin/hw/sxrservice": library "vendor.qti.hardware.qxr-V1-ndk_platform.so" not found: needed by main executable
01-01 00:58:38.440 D/ ( 0): mv2112_read_status
01-01 00:58:38.444 D/mv2112_update_link( 0): 3.0x901(1G): 0x80
01-01 00:58:38.453 D/mv2112_update_link( 0): 3.0x8109(100M): 0x0
01-01 00:58:38.458 D/mv2112_update_link( 0): link 0x0
01-01 00:58:38.462 D/mv2112_read_status( 0): autoneg is disabled
01-01 00:58:39.464 D/ ( 0): mv2112_read_status
01-01 00:58:39.468 D/mv2112_update_link( 0): 3.0x901(1G): 0x80
01-01 00:58:39.475 D/mv2112_update_link( 0): 3.0x8109(100M): 0x0
01-01 00:58:39.483 D/mv2112_update_link( 0): link 0x0
01-01 00:58:39.487 D/mv2112_read_status( 0): autoneg is disabled
08-22 18:34:31.792 E/TaskPersister( 1164): File error accessing recents directory (directory doesn't exist?).
01-01 00:58:40.520 D/ ( 0): mv2112_read_status
01-01 00:58:40.524 D/mv2112_update_link( 0): 3.0x901(1G): 0x80
01-01 00:58:40.530 D/mv2112_update_link( 0): 3.0x8109(100M): 0x0
01-01 00:58:40.535 D/mv2112_update_link( 0): link 0x0
01-01 00:58:40.540 D/mv2112_read_status( 0): autoneg is disabled
01-01 00:58:40.861 I/[schedu][0xe8a005b68][18:34:33.107756] wlan( 0): [13930:I:OSIF] scan start scan id 40998
01-01 00:58:41.544 D/ ( 0): mv2112_read_status
01-01 00:58:41.548 D/mv2112_update_link( 0): 3.0x901(1G): 0x80
01-01 00:58:41.553 D/mv2112_update_link( 0): 3.0x8109(100M): 0x0
01-01 00:58:41.558 D/mv2112_update_link( 0): link 0x0
01-01 00:58:41.563 D/mv2112_read_status( 0): autoneg is disabled
01-01 00:58:42.310 I/[schedu][0xe8ba8e7d6][18:34:34.556881] wlan( 0): [13930:I:OSIF] vdev 0, scan id 40998 type COMPLETED(1) reason COMPLETED(1) scan found 63 bss
01-01 00:58:42.568 D/ ( 0): mv2112_read_status
01-01 00:58:42.573 D/mv2112_update_link( 0): 3.0x901(1G): 0x80
01-01 00:58:42.579 D/mv2112_update_link( 0): 3.0x8109(100M): 0x0
01-01 00:58:42.585 D/mv2112_update_link( 0): link 0x0
01-01 00:58:42.589 D/mv2112_read_status( 0): autoneg is disabled
01-01 00:58:42.871 I/init ( 0): starting service 'qvrd_vndr'...
01-01 00:58:42.876 I/init ( 0): Created socket '/dev/socket/qvrservice_vndr', mode 660, user 1000, group 1000
01-01 00:58:42.887 I/init ( 0): Created socket '/dev/socket/qvrservice_vndr_camera', mode 660, user 1000, group 1000
01-01 00:58:42.907 I/init ( 0): starting service 'sxrd'...
01-01 00:58:42.925 I/init ( 0): starting service 'vendor.light-hal-2-0'...
01-01 00:58:42.946 I/init ( 0): Service 'qvrd_vndr' (pid 32452) exited with status 1
01-01 00:58:42.953 I/init ( 0): Sending signal 9 to service 'qvrd_vndr' (pid 32452) process group...
01-01 00:58:42.961 I/libprocessgroup( 0): Successfully killed process cgroup uid 1000 pid 32452 in 0ms
01-01 00:58:42.971 I/init ( 0): Service 'sxrd' (pid 32457) exited with status 1
01-01 00:58:42.978 I/init ( 0): Sending signal 9 to service 'sxrd' (pid 32457) process group...
08-22 18:34:35.190 F/linker (32452): CANNOT LINK EXECUTABLE "/vendor/bin/hw/qvrservice": library "vendor.qti.hardware.qxr-V1-ndk_platform.so" not found: needed by /vendor/lib64/libqvrservice.so in namespace (default)
08-22 18:34:35.205 F/linker (32457): CANNOT LINK EXECUTABLE "/vendor/bin/hw/sxrservice": library "vendor.qti.hardware.qxr-V1-ndk_platform.so" not found: needed by main executable
01-01 00:58:43.592 D/ ( 0): mv2112_read_status
01-01 00:58:43.596 D/mv2112_update_link( 0): 3.0x901(1G): 0x80
01-01 00:58:43.601 D/mv2112_update_link( 0): 3.0x8109(100M): 0x0
01-01 00:58:43.606 D/mv2112_update_link( 0): link 0x0
01-01 00:58:43.612 D/mv2112_read_status( 0): autoneg is disabled
01-01 00:58:44.616 D/ ( 0): mv2112_read_status
01-01 00:58:44.620 D/mv2112_update_link( 0): 3.0x901(1G): 0x80
01-01 00:58:44.625 D/mv2112_update_link( 0): 3.0x8109(100M): 0x0
01-01 00:58:44.635 D/mv2112_update_link( 0): link 0x0
01-01 00:58:44.639 D/mv2112_read_status( 0): autoneg is disabled
01-01 00:58:45.672 D/ ( 0): mv2112_read_status
01-01 00:58:45.676 D/mv2112_update_link( 0): 3.0x901(1G): 0x80
01-01 00:58:45.682 D/mv2112_update_link( 0): 3.0x8109(100M): 0x0
01-01 00:58:45.688 D/mv2112_update_link( 0): link 0x0
01-01 00:58:45.694 D/mv2112_read_status( 0): autoneg is disabled
01-01 00:58:46.696 D/ ( 0): mv2112_read_status
01-01 00:58:46.700 D/mv2112_update_link( 0): 3.0x901(1G): 0x80
01-01 00:58:46.705 D/mv2112_update_link( 0): 3.0x8109(100M): 0x0
01-01 00:58:46.711 D/mv2112_update_link( 0): link 0x0
01-01 00:58:46.716 D/mv2112_read_status( 0): autoneg is disabled
01-01 00:58:47.720 D/ ( 0): mv2112_read_status
01-01 00:58:47.724 D/mv2112_update_link( 0): 3.0x901(1G): 0x80
01-01 00:58:47.729 D/mv2112_update_link( 0): 3.0x8109(100M): 0x0
01-01 00:58:47.736 D/mv2112_update_link( 0): link 0x0
01-01 00:58:47.740 D/mv2112_read_status( 0): autoneg is disabled
01-01 00:58:47.908 I/init ( 0): starting service 'qvrd_vndr'...
01-01 00:58:47.914 I/init ( 0): Created socket '/dev/socket/qvrservice_vndr', mode 660, user 1000, group 1000
01-01 00:58:47.924 I/init ( 0): Created socket '/dev/socket/qvrservice_vndr_camera', mode 660, user 1000, group 1000
01-01 00:58:47.946 I/init ( 0): starting service 'sxrd'...
01-01 00:58:47.960 I/init ( 0): starting service 'vendor.light-hal-2-0'...
08-22 18:34:40.228 F/linker ( 2723): CANNOT LINK EXECUTABLE "/vendor/bin/hw/sxrservice": library "vendor.qti.hardware.qxr-V1-ndk_platform.so" not found: needed by main executable
08-22 18:34:40.229 F/linker ( 2696): CANNOT LINK EXECUTABLE "/vendor/bin/hw/qvrservice": library "vendor.qti.hardware.qxr-V1-ndk_platform.so" not found: needed by /vendor/lib64/libqvrservice.so in namespace (default)
01-01 00:58:47.982 I/init ( 0): Service 'sxrd' (pid 2723) exited with status 1
01-01 00:58:47.989 I/init ( 0): Sending signal 9 to service 'sxrd' (pid 2723) process group...
01-01 00:58:47.997 I/libprocessgroup( 0): Successfully killed process cgroup uid 1000 pid 2723 in 0ms
01-01 00:58:48.006 I/init ( 0): Service 'qvrd_vndr' (pid 2696) exited with status 1
01-01 00:58:48.013 I/init ( 0): Sending signal 9 to service 'qvrd_vndr' (pid 2696) process group...
01-01 00:58:48.745 D/ ( 0): mv2112_read_status
01-01 00:58:48.749 D/mv2112_update_link( 0): 3.0x901(1G): 0x80
01-01 00:58:48.754 D/mv2112_update_link( 0): 3.0x8109(100M): 0x0
01-01 00:58:48.759 D/mv2112_update_link( 0): link 0x0
01-01 00:58:48.763 D/mv2112_read_status( 0): autoneg is disabled
01-01 00:58:49.768 D/ ( 0): mv2112_read_status
01-01 00:58:49.773 D/mv2112_update_link( 0): 3.0x901(1G): 0x80
01-01 00:58:49.778 D/mv2112_update_link( 0): 3.0x8109(100M): 0x0
01-01 00:58:49.784 D/mv2112_update_link( 0): link 0x0
01-01 00:58:49.788 D/mv2112_read_status( 0): autoneg is disabled
01-01 00:58:50.793 D/ ( 0): mv2112_read_status
01-01 00:58:50.804 D/mv2112_update_link( 0): 3.0x901(1G): 0x80
01-01 00:58:50.810 D/mv2112_update_link( 0): 3.0x8109(100M): 0x0
01-01 00:58:50.815 D/mv2112_update_link( 0): link 0x0
01-01 00:58:50.821 D/mv2112_read_status( 0): autoneg is disabled
01-01 00:58:51.848 D/ ( 0): mv2112_read_status
01-01 00:58:51.852 D/mv2112_update_link( 0): 3.0x901(1G): 0x80
01-01 00:58:51.857 D/mv2112_update_link( 0): 3.0x8109(100M): 0x0
01-01 00:58:51.862 D/mv2112_update_link( 0): link 0x0
01-01 00:58:51.867 D/mv2112_read_status( 0): autoneg is disabled
01-01 00:58:52.875 D/ ( 0): mv2112_read_status
01-01 00:58:52.879 D/mv2112_update_link( 0): 3.0x901(1G): 0x80
01-01 00:58:52.884 D/mv2112_update_link( 0): 3.0x8109(100M): 0x0
01-01 00:58:52.889 D/mv2112_update_link( 0): link 0x0
01-01 00:58:52.895 D/mv2112_read_status( 0): autoneg is disabled
01-01 00:58:52.946 I/init ( 0): starting service 'qvrd_vndr'...
01-01 00:58:52.953 I/init ( 0): Created socket '/dev/socket/qvrservice_vndr', mode 660, user 1000, group 1000
01-01 00:58:52.963 I/init ( 0): Created socket '/dev/socket/qvrservice_vndr_camera', mode 660, user 1000, group 1000
01-01 00:58:52.987 I/init ( 0): starting service 'sxrd'...
01-01 00:58:53.002 I/init ( 0): starting service 'vendor.light-hal-2-0'...
01-01 00:58:53.018 I/init ( 0): Service 'qvrd_vndr' (pid 4745) exited with status 1
08-22 18:34:45.250 F/linker ( 4745): CANNOT LINK EXECUTABLE "/vendor/bin/hw/qvrservice": library "vendor.qti.hardware.qxr-V1-ndk_platform.so" not found: needed by /vendor/lib64/libqvrservice.so in namespace (default)
01-01 00:58:53.024 I/init ( 0): Sending signal 9 to service 'qvrd_vndr' (pid 4745) process group...
08-22 18:34:45.285 F/linker ( 4749): CANNOT LINK EXECUTABLE "/vendor/bin/hw/sxrservice": library "vendor.qti.hardware.qxr-V1-ndk_platform.so" not found: needed by main executable
01-01 00:58:53.033 I/libprocessgroup( 0): Successfully killed process cgroup uid 1000 pid 4745 in 0ms
01-01 00:58:53.043 I/init ( 0): Service 'sxrd' (pid 4749) exited with status 1
01-01 00:58:53.049 I/init ( 0): Sending signal 9 to service 'sxrd' (pid 4749) process group...
01-01 00:58:53.928 D/ ( 0): mv2112_read_status
01-01 00:58:53.932 D/mv2112_update_link( 0): 3.0x901(1G): 0x80
01-01 00:58:53.938 D/mv2112_update_link( 0): 3.0x8109(100M): 0x0
01-01 00:58:53.944 D/mv2112_update_link( 0): link 0x0
01-01 00:58:53.949 D/mv2112_read_status( 0): autoneg is disabled
01-01 00:58:54.952 D/ ( 0): mv2112_read_status
01-01 00:58:54.956 D/mv2112_update_link( 0): 3.0x901(1G): 0x80
01-01 00:58:54.962 D/mv2112_update_link( 0): 3.0x8109(100M): 0x0
01-01 00:58:54.967 D/mv2112_update_link( 0): link 0x0
01-01 00:58:54.972 D/mv2112_read_status( 0): autoneg is disabled
01-01 00:58:55.977 D/ ( 0): mv2112_read_status
01-01 00:58:55.980 D/mv2112_update_link( 0): 3.0x901(1G): 0x80
01-01 00:58:55.988 D/mv2112_update_link( 0): 3.0x8109(100M): 0x0
01-01 00:58:55.998 D/mv2112_update_link( 0): link 0x0
01-01 00:58:56.002 D/mv2112_read_status( 0): autoneg is disabled
01-01 00:58:57.033 D/ ( 0): mv2112_read_status
01-01 00:58:57.037 D/mv2112_update_link( 0): 3.0x901(1G): 0x80
01-01 00:58:57.043 D/mv2112_update_link( 0): 3.0x8109(100M): 0x0
01-01 00:58:57.049 D/mv2112_update_link( 0): link 0x0
01-01 00:58:57.053 D/mv2112_read_status( 0): autoneg is disabled
01-01 00:58:57.986 I/init ( 0): starting service 'qvrd_vndr'...
01-01 00:58:57.993 I/init ( 0): Created socket '/dev/socket/qvrservice_vndr', mode 660, user 1000, group 1000
01-01 00:58:58.003 I/init ( 0): Created socket '/dev/socket/qvrservice_vndr_camera', mode 660, user 1000, group 1000
01-01 00:58:58.023 I/init ( 0): starting service 'sxrd'...
01-01 00:58:58.038 I/init ( 0): starting service 'vendor.light-hal-2-0'...
01-01 00:58:58.056 D/ ( 0): mv2112_read_status
01-01 00:58:58.058 I/init ( 0): Service 'sxrd' (pid 6509) exited with status 1
01-01 00:58:58.062 D/mv2112_update_link( 0): 3.0x901(1G): 0x80
01-01 00:58:58.066 I/init ( 0): Sending signal 9 to service 'sxrd' (pid 6509) process group...
01-01 00:58:58.066 I/libprocessgroup( 0): Successfully killed process cgroup uid 1000 pid 6509 in 0ms
01-01 00:58:58.074 D/mv2112_update_link( 0): 3.0x8109(100M): 0x0
01-01 00:58:58.080 I/init ( 0): Service 'qvrd_vndr' (pid 6501) exited with status 1
01-01 00:58:58.087 D/mv2112_update_link( 0): link 0x0
01-01 00:58:58.092 I/init ( 0): Sending signal 9 to service 'qvrd_vndr' (pid 6501) process group...
01-01 00:58:58.099 D/mv2112_read_status( 0): autoneg is disabled
08-22 18:34:50.304 F/linker ( 6509): CANNOT LINK EXECUTABLE "/vendor/bin/hw/sxrservice": library "vendor.qti.hardware.qxr-V1-ndk_platform.so" not found: needed by main executable
08-22 18:34:50.309 F/linker ( 6501): CANNOT LINK EXECUTABLE "/vendor/bin/hw/qvrservice": library "vendor.qti.hardware.qxr-V1-ndk_platform.so" not found: needed by /vendor/lib64/libqvrservice.so in namespace (default)
01-01 00:58:59.112 D/ ( 0): mv2112_read_status
01-01 00:58:59.116 D/mv2112_update_link( 0): 3.0x901(1G): 0x80
01-01 00:58:59.126 D/mv2112_update_link( 0): 3.0x8109(100M): 0x0
01-01 00:58:59.131 D/mv2112_update_link( 0): link 0x0
01-01 00:58:59.135 D/mv2112_read_status( 0): autoneg is disabled
01-01 00:59:00.168 D/ ( 0): mv2112_read_status
01-01 00:59:00.173 D/mv2112_update_link( 0): 3.0x901(1G): 0x80
01-01 00:59:00.178 D/mv2112_update_link( 0): 3.0x8109(100M): 0x0
01-01 00:59:00.185 D/mv2112_update_link( 0): link 0x0
01-01 00:59:00.190 D/mv2112_read_status( 0): autoneg is disabled
01-01 00:59:01.224 D/ ( 0): mv2112_read_status
01-01 00:59:01.228 D/mv2112_update_link( 0): 3.0x901(1G): 0x80
01-01 00:59:01.235 D/mv2112_update_link( 0): 3.0x8109(100M): 0x0
01-01 00:59:01.240 D/mv2112_update_link( 0): link 0x0
01-01 00:59:01.245 D/mv2112_read_status( 0): autoneg is disabled
01-01 00:59:02.249 D/ ( 0): mv2112_read_status
01-01 00:59:02.253 D/mv2112_update_link( 0): 3.0x901(1G): 0x80
01-01 00:59:02.258 D/mv2112_update_link( 0): 3.0x8109(100M): 0x0
01-01 00:59:02.265 D/mv2112_update_link( 0): link 0x0
01-01 00:59:02.269 D/mv2112_read_status( 0): autoneg is disabled
01-01 00:59:03.025 I/init ( 0): starting service 'qvrd_vndr'...
01-01 00:59:03.031 I/init ( 0): Created socket '/dev/socket/qvrservice_vndr', mode 660, user 1000, group 1000
01-01 00:59:03.040 I/init ( 0): Created socket '/dev/socket/qvrservice_vndr_camera', mode 660, user 1000, group 1000
01-01 00:59:03.062 I/init ( 0): starting service 'sxrd'...
01-01 00:59:03.077 I/init ( 0): starting service 'vendor.light-hal-2-0'...
01-01 00:59:03.092 I/init ( 0): Service 'qvrd_vndr' (pid 8407) exited with status 1
01-01 00:59:03.098 I/init ( 0): Sending signal 9 to service 'qvrd_vndr' (pid 8407) process group...
01-01 00:59:03.107 I/libprocessgroup( 0): Successfully killed process cgroup uid 1000 pid 8407 in 0ms
01-01 00:59:03.117 I/init ( 0): Service 'sxrd' (pid 8413) exited with status 1
01-01 00:59:03.124 I/init ( 0): Sending signal 9 to service 'sxrd' (pid 8413) process group...
08-22 18:34:55.336 F/linker ( 8407): CANNOT LINK EXECUTABLE "/vendor/bin/hw/qvrservice": library "vendor.qti.hardware.qxr-V1-ndk_platform.so" not found: needed by /vendor/lib64/libqvrservice.so in namespace (default)
08-22 18:34:55.349 F/linker ( 8413): CANNOT LINK EXECUTABLE "/vendor/bin/hw/sxrservice": library "vendor.qti.hardware.qxr-V1-ndk_platform.so" not found: needed by main executable
01-01 00:59:03.272 D/ ( 0): mv2112_read_status
01-01 00:59:03.276 D/mv2112_update_link( 0): 3.0x901(1G): 0x80
01-01 00:59:03.282 D/mv2112_update_link( 0): 3.0x8109(100M): 0x0
01-01 00:59:03.288 D/mv2112_update_link( 0): link 0x0
01-01 00:59:03.292 D/mv2112_read_status( 0): autoneg is disabled
01-01 00:59:04.296 D/ ( 0): mv2112_read_status
01-01 00:59:04.300 D/mv2112_update_link( 0): 3.0x901(1G): 0x80
01-01 00:59:04.308 D/mv2112_update_link( 0): 3.0x8109(100M): 0x0
01-01 00:59:04.316 D/mv2112_update_link( 0): link 0x0
01-01 00:59:04.320 D/mv2112_read_status( 0): autoneg is disabled
01-01 00:59:05.352 D/ ( 0): mv2112_read_status
01-01 00:59:05.356 D/mv2112_update_link( 0): 3.0x901(1G): 0x80
01-01 00:59:05.362 D/mv2112_update_link( 0): 3.0x8109(100M): 0x0
01-01 00:59:05.370 D/mv2112_update_link( 0): link 0x0
01-01 00:59:05.374 D/mv2112_read_status( 0): autoneg is disabled
01-01 00:59:06.377 D/ ( 0): mv2112_read_status
01-01 00:59:06.380 D/mv2112_update_link( 0): 3.0x901(1G): 0x80
01-01 00:59:06.386 D/mv2112_update_link( 0): 3.0x8109(100M): 0x0
01-01 00:59:06.392 D/mv2112_update_link( 0): link 0x0
01-01 00:59:06.397 D/mv2112_read_status( 0): autoneg is disabled
01-01 00:59:07.400 D/ ( 0): mv2112_read_status
01-01 00:59:07.405 D/mv2112_update_link( 0): 3.0x901(1G): 0x80
01-01 00:59:07.414 D/mv2112_update_link( 0): 3.0x8109(100M): 0x0
01-01 00:59:07.420 D/mv2112_update_link( 0): link 0x0
01-01 00:59:07.424 D/mv2112_read_status( 0): autoneg is disabled
01-01 00:59:08.063 I/init ( 0): starting service 'qvrd_vndr'...
01-01 00:59:08.070 I/init ( 0): Created socket '/dev/socket/qvrservice_vndr', mode 660, user 1000, group 1000
01-01 00:59:08.080 I/init ( 0): Created socket '/dev/socket/qvrservice_vndr_camera', mode 660, user 1000, group 1000
01-01 00:59:08.105 I/init ( 0): starting service 'sxrd'...
01-01 00:59:08.120 I/init ( 0): starting service 'vendor.light-hal-2-0'...
01-01 00:59:08.143 I/init ( 0): Service 'qvrd_vndr' (pid 10299) exited with status 1
01-01 00:59:08.149 I/init ( 0): Sending signal 9 to service 'qvrd_vndr' (pid 10299) process group...
01-01 00:59:08.158 I/libprocessgroup( 0): Successfully killed process cgroup uid 1000 pid 10299 in 0ms
01-01 00:59:08.168 I/init ( 0): Service 'sxrd' (pid 10304) exited with status 1
01-01 00:59:08.174 I/init ( 0): Sending signal 9 to service 'sxrd' (pid 10304) process group...
08-22 18:35:00.388 F/linker (10299): CANNOT LINK EXECUTABLE "/vendor/bin/hw/qvrservice": library "vendor.qti.hardware.qxr-V1-ndk_platform.so" not found: needed by /vendor/lib64/libqvrservice.so in namespace (default)
08-22 18:35:00.389 F/linker (10304): CANNOT LINK EXECUTABLE "/vendor/bin/hw/sxrservice": library "vendor.qti.hardware.qxr-V1-ndk_platform.so" not found: needed by main executable
01-01 00:59:08.456 D/ ( 0): mv2112_read_status
01-01 00:59:08.462 D/mv2112_update_link( 0): 3.0x901(1G): 0x80
01-01 00:59:08.467 D/mv2112_update_link( 0): 3.0x8109(100M): 0x0
01-01 00:59:08.474 D/mv2112_update_link( 0): link 0x0
01-01 00:59:08.478 D/mv2112_read_status( 0): autoneg is disabled
01-01 00:59:09.480 D/ ( 0): mv2112_read_status
01-01 00:59:09.490 D/mv2112_update_link( 0): 3.0x901(1G): 0x80
01-01 00:59:09.497 D/mv2112_update_link( 0): 3.0x8109(100M): 0x0
01-01 00:59:09.502 D/mv2112_update_link( 0): link 0x0
01-01 00:59:09.506 D/mv2112_read_status( 0): autoneg is disabled
01-01 00:59:10.536 D/ ( 0): mv2112_read_status
01-01 00:59:10.540 D/mv2112_update_link( 0): 3.0x901(1G): 0x80
01-01 00:59:10.545 D/mv2112_update_link( 0): 3.0x8109(100M): 0x0
01-01 00:59:10.551 D/mv2112_update_link( 0): link 0x0
01-01 00:59:10.555 D/mv2112_read_status( 0): autoneg is disabled
01-01 00:59:11.560 D/ ( 0): mv2112_read_status
01-01 00:59:11.566 D/mv2112_update_link( 0): 3.0x901(1G): 0x80
01-01 00:59:11.571 D/mv2112_update_link( 0): 3.0x8109(100M): 0x0
01-01 00:59:11.576 D/mv2112_update_link( 0): link 0x0
01-01 00:59:11.580 D/mv2112_read_status( 0): autoneg is disabled
01-01 00:59:12.585 D/ ( 0): mv2112_read_status
01-01 00:59:12.588 D/mv2112_update_link( 0): 3.0x901(1G): 0x80
01-01 00:59:12.595 D/mv2112_update_link( 0): 3.0x8109(100M): 0x0
01-01 00:59:12.600 D/mv2112_update_link( 0): link 0x0
01-01 00:59:12.605 D/mv2112_read_status( 0): autoneg is disabled
01-01 00:59:13.103 I/init ( 0): starting service 'qvrd_vndr'...
01-01 00:59:13.109 I/init ( 0): Created socket '/dev/socket/qvrservice_vndr', mode 660, user 1000, group 1000
01-01 00:59:13.118 I/init ( 0): Created socket '/dev/socket/qvrservice_vndr_camera', mode 660, user 1000, group 1000
01-01 00:59:13.140 I/init ( 0): starting service 'sxrd'...
01-01 00:59:13.154 I/init ( 0): starting service 'vendor.light-hal-2-0'...
01-01 00:59:13.172 I/init ( 0): Service 'qvrd_vndr' (pid 12122) exited with status 1
01-01 00:59:13.179 I/init ( 0): Sending signal 9 to service 'qvrd_vndr' (pid 12122) process group...
01-01 00:59:13.187 I/libprocessgroup( 0): Successfully killed process cgroup uid 1000 pid 12122 in 0ms
01-01 00:59:13.198 I/init ( 0): Service 'sxrd' (pid 12130) exited with status 1
01-01 00:59:13.204 I/init ( 0): Sending signal 9 to service 'sxrd' (pid 12130) process group...
08-22 18:35:05.409 F/linker (12122): CANNOT LINK EXECUTABLE "/vendor/bin/hw/qvrservice": library "vendor.qti.hardware.qxr-V1-ndk_platform.so" not found: needed by /vendor/lib64/libqvrservice.so in namespace (default)
08-22 18:35:05.410 F/linker (12130): CANNOT LINK EXECUTABLE "/vendor/bin/hw/sxrservice": library "vendor.qti.hardware.qxr-V1-ndk_platform.so" not found: needed by main executable
01-01 00:59:13.608 D/ ( 0): mv2112_read_status
01-01 00:59:13.612 D/mv2112_update_link( 0): 3.0x901(1G): 0x80
01-01 00:59:13.617 D/mv2112_update_link( 0): 3.0x8109(100M): 0x0
01-01 00:59:13.623 D/mv2112_update_link( 0): link 0x0
01-01 00:59:13.627 D/mv2112_read_status( 0): autoneg is disabled
01-01 00:59:14.634 D/ ( 0): mv2112_read_status
01-01 00:59:14.638 D/mv2112_update_link( 0): 3.0x901(1G): 0x80
01-01 00:59:14.644 D/mv2112_update_link( 0): 3.0x8109(100M): 0x0
01-01 00:59:14.651 D/mv2112_update_link( 0): link 0x0
01-01 00:59:14.655 D/mv2112_read_status( 0): autoneg is disabled
01-01 00:59:15.656 D/ ( 0): mv2112_read_status
01-01 00:59:15.661 D/mv2112_update_link( 0): 3.0x901(1G): 0x80
01-01 00:59:15.669 D/mv2112_update_link( 0): 3.0x8109(100M): 0x0
01-01 00:59:15.685 D/mv2112_update_link( 0): link 0x0
01-01 00:59:15.689 D/mv2112_read_status( 0): autoneg is disabled
01-01 00:59:16.712 D/ ( 0): mv2112_read_status
01-01 00:59:16.717 D/mv2112_update_link( 0): 3.0x901(1G): 0x80
01-01 00:59:16.726 D/mv2112_update_link( 0): 3.0x8109(100M): 0x0
01-01 00:59:16.739 D/mv2112_update_link( 0): link 0x0
01-01 00:59:16.744 D/mv2112_read_status( 0): autoneg is disabled
01-01 00:59:17.768 D/ ( 0): mv2112_read_status
01-01 00:59:17.772 D/mv2112_update_link( 0): 3.0x901(1G): 0x80
01-01 00:59:17.781 D/mv2112_update_link( 0): 3.0x8109(100M): 0x0
01-01 00:59:17.788 D/mv2112_update_link( 0): link 0x0
01-01 00:59:17.793 D/mv2112_read_status( 0): autoneg is disabled
01-01 00:59:18.141 I/init ( 0): starting service 'qvrd_vndr'...
01-01 00:59:18.147 I/init ( 0): Created socket '/dev/socket/qvrservice_vndr', mode 660, user 1000, group 1000
01-01 00:59:18.157 I/init ( 0): Created socket '/dev/socket/qvrservice_vndr_camera', mode 660, user 1000, group 1000
01-01 00:59:18.179 I/init ( 0): starting service 'sxrd'...
01-01 00:59:18.194 I/init ( 0): starting service 'vendor.light-hal-2-0'...
01-01 00:59:18.209 I/init ( 0): Service 'qvrd_vndr' (pid 13958) exited with status 1
01-01 00:59:18.216 I/init ( 0): Sending signal 9 to service 'qvrd_vndr' (pid 13958) process group...
01-01 00:59:18.224 I/libprocessgroup( 0): Successfully killed process cgroup uid 1000 pid 13958 in 0ms
01-01 00:59:18.236 I/init ( 0): Service 'sxrd' (pid 13962) exited with status 1
01-01 00:59:18.242 I/init ( 0): Sending signal 9 to service 'sxrd' (pid 13962) process group...
08-22 18:35:10.449 F/linker (13962): CANNOT LINK EXECUTABLE "/vendor/bin/hw/sxrservice": library "vendor.qti.hardware.qxr-V1-ndk_platform.so" not found: needed by main executable
08-22 18:35:10.450 F/linker (13958): CANNOT LINK EXECUTABLE "/vendor/bin/hw/qvrservice": library "vendor.qti.hardware.qxr-V1-ndk_platform.so" not found: needed by /vendor/lib64/libqvrservice.so in namespace (default)
01-01 00:59:18.824 D/ ( 0): mv2112_read_status
01-01 00:59:18.828 D/mv2112_update_link( 0): 3.0x901(1G): 0x80
01-01 00:59:18.833 D/mv2112_update_link( 0): 3.0x8109(100M): 0x0
01-01 00:59:18.838 D/mv2112_update_link( 0): link 0x0
01-01 00:59:18.842 D/mv2112_read_status( 0): autoneg is disabled
01-01 00:59:19.848 D/ ( 0): mv2112_read_status
01-01 00:59:19.858 D/mv2112_update_link( 0): 3.0x901(1G): 0x80
01-01 00:59:19.865 D/mv2112_update_link( 0): 3.0x8109(100M): 0x0
01-01 00:59:19.871 D/mv2112_update_link( 0): link 0x0
01-01 00:59:19.875 D/mv2112_read_status( 0): autoneg is disabled
01-01 00:59:20.908 D/ ( 0): mv2112_read_status
01-01 00:59:20.913 D/mv2112_update_link( 0): 3.0x901(1G): 0x80
01-01 00:59:20.919 D/mv2112_update_link( 0): 3.0x8109(100M): 0x0
01-01 00:59:20.926 D/mv2112_update_link( 0): link 0x0
01-01 00:59:20.932 D/mv2112_read_status( 0): autoneg is disabled
01-01 00:59:21.960 D/ ( 0): mv2112_read_status
01-01 00:59:21.964 D/mv2112_update_link( 0): 3.0x901(1G): 0x80
01-01 00:59:21.971 D/mv2112_update_link( 0): 3.0x8109(100M): 0x0
01-01 00:59:21.977 D/mv2112_update_link( 0): link 0x0
01-01 00:59:21.981 D/mv2112_read_status( 0): autoneg is disabled
01-01 00:59:22.984 D/ ( 0): mv2112_read_status
01-01 00:59:22.990 D/mv2112_update_link( 0): 3.0x901(1G): 0x80
01-01 00:59:22.996 D/mv2112_update_link( 0): 3.0x8109(100M): 0x0
01-01 00:59:23.001 D/mv2112_update_link( 0): link 0x0
01-01 00:59:23.005 D/mv2112_read_status( 0): autoneg is disabled
01-01 00:59:23.179 I/init ( 0): starting service 'qvrd_vndr'...
01-01 00:59:23.185 I/init ( 0): Created socket '/dev/socket/qvrservice_vndr', mode 660, user 1000, group 1000
01-01 00:59:23.195 I/init ( 0): Created socket '/dev/socket/qvrservice_vndr_camera', mode 660, user 1000, group 1000
01-01 00:59:23.217 I/init ( 0): starting service 'sxrd'...
01-01 00:59:23.231 I/init ( 0): starting service 'vendor.light-hal-2-0'...
01-01 00:59:23.253 I/init ( 0): Service 'qvrd_vndr' (pid 15735) exited with status 1
01-01 00:59:23.260 I/init ( 0): Sending signal 9 to service 'qvrd_vndr' (pid 15735) process group...
01-01 00:59:23.268 I/libprocessgroup( 0): Successfully killed process cgroup uid 1000 pid 15735 in 0ms
01-01 00:59:23.279 I/init ( 0): Service 'sxrd' (pid 15739) exited with status 1
01-01 00:59:23.285 I/init ( 0): Sending signal 9 to service 'sxrd' (pid 15739) process group...
08-22 18:35:15.498 F/linker (15735): CANNOT LINK EXECUTABLE "/vendor/bin/hw/qvrservice": library "vendor.qti.hardware.qxr-V1-ndk_platform.so" not found: needed by /vendor/lib64/libqvrservice.so in namespace (default)
08-22 18:35:15.506 F/linker (15739): CANNOT LINK EXECUTABLE "/vendor/bin/hw/sxrservice": library "vendor.qti.hardware.qxr-V1-ndk_platform.so" not found: needed by main executable
01-01 00:59:24.008 D/ ( 0): mv2112_read_status
01-01 00:59:24.012 D/mv2112_update_link( 0): 3.0x901(1G): 0x80
01-01 00:59:24.017 D/mv2112_update_link( 0): 3.0x8109(100M): 0x0
01-01 00:59:24.022 D/mv2112_update_link( 0): link 0x0
01-01 00:59:24.029 D/mv2112_read_status( 0): autoneg is disabled
01-01 00:59:25.032 D/ ( 0): mv2112_read_status
01-01 00:59:25.036 D/mv2112_update_link( 0): 3.0x901(1G): 0x80
01-01 00:59:25.042 D/mv2112_update_link( 0): 3.0x8109(100M): 0x0
01-01 00:59:25.048 D/mv2112_update_link( 0): link 0x0
01-01 00:59:25.052 D/mv2112_read_status( 0): autoneg is disabled
01-01 00:59:26.056 D/ ( 0): mv2112_read_status
01-01 00:59:26.060 D/mv2112_update_link( 0): 3.0x901(1G): 0x80
01-01 00:59:26.066 D/mv2112_update_link( 0): 3.0x8109(100M): 0x0
01-01 00:59:26.074 D/mv2112_update_link( 0): link 0x0
01-01 00:59:26.078 D/mv2112_read_status( 0): autoneg is disabled
01-01 00:59:27.080 D/ ( 0): mv2112_read_status
01-01 00:59:27.084 D/mv2112_update_link( 0): 3.0x901(1G): 0x80
01-01 00:59:27.089 D/mv2112_update_link( 0): 3.0x8109(100M): 0x0
01-01 00:59:27.094 D/mv2112_update_link( 0): link 0x0
01-01 00:59:27.100 D/mv2112_read_status( 0): autoneg is disabled
08-22 18:35:19.957 D/BluetoothManagerService( 1164): disable(com.android.systemui): mBluetooth = android.bluetooth.IBluetooth$Stub$Proxy@25017a5 mBinding = false
08-22 18:35:19.957 D/BluetoothManagerService( 1164): Bluetooth persisted state: 1
08-22 18:35:19.957 D/BluetoothManagerService( 1164): Persisting Bluetooth Setting: 0
08-22 18:35:19.959 D/BluetoothManagerService( 1164): MESSAGE_DISABLE: mBluetooth = android.bluetooth.IBluetooth$Stub$Proxy@25017a5, mBinding = false mEnable = true
08-22 18:35:19.960 D/BluetoothManagerService( 1164): Re-Queue MESSAGE_HANDLE_DISABLE_DELAYED(0)
08-22 18:35:20.260 D/BluetoothManagerService( 1164): MESSAGE_HANDLE_DISABLE_DELAYED: disabling:false
08-22 18:35:20.260 D/BluetoothManagerService( 1164): MESSAGE_HANDLE_DISABLE_DELAYED: handleDisable
08-22 18:35:20.261 D/BluetoothManagerService( 1164): Sending off request.
08-22 18:35:20.268 D/BluetoothManagerService( 1164): Re-Queue MESSAGE_HANDLE_DISABLE_DELAYED(1)
08-22 18:35:20.270 D/PackageManager( 1164): Instant App installer not found with android.intent.action.INSTALL_INSTANT_APP_PACKAGE
08-22 18:35:20.270 D/PackageManager( 1164): Clear ephemeral installer activity
08-22 18:35:20.276 D/BluetoothManagerService( 1164): MESSAGE_BLUETOOTH_STATE_CHANGE: ON > TURNING_OFF
08-22 18:35:20.276 D/BluetoothManagerService( 1164): Sending BLE State Change: ON > TURNING_OFF
08-22 18:35:20.277 D/BluetoothManagerService( 1164): Sending State Change: ON > TURNING_OFF
08-22 18:35:20.279 D/CompanionDeviceManagerService( 1164): Received BT state transition broadcast: ON -> TURNING_OFF
08-22 18:35:20.328 I/Telecom ( 1164): BluetoothDeviceManager: Lost BluetoothHeadset service. Removing all tracked devices: BMSL.oSD@Aaw
01-01 00:59:28.104 D/ ( 0): mv2112_read_status
01-01 00:59:28.108 D/mv2112_update_link( 0): 3.0x901(1G): 0x80
01-01 00:59:28.113 D/mv2112_update_link( 0): 3.0x8109(100M): 0x0
01-01 00:59:28.120 D/mv2112_update_link( 0): link 0x0
01-01 00:59:28.125 D/mv2112_read_status( 0): autoneg is disabled
08-22 18:35:20.346 W/NotificationHistory( 1164): Attempted to remove channel for locked/gone/disabled user 0
08-22 18:35:20.379 I/Telecom ( 1164): BluetoothDeviceManager: Lost BluetoothHearingAid service. Removing all tracked devices.: BMSL.oSD@Aa0
08-22 18:35:20.387 D/BluetoothManagerService( 1164): MESSAGE_BLUETOOTH_STATE_CHANGE: TURNING_OFF > BLE_ON
08-22 18:35:20.387 D/BluetoothManagerService( 1164): Intermediate off, back to LE only mode
08-22 18:35:20.387 D/BluetoothManagerService( 1164): Sending BLE State Change: TURNING_OFF > BLE_ON
08-22 18:35:20.388 D/BluetoothManagerService( 1164): Broadcasting onBluetoothStateChange(false) to 26 receivers.
08-22 18:35:20.389 W/BluetoothManagerService( 1164): unbindBluetoothProfileService: calling psc.removeProxy
08-22 18:35:20.389 W/BluetoothManagerService( 1164): removing the proxy, count is 3
08-22 18:35:20.389 W/BluetoothManagerService( 1164): unbindBluetoothProfileService: calling psc.removeProxy
08-22 18:35:20.389 W/BluetoothManagerService( 1164): removing the proxy, count is 2
08-22 18:35:20.390 D/CompanionDeviceManagerService( 1164): Received BT state transition broadcast: TURNING_OFF -> BLE_ON
08-22 18:35:20.390 W/BluetoothManagerService( 1164): unbindBluetoothProfileService: calling psc.removeProxy
08-22 18:35:20.390 W/BluetoothManagerService( 1164): removing the proxy, count is 1
08-22 18:35:20.391 I/CompanionDeviceManagerService( 1164): startBleScan()
08-22 18:35:20.391 I/Telecom ( 1164): BluetoothDeviceManager: Lost BluetoothHeadset service. Removing all tracked devices: BMSL.oSD@Aa4
08-22 18:35:20.391 W/BluetoothManagerService( 1164): unbindBluetoothProfileService: calling psc.removeProxy
08-22 18:35:20.392 W/BluetoothManagerService( 1164): removing the proxy, count is 0
08-22 18:35:20.392 W/BluetoothManagerService( 1164): psc.isEmpty is true, removing psc entry for profile 1
08-22 18:35:20.397 D/BluetoothManagerService( 1164): Calling sendBrEdrDownCallback callbacks
08-22 18:35:20.397 D/BluetoothManagerService( 1164): isBleAppPresent() count: 0
01-01 00:59:28.211 I/init ( 0): starting service 'qvrd_vndr'...
08-22 18:35:20.405 D/BluetoothManagerService( 1164): Sending State Change: TURNING_OFF > OFF
01-01 00:59:28.218 I/init ( 0): Created socket '/dev/socket/qvrservice_vndr', mode 660, user 1000, group 1000
01-01 00:59:28.229 I/init ( 0): Created socket '/dev/socket/qvrservice_vndr_camera', mode 660, user 1000, group 1000
08-22 18:35:20.413 D/BluetoothManagerService( 1164): MESSAGE_BLUETOOTH_STATE_CHANGE: BLE_ON > BLE_TURNING_OFF
08-22 18:35:20.413 D/BluetoothManagerService( 1164): Sending BLE State Change: BLE_ON > BLE_TURNING_OFF
08-22 18:35:20.414 D/CompanionDeviceManagerService( 1164): Received BT state transition broadcast: BLE_ON -> BLE_TURNING_OFF
01-01 00:59:28.249 I/init ( 0): starting service 'sxrd'...
01-01 00:59:28.263 I/init ( 0): starting service 'vendor.light-hal-2-0'...
01-01 00:59:28.276 I/init ( 0): Service 'qvrd_vndr' (pid 17567) exited with status 1
01-01 00:59:28.283 I/init ( 0): Sending signal 9 to service 'qvrd_vndr' (pid 17567) process group...
01-01 00:59:28.291 I/libprocessgroup( 0): Successfully killed process cgroup uid 1000 pid 17567 in 0ms
01-01 00:59:28.301 I/init ( 0): Service 'sxrd' (pid 17573) exited with status 1
01-01 00:59:28.307 I/init ( 0): Sending signal 9 to service 'sxrd' (pid 17573) process group...
08-22 18:35:20.509 F/linker (17567): CANNOT LINK EXECUTABLE "/vendor/bin/hw/qvrservice": library "vendor.qti.hardware.qxr-V1-ndk_platform.so" not found: needed by /vendor/lib64/libqvrservice.so in namespace (default)
08-22 18:35:20.528 F/linker (17573): CANNOT LINK EXECUTABLE "/vendor/bin/hw/sxrservice": library "vendor.qti.hardware.qxr-V1-ndk_platform.so" not found: needed by main executable
08-22 18:35:20.569 D/BluetoothManagerService( 1164): MESSAGE_HANDLE_DISABLE_DELAYED: disabling:true
08-22 18:35:20.569 D/BluetoothManagerService( 1164): Handle disable is finished
01-01 00:59:28.475 E/bt_ioctl( 0): BT_CMD_PWR_CTRL pwr_cntrl:0
01-01 00:59:28.580 I/bt_configure_gpios( 0): BT-OFF:bt-reset-gpio(1121) value(0)
01-01 00:59:28.589 I/bt_configure_gpios( 0): BT-OFF:bt-sw-ctrl-gpio(1224) value(1)
01-01 00:59:28.596 I/bt_configure_gpios( 0): bt_gpio= 1121 on: 0 is successful
01-01 00:59:28.602 E/bt_vreg_disable( 0): vreg_disable successful for : qca,bt-vdd-asd
01-01 00:59:28.610 E/bt_vreg_disable( 0): vreg_disable successful for : qca,bt-vdd-rfa2
01-01 00:59:28.618 E/bt_vreg_disable( 0): vreg_disable successful for : qca,bt-vdd-rfa1
01-01 00:59:28.625 E/bt_vreg_disable( 0): vreg_disable successful for : qca,bt-vdd-dig
01-01 00:59:28.633 E/bt_vreg_disable( 0): vreg_disable successful for : qca,bt-vdd-aon
08-22 18:35:20.905 D/BluetoothManagerService( 1164): MESSAGE_BLUETOOTH_STATE_CHANGE: BLE_TURNING_OFF > OFF
08-22 18:35:20.905 D/BluetoothManagerService( 1164): Bluetooth is complete off, send Service Down
08-22 18:35:20.905 D/BluetoothManagerService( 1164): Broadcasting onBluetoothServiceDown() to 6 receivers.
08-22 18:35:20.906 D/BluetoothManagerService( 1164): Broadcasting onBluetoothStateChange(false) to 26 receivers.
08-22 18:35:20.908 D/BluetoothManagerService( 1164): unbindAndFinish(): android.bluetooth.IBluetooth$Stub$Proxy@25017a5 mBinding = false mUnbinding = false
08-22 18:35:20.926 D/BluetoothManagerService( 1164): Sending BLE State Change: BLE_TURNING_OFF > OFF
08-22 18:35:20.928 D/CompanionDeviceManagerService( 1164): Received BT state transition broadcast: BLE_TURNING_OFF -> OFF
08-22 18:35:21.234 I/ActivityManager( 1164): Process com.android.bluetooth (pid 2252) has died: fg SVC
08-22 18:35:21.290 D/CompanionDeviceManagerService( 1164): onPackageModified(packageName = com.android.bluetooth)
08-22 18:35:21.298 I/Telecom ( 1164): DefaultDialerCache: Refreshing default dialer for user 0: now null: DDC.oR@Aa8
08-22 18:35:21.324 W/VoiceInteractionManager( 1164): no available voice recognition services found for user 0
01-01 00:59:29.160 D/ ( 0): mv2112_read_status
01-01 00:59:29.164 D/mv2112_update_link( 0): 3.0x901(1G): 0x80
01-01 00:59:29.172 D/mv2112_update_link( 0): 3.0x8109(100M): 0x0
01-01 00:59:29.178 D/mv2112_update_link( 0): link 0x0
01-01 00:59:29.182 D/mv2112_read_status( 0): autoneg is disabled
01-01 00:59:30.184 D/ ( 0): mv2112_read_status
01-01 00:59:30.188 D/mv2112_update_link( 0): 3.0x901(1G): 0x80
01-01 00:59:30.195 D/mv2112_update_link( 0): 3.0x8109(100M): 0x0
01-01 00:59:30.200 D/mv2112_update_link( 0): link 0x0
01-01 00:59:30.204 D/mv2112_read_status( 0): autoneg is disabled
01-01 00:59:30.589 I/binder ( 0): 1164:1852 ioctl 400c620e 79be4425d8 returned -22
01-01 00:59:30.599 I/binder ( 0): 1164:1852 ioctl c00c620f 79be4425b8 returned -22
08-22 18:35:22.835 D/ActivityManager( 1164): freezing 12275 com.qualcomm.qti.qccauthmgr
08-22 18:35:22.842 E/ActivityManager( 1164): Unable to freeze binder for 12275 com.qualcomm.qti.qccauthmgr
08-22 18:35:22.845 D/ActivityManager( 1164): froze 12275 com.qualcomm.qti.qccauthmgr
08-22 18:35:22.853 E/ActivityManager( 1164): Unable to freeze binder for 12275 com.qualcomm.qti.qccauthmgr
08-22 18:35:22.856 I/ActivityManager( 1164): Killing 12275:com.qualcomm.qti.qccauthmgr/u0a120 (adj 925): Unable to freeze binder interface
08-22 18:35:23.230 D/BluetoothManagerService( 1164): enable(com.android.systemui): mBluetooth =null mBinding = false mState = OFF
08-22 18:35:23.231 D/BluetoothManagerService( 1164): MESSAGE_ENABLE(0): mBluetooth = null
08-22 18:35:23.231 D/BluetoothManagerService( 1164): MESSAGE_ENABLE: handleEnable
08-22 18:35:23.231 D/BluetoothManagerService( 1164): binding Bluetooth service
08-22 18:35:23.231 D/BluetoothManagerService( 1164): enable returning
08-22 18:35:23.234 D/CompatibilityChangeReporter( 1164): Compat change id reported: 135634846; UID 1002; state: DISABLED
08-22 18:35:23.234 D/CompatibilityChangeReporter( 1164): Compat change id reported: 177438394; UID 1002; state: DISABLED
08-22 18:35:23.234 D/CompatibilityChangeReporter( 1164): Compat change id reported: 135772972; UID 1002; state: DISABLED
08-22 18:35:23.234 D/CompatibilityChangeReporter( 1164): Compat change id reported: 135754954; UID 1002; state: ENABLED
08-22 18:35:23.236 D/BluetoothManagerService( 1164): Binding BT service. Current user: 0
01-01 00:59:31.077 I/binder ( 0): 18586:18586 ioctl 40046210 7ffbecfd54 returned -22
08-22 18:35:23.286 W/ActivityManager( 1164): Slow operation: 53ms so far, now at startProcess: returned from zygote!
08-22 18:35:23.286 W/ActivityManager( 1164): Slow operation: 53ms so far, now at startProcess: done updating battery stats
08-22 18:35:23.286 W/ActivityManager( 1164): Slow operation: 53ms so far, now at startProcess: building log message
08-22 18:35:23.286 I/ActivityManager( 1164): Start proc 18586:com.android.bluetooth/1002 for service {com.android.bluetooth/com.android.bluetooth.btservice.AdapterService}
08-22 18:35:23.286 W/ActivityManager( 1164): Slow operation: 53ms so far, now at startProcess: starting to update pids map
08-22 18:35:23.286 W/ActivityManager( 1164): Slow operation: 53ms so far, now at startProcess: done updating pids map
01-01 00:59:31.208 D/ ( 0): mv2112_read_status
01-01 00:59:31.215 D/mv2112_update_link( 0): 3.0x901(1G): 0x80
01-01 00:59:31.220 D/mv2112_update_link( 0): 3.0x8109(100M): 0x0
01-01 00:59:31.225 D/mv2112_update_link( 0): link 0x0
01-01 00:59:31.230 D/mv2112_read_status( 0): autoneg is disabled
01-01 00:59:31.322 I/binder ( 0): 18586:18586 ioctl 40046210 7ffbecf3c4 returned -22
08-22 18:35:23.540 D/BluetoothManagerService( 1164): Bluetooth Adapter name changed to QCOM-BTD by android
08-22 18:35:23.540 D/BluetoothManagerService( 1164): Stored Bluetooth name: QCOM-BTD
08-22 18:35:23.585 D/BluetoothManagerService( 1164): BluetoothServiceConnection: com.android.bluetooth.btservice.AdapterService
08-22 18:35:23.586 D/BluetoothManagerService( 1164): MESSAGE_BLUETOOTH_SERVICE_CONNECTED: 1
08-22 18:35:23.596 D/BluetoothManagerService( 1164): MESSAGE_INFORM_ADAPTER_SERVICE_UP
08-22 18:35:23.596 D/BluetoothManagerService( 1164): Broadcasting onBluetoothServiceUp() to 6 receivers.
08-22 18:35:23.599 D/BluetoothManagerService( 1164): MESSAGE_BLUETOOTH_STATE_CHANGE: OFF > BLE_TURNING_ON
08-22 18:35:23.600 D/BluetoothManagerService( 1164): Sending BLE State Change: OFF > BLE_TURNING_ON
08-22 18:35:23.601 D/CompanionDeviceManagerService( 1164): Received BT state transition broadcast: OFF -> BLE_TURNING_ON
01-01 00:59:31.465 E/bt_ioctl( 0): BT_CMD_PWR_CTRL pwr_cntrl:0
01-01 00:59:31.472 E/bt_ioctl( 0): BT state already:0 no change done
01-01 00:59:31.479 E/bt_ioctl( 0): BT_CMD_PWR_CTRL pwr_cntrl:1
01-01 00:59:31.486 E/bt_vreg_enable( 0): vreg_en successful for : qca,bt-vdd-aon
01-01 00:59:31.493 E/bt_vreg_enable( 0): vreg_en successful for : qca,bt-vdd-dig
01-01 00:59:31.500 E/bt_vreg_enable( 0): vreg_en successful for : qca,bt-vdd-rfa1
01-01 00:59:31.506 E/bt_vreg_enable( 0): vreg_en successful for : qca,bt-vdd-rfa2
01-01 00:59:31.513 E/bt_vreg_enable( 0): vreg_en successful for : qca,bt-vdd-asd
01-01 00:59:31.577 I/bt_configure_gpios( 0): BTON:Turn Bt Off bt-reset-gpio(1121) value(0)
01-01 00:59:31.584 I/bt_configure_gpios( 0): BTON:Turn Bt Off
01-01 00:59:31.589 I/bt_configure_gpios( 0): bt-sw-ctrl-gpio(1224) value(0)
01-01 00:59:31.595 I/bt_enable_bt_reset_gpios_safely( 0): bt_enable_bt_reset_gpios_safely: BTON:Turn Bt On
01-01 00:59:31.604 I/bt_enable_bt_reset_gpios_safely( 0): bt_enable_bt_reset_gpios_safely: wl-reset-gpio(1120) value(1)
01-01 00:59:31.614 I/bt_enable_bt_reset_gpios_safely( 0): bt_enable_bt_reset_gpios_safely: BTON: Asserting BT_EN
01-01 00:59:31.677 I/bt_configure_gpios( 0): BTON:Turn Bt On bt-reset-gpio(1121) value(1)
01-01 00:59:31.685 I/bt_configure_gpios( 0): BTON:Turn Bt On
01-01 00:59:31.690 I/bt_configure_gpios( 0): bt-sw-ctrl-gpio(1224) value(1)
01-01 00:59:31.696 I/bt_configure_gpios( 0): bt_gpio= 1121 on: 1 is successful
01-01 00:59:31.720 E/bt_ioctl( 0): unified Current SOC Version : 400a0200
08-22 18:35:23.978 D/BluetoothManagerService( 1164): disable(com.android.systemui): mBluetooth = android.bluetooth.IBluetooth$Stub$Proxy@c6e570d mBinding = false
08-22 18:35:23.979 D/BluetoothManagerService( 1164): Bluetooth persisted state: 0
08-22 18:35:23.979 D/BluetoothManagerService( 1164): Persisting Bluetooth Setting: 0
08-22 18:35:23.980 D/BluetoothManagerService( 1164): MESSAGE_DISABLE: mBluetooth = android.bluetooth.IBluetooth$Stub$Proxy@c6e570d, mBinding = false mEnable = true
08-22 18:35:23.980 D/BluetoothManagerService( 1164): Re-Queue MESSAGE_HANDLE_DISABLE_DELAYED(0)
08-22 18:35:24.281 D/BluetoothManagerService( 1164): MESSAGE_HANDLE_DISABLE_DELAYED: disabling:false
08-22 18:35:24.281 D/BluetoothManagerService( 1164): Re-Queue MESSAGE_HANDLE_DISABLE_DELAYED(0)
01-01 00:59:32.264 D/ ( 0): mv2112_read_status
01-01 00:59:32.268 D/mv2112_update_link( 0): 3.0x901(1G): 0x80
01-01 00:59:32.276 D/mv2112_update_link( 0): 3.0x8109(100M): 0x0
01-01 00:59:32.283 D/mv2112_update_link( 0): link 0x0
01-01 00:59:32.288 D/mv2112_read_status( 0): autoneg is disabled
08-22 18:35:24.582 D/BluetoothManagerService( 1164): MESSAGE_HANDLE_DISABLE_DELAYED: disabling:false
08-22 18:35:24.582 D/BluetoothManagerService( 1164): Re-Queue MESSAGE_HANDLE_DISABLE_DELAYED(0)
08-22 18:35:24.884 D/BluetoothManagerService( 1164): MESSAGE_HANDLE_DISABLE_DELAYED: disabling:false
08-22 18:35:24.884 D/BluetoothManagerService( 1164): Re-Queue MESSAGE_HANDLE_DISABLE_DELAYED(0)
01-01 00:59:32.813 E/bt_ioctl( 0): BT_CMD_PWR_CTRL pwr_cntrl:2
01-01 00:59:32.819 E/bt_vreg_unvote( 0): vreg_unvote successful for : qca,bt-vdd-rfa2
01-01 00:59:32.826 E/bt_vreg_unvote( 0): vreg_unvote successful for : qca,bt-vdd-rfa1
01-01 00:59:32.833 E/bt_vreg_unvote( 0): vreg_unvote successful for : qca,bt-vdd-dig
01-01 00:59:32.840 E/bt_vreg_unvote( 0): vreg_unvote successful for : qca,bt-vdd-aon
08-22 18:35:25.184 D/BluetoothManagerService( 1164): MESSAGE_HANDLE_DISABLE_DELAYED: disabling:false
08-22 18:35:25.184 D/BluetoothManagerService( 1164): Re-Queue MESSAGE_HANDLE_DISABLE_DELAYED(0)
08-22 18:35:25.242 D/BluetoothManagerService( 1164): Bluetooth Adapter address changed to 22:22:80:4D:A5:BF
08-22 18:35:25.242 D/BluetoothManagerService( 1164): Stored Bluetoothaddress: 22:22:80:4D:A5:BF
08-22 18:35:25.245 D/BluetoothManagerService( 1164): Bluetooth Adapter name changed to QCOM-BTD by android
08-22 18:35:25.245 D/BluetoothManagerService( 1164): Stored Bluetooth name: QCOM-BTD
08-22 18:35:25.245 D/BluetoothManagerService( 1164): Bluetooth Adapter address changed to 22:22:80:4D:A5:BF
08-22 18:35:25.246 D/BluetoothManagerService( 1164): Stored Bluetoothaddress: 22:22:80:4D:A5:BF
08-22 18:35:25.252 D/BluetoothManagerService( 1164): MESSAGE_BLUETOOTH_STATE_CHANGE: BLE_TURNING_ON > BLE_ON
08-22 18:35:25.252 D/BluetoothManagerService( 1164): Bluetooth is in LE only mode
08-22 18:35:25.252 D/BluetoothManagerService( 1164): Binding Bluetooth GATT service
08-22 18:35:25.258 D/BluetoothManagerService( 1164): Sending BLE State Change: BLE_TURNING_ON > BLE_ON
08-22 18:35:25.260 D/CompanionDeviceManagerService( 1164): Received BT state transition broadcast: BLE_TURNING_ON -> BLE_ON
08-22 18:35:25.261 I/CompanionDeviceManagerService( 1164): startBleScan()
08-22 18:35:25.261 D/BluetoothManagerService( 1164): BluetoothServiceConnection: com.android.bluetooth.gatt.GattService
08-22 18:35:25.262 D/BluetoothManagerService( 1164): MESSAGE_BLUETOOTH_SERVICE_CONNECTED: 2
08-22 18:35:25.262 D/BluetoothManagerService( 1164): continueFromBleOnState()
08-22 18:35:25.262 D/BluetoothManagerService( 1164): isBleAppPresent() count: 0
08-22 18:35:25.263 I/BluetoothManagerService( 1164): Bluetooth was disabled while enabling BLE, disable BLE now
08-22 18:35:25.270 D/BluetoothManagerService( 1164): MESSAGE_BLUETOOTH_STATE_CHANGE: BLE_ON > BLE_TURNING_OFF
08-22 18:35:25.270 D/BluetoothManagerService( 1164): Sending BLE State Change: BLE_ON > BLE_TURNING_OFF
08-22 18:35:25.271 D/CompanionDeviceManagerService( 1164): Received BT state transition broadcast: BLE_ON -> BLE_TURNING_OFF
