08-22 17:42:05.849 D/SystemServerTimingAsync( 1164): ssm.onUnlockingUser-0_com.android.server.om.OverlayManagerService took to complete: 0ms
08-22 17:42:05.849 I/SystemServerTimingAsync( 1164): ssm.onUnlockingUser-0_com.android.server.SensorPrivacyService
08-22 17:42:05.850 D/SystemServerTimingAsync( 1164): ssm.onUnlockingUser-0_com.android.server.SensorPrivacyService took to complete: 0ms
08-22 17:42:05.850 I/SystemServerTimingAsync( 1164): ssm.onUnlockingUser-0_com.android.server.sensors.SensorService
08-22 17:42:05.850 D/SystemServerTimingAsync( 1164): ssm.onUnlockingUser-0_com.android.server.sensors.SensorService took to complete: 0ms
08-22 17:42:05.850 I/SystemServerTimingAsync( 1164): ssm.onUnlockingUser-0_com.android.server.SystemConfigService
08-22 17:42:05.851 D/SystemServerTimingAsync( 1164): ssm.onUnlockingUser-0_com.android.server.SystemConfigService took to complete: 0ms
08-22 17:42:05.851 I/SystemServerTimingAsync( 1164): ssm.onUnlockingUser-0_com.android.server.BatteryService
08-22 17:42:05.853 D/SystemServerTimingAsync( 1164): ssm.onUnlockingUser-0_com.android.server.BatteryService took to complete: 0ms
08-22 17:42:05.854 D/CompatibilityChangeReporter( 1164): Compat change id reported: 168419799; UID 10109; state: DISABLED
08-22 17:42:05.854 W/Looper ( 1164): Drained
08-22 17:42:05.856 I/SystemServerTimingAsync( 1164): ssm.onUnlockingUser-0_com.android.server.usage.UsageStatsService
08-22 17:42:05.856 D/SystemServerTimingAsync( 1164): ssm.onUnlockingUser-0_com.android.server.usage.UsageStatsService took to complete: 0ms
08-22 17:42:05.856 I/SystemServerTimingAsync( 1164): ssm.onUnlockingUser-0_com.android.server.webkit.WebViewUpdateService
08-22 17:42:05.857 D/SystemServerTimingAsync( 1164): ssm.onUnlockingUser-0_com.android.server.webkit.WebViewUpdateService took to complete: 0ms
08-22 17:42:05.857 I/SystemServerTimingAsync( 1164): ssm.onUnlockingUser-0_com.android.server.CachedDeviceStateService
08-22 17:42:05.857 D/SystemServerTimingAsync( 1164): ssm.onUnlockingUser-0_com.android.server.CachedDeviceStateService took to complete: 0ms
08-22 17:42:05.860 I/SystemServerTimingAsync( 1164): ssm.onUnlockingUser-0_com.android.server.BinderCallsStatsService$LifeCycle
08-22 17:42:05.860 D/SystemServerTimingAsync( 1164): ssm.onUnlockingUser-0_com.android.server.BinderCallsStatsService$LifeCycle took to complete: 0ms
08-22 17:42:05.860 I/SystemServerTimingAsync( 1164): ssm.onUnlockingUser-0_com.android.server.LooperStatsService$Lifecycle
08-22 17:42:05.860 D/SystemServerTimingAsync( 1164): ssm.onUnlockingUser-0_com.android.server.LooperStatsService$Lifecycle took to complete: 0ms
08-22 17:42:05.860 I/SystemServerTimingAsync( 1164): ssm.onUnlockingUser-0_com.android.server.rollback.RollbackManagerService
08-22 17:42:05.861 D/CompatibilityChangeReporter( 1164): Compat change id reported: 168419799; UID 10099; state: DISABLED
08-22 17:42:05.863 D/SystemServerTimingAsync( 1164): ssm.onUnlockingUser-0_com.android.server.rollback.RollbackManagerService took to complete: 2ms
08-22 17:42:05.864 I/SystemServerTimingAsync( 1164): ssm.onUnlockingUser-0_com.android.server.os.NativeTombstoneManagerService
08-22 17:42:05.864 D/SystemServerTimingAsync( 1164): ssm.onUnlockingUser-0_com.android.server.os.NativeTombstoneManagerService took to complete: 0ms
08-22 17:42:05.864 I/SystemServerTimingAsync( 1164): ssm.onUnlockingUser-0_com.android.server.os.BugreportManagerService
08-22 17:42:05.864 D/SystemServerTimingAsync( 1164): ssm.onUnlockingUser-0_com.android.server.os.BugreportManagerService took to complete: 0ms
08-22 17:42:05.864 I/SystemServerTimingAsync( 1164): ssm.onUnlockingUser-0_com.android.server.gpu.GpuService
08-22 17:42:05.864 D/SystemServerTimingAsync( 1164): ssm.onUnlockingUser-0_com.android.server.gpu.GpuService took to complete: 0ms
08-22 17:42:05.864 I/SystemServerTimingAsync( 1164): ssm.onUnlockingUser-0_com.android.server.security.KeyChainSystemService
08-22 17:42:05.864 D/SystemServerTimingAsync( 1164): ssm.onUnlockingUser-0_com.android.server.security.KeyChainSystemService took to complete: 0ms
08-22 17:42:05.864 I/SystemServerTimingAsync( 1164): ssm.onUnlockingUser-0_com.android.server.telecom.TelecomLoaderService
08-22 17:42:05.864 D/SystemServerTimingAsync( 1164): ssm.onUnlockingUser-0_com.android.server.telecom.TelecomLoaderService took to complete: 0ms
08-22 17:42:05.865 I/SystemServerTimingAsync( 1164): ssm.onUnlockingUser-0_com.android.server.accounts.AccountManagerService$Lifecycle
08-22 17:42:05.865 D/SystemServerTimingAsync( 1164): ssm.onUnlockingUser-0_com.android.server.accounts.AccountManagerService$Lifecycle took to complete: 0ms
08-22 17:42:05.865 I/SystemServerTimingAsync( 1164): ssm.onUnlockingUser-0_com.android.server.content.ContentService$Lifecycle
08-22 17:42:05.865 D/SystemServerTimingAsync( 1164): ssm.onUnlockingUser-0_com.android.server.content.ContentService$Lifecycle took to complete: 0ms
08-22 17:42:05.865 I/SystemServerTimingAsync( 1164): ssm.onUnlockingUser-0_com.android.server.DropBoxManagerService
08-22 17:42:05.866 D/SystemServerTimingAsync( 1164): ssm.onUnlockingUser-0_com.android.server.DropBoxManagerService took to complete: 0ms
08-22 17:42:05.866 I/SystemServerTimingAsync( 1164): ssm.onUnlockingUser-0_com.android.role.RoleService
08-22 17:42:05.866 D/SystemServerTimingAsync( 1164): ssm.onUnlockingUser-0_com.android.role.RoleService took to complete: 0ms
08-22 17:42:05.866 I/SystemServerTimingAsync( 1164): ssm.onUnlockingUser-0_com.android.server.vibrator.VibratorManagerService$Lifecycle
08-22 17:42:05.866 D/SystemServerTimingAsync( 1164): ssm.onUnlockingUser-0_com.android.server.vibrator.VibratorManagerService$Lifecycle took to complete: 0ms
08-22 17:42:05.866 I/SystemServerTimingAsync( 1164): ssm.onUnlockingUser-0_com.android.server.alarm.AlarmManagerService
08-22 17:42:05.866 D/SystemServerTimingAsync( 1164): ssm.onUnlockingUser-0_com.android.server.alarm.AlarmManagerService took to complete: 0ms
08-22 17:42:05.866 I/SystemServerTimingAsync( 1164): ssm.onUnlockingUser-0_com.android.server.devicestate.DeviceStateManagerService
08-22 17:42:05.866 D/SystemServerTimingAsync( 1164): ssm.onUnlockingUser-0_com.android.server.devicestate.DeviceStateManagerService took to complete: 0ms
08-22 17:42:05.866 I/SystemServerTimingAsync( 1164): ssm.onUnlockingUser-0_com.android.server.camera.CameraServiceProxy
08-22 17:42:05.866 D/SystemServerTimingAsync( 1164): ssm.onUnlockingUser-0_com.android.server.camera.CameraServiceProxy took to complete: 0ms
08-22 17:42:05.866 I/SystemServerTimingAsync( 1164): ssm.onUnlockingUser-0_com.android.server.BluetoothService
08-22 17:42:05.866 D/BluetoothManagerService( 1164): User 0 unlocked
08-22 17:42:05.867 D/SystemServerTimingAsync( 1164): ssm.onUnlockingUser-0_com.android.server.BluetoothService took to complete: 0ms
08-22 17:42:05.867 I/SystemServerTimingAsync( 1164): ssm.onUnlockingUser-0_com.android.server.connectivity.IpConnectivityMetrics
08-22 17:42:05.867 D/SystemServerTimingAsync( 1164): ssm.onUnlockingUser-0_com.android.server.connectivity.IpConnectivityMetrics took to complete: 0ms
08-22 17:42:05.867 I/SystemServerTimingAsync( 1164): ssm.onUnlockingUser-0_com.android.server.net.watchlist.NetworkWatchlistService$Lifecycle
08-22 17:42:05.867 D/SystemServerTimingAsync( 1164): ssm.onUnlockingUser-0_com.android.server.net.watchlist.NetworkWatchlistService$Lifecycle took to complete: 0ms
08-22 17:42:05.867 I/SystemServerTimingAsync( 1164): ssm.onUnlockingUser-0_com.android.server.PinnerService
08-22 17:42:05.867 D/SystemServerTimingAsync( 1164): ssm.onUnlockingUser-0_com.android.server.PinnerService took to complete: 0ms
08-22 17:42:05.867 I/SystemServerTimingAsync( 1164): ssm.onUnlockingUser-0_com.google.android.startop.iorap.IorapForwardingService
08-22 17:42:05.867 D/SystemServerTimingAsync( 1164): ssm.onUnlockingUser-0_com.google.android.startop.iorap.IorapForwardingService took to complete: 0ms
08-22 17:42:05.868 D/BluetoothManagerService( 1164): MESSAGE_USER_UNLOCKED
08-22 17:42:05.868 I/SystemServerTimingAsync( 1164): ssm.onUnlockingUser-0_com.android.server.ActivityTriggerService
08-22 17:42:05.868 D/SystemServerTimingAsync( 1164): ssm.onUnlockingUser-0_com.android.server.ActivityTriggerService took to complete: 0ms
08-22 17:42:05.868 I/SystemServerTimingAsync( 1164): ssm.onUnlockingUser-0_com.android.server.integrity.AppIntegrityManagerService
08-22 17:42:05.868 D/SystemServerTimingAsync( 1164): ssm.onUnlockingUser-0_com.android.server.integrity.AppIntegrityManagerService took to complete: 0ms
08-22 17:42:05.868 I/SystemServerTimingAsync( 1164): ssm.onUnlockingUser-0_com.android.server.inputmethod.InputMethodManagerService$Lifecycle
08-22 17:42:05.868 D/SystemServerTimingAsync( 1164): ssm.onUnlockingUser-0_com.android.server.inputmethod.InputMethodManagerService$Lifecycle took to complete: 0ms
08-22 17:42:05.868 I/SystemServerTimingAsync( 1164): ssm.onUnlockingUser-0_com.android.server.accessibility.AccessibilityManagerService$Lifecycle
08-22 17:42:05.868 D/SystemServerTimingAsync( 1164): ssm.onUnlockingUser-0_com.android.server.accessibility.AccessibilityManagerService$Lifecycle took to complete: 0ms
08-22 17:42:05.868 I/SystemServerTimingAsync( 1164): ssm.onUnlockingUser-0_com.android.server.StorageManagerService$Lifecycle
08-22 17:42:05.868 D/StorageManagerService( 1164): onUnlockUser 0
08-22 17:42:05.868 I/StorageSessionController( 1164): On user unlock 0
08-22 17:42:05.868 I/StorageSessionController( 1164): Initialialising...
08-22 17:42:05.869 I/vold ( 565): onUserStarted: 0
08-22 17:42:05.871 V/StorageManagerService( 1164): Found primary storage at VolumeInfo{emulated;0}:
08-22 17:42:05.871 V/StorageManagerService( 1164): type=EMULATED diskId=null partGuid= mountFlags=0 mountUserId=0
08-22 17:42:05.871 V/StorageManagerService( 1164): state=UNMOUNTED
08-22 17:42:05.871 V/StorageManagerService( 1164): fsType=null fsUuid=null fsLabel=null
08-22 17:42:05.871 V/StorageManagerService( 1164): path=null internalPath=null
08-22 17:42:05.872 D/SystemServerTimingAsync( 1164): ssm.onUnlockingUser-0_com.android.server.StorageManagerService$Lifecycle took to complete: 4ms
08-22 17:42:05.872 I/SystemServerTimingAsync( 1164): ssm.onUnlockingUser-0_com.android.server.usage.StorageStatsService$Lifecycle
08-22 17:42:05.872 D/SystemServerTimingAsync( 1164): ssm.onUnlockingUser-0_com.android.server.usage.StorageStatsService$Lifecycle took to complete: 0ms
08-22 17:42:05.872 I/SystemServerTimingAsync( 1164): ssm.onUnlockingUser-0_com.android.server.UiModeManagerService
08-22 17:42:05.872 D/SystemServerTimingAsync( 1164): ssm.onUnlockingUser-0_com.android.server.UiModeManagerService took to complete: 0ms
08-22 17:42:05.872 I/SystemServerTimingAsync( 1164): ssm.onUnlockingUser-0_com.android.server.locksettings.LockSettingsService$Lifecycle
08-22 17:42:05.872 D/CompatibilityChangeReporter( 1164): Compat change id reported: 135634846; UID 10122; state: DISABLED
08-22 17:42:05.872 D/SystemServerTimingAsync( 1164): ssm.onUnlockingUser-0_com.android.server.locksettings.LockSettingsService$Lifecycle took to complete: 0ms
08-22 17:42:05.872 I/StorageManagerService( 1164): Mounting volume VolumeInfo{emulated;0}:
08-22 17:42:05.872 I/StorageManagerService( 1164): type=EMULATED diskId=null partGuid= mountFlags=PRIMARY|VISIBLE
08-22 17:42:05.872 I/StorageManagerService( 1164): mountUserId=0 state=UNMOUNTED
08-22 17:42:05.872 I/StorageManagerService( 1164): fsType=null fsUuid=null fsLabel=null
08-22 17:42:05.872 I/StorageManagerService( 1164): path=null internalPath=null
08-22 17:42:05.872 D/CompatibilityChangeReporter( 1164): Compat change id reported: 177438394; UID 10122; state: DISABLED
08-22 17:42:05.873 I/SystemServerTimingAsync( 1164): ssm.onUnlockingUser-0_com.android.server.PersistentDataBlockService
08-22 17:42:05.873 D/SystemServerTimingAsync( 1164): ssm.onUnlockingUser-0_com.android.server.PersistentDataBlockService took to complete: 0ms
08-22 17:42:05.873 I/SystemServerTimingAsync( 1164): ssm.onUnlockingUser-0_com.android.server.testharness.TestHarnessModeService
08-22 17:42:05.873 D/SystemServerTimingAsync( 1164): ssm.onUnlockingUser-0_com.android.server.testharness.TestHarnessModeService took to complete: 0ms
08-22 17:42:05.873 I/SystemServerTimingAsync( 1164): ssm.onUnlockingUser-0_com.android.server.oemlock.OemLockService
08-22 17:42:05.873 D/SystemServerTimingAsync( 1164): ssm.onUnlockingUser-0_com.android.server.oemlock.OemLockService took to complete: 0ms
08-22 17:42:05.873 I/SystemServerTimingAsync( 1164): ssm.onUnlockingUser-0_com.android.server.DeviceIdleController
08-22 17:42:05.874 I/vold ( 565): Executing sdcardfs
08-22 17:42:05.873 D/SystemServerTimingAsync( 1164): ssm.onUnlockingUser-0_com.android.server.DeviceIdleController took to complete: 0ms
08-22 17:42:05.879 D/CompatibilityChangeReporter( 1164): Compat change id reported: 135772972; UID 10122; state: DISABLED
08-22 17:42:05.879 D/CompatibilityChangeReporter( 1164): Compat change id reported: 135754954; UID 10122; state: ENABLED
08-22 17:42:05.879 D/CompatibilityChangeReporter( 1164): Compat change id reported: 182478738; UID 1001; state: DISABLED
08-22 17:42:05.879 D/CompatibilityChangeReporter( 1164): Compat change id reported: 143937733; UID 10122; state: ENABLED
08-22 17:42:05.879 I/SystemServerTimingAsync( 1164): ssm.onUnlockingUser-0_com.android.server.devicepolicy.DevicePolicyManagerService$Lifecycle
08-22 17:42:05.879 D/SystemServerTimingAsync( 1164): ssm.onUnlockingUser-0_com.android.server.devicepolicy.DevicePolicyManagerService$Lifecycle took to complete: 0ms
08-22 17:42:05.880 I/SystemServerTimingAsync( 1164): ssm.onUnlockingUser-0_com.android.server.texttospeech.TextToSpeechManagerService
08-22 17:42:05.881 D/vold ( 565): Waiting for sdcardfs to spin up...
08-22 17:42:05.883 D/SystemServerTimingAsync( 1164): ssm.onUnlockingUser-0_com.android.server.texttospeech.TextToSpeechManagerService took to complete: 4ms
08-22 17:42:05.884 I/SystemServerTimingAsync( 1164): ssm.onUnlockingUser-0_com.android.server.speech.SpeechRecognitionManagerService
08-22 17:42:05.884 D/SystemServerTimingAsync( 1164): ssm.onUnlockingUser-0_com.android.server.speech.SpeechRecognitionManagerService took to complete: 0ms
08-22 17:42:05.884 I/SystemServerTimingAsync( 1164): ssm.onUnlockingUser-0_com.android.server.searchui.SearchUiManagerService
08-22 17:42:05.884 D/SystemServerTimingAsync( 1164): ssm.onUnlockingUser-0_com.android.server.searchui.SearchUiManagerService took to complete: 0ms
08-22 17:42:05.884 I/SystemServerTimingAsync( 1164): ssm.onUnlockingUser-0_com.android.server.smartspace.SmartspaceManagerService
08-22 17:42:05.884 D/SystemServerTimingAsync( 1164): ssm.onUnlockingUser-0_com.android.server.smartspace.SmartspaceManagerService took to complete: 0ms
08-22 17:42:05.884 I/SystemServerTimingAsync( 1164): ssm.onUnlockingUser-0_com.android.server.graphics.fonts.FontManagerService$Lifecycle
08-22 17:42:05.884 D/SystemServerTimingAsync( 1164): ssm.onUnlockingUser-0_com.android.server.graphics.fonts.FontManagerService$Lifecycle took to complete: 0ms
08-22 17:42:05.884 I/SystemServerTimingAsync( 1164): ssm.onUnlockingUser-0_com.android.server.textservices.TextServicesManagerService$Lifecycle
08-22 17:42:05.886 D/SystemServerTimingAsync( 1164): ssm.onUnlockingUser-0_com.android.server.textservices.TextServicesManagerService$Lifecycle took to complete: 2ms
08-22 17:42:05.887 I/SystemServerTimingAsync( 1164): ssm.onUnlockingUser-0_com.android.server.textclassifier.TextClassificationManagerService$Lifecycle
08-22 17:42:05.887 D/SystemServerTimingAsync( 1164): ssm.onUnlockingUser-0_com.android.server.textclassifier.TextClassificationManagerService$Lifecycle took to complete: 0ms
08-22 17:42:05.887 I/SystemServerTimingAsync( 1164): ssm.onUnlockingUser-0_com.android.server.NetworkScoreService$Lifecycle
08-22 17:42:05.887 D/SystemServerTimingAsync( 1164): ssm.onUnlockingUser-0_com.android.server.NetworkScoreService$Lifecycle took to complete: 0ms
08-22 17:42:05.887 I/SystemServerTimingAsync( 1164): ssm.onUnlockingUser-0_com.android.server.wifi.WifiService
08-22 17:42:05.887 D/SystemServerTimingAsync( 1164): ssm.onUnlockingUser-0_com.android.server.wifi.WifiService took to complete: 0ms
08-22 17:42:05.887 I/SystemServerTimingAsync( 1164): ssm.onUnlockingUser-0_com.android.server.wifi.scanner.WifiScanningService
08-22 17:42:05.887 D/SystemServerTimingAsync( 1164): ssm.onUnlockingUser-0_com.android.server.wifi.scanner.WifiScanningService took to complete: 0ms
08-22 17:42:05.887 I/SystemServerTimingAsync( 1164): ssm.onUnlockingUser-0_com.android.server.wifi.rtt.RttService
08-22 17:42:05.887 D/SystemServerTimingAsync( 1164): ssm.onUnlockingUser-0_com.android.server.wifi.rtt.RttService took to complete: 0ms
08-22 17:42:05.887 I/SystemServerTimingAsync( 1164): ssm.onUnlockingUser-0_com.android.server.wifi.aware.WifiAwareService
08-22 17:42:05.887 D/SystemServerTimingAsync( 1164): ssm.onUnlockingUser-0_com.android.server.wifi.aware.WifiAwareService took to complete: 0ms
08-22 17:42:05.887 I/SystemServerTimingAsync( 1164): ssm.onUnlockingUser-0_com.android.server.wifi.p2p.WifiP2pService
08-22 17:42:05.887 D/SystemServerTimingAsync( 1164): ssm.onUnlockingUser-0_com.android.server.wifi.p2p.WifiP2pService took to complete: 0ms
08-22 17:42:05.887 I/SystemServerTimingAsync( 1164): ssm.onUnlockingUser-0_com.android.server.ethernet.EthernetService
08-22 17:42:05.888 D/SystemServerTimingAsync( 1164): ssm.onUnlockingUser-0_com.android.server.ethernet.EthernetService took to complete: 0ms
08-22 17:42:05.888 I/SystemServerTimingAsync( 1164): ssm.onUnlockingUser-0_com.android.server.ConnectivityServiceInitializer
08-22 17:42:05.888 D/SystemServerTimingAsync( 1164): ssm.onUnlockingUser-0_com.android.server.ConnectivityServiceInitializer took to complete: 0ms
08-22 17:42:05.888 I/SystemServerTimingAsync( 1164): ssm.onUnlockingUser-0_com.android.server.notification.NotificationManagerService
08-22 17:42:05.888 D/SystemServerTimingAsync( 1164): ssm.onUnlockingUser-0_com.android.server.notification.NotificationManagerService took to complete: 0ms
08-22 17:42:05.888 I/SystemServerTimingAsync( 1164): ssm.onUnlockingUser-0_com.android.server.storage.DeviceStorageMonitorService
08-22 17:42:05.888 D/SystemServerTimingAsync( 1164): ssm.onUnlockingUser-0_com.android.server.storage.DeviceStorageMonitorService took to complete: 0ms
08-22 17:42:05.888 I/SystemServerTimingAsync( 1164): ssm.onUnlockingUser-0_com.android.server.location.LocationManagerService$Lifecycle
08-22 17:42:05.888 D/SystemServerTimingAsync( 1164): ssm.onUnlockingUser-0_com.android.server.location.LocationManagerService$Lifecycle took to complete: 0ms
08-22 17:42:05.888 I/SystemServerTimingAsync( 1164): ssm.onUnlockingUser-0_com.android.server.timedetector.TimeDetectorService$Lifecycle
08-22 17:42:05.888 D/SystemServerTimingAsync( 1164): ssm.onUnlockingUser-0_com.android.server.timedetector.TimeDetectorService$Lifecycle took to complete: 0ms
08-22 17:42:05.888 I/SystemServerTimingAsync( 1164): ssm.onUnlockingUser-0_com.android.server.timezonedetector.TimeZoneDetectorService$Lifecycle
08-22 17:42:05.888 D/SystemServerTimingAsync( 1164): ssm.onUnlockingUser-0_com.android.server.timezonedetector.TimeZoneDetectorService$Lifecycle took to complete: 0ms
08-22 17:42:05.888 I/SystemServerTimingAsync( 1164): ssm.onUnlockingUser-0_com.android.server.timezonedetector.location.LocationTimeZoneManagerService$Lifecycle
08-22 17:42:05.888 D/SystemServerTimingAsync( 1164): ssm.onUnlockingUser-0_com.android.server.timezonedetector.location.LocationTimeZoneManagerService$Lifecycle took to complete: 0ms
08-22 17:42:05.888 I/SystemServerTimingAsync( 1164): ssm.onUnlockingUser-0_com.android.server.search.SearchManagerService$Lifecycle
08-22 17:42:05.889 D/SystemServerTimingAsync( 1164): ssm.onUnlockingUser-0_com.android.server.search.SearchManagerService$Lifecycle took to complete: 0ms
08-22 17:42:05.889 I/SystemServerTimingAsync( 1164): ssm.onUnlockingUser-0_com.android.server.wallpaper.WallpaperManagerService$Lifecycle
08-22 17:42:05.889 I/WallpaperManagerService( 1164): on-unlock-user-0
08-22 17:42:05.889 D/WallpaperManagerService( 1164): on-unlock-user-0 took to complete: 0ms
08-22 17:42:05.889 D/SystemServerTimingAsync( 1164): ssm.onUnlockingUser-0_com.android.server.wallpaper.WallpaperManagerService$Lifecycle took to complete: 1ms
08-22 17:42:05.889 I/SystemServerTimingAsync( 1164): ssm.onUnlockingUser-0_com.android.server.audio.AudioService$Lifecycle
08-22 17:42:05.889 D/SystemServerTimingAsync( 1164): ssm.onUnlockingUser-0_com.android.server.audio.AudioService$Lifecycle took to complete: 0ms
08-22 17:42:05.889 I/SystemServerTimingAsync( 1164): ssm.onUnlockingUser-0_com.android.server.soundtrigger_middleware.SoundTriggerMiddlewareService$Lifecycle
08-22 17:42:05.889 D/SystemServerTimingAsync( 1164): ssm.onUnlockingUser-0_com.android.server.soundtrigger_middleware.SoundTriggerMiddlewareService$Lifecycle took to complete: 0ms
08-22 17:42:05.889 I/SystemServerTimingAsync( 1164): ssm.onUnlockingUser-0_com.android.server.DockObserver
08-22 17:42:05.889 D/SystemServerTimingAsync( 1164): ssm.onUnlockingUser-0_com.android.server.DockObserver took to complete: 0ms
08-22 17:42:05.889 I/SystemServerTimingAsync( 1164): ssm.onUnlockingUser-0_com.android.server.midi.MidiService$Lifecycle
08-22 17:42:05.889 I/UsageStatsService( 1164): Starting migration to system CE for user 0
08-22 17:42:05.889 D/SystemServerTimingAsync( 1164): ssm.onUnlockingUser-0_com.android.server.midi.MidiService$Lifecycle took to complete: 0ms
08-22 17:42:05.889 I/SystemServerTimingAsync( 1164): ssm.onUnlockingUser-0_com.android.server.adb.AdbService$Lifecycle
08-22 17:42:05.890 D/SystemServerTimingAsync( 1164): ssm.onUnlockingUser-0_com.android.server.adb.AdbService$Lifecycle took to complete: 0ms
08-22 17:42:05.890 I/SystemServerTimingAsync( 1164): ssm.onUnlockingUser-0_com.android.server.usb.UsbService$Lifecycle
08-22 17:42:05.890 D/SystemServerTimingAsync( 1164): ssm.onUnlockingUser-0_com.android.server.usb.UsbService$Lifecycle took to complete: 1ms
08-22 17:42:05.890 I/SystemServerTimingAsync( 1164): ssm.onUnlockingUser-0_com.android.server.twilight.TwilightService
08-22 17:42:05.890 D/SystemServerTimingAsync( 1164): ssm.onUnlockingUser-0_com.android.server.twilight.TwilightService took to complete: 0ms
08-22 17:42:05.890 I/SystemServerTimingAsync( 1164): ssm.onUnlockingUser-0_com.android.server.display.color.ColorDisplayService
08-22 17:42:05.890 D/SystemServerTimingAsync( 1164): ssm.onUnlockingUser-0_com.android.server.display.color.ColorDisplayService took to complete: 0ms
08-22 17:42:05.890 I/SystemServerTimingAsync( 1164): ssm.onUnlockingUser-0_com.android.server.job.JobSchedulerService
08-22 17:42:05.890 D/SystemServerTimingAsync( 1164): ssm.onUnlockingUser-0_com.android.server.job.JobSchedulerService took to complete: 0ms
08-22 17:42:05.890 I/SystemServerTimingAsync( 1164): ssm.onUnlockingUser-0_com.android.server.soundtrigger.SoundTriggerService
08-22 17:42:05.890 D/SystemServerTimingAsync( 1164): ssm.onUnlockingUser-0_com.android.server.soundtrigger.SoundTriggerService took to complete: 0ms
08-22 17:42:05.890 I/SystemServerTimingAsync( 1164): ssm.onUnlockingUser-0_com.android.server.trust.TrustManagerService
08-22 17:42:05.890 D/SystemServerTimingAsync( 1164): ssm.onUnlockingUser-0_com.android.server.trust.TrustManagerService took to complete: 0ms
08-22 17:42:05.890 I/SystemServerTimingAsync( 1164): ssm.onUnlockingUser-0_com.android.server.backup.BackupManagerService$Lifecycle
08-22 17:42:05.890 D/SystemServerTimingAsync( 1164): ssm.onUnlockingUser-0_com.android.server.backup.BackupManagerService$Lifecycle took to complete: 0ms
08-22 17:42:05.891 I/SystemServerTimingAsync( 1164): ssm.onUnlockingUser-0_com.android.server.appwidget.AppWidgetService
08-22 17:42:05.891 D/SystemServerTimingAsync( 1164): ssm.onUnlockingUser-0_com.android.server.appwidget.AppWidgetService took to complete: 0ms
08-22 17:42:05.891 I/SystemServerTimingAsync( 1164): ssm.onUnlockingUser-0_com.android.server.voiceinteraction.VoiceInteractionManagerService
08-22 17:42:05.891 I/UsageStatsService( 1164): Finished migration to system CE for user 0
08-22 17:42:05.892 W/VoiceInteractionManager( 1164): no available voice recognition services found for user 0
08-22 17:42:05.892 D/SystemServerTimingAsync( 1164): ssm.onUnlockingUser-0_com.android.server.voiceinteraction.VoiceInteractionManagerService took to complete: 2ms
08-22 17:42:05.892 I/SystemServerTimingAsync( 1164): ssm.onUnlockingUser-0_com.android.server.apphibernation.AppHibernationService
08-22 17:42:05.892 D/SystemServerTimingAsync( 1164): ssm.onUnlockingUser-0_com.android.server.apphibernation.AppHibernationService took to complete: 0ms
08-22 17:42:05.892 I/SystemServerTimingAsync( 1164): ssm.onUnlockingUser-0_com.android.server.GestureLauncherService
08-22 17:42:05.892 D/SystemServerTimingAsync( 1164): ssm.onUnlockingUser-0_com.android.server.GestureLauncherService took to complete: 0ms
08-22 17:42:05.893 I/SystemServerTimingAsync( 1164): ssm.onUnlockingUser-0_com.android.server.SensorNotificationService
08-22 17:42:05.893 D/SystemServerTimingAsync( 1164): ssm.onUnlockingUser-0_com.android.server.SensorNotificationService took to complete: 0ms
08-22 17:42:05.893 I/SystemServerTimingAsync( 1164): ssm.onUnlockingUser-0_com.android.server.emergency.EmergencyAffordanceService
08-22 17:42:05.893 D/SystemServerTimingAsync( 1164): ssm.onUnlockingUser-0_com.android.server.emergency.EmergencyAffordanceService took to complete: 0ms
08-22 17:42:05.893 I/SystemServerTimingAsync( 1164): ssm.onUnlockingUser-0_com.android.server.blob.BlobStoreManagerService
08-22 17:42:05.893 D/SystemServerTimingAsync( 1164): ssm.onUnlockingUser-0_com.android.server.blob.BlobStoreManagerService took to complete: 0ms
08-22 17:42:05.893 I/SystemServerTimingAsync( 1164): ssm.onUnlockingUser-0_com.android.server.dreams.DreamManagerService
08-22 17:42:05.893 D/SystemServerTimingAsync( 1164): ssm.onUnlockingUser-0_com.android.server.dreams.DreamManagerService took to complete: 0ms
08-22 17:42:05.893 I/SystemServerTimingAsync( 1164): ssm.onUnlockingUser-0_com.android.server.companion.CompanionDeviceManagerService
08-22 17:42:05.893 D/SystemServerTimingAsync( 1164): ssm.onUnlockingUser-0_com.android.server.companion.CompanionDeviceManagerService took to complete: 0ms
08-22 17:42:05.893 I/HibernationStateDiskStore( 1164): No hibernation file on disk for file /data/system_ce/0/hibernation/states
08-22 17:42:05.893 I/SystemServerTimingAsync( 1164): ssm.onUnlockingUser-0_com.android.server.restrictions.RestrictionsManagerService
08-22 17:42:05.893 D/SystemServerTimingAsync( 1164): ssm.onUnlockingUser-0_com.android.server.restrictions.RestrictionsManagerService took to complete: 0ms
08-22 17:42:05.893 I/SystemServerTimingAsync( 1164): ssm.onUnlockingUser-0_com.android.server.media.MediaSessionService
08-22 17:42:05.893 D/SystemServerTimingAsync( 1164): ssm.onUnlockingUser-0_com.android.server.media.MediaSessionService took to complete: 0ms
08-22 17:42:05.893 I/SystemServerTimingAsync( 1164): ssm.onUnlockingUser-0_com.android.server.media.MediaResourceMonitorService
08-22 17:42:05.893 D/SystemServerTimingAsync( 1164): ssm.onUnlockingUser-0_com.android.server.media.MediaResourceMonitorService took to complete: 0ms
08-22 17:42:05.893 I/SystemServerTimingAsync( 1164): ssm.onUnlockingUser-0_com.android.server.biometrics.sensors.fingerprint.FingerprintService
08-22 17:42:05.894 D/SystemServerTimingAsync( 1164): ssm.onUnlockingUser-0_com.android.server.biometrics.sensors.fingerprint.FingerprintService took to complete: 0ms
08-22 17:42:05.894 I/SystemServerTimingAsync( 1164): ssm.onUnlockingUser-0_com.android.server.biometrics.BiometricService
08-22 17:42:05.894 D/SystemServerTimingAsync( 1164): ssm.onUnlockingUser-0_com.android.server.biometrics.BiometricService took to complete: 0ms
08-22 17:42:05.894 I/SystemServerTimingAsync( 1164): ssm.onUnlockingUser-0_com.android.server.biometrics.AuthService
08-22 17:42:05.894 D/SystemServerTimingAsync( 1164): ssm.onUnlockingUser-0_com.android.server.biometrics.AuthService took to complete: 0ms
08-22 17:42:05.894 I/SystemServerTimingAsync( 1164): ssm.onUnlockingUser-0_com.android.server.pm.ShortcutService$Lifecycle
08-22 17:42:05.894 D/SystemServerTimingAsync( 1164): ssm.onUnlockingUser-0_com.android.server.pm.ShortcutService$Lifecycle took to complete: 0ms
08-22 17:42:05.894 I/SystemServerTimingAsync( 1164): ssm.onUnlockingUser-0_com.android.server.pm.LauncherAppsService
08-22 17:42:05.894 D/SystemServerTimingAsync( 1164): ssm.onUnlockingUser-0_com.android.server.pm.LauncherAppsService took to complete: 0ms
08-22 17:42:05.894 I/SystemServerTimingAsync( 1164): ssm.onUnlockingUser-0_com.android.server.pm.CrossProfileAppsService
08-22 17:42:05.894 D/SystemServerTimingAsync( 1164): ssm.onUnlockingUser-0_com.android.server.pm.CrossProfileAppsService took to complete: 0ms
08-22 17:42:05.894 I/SystemServerTimingAsync( 1164): ssm.onUnlockingUser-0_com.android.server.people.PeopleService
08-22 17:42:05.894 D/SystemServerTimingAsync( 1164): ssm.onUnlockingUser-0_com.android.server.people.PeopleService took to complete: 0ms
08-22 17:42:05.894 I/SystemServerTimingAsync( 1164): ssm.onUnlockingUser-0_com.android.server.media.metrics.MediaMetricsManagerService
08-22 17:42:05.894 D/SystemServerTimingAsync( 1164): ssm.onUnlockingUser-0_com.android.server.media.metrics.MediaMetricsManagerService took to complete: 0ms
08-22 17:42:05.894 I/SystemServerTimingAsync( 1164): ssm.onUnlockingUser-0_com.android.server.media.projection.MediaProjectionManagerService
08-22 17:42:05.895 D/SystemServerTimingAsync( 1164): ssm.onUnlockingUser-0_com.android.server.media.projection.MediaProjectionManagerService took to complete: 0ms
08-22 17:42:05.895 I/SystemServerTimingAsync( 1164): ssm.onUnlockingUser-0_com.android.server.slice.SliceManagerService$Lifecycle
08-22 17:42:05.895 D/SystemServerTimingAsync( 1164): ssm.onUnlockingUser-0_com.android.server.slice.SliceManagerService$Lifecycle took to complete: 0ms
08-22 17:42:05.895 I/SystemServerTimingAsync( 1164): ssm.onUnlockingUser-0_com.android.server.stats.StatsCompanion$Lifecycle
08-22 17:42:05.895 D/SystemServerTimingAsync( 1164): ssm.onUnlockingUser-0_com.android.server.stats.StatsCompanion$Lifecycle took to complete: 0ms
08-22 17:42:05.895 I/SystemServerTimingAsync( 1164): ssm.onUnlockingUser-0_com.android.server.scheduling.RebootReadinessManagerService$Lifecycle
08-22 17:42:05.895 D/SystemServerTimingAsync( 1164): ssm.onUnlockingUser-0_com.android.server.scheduling.RebootReadinessManagerService$Lifecycle took to complete: 0ms
08-22 17:42:05.895 I/SystemServerTimingAsync( 1164): ssm.onUnlockingUser-0_com.android.server.stats.pull.StatsPullAtomService
08-22 17:42:05.895 D/SystemServerTimingAsync( 1164): ssm.onUnlockingUser-0_com.android.server.stats.pull.StatsPullAtomService took to complete: 0ms
08-22 17:42:05.895 I/SystemServerTimingAsync( 1164): ssm.onUnlockingUser-0_com.android.server.incident.IncidentCompanionService
08-22 17:42:05.895 D/SystemServerTimingAsync( 1164): ssm.onUnlockingUser-0_com.android.server.incident.IncidentCompanionService took to complete: 0ms
08-22 17:42:05.895 I/SystemServerTimingAsync( 1164): ssm.onUnlockingUser-0_com.android.server.MmsServiceBroker
08-22 17:42:05.895 D/SystemServerTimingAsync( 1164): ssm.onUnlockingUser-0_com.android.server.MmsServiceBroker took to complete: 0ms
08-22 17:42:05.895 I/SystemServerTimingAsync( 1164): ssm.onUnlockingUser-0_com.android.server.autofill.AutofillManagerService
08-22 17:42:05.896 D/AutofillManagerServiceImpl( 1164): Reset component for user 0:
08-22 17:42:05.896 D/FieldClassificationStrategy( 1164): reset(): service is not bound. Do nothing.
08-22 17:42:05.896 D/SystemServerTimingAsync( 1164): ssm.onUnlockingUser-0_com.android.server.autofill.AutofillManagerService took to complete: 1ms
08-22 17:42:05.896 I/SystemServerTimingAsync( 1164): ssm.onUnlockingUser-0_com.android.server.clipboard.ClipboardService
08-22 17:42:05.896 D/SystemServerTimingAsync( 1164): ssm.onUnlockingUser-0_com.android.server.clipboard.ClipboardService took to complete: 0ms
08-22 17:42:05.896 I/SystemServerTimingAsync( 1164): ssm.onUnlockingUser-0_com.android.server.appbinding.AppBindingService$Lifecycle
08-22 17:42:05.896 W/AppBindingService( 1164): [Default SMS app] u0 Target package not found
08-22 17:42:05.896 D/SystemServerTimingAsync( 1164): ssm.onUnlockingUser-0_com.android.server.appbinding.AppBindingService$Lifecycle took to complete: 0ms
08-22 17:42:05.896 I/SystemServerTimingAsync( 1164): ssm.onUnlockingUser-0_com.android.server.tracing.TracingServiceProxy
08-22 17:42:05.896 D/SystemServerTimingAsync( 1164): ssm.onUnlockingUser-0_com.android.server.tracing.TracingServiceProxy took to complete: 0ms
08-22 17:42:05.896 I/SystemServerTimingAsync( 1164): ssm.onUnlockingUser-0_com.android.server.policy.PermissionPolicyService
08-22 17:42:05.896 D/SystemServerTimingAsync( 1164): ssm.onUnlockingUser-0_com.android.server.policy.PermissionPolicyService took to complete: 0ms
08-22 17:42:05.896 I/SystemServerTimingAsync( 1164): ssm.onUnlockingUser-0_com.android.server.pm.StagingManager$Lifecycle
08-22 17:42:05.897 D/SystemServerTimingAsync( 1164): ssm.onUnlockingUser-0_com.android.server.pm.StagingManager$Lifecycle took to complete: 0ms
08-22 17:42:05.897 I/SystemServerTimingAsync( 1164): ssm.onUnlockingUser-0_com.android.server.app.GameManagerService$Lifecycle
08-22 17:42:05.897 D/SystemServerTimingAsync( 1164): ssm.onUnlockingUser-0_com.android.server.app.GameManagerService$Lifecycle took to complete: 0ms
08-22 17:42:05.897 I/SystemServerTimingAsync( 1164): ssm.onUnlockingUser-0_com.android.server.appsearch.AppSearchManagerService
08-22 17:42:05.897 D/SystemServerTimingAsync( 1164): ssm.onUnlockingUser-0_com.android.server.appsearch.AppSearchManagerService took to complete: 1ms
08-22 17:42:05.897 I/SystemServerTimingAsync( 1164): ssm.onUnlockingUser-0_com.android.server.media.MediaCommunicationService
08-22 17:42:05.897 D/SystemServerTimingAsync( 1164): ssm.onUnlockingUser-0_com.android.server.media.MediaCommunicationService took to complete: 0ms
08-22 17:42:05.897 D/SystemServerTimingAsync( 1164): ssm.UnlockingUser-0 took to complete: 65ms
08-22 17:42:05.897 W/ActivityManager( 1164): UserLifecycleEvent 5 received without an active userJourneySession.
08-22 17:42:05.897 W/ActivityManager( 1164): UserLifecycleEvent 6 received without an active userJourneySession.
08-22 17:42:05.897 I/BackupManagerService( 1164): Starting service for user: 0
08-22 17:42:05.897 I/ActivityManager( 1164): User 0 state changed from RUNNING_UNLOCKING to RUNNING_UNLOCKED
08-22 17:42:05.898 I/ActivityTaskManager( 1164): Loading recents for user 0 into memory.
08-22 17:42:05.898 I/UsageStatsDatabase( 1164): Upgrading from version 0 to 5
08-22 17:42:05.898 E/TaskPersister( 1164): restoreTasksForUserLocked: Unable to list files from /data/system_ce/0/recent_tasks
08-22 17:42:05.898 D/AutofillUI( 1164): destroySaveUiUiThread(): already destroyed
08-22 17:42:05.898 V/BackupManagerService( 1164): [UserID:0] Starting with transport com.android.localtransport/.LocalTransport
08-22 17:42:05.898 I/UsageStatsDatabase( 1164): Deleting all usage stats files
08-22 17:42:05.899 D/BackupManagerService( 1164): [UserID:0] Started thread backup-0
08-22 17:42:05.900 D/SystemServerTiming( 1164): SystemUserUnlock took to complete: 2312ms
08-22 17:42:05.900 V/PackageConfigPersister( 1164): loadPackages: empty list files from /data/system_ce/0/package_configs
08-22 17:42:05.901 D/CompatibilityChangeReporter( 1164): Compat change id reported: 135634846; UID 10068; state: DISABLED
08-22 17:42:05.901 D/CompatibilityChangeReporter( 1164): Compat change id reported: 177438394; UID 10068; state: DISABLED
08-22 17:42:05.901 D/CompatibilityChangeReporter( 1164): Compat change id reported: 135772972; UID 10068; state: DISABLED
08-22 17:42:05.901 D/CompatibilityChangeReporter( 1164): Compat change id reported: 135754954; UID 10068; state: ENABLED
08-22 17:42:05.902 D/CompatibilityChangeReporter( 1164): Compat change id reported: 135634846; UID 10064; state: DISABLED
08-22 17:42:05.902 D/CompatibilityChangeReporter( 1164): Compat change id reported: 177438394; UID 10064; state: DISABLED
08-22 17:42:05.902 D/CompatibilityChangeReporter( 1164): Compat change id reported: 135772972; UID 10064; state: DISABLED
08-22 17:42:05.902 D/CompatibilityChangeReporter( 1164): Compat change id reported: 135754954; UID 10064; state: ENABLED
08-22 17:42:05.903 D/CompatibilityChangeReporter( 1164): Compat change id reported: 135634846; UID 10094; state: DISABLED
08-22 17:42:05.903 D/CompatibilityChangeReporter( 1164): Compat change id reported: 177438394; UID 10094; state: DISABLED
08-22 17:42:05.903 D/CompatibilityChangeReporter( 1164): Compat change id reported: 135772972; UID 10094; state: DISABLED
08-22 17:42:05.904 D/CompatibilityChangeReporter( 1164): Compat change id reported: 135754954; UID 10094; state: DISABLED
08-22 17:42:05.905 D/CompatibilityChangeReporter( 1164): Compat change id reported: 135634846; UID 10115; state: DISABLED
08-22 17:42:05.905 D/CompatibilityChangeReporter( 1164): Compat change id reported: 177438394; UID 10115; state: DISABLED
08-22 17:42:05.905 D/CompatibilityChangeReporter( 1164): Compat change id reported: 135772972; UID 10115; state: DISABLED
08-22 17:42:05.905 D/CompatibilityChangeReporter( 1164): Compat change id reported: 135754954; UID 10115; state: ENABLED
08-22 17:42:05.905 I/UsageStatsService( 1164): User[0] Rollover scheduled @ 2022-08-23 17:42:05(1661276525892)
08-22 17:42:05.906 D/CompatibilityChangeReporter( 1164): Compat change id reported: 135634846; UID 10121; state: DISABLED
08-22 17:42:05.906 D/CompatibilityChangeReporter( 1164): Compat change id reported: 177438394; UID 10121; state: DISABLED
08-22 17:42:05.906 D/CompatibilityChangeReporter( 1164): Compat change id reported: 135772972; UID 10121; state: DISABLED
08-22 17:42:05.906 D/CompatibilityChangeReporter( 1164): Compat change id reported: 135754954; UID 10121; state: ENABLED
08-22 17:42:05.906 D/AppStandbyController( 1164): Initializing defaults for system apps on user 0, appIdleEnabled=false
08-22 17:42:05.908 I/NotificationHistory( 1164): Attempted to unlock gone/disabled user 0
08-22 17:42:05.911 I/ActivityTaskManager( 1164): Config changes=20 {1.0 ?mcc?mnc [zh_CN] ldltr sw680dp w1586dp h608dp 240dpi lrg long hdr land finger -keyb/v/h -nav/h winConfig={ mBounds=Rect(0, 0 - 2380, 1020) mAppBounds=Rect(0, 0 - 2380, 948) mMaxBounds=Rect(0, 0 - 2380, 1020) mWindowingMode=fullscreen mDisplayWindowingMode=fullscreen mActivityType=undefined mAlwaysOnTop=undefined mRotation=ROTATION_0} s.15 fontWeightAdjustment=0}
08-22 17:42:05.914 W/ActivityTaskManager( 1164): Current config: {1.0 ?mcc?mnc [zh_CN] ldltr sw680dp w1586dp h608dp 240dpi lrg long hdr land finger -keyb/h/h -nav/h winConfig={ mBounds=Rect(0, 0 - 2380, 1020) mAppBounds=Rect(0, 0 - 2380, 948) mMaxBounds=Rect(0, 0 - 2380, 1020) mWindowingMode=fullscreen mDisplayWindowingMode=fullscreen mActivityType=undefined mAlwaysOnTop=undefined mRotation=ROTATION_0} s.15 fontWeightAdjustment=0} unchanged for IME proc com.android.inputmethod.latin
08-22 17:42:05.926 I/WindowManager( 1164): Override config changes=20 {1.0 ?mcc?mnc [zh_CN] ldltr sw680dp w1586dp h608dp 240dpi lrg long hdr land finger -keyb/v/h -nav/h winConfig={ mBounds=Rect(0, 0 - 2380, 1020) mAppBounds=Rect(0, 0 - 2380, 948) mMaxBounds=Rect(0, 0 - 2380, 1020) mWindowingMode=fullscreen mDisplayWindowingMode=fullscreen mActivityType=undefined mAlwaysOnTop=undefined mRotation=ROTATION_0} s.15 fontWeightAdjustment=0} for displayId=0
08-22 17:42:05.926 V/ActivityTaskManager( 1164): Sending to IME proc com.android.inputmethod.latin new config {1.0 ?mcc?mnc [zh_CN] ldltr sw680dp w1586dp h608dp 240dpi lrg long hdr land finger -keyb/v/h -nav/h winConfig={ mBounds=Rect(0, 0 - 2380, 1020) mAppBounds=Rect(0, 0 - 2380, 948) mMaxBounds=Rect(0, 0 - 2380, 1020) mWindowingMode=fullscreen mDisplayWindowingMode=fullscreen mActivityType=undefined mAlwaysOnTop=undefined mRotation=ROTATION_0} s.15 fontWeightAdjustment=0}
08-22 17:42:05.931 D/vold ( 565): Waiting for sdcardfs to spin up...
08-22 17:42:05.938 E/BackupPasswordManager( 1164): Unable to read backup pw version
08-22 17:42:05.938 E/BackupPasswordManager( 1164): Unable to read saved backup pw hash
08-22 17:42:05.960 W/sdcard ( 3438): Device explicitly enabled sdcardfs
08-22 17:42:05.977 W/ActivityManager( 1164): Slow operation: 105ms so far, now at startProcess: returned from zygote!
08-22 17:42:05.981 D/vold ( 565): Waiting for sdcardfs to spin up...
08-22 17:42:06.009 I/UsageStatsService( 1164): Time changed in by 1661189752 seconds
08-22 17:42:06.033 I/vold ( 565): Mounting emulated fuse volume
08-22 17:42:06.037 W/Looper ( 1164): Slow dispatch took 130ms android.ui h=com.android.server.policy.PhoneWindowManager$PolicyHandler c=android.database.ContentObserver$$ExternalSyntheticLambda0@4b1e4a7 m=0
08-22 17:42:06.045 D/CompatibilityChangeReporter( 1164): Compat change id reported: 135634846; UID 1000; state: DISABLED
08-22 17:42:06.045 D/CompatibilityChangeReporter( 1164): Compat change id reported: 177438394; UID 1000; state: DISABLED
08-22 17:42:06.045 D/CompatibilityChangeReporter( 1164): Compat change id reported: 135772972; UID 1000; state: DISABLED
08-22 17:42:06.045 D/CompatibilityChangeReporter( 1164): Compat change id reported: 135754954; UID 1000; state: DISABLED
08-22 17:42:06.047 W/Looper ( 1164): Slow dispatch took 137ms main h=android.os.Handler c= m=1
08-22 17:42:06.054 I/UsageStatsService( 1164): User[0] Flushing usage stats to disk
08-22 17:42:06.056 W/ActivityManager( 1164): Slow operation: 184ms so far, now at startProcess: done updating battery stats
08-22 17:42:06.056 W/ActivityManager( 1164): Slow operation: 184ms so far, now at startProcess: building log message
08-22 17:42:06.057 I/ActivityManager( 1164): Start proc 3449:com.qualcomm.qtil.aptxui/u0a122 for broadcast {com.qualcomm.qtil.aptxui/com.qualcomm.qtil.aptxui.aptxuiBootReceiver}
08-22 17:42:06.057 W/ActivityManager( 1164): Slow operation: 184ms so far, now at startProcess: starting to update pids map
08-22 17:42:06.057 I/PreBootBroadcaster( 1164): Pre-boot of {com.android.documentsui/com.android.documentsui.PreBootReceiver} for user 0
08-22 17:42:06.061 W/ActivityManager( 1164): Slow operation: 188ms so far, now at startProcess: done updating pids map
08-22 17:42:06.061 W/ActivityManager( 1164): Slow operation: 161ms so far, now at startProcess: asking zygote to start proc
08-22 17:42:06.061 D/CompatibilityChangeReporter( 1164): Compat change id reported: 143937733; UID 10068; state: ENABLED
08-22 17:42:06.078 W/StorageManagerService( 1164): Reporting emulated;0 unmounted due to system locked
08-22 17:42:06.131 I/vold ( 565): Bind mounting /mnt/runtime/full/emulated to /mnt/pass_through/0/emulated
08-22 17:42:06.132 D/CompatibilityChangeReporter( 1164): Compat change id reported: 168419799; UID 10107; state: DISABLED
08-22 17:42:06.136 I/StorageSessionController( 1164): On volume mount VolumeInfo{emulated;0}:
08-22 17:42:06.136 I/StorageSessionController( 1164): type=EMULATED diskId=null partGuid= mountFlags=PRIMARY|VISIBLE
08-22 17:42:06.136 I/StorageSessionController( 1164): mountUserId=0 state=CHECKING
08-22 17:42:06.136 I/StorageSessionController( 1164): fsType=null fsUuid=null fsLabel=null
08-22 17:42:06.136 I/StorageSessionController( 1164): path=/storage/emulated internalPath=/data/media
08-22 17:42:06.139 W/Looper ( 1164): Slow delivery took 231ms main h=android.os.Handler c=android.database.ContentObserver$$ExternalSyntheticLambda0@876774c m=0
08-22 17:42:06.152 I/StorageSessionController( 1164): Creating connection for user: 0
08-22 17:42:06.153 I/StorageSessionController( 1164): Creating and starting session with id: emulated;0
08-22 17:42:06.154 D/CompatibilityChangeReporter( 1164): Compat change id reported: 135754954; UID 1000; state: ENABLED
08-22 17:42:06.154 I/StorageUserConnection( 1164): Binding to the ExternalStorageService for user 0
08-22 17:42:06.164 W/ActivityManager( 1164): Slow operation: 264ms so far, now at startProcess: returned from zygote!
08-22 17:42:06.165 V/BackupManagerService( 1164): [UserID:0] No ancestral data
08-22 17:42:06.174 I/ActivityTaskManager( 1164): START u0 {act=android.intent.action.MAIN cat=[android.intent.category.HOME] flg=0x10000100 cmp=com.android.provision/.DefaultActivity (has extras)} from uid 0
08-22 17:42:06.183 D/CompatibilityChangeReporter( 1164): Compat change id reported: 184838306; UID 10100; state: DISABLED
08-22 17:42:06.188 D/CompatibilityChangeReporter( 1164): Compat change id reported: 185004937; UID 10100; state: DISABLED
08-22 17:42:06.189 D/CompatibilityChangeReporter( 1164): Compat change id reported: 181136395; UID 10100; state: DISABLED
08-22 17:42:06.191 D/CompatibilityChangeReporter( 1164): Compat change id reported: 174042936; UID 10100; state: DISABLED
08-22 17:42:06.192 D/CompatibilityChangeReporter( 1164): Compat change id reported: 174042980; UID 10100; state: DISABLED
08-22 17:42:06.199 V/BackupManagerConstants( 1164): getKeyValueBackupIntervalMilliseconds(...) returns 14400000
08-22 17:42:06.200 V/BackupManagerConstants( 1164): getKeyValueBackupFuzzMilliseconds(...) returns 600000
08-22 17:42:06.200 V/BackupManagerConstants( 1164): getKeyValueBackupRequiredNetworkType(...) returns 1
08-22 17:42:06.200 V/BackupManagerConstants( 1164): getKeyValueBackupRequireCharging(...) returns true
08-22 17:42:06.200 V/KeyValueBackupJob( 1164): Scheduling k/v pass in 247 minutes
08-22 17:42:06.212 D/CompatibilityChangeReporter( 1164): Compat change id reported: 168419799; UID 10100; state: DISABLED
08-22 17:42:06.237 W/ActivityManager( 1164): Slow operation: 63ms so far, now at startProcess: done creating new process record
08-22 17:42:06.237 W/ActivityManager( 1164): Slow operation: 63ms so far, now at startProcess: stepping in to startProcess
08-22 17:42:06.239 D/CompatibilityChangeReporter( 1164): Compat change id reported: 135634846; UID 10102; state: DISABLED
08-22 17:42:06.239 D/CompatibilityChangeReporter( 1164): Compat change id reported: 177438394; UID 10102; state: DISABLED
08-22 17:42:06.239 D/CompatibilityChangeReporter( 1164): Compat change id reported: 135772972; UID 10102; state: DISABLED
08-22 17:42:06.239 D/CompatibilityChangeReporter( 1164): Compat change id reported: 135754954; UID 10102; state: ENABLED
08-22 17:42:06.240 W/ActivityManager( 1164): Slow operation: 65ms so far, now at startProcess: done starting proc!
08-22 17:42:06.252 D/CompatibilityChangeReporter( 1164): Compat change id reported: 168419799; UID 10122; state: DISABLED
08-22 17:42:06.269 W/ActivityManager( 1164): Slow operation: 369ms so far, now at startProcess: done updating battery stats
08-22 17:42:06.269 W/ActivityManager( 1164): Slow operation: 369ms so far, now at startProcess: building log message
08-22 17:42:06.269 I/ActivityManager( 1164): Start proc 3473:ts.car.uart/u0a68 for added application ts.car.uart
08-22 17:42:06.269 W/ActivityManager( 1164): Slow operation: 369ms so far, now at startProcess: starting to update pids map
08-22 17:42:06.269 W/ActivityManager( 1164): Slow operation: 369ms so far, now at startProcess: done updating pids map
08-22 17:42:06.270 W/ActivityManager( 1164): Slow operation: 368ms so far, now at startProcess: asking zygote to start proc
08-22 17:42:06.270 D/CompatibilityChangeReporter( 1164): Compat change id reported: 143937733; UID 10064; state: ENABLED
08-22 17:42:06.274 W/Looper ( 1164): Slow dispatch took 134ms main h=android.os.Handler c=android.database.ContentObserver$$ExternalSyntheticLambda0@6e6236a m=0
08-22 17:42:06.280 D/CompatibilityChangeReporter( 1164): Compat change id reported: 168419799; UID 10068; state: DISABLED
08-22 17:42:06.296 D/CompatibilityChangeReporter( 1164): Compat change id reported: 135634846; UID 10100; state: DISABLED
08-22 17:42:06.296 D/CompatibilityChangeReporter( 1164): Compat change id reported: 177438394; UID 10100; state: DISABLED
08-22 17:42:06.296 D/CompatibilityChangeReporter( 1164): Compat change id reported: 135772972; UID 10100; state: DISABLED
08-22 17:42:06.296 D/CompatibilityChangeReporter( 1164): Compat change id reported: 135754954; UID 10100; state: ENABLED
08-22 17:42:06.311 D/CompatibilityChangeReporter( 1164): Compat change id reported: 135634846; UID 10128; state: DISABLED
08-22 17:42:06.312 D/CompatibilityChangeReporter( 1164): Compat change id reported: 177438394; UID 10128; state: DISABLED
08-22 17:42:06.312 D/CompatibilityChangeReporter( 1164): Compat change id reported: 135772972; UID 10128; state: DISABLED
08-22 17:42:06.312 D/CompatibilityChangeReporter( 1164): Compat change id reported: 135754954; UID 10128; state: ENABLED
08-22 17:42:06.314 V/NotificationAssistants( 1164): disabling notification assistant for user 0: ComponentInfo{android.ext.services/android.ext.services.notification.Assistant}
08-22 17:42:06.314 D/NotificationListeners( 1164): Removing active service ComponentInfo{android.ext.services/android.ext.services.notification.Assistant}
08-22 17:42:06.317 I/StorageUserConnection( 1164): Bound to the ExternalStorageService for user 0
08-22 17:42:06.327 V/NotificationAssistants( 1164): enabling notification assistant for 0: ComponentInfo{android.ext.services/android.ext.services.notification.Assistant}
08-22 17:42:06.328 V/NotificationAssistants( 1164): binding: Intent { act=android.service.notification.NotificationAssistantService cmp=android.ext.services/.notification.Assistant (has extras) }
08-22 17:42:06.356 D/CompatibilityChangeReporter( 1164): Compat change id reported: 168419799; UID 10129; state: DISABLED
08-22 17:42:06.365 D/CompatibilityChangeReporter( 1164): Compat change id reported: 157233955; UID 10092; state: DISABLED
