01-01 01:07:30.751 I/[irq][0x10e86988c4][18:43:22.997641] wlan( 0): [0:I:HIF] wake interrupt received on irq 425
01-01 01:07:30.760 I/[irq][0x10e86c571c][18:43:23.007217] wlan( 0): [0:I:HIF] Runtime PM resume is requested by hif_wake_interrupt_handler [wlan]
01-01 01:07:30.773 D/cnss ( 0): Runtime resume start
01-01 01:07:30.777 D/cnss ( 0): Resuming PCI link
01-01 01:07:30.782 D/cnss ( 0): Set PCI link status to: 2
01-01 01:07:30.787 D/cnss ( 0): Setting MHI state: RESUME(7)
01-01 01:07:30.794 I/[kworke][0x10e8766333][18:43:23.041513] wlan( 0): [30248:I:PMO] pmo_core_psoc_send_host_wakeup_ind_to_fw: 1225: Host wakeup indication sent to fw
01-01 01:07:30.809 F/[soft_i][0x10e87a80c7][18:43:23.055562] wlan( 0): [0:F:WMA] WLAN triggered wakeup: BPF_ALLOW (39), vdev: 0 (STA)
01-01 01:07:30.820 F/[soft_i][0x10e87deaef][18:43:23.067216] wlan( 0): [0:F:WMA] WLAN wake reason counters:
01-01 01:07:30.821 D/cnss ( 0): Runtime resume status: 0
01-01 01:07:30.829 F/[soft_i][0x10e8808427][18:43:23.076085] wlan( 0): [0:F:WMA] uc:4 bc:0 v4_mc:0 v6_mc:0 ra:0 ns:0 na:0 icmp:0 icmpv6:0
01-01 01:07:30.829 F/[soft_i][0x10e8808523][18:43:23.076098] wlan( 0): [0:F:WMA] assoc:0 disassoc:0 assoc_resp:0 reassoc:0 reassoc_resp:0 auth:0 deauth:0 action:0
01-01 01:07:30.829 F/[soft_i][0x10e880860d][18:43:23.076111] wlan( 0): [0:F:WMA] pno_match:0 pno_complete:0 gscan:0 low_rssi:0 rssi_breach:0 oem:0 scan_11d:0
01-01 01:07:30.829 I/[soft_i][0x10e8808a34][18:43:23.076166] wlan( 0): [0:I:WMA] wma_wow_parse_data_pkt: 2172: Src_mac: 72:c3:54:69:df:0f, Dst_mac: de:80:07:da:d9:6c
01-01 01:07:30.835 D/cnss ( 0): Runtime idle
01-01 01:07:30.845 I/[soft_i][0x10e88525f5][18:43:23.091895] wlan( 0): [0:I:WMA] WOW Wakeup: IPV4 TCP Packet rcvd
01-01 01:07:30.845 I/[soft_i][0x10e8852697][18:43:23.091904] wlan( 0): [0:I:WMA] Pkt_len: 60, src_port: 51371, dst_port: 12600
01-01 01:07:30.845 F/[soft_i][0x10e885273e][18:43:23.091912] wlan( 0): [0:F:WMA] WLAN wake reason counters:
01-01 01:07:30.845 F/[soft_i][0x10e8852790][18:43:23.091917] wlan( 0): [0:F:WMA] uc:5 bc:0 v4_mc:0 v6_mc:0 ra:0 ns:0 na:0 icmp:0 icmpv6:0
01-01 01:07:30.845 F/[soft_i][0x10e88527e0][18:43:23.091921] wlan( 0): [0:F:WMA] assoc:0 disassoc:0 assoc_resp:0 reassoc:0 reassoc_resp:0 auth:0 deauth:0 action:0
01-01 01:07:30.845 F/[soft_i][0x10e8852831][18:43:23.091925] wlan( 0): [0:F:WMA] pno_match:0 pno_complete:0 gscan:0 low_rssi:0 rssi_breach:0 oem:0 scan_11d:0
08-22 18:43:23.333 I/PowerManagerService( 1164): Powering on display group fromDozing (groupId=0, uid=1000, reason=WAKE_REASON_POWER_BUTTON, details=android.policy:POWER)...
08-22 18:43:23.333 I/PowerManagerService( 1164): Waking up from Dozing (uid=1000, reason=WAKE_REASON_POWER_BUTTON, details=android.policy:POWER)...
08-22 18:43:23.339 I/DisplayPowerController[0]( 1164): Blocking screen on until initial contents have been drawn.
08-22 18:43:23.341 V/DisplayPowerController[0]( 1164): Brightness [0.39763778] reason changing to: 'manual', previous reason: 'screen_off'.
08-22 18:43:23.346 I/DisplayDeviceRepository( 1164): Display device changed state: "内置å±å¹•", ON
08-22 18:43:23.351 I/WindowManager( 1164): Suppressed redundant power key press while already in the process of turning the screen on.
01-01 01:07:31.105 E/ ( 0): [MAX975X:max96755x_drm_notifier_callback] *ERROR* receives EARLY_BLANK:UNBLANK
01-01 01:07:31.114 I/[drm:dsi_display_set_mode] [msm-dsi-info]( 0): mdp_transfer_time_us=0 us
01-01 01:07:31.122 I/[drm:dsi_display_set_mode] [msm-dsi-info]( 0): hactive= 2380,vactive= 1020,fps=60
08-22 18:43:23.375 E/KernelCpuSpeedReader( 1164): Failed to read cpu-freq: /sys/devices/system/cpu/cpu4/cpufreq/stats/time_in_state: open failed: ENOENT (No such file or directory)
08-22 18:43:23.376 E/KernelCpuSpeedReader( 1164): Failed to read cpu-freq: /sys/devices/system/cpu/cpu0/cpufreq/stats/time_in_state: open failed: ENOENT (No such file or directory)
01-01 01:07:31.130 I/[drm:dsi_ctrl_isr_configure] [msm-dsi-info]( 0): dsi-ctrl-0: IRQ 463 registered
01-01 01:07:31.195 E/ ( 0): [MAX975X:max96755x_drm_notifier_callback] *ERROR* receives BLANK:UNBLANK
08-22 18:43:23.417 D/ActivityTaskManager( 1164): Top Process State changed to PROCESS_STATE_TOP
08-22 18:43:23.498 I/DisplayPowerController[0]( 1164): Unblocked screen on after 159 ms
08-22 18:43:23.501 E/DisplayDeviceConfig( 1164): requesting nits when no mapping exists.
08-22 18:43:23.501 I/DreamManagerService( 1164): Gently waking up from dream.
08-22 18:43:23.501 I/DreamManagerService( 1164): Performing gentle wake from dream.
08-22 18:43:23.501 E/DisplayDeviceConfig( 1164): requesting nits when no mapping exists.
08-22 18:43:23.503 I/DropBoxManagerService( 1164): add tag=system_server_wtf isTagEnabled=true flags=0x2
08-22 18:43:23.514 I/DropBoxManagerService( 1164): add tag=system_server_wtf isTagEnabled=true flags=0x2
08-22 18:43:23.528 I/DreamManagerService( 1164): Leaving dreamland.
08-22 18:43:23.528 I/DreamManagerService( 1164): Performing gentle wake from dream.
08-22 18:43:23.528 I/DreamController( 1164): Stopping dream: name=ComponentInfo{com.android.systemui/com.android.systemui.doze.DozeService}, isTest=false, canDoze=true, userId=0, reason='finished self'(from 'requested stopDream')
01-01 01:07:31.496 D/ ( 0): mv2112_read_status
01-01 01:07:31.502 D/mv2112_update_link( 0): 3.0x901(1G): 0x80
01-01 01:07:31.524 D/mv2112_update_link( 0): 3.0x8109(100M): 0x0
01-01 01:07:31.530 D/mv2112_update_link( 0): link 0x0
01-01 01:07:31.534 D/mv2112_read_status( 0): autoneg is disabled
01-01 01:07:32.034 I/init ( 0): starting service 'qvrd_vndr'...
01-01 01:07:32.041 I/init ( 0): Created socket '/dev/socket/qvrservice_vndr', mode 660, user 1000, group 1000
01-01 01:07:32.052 I/init ( 0): Created socket '/dev/socket/qvrservice_vndr_camera', mode 660, user 1000, group 1000
01-01 01:07:32.073 I/init ( 0): starting service 'sxrd'...
01-01 01:07:32.088 I/init ( 0): starting service 'vendor.light-hal-2-0'...
01-01 01:07:32.106 I/init ( 0): Service 'qvrd_vndr' (pid 28988) exited with status 1
01-01 01:07:32.112 I/init ( 0): Sending signal 9 to service 'qvrd_vndr' (pid 28988) process group...
01-01 01:07:32.121 I/libprocessgroup( 0): Successfully killed process cgroup uid 1000 pid 28988 in 0ms
01-01 01:07:32.131 I/init ( 0): Service 'sxrd' (pid 28994) exited with status 1
01-01 01:07:32.137 I/init ( 0): Sending signal 9 to service 'sxrd' (pid 28994) process group...
08-22 18:43:24.351 F/linker (28988): CANNOT LINK EXECUTABLE "/vendor/bin/hw/qvrservice": library "vendor.qti.hardware.qxr-V1-ndk_platform.so" not found: needed by /vendor/lib64/libqvrservice.so in namespace (default)
08-22 18:43:24.352 F/linker (28994): CANNOT LINK EXECUTABLE "/vendor/bin/hw/sxrservice": library "vendor.qti.hardware.qxr-V1-ndk_platform.so" not found: needed by main executable
01-01 01:07:32.552 D/ ( 0): mv2112_read_status
01-01 01:07:32.556 D/mv2112_update_link( 0): 3.0x901(1G): 0x80
01-01 01:07:32.561 D/mv2112_update_link( 0): 3.0x8109(100M): 0x0
01-01 01:07:32.566 D/mv2112_update_link( 0): link 0x0
01-01 01:07:32.571 D/mv2112_read_status( 0): autoneg is disabled
01-01 01:07:33.580 D/ ( 0): mv2112_read_status
01-01 01:07:33.584 D/mv2112_update_link( 0): 3.0x901(1G): 0x80
01-01 01:07:33.591 D/mv2112_update_link( 0): 3.0x8109(100M): 0x0
01-01 01:07:33.596 D/mv2112_update_link( 0): link 0x0
01-01 01:07:33.601 D/mv2112_read_status( 0): autoneg is disabled
01-01 01:07:34.286 D/cnss ( 0): Host time = 3785760100 us, device time = 1815965020 us, offset = 1969795080 us
01-01 01:07:34.296 D/cnss ( 0): Updated time sync regs [0x984] = 0x7568b008, [0x988] = 0x0
08-22 18:43:26.671 D/AutofillManagerService( 1164): onBackKeyPressed()
01-01 01:07:34.632 D/ ( 0): mv2112_read_status
01-01 01:07:34.636 D/mv2112_update_link( 0): 3.0x901(1G): 0x80
01-01 01:07:34.653 D/mv2112_update_link( 0): 3.0x8109(100M): 0x0
01-01 01:07:34.669 D/mv2112_update_link( 0): link 0x0
01-01 01:07:34.675 D/mv2112_read_status( 0): autoneg is disabled
08-22 18:43:27.215 W/ActivityTaskManager( 1164): Can't find TaskDisplayArea to determine support for multi window. Task id=53 attached=false
08-22 18:43:27.215 W/ActivityTaskManager( 1164): Can't find TaskDisplayArea to determine support for multi window. Task id=53 attached=false
01-01 01:07:35.688 D/ ( 0): mv2112_read_status
01-01 01:07:35.692 D/mv2112_update_link( 0): 3.0x901(1G): 0x80
01-01 01:07:35.699 D/mv2112_update_link( 0): 3.0x8109(100M): 0x0
01-01 01:07:35.704 D/mv2112_update_link( 0): link 0x0
01-01 01:07:35.708 D/mv2112_read_status( 0): autoneg is disabled
01-01 01:07:36.712 D/ ( 0): mv2112_read_status
01-01 01:07:36.716 D/mv2112_update_link( 0): 3.0x901(1G): 0x80
01-01 01:07:36.722 D/mv2112_update_link( 0): 3.0x8109(100M): 0x0
01-01 01:07:36.727 D/mv2112_update_link( 0): link 0x0
01-01 01:07:36.733 D/mv2112_read_status( 0): autoneg is disabled
01-01 01:07:37.072 I/init ( 0): starting service 'qvrd_vndr'...
01-01 01:07:37.079 I/init ( 0): Created socket '/dev/socket/qvrservice_vndr', mode 660, user 1000, group 1000
01-01 01:07:37.089 I/init ( 0): Created socket '/dev/socket/qvrservice_vndr_camera', mode 660, user 1000, group 1000
01-01 01:07:37.111 I/init ( 0): starting service 'sxrd'...
01-01 01:07:37.128 I/init ( 0): starting service 'vendor.light-hal-2-0'...
01-01 01:07:37.142 I/init ( 0): Service 'sxrd' (pid 30540) exited with status 1
01-01 01:07:37.148 I/init ( 0): Sending signal 9 to service 'sxrd' (pid 30540) process group...
01-01 01:07:37.156 I/libprocessgroup( 0): Successfully killed process cgroup uid 1000 pid 30540 in 0ms
01-01 01:07:37.166 I/init ( 0): Service 'qvrd_vndr' (pid 30538) exited with status 1
01-01 01:07:37.172 I/init ( 0): Sending signal 9 to service 'qvrd_vndr' (pid 30538) process group...
08-22 18:43:29.381 F/linker (30540): CANNOT LINK EXECUTABLE "/vendor/bin/hw/sxrservice": library "vendor.qti.hardware.qxr-V1-ndk_platform.so" not found: needed by main executable
08-22 18:43:29.391 F/linker (30538): CANNOT LINK EXECUTABLE "/vendor/bin/hw/qvrservice": library "vendor.qti.hardware.qxr-V1-ndk_platform.so" not found: needed by /vendor/lib64/libqvrservice.so in namespace (default)
01-01 01:07:37.736 D/ ( 0): mv2112_read_status
01-01 01:07:37.740 D/mv2112_update_link( 0): 3.0x901(1G): 0x80
01-01 01:07:37.746 D/mv2112_update_link( 0): 3.0x8109(100M): 0x0
01-01 01:07:37.751 D/mv2112_update_link( 0): link 0x0
01-01 01:07:37.756 D/mv2112_read_status( 0): autoneg is disabled
08-22 18:43:30.232 E/TaskPersister( 1164): File error accessing recents directory (directory doesn't exist?).
01-01 01:07:38.760 D/ ( 0): mv2112_read_status
01-01 01:07:38.764 D/mv2112_update_link( 0): 3.0x901(1G): 0x80
01-01 01:07:38.771 D/mv2112_update_link( 0): 3.0x8109(100M): 0x0
01-01 01:07:38.777 D/mv2112_update_link( 0): link 0x0
01-01 01:07:38.781 D/mv2112_read_status( 0): autoneg is disabled
01-01 01:07:39.784 D/ ( 0): mv2112_read_status
01-01 01:07:39.788 D/mv2112_update_link( 0): 3.0x901(1G): 0x80
01-01 01:07:39.793 D/mv2112_update_link( 0): 3.0x8109(100M): 0x0
01-01 01:07:39.798 D/mv2112_update_link( 0): link 0x0
01-01 01:07:39.802 D/mv2112_read_status( 0): autoneg is disabled
01-01 01:07:40.808 D/ ( 0): mv2112_read_status
01-01 01:07:40.812 D/mv2112_update_link( 0): 3.0x901(1G): 0x80
01-01 01:07:40.821 D/mv2112_update_link( 0): 3.0x8109(100M): 0x0
01-01 01:07:40.826 D/mv2112_update_link( 0): link 0x0
01-01 01:07:40.832 D/mv2112_read_status( 0): autoneg is disabled
01-01 01:07:41.202 I/qcom_rpmh DRV( 0): apps_rsc TCS Busy, retrying RPMH message send: addr=0x40d00
01-01 01:07:41.870 D/ ( 0): mv2112_read_status
01-01 01:07:41.876 D/mv2112_update_link( 0): 3.0x901(1G): 0x80
01-01 01:07:41.882 D/mv2112_update_link( 0): 3.0x8109(100M): 0x0
01-01 01:07:41.887 D/mv2112_update_link( 0): link 0x0
01-01 01:07:41.892 D/mv2112_read_status( 0): autoneg is disabled
01-01 01:07:42.110 I/init ( 0): starting service 'qvrd_vndr'...
01-01 01:07:42.117 I/init ( 0): Created socket '/dev/socket/qvrservice_vndr', mode 660, user 1000, group 1000
01-01 01:07:42.127 I/init ( 0): Created socket '/dev/socket/qvrservice_vndr_camera', mode 660, user 1000, group 1000
01-01 01:07:42.149 I/init ( 0): starting service 'sxrd'...
01-01 01:07:42.164 I/init ( 0): starting service 'vendor.light-hal-2-0'...
01-01 01:07:42.182 I/init ( 0): Service 'sxrd' (pid 32218) exited with status 1
01-01 01:07:42.188 I/init ( 0): Sending signal 9 to service 'sxrd' (pid 32218) process group...
01-01 01:07:42.196 I/libprocessgroup( 0): Successfully killed process cgroup uid 1000 pid 32218 in 0ms
01-01 01:07:42.206 I/init ( 0): Service 'qvrd_vndr' (pid 32217) exited with status 1
01-01 01:07:42.213 I/init ( 0): Sending signal 9 to service 'qvrd_vndr' (pid 32217) process group...
08-22 18:43:34.427 F/linker (32218): CANNOT LINK EXECUTABLE "/vendor/bin/hw/sxrservice": library "vendor.qti.hardware.qxr-V1-ndk_platform.so" not found: needed by main executable
08-22 18:43:34.436 F/linker (32217): CANNOT LINK EXECUTABLE "/vendor/bin/hw/qvrservice": library "vendor.qti.hardware.qxr-V1-ndk_platform.so" not found: needed by /vendor/lib64/libqvrservice.so in namespace (default)
01-01 01:07:42.924 D/ ( 0): mv2112_read_status
01-01 01:07:42.928 D/mv2112_update_link( 0): 3.0x901(1G): 0x80
01-01 01:07:42.934 D/mv2112_update_link( 0): 3.0x8109(100M): 0x0
01-01 01:07:42.939 D/mv2112_update_link( 0): link 0x0
01-01 01:07:42.944 D/mv2112_read_status( 0): autoneg is disabled
01-01 01:07:43.976 D/ ( 0): mv2112_read_status
01-01 01:07:43.980 D/mv2112_update_link( 0): 3.0x901(1G): 0x80
01-01 01:07:43.985 D/mv2112_update_link( 0): 3.0x8109(100M): 0x0
01-01 01:07:43.991 D/mv2112_update_link( 0): link 0x0
01-01 01:07:43.996 D/mv2112_read_status( 0): autoneg is disabled
01-01 01:07:45.000 D/ ( 0): mv2112_read_status
01-01 01:07:45.004 D/mv2112_update_link( 0): 3.0x901(1G): 0x80
01-01 01:07:45.013 D/mv2112_update_link( 0): 3.0x8109(100M): 0x0
01-01 01:07:45.018 D/mv2112_update_link( 0): link 0x0
01-01 01:07:45.022 D/mv2112_read_status( 0): autoneg is disabled
01-01 01:07:46.024 D/ ( 0): mv2112_read_status
01-01 01:07:46.029 D/mv2112_update_link( 0): 3.0x901(1G): 0x80
01-01 01:07:46.035 D/mv2112_update_link( 0): 3.0x8109(100M): 0x0
01-01 01:07:46.040 D/mv2112_update_link( 0): link 0x0
01-01 01:07:46.044 D/mv2112_read_status( 0): autoneg is disabled
01-01 01:07:47.049 D/ ( 0): mv2112_read_status
01-01 01:07:47.053 D/mv2112_update_link( 0): 3.0x901(1G): 0x80
01-01 01:07:47.058 D/mv2112_update_link( 0): 3.0x8109(100M): 0x0
01-01 01:07:47.063 D/mv2112_update_link( 0): link 0x0
01-01 01:07:47.069 D/mv2112_read_status( 0): autoneg is disabled
01-01 01:07:47.149 I/init ( 0): starting service 'qvrd_vndr'...
01-01 01:07:47.155 I/init ( 0): Created socket '/dev/socket/qvrservice_vndr', mode 660, user 1000, group 1000
01-01 01:07:47.167 I/init ( 0): Created socket '/dev/socket/qvrservice_vndr_camera', mode 660, user 1000, group 1000
01-01 01:07:47.189 I/init ( 0): starting service 'sxrd'...
01-01 01:07:47.203 I/init ( 0): starting service 'vendor.light-hal-2-0'...
01-01 01:07:47.222 I/init ( 0): Service 'sxrd' (pid 2051) exited with status 1
01-01 01:07:47.228 I/init ( 0): Sending signal 9 to service 'sxrd' (pid 2051) process group...
01-01 01:07:47.236 I/libprocessgroup( 0): Successfully killed process cgroup uid 1000 pid 2051 in 0ms
01-01 01:07:47.245 I/init ( 0): Service 'qvrd_vndr' (pid 2049) exited with status 1
01-01 01:07:47.252 I/init ( 0): Sending signal 9 to service 'qvrd_vndr' (pid 2049) process group...
08-22 18:43:39.467 F/linker ( 2051): CANNOT LINK EXECUTABLE "/vendor/bin/hw/sxrservice": library "vendor.qti.hardware.qxr-V1-ndk_platform.so" not found: needed by main executable
08-22 18:43:39.472 F/linker ( 2049): CANNOT LINK EXECUTABLE "/vendor/bin/hw/qvrservice": library "vendor.qti.hardware.qxr-V1-ndk_platform.so" not found: needed by /vendor/lib64/libqvrservice.so in namespace (default)
01-01 01:07:48.072 D/ ( 0): mv2112_read_status
01-01 01:07:48.076 D/mv2112_update_link( 0): 3.0x901(1G): 0x80
01-01 01:07:48.083 D/mv2112_update_link( 0): 3.0x8109(100M): 0x0
01-01 01:07:48.089 D/mv2112_update_link( 0): link 0x0
01-01 01:07:48.094 D/mv2112_read_status( 0): autoneg is disabled
01-01 01:07:49.096 D/ ( 0): mv2112_read_status
01-01 01:07:49.100 D/mv2112_update_link( 0): 3.0x901(1G): 0x80
01-01 01:07:49.106 D/mv2112_update_link( 0): 3.0x8109(100M): 0x0
01-01 01:07:49.111 D/mv2112_update_link( 0): link 0x0
01-01 01:07:49.117 D/mv2112_read_status( 0): autoneg is disabled
01-01 01:07:50.121 D/ ( 0): mv2112_read_status
01-01 01:07:50.124 D/mv2112_update_link( 0): 3.0x901(1G): 0x80
01-01 01:07:50.130 D/mv2112_update_link( 0): 3.0x8109(100M): 0x0
01-01 01:07:50.135 D/mv2112_update_link( 0): link 0x0
01-01 01:07:50.142 D/mv2112_read_status( 0): autoneg is disabled
01-01 01:07:50.838 I/[schedu][0x10ff667890][18:43:43.084891] wlan( 0): [13930:I:OSIF] scan start scan id 41006
01-01 01:07:51.181 D/ ( 0): mv2112_read_status
01-01 01:07:51.185 D/mv2112_update_link( 0): 3.0x901(1G): 0x80
01-01 01:07:51.194 D/mv2112_update_link( 0): 3.0x8109(100M): 0x0
01-01 01:07:51.200 D/mv2112_update_link( 0): link 0x0
01-01 01:07:51.204 D/mv2112_read_status( 0): autoneg is disabled
01-01 01:07:52.190 I/init ( 0): starting service 'qvrd_vndr'...
01-01 01:07:52.197 I/init ( 0): Created socket '/dev/socket/qvrservice_vndr', mode 660, user 1000, group 1000
01-01 01:07:52.207 I/init ( 0): Created socket '/dev/socket/qvrservice_vndr_camera', mode 660, user 1000, group 1000
01-01 01:07:52.219 I/[schedu][0x1100fafd8d][18:43:44.465650] wlan( 0): [13930:I:OSIF] vdev 0, scan id 41006 type COMPLETED(1) reason COMPLETED(1) scan found 84 bss
01-01 01:07:52.228 I/init ( 0): starting service 'sxrd'...
01-01 01:07:52.232 D/ ( 0): mv2112_read_status
01-01 01:07:52.233 D/mv2112_update_link( 0): 3.0x901(1G): 0x80
01-01 01:07:52.245 I/init ( 0): starting service 'vendor.light-hal-2-0'...
01-01 01:07:52.257 D/mv2112_update_link( 0): 3.0x8109(100M): 0x0
01-01 01:07:52.259 I/init ( 0): Service 'qvrd_vndr' (pid 4202) exited with status 1
01-01 01:07:52.262 D/mv2112_update_link( 0): link 0x0
01-01 01:07:52.269 I/init ( 0): Sending signal 9 to service 'qvrd_vndr' (pid 4202) process group...
01-01 01:07:52.273 D/mv2112_read_status( 0): autoneg is disabled
01-01 01:07:52.281 I/libprocessgroup( 0): Successfully killed process cgroup uid 1000 pid 4202 in 0ms
01-01 01:07:52.295 I/init ( 0): Service 'sxrd' (pid 4203) exited with status 1
01-01 01:07:52.302 I/init ( 0): Sending signal 9 to service 'sxrd' (pid 4203) process group...
08-22 18:43:44.501 F/linker ( 4202): CANNOT LINK EXECUTABLE "/vendor/bin/hw/qvrservice": library "vendor.qti.hardware.qxr-V1-ndk_platform.so" not found: needed by /vendor/lib64/libqvrservice.so in namespace (default)
08-22 18:43:44.520 F/linker ( 4203): CANNOT LINK EXECUTABLE "/vendor/bin/hw/sxrservice": library "vendor.qti.hardware.qxr-V1-ndk_platform.so" not found: needed by main executable
01-01 01:07:53.288 D/ ( 0): mv2112_read_status
01-01 01:07:53.292 D/mv2112_update_link( 0): 3.0x901(1G): 0x80
01-01 01:07:53.298 D/mv2112_update_link( 0): 3.0x8109(100M): 0x0
01-01 01:07:53.303 D/mv2112_update_link( 0): link 0x0
01-01 01:07:53.307 D/mv2112_read_status( 0): autoneg is disabled
01-01 01:07:54.348 D/ ( 0): mv2112_read_status
01-01 01:07:54.352 D/mv2112_update_link( 0): 3.0x901(1G): 0x80
01-01 01:07:54.357 D/mv2112_update_link( 0): 3.0x8109(100M): 0x0
01-01 01:07:54.363 D/mv2112_update_link( 0): link 0x0
01-01 01:07:54.367 D/mv2112_read_status( 0): autoneg is disabled
01-01 01:07:55.400 D/ ( 0): mv2112_read_status
01-01 01:07:55.404 D/mv2112_update_link( 0): 3.0x901(1G): 0x80
01-01 01:07:55.411 D/mv2112_update_link( 0): 3.0x8109(100M): 0x0
01-01 01:07:55.420 D/mv2112_update_link( 0): link 0x0
01-01 01:07:55.424 D/mv2112_read_status( 0): autoneg is disabled
01-01 01:07:56.457 D/ ( 0): mv2112_read_status
01-01 01:07:56.461 D/mv2112_update_link( 0): 3.0x901(1G): 0x80
01-01 01:07:56.466 D/mv2112_update_link( 0): 3.0x8109(100M): 0x0
01-01 01:07:56.472 D/mv2112_update_link( 0): link 0x0
01-01 01:07:56.479 D/mv2112_read_status( 0): autoneg is disabled
01-01 01:07:57.229 I/init ( 0): starting service 'qvrd_vndr'...
01-01 01:07:57.234 I/init ( 0): Created socket '/dev/socket/qvrservice_vndr', mode 660, user 1000, group 1000
01-01 01:07:57.244 I/init ( 0): Created socket '/dev/socket/qvrservice_vndr_camera', mode 660, user 1000, group 1000
01-01 01:07:57.263 I/init ( 0): starting service 'sxrd'...
01-01 01:07:57.276 I/init ( 0): starting service 'vendor.light-hal-2-0'...
01-01 01:07:57.291 I/init ( 0): Service 'sxrd' (pid 5851) exited with status 1
01-01 01:07:57.298 I/init ( 0): Sending signal 9 to service 'sxrd' (pid 5851) process group...
01-01 01:07:57.305 I/libprocessgroup( 0): Successfully killed process cgroup uid 1000 pid 5851 in 0ms
01-01 01:07:57.315 I/init ( 0): Service 'qvrd_vndr' (pid 5850) exited with status 1
01-01 01:07:57.322 I/init ( 0): Sending signal 9 to service 'qvrd_vndr' (pid 5850) process group...
08-22 18:43:49.535 F/linker ( 5851): CANNOT LINK EXECUTABLE "/vendor/bin/hw/sxrservice": library "vendor.qti.hardware.qxr-V1-ndk_platform.so" not found: needed by main executable
08-22 18:43:49.548 F/linker ( 5850): CANNOT LINK EXECUTABLE "/vendor/bin/hw/qvrservice": library "vendor.qti.hardware.qxr-V1-ndk_platform.so" not found: needed by /vendor/lib64/libqvrservice.so in namespace (default)
01-01 01:07:57.480 D/ ( 0): mv2112_read_status
01-01 01:07:57.484 D/mv2112_update_link( 0): 3.0x901(1G): 0x80
01-01 01:07:57.491 D/mv2112_update_link( 0): 3.0x8109(100M): 0x0
01-01 01:07:57.497 D/mv2112_update_link( 0): link 0x0
01-01 01:07:57.501 D/mv2112_read_status( 0): autoneg is disabled
01-01 01:07:58.504 D/ ( 0): mv2112_read_status
01-01 01:07:58.508 D/mv2112_update_link( 0): 3.0x901(1G): 0x80
01-01 01:07:58.513 D/mv2112_update_link( 0): 3.0x8109(100M): 0x0
01-01 01:07:58.518 D/mv2112_update_link( 0): link 0x0
01-01 01:07:58.522 D/mv2112_read_status( 0): autoneg is disabled
01-01 01:07:59.528 D/ ( 0): mv2112_read_status
01-01 01:07:59.532 D/mv2112_update_link( 0): 3.0x901(1G): 0x80
01-01 01:07:59.539 D/mv2112_update_link( 0): 3.0x8109(100M): 0x0
01-01 01:07:59.545 D/mv2112_update_link( 0): link 0x0
01-01 01:07:59.553 D/mv2112_read_status( 0): autoneg is disabled
01-01 01:08:00.584 D/ ( 0): mv2112_read_status
01-01 01:08:00.588 D/mv2112_update_link( 0): 3.0x901(1G): 0x80
01-01 01:08:00.593 D/mv2112_update_link( 0): 3.0x8109(100M): 0x0
01-01 01:08:00.598 D/mv2112_update_link( 0): link 0x0
01-01 01:08:00.603 D/mv2112_read_status( 0): autoneg is disabled
01-01 01:08:01.609 D/ ( 0): mv2112_read_status
01-01 01:08:01.612 D/mv2112_update_link( 0): 3.0x901(1G): 0x80
01-01 01:08:01.618 D/mv2112_update_link( 0): 3.0x8109(100M): 0x0
01-01 01:08:01.624 D/mv2112_update_link( 0): link 0x0
01-01 01:08:01.628 D/mv2112_read_status( 0): autoneg is disabled
01-01 01:08:02.264 I/init ( 0): starting service 'qvrd_vndr'...
01-01 01:08:02.269 I/init ( 0): Created socket '/dev/socket/qvrservice_vndr', mode 660, user 1000, group 1000
01-01 01:08:02.279 I/init ( 0): Created socket '/dev/socket/qvrservice_vndr_camera', mode 660, user 1000, group 1000
01-01 01:08:02.298 I/init ( 0): starting service 'sxrd'...
01-01 01:08:02.313 I/init ( 0): starting service 'vendor.light-hal-2-0'...
01-01 01:08:02.327 I/init ( 0): Service 'qvrd_vndr' (pid 7650) exited with status 1
01-01 01:08:02.333 I/init ( 0): Sending signal 9 to service 'qvrd_vndr' (pid 7650) process group...
01-01 01:08:02.342 I/libprocessgroup( 0): Successfully killed process cgroup uid 1000 pid 7650 in 0ms
01-01 01:08:02.351 I/init ( 0): Service 'sxrd' (pid 7660) exited with status 1
01-01 01:08:02.358 I/init ( 0): Sending signal 9 to service 'sxrd' (pid 7660) process group...
08-22 18:43:54.570 F/linker ( 7650): CANNOT LINK EXECUTABLE "/vendor/bin/hw/qvrservice": library "vendor.qti.hardware.qxr-V1-ndk_platform.so" not found: needed by /vendor/lib64/libqvrservice.so in namespace (default)
08-22 18:43:54.570 F/linker ( 7660): CANNOT LINK EXECUTABLE "/vendor/bin/hw/sxrservice": library "vendor.qti.hardware.qxr-V1-ndk_platform.so" not found: needed by main executable
01-01 01:08:02.632 D/ ( 0): mv2112_read_status
01-01 01:08:02.636 D/mv2112_update_link( 0): 3.0x901(1G): 0x80
01-01 01:08:02.643 D/mv2112_update_link( 0): 3.0x8109(100M): 0x0
01-01 01:08:02.648 D/mv2112_update_link( 0): link 0x0
01-01 01:08:02.654 D/mv2112_read_status( 0): autoneg is disabled
01-01 01:08:03.657 D/ ( 0): mv2112_read_status
01-01 01:08:03.660 D/mv2112_update_link( 0): 3.0x901(1G): 0x80
01-01 01:08:03.667 D/mv2112_update_link( 0): 3.0x8109(100M): 0x0
01-01 01:08:03.672 D/mv2112_update_link( 0): link 0x0
01-01 01:08:03.676 D/mv2112_read_status( 0): autoneg is disabled
01-01 01:08:04.680 D/ ( 0): mv2112_read_status
01-01 01:08:04.684 D/mv2112_update_link( 0): 3.0x901(1G): 0x80
01-01 01:08:04.690 D/mv2112_update_link( 0): 3.0x8109(100M): 0x0
01-01 01:08:04.695 D/mv2112_update_link( 0): link 0x0
01-01 01:08:04.700 D/mv2112_read_status( 0): autoneg is disabled
01-01 01:08:05.704 D/ ( 0): mv2112_read_status
01-01 01:08:05.708 D/mv2112_update_link( 0): 3.0x901(1G): 0x80
01-01 01:08:05.717 D/mv2112_update_link( 0): 3.0x8109(100M): 0x0
01-01 01:08:05.722 D/mv2112_update_link( 0): link 0x0
01-01 01:08:05.726 D/mv2112_read_status( 0): autoneg is disabled
01-01 01:08:06.729 D/ ( 0): mv2112_read_status
01-01 01:08:06.732 D/mv2112_update_link( 0): 3.0x901(1G): 0x80
01-01 01:08:06.739 D/mv2112_update_link( 0): 3.0x8109(100M): 0x0
01-01 01:08:06.745 D/mv2112_update_link( 0): link 0x0
01-01 01:08:06.751 D/mv2112_read_status( 0): autoneg is disabled
01-01 01:08:07.300 I/init ( 0): starting service 'qvrd_vndr'...
01-01 01:08:07.305 I/init ( 0): Created socket '/dev/socket/qvrservice_vndr', mode 660, user 1000, group 1000
01-01 01:08:07.315 I/init ( 0): Created socket '/dev/socket/qvrservice_vndr_camera', mode 660, user 1000, group 1000
01-01 01:08:07.335 I/init ( 0): starting service 'sxrd'...
01-01 01:08:07.350 I/init ( 0): starting service 'vendor.light-hal-2-0'...
01-01 01:08:07.365 I/init ( 0): Service 'sxrd' (pid 9519) exited with status 1
01-01 01:08:07.371 I/init ( 0): Sending signal 9 to service 'sxrd' (pid 9519) process group...
01-01 01:08:07.379 I/libprocessgroup( 0): Successfully killed process cgroup uid 1000 pid 9519 in 0ms
01-01 01:08:07.388 I/init ( 0): Service 'qvrd_vndr' (pid 9512) exited with status 1
01-01 01:08:07.395 I/init ( 0): Sending signal 9 to service 'qvrd_vndr' (pid 9512) process group...
08-22 18:43:59.609 F/linker ( 9519): CANNOT LINK EXECUTABLE "/vendor/bin/hw/sxrservice": library "vendor.qti.hardware.qxr-V1-ndk_platform.so" not found: needed by main executable
08-22 18:43:59.613 F/linker ( 9512): CANNOT LINK EXECUTABLE "/vendor/bin/hw/qvrservice": library "vendor.qti.hardware.qxr-V1-ndk_platform.so" not found: needed by /vendor/lib64/libqvrservice.so in namespace (default)
01-01 01:08:07.753 D/ ( 0): mv2112_read_status
01-01 01:08:07.762 D/mv2112_update_link( 0): 3.0x901(1G): 0x80
01-01 01:08:07.769 D/mv2112_update_link( 0): 3.0x8109(100M): 0x0
01-01 01:08:07.786 D/mv2112_update_link( 0): link 0x0
01-01 01:08:07.791 D/mv2112_read_status( 0): autoneg is disabled
01-01 01:08:08.808 D/ ( 0): mv2112_read_status
01-01 01:08:08.812 D/mv2112_update_link( 0): 3.0x901(1G): 0x80
01-01 01:08:08.819 D/mv2112_update_link( 0): 3.0x8109(100M): 0x0
01-01 01:08:08.824 D/mv2112_update_link( 0): link 0x0
01-01 01:08:08.828 D/mv2112_read_status( 0): autoneg is disabled
01-01 01:08:09.832 D/ ( 0): mv2112_read_status
01-01 01:08:09.836 D/mv2112_update_link( 0): 3.0x901(1G): 0x80
01-01 01:08:09.841 D/mv2112_update_link( 0): 3.0x8109(100M): 0x0
01-01 01:08:09.847 D/mv2112_update_link( 0): link 0x0
01-01 01:08:09.851 D/mv2112_read_status( 0): autoneg is disabled
01-01 01:08:10.856 D/ ( 0): mv2112_read_status
01-01 01:08:10.860 D/mv2112_update_link( 0): 3.0x901(1G): 0x80
01-01 01:08:10.866 D/mv2112_update_link( 0): 3.0x8109(100M): 0x0
01-01 01:08:10.871 D/mv2112_update_link( 0): link 0x0
01-01 01:08:10.876 D/mv2112_read_status( 0): autoneg is disabled
01-01 01:08:11.880 D/ ( 0): mv2112_read_status
01-01 01:08:11.886 D/mv2112_update_link( 0): 3.0x901(1G): 0x80
01-01 01:08:11.895 D/mv2112_update_link( 0): 3.0x8109(100M): 0x0
01-01 01:08:11.900 D/mv2112_update_link( 0): link 0x0
01-01 01:08:11.904 D/mv2112_read_status( 0): autoneg is disabled
01-01 01:08:12.337 I/init ( 0): starting service 'qvrd_vndr'...
01-01 01:08:12.344 I/init ( 0): Created socket '/dev/socket/qvrservice_vndr', mode 660, user 1000, group 1000
01-01 01:08:12.353 I/init ( 0): Created socket '/dev/socket/qvrservice_vndr_camera', mode 660, user 1000, group 1000
01-01 01:08:12.376 I/init ( 0): starting service 'sxrd'...
01-01 01:08:12.391 I/init ( 0): starting service 'vendor.light-hal-2-0'...
01-01 01:08:12.408 I/init ( 0): Service 'qvrd_vndr' (pid 11277) exited with status 1
01-01 01:08:12.415 I/init ( 0): Sending signal 9 to service 'qvrd_vndr' (pid 11277) process group...
01-01 01:08:12.423 I/libprocessgroup( 0): Successfully killed process cgroup uid 1000 pid 11277 in 0ms
01-01 01:08:12.434 I/init ( 0): Service 'sxrd' (pid 11282) exited with status 1
01-01 01:08:12.441 I/init ( 0): Sending signal 9 to service 'sxrd' (pid 11282) process group...
08-22 18:44:04.653 F/linker (11277): CANNOT LINK EXECUTABLE "/vendor/bin/hw/qvrservice": library "vendor.qti.hardware.qxr-V1-ndk_platform.so" not found: needed by /vendor/lib64/libqvrservice.so in namespace (default)
08-22 18:44:04.667 F/linker (11282): CANNOT LINK EXECUTABLE "/vendor/bin/hw/sxrservice": library "vendor.qti.hardware.qxr-V1-ndk_platform.so" not found: needed by main executable
01-01 01:08:12.936 D/ ( 0): mv2112_read_status
01-01 01:08:12.940 D/mv2112_update_link( 0): 3.0x901(1G): 0x80
01-01 01:08:12.945 D/mv2112_update_link( 0): 3.0x8109(100M): 0x0
01-01 01:08:12.953 D/mv2112_update_link( 0): link 0x0
01-01 01:08:12.958 D/mv2112_read_status( 0): autoneg is disabled
01-01 01:08:13.960 D/ ( 0): mv2112_read_status
01-01 01:08:13.964 D/mv2112_update_link( 0): 3.0x901(1G): 0x80
01-01 01:08:13.969 D/mv2112_update_link( 0): 3.0x8109(100M): 0x0
01-01 01:08:13.977 D/mv2112_update_link( 0): link 0x0
01-01 01:08:13.981 D/mv2112_read_status( 0): autoneg is disabled
01-01 01:08:14.986 D/ ( 0): mv2112_read_status
01-01 01:08:14.990 D/mv2112_update_link( 0): 3.0x901(1G): 0x80
01-01 01:08:14.996 D/mv2112_update_link( 0): 3.0x8109(100M): 0x0
01-01 01:08:15.001 D/mv2112_update_link( 0): link 0x0
01-01 01:08:15.005 D/mv2112_read_status( 0): autoneg is disabled
01-01 01:08:16.009 D/ ( 0): mv2112_read_status
01-01 01:08:16.014 D/mv2112_update_link( 0): 3.0x901(1G): 0x80
01-01 01:08:16.019 D/mv2112_update_link( 0): 3.0x8109(100M): 0x0
01-01 01:08:16.025 D/mv2112_update_link( 0): link 0x0
01-01 01:08:16.030 D/mv2112_read_status( 0): autoneg is disabled
01-01 01:08:17.064 D/ ( 0): mv2112_read_status
01-01 01:08:17.068 D/mv2112_update_link( 0): 3.0x901(1G): 0x80
01-01 01:08:17.077 D/mv2112_update_link( 0): 3.0x8109(100M): 0x0
01-01 01:08:17.083 D/mv2112_update_link( 0): link 0x0
01-01 01:08:17.087 D/mv2112_read_status( 0): autoneg is disabled
01-01 01:08:17.376 I/init ( 0): starting service 'qvrd_vndr'...
01-01 01:08:17.383 I/init ( 0): Created socket '/dev/socket/qvrservice_vndr', mode 660, user 1000, group 1000
01-01 01:08:17.394 I/init ( 0): Created socket '/dev/socket/qvrservice_vndr_camera', mode 660, user 1000, group 1000
01-01 01:08:17.415 I/init ( 0): starting service 'sxrd'...
01-01 01:08:17.428 I/init ( 0): starting service 'vendor.light-hal-2-0'...
01-01 01:08:17.443 I/init ( 0): Service 'qvrd_vndr' (pid 13161) exited with status 1
01-01 01:08:17.450 I/init ( 0): Sending signal 9 to service 'qvrd_vndr' (pid 13161) process group...
01-01 01:08:17.458 I/libprocessgroup( 0): Successfully killed process cgroup uid 1000 pid 13161 in 0ms
01-01 01:08:17.468 I/init ( 0): Service 'sxrd' (pid 13168) exited with status 1
01-01 01:08:17.475 I/init ( 0): Sending signal 9 to service 'sxrd' (pid 13168) process group...
08-22 18:44:09.674 F/linker (13161): CANNOT LINK EXECUTABLE "/vendor/bin/hw/qvrservice": library "vendor.qti.hardware.qxr-V1-ndk_platform.so" not found: needed by /vendor/lib64/libqvrservice.so in namespace (default)
08-22 18:44:09.712 F/linker (13168): CANNOT LINK EXECUTABLE "/vendor/bin/hw/sxrservice": library "vendor.qti.hardware.qxr-V1-ndk_platform.so" not found: needed by main executable
01-01 01:08:18.121 D/ ( 0): mv2112_read_status
01-01 01:08:18.124 D/mv2112_update_link( 0): 3.0x901(1G): 0x80
01-01 01:08:18.130 D/mv2112_update_link( 0): 3.0x8109(100M): 0x0
01-01 01:08:18.136 D/mv2112_update_link( 0): link 0x0
01-01 01:08:18.140 D/mv2112_read_status( 0): autoneg is disabled
01-01 01:08:19.145 D/ ( 0): mv2112_read_status
01-01 01:08:19.148 D/mv2112_update_link( 0): 3.0x901(1G): 0x80
01-01 01:08:19.153 D/mv2112_update_link( 0): 3.0x8109(100M): 0x0
01-01 01:08:19.159 D/mv2112_update_link( 0): link 0x0
01-01 01:08:19.164 D/mv2112_read_status( 0): autoneg is disabled
01-01 01:08:20.168 D/ ( 0): mv2112_read_status
01-01 01:08:20.172 D/mv2112_update_link( 0): 3.0x901(1G): 0x80
01-01 01:08:20.177 D/mv2112_update_link( 0): 3.0x8109(100M): 0x0
01-01 01:08:20.182 D/mv2112_update_link( 0): link 0x0
01-01 01:08:20.187 D/mv2112_read_status( 0): autoneg is disabled
01-01 01:08:21.192 D/ ( 0): mv2112_read_status
01-01 01:08:21.197 D/mv2112_update_link( 0): 3.0x901(1G): 0x80
01-01 01:08:21.205 D/mv2112_update_link( 0): 3.0x8109(100M): 0x0
01-01 01:08:21.211 D/mv2112_update_link( 0): link 0x0
01-01 01:08:21.216 D/mv2112_read_status( 0): autoneg is disabled
01-01 01:08:22.248 D/ ( 0): mv2112_read_status
01-01 01:08:22.252 D/mv2112_update_link( 0): 3.0x901(1G): 0x80
01-01 01:08:22.259 D/mv2112_update_link( 0): 3.0x8109(100M): 0x0
01-01 01:08:22.265 D/mv2112_update_link( 0): link 0x0
01-01 01:08:22.269 D/mv2112_read_status( 0): autoneg is disabled
01-01 01:08:22.415 I/init ( 0): starting service 'qvrd_vndr'...
01-01 01:08:22.422 I/init ( 0): Created socket '/dev/socket/qvrservice_vndr', mode 660, user 1000, group 1000
01-01 01:08:22.433 I/init ( 0): Created socket '/dev/socket/qvrservice_vndr_camera', mode 660, user 1000, group 1000
01-01 01:08:22.456 I/init ( 0): starting service 'sxrd'...
01-01 01:08:22.471 I/init ( 0): starting service 'vendor.light-hal-2-0'...
01-01 01:08:22.485 I/init ( 0): Service 'qvrd_vndr' (pid 14867) exited with status 1
01-01 01:08:22.492 I/init ( 0): Sending signal 9 to service 'qvrd_vndr' (pid 14867) process group...
01-01 01:08:22.501 I/libprocessgroup( 0): Successfully killed process cgroup uid 1000 pid 14867 in 0ms
01-01 01:08:22.510 I/init ( 0): Service 'sxrd' (pid 14879) exited with status 1
01-01 01:08:22.517 I/init ( 0): Sending signal 9 to service 'sxrd' (pid 14879) process group...
08-22 18:44:14.725 F/linker (14867): CANNOT LINK EXECUTABLE "/vendor/bin/hw/qvrservice": library "vendor.qti.hardware.qxr-V1-ndk_platform.so" not found: needed by /vendor/lib64/libqvrservice.so in namespace (default)
08-22 18:44:14.726 F/linker (14879): CANNOT LINK EXECUTABLE "/vendor/bin/hw/sxrservice": library "vendor.qti.hardware.qxr-V1-ndk_platform.so" not found: needed by main executable
01-01 01:08:23.272 D/ ( 0): mv2112_read_status
01-01 01:08:23.282 D/mv2112_update_link( 0): 3.0x901(1G): 0x80
01-01 01:08:23.287 D/mv2112_update_link( 0): 3.0x8109(100M): 0x0
01-01 01:08:23.292 D/mv2112_update_link( 0): link 0x0
01-01 01:08:23.298 D/mv2112_read_status( 0): autoneg is disabled
01-01 01:08:24.330 D/ ( 0): mv2112_read_status
01-01 01:08:24.333 D/mv2112_update_link( 0): 3.0x901(1G): 0x80
01-01 01:08:24.339 D/mv2112_update_link( 0): 3.0x8109(100M): 0x0
01-01 01:08:24.344 D/mv2112_update_link( 0): link 0x0
01-01 01:08:24.349 D/mv2112_read_status( 0): autoneg is disabled
01-01 01:08:25.353 D/ ( 0): mv2112_read_status
01-01 01:08:25.360 D/mv2112_update_link( 0): 3.0x901(1G): 0x80
01-01 01:08:25.366 D/mv2112_update_link( 0): 3.0x8109(100M): 0x0
01-01 01:08:25.372 D/mv2112_update_link( 0): link 0x0
01-01 01:08:25.379 D/mv2112_read_status( 0): autoneg is disabled
01-01 01:08:25.840 I/[schedu][0x1127751468][18:44:18.087289] wlan( 0): [13930:I:OSIF] scan start scan id 41007
01-01 01:08:26.409 D/ ( 0): mv2112_read_status
01-01 01:08:26.414 D/mv2112_update_link( 0): 3.0x901(1G): 0x80
01-01 01:08:26.423 D/mv2112_update_link( 0): 3.0x8109(100M): 0x0
01-01 01:08:26.429 D/mv2112_update_link( 0): link 0x0
01-01 01:08:26.444 D/mv2112_read_status( 0): autoneg is disabled
01-01 01:08:27.343 I/[schedu][0x11292d7278][18:44:19.590409] wlan( 0): [13930:I:OSIF] vdev 0, scan id 41007 type COMPLETED(1) reason COMPLETED(1) scan found 74 bss
01-01 01:08:27.455 I/init ( 0): starting service 'qvrd_vndr'...
01-01 01:08:27.463 I/init ( 0): Created socket '/dev/socket/qvrservice_vndr', mode 660, user 1000, group 1000
01-01 01:08:27.468 D/ ( 0): mv2112_read_status
01-01 01:08:27.472 I/init ( 0): Created socket '/dev/socket/qvrservice_vndr_camera', mode 660, user 1000, group 1000
01-01 01:08:27.475 D/mv2112_update_link( 0): 3.0x901(1G): 0x80
01-01 01:08:27.490 D/mv2112_update_link( 0): 3.0x8109(100M): 0x0
01-01 01:08:27.495 I/init ( 0): starting service 'sxrd'...
01-01 01:08:27.495 D/mv2112_update_link( 0): link 0x0
01-01 01:08:27.504 D/mv2112_read_status( 0): autoneg is disabled
01-01 01:08:27.510 I/init ( 0): starting service 'vendor.light-hal-2-0'...
01-01 01:08:27.524 I/init ( 0): Service 'qvrd_vndr' (pid 16338) exited with status 1
01-01 01:08:27.531 I/init ( 0): Sending signal 9 to service 'qvrd_vndr' (pid 16338) process group...
01-01 01:08:27.539 I/libprocessgroup( 0): Successfully killed process cgroup uid 1000 pid 16338 in 0ms
01-01 01:08:27.549 I/init ( 0): Service 'sxrd' (pid 16343) exited with status 1
01-01 01:08:27.555 I/init ( 0): Sending signal 9 to service 'sxrd' (pid 16343) process group...
08-22 18:44:19.766 F/linker (16343): CANNOT LINK EXECUTABLE "/vendor/bin/hw/sxrservice": library "vendor.qti.hardware.qxr-V1-ndk_platform.so" not found: needed by main executable
08-22 18:44:19.768 F/linker (16338): CANNOT LINK EXECUTABLE "/vendor/bin/hw/qvrservice": library "vendor.qti.hardware.qxr-V1-ndk_platform.so" not found: needed by /vendor/lib64/libqvrservice.so in namespace (default)
01-01 01:08:28.520 D/ ( 0): mv2112_read_status
01-01 01:08:28.528 D/mv2112_update_link( 0): 3.0x901(1G): 0x80
01-01 01:08:28.535 D/mv2112_update_link( 0): 3.0x8109(100M): 0x0
01-01 01:08:28.540 D/mv2112_update_link( 0): link 0x0
01-01 01:08:28.544 D/mv2112_read_status( 0): autoneg is disabled
01-01 01:08:29.577 D/ ( 0): mv2112_read_status
01-01 01:08:29.582 D/mv2112_update_link( 0): 3.0x901(1G): 0x80
01-01 01:08:29.593 D/mv2112_update_link( 0): 3.0x8109(100M): 0x0
01-01 01:08:29.599 D/mv2112_update_link( 0): link 0x0
01-01 01:08:29.603 D/mv2112_read_status( 0): autoneg is disabled
01-01 01:08:30.637 D/ ( 0): mv2112_read_status
01-01 01:08:30.640 D/mv2112_update_link( 0): 3.0x901(1G): 0x80
01-01 01:08:30.648 D/mv2112_update_link( 0): 3.0x8109(100M): 0x0
01-01 01:08:30.653 D/mv2112_update_link( 0): link 0x0
01-01 01:08:30.658 D/mv2112_read_status( 0): autoneg is disabled
01-01 01:08:31.689 D/ ( 0): mv2112_read_status
01-01 01:08:31.693 D/mv2112_update_link( 0): 3.0x901(1G): 0x80
01-01 01:08:31.699 D/mv2112_update_link( 0): 3.0x8109(100M): 0x0
01-01 01:08:31.705 D/mv2112_update_link( 0): link 0x0
01-01 01:08:31.709 D/mv2112_read_status( 0): autoneg is disabled
01-01 01:08:32.493 I/init ( 0): starting service 'qvrd_vndr'...
01-01 01:08:32.500 I/init ( 0): Created socket '/dev/socket/qvrservice_vndr', mode 660, user 1000, group 1000
01-01 01:08:32.511 I/init ( 0): Created socket '/dev/socket/qvrservice_vndr_camera', mode 660, user 1000, group 1000
01-01 01:08:32.532 I/init ( 0): starting service 'sxrd'...
01-01 01:08:32.546 I/init ( 0): starting service 'vendor.light-hal-2-0'...
01-01 01:08:32.565 I/init ( 0): Service 'qvrd_vndr' (pid 17595) exited with status 1
01-01 01:08:32.572 I/init ( 0): Sending signal 9 to service 'qvrd_vndr' (pid 17595) process group...
01-01 01:08:32.580 I/libprocessgroup( 0): Successfully killed process cgroup uid 1000 pid 17595 in 0ms
01-01 01:08:32.591 I/init ( 0): Service 'sxrd' (pid 17597) exited with status 1
01-01 01:08:32.597 I/init ( 0): Sending signal 9 to service 'sxrd' (pid 17597) process group...
01-01 01:08:32.650 I/afe_find_cal_topo_id_by_port( 0): port id: 0x9000, dev_acdb_id: 0
01-01 01:08:32.657 I/afe_find_cal_topo_id_by_port( 0): top_id:112fc acdb_id:15 afe_port:0x9000
01-01 01:08:32.665 I/afe_get_cal_topology_id( 0): port_id = 0x9000 acdb_id = 15 topology_id = 0x112fc cal_type_index=8 ret=0
01-01 01:08:32.676 I/afe_send_port_topology_id( 0): AFE set topology id 0x112fc enable for port 0x9000 ret 0
01-01 01:08:32.685 I/send_afe_cal_type( 0): cal_index is 0
01-01 01:08:32.690 I/send_afe_cal_type( 0): dev_acdb_id[55] is 0
01-01 01:08:32.695 I/send_afe_cal_type( 0): Sending cal_index cal 0
01-01 01:08:32.700 E/send_afe_cal_type( 0): No cal sent for cal_index 0, port_id = 0x9000! ret -22
01-01 01:08:32.709 I/afe_send_hw_delay( 0): port_id 0x9000 rate 48000 delay_usec 474 status 0
08-22 18:44:24.810 F/linker (17595): CANNOT LINK EXECUTABLE "/vendor/bin/hw/qvrservice": library "vendor.qti.hardware.qxr-V1-ndk_platform.so" not found: needed by /vendor/lib64/libqvrservice.so in namespace (default)
08-22 18:44:24.817 F/linker (17597): CANNOT LINK EXECUTABLE "/vendor/bin/hw/sxrservice": library "vendor.qti.hardware.qxr-V1-ndk_platform.so" not found: needed by main executable
01-01 01:08:32.744 D/ ( 0): mv2112_read_status
01-01 01:08:32.748 D/mv2112_update_link( 0): 3.0x901(1G): 0x80
01-01 01:08:32.753 D/mv2112_update_link( 0): 3.0x8109(100M): 0x0
01-01 01:08:32.760 D/mv2112_update_link( 0): link 0x0
01-01 01:08:32.764 D/mv2112_read_status( 0): autoneg is disabled
08-22 18:44:24.877 I/ActivityTaskManager( 1164): START u0 {act=android.intent.action.MAIN cat=[android.intent.category.LAUNCHER] flg=0x10200000 cmp=com.sohu.inputmethod.sogou.car/.settingsui.SogouSettingsActivity bnds=[932,779][1230,1092]} from uid 10106
08-22 18:44:24.881 W/ActivityTaskManager( 1164): Can't find TaskDisplayArea to determine support for multi window. Task id=54 attached=false
08-22 18:44:24.910 V/SplashScreenExceptionList( 1164): SplashScreen checking exception for package com.android.permissioncontroller (target sdk:29) -> false
08-22 18:44:24.914 D/PhoneStartingWindowTypeAlgorithm( 2258): preferredStartingWindowType newTask:true taskSwitch:true processRunning:true allowTaskSnapshot:true activityCreated:false useEmptySplashScreen:false legacySplashScreen:false topIsHome:false
08-22 18:44:24.915 D/StartingSurfaceDrawer( 2258): addSplashScreen com.android.permissioncontroller theme=7f1301e9 task=54 suggestType=1
08-22 18:44:24.919 D/StartingSurfaceDrawer( 2258): window attributes color: 0 icon null duration 0 brandImage null
08-22 18:44:24.921 D/StartingSurfaceDrawer( 2258): FgMainColor=ffffffff BgMainColor=ffaaaaaa IsBgComplex=false FromCache=true ThemeColor=fff0f0f3
08-22 18:44:24.921 D/StartingSurfaceDrawer( 2258): isRgbSimilarInHsv a: fff0f0f3 b ffaaaaaa contrast ratio: 2.042501
08-22 18:44:24.921 D/StartingSurfaceDrawer( 2258): hsvDiff -120 ah 240.0 bh 0.0 as 0.012345679 bs 0.0 av 0.9529412 bv 0.6666667 sqH 0.4444444709353981 sqS 1.5241579254704485E-4 sqV 0.08195308519390565 root 0.41894708175052797
08-22 18:44:24.921 D/StartingSurfaceDrawer( 2258): isRgbSimilarInHsv a: fff0f0f3 b ffffffff contrast ratio: 1.1373913
08-22 18:44:24.921 D/StartingSurfaceDrawer( 2258): makeSplashScreenContentView: draw whole icon
08-22 18:44:24.922 D/StartingSurfaceDrawer( 2258): fillViewWithIcon surfaceWindowView android.window.SplashScreenView{23a736b V.E...... ......ID 0,0-0,0}
08-22 18:44:24.931 I/ActivityTaskManager( 1164): The Process com.android.permissioncontroller Already Exists in BG. So sending its PID: 12555
08-22 18:44:24.931 W/ActivityTaskManager( 1164): Tried to set launchTime (0) < mLastActivityLaunchTime (2850645)
08-22 18:44:25.063 D/StartingSurfaceDrawer( 2258): Task start finish, remove starting surface for task 54
08-22 18:44:25.063 V/StartingSurfaceDrawer( 2258): Removing splash screen window for task: 54
01-01 01:08:33.768 D/ ( 0): mv2112_read_status
01-01 01:08:33.772 D/mv2112_update_link( 0): 3.0x901(1G): 0x80
01-01 01:08:33.780 D/mv2112_update_link( 0): 3.0x8109(100M): 0x0
01-01 01:08:33.786 D/mv2112_update_link( 0): link 0x0
01-01 01:08:33.793 D/mv2112_read_status( 0): autoneg is disabled
08-22 18:44:26.391 I/DropBoxManagerService( 1164): add tag=system_app_strictmode isTagEnabled=true flags=0x2
08-22 18:44:26.439 D/AutofillManagerService( 1164): Close system dialogs
01-01 01:08:34.824 D/ ( 0): mv2112_read_status
01-01 01:08:34.828 D/mv2112_update_link( 0): 3.0x901(1G): 0x80
01-01 01:08:34.845 D/mv2112_update_link( 0): 3.0x8109(100M): 0x0
01-01 01:08:34.858 D/mv2112_update_link( 0): link 0x0
01-01 01:08:34.862 D/mv2112_read_status( 0): autoneg is disabled
08-22 18:44:27.125 W/UsageStatsService( 1164): Unexpected activity event reported! (com.android.launcher3/com.android.launcher3.uioverrides.QuickstepLauncher event : 23 instanceId : 174893434)
08-22 18:44:27.267 I/DropBoxManagerService( 1164): add tag=system_app_strictmode isTagEnabled=true flags=0x2
08-22 18:44:27.289 D/AutofillManagerService( 1164): Close system dialogs
01-01 01:08:35.881 D/ ( 0): mv2112_read_status
01-01 01:08:35.884 D/mv2112_update_link( 0): 3.0x901(1G): 0x80
01-01 01:08:35.890 D/mv2112_update_link( 0): 3.0x8109(100M): 0x0
01-01 01:08:35.897 D/mv2112_update_link( 0): link 0x0
01-01 01:08:35.909 D/mv2112_read_status( 0): autoneg is disabled
01-01 01:08:36.038 I/afe_close( 0): port_id = 0x9000
01-01 01:08:36.936 D/ ( 0): mv2112_read_status
01-01 01:08:36.940 D/mv2112_update_link( 0): 3.0x901(1G): 0x80
01-01 01:08:36.949 D/mv2112_update_link( 0): 3.0x8109(100M): 0x0
01-01 01:08:36.955 D/mv2112_update_link( 0): link 0x0
01-01 01:08:36.959 D/mv2112_read_status( 0): autoneg is disabled
01-01 01:08:37.533 I/init ( 0): starting service 'qvrd_vndr'...
01-01 01:08:37.539 I/init ( 0): Created socket '/dev/socket/qvrservice_vndr', mode 660, user 1000, group 1000
01-01 01:08:37.550 I/init ( 0): Created socket '/dev/socket/qvrservice_vndr_camera', mode 660, user 1000, group 1000
01-01 01:08:37.571 I/init ( 0): starting service 'sxrd'...
01-01 01:08:37.585 I/init ( 0): starting service 'vendor.light-hal-2-0'...
01-01 01:08:37.604 I/init ( 0): Service 'qvrd_vndr' (pid 19143) exited with status 1
01-01 01:08:37.611 I/init ( 0): Sending signal 9 to service 'qvrd_vndr' (pid 19143) process group...
01-01 01:08:37.619 I/libprocessgroup( 0): Successfully killed process cgroup uid 1000 pid 19143 in 0ms
01-01 01:08:37.630 I/init ( 0): Service 'sxrd' (pid 19148) exited with status 1
01-01 01:08:37.636 I/init ( 0): Sending signal 9 to service 'sxrd' (pid 19148) process group...
08-22 18:44:29.841 F/linker (19143): CANNOT LINK EXECUTABLE "/vendor/bin/hw/qvrservice": library "vendor.qti.hardware.qxr-V1-ndk_platform.so" not found: needed by /vendor/lib64/libqvrservice.so in namespace (default)
08-22 18:44:29.847 F/linker (19148): CANNOT LINK EXECUTABLE "/vendor/bin/hw/sxrservice": library "vendor.qti.hardware.qxr-V1-ndk_platform.so" not found: needed by main executable
01-01 01:08:37.992 D/ ( 0): mv2112_read_status
01-01 01:08:37.997 D/mv2112_update_link( 0): 3.0x901(1G): 0x80
01-01 01:08:38.003 D/mv2112_update_link( 0): 3.0x8109(100M): 0x0
01-01 01:08:38.010 D/mv2112_update_link( 0): link 0x0
01-01 01:08:38.014 D/mv2112_read_status( 0): autoneg is disabled
08-22 18:44:30.325 I/ActivityManager( 1164): PendingStartActivityUids startActivity to updateOomAdj delay:3053ms, uid:10106
01-01 01:08:39.049 D/ ( 0): mv2112_read_status
01-01 01:08:39.053 D/mv2112_update_link( 0): 3.0x901(1G): 0x80
01-01 01:08:39.059 D/mv2112_update_link( 0): 3.0x8109(100M): 0x0
01-01 01:08:39.065 D/mv2112_update_link( 0): link 0x0
01-01 01:08:39.070 D/mv2112_read_status( 0): autoneg is disabled
01-01 01:08:40.072 D/ ( 0): mv2112_read_status
01-01 01:08:40.076 D/mv2112_update_link( 0): 3.0x901(1G): 0x80
01-01 01:08:40.082 D/mv2112_update_link( 0): 3.0x8109(100M): 0x0
01-01 01:08:40.087 D/mv2112_update_link( 0): link 0x0
01-01 01:08:40.092 D/mv2112_read_status( 0): autoneg is disabled
01-01 01:08:41.097 D/ ( 0): mv2112_read_status
01-01 01:08:41.103 D/mv2112_update_link( 0): 3.0x901(1G): 0x80
01-01 01:08:41.114 D/mv2112_update_link( 0): 3.0x8109(100M): 0x0
01-01 01:08:41.120 D/mv2112_update_link( 0): link 0x0
01-01 01:08:41.124 D/mv2112_read_status( 0): autoneg is disabled
01-01 01:08:42.153 D/ ( 0): mv2112_read_status
01-01 01:08:42.159 D/mv2112_update_link( 0): 3.0x901(1G): 0x80
01-01 01:08:42.165 D/mv2112_update_link( 0): 3.0x8109(100M): 0x0
01-01 01:08:42.171 D/mv2112_update_link( 0): link 0x0
01-01 01:08:42.178 D/mv2112_read_status( 0): autoneg is disabled
01-01 01:08:42.570 I/init ( 0): starting service 'qvrd_vndr'...
01-01 01:08:42.576 I/init ( 0): Created socket '/dev/socket/qvrservice_vndr', mode 660, user 1000, group 1000
01-01 01:08:42.586 I/init ( 0): Created socket '/dev/socket/qvrservice_vndr_camera', mode 660, user 1000, group 1000
01-01 01:08:42.605 I/init ( 0): starting service 'sxrd'...
01-01 01:08:42.620 I/init ( 0): starting service 'vendor.light-hal-2-0'...
01-01 01:08:42.634 I/init ( 0): Service 'qvrd_vndr' (pid 20541) exited with status 1
01-01 01:08:42.641 I/init ( 0): Sending signal 9 to service 'qvrd_vndr' (pid 20541) process group...
01-01 01:08:42.650 I/libprocessgroup( 0): Successfully killed process cgroup uid 1000 pid 20541 in 0ms
01-01 01:08:42.659 I/init ( 0): Service 'sxrd' (pid 20545) exited with status 1
01-01 01:08:42.666 I/init ( 0): Sending signal 9 to service 'sxrd' (pid 20545) process group...
08-22 18:44:34.874 F/linker (20541): CANNOT LINK EXECUTABLE "/vendor/bin/hw/qvrservice": library "vendor.qti.hardware.qxr-V1-ndk_platform.so" not found: needed by /vendor/lib64/libqvrservice.so in namespace (default)
08-22 18:44:34.885 F/linker (20545): CANNOT LINK EXECUTABLE "/vendor/bin/hw/sxrservice": library "vendor.qti.hardware.qxr-V1-ndk_platform.so" not found: needed by main executable
