08-22 18:17:28.199 D/StartingSurfaceDrawer( 2258): hsvDiff -143 ah 0.0 bh 217.41573 as 0.0 bs 0.7295082 av 0.0 bv 0.95686275 sqH 0.6311419710995239 sqS 0.5321822447246269 sqV 0.9155863178770893 root 0.8324483034401676
08-22 18:17:28.200 D/StartingSurfaceDrawer( 2258): makeSplashScreenContentView: draw whole icon
08-22 18:17:28.200 D/StartingSurfaceDrawer( 2258): fillViewWithIcon surfaceWindowView android.window.SplashScreenView{e4e19c2 V.E...... ......ID 0,0-0,0}
08-22 18:17:28.239 I/ActivityManager( 1164): Start proc 11654:com.android.gallery3d/u0a76 for pre-top-activity {com.android.gallery3d/com.android.gallery3d.app.GalleryActivity}
08-22 18:17:28.240 W/ContextImpl( 1164): Calling a method in the system process without a qualified user: android.app.ContextImpl.sendBroadcast:1173 com.qualcomm.qti.Performance$SendGameLaunchBroadcast.run:217 java.lang.Thread.run:920
08-22 18:17:28.496 D/CompatibilityChangeReporter( 1164): Compat change id reported: 149924527; UID 10076; state: ENABLED
08-22 18:17:28.497 D/CompatibilityChangeReporter( 1164): Compat change id reported: 132649864; UID 10076; state: DISABLED
08-22 18:17:28.501 D/CompatibilityChangeReporter( 1164): Compat change id reported: 182734110; UID 10076; state: DISABLED
08-22 18:17:28.663 D/StartingSurfaceDrawer( 2258): Task start finish, remove starting surface for task 18
08-22 18:17:28.663 V/StartingSurfaceDrawer( 2258): Removing splash screen window for task: 18
08-22 18:17:30.282 D/AutofillManagerService( 1164): Close system dialogs
08-22 18:17:30.287 I/ActivityTaskManager( 1164): START u0 {act=android.intent.action.MAIN cat=[android.intent.category.HOME] flg=0x10000100 cmp=com.android.launcher3/.uioverrides.QuickstepLauncher (has extras)} from uid 0
08-22 18:17:30.329 I/NotificationService( 1164): cancelToast pkg=com.android.gallery3d token=android.os.BinderProxy@5dd4036
08-22 18:17:30.330 W/WindowManager( 1164): removeWindowToken: Attempted to remove non-existing token: android.os.Binder@42215b9
08-22 18:17:30.347 D/AutofillManagerService( 1164): Close system dialogs
08-22 18:17:31.203 E/TaskPersister( 1164): File error accessing recents directory (directory doesn't exist?).
08-22 18:17:32.365 F/linker (13105): CANNOT LINK EXECUTABLE "/vendor/bin/hw/sxrservice": library "vendor.qti.hardware.qxr-V1-ndk_platform.so" not found: needed by main executable
08-22 18:17:32.368 F/linker (13102): CANNOT LINK EXECUTABLE "/vendor/bin/hw/qvrservice": library "vendor.qti.hardware.qxr-V1-ndk_platform.so" not found: needed by /vendor/lib64/libqvrservice.so in namespace (default)
08-22 18:17:32.670 W/WindowManager( 1164): Unable to start animation, surface is null or no children.
08-22 18:17:33.246 I/iorapd ( 1243): Perfetto TraceBuffer saved to file: /data/misc/iorapd/com.android.gallery3d/40030/com.android.gallery3d.app.GalleryActivity/raw_traces/1661192253225335849.perfetto_trace.pb
08-22 18:17:37.413 F/linker (15083): CANNOT LINK EXECUTABLE "/vendor/bin/hw/sxrservice": library "vendor.qti.hardware.qxr-V1-ndk_platform.so" not found: needed by main executable
08-22 18:17:37.416 F/linker (15074): CANNOT LINK EXECUTABLE "/vendor/bin/hw/qvrservice": library "vendor.qti.hardware.qxr-V1-ndk_platform.so" not found: needed by /vendor/lib64/libqvrservice.so in namespace (default)
08-22 18:17:41.332 W/WindowManager( 1164): removeWindowToken: Attempted to remove non-existing token: android.os.Binder@42215b9
08-22 18:17:42.441 F/linker (17038): CANNOT LINK EXECUTABLE "/vendor/bin/hw/qvrservice": library "vendor.qti.hardware.qxr-V1-ndk_platform.so" not found: needed by /vendor/lib64/libqvrservice.so in namespace (default)
08-22 18:17:42.470 F/linker (17048): CANNOT LINK EXECUTABLE "/vendor/bin/hw/sxrservice": library "vendor.qti.hardware.qxr-V1-ndk_platform.so" not found: needed by main executable
08-22 18:17:47.491 F/linker (19117): CANNOT LINK EXECUTABLE "/vendor/bin/hw/sxrservice": library "vendor.qti.hardware.qxr-V1-ndk_platform.so" not found: needed by main executable
08-22 18:17:47.492 F/linker (19113): CANNOT LINK EXECUTABLE "/vendor/bin/hw/qvrservice": library "vendor.qti.hardware.qxr-V1-ndk_platform.so" not found: needed by /vendor/lib64/libqvrservice.so in namespace (default)
08-22 18:17:52.534 F/linker (20911): CANNOT LINK EXECUTABLE "/vendor/bin/hw/sxrservice": library "vendor.qti.hardware.qxr-V1-ndk_platform.so" not found: needed by main executable
08-22 18:17:52.545 F/linker (20906): CANNOT LINK EXECUTABLE "/vendor/bin/hw/qvrservice": library "vendor.qti.hardware.qxr-V1-ndk_platform.so" not found: needed by /vendor/lib64/libqvrservice.so in namespace (default)
08-22 18:17:57.569 F/linker (22750): CANNOT LINK EXECUTABLE "/vendor/bin/hw/qvrservice": library "vendor.qti.hardware.qxr-V1-ndk_platform.so" not found: needed by /vendor/lib64/libqvrservice.so in namespace (default)
08-22 18:17:57.580 F/linker (22759): CANNOT LINK EXECUTABLE "/vendor/bin/hw/sxrservice": library "vendor.qti.hardware.qxr-V1-ndk_platform.so" not found: needed by main executable
08-22 18:18:02.624 F/linker (24570): CANNOT LINK EXECUTABLE "/vendor/bin/hw/qvrservice": library "vendor.qti.hardware.qxr-V1-ndk_platform.so" not found: needed by /vendor/lib64/libqvrservice.so in namespace (default)
08-22 18:18:02.629 F/linker (24574): CANNOT LINK EXECUTABLE "/vendor/bin/hw/sxrservice": library "vendor.qti.hardware.qxr-V1-ndk_platform.so" not found: needed by main executable
08-22 18:18:07.658 F/linker (26483): CANNOT LINK EXECUTABLE "/vendor/bin/hw/sxrservice": library "vendor.qti.hardware.qxr-V1-ndk_platform.so" not found: needed by main executable
08-22 18:18:07.661 F/linker (26475): CANNOT LINK EXECUTABLE "/vendor/bin/hw/qvrservice": library "vendor.qti.hardware.qxr-V1-ndk_platform.so" not found: needed by /vendor/lib64/libqvrservice.so in namespace (default)
08-22 18:18:12.703 F/linker (28336): CANNOT LINK EXECUTABLE "/vendor/bin/hw/qvrservice": library "vendor.qti.hardware.qxr-V1-ndk_platform.so" not found: needed by /vendor/lib64/libqvrservice.so in namespace (default)
08-22 18:18:12.711 F/linker (28342): CANNOT LINK EXECUTABLE "/vendor/bin/hw/sxrservice": library "vendor.qti.hardware.qxr-V1-ndk_platform.so" not found: needed by main executable
08-22 18:18:14.848 D/AutofillManagerService( 1164): Close system dialogs
08-22 18:18:14.860 I/ActivityTaskManager( 1164): START u0 {act=android.intent.action.MAIN cat=[android.intent.category.HOME] flg=0x10000100 cmp=com.android.launcher3/.uioverrides.QuickstepLauncher (has extras)} from uid 0
08-22 18:18:14.878 D/AutofillManagerService( 1164): Close system dialogs
08-22 18:18:17.745 F/linker (29843): CANNOT LINK EXECUTABLE "/vendor/bin/hw/sxrservice": library "vendor.qti.hardware.qxr-V1-ndk_platform.so" not found: needed by main executable
08-22 18:18:17.749 F/linker (29834): CANNOT LINK EXECUTABLE "/vendor/bin/hw/qvrservice": library "vendor.qti.hardware.qxr-V1-ndk_platform.so" not found: needed by /vendor/lib64/libqvrservice.so in namespace (default)
08-22 18:18:22.774 F/linker (31782): CANNOT LINK EXECUTABLE "/vendor/bin/hw/sxrservice": library "vendor.qti.hardware.qxr-V1-ndk_platform.so" not found: needed by main executable
08-22 18:18:22.778 F/linker (31776): CANNOT LINK EXECUTABLE "/vendor/bin/hw/qvrservice": library "vendor.qti.hardware.qxr-V1-ndk_platform.so" not found: needed by /vendor/lib64/libqvrservice.so in namespace (default)
08-22 18:18:27.825 F/linker ( 1855): CANNOT LINK EXECUTABLE "/vendor/bin/hw/qvrservice": library "vendor.qti.hardware.qxr-V1-ndk_platform.so" not found: needed by /vendor/lib64/libqvrservice.so in namespace (default)
08-22 18:18:27.841 F/linker ( 1863): CANNOT LINK EXECUTABLE "/vendor/bin/hw/sxrservice": library "vendor.qti.hardware.qxr-V1-ndk_platform.so" not found: needed by main executable
08-22 18:18:32.891 F/linker ( 4835): CANNOT LINK EXECUTABLE "/vendor/bin/hw/qvrservice": library "vendor.qti.hardware.qxr-V1-ndk_platform.so" not found: needed by /vendor/lib64/libqvrservice.so in namespace (default)
08-22 18:18:32.892 F/linker ( 4842): CANNOT LINK EXECUTABLE "/vendor/bin/hw/sxrservice": library "vendor.qti.hardware.qxr-V1-ndk_platform.so" not found: needed by main executable
08-22 18:18:37.914 F/linker ( 6559): CANNOT LINK EXECUTABLE "/vendor/bin/hw/sxrservice": library "vendor.qti.hardware.qxr-V1-ndk_platform.so" not found: needed by main executable
08-22 18:18:37.926 F/linker ( 6553): CANNOT LINK EXECUTABLE "/vendor/bin/hw/qvrservice": library "vendor.qti.hardware.qxr-V1-ndk_platform.so" not found: needed by /vendor/lib64/libqvrservice.so in namespace (default)
08-22 18:18:42.949 F/linker ( 8167): CANNOT LINK EXECUTABLE "/vendor/bin/hw/qvrservice": library "vendor.qti.hardware.qxr-V1-ndk_platform.so" not found: needed by /vendor/lib64/libqvrservice.so in namespace (default)
08-22 18:18:42.967 F/linker ( 8173): CANNOT LINK EXECUTABLE "/vendor/bin/hw/sxrservice": library "vendor.qti.hardware.qxr-V1-ndk_platform.so" not found: needed by main executable
08-22 18:18:47.988 F/linker ( 9911): CANNOT LINK EXECUTABLE "/vendor/bin/hw/qvrservice": library "vendor.qti.hardware.qxr-V1-ndk_platform.so" not found: needed by /vendor/lib64/libqvrservice.so in namespace (default)
08-22 18:18:47.988 F/linker ( 9915): CANNOT LINK EXECUTABLE "/vendor/bin/hw/sxrservice": library "vendor.qti.hardware.qxr-V1-ndk_platform.so" not found: needed by main executable
08-22 18:18:53.028 F/linker (11826): CANNOT LINK EXECUTABLE "/vendor/bin/hw/sxrservice": library "vendor.qti.hardware.qxr-V1-ndk_platform.so" not found: needed by main executable
08-22 18:18:53.031 F/linker (11820): CANNOT LINK EXECUTABLE "/vendor/bin/hw/qvrservice": library "vendor.qti.hardware.qxr-V1-ndk_platform.so" not found: needed by /vendor/lib64/libqvrservice.so in namespace (default)
08-22 18:18:58.067 F/linker (13780): CANNOT LINK EXECUTABLE "/vendor/bin/hw/qvrservice": library "vendor.qti.hardware.qxr-V1-ndk_platform.so" not found: needed by /vendor/lib64/libqvrservice.so in namespace (default)
08-22 18:18:58.086 F/linker (13785): CANNOT LINK EXECUTABLE "/vendor/bin/hw/sxrservice": library "vendor.qti.hardware.qxr-V1-ndk_platform.so" not found: needed by main executable
08-22 18:19:03.097 F/linker (15713): CANNOT LINK EXECUTABLE "/vendor/bin/hw/sxrservice": library "vendor.qti.hardware.qxr-V1-ndk_platform.so" not found: needed by main executable
08-22 18:19:03.099 F/linker (15706): CANNOT LINK EXECUTABLE "/vendor/bin/hw/qvrservice": library "vendor.qti.hardware.qxr-V1-ndk_platform.so" not found: needed by /vendor/lib64/libqvrservice.so in namespace (default)
08-22 18:19:08.123 F/linker (17430): CANNOT LINK EXECUTABLE "/vendor/bin/hw/qvrservice": library "vendor.qti.hardware.qxr-V1-ndk_platform.so" not found: needed by /vendor/lib64/libqvrservice.so in namespace (default)
08-22 18:19:08.132 F/linker (17437): CANNOT LINK EXECUTABLE "/vendor/bin/hw/sxrservice": library "vendor.qti.hardware.qxr-V1-ndk_platform.so" not found: needed by main executable
08-22 18:19:08.201 I/DropBoxManagerService( 1164): add tag=system_app_strictmode isTagEnabled=true flags=0x2
08-22 18:19:08.202 I/ActivityTaskManager( 1164): START u0 {act=android.intent.action.MAIN cat=[android.intent.category.LAUNCHER] flg=0x10200000 cmp=com.android.documentsui/.LauncherActivity bnds=[102,481][323,728]} from uid 10106
08-22 18:19:08.214 W/ActivityTaskManager( 1164): Can't find TaskDisplayArea to determine support for multi window. Task id=19 attached=false
08-22 18:19:08.217 D/CompatibilityChangeReporter( 1164): Compat change id reported: 174042980; UID 10034; state: DISABLED
08-22 18:19:08.219 D/CompatibilityChangeReporter( 1164): Compat change id reported: 184838306; UID 10034; state: DISABLED
08-22 18:19:08.223 D/CompatibilityChangeReporter( 1164): Compat change id reported: 185004937; UID 10034; state: DISABLED
08-22 18:19:08.225 D/CompatibilityChangeReporter( 1164): Compat change id reported: 181136395; UID 10034; state: DISABLED
08-22 18:19:08.226 D/CompatibilityChangeReporter( 1164): Compat change id reported: 174042936; UID 10034; state: DISABLED
08-22 18:19:08.231 D/CompatibilityChangeReporter( 1164): Compat change id reported: 168419799; UID 10034; state: DISABLED
08-22 18:19:08.231 V/SplashScreenExceptionList( 1164): SplashScreen checking exception for package com.android.documentsui (target sdk:30) -> false
08-22 18:19:08.240 D/CompatibilityChangeReporter( 1164): Compat change id reported: 135634846; UID 10034; state: DISABLED
08-22 18:19:08.240 D/CompatibilityChangeReporter( 1164): Compat change id reported: 177438394; UID 10034; state: DISABLED
08-22 18:19:08.241 D/CompatibilityChangeReporter( 1164): Compat change id reported: 135772972; UID 10034; state: DISABLED
08-22 18:19:08.241 D/CompatibilityChangeReporter( 1164): Compat change id reported: 135754954; UID 10034; state: ENABLED
08-22 18:19:08.241 D/CompatibilityChangeReporter( 1164): Compat change id reported: 143937733; UID 10034; state: ENABLED
08-22 18:19:08.272 I/ActivityManager( 1164): Start proc 17492:com.android.documentsui/u0a34 for pre-top-activity {com.android.documentsui/com.android.documentsui.LauncherActivity}
08-22 18:19:08.273 W/ContextImpl( 1164): Calling a method in the system process without a qualified user: android.app.ContextImpl.sendBroadcast:1173 com.qualcomm.qti.Performance$SendGameLaunchBroadcast.run:217 java.lang.Thread.run:920
08-22 18:19:08.492 I/DropBoxManagerService( 1164): add tag=system_app_strictmode isTagEnabled=true flags=0x2
08-22 18:19:08.499 I/DropBoxManagerService( 1164): add tag=system_app_strictmode isTagEnabled=true flags=0x2
08-22 18:19:08.503 I/DropBoxManagerService( 1164): add tag=system_app_strictmode isTagEnabled=true flags=0x2
08-22 18:19:08.505 I/DropBoxManagerService( 1164): add tag=system_app_strictmode isTagEnabled=true flags=0x2
08-22 18:19:08.510 I/DropBoxManagerService( 1164): add tag=system_app_strictmode isTagEnabled=true flags=0x2
08-22 18:19:08.511 I/DropBoxManagerService( 1164): add tag=system_app_strictmode isTagEnabled=true flags=0x2
08-22 18:19:08.514 I/ActivityTaskManager( 1164): START u0 {dat=//com.android.documentsui.launchControl flg=0x10200000 cmp=com.android.documentsui/.files.FilesActivity (has extras)} from uid 10034
08-22 18:19:08.517 W/ActivityTaskManager( 1164): Can't find TaskDisplayArea to determine support for multi window. Task id=20 attached=false
08-22 18:19:08.522 V/SplashScreenExceptionList( 1164): SplashScreen checking exception for package com.android.documentsui (target sdk:30) -> false
08-22 18:19:08.525 D/PhoneStartingWindowTypeAlgorithm( 2258): preferredStartingWindowType newTask:true taskSwitch:true processRunning:true allowTaskSnapshot:true activityCreated:false useEmptySplashScreen:false legacySplashScreen:false topIsHome:false
08-22 18:19:08.525 D/StartingSurfaceDrawer( 2258): addSplashScreen com.android.documentsui theme=7f110102 task=20 suggestType=1
08-22 18:19:08.527 D/StartingSurfaceDrawer( 2258): window attributes color: 0 icon null duration 0 brandImage null
08-22 18:19:08.529 D/StartingSurfaceDrawer( 2258): replace drawable with bottom layer drawable
08-22 18:19:08.535 D/StartingSurfaceDrawer( 2258): FgMainColor=fff5f5f5 BgMainColor=ff4688f2 IsBgComplex=false FromCache=false ThemeColor=ffffffff
08-22 18:19:08.535 D/StartingSurfaceDrawer( 2258): isRgbSimilarInHsv a: ffffffff b ff4688f2 contrast ratio: 3.4629216
08-22 18:19:08.535 D/StartingSurfaceDrawer( 2258): hsvDiff -144 ah 0.0 bh 216.97675 as 0.0 bs 0.7107438 av 1.0 bv 0.9490196 sqH 0.6400000190734865 sqS 0.5051567277803457 sqV 0.0025990000746425324 root 0.6185347597153763
08-22 18:19:08.535 D/StartingSurfaceDrawer( 2258): makeSplashScreenContentView: draw whole icon
08-22 18:19:08.536 D/StartingSurfaceDrawer( 2258): fillViewWithIcon surfaceWindowView android.window.SplashScreenView{1e7086c V.E...... ......ID 0,0-0,0}
08-22 18:19:08.539 I/ActivityTaskManager( 1164): The Process com.android.documentsui Already Exists in BG. So sending its PID: 17492
08-22 18:19:08.540 W/ActivityTaskManager( 1164): Tried to set launchTime (0) < mLastActivityLaunchTime (2298943)
08-22 18:19:08.643 D/CompatibilityChangeReporter( 1164): Compat change id reported: 135634846; UID 10035; state: DISABLED
08-22 18:19:08.643 D/CompatibilityChangeReporter( 1164): Compat change id reported: 177438394; UID 10035; state: DISABLED
08-22 18:19:08.643 D/CompatibilityChangeReporter( 1164): Compat change id reported: 135772972; UID 10035; state: DISABLED
08-22 18:19:08.643 D/CompatibilityChangeReporter( 1164): Compat change id reported: 135754954; UID 10035; state: ENABLED
08-22 18:19:08.644 D/CompatibilityChangeReporter( 1164): Compat change id reported: 143937733; UID 10035; state: ENABLED
08-22 18:19:08.658 D/CompatibilityChangeReporter( 1164): Compat change id reported: 135634846; UID 10023; state: DISABLED
08-22 18:19:08.658 D/CompatibilityChangeReporter( 1164): Compat change id reported: 177438394; UID 10023; state: DISABLED
08-22 18:19:08.658 D/CompatibilityChangeReporter( 1164): Compat change id reported: 135772972; UID 10023; state: DISABLED
08-22 18:19:08.658 D/CompatibilityChangeReporter( 1164): Compat change id reported: 135754954; UID 10023; state: ENABLED
08-22 18:19:08.682 I/ActivityManager( 1164): Start proc 17635:com.android.externalstorage/u0a35 for content provider {com.android.externalstorage/com.android.externalstorage.ExternalStorageProvider}
08-22 18:19:08.683 D/CompatibilityChangeReporter( 1164): Compat change id reported: 143937733; UID 10023; state: ENABLED
08-22 18:19:08.710 W/ActivityManager( 1164): Slow operation: 53ms so far, now at startProcess: returned from zygote!
08-22 18:19:08.710 W/ActivityManager( 1164): Slow operation: 53ms so far, now at startProcess: done updating battery stats
08-22 18:19:08.710 W/ActivityManager( 1164): Slow operation: 53ms so far, now at startProcess: building log message
08-22 18:19:08.710 I/ActivityManager( 1164): Start proc 17641:android.process.media/u0a23 for content provider {com.android.providers.downloads/com.android.providers.downloads.DownloadStorageProvider}
08-22 18:19:08.710 W/ActivityManager( 1164): Slow operation: 53ms so far, now at startProcess: starting to update pids map
08-22 18:19:08.711 W/ActivityManager( 1164): Slow operation: 53ms so far, now at startProcess: done updating pids map
08-22 18:19:08.786 D/StartingSurfaceDrawer( 2258): Task start finish, remove starting surface for task 20
08-22 18:19:08.786 V/StartingSurfaceDrawer( 2258): Removing splash screen window for task: 20
08-22 18:19:08.886 D/CompatibilityChangeReporter( 1164): Compat change id reported: 149924527; UID 10023; state: ENABLED
08-22 18:19:08.886 D/CompatibilityChangeReporter( 1164): Compat change id reported: 132649864; UID 10023; state: DISABLED
08-22 18:19:08.887 D/CompatibilityChangeReporter( 1164): Compat change id reported: 182734110; UID 10023; state: ENABLED
08-22 18:19:12.276 E/TaskPersister( 1164): File error accessing recents directory (directory doesn't exist?).
08-22 18:19:13.198 F/linker (18928): CANNOT LINK EXECUTABLE "/vendor/bin/hw/sxrservice": library "vendor.qti.hardware.qxr-V1-ndk_platform.so" not found: needed by main executable
08-22 18:19:13.204 F/linker (18924): CANNOT LINK EXECUTABLE "/vendor/bin/hw/qvrservice": library "vendor.qti.hardware.qxr-V1-ndk_platform.so" not found: needed by /vendor/lib64/libqvrservice.so in namespace (default)
08-22 18:19:13.307 I/iorapd ( 1243): Perfetto TraceBuffer saved to file: /data/misc/iorapd/com.android.documentsui/31/com.android.documentsui.LauncherActivity/raw_traces/1661192353287112946.perfetto_trace.pb
08-22 18:19:13.851 D/CompatibilityChangeReporter( 1164): Compat change id reported: 149924527; UID 10035; state: ENABLED
08-22 18:19:13.852 D/CompatibilityChangeReporter( 1164): Compat change id reported: 132649864; UID 10035; state: DISABLED
08-22 18:19:16.696 D/AutofillManagerService( 1164): Close system dialogs
08-22 18:19:16.701 I/ActivityTaskManager( 1164): START u0 {act=android.intent.action.MAIN cat=[android.intent.category.HOME] flg=0x10000100 cmp=com.android.launcher3/.uioverrides.QuickstepLauncher (has extras)} from uid 0
08-22 18:19:16.760 D/AutofillManagerService( 1164): Close system dialogs
08-22 18:19:18.218 F/linker (20433): CANNOT LINK EXECUTABLE "/vendor/bin/hw/sxrservice": library "vendor.qti.hardware.qxr-V1-ndk_platform.so" not found: needed by main executable
08-22 18:19:18.229 F/linker (20431): CANNOT LINK EXECUTABLE "/vendor/bin/hw/qvrservice": library "vendor.qti.hardware.qxr-V1-ndk_platform.so" not found: needed by /vendor/lib64/libqvrservice.so in namespace (default)
08-22 18:19:23.272 F/linker (22376): CANNOT LINK EXECUTABLE "/vendor/bin/hw/qvrservice": library "vendor.qti.hardware.qxr-V1-ndk_platform.so" not found: needed by /vendor/lib64/libqvrservice.so in namespace (default)
08-22 18:19:23.279 F/linker (22386): CANNOT LINK EXECUTABLE "/vendor/bin/hw/sxrservice": library "vendor.qti.hardware.qxr-V1-ndk_platform.so" not found: needed by main executable
08-22 18:19:28.289 F/linker (24157): CANNOT LINK EXECUTABLE "/vendor/bin/hw/qvrservice": library "vendor.qti.hardware.qxr-V1-ndk_platform.so" not found: needed by /vendor/lib64/libqvrservice.so in namespace (default)
08-22 18:19:28.316 F/linker (24162): CANNOT LINK EXECUTABLE "/vendor/bin/hw/sxrservice": library "vendor.qti.hardware.qxr-V1-ndk_platform.so" not found: needed by main executable
08-22 18:19:33.341 F/linker (26131): CANNOT LINK EXECUTABLE "/vendor/bin/hw/sxrservice": library "vendor.qti.hardware.qxr-V1-ndk_platform.so" not found: needed by main executable
08-22 18:19:33.351 F/linker (26127): CANNOT LINK EXECUTABLE "/vendor/bin/hw/qvrservice": library "vendor.qti.hardware.qxr-V1-ndk_platform.so" not found: needed by /vendor/lib64/libqvrservice.so in namespace (default)
08-22 18:19:38.385 F/linker (27992): CANNOT LINK EXECUTABLE "/vendor/bin/hw/qvrservice": library "vendor.qti.hardware.qxr-V1-ndk_platform.so" not found: needed by /vendor/lib64/libqvrservice.so in namespace (default)
08-22 18:19:38.395 F/linker (27995): CANNOT LINK EXECUTABLE "/vendor/bin/hw/sxrservice": library "vendor.qti.hardware.qxr-V1-ndk_platform.so" not found: needed by main executable
08-22 18:19:43.427 F/linker (29875): CANNOT LINK EXECUTABLE "/vendor/bin/hw/qvrservice": library "vendor.qti.hardware.qxr-V1-ndk_platform.so" not found: needed by /vendor/lib64/libqvrservice.so in namespace (default)
08-22 18:19:43.427 F/linker (29880): CANNOT LINK EXECUTABLE "/vendor/bin/hw/sxrservice": library "vendor.qti.hardware.qxr-V1-ndk_platform.so" not found: needed by main executable --------- beginning of kernel
01-01 00:43:56.223 I/init ( 0): Service 'qvrd_vndr' (pid 31745) exited with status 1
01-01 00:43:56.230 I/init ( 0): Sending signal 9 to service 'qvrd_vndr' (pid 31745) process group...
01-01 00:43:56.238 I/libprocessgroup( 0): Successfully killed process cgroup uid 1000 pid 31745 in 0ms
01-01 00:43:56.248 I/init ( 0): Service 'sxrd' (pid 31749) exited with status 1
01-01 00:43:56.254 I/init ( 0): Sending signal 9 to service 'sxrd' (pid 31749) process group...
08-22 18:19:48.468 F/linker (31745): CANNOT LINK EXECUTABLE "/vendor/bin/hw/qvrservice": library "vendor.qti.hardware.qxr-V1-ndk_platform.so" not found: needed by /vendor/lib64/libqvrservice.so in namespace (default)
08-22 18:19:48.471 F/linker (31749): CANNOT LINK EXECUTABLE "/vendor/bin/hw/sxrservice": library "vendor.qti.hardware.qxr-V1-ndk_platform.so" not found: needed by main executable
01-01 00:43:56.456 D/ ( 0): mv2112_read_status
01-01 00:43:56.460 D/mv2112_update_link( 0): 3.0x901(1G): 0x80
01-01 00:43:56.466 D/mv2112_update_link( 0): 3.0x8109(100M): 0x0
01-01 00:43:56.471 D/mv2112_update_link( 0): link 0x0
01-01 00:43:56.478 D/mv2112_read_status( 0): autoneg is disabled
01-01 00:43:57.484 D/ ( 0): mv2112_read_status
01-01 00:43:57.488 D/mv2112_update_link( 0): 3.0x901(1G): 0x80
01-01 00:43:57.493 D/mv2112_update_link( 0): 3.0x8109(100M): 0x0
01-01 00:43:57.500 D/mv2112_update_link( 0): link 0x0
01-01 00:43:57.505 D/mv2112_read_status( 0): autoneg is disabled
01-01 00:43:58.537 D/ ( 0): mv2112_read_status
01-01 00:43:58.540 D/mv2112_update_link( 0): 3.0x901(1G): 0x80
01-01 00:43:58.552 D/mv2112_update_link( 0): 3.0x8109(100M): 0x0
01-01 00:43:58.558 D/mv2112_update_link( 0): link 0x0
01-01 00:43:58.562 D/mv2112_read_status( 0): autoneg is disabled
01-01 00:43:59.594 D/ ( 0): mv2112_read_status
01-01 00:43:59.597 D/mv2112_update_link( 0): 3.0x901(1G): 0x80
01-01 00:43:59.605 D/mv2112_update_link( 0): 3.0x8109(100M): 0x0
01-01 00:43:59.610 D/mv2112_update_link( 0): link 0x0
01-01 00:43:59.616 D/mv2112_read_status( 0): autoneg is disabled
01-01 00:44:00.648 D/ ( 0): mv2112_read_status
01-01 00:44:00.652 D/mv2112_update_link( 0): 3.0x901(1G): 0x80
01-01 00:44:00.657 D/mv2112_update_link( 0): 3.0x8109(100M): 0x0
01-01 00:44:00.664 D/mv2112_update_link( 0): link 0x0
01-01 00:44:00.669 D/mv2112_read_status( 0): autoneg is disabled
01-01 00:44:01.191 I/init ( 0): starting service 'qvrd_vndr'...
01-01 00:44:01.197 I/init ( 0): Created socket '/dev/socket/qvrservice_vndr', mode 660, user 1000, group 1000
01-01 00:44:01.207 I/init ( 0): Created socket '/dev/socket/qvrservice_vndr_camera', mode 660, user 1000, group 1000
01-01 00:44:01.228 I/init ( 0): starting service 'sxrd'...
01-01 00:44:01.241 I/init ( 0): starting service 'vendor.light-hal-2-0'...
01-01 00:44:01.254 I/init ( 0): Service 'sxrd' (pid 1834) exited with status 1
01-01 00:44:01.261 I/init ( 0): Sending signal 9 to service 'sxrd' (pid 1834) process group...
01-01 00:44:01.268 I/libprocessgroup( 0): Successfully killed process cgroup uid 1000 pid 1834 in 0ms
01-01 00:44:01.278 I/init ( 0): Service 'qvrd_vndr' (pid 1822) exited with status 1
01-01 00:44:01.285 I/init ( 0): Sending signal 9 to service 'qvrd_vndr' (pid 1822) process group...
08-22 18:19:53.495 F/linker ( 1834): CANNOT LINK EXECUTABLE "/vendor/bin/hw/sxrservice": library "vendor.qti.hardware.qxr-V1-ndk_platform.so" not found: needed by main executable
08-22 18:19:53.508 F/linker ( 1822): CANNOT LINK EXECUTABLE "/vendor/bin/hw/qvrservice": library "vendor.qti.hardware.qxr-V1-ndk_platform.so" not found: needed by /vendor/lib64/libqvrservice.so in namespace (default)
01-01 00:44:01.672 D/ ( 0): mv2112_read_status
01-01 00:44:01.676 D/mv2112_update_link( 0): 3.0x901(1G): 0x80
01-01 00:44:01.682 D/mv2112_update_link( 0): 3.0x8109(100M): 0x0
01-01 00:44:01.688 D/mv2112_update_link( 0): link 0x0
01-01 00:44:01.693 D/mv2112_read_status( 0): autoneg is disabled
01-01 00:44:02.696 D/ ( 0): mv2112_read_status
01-01 00:44:02.700 D/mv2112_update_link( 0): 3.0x901(1G): 0x80
01-01 00:44:02.707 D/mv2112_update_link( 0): 3.0x8109(100M): 0x0
01-01 00:44:02.713 D/mv2112_update_link( 0): link 0x0
01-01 00:44:02.717 D/mv2112_read_status( 0): autoneg is disabled
01-01 00:44:03.726 D/ ( 0): mv2112_read_status
01-01 00:44:03.732 D/mv2112_update_link( 0): 3.0x901(1G): 0x80
01-01 00:44:03.738 D/mv2112_update_link( 0): 3.0x8109(100M): 0x0
01-01 00:44:03.744 D/mv2112_update_link( 0): link 0x0
01-01 00:44:03.748 D/mv2112_read_status( 0): autoneg is disabled
01-01 00:44:04.777 D/ ( 0): mv2112_read_status
01-01 00:44:04.780 D/mv2112_update_link( 0): 3.0x901(1G): 0x80
01-01 00:44:04.786 D/mv2112_update_link( 0): 3.0x8109(100M): 0x0
01-01 00:44:04.793 D/mv2112_update_link( 0): link 0x0
01-01 00:44:04.797 D/mv2112_read_status( 0): autoneg is disabled
01-01 00:44:05.800 D/ ( 0): mv2112_read_status
01-01 00:44:05.806 D/mv2112_update_link( 0): 3.0x901(1G): 0x80
01-01 00:44:05.811 D/mv2112_update_link( 0): 3.0x8109(100M): 0x0
01-01 00:44:05.817 D/mv2112_update_link( 0): link 0x0
01-01 00:44:05.821 D/mv2112_read_status( 0): autoneg is disabled
01-01 00:44:06.228 I/init ( 0): starting service 'qvrd_vndr'...
01-01 00:44:06.234 I/init ( 0): Created socket '/dev/socket/qvrservice_vndr', mode 660, user 1000, group 1000
01-01 00:44:06.243 I/init ( 0): Created socket '/dev/socket/qvrservice_vndr_camera', mode 660, user 1000, group 1000
01-01 00:44:06.264 I/init ( 0): starting service 'sxrd'...
01-01 00:44:06.278 I/init ( 0): starting service 'vendor.light-hal-2-0'...
01-01 00:44:06.297 I/init ( 0): Service 'sxrd' (pid 4491) exited with status 1
01-01 00:44:06.303 I/init ( 0): Sending signal 9 to service 'sxrd' (pid 4491) process group...
01-01 00:44:06.311 I/libprocessgroup( 0): Successfully killed process cgroup uid 1000 pid 4491 in 0ms
01-01 00:44:06.322 I/init ( 0): Service 'qvrd_vndr' (pid 4488) exited with status 1
01-01 00:44:06.329 I/init ( 0): Sending signal 9 to service 'qvrd_vndr' (pid 4488) process group...
08-22 18:19:58.543 F/linker ( 4491): CANNOT LINK EXECUTABLE "/vendor/bin/hw/sxrservice": library "vendor.qti.hardware.qxr-V1-ndk_platform.so" not found: needed by main executable
08-22 18:19:58.544 F/linker ( 4488): CANNOT LINK EXECUTABLE "/vendor/bin/hw/qvrservice": library "vendor.qti.hardware.qxr-V1-ndk_platform.so" not found: needed by /vendor/lib64/libqvrservice.so in namespace (default)
01-01 00:44:06.824 D/ ( 0): mv2112_read_status
01-01 00:44:06.828 D/mv2112_update_link( 0): 3.0x901(1G): 0x80
01-01 00:44:06.834 D/mv2112_update_link( 0): 3.0x8109(100M): 0x0
01-01 00:44:06.841 D/mv2112_update_link( 0): link 0x0
01-01 00:44:06.845 D/mv2112_read_status( 0): autoneg is disabled
01-01 00:44:07.849 D/ ( 0): mv2112_read_status
01-01 00:44:07.852 D/mv2112_update_link( 0): 3.0x901(1G): 0x80
01-01 00:44:07.858 D/mv2112_update_link( 0): 3.0x8109(100M): 0x0
01-01 00:44:07.871 D/mv2112_update_link( 0): link 0x0
01-01 00:44:07.876 D/mv2112_read_status( 0): autoneg is disabled
01-01 00:44:08.904 D/ ( 0): mv2112_read_status
01-01 00:44:08.908 D/mv2112_update_link( 0): 3.0x901(1G): 0x80
01-01 00:44:08.914 D/mv2112_update_link( 0): 3.0x8109(100M): 0x0
01-01 00:44:08.920 D/mv2112_update_link( 0): link 0x0
01-01 00:44:08.925 D/mv2112_read_status( 0): autoneg is disabled
01-01 00:44:09.928 D/ ( 0): mv2112_read_status
01-01 00:44:09.932 D/mv2112_update_link( 0): 3.0x901(1G): 0x80
01-01 00:44:09.938 D/mv2112_update_link( 0): 3.0x8109(100M): 0x0
01-01 00:44:09.943 D/mv2112_update_link( 0): link 0x0
01-01 00:44:09.948 D/mv2112_read_status( 0): autoneg is disabled
01-01 00:44:10.958 D/ ( 0): mv2112_read_status
01-01 00:44:10.962 D/mv2112_update_link( 0): 3.0x901(1G): 0x80
01-01 00:44:10.971 D/mv2112_update_link( 0): 3.0x8109(100M): 0x0
01-01 00:44:10.976 D/mv2112_update_link( 0): link 0x0
01-01 00:44:10.981 D/mv2112_read_status( 0): autoneg is disabled
01-01 00:44:11.265 I/init ( 0): starting service 'qvrd_vndr'...
01-01 00:44:11.271 I/init ( 0): Created socket '/dev/socket/qvrservice_vndr', mode 660, user 1000, group 1000
01-01 00:44:11.282 I/init ( 0): Created socket '/dev/socket/qvrservice_vndr_camera', mode 660, user 1000, group 1000
01-01 00:44:11.305 I/init ( 0): starting service 'sxrd'...
01-01 00:44:11.319 I/init ( 0): starting service 'vendor.light-hal-2-0'...
01-01 00:44:11.340 I/init ( 0): Service 'qvrd_vndr' (pid 6409) exited with status 1
01-01 00:44:11.346 I/init ( 0): Sending signal 9 to service 'qvrd_vndr' (pid 6409) process group...
01-01 00:44:11.354 I/libprocessgroup( 0): Successfully killed process cgroup uid 1000 pid 6409 in 0ms
01-01 00:44:11.364 I/init ( 0): Service 'sxrd' (pid 6419) exited with status 1
01-01 00:44:11.370 I/init ( 0): Sending signal 9 to service 'sxrd' (pid 6419) process group...
08-22 18:20:03.585 F/linker ( 6409): CANNOT LINK EXECUTABLE "/vendor/bin/hw/qvrservice": library "vendor.qti.hardware.qxr-V1-ndk_platform.so" not found: needed by /vendor/lib64/libqvrservice.so in namespace (default)
08-22 18:20:03.587 F/linker ( 6419): CANNOT LINK EXECUTABLE "/vendor/bin/hw/sxrservice": library "vendor.qti.hardware.qxr-V1-ndk_platform.so" not found: needed by main executable
01-01 00:44:12.011 D/ ( 0): mv2112_read_status
01-01 00:44:12.016 D/mv2112_update_link( 0): 3.0x901(1G): 0x80
01-01 00:44:12.023 D/mv2112_update_link( 0): 3.0x8109(100M): 0x0
01-01 00:44:12.028 D/mv2112_update_link( 0): link 0x0
01-01 00:44:12.034 D/mv2112_read_status( 0): autoneg is disabled
01-01 00:44:13.064 D/ ( 0): mv2112_read_status
01-01 00:44:13.069 D/mv2112_update_link( 0): 3.0x901(1G): 0x80
01-01 00:44:13.076 D/mv2112_update_link( 0): 3.0x8109(100M): 0x0
01-01 00:44:13.084 D/mv2112_update_link( 0): link 0x0
01-01 00:44:13.089 D/mv2112_read_status( 0): autoneg is disabled
08-22 18:20:06.262 I/PowerManagerService( 1164): Napping display group (groupId=0, uid=1000)...
08-22 18:20:06.262 I/PowerManagerService( 1164): Nap time (uid 1000)...
08-22 18:20:06.268 I/DreamManagerService( 1164): Entering dreamland.
08-22 18:20:06.273 I/PowerManagerService( 1164): Dreaming...
01-01 00:44:14.121 D/ ( 0): mv2112_read_status
08-22 18:20:06.278 I/DreamController( 1164): Starting dream: name=ComponentInfo{com.android.deskclock/com.android.deskclock.Screensaver}, isTest=false, canDoze=false, userId=0
01-01 00:44:14.124 D/mv2112_update_link( 0): 3.0x901(1G): 0x80
08-22 18:20:06.290 D/AutofillManagerService( 1164): Close system dialogs
01-01 00:44:14.136 D/mv2112_update_link( 0): 3.0x8109(100M): 0x0
01-01 00:44:14.142 D/mv2112_update_link( 0): link 0x0
01-01 00:44:14.146 D/mv2112_read_status( 0): autoneg is disabled
08-22 18:20:06.305 I/ActivityTaskManager( 1164): START u0 {flg=0x10000000 pkg=com.android.deskclock cmp=com.android.deskclock/android.service.dreams.DreamActivity (has extras)} from uid 10078
08-22 18:20:06.323 W/ActivityTaskManager( 1164): Can't find TaskDisplayArea to determine support for multi window. Task id=21 attached=false
08-22 18:20:06.329 V/SplashScreenExceptionList( 1164): SplashScreen checking exception for package com.android.deskclock (target sdk:29) -> false
08-22 18:20:06.350 I/ActivityTaskManager( 1164): The Process com.android.deskclock Already Exists in BG. So sending its PID: 3083
08-22 18:20:06.350 W/ActivityTaskManager( 1164): Tried to set launchTime (0) < mLastActivityLaunchTime (2183905)
08-22 18:20:06.375 W/WindowManager( 1164): Failed looking up window session=Session{6ad21f0 3083:u0a10078} callers=com.android.server.wm.WindowManagerService.windowForClientLocked:5626 com.android.server.wm.Session.insetsModified:629 android.view.IWindowSession$Stub.onTransact:1151
01-01 00:44:15.178 D/ ( 0): mv2112_read_status
01-01 00:44:15.181 D/mv2112_update_link( 0): 3.0x901(1G): 0x80
01-01 00:44:15.187 D/mv2112_update_link( 0): 3.0x8109(100M): 0x0
01-01 00:44:15.192 D/mv2112_update_link( 0): link 0x0
01-01 00:44:15.197 D/mv2112_read_status( 0): autoneg is disabled
01-01 00:44:16.200 D/ ( 0): mv2112_read_status
01-01 00:44:16.208 D/mv2112_update_link( 0): 3.0x901(1G): 0x80
01-01 00:44:16.220 D/mv2112_update_link( 0): 3.0x8109(100M): 0x0
01-01 00:44:16.225 D/mv2112_update_link( 0): link 0x0
01-01 00:44:16.230 D/mv2112_read_status( 0): autoneg is disabled
01-01 00:44:16.303 I/init ( 0): starting service 'qvrd_vndr'...
01-01 00:44:16.309 I/init ( 0): Created socket '/dev/socket/qvrservice_vndr', mode 660, user 1000, group 1000
01-01 00:44:16.320 I/init ( 0): Created socket '/dev/socket/qvrservice_vndr_camera', mode 660, user 1000, group 1000
01-01 00:44:16.344 I/init ( 0): starting service 'sxrd'...
01-01 00:44:16.359 I/init ( 0): starting service 'vendor.light-hal-2-0'...
01-01 00:44:16.375 I/init ( 0): Service 'qvrd_vndr' (pid 8026) exited with status 1
01-01 00:44:16.382 I/init ( 0): Sending signal 9 to service 'qvrd_vndr' (pid 8026) process group...
01-01 00:44:16.390 I/libprocessgroup( 0): Successfully killed process cgroup uid 1000 pid 8026 in 0ms
01-01 00:44:16.400 I/init ( 0): Service 'sxrd' (pid 8034) exited with status 1
01-01 00:44:16.406 I/init ( 0): Sending signal 9 to service 'sxrd' (pid 8034) process group...
08-22 18:20:08.565 I/DreamManagerService( 1164): Gently waking up from dream.
08-22 18:20:08.566 I/PowerManagerService( 1164): Powering on display group fromDreaming (groupId=0, uid=1000, reason=WAKE_REASON_UNKNOWN, details=android.server.power:DREAM_FINISHED)...
08-22 18:20:08.566 I/DreamManagerService( 1164): Performing gentle wake from dream.
08-22 18:20:08.566 I/PowerManagerService( 1164): Waking up from Dreaming (uid=1000, reason=WAKE_REASON_UNKNOWN, details=android.server.power:DREAM_FINISHED)...
08-22 18:20:08.608 F/linker ( 8026): CANNOT LINK EXECUTABLE "/vendor/bin/hw/qvrservice": library "vendor.qti.hardware.qxr-V1-ndk_platform.so" not found: needed by /vendor/lib64/libqvrservice.so in namespace (default)
08-22 18:20:08.623 F/linker ( 8034): CANNOT LINK EXECUTABLE "/vendor/bin/hw/sxrservice": library "vendor.qti.hardware.qxr-V1-ndk_platform.so" not found: needed by main executable
08-22 18:20:08.939 I/DreamManagerService( 1164): Leaving dreamland.
08-22 18:20:08.940 I/DreamManagerService( 1164): Performing gentle wake from dream.
08-22 18:20:08.940 I/DreamController( 1164): Stopping dream: name=ComponentInfo{com.android.deskclock/com.android.deskclock.Screensaver}, isTest=false, canDoze=false, userId=0, reason='finished self'(from 'request awaken')
08-22 18:20:08.963 W/ActivityTaskManager( 1164): Can't find TaskDisplayArea to determine support for multi window. Task id=21 attached=false
01-01 00:44:17.267 D/ ( 0): mv2112_read_status
01-01 00:44:17.272 D/mv2112_update_link( 0): 3.0x901(1G): 0x80
01-01 00:44:17.278 D/mv2112_update_link( 0): 3.0x8109(100M): 0x0
01-01 00:44:17.283 D/mv2112_update_link( 0): link 0x0
01-01 00:44:17.287 D/mv2112_read_status( 0): autoneg is disabled
01-01 00:44:18.313 D/ ( 0): mv2112_read_status
01-01 00:44:18.316 D/mv2112_update_link( 0): 3.0x901(1G): 0x80
01-01 00:44:18.321 D/mv2112_update_link( 0): 3.0x8109(100M): 0x0
01-01 00:44:18.328 D/mv2112_update_link( 0): link 0x0
01-01 00:44:18.332 D/mv2112_read_status( 0): autoneg is disabled
01-01 00:44:19.336 D/ ( 0): mv2112_read_status
01-01 00:44:19.340 D/mv2112_update_link( 0): 3.0x901(1G): 0x80
01-01 00:44:19.345 D/mv2112_update_link( 0): 3.0x8109(100M): 0x0
01-01 00:44:19.351 D/mv2112_update_link( 0): link 0x0
01-01 00:44:19.355 D/mv2112_read_status( 0): autoneg is disabled
01-01 00:44:20.361 D/ ( 0): mv2112_read_status
01-01 00:44:20.364 D/mv2112_update_link( 0): 3.0x901(1G): 0x80
01-01 00:44:20.370 D/mv2112_update_link( 0): 3.0x8109(100M): 0x0
01-01 00:44:20.376 D/mv2112_update_link( 0): link 0x0
01-01 00:44:20.381 D/mv2112_read_status( 0): autoneg is disabled
01-01 00:44:20.769 I/afe_find_cal_topo_id_by_port( 0): port id: 0x9000, dev_acdb_id: 0
01-01 00:44:20.777 I/afe_find_cal_topo_id_by_port( 0): top_id:112fc acdb_id:15 afe_port:0x9000
01-01 00:44:20.785 I/afe_get_cal_topology_id( 0): port_id = 0x9000 acdb_id = 15 topology_id = 0x112fc cal_type_index=8 ret=0
01-01 00:44:20.796 I/afe_send_port_topology_id( 0): AFE set topology id 0x112fc enable for port 0x9000 ret 0
01-01 00:44:20.805 I/send_afe_cal_type( 0): cal_index is 0
01-01 00:44:20.810 I/send_afe_cal_type( 0): dev_acdb_id[55] is 0
01-01 00:44:20.815 I/send_afe_cal_type( 0): Sending cal_index cal 0
08-22 18:20:12.992 I/ActivityTaskManager( 1164): START u0 {act=android.intent.action.MAIN cat=[android.intent.category.LAUNCHER] flg=0x10200000 pkg=com.android.gallery3d cmp=com.android.gallery3d/.app.GalleryActivity bnds=[337,662][635,975]} from uid 10106
08-22 18:20:12.997 D/CompatibilityChangeReporter( 1164): Compat change id reported: 168419799; UID 10076; state: DISABLED
08-22 18:20:13.000 D/PhoneStartingWindowTypeAlgorithm( 2258): preferredStartingWindowType newTask:false taskSwitch:true processRunning:true allowTaskSnapshot:true activityCreated:true useEmptySplashScreen:false legacySplashScreen:false topIsHome:false
08-22 18:20:13.000 D/PhoneStartingWindowTypeAlgorithm( 2258): isSnapshotCompatible rotation 0 snapshot 0
01-01 00:44:20.820 E/send_afe_cal_type( 0): No cal sent for cal_index 0, port_id = 0x9000! ret -22
01-01 00:44:20.829 I/afe_send_hw_delay( 0): port_id 0x9000 rate 48000 delay_usec 474 status 0
08-22 18:20:13.033 D/CompatibilityChangeReporter( 1164): Compat change id reported: 181136395; UID 10076; state: DISABLED
08-22 18:20:13.034 D/CompatibilityChangeReporter( 1164): Compat change id reported: 174042936; UID 10076; state: DISABLED
08-22 18:20:13.103 D/StartingSurfaceDrawer( 2258): Task start finish, remove starting surface for task 18
01-01 00:44:21.345 I/init ( 0): starting service 'qvrd_vndr'...
01-01 00:44:21.352 I/init ( 0): Created socket '/dev/socket/qvrservice_vndr', mode 660, user 1000, group 1000
01-01 00:44:21.362 I/init ( 0): Created socket '/dev/socket/qvrservice_vndr_camera', mode 660, user 1000, group 1000
01-01 00:44:21.385 I/init ( 0): starting service 'sxrd'...
01-01 00:44:21.385 D/ ( 0): mv2112_read_status
01-01 00:44:21.399 I/init ( 0): starting service 'vendor.light-hal-2-0'...
01-01 00:44:21.399 D/mv2112_update_link( 0): 3.0x901(1G): 0x80
01-01 00:44:21.410 D/mv2112_update_link( 0): 3.0x8109(100M): 0x0
01-01 00:44:21.415 D/mv2112_update_link( 0): link 0x0
01-01 00:44:21.416 I/init ( 0): Service 'qvrd_vndr' (pid 9783) exited with status 1
01-01 00:44:21.420 D/mv2112_read_status( 0): autoneg is disabled
01-01 00:44:21.427 I/init ( 0): Sending signal 9 to service 'qvrd_vndr' (pid 9783) process group...
01-01 00:44:21.440 I/libprocessgroup( 0): Successfully killed process cgroup uid 1000 pid 9783 in 0ms
01-01 00:44:21.450 I/init ( 0): Service 'sxrd' (pid 9790) exited with status 1
01-01 00:44:21.456 I/init ( 0): Sending signal 9 to service 'sxrd' (pid 9790) process group...
08-22 18:20:13.652 F/linker ( 9783): CANNOT LINK EXECUTABLE "/vendor/bin/hw/qvrservice": library "vendor.qti.hardware.qxr-V1-ndk_platform.so" not found: needed by /vendor/lib64/libqvrservice.so in namespace (default)
08-22 18:20:13.662 F/linker ( 9790): CANNOT LINK EXECUTABLE "/vendor/bin/hw/sxrservice": library "vendor.qti.hardware.qxr-V1-ndk_platform.so" not found: needed by main executable
01-01 00:44:22.442 D/ ( 0): mv2112_read_status
01-01 00:44:22.446 D/mv2112_update_link( 0): 3.0x901(1G): 0x80
01-01 00:44:22.457 D/mv2112_update_link( 0): 3.0x8109(100M): 0x0
01-01 00:44:22.462 D/mv2112_update_link( 0): link 0x0
01-01 00:44:22.466 D/mv2112_read_status( 0): autoneg is disabled
01-01 00:44:23.496 D/ ( 0): mv2112_read_status
01-01 00:44:23.500 D/mv2112_update_link( 0): 3.0x901(1G): 0x80
01-01 00:44:23.506 D/mv2112_update_link( 0): 3.0x8109(100M): 0x0
01-01 00:44:23.511 D/mv2112_update_link( 0): link 0x0
01-01 00:44:23.517 D/mv2112_read_status( 0): autoneg is disabled
08-22 18:20:16.050 E/TaskPersister( 1164): File error accessing recents directory (directory doesn't exist?).
01-01 00:44:24.149 I/afe_close( 0): port_id = 0x9000
08-22 18:20:16.626 W/NotificationService( 1164): Toast already killed. pkg=com.android.gallery3d token=android.os.BinderProxy@fd3a7ad
01-01 00:44:24.521 D/ ( 0): mv2112_read_status
01-01 00:44:24.524 D/mv2112_update_link( 0): 3.0x901(1G): 0x80
01-01 00:44:24.539 D/mv2112_update_link( 0): 3.0x8109(100M): 0x0
01-01 00:44:24.545 D/mv2112_update_link( 0): link 0x0
01-01 00:44:24.557 D/mv2112_read_status( 0): autoneg is disabled
01-01 00:44:25.576 D/ ( 0): mv2112_read_status
01-01 00:44:25.583 D/mv2112_update_link( 0): 3.0x901(1G): 0x80
01-01 00:44:25.589 D/mv2112_update_link( 0): 3.0x8109(100M): 0x0
01-01 00:44:25.595 D/mv2112_update_link( 0): link 0x0
01-01 00:44:25.600 D/mv2112_read_status( 0): autoneg is disabled
01-01 00:44:26.386 I/init ( 0): starting service 'qvrd_vndr'...
01-01 00:44:26.391 I/init ( 0): Created socket '/dev/socket/qvrservice_vndr', mode 660, user 1000, group 1000
01-01 00:44:26.401 I/init ( 0): Created socket '/dev/socket/qvrservice_vndr_camera', mode 660, user 1000, group 1000
01-01 00:44:26.419 I/init ( 0): starting service 'sxrd'...
01-01 00:44:26.435 I/init ( 0): starting service 'vendor.light-hal-2-0'...
01-01 00:44:26.451 I/init ( 0): Service 'qvrd_vndr' (pid 11541) exited with status 1
01-01 00:44:26.457 I/init ( 0): Sending signal 9 to service 'qvrd_vndr' (pid 11541) process group...
01-01 00:44:26.466 I/libprocessgroup( 0): Successfully killed process cgroup uid 1000 pid 11541 in 0ms
01-01 00:44:26.476 I/init ( 0): Service 'sxrd' (pid 11548) exited with status 1
01-01 00:44:26.482 I/init ( 0): Sending signal 9 to service 'sxrd' (pid 11548) process group...
08-22 18:20:18.696 F/linker (11541): CANNOT LINK EXECUTABLE "/vendor/bin/hw/qvrservice": library "vendor.qti.hardware.qxr-V1-ndk_platform.so" not found: needed by /vendor/lib64/libqvrservice.so in namespace (default)
08-22 18:20:18.706 F/linker (11548): CANNOT LINK EXECUTABLE "/vendor/bin/hw/sxrservice": library "vendor.qti.hardware.qxr-V1-ndk_platform.so" not found: needed by main executable
01-01 00:44:26.632 D/ ( 0): mv2112_read_status
01-01 00:44:26.636 D/mv2112_update_link( 0): 3.0x901(1G): 0x80
01-01 00:44:26.642 D/mv2112_update_link( 0): 3.0x8109(100M): 0x0
01-01 00:44:26.649 D/mv2112_update_link( 0): link 0x0
01-01 00:44:26.653 D/mv2112_read_status( 0): autoneg is disabled
01-01 00:44:27.658 D/ ( 0): mv2112_read_status
08-22 18:20:19.810 I/DropBoxManagerService( 1164): add tag=system_app_strictmode isTagEnabled=true flags=0x2
01-01 00:44:27.668 D/mv2112_update_link( 0): 3.0x901(1G): 0x80
01-01 00:44:27.675 D/mv2112_update_link( 0): 3.0x8109(100M): 0x0
01-01 00:44:27.681 D/mv2112_update_link( 0): link 0x0
08-22 18:20:19.859 D/AutofillManagerService( 1164): Close system dialogs
01-01 00:44:27.685 D/mv2112_read_status( 0): autoneg is disabled
08-22 18:20:20.663 I/NotificationService( 1164): cancelToast pkg=com.android.gallery3d token=android.os.BinderProxy@fd3a7ad
08-22 18:20:20.663 W/NotificationService( 1164): Toast already cancelled. pkg=com.android.gallery3d token=android.os.BinderProxy@fd3a7ad
01-01 00:44:28.713 D/ ( 0): mv2112_read_status
01-01 00:44:28.716 D/mv2112_update_link( 0): 3.0x901(1G): 0x80
01-01 00:44:28.721 D/mv2112_update_link( 0): 3.0x8109(100M): 0x0
01-01 00:44:28.727 D/mv2112_update_link( 0): link 0x0
01-01 00:44:28.732 D/mv2112_read_status( 0): autoneg is disabled
01-01 00:44:29.736 D/ ( 0): mv2112_read_status
01-01 00:44:29.740 D/mv2112_update_link( 0): 3.0x901(1G): 0x80
01-01 00:44:29.749 D/mv2112_update_link( 0): 3.0x8109(100M): 0x0
01-01 00:44:29.757 D/mv2112_update_link( 0): link 0x0
01-01 00:44:29.761 D/mv2112_read_status( 0): autoneg is disabled
01-01 00:44:30.794 D/ ( 0): mv2112_read_status
01-01 00:44:30.798 D/mv2112_update_link( 0): 3.0x901(1G): 0x80
01-01 00:44:30.805 D/mv2112_update_link( 0): 3.0x8109(100M): 0x0
01-01 00:44:30.810 D/mv2112_update_link( 0): link 0x0
01-01 00:44:30.815 D/mv2112_read_status( 0): autoneg is disabled
01-01 00:44:31.422 I/init ( 0): starting service 'qvrd_vndr'...
01-01 00:44:31.428 I/init ( 0): Created socket '/dev/socket/qvrservice_vndr', mode 660, user 1000, group 1000
01-01 00:44:31.438 I/init ( 0): Created socket '/dev/socket/qvrservice_vndr_camera', mode 660, user 1000, group 1000
01-01 00:44:31.463 I/init ( 0): starting service 'sxrd'...
01-01 00:44:31.477 I/init ( 0): starting service 'vendor.light-hal-2-0'...
01-01 00:44:31.490 I/init ( 0): Service 'qvrd_vndr' (pid 13365) exited with status 1
01-01 00:44:31.497 I/init ( 0): Sending signal 9 to service 'qvrd_vndr' (pid 13365) process group...
01-01 00:44:31.505 I/libprocessgroup( 0): Successfully killed process cgroup uid 1000 pid 13365 in 0ms
01-01 00:44:31.515 I/init ( 0): Service 'sxrd' (pid 13376) exited with status 1
01-01 00:44:31.522 I/init ( 0): Sending signal 9 to service 'sxrd' (pid 13376) process group...
08-22 18:20:23.724 F/linker (13365): CANNOT LINK EXECUTABLE "/vendor/bin/hw/qvrservice": library "vendor.qti.hardware.qxr-V1-ndk_platform.so" not found: needed by /vendor/lib64/libqvrservice.so in namespace (default)
08-22 18:20:23.729 F/linker (13376): CANNOT LINK EXECUTABLE "/vendor/bin/hw/sxrservice": library "vendor.qti.hardware.qxr-V1-ndk_platform.so" not found: needed by main executable
01-01 00:44:31.850 D/ ( 0): mv2112_read_status
01-01 00:44:31.857 D/mv2112_update_link( 0): 3.0x901(1G): 0x80
01-01 00:44:31.863 D/mv2112_update_link( 0): 3.0x8109(100M): 0x0
01-01 00:44:31.868 D/mv2112_update_link( 0): link 0x0
01-01 00:44:31.875 D/mv2112_read_status( 0): autoneg is disabled
01-01 00:44:32.905 D/ ( 0): mv2112_read_status
01-01 00:44:32.913 D/mv2112_update_link( 0): 3.0x901(1G): 0x80
01-01 00:44:32.918 D/mv2112_update_link( 0): 3.0x8109(100M): 0x0
01-01 00:44:32.925 D/mv2112_update_link( 0): link 0x0
01-01 00:44:32.930 D/mv2112_read_status( 0): autoneg is disabled
01-01 00:44:33.962 D/ ( 0): mv2112_read_status
01-01 00:44:33.970 D/mv2112_update_link( 0): 3.0x901(1G): 0x80
01-01 00:44:33.975 D/mv2112_update_link( 0): 3.0x8109(100M): 0x0
01-01 00:44:33.981 D/mv2112_update_link( 0): link 0x0
01-01 00:44:33.985 D/mv2112_read_status( 0): autoneg is disabled
01-01 00:44:35.016 D/ ( 0): mv2112_read_status
01-01 00:44:35.020 D/mv2112_update_link( 0): 3.0x901(1G): 0x80
01-01 00:44:35.026 D/mv2112_update_link( 0): 3.0x8109(100M): 0x0
01-01 00:44:35.034 D/mv2112_update_link( 0): link 0x0
01-01 00:44:35.038 D/mv2112_read_status( 0): autoneg is disabled
08-22 18:20:27.621 W/WindowManager( 1164): removeWindowToken: Attempted to remove non-existing token: android.os.Binder@55f31b
01-01 00:44:36.040 D/ ( 0): mv2112_read_status
01-01 00:44:36.045 D/mv2112_update_link( 0): 3.0x901(1G): 0x80
01-01 00:44:36.052 D/mv2112_update_link( 0): 3.0x8109(100M): 0x0
01-01 00:44:36.057 D/mv2112_update_link( 0): link 0x0
01-01 00:44:36.061 D/mv2112_read_status( 0): autoneg is disabled
01-01 00:44:36.463 I/init ( 0): starting service 'qvrd_vndr'...
01-01 00:44:36.469 I/init ( 0): Created socket '/dev/socket/qvrservice_vndr', mode 660, user 1000, group 1000
01-01 00:44:36.478 I/init ( 0): Created socket '/dev/socket/qvrservice_vndr_camera', mode 660, user 1000, group 1000
01-01 00:44:36.498 I/init ( 0): starting service 'sxrd'...
01-01 00:44:36.510 I/init ( 0): starting service 'vendor.light-hal-2-0'...
01-01 00:44:36.527 I/init ( 0): Service 'qvrd_vndr' (pid 14991) exited with status 1
01-01 00:44:36.534 I/init ( 0): Sending signal 9 to service 'qvrd_vndr' (pid 14991) process group...
01-01 00:44:36.542 I/libprocessgroup( 0): Successfully killed process cgroup uid 1000 pid 14991 in 0ms
01-01 00:44:36.552 I/init ( 0): Service 'sxrd' (pid 14995) exited with status 1
