01-01 00:50:49.083 D/mv2112_update_link( 0): 3.0x8109(100M): 0x0
01-01 00:50:49.088 D/mv2112_update_link( 0): link 0x0
01-01 00:50:49.092 D/mv2112_read_status( 0): autoneg is disabled
01-01 00:50:49.297 I/init ( 0): starting service 'qvrd_vndr'...
01-01 00:50:49.303 I/init ( 0): Created socket '/dev/socket/qvrservice_vndr', mode 660, user 1000, group 1000
01-01 00:50:49.313 I/init ( 0): Created socket '/dev/socket/qvrservice_vndr_camera', mode 660, user 1000, group 1000
01-01 00:50:49.338 I/init ( 0): starting service 'sxrd'...
01-01 00:50:49.359 I/init ( 0): Service 'qvrd_vndr' (pid 20911) exited with status 1
01-01 00:50:49.366 I/init ( 0): Sending signal 9 to service 'qvrd_vndr' (pid 20911) process group...
01-01 00:50:49.374 I/libprocessgroup( 0): Successfully killed process cgroup uid 1000 pid 20911 in 0ms
01-01 00:50:49.383 I/init ( 0): Service 'sxrd' (pid 20914) exited with status 1
01-01 00:50:49.390 I/init ( 0): Sending signal 9 to service 'sxrd' (pid 20914) process group...
01-01 00:50:49.398 I/libprocessgroup( 0): Successfully killed process cgroup uid 1000 pid 20914 in 0ms
08-22 18:26:41.600 F/linker (20911): CANNOT LINK EXECUTABLE "/vendor/bin/hw/qvrservice": library "vendor.qti.hardware.qxr-V1-ndk_platform.so" not found: needed by /vendor/lib64/libqvrservice.so in namespace (default)
08-22 18:26:41.624 F/linker (20914): CANNOT LINK EXECUTABLE "/vendor/bin/hw/sxrservice": library "vendor.qti.hardware.qxr-V1-ndk_platform.so" not found: needed by main executable
08-22 18:26:41.853 D/AutofillManagerService( 1164): onBackKeyPressed()
08-22 18:26:41.858 I/ActivityTaskManager( 1164): moveTaskToBack: Task{b50a617 #33 type=standard A=1000:com.thundercomm.mcuupgrade U=0 visible=true mode=fullscreen translucent=false sz=1}
01-01 00:50:50.120 D/ ( 0): mv2112_read_status
01-01 00:50:50.124 D/mv2112_update_link( 0): 3.0x901(1G): 0x80
01-01 00:50:50.129 D/mv2112_update_link( 0): 3.0x8109(100M): 0x0
01-01 00:50:50.137 D/mv2112_update_link( 0): link 0x0
01-01 00:50:50.147 D/mv2112_read_status( 0): autoneg is disabled
08-22 18:26:42.959 E/TaskPersister( 1164): File error accessing recents directory (directory doesn't exist?).
01-01 00:50:51.176 D/ ( 0): mv2112_read_status
01-01 00:50:51.185 D/mv2112_update_link( 0): 3.0x901(1G): 0x80
01-01 00:50:51.192 D/mv2112_update_link( 0): 3.0x8109(100M): 0x0
01-01 00:50:51.197 D/mv2112_update_link( 0): link 0x0
01-01 00:50:51.202 D/mv2112_read_status( 0): autoneg is disabled
01-01 00:50:52.232 D/ ( 0): mv2112_read_status
01-01 00:50:52.236 D/mv2112_update_link( 0): 3.0x901(1G): 0x80
01-01 00:50:52.243 D/mv2112_update_link( 0): 3.0x8109(100M): 0x0
01-01 00:50:52.248 D/mv2112_update_link( 0): link 0x0
01-01 00:50:52.252 D/mv2112_read_status( 0): autoneg is disabled
08-22 18:26:44.420 W/WindowManager( 1164): removeWindowToken: Attempted to remove non-existing token: android.os.Binder@35f2621
01-01 00:50:52.749 I/perfetto( 0): disabled ftrace
08-22 18:26:45.020 I/iorapd ( 1243): Perfetto TraceBuffer saved to file: /data/misc/iorapd/com.thundercomm.mcuupgrade/31/com.thundercomm.mcuupgrade.MainActivity/raw_traces/1661192804999979076.perfetto_trace.pb
01-01 00:50:53.257 D/ ( 0): mv2112_read_status
01-01 00:50:53.260 D/mv2112_update_link( 0): 3.0x901(1G): 0x80
01-01 00:50:53.266 D/mv2112_update_link( 0): 3.0x8109(100M): 0x0
01-01 00:50:53.276 D/mv2112_update_link( 0): link 0x0
01-01 00:50:53.280 D/mv2112_read_status( 0): autoneg is disabled
01-01 00:50:54.312 D/ ( 0): mv2112_read_status
01-01 00:50:54.316 D/mv2112_update_link( 0): 3.0x901(1G): 0x80
01-01 00:50:54.322 D/mv2112_update_link( 0): 3.0x8109(100M): 0x0
01-01 00:50:54.327 D/mv2112_update_link( 0): link 0x0
01-01 00:50:54.332 D/mv2112_read_status( 0): autoneg is disabled
01-01 00:50:54.339 I/init ( 0): starting service 'qvrd_vndr'...
01-01 00:50:54.347 I/init ( 0): Created socket '/dev/socket/qvrservice_vndr', mode 660, user 1000, group 1000
01-01 00:50:54.357 I/init ( 0): Created socket '/dev/socket/qvrservice_vndr_camera', mode 660, user 1000, group 1000
01-01 00:50:54.378 I/init ( 0): starting service 'sxrd'...
01-01 00:50:54.405 I/init ( 0): Service 'sxrd' (pid 22643) exited with status 1
01-01 00:50:54.411 I/init ( 0): Sending signal 9 to service 'sxrd' (pid 22643) process group...
01-01 00:50:54.419 I/libprocessgroup( 0): Successfully killed process cgroup uid 1000 pid 22643 in 0ms
01-01 00:50:54.429 I/init ( 0): Service 'qvrd_vndr' (pid 22634) exited with status 1
01-01 00:50:54.436 I/init ( 0): Sending signal 9 to service 'qvrd_vndr' (pid 22634) process group...
01-01 00:50:54.445 I/libprocessgroup( 0): Successfully killed process cgroup uid 1000 pid 22634 in 0ms
08-22 18:26:46.651 F/linker (22643): CANNOT LINK EXECUTABLE "/vendor/bin/hw/sxrservice": library "vendor.qti.hardware.qxr-V1-ndk_platform.so" not found: needed by main executable
08-22 18:26:46.652 F/linker (22634): CANNOT LINK EXECUTABLE "/vendor/bin/hw/qvrservice": library "vendor.qti.hardware.qxr-V1-ndk_platform.so" not found: needed by /vendor/lib64/libqvrservice.so in namespace (default)
01-01 00:50:55.337 D/ ( 0): mv2112_read_status
01-01 00:50:55.341 D/mv2112_update_link( 0): 3.0x901(1G): 0x80
01-01 00:50:55.346 D/mv2112_update_link( 0): 3.0x8109(100M): 0x0
01-01 00:50:55.352 D/mv2112_update_link( 0): link 0x0
01-01 00:50:55.356 D/mv2112_read_status( 0): autoneg is disabled
08-22 18:26:47.802 W/ContextImpl( 2661): Calling a method in the system process without a qualified user: android.app.ContextImpl.startActivity:1055 android.content.ContextWrapper.startActivity:411 com.thundercomm.remotecontrolservice.RemoteControlService.startApp:248 com.thundercomm.remotecontrolservice.remotecommand.RemoteAppLaunchCommand.doActualAction:35 com.thundercomm.remotecontrolservice.remotecommand.BaseCommand.doAction:41
08-22 18:26:47.802 W/ContextImpl( 2661): Calling a method in the system process without a qualified user: android.app.ContextImpl.startActivity:1067 android.app.ContextImpl.startActivity:1056 android.content.ContextWrapper.startActivity:411 com.thundercomm.remotecontrolservice.RemoteControlService.startApp:248 com.thundercomm.remotecontrolservice.remotecommand.RemoteAppLaunchCommand.doActualAction:35
08-22 18:26:47.806 I/ActivityTaskManager( 1164): START u0 {flg=0x10000000 cmp=com.sohu.inputmethod.sogou.car/.settingsui.SogouSettingsActivity} from uid 1000
08-22 18:26:47.817 W/ActivityTaskManager( 1164): Can't find TaskDisplayArea to determine support for multi window. Task id=34 attached=false
08-22 18:26:47.833 V/SplashScreenExceptionList( 1164): SplashScreen checking exception for package com.android.permissioncontroller (target sdk:29) -> false
08-22 18:26:47.835 D/PhoneStartingWindowTypeAlgorithm( 2258): preferredStartingWindowType newTask:true taskSwitch:true processRunning:true allowTaskSnapshot:true activityCreated:false useEmptySplashScreen:false legacySplashScreen:false topIsHome:false
08-22 18:26:47.835 D/StartingSurfaceDrawer( 2258): addSplashScreen com.android.permissioncontroller theme=7f1301e9 task=34 suggestType=1
08-22 18:26:47.844 I/ActivityTaskManager( 1164): The Process com.android.permissioncontroller Already Exists in BG. So sending its PID: 12555
08-22 18:26:47.845 W/ActivityTaskManager( 1164): Tried to set launchTime (0) < mLastActivityLaunchTime (2713717)
08-22 18:26:47.849 D/StartingSurfaceDrawer( 2258): window attributes color: 0 icon null duration 0 brandImage null
08-22 18:26:47.860 D/StartingSurfaceDrawer( 2258): FgMainColor=ffffffff BgMainColor=ffaaaaaa IsBgComplex=false FromCache=false ThemeColor=fff0f0f3
08-22 18:26:47.860 D/StartingSurfaceDrawer( 2258): isRgbSimilarInHsv a: fff0f0f3 b ffaaaaaa contrast ratio: 2.042501
08-22 18:26:47.860 D/StartingSurfaceDrawer( 2258): hsvDiff -120 ah 240.0 bh 0.0 as 0.012345679 bs 0.0 av 0.9529412 bv 0.6666667 sqH 0.4444444709353981 sqS 1.5241579254704485E-4 sqV 0.08195308519390565 root 0.41894708175052797
08-22 18:26:47.861 D/StartingSurfaceDrawer( 2258): isRgbSimilarInHsv a: fff0f0f3 b ffffffff contrast ratio: 1.1373913
08-22 18:26:47.861 D/StartingSurfaceDrawer( 2258): makeSplashScreenContentView: draw whole icon
08-22 18:26:47.862 D/StartingSurfaceDrawer( 2258): fillViewWithIcon surfaceWindowView android.window.SplashScreenView{c833fe4 V.E...... ......ID 0,0-0,0}
08-22 18:26:48.069 D/StartingSurfaceDrawer( 2258): Task start finish, remove starting surface for task 34
08-22 18:26:48.069 V/StartingSurfaceDrawer( 2258): Removing splash screen window for task: 34
01-01 00:50:56.361 D/ ( 0): mv2112_read_status
01-01 00:50:56.365 D/mv2112_update_link( 0): 3.0x901(1G): 0x80
01-01 00:50:56.371 D/mv2112_update_link( 0): 3.0x8109(100M): 0x0
01-01 00:50:56.376 D/mv2112_update_link( 0): link 0x0
01-01 00:50:56.380 D/mv2112_read_status( 0): autoneg is disabled
01-01 00:50:57.384 D/ ( 0): mv2112_read_status
01-01 00:50:57.400 D/mv2112_update_link( 0): 3.0x901(1G): 0x80
01-01 00:50:57.407 D/mv2112_update_link( 0): 3.0x8109(100M): 0x0
01-01 00:50:57.413 D/mv2112_update_link( 0): link 0x0
01-01 00:50:57.417 D/mv2112_read_status( 0): autoneg is disabled
01-01 00:50:58.441 D/ ( 0): mv2112_read_status
01-01 00:50:58.445 D/mv2112_update_link( 0): 3.0x901(1G): 0x80
01-01 00:50:58.451 D/mv2112_update_link( 0): 3.0x8109(100M): 0x0
01-01 00:50:58.456 D/mv2112_update_link( 0): link 0x0
01-01 00:50:58.460 D/mv2112_read_status( 0): autoneg is disabled
01-01 00:50:59.374 I/init ( 0): starting service 'qvrd_vndr'...
01-01 00:50:59.381 I/init ( 0): Created socket '/dev/socket/qvrservice_vndr', mode 660, user 1000, group 1000
01-01 00:50:59.391 I/init ( 0): Created socket '/dev/socket/qvrservice_vndr_camera', mode 660, user 1000, group 1000
01-01 00:50:59.414 I/init ( 0): starting service 'sxrd'...
01-01 00:50:59.438 I/init ( 0): Service 'sxrd' (pid 24274) exited with status 1
01-01 00:50:59.445 I/init ( 0): Sending signal 9 to service 'sxrd' (pid 24274) process group...
01-01 00:50:59.453 I/libprocessgroup( 0): Successfully killed process cgroup uid 1000 pid 24274 in 0ms
01-01 00:50:59.462 I/init ( 0): Service 'qvrd_vndr' (pid 24269) exited with status 1
01-01 00:50:59.464 D/ ( 0): mv2112_read_status
01-01 00:50:59.469 I/init ( 0): Sending signal 9 to service 'qvrd_vndr' (pid 24269) process group...
01-01 00:50:59.469 I/libprocessgroup( 0): Successfully killed process cgroup uid 1000 pid 24269 in 0ms
01-01 00:50:59.473 D/mv2112_update_link( 0): 3.0x901(1G): 0x80
01-01 00:50:59.494 D/mv2112_update_link( 0): 3.0x8109(100M): 0x0
01-01 00:50:59.499 D/mv2112_update_link( 0): link 0x0
01-01 00:50:59.504 D/mv2112_read_status( 0): autoneg is disabled
08-22 18:26:51.684 F/linker (24274): CANNOT LINK EXECUTABLE "/vendor/bin/hw/sxrservice": library "vendor.qti.hardware.qxr-V1-ndk_platform.so" not found: needed by main executable
08-22 18:26:51.689 F/linker (24269): CANNOT LINK EXECUTABLE "/vendor/bin/hw/qvrservice": library "vendor.qti.hardware.qxr-V1-ndk_platform.so" not found: needed by /vendor/lib64/libqvrservice.so in namespace (default)
01-01 00:51:00.521 D/ ( 0): mv2112_read_status
01-01 00:51:00.529 D/mv2112_update_link( 0): 3.0x901(1G): 0x80
01-01 00:51:00.539 D/mv2112_update_link( 0): 3.0x8109(100M): 0x0
01-01 00:51:00.544 D/mv2112_update_link( 0): link 0x0
01-01 00:51:00.549 D/mv2112_read_status( 0): autoneg is disabled
01-01 00:51:01.577 D/ ( 0): mv2112_read_status
01-01 00:51:01.581 D/mv2112_update_link( 0): 3.0x901(1G): 0x80
01-01 00:51:01.590 D/mv2112_update_link( 0): 3.0x8109(100M): 0x0
01-01 00:51:01.597 D/mv2112_update_link( 0): link 0x0
01-01 00:51:01.602 D/mv2112_read_status( 0): autoneg is disabled
01-01 00:51:02.632 D/ ( 0): mv2112_read_status
01-01 00:51:02.636 D/mv2112_update_link( 0): 3.0x901(1G): 0x80
01-01 00:51:02.642 D/mv2112_update_link( 0): 3.0x8109(100M): 0x0
01-01 00:51:02.648 D/mv2112_update_link( 0): link 0x0
01-01 00:51:02.652 D/mv2112_read_status( 0): autoneg is disabled
01-01 00:51:03.657 D/ ( 0): mv2112_read_status
01-01 00:51:03.660 D/mv2112_update_link( 0): 3.0x901(1G): 0x80
01-01 00:51:03.666 D/mv2112_update_link( 0): 3.0x8109(100M): 0x0
01-01 00:51:03.671 D/mv2112_update_link( 0): link 0x0
01-01 00:51:03.676 D/mv2112_read_status( 0): autoneg is disabled
01-01 00:51:04.414 I/init ( 0): starting service 'qvrd_vndr'...
01-01 00:51:04.420 I/init ( 0): Created socket '/dev/socket/qvrservice_vndr', mode 660, user 1000, group 1000
01-01 00:51:04.431 I/init ( 0): Created socket '/dev/socket/qvrservice_vndr_camera', mode 660, user 1000, group 1000
01-01 00:51:04.451 I/init ( 0): starting service 'sxrd'...
01-01 00:51:04.472 I/init ( 0): Service 'qvrd_vndr' (pid 26178) exited with status 1
01-01 00:51:04.478 I/init ( 0): Sending signal 9 to service 'qvrd_vndr' (pid 26178) process group...
01-01 00:51:04.487 I/libprocessgroup( 0): Successfully killed process cgroup uid 1000 pid 26178 in 0ms
01-01 00:51:04.497 I/init ( 0): starting service 'vendor.light-hal-2-0'...
01-01 00:51:04.513 I/init ( 0): Service 'sxrd' (pid 26193) exited with status 1
01-01 00:51:04.520 I/init ( 0): Sending signal 9 to service 'sxrd' (pid 26193) process group...
08-22 18:26:56.717 F/linker (26178): CANNOT LINK EXECUTABLE "/vendor/bin/hw/qvrservice": library "vendor.qti.hardware.qxr-V1-ndk_platform.so" not found: needed by /vendor/lib64/libqvrservice.so in namespace (default)
08-22 18:26:56.745 F/linker (26193): CANNOT LINK EXECUTABLE "/vendor/bin/hw/sxrservice": library "vendor.qti.hardware.qxr-V1-ndk_platform.so" not found: needed by main executable
01-01 00:51:04.680 D/ ( 0): mv2112_read_status
01-01 00:51:04.684 D/mv2112_update_link( 0): 3.0x901(1G): 0x80
01-01 00:51:04.689 D/mv2112_update_link( 0): 3.0x8109(100M): 0x0
01-01 00:51:04.695 D/mv2112_update_link( 0): link 0x0
01-01 00:51:04.700 D/mv2112_read_status( 0): autoneg is disabled
01-01 00:51:05.704 D/ ( 0): mv2112_read_status
01-01 00:51:05.708 D/mv2112_update_link( 0): 3.0x901(1G): 0x80
01-01 00:51:05.714 D/mv2112_update_link( 0): 3.0x8109(100M): 0x0
01-01 00:51:05.719 D/mv2112_update_link( 0): link 0x0
01-01 00:51:05.723 D/mv2112_read_status( 0): autoneg is disabled
01-01 00:51:06.728 D/ ( 0): mv2112_read_status
01-01 00:51:06.735 D/mv2112_update_link( 0): 3.0x901(1G): 0x80
01-01 00:51:06.740 D/mv2112_update_link( 0): 3.0x8109(100M): 0x0
01-01 00:51:06.745 D/mv2112_update_link( 0): link 0x0
01-01 00:51:06.751 D/mv2112_read_status( 0): autoneg is disabled
01-01 00:51:07.752 D/ ( 0): mv2112_read_status
01-01 00:51:07.756 D/mv2112_update_link( 0): 3.0x901(1G): 0x80
01-01 00:51:07.770 D/mv2112_update_link( 0): 3.0x8109(100M): 0x0
01-01 00:51:07.776 D/mv2112_update_link( 0): link 0x0
01-01 00:51:07.781 D/mv2112_read_status( 0): autoneg is disabled
01-01 00:51:08.809 D/ ( 0): mv2112_read_status
01-01 00:51:08.813 D/mv2112_update_link( 0): 3.0x901(1G): 0x80
01-01 00:51:08.818 D/mv2112_update_link( 0): 3.0x8109(100M): 0x0
01-01 00:51:08.824 D/mv2112_update_link( 0): link 0x0
01-01 00:51:08.830 D/mv2112_read_status( 0): autoneg is disabled
01-01 00:51:09.452 I/init ( 0): starting service 'qvrd_vndr'...
01-01 00:51:09.459 I/init ( 0): Created socket '/dev/socket/qvrservice_vndr', mode 660, user 1000, group 1000
01-01 00:51:09.469 I/init ( 0): Created socket '/dev/socket/qvrservice_vndr_camera', mode 660, user 1000, group 1000
01-01 00:51:09.491 I/init ( 0): starting service 'sxrd'...
01-01 00:51:09.510 I/init ( 0): starting service 'vendor.light-hal-2-0'...
01-01 00:51:09.528 I/init ( 0): Service 'qvrd_vndr' (pid 28049) exited with status 1
01-01 00:51:09.535 I/init ( 0): Sending signal 9 to service 'qvrd_vndr' (pid 28049) process group...
01-01 00:51:09.544 I/libprocessgroup( 0): Successfully killed process cgroup uid 1000 pid 28049 in 0ms
01-01 00:51:09.556 I/init ( 0): Service 'sxrd' (pid 28057) exited with status 1
01-01 00:51:09.562 I/init ( 0): Sending signal 9 to service 'sxrd' (pid 28057) process group...
08-22 18:27:01.774 F/linker (28049): CANNOT LINK EXECUTABLE "/vendor/bin/hw/qvrservice": library "vendor.qti.hardware.qxr-V1-ndk_platform.so" not found: needed by /vendor/lib64/libqvrservice.so in namespace (default)
08-22 18:27:01.787 F/linker (28057): CANNOT LINK EXECUTABLE "/vendor/bin/hw/sxrservice": library "vendor.qti.hardware.qxr-V1-ndk_platform.so" not found: needed by main executable
01-01 00:51:09.833 D/ ( 0): mv2112_read_status
01-01 00:51:09.837 D/mv2112_update_link( 0): 3.0x901(1G): 0x80
01-01 00:51:09.844 D/mv2112_update_link( 0): 3.0x8109(100M): 0x0
01-01 00:51:09.850 D/mv2112_update_link( 0): link 0x0
01-01 00:51:09.854 D/mv2112_read_status( 0): autoneg is disabled
01-01 00:51:10.857 D/ ( 0): mv2112_read_status
01-01 00:51:10.862 D/mv2112_update_link( 0): 3.0x901(1G): 0x80
01-01 00:51:10.868 D/mv2112_update_link( 0): 3.0x8109(100M): 0x0
01-01 00:51:10.873 D/mv2112_update_link( 0): link 0x0
01-01 00:51:10.877 D/mv2112_read_status( 0): autoneg is disabled
01-01 00:51:11.880 D/ ( 0): mv2112_read_status
01-01 00:51:11.884 D/mv2112_update_link( 0): 3.0x901(1G): 0x80
01-01 00:51:11.889 D/mv2112_update_link( 0): 3.0x8109(100M): 0x0
01-01 00:51:11.895 D/mv2112_update_link( 0): link 0x0
01-01 00:51:11.899 D/mv2112_read_status( 0): autoneg is disabled
01-01 00:51:12.904 D/ ( 0): mv2112_read_status
01-01 00:51:12.908 D/mv2112_update_link( 0): 3.0x901(1G): 0x80
01-01 00:51:12.914 D/mv2112_update_link( 0): 3.0x8109(100M): 0x0
01-01 00:51:12.919 D/mv2112_update_link( 0): link 0x0
01-01 00:51:12.923 D/mv2112_read_status( 0): autoneg is disabled
01-01 00:51:13.928 D/ ( 0): mv2112_read_status
01-01 00:51:13.932 D/mv2112_update_link( 0): 3.0x901(1G): 0x80
01-01 00:51:13.938 D/mv2112_update_link( 0): 3.0x8109(100M): 0x0
01-01 00:51:13.944 D/mv2112_update_link( 0): link 0x0
01-01 00:51:13.950 D/mv2112_read_status( 0): autoneg is disabled
01-01 00:51:14.491 I/init ( 0): starting service 'qvrd_vndr'...
01-01 00:51:14.497 I/init ( 0): Created socket '/dev/socket/qvrservice_vndr', mode 660, user 1000, group 1000
01-01 00:51:14.508 I/init ( 0): Created socket '/dev/socket/qvrservice_vndr_camera', mode 660, user 1000, group 1000
01-01 00:51:14.529 I/init ( 0): starting service 'sxrd'...
01-01 00:51:14.544 I/init ( 0): starting service 'vendor.light-hal-2-0'...
01-01 00:51:14.568 I/init ( 0): Service 'qvrd_vndr' (pid 29862) exited with status 1
01-01 00:51:14.574 I/init ( 0): Sending signal 9 to service 'qvrd_vndr' (pid 29862) process group...
01-01 00:51:14.583 I/libprocessgroup( 0): Successfully killed process cgroup uid 1000 pid 29862 in 0ms
01-01 00:51:14.593 I/init ( 0): Service 'sxrd' (pid 29872) exited with status 1
01-01 00:51:14.599 I/init ( 0): Sending signal 9 to service 'sxrd' (pid 29872) process group...
08-22 18:27:06.813 F/linker (29862): CANNOT LINK EXECUTABLE "/vendor/bin/hw/qvrservice": library "vendor.qti.hardware.qxr-V1-ndk_platform.so" not found: needed by /vendor/lib64/libqvrservice.so in namespace (default)
08-22 18:27:06.819 F/linker (29872): CANNOT LINK EXECUTABLE "/vendor/bin/hw/sxrservice": library "vendor.qti.hardware.qxr-V1-ndk_platform.so" not found: needed by main executable
01-01 00:51:14.952 D/ ( 0): mv2112_read_status
01-01 00:51:14.956 D/mv2112_update_link( 0): 3.0x901(1G): 0x80
01-01 00:51:14.961 D/mv2112_update_link( 0): 3.0x8109(100M): 0x0
01-01 00:51:14.967 D/mv2112_update_link( 0): link 0x0
01-01 00:51:14.971 D/mv2112_read_status( 0): autoneg is disabled
01-01 00:51:15.977 D/ ( 0): mv2112_read_status
01-01 00:51:15.980 D/mv2112_update_link( 0): 3.0x901(1G): 0x80
01-01 00:51:15.987 D/mv2112_update_link( 0): 3.0x8109(100M): 0x0
01-01 00:51:15.993 D/mv2112_update_link( 0): link 0x0
01-01 00:51:15.997 D/mv2112_read_status( 0): autoneg is disabled
01-01 00:51:17.001 D/ ( 0): mv2112_read_status
01-01 00:51:17.004 D/mv2112_update_link( 0): 3.0x901(1G): 0x80
01-01 00:51:17.010 D/mv2112_update_link( 0): 3.0x8109(100M): 0x0
01-01 00:51:17.015 D/mv2112_update_link( 0): link 0x0
01-01 00:51:17.020 D/mv2112_read_status( 0): autoneg is disabled
01-01 00:51:18.024 D/ ( 0): mv2112_read_status
01-01 00:51:18.028 D/mv2112_update_link( 0): 3.0x901(1G): 0x80
01-01 00:51:18.034 D/mv2112_update_link( 0): 3.0x8109(100M): 0x0
01-01 00:51:18.040 D/mv2112_update_link( 0): link 0x0
01-01 00:51:18.044 D/mv2112_read_status( 0): autoneg is disabled
01-01 00:51:19.049 D/ ( 0): mv2112_read_status
01-01 00:51:19.053 D/mv2112_update_link( 0): 3.0x901(1G): 0x80
01-01 00:51:19.060 D/mv2112_update_link( 0): 3.0x8109(100M): 0x0
01-01 00:51:19.066 D/mv2112_update_link( 0): link 0x0
01-01 00:51:19.070 D/mv2112_read_status( 0): autoneg is disabled
01-01 00:51:19.530 I/init ( 0): starting service 'qvrd_vndr'...
01-01 00:51:19.535 I/init ( 0): Created socket '/dev/socket/qvrservice_vndr', mode 660, user 1000, group 1000
01-01 00:51:19.545 I/init ( 0): Created socket '/dev/socket/qvrservice_vndr_camera', mode 660, user 1000, group 1000
01-01 00:51:19.566 I/init ( 0): starting service 'sxrd'...
01-01 00:51:19.580 I/init ( 0): Service 'qvrd_vndr' (pid 31698) exited with status 1
01-01 00:51:19.586 I/init ( 0): Sending signal 9 to service 'qvrd_vndr' (pid 31698) process group...
01-01 00:51:19.595 I/libprocessgroup( 0): Successfully killed process cgroup uid 1000 pid 31698 in 0ms
01-01 00:51:19.605 I/init ( 0): starting service 'vendor.light-hal-2-0'...
01-01 00:51:19.619 I/init ( 0): Service 'sxrd' (pid 31701) exited with status 1
01-01 00:51:19.626 I/init ( 0): Sending signal 9 to service 'sxrd' (pid 31701) process group...
08-22 18:27:11.825 F/linker (31698): CANNOT LINK EXECUTABLE "/vendor/bin/hw/qvrservice": library "vendor.qti.hardware.qxr-V1-ndk_platform.so" not found: needed by /vendor/lib64/libqvrservice.so in namespace (default)
08-22 18:27:11.853 F/linker (31701): CANNOT LINK EXECUTABLE "/vendor/bin/hw/sxrservice": library "vendor.qti.hardware.qxr-V1-ndk_platform.so" not found: needed by main executable
01-01 00:51:20.078 D/ ( 0): mv2112_read_status
01-01 00:51:20.083 D/mv2112_update_link( 0): 3.0x901(1G): 0x80
01-01 00:51:20.090 D/mv2112_update_link( 0): 3.0x8109(100M): 0x0
01-01 00:51:20.096 D/mv2112_update_link( 0): link 0x0
01-01 00:51:20.100 D/mv2112_read_status( 0): autoneg is disabled
01-01 00:51:21.128 D/ ( 0): mv2112_read_status
01-01 00:51:21.132 D/mv2112_update_link( 0): 3.0x901(1G): 0x80
01-01 00:51:21.137 D/mv2112_update_link( 0): 3.0x8109(100M): 0x0
01-01 00:51:21.144 D/mv2112_update_link( 0): link 0x0
01-01 00:51:21.148 D/mv2112_read_status( 0): autoneg is disabled
01-01 00:51:22.152 D/ ( 0): mv2112_read_status
01-01 00:51:22.156 D/mv2112_update_link( 0): 3.0x901(1G): 0x80
01-01 00:51:22.162 D/mv2112_update_link( 0): 3.0x8109(100M): 0x0
01-01 00:51:22.168 D/mv2112_update_link( 0): link 0x0
01-01 00:51:22.173 D/mv2112_read_status( 0): autoneg is disabled
01-01 00:51:23.176 D/ ( 0): mv2112_read_status
01-01 00:51:23.180 D/mv2112_update_link( 0): 3.0x901(1G): 0x80
01-01 00:51:23.185 D/mv2112_update_link( 0): 3.0x8109(100M): 0x0
01-01 00:51:23.190 D/mv2112_update_link( 0): link 0x0
01-01 00:51:23.194 D/mv2112_read_status( 0): autoneg is disabled
01-01 00:51:24.204 D/ ( 0): mv2112_read_status
01-01 00:51:24.208 D/mv2112_update_link( 0): 3.0x901(1G): 0x80
01-01 00:51:24.213 D/mv2112_update_link( 0): 3.0x8109(100M): 0x0
01-01 00:51:24.220 D/mv2112_update_link( 0): link 0x0
01-01 00:51:24.227 D/mv2112_read_status( 0): autoneg is disabled
01-01 00:51:24.566 I/init ( 0): starting service 'qvrd_vndr'...
01-01 00:51:24.573 I/init ( 0): Created socket '/dev/socket/qvrservice_vndr', mode 660, user 1000, group 1000
01-01 00:51:24.583 I/init ( 0): Created socket '/dev/socket/qvrservice_vndr_camera', mode 660, user 1000, group 1000
01-01 00:51:24.604 I/init ( 0): starting service 'sxrd'...
01-01 00:51:24.619 I/init ( 0): starting service 'vendor.light-hal-2-0'...
08-22 18:27:16.865 F/linker ( 1696): CANNOT LINK EXECUTABLE "/vendor/bin/hw/qvrservice": library "vendor.qti.hardware.qxr-V1-ndk_platform.so" not found: needed by /vendor/lib64/libqvrservice.so in namespace (default)
01-01 00:51:24.633 I/init ( 0): Service 'qvrd_vndr' (pid 1696) exited with status 1
01-01 00:51:24.640 I/init ( 0): Sending signal 9 to service 'qvrd_vndr' (pid 1696) process group...
01-01 00:51:24.648 I/libprocessgroup( 0): Successfully killed process cgroup uid 1000 pid 1696 in 0ms
01-01 00:51:24.658 I/init ( 0): Service 'sxrd' (pid 1698) exited with status 1
01-01 00:51:24.665 I/init ( 0): Sending signal 9 to service 'sxrd' (pid 1698) process group...
08-22 18:27:16.883 F/linker ( 1698): CANNOT LINK EXECUTABLE "/vendor/bin/hw/sxrservice": library "vendor.qti.hardware.qxr-V1-ndk_platform.so" not found: needed by main executable
01-01 00:51:25.257 D/ ( 0): mv2112_read_status
01-01 00:51:25.261 D/mv2112_update_link( 0): 3.0x901(1G): 0x80
01-01 00:51:25.266 D/mv2112_update_link( 0): 3.0x8109(100M): 0x0
01-01 00:51:25.272 D/mv2112_update_link( 0): link 0x0
01-01 00:51:25.280 D/mv2112_read_status( 0): autoneg is disabled
01-01 00:51:26.313 D/ ( 0): mv2112_read_status
01-01 00:51:26.319 D/mv2112_update_link( 0): 3.0x901(1G): 0x80
01-01 00:51:26.329 D/mv2112_update_link( 0): 3.0x8109(100M): 0x0
01-01 00:51:26.335 D/mv2112_update_link( 0): link 0x0
01-01 00:51:26.340 D/mv2112_read_status( 0): autoneg is disabled
01-01 00:51:27.368 D/ ( 0): mv2112_read_status
01-01 00:51:27.372 D/mv2112_update_link( 0): 3.0x901(1G): 0x80
01-01 00:51:27.378 D/mv2112_update_link( 0): 3.0x8109(100M): 0x0
01-01 00:51:27.385 D/mv2112_update_link( 0): link 0x0
01-01 00:51:27.390 D/mv2112_read_status( 0): autoneg is disabled
01-01 00:51:28.424 D/ ( 0): mv2112_read_status
01-01 00:51:28.428 D/mv2112_update_link( 0): 3.0x901(1G): 0x80
01-01 00:51:28.434 D/mv2112_update_link( 0): 3.0x8109(100M): 0x0
01-01 00:51:28.439 D/mv2112_update_link( 0): link 0x0
01-01 00:51:28.444 D/mv2112_read_status( 0): autoneg is disabled
01-01 00:51:29.448 D/ ( 0): mv2112_read_status
01-01 00:51:29.452 D/mv2112_update_link( 0): 3.0x901(1G): 0x80
01-01 00:51:29.457 D/mv2112_update_link( 0): 3.0x8109(100M): 0x0
01-01 00:51:29.464 D/mv2112_update_link( 0): link 0x0
01-01 00:51:29.468 D/mv2112_read_status( 0): autoneg is disabled
01-01 00:51:29.605 I/init ( 0): starting service 'qvrd_vndr'...
01-01 00:51:29.611 I/init ( 0): Created socket '/dev/socket/qvrservice_vndr', mode 660, user 1000, group 1000
01-01 00:51:29.620 I/init ( 0): Created socket '/dev/socket/qvrservice_vndr_camera', mode 660, user 1000, group 1000
01-01 00:51:29.641 I/init ( 0): starting service 'sxrd'...
01-01 00:51:29.654 I/init ( 0): starting service 'vendor.light-hal-2-0'...
01-01 00:51:29.672 I/init ( 0): Service 'sxrd' (pid 4359) exited with status 1
01-01 00:51:29.678 I/init ( 0): Sending signal 9 to service 'sxrd' (pid 4359) process group...
01-01 00:51:29.686 I/libprocessgroup( 0): Successfully killed process cgroup uid 1000 pid 4359 in 0ms
01-01 00:51:29.696 I/init ( 0): Service 'qvrd_vndr' (pid 4354) exited with status 1
01-01 00:51:29.702 I/init ( 0): Sending signal 9 to service 'qvrd_vndr' (pid 4354) process group...
08-22 18:27:21.917 F/linker ( 4359): CANNOT LINK EXECUTABLE "/vendor/bin/hw/sxrservice": library "vendor.qti.hardware.qxr-V1-ndk_platform.so" not found: needed by main executable
08-22 18:27:21.922 F/linker ( 4354): CANNOT LINK EXECUTABLE "/vendor/bin/hw/qvrservice": library "vendor.qti.hardware.qxr-V1-ndk_platform.so" not found: needed by /vendor/lib64/libqvrservice.so in namespace (default)
01-01 00:51:30.473 D/ ( 0): mv2112_read_status
01-01 00:51:30.476 D/mv2112_update_link( 0): 3.0x901(1G): 0x80
01-01 00:51:30.482 D/mv2112_update_link( 0): 3.0x8109(100M): 0x0
01-01 00:51:30.487 D/mv2112_update_link( 0): link 0x0
01-01 00:51:30.491 D/mv2112_read_status( 0): autoneg is disabled
01-01 00:51:31.496 D/ ( 0): mv2112_read_status
01-01 00:51:31.502 D/mv2112_update_link( 0): 3.0x901(1G): 0x80
01-01 00:51:31.508 D/mv2112_update_link( 0): 3.0x8109(100M): 0x0
01-01 00:51:31.513 D/mv2112_update_link( 0): link 0x0
01-01 00:51:31.517 D/mv2112_read_status( 0): autoneg is disabled
01-01 00:51:32.520 D/ ( 0): mv2112_read_status
01-01 00:51:32.524 D/mv2112_update_link( 0): 3.0x901(1G): 0x80
01-01 00:51:32.533 D/mv2112_update_link( 0): 3.0x8109(100M): 0x0
01-01 00:51:32.539 D/mv2112_update_link( 0): link 0x0
01-01 00:51:32.543 D/mv2112_read_status( 0): autoneg is disabled
01-01 00:51:33.577 D/ ( 0): mv2112_read_status
01-01 00:51:33.581 D/mv2112_update_link( 0): 3.0x901(1G): 0x80
01-01 00:51:33.587 D/mv2112_update_link( 0): 3.0x8109(100M): 0x0
01-01 00:51:33.592 D/mv2112_update_link( 0): link 0x0
01-01 00:51:33.598 D/mv2112_read_status( 0): autoneg is disabled
01-01 00:51:34.604 D/ ( 0): mv2112_read_status
01-01 00:51:34.608 D/mv2112_update_link( 0): 3.0x901(1G): 0x80
01-01 00:51:34.613 D/mv2112_update_link( 0): 3.0x8109(100M): 0x0
01-01 00:51:34.618 D/mv2112_update_link( 0): link 0x0
01-01 00:51:34.622 D/mv2112_read_status( 0): autoneg is disabled
01-01 00:51:34.641 I/init ( 0): starting service 'qvrd_vndr'...
01-01 00:51:34.648 I/init ( 0): Created socket '/dev/socket/qvrservice_vndr', mode 660, user 1000, group 1000
01-01 00:51:34.658 I/init ( 0): Created socket '/dev/socket/qvrservice_vndr_camera', mode 660, user 1000, group 1000
01-01 00:51:34.679 I/init ( 0): starting service 'sxrd'...
01-01 00:51:34.693 I/init ( 0): starting service 'vendor.light-hal-2-0'...
01-01 00:51:34.711 I/init ( 0): Service 'sxrd' (pid 6301) exited with status 1
01-01 00:51:34.718 I/init ( 0): Sending signal 9 to service 'sxrd' (pid 6301) process group...
01-01 00:51:34.725 I/libprocessgroup( 0): Successfully killed process cgroup uid 1000 pid 6301 in 0ms
01-01 00:51:34.735 I/init ( 0): Service 'qvrd_vndr' (pid 6298) exited with status 1
01-01 00:51:34.742 I/init ( 0): Sending signal 9 to service 'qvrd_vndr' (pid 6298) process group...
08-22 18:27:26.956 F/linker ( 6301): CANNOT LINK EXECUTABLE "/vendor/bin/hw/sxrservice": library "vendor.qti.hardware.qxr-V1-ndk_platform.so" not found: needed by main executable
08-22 18:27:26.962 F/linker ( 6298): CANNOT LINK EXECUTABLE "/vendor/bin/hw/qvrservice": library "vendor.qti.hardware.qxr-V1-ndk_platform.so" not found: needed by /vendor/lib64/libqvrservice.so in namespace (default)
01-01 00:51:35.624 D/ ( 0): mv2112_read_status
01-01 00:51:35.628 D/mv2112_update_link( 0): 3.0x901(1G): 0x80
01-01 00:51:35.635 D/mv2112_update_link( 0): 3.0x8109(100M): 0x0
01-01 00:51:35.641 D/mv2112_update_link( 0): link 0x0
01-01 00:51:35.645 D/mv2112_read_status( 0): autoneg is disabled
01-01 00:51:36.648 D/ ( 0): mv2112_read_status
01-01 00:51:36.652 D/mv2112_update_link( 0): 3.0x901(1G): 0x80
01-01 00:51:36.658 D/mv2112_update_link( 0): 3.0x8109(100M): 0x0
01-01 00:51:36.663 D/mv2112_update_link( 0): link 0x0
01-01 00:51:36.669 D/mv2112_read_status( 0): autoneg is disabled
01-01 00:51:37.672 D/ ( 0): mv2112_read_status
01-01 00:51:37.676 D/mv2112_update_link( 0): 3.0x901(1G): 0x80
01-01 00:51:37.681 D/mv2112_update_link( 0): 3.0x8109(100M): 0x0
01-01 00:51:37.687 D/mv2112_update_link( 0): link 0x0
01-01 00:51:37.691 D/mv2112_read_status( 0): autoneg is disabled
01-01 00:51:38.696 D/ ( 0): mv2112_read_status
01-01 00:51:38.701 D/mv2112_update_link( 0): 3.0x901(1G): 0x80
01-01 00:51:38.707 D/mv2112_update_link( 0): 3.0x8109(100M): 0x0
01-01 00:51:38.713 D/mv2112_update_link( 0): link 0x0
01-01 00:51:38.717 D/mv2112_read_status( 0): autoneg is disabled
01-01 00:51:39.681 I/init ( 0): starting service 'qvrd_vndr'...
01-01 00:51:39.686 I/init ( 0): Created socket '/dev/socket/qvrservice_vndr', mode 660, user 1000, group 1000
01-01 00:51:39.695 I/init ( 0): Created socket '/dev/socket/qvrservice_vndr_camera', mode 660, user 1000, group 1000
01-01 00:51:39.715 I/init ( 0): starting service 'sxrd'...
01-01 00:51:39.720 D/ ( 0): mv2112_read_status
01-01 00:51:39.724 D/mv2112_update_link( 0): 3.0x901(1G): 0x80
01-01 00:51:39.731 I/init ( 0): starting service 'vendor.light-hal-2-0'...
01-01 00:51:39.732 D/mv2112_update_link( 0): 3.0x8109(100M): 0x0
01-01 00:51:39.742 D/mv2112_update_link( 0): link 0x0
01-01 00:51:39.747 D/mv2112_read_status( 0): autoneg is disabled
01-01 00:51:39.748 I/init ( 0): Service 'qvrd_vndr' (pid 8118) exited with status 1
01-01 00:51:39.759 I/init ( 0): Sending signal 9 to service 'qvrd_vndr' (pid 8118) process group...
01-01 00:51:39.767 I/libprocessgroup( 0): Successfully killed process cgroup uid 1000 pid 8118 in 0ms
08-22 18:27:31.992 F/linker ( 8118): CANNOT LINK EXECUTABLE "/vendor/bin/hw/qvrservice": library "vendor.qti.hardware.qxr-V1-ndk_platform.so" not found: needed by /vendor/lib64/libqvrservice.so in namespace (default)
08-22 18:27:31.994 F/linker ( 8120): CANNOT LINK EXECUTABLE "/vendor/bin/hw/sxrservice": library "vendor.qti.hardware.qxr-V1-ndk_platform.so" not found: needed by main executable
01-01 00:51:39.777 I/init ( 0): Service 'sxrd' (pid 8120) exited with status 1
01-01 00:51:39.783 I/init ( 0): Sending signal 9 to service 'sxrd' (pid 8120) process group...
01-01 00:51:40.776 D/ ( 0): mv2112_read_status
01-01 00:51:40.780 D/mv2112_update_link( 0): 3.0x901(1G): 0x80
01-01 00:51:40.790 D/mv2112_update_link( 0): 3.0x8109(100M): 0x0
01-01 00:51:40.796 D/mv2112_update_link( 0): link 0x0
01-01 00:51:40.800 D/mv2112_read_status( 0): autoneg is disabled
01-01 00:51:41.835 D/ ( 0): mv2112_read_status
01-01 00:51:41.839 D/mv2112_update_link( 0): 3.0x901(1G): 0x80
01-01 00:51:41.846 D/mv2112_update_link( 0): 3.0x8109(100M): 0x0
01-01 00:51:41.851 D/mv2112_update_link( 0): link 0x0
01-01 00:51:41.856 D/mv2112_read_status( 0): autoneg is disabled
01-01 00:51:42.891 D/ ( 0): mv2112_read_status
01-01 00:51:42.896 D/mv2112_update_link( 0): 3.0x901(1G): 0x80
01-01 00:51:42.902 D/mv2112_update_link( 0): 3.0x8109(100M): 0x0
01-01 00:51:42.907 D/mv2112_update_link( 0): link 0x0
01-01 00:51:42.912 D/mv2112_read_status( 0): autoneg is disabled
01-01 00:51:43.944 D/ ( 0): mv2112_read_status
01-01 00:51:43.948 D/mv2112_update_link( 0): 3.0x901(1G): 0x80
01-01 00:51:43.955 D/mv2112_update_link( 0): 3.0x8109(100M): 0x0
01-01 00:51:43.960 D/mv2112_update_link( 0): link 0x0
01-01 00:51:43.964 D/mv2112_read_status( 0): autoneg is disabled
01-01 00:51:44.715 I/init ( 0): starting service 'qvrd_vndr'...
01-01 00:51:44.722 I/init ( 0): Created socket '/dev/socket/qvrservice_vndr', mode 660, user 1000, group 1000
01-01 00:51:44.732 I/init ( 0): Created socket '/dev/socket/qvrservice_vndr_camera', mode 660, user 1000, group 1000
01-01 00:51:44.753 I/init ( 0): starting service 'sxrd'...
01-01 00:51:44.767 I/init ( 0): starting service 'vendor.light-hal-2-0'...
01-01 00:51:44.782 I/init ( 0): Service 'qvrd_vndr' (pid 9873) exited with status 1
01-01 00:51:44.789 I/init ( 0): Sending signal 9 to service 'qvrd_vndr' (pid 9873) process group...
01-01 00:51:44.797 I/libprocessgroup( 0): Successfully killed process cgroup uid 1000 pid 9873 in 0ms
01-01 00:51:44.807 I/init ( 0): Service 'sxrd' (pid 9878) exited with status 1
01-01 00:51:44.813 I/init ( 0): Sending signal 9 to service 'sxrd' (pid 9878) process group...
08-22 18:27:37.028 F/linker ( 9873): CANNOT LINK EXECUTABLE "/vendor/bin/hw/qvrservice": library "vendor.qti.hardware.qxr-V1-ndk_platform.so" not found: needed by /vendor/lib64/libqvrservice.so in namespace (default)
08-22 18:27:37.048 F/linker ( 9878): CANNOT LINK EXECUTABLE "/vendor/bin/hw/sxrservice": library "vendor.qti.hardware.qxr-V1-ndk_platform.so" not found: needed by main executable
01-01 00:51:44.969 D/ ( 0): mv2112_read_status
01-01 00:51:44.973 D/mv2112_update_link( 0): 3.0x901(1G): 0x80
01-01 00:51:44.980 D/mv2112_update_link( 0): 3.0x8109(100M): 0x0
01-01 00:51:44.986 D/mv2112_update_link( 0): link 0x0
01-01 00:51:44.992 D/mv2112_read_status( 0): autoneg is disabled
01-01 00:51:46.025 D/ ( 0): mv2112_read_status
01-01 00:51:46.029 D/mv2112_update_link( 0): 3.0x901(1G): 0x80
01-01 00:51:46.035 D/mv2112_update_link( 0): 3.0x8109(100M): 0x0
01-01 00:51:46.040 D/mv2112_update_link( 0): link 0x0
01-01 00:51:46.045 D/mv2112_read_status( 0): autoneg is disabled
01-01 00:51:47.080 D/ ( 0): mv2112_read_status
01-01 00:51:47.086 D/mv2112_update_link( 0): 3.0x901(1G): 0x80
01-01 00:51:47.092 D/mv2112_update_link( 0): 3.0x8109(100M): 0x0
01-01 00:51:47.102 D/mv2112_update_link( 0): link 0x0
01-01 00:51:47.107 D/mv2112_read_status( 0): autoneg is disabled
01-01 00:51:48.136 D/ ( 0): mv2112_read_status
01-01 00:51:48.146 D/mv2112_update_link( 0): 3.0x901(1G): 0x80
01-01 00:51:48.151 D/mv2112_update_link( 0): 3.0x8109(100M): 0x0
01-01 00:51:48.156 D/mv2112_update_link( 0): link 0x0
01-01 00:51:48.161 D/mv2112_read_status( 0): autoneg is disabled
01-01 00:51:49.192 D/ ( 0): mv2112_read_status
01-01 00:51:49.197 D/mv2112_update_link( 0): 3.0x901(1G): 0x80
01-01 00:51:49.202 D/mv2112_update_link( 0): 3.0x8109(100M): 0x0
01-01 00:51:49.208 D/mv2112_update_link( 0): link 0x0
01-01 00:51:49.213 D/mv2112_read_status( 0): autoneg is disabled
01-01 00:51:49.754 I/init ( 0): starting service 'qvrd_vndr'...
01-01 00:51:49.761 I/init ( 0): Created socket '/dev/socket/qvrservice_vndr', mode 660, user 1000, group 1000
01-01 00:51:49.771 I/init ( 0): Created socket '/dev/socket/qvrservice_vndr_camera', mode 660, user 1000, group 1000
01-01 00:51:49.796 I/init ( 0): starting service 'sxrd'...
01-01 00:51:49.815 I/init ( 0): starting service 'vendor.light-hal-2-0'...
01-01 00:51:49.830 I/init ( 0): Service 'qvrd_vndr' (pid 11469) exited with status 1
01-01 00:51:49.837 I/init ( 0): Sending signal 9 to service 'qvrd_vndr' (pid 11469) process group...
01-01 00:51:49.846 I/libprocessgroup( 0): Successfully killed process cgroup uid 1000 pid 11469 in 0ms
01-01 00:51:49.855 I/init ( 0): Service 'sxrd' (pid 11474) exited with status 1
01-01 00:51:49.862 I/init ( 0): Sending signal 9 to service 'sxrd' (pid 11474) process group...
08-22 18:27:42.066 F/linker (11469): CANNOT LINK EXECUTABLE "/vendor/bin/hw/qvrservice": library "vendor.qti.hardware.qxr-V1-ndk_platform.so" not found: needed by /vendor/lib64/libqvrservice.so in namespace (default)
08-22 18:27:42.089 F/linker (11474): CANNOT LINK EXECUTABLE "/vendor/bin/hw/sxrservice": library "vendor.qti.hardware.qxr-V1-ndk_platform.so" not found: needed by main executable
01-01 00:51:50.217 D/ ( 0): mv2112_read_status
01-01 00:51:50.220 D/mv2112_update_link( 0): 3.0x901(1G): 0x80
01-01 00:51:50.226 D/mv2112_update_link( 0): 3.0x8109(100M): 0x0
01-01 00:51:50.231 D/mv2112_update_link( 0): link 0x0
01-01 00:51:50.235 D/mv2112_read_status( 0): autoneg is disabled
01-01 00:51:51.240 D/ ( 0): mv2112_read_status
01-01 00:51:51.244 D/mv2112_update_link( 0): 3.0x901(1G): 0x80
01-01 00:51:51.249 D/mv2112_update_link( 0): 3.0x8109(100M): 0x0
01-01 00:51:51.255 D/mv2112_update_link( 0): link 0x0
01-01 00:51:51.259 D/mv2112_read_status( 0): autoneg is disabled
01-01 00:51:52.265 D/ ( 0): mv2112_read_status
01-01 00:51:52.271 D/mv2112_update_link( 0): 3.0x901(1G): 0x80
01-01 00:51:52.277 D/mv2112_update_link( 0): 3.0x8109(100M): 0x0
01-01 00:51:52.282 D/mv2112_update_link( 0): link 0x0
01-01 00:51:52.286 D/mv2112_read_status( 0): autoneg is disabled
01-01 00:51:53.288 D/ ( 0): mv2112_read_status
01-01 00:51:53.292 D/mv2112_update_link( 0): 3.0x901(1G): 0x80
01-01 00:51:53.297 D/mv2112_update_link( 0): 3.0x8109(100M): 0x0
01-01 00:51:53.302 D/mv2112_update_link( 0): link 0x0
01-01 00:51:53.306 D/mv2112_read_status( 0): autoneg is disabled
01-01 00:51:54.312 D/ ( 0): mv2112_read_status
01-01 00:51:54.316 D/mv2112_update_link( 0): 3.0x901(1G): 0x80
01-01 00:51:54.321 D/mv2112_update_link( 0): 3.0x8109(100M): 0x0
01-01 00:51:54.328 D/mv2112_update_link( 0): link 0x0
01-01 00:51:54.333 D/mv2112_read_status( 0): autoneg is disabled
01-01 00:51:54.793 I/init ( 0): starting service 'qvrd_vndr'...
01-01 00:51:54.800 I/init ( 0): Created socket '/dev/socket/qvrservice_vndr', mode 660, user 1000, group 1000
01-01 00:51:54.810 I/init ( 0): Created socket '/dev/socket/qvrservice_vndr_camera', mode 660, user 1000, group 1000
01-01 00:51:54.830 I/init ( 0): starting service 'sxrd'...
01-01 00:51:54.845 I/init ( 0): starting service 'vendor.light-hal-2-0'...
01-01 00:51:54.871 I/init ( 0): Service 'sxrd' (pid 13398) exited with status 1
01-01 00:51:54.877 I/init ( 0): Sending signal 9 to service 'sxrd' (pid 13398) process group...
01-01 00:51:54.885 I/libprocessgroup( 0): Successfully killed process cgroup uid 1000 pid 13398 in 0ms
01-01 00:51:54.895 I/init ( 0): Service 'qvrd_vndr' (pid 13394) exited with status 1
01-01 00:51:54.901 I/init ( 0): Sending signal 9 to service 'qvrd_vndr' (pid 13394) process group...
08-22 18:27:47.116 F/linker (13398): CANNOT LINK EXECUTABLE "/vendor/bin/hw/sxrservice": library "vendor.qti.hardware.qxr-V1-ndk_platform.so" not found: needed by main executable
08-22 18:27:47.119 F/linker (13394): CANNOT LINK EXECUTABLE "/vendor/bin/hw/qvrservice": library "vendor.qti.hardware.qxr-V1-ndk_platform.so" not found: needed by /vendor/lib64/libqvrservice.so in namespace (default)
01-01 00:51:55.337 D/ ( 0): mv2112_read_status
01-01 00:51:55.342 D/mv2112_update_link( 0): 3.0x901(1G): 0x80
01-01 00:51:55.348 D/mv2112_update_link( 0): 3.0x8109(100M): 0x0
01-01 00:51:55.355 D/mv2112_update_link( 0): link 0x0
01-01 00:51:55.359 D/mv2112_read_status( 0): autoneg is disabled
01-01 00:51:56.396 D/ ( 0): mv2112_read_status
01-01 00:51:56.400 D/mv2112_update_link( 0): 3.0x901(1G): 0x80
01-01 00:51:56.406 D/mv2112_update_link( 0): 3.0x8109(100M): 0x0
01-01 00:51:56.412 D/mv2112_update_link( 0): link 0x0
01-01 00:51:56.416 D/mv2112_read_status( 0): autoneg is disabled
01-01 00:51:57.449 D/ ( 0): mv2112_read_status
01-01 00:51:57.452 D/mv2112_update_link( 0): 3.0x901(1G): 0x80
01-01 00:51:57.457 D/mv2112_update_link( 0): 3.0x8109(100M): 0x0
01-01 00:51:57.463 D/mv2112_update_link( 0): link 0x0
01-01 00:51:57.468 D/mv2112_read_status( 0): autoneg is disabled
01-01 00:51:58.472 D/ ( 0): mv2112_read_status
01-01 00:51:58.477 D/mv2112_update_link( 0): 3.0x901(1G): 0x80
01-01 00:51:58.483 D/mv2112_update_link( 0): 3.0x8109(100M): 0x0
01-01 00:51:58.488 D/mv2112_update_link( 0): link 0x0
01-01 00:51:58.492 D/mv2112_read_status( 0): autoneg is disabled
01-01 00:51:59.497 D/ ( 0): mv2112_read_status
01-01 00:51:59.500 D/mv2112_update_link( 0): 3.0x901(1G): 0x80
01-01 00:51:59.506 D/mv2112_update_link( 0): 3.0x8109(100M): 0x0
01-01 00:51:59.514 D/mv2112_update_link( 0): link 0x0
01-01 00:51:59.518 D/mv2112_read_status( 0): autoneg is disabled
01-01 00:51:59.830 I/init ( 0): starting service 'qvrd_vndr'...
01-01 00:51:59.836 I/init ( 0): Created socket '/dev/socket/qvrservice_vndr', mode 660, user 1000, group 1000
01-01 00:51:59.846 I/init ( 0): Created socket '/dev/socket/qvrservice_vndr_camera', mode 660, user 1000, group 1000
01-01 00:51:59.866 I/init ( 0): starting service 'sxrd'...
01-01 00:51:59.882 I/init ( 0): starting service 'vendor.light-hal-2-0'...
01-01 00:51:59.900 I/init ( 0): Service 'sxrd' (pid 15287) exited with status 1
01-01 00:51:59.906 I/init ( 0): Sending signal 9 to service 'sxrd' (pid 15287) process group...
01-01 00:51:59.914 I/libprocessgroup( 0): Successfully killed process cgroup uid 1000 pid 15287 in 0ms
01-01 00:51:59.925 I/init ( 0): Service 'qvrd_vndr' (pid 15281) exited with status 1
01-01 00:51:59.931 I/init ( 0): Sending signal 9 to service 'qvrd_vndr' (pid 15281) process group...
08-22 18:27:52.146 F/linker (15287): CANNOT LINK EXECUTABLE "/vendor/bin/hw/sxrservice": library "vendor.qti.hardware.qxr-V1-ndk_platform.so" not found: needed by main executable
08-22 18:27:52.148 F/linker (15281): CANNOT LINK EXECUTABLE "/vendor/bin/hw/qvrservice": library "vendor.qti.hardware.qxr-V1-ndk_platform.so" not found: needed by /vendor/lib64/libqvrservice.so in namespace (default)
01-01 00:52:00.521 D/ ( 0): mv2112_read_status
01-01 00:52:00.526 D/mv2112_update_link( 0): 3.0x901(1G): 0x80
01-01 00:52:00.534 D/mv2112_update_link( 0): 3.0x8109(100M): 0x0
01-01 00:52:00.539 D/mv2112_update_link( 0): link 0x0
01-01 00:52:00.543 D/mv2112_read_status( 0): autoneg is disabled
01-01 00:52:01.577 D/ ( 0): mv2112_read_status
01-01 00:52:01.581 D/mv2112_update_link( 0): 3.0x901(1G): 0x80
01-01 00:52:01.588 D/mv2112_update_link( 0): 3.0x8109(100M): 0x0
01-01 00:52:01.593 D/mv2112_update_link( 0): link 0x0
01-01 00:52:01.597 D/mv2112_read_status( 0): autoneg is disabled
01-01 00:52:02.604 D/ ( 0): mv2112_read_status
01-01 00:52:02.613 D/mv2112_update_link( 0): 3.0x901(1G): 0x80
01-01 00:52:02.619 D/mv2112_update_link( 0): 3.0x8109(100M): 0x0
01-01 00:52:02.624 D/mv2112_update_link( 0): link 0x0
01-01 00:52:02.629 D/mv2112_read_status( 0): autoneg is disabled
01-01 00:52:03.656 D/ ( 0): mv2112_read_status
01-01 00:52:03.662 D/mv2112_update_link( 0): 3.0x901(1G): 0x80
01-01 00:52:03.668 D/mv2112_update_link( 0): 3.0x8109(100M): 0x0
01-01 00:52:03.673 D/mv2112_update_link( 0): link 0x0
01-01 00:52:03.677 D/mv2112_read_status( 0): autoneg is disabled
01-01 00:52:04.684 D/ ( 0): mv2112_read_status
01-01 00:52:04.688 D/mv2112_update_link( 0): 3.0x901(1G): 0x80
01-01 00:52:04.694 D/mv2112_update_link( 0): 3.0x8109(100M): 0x0
01-01 00:52:04.700 D/mv2112_update_link( 0): link 0x0
01-01 00:52:04.704 D/mv2112_read_status( 0): autoneg is disabled
01-01 00:52:04.866 I/init ( 0): starting service 'qvrd_vndr'...
01-01 00:52:04.872 I/init ( 0): Created socket '/dev/socket/qvrservice_vndr', mode 660, user 1000, group 1000
01-01 00:52:04.882 I/init ( 0): Created socket '/dev/socket/qvrservice_vndr_camera', mode 660, user 1000, group 1000
01-01 00:52:04.901 I/init ( 0): starting service 'sxrd'...
01-01 00:52:04.914 I/init ( 0): Service 'qvrd_vndr' (pid 17111) exited with status 1
01-01 00:52:04.921 I/init ( 0): Sending signal 9 to service 'qvrd_vndr' (pid 17111) process group...
01-01 00:52:04.929 I/libprocessgroup( 0): Successfully killed process cgroup uid 1000 pid 17111 in 0ms
01-01 00:52:04.941 I/init ( 0): starting service 'vendor.light-hal-2-0'...
01-01 00:52:04.956 I/init ( 0): Service 'sxrd' (pid 17117) exited with status 1
01-01 00:52:04.962 I/init ( 0): Sending signal 9 to service 'sxrd' (pid 17117) process group...
08-22 18:27:57.159 F/linker (17111): CANNOT LINK EXECUTABLE "/vendor/bin/hw/qvrservice": library "vendor.qti.hardware.qxr-V1-ndk_platform.so" not found: needed by /vendor/lib64/libqvrservice.so in namespace (default)
08-22 18:27:57.196 F/linker (17117): CANNOT LINK EXECUTABLE "/vendor/bin/hw/sxrservice": library "vendor.qti.hardware.qxr-V1-ndk_platform.so" not found: needed by main executable
01-01 00:52:05.738 D/ ( 0): mv2112_read_status
01-01 00:52:05.743 D/mv2112_update_link( 0): 3.0x901(1G): 0x80
01-01 00:52:05.749 D/mv2112_update_link( 0): 3.0x8109(100M): 0x0
01-01 00:52:05.761 D/mv2112_update_link( 0): link 0x0
01-01 00:52:05.765 D/mv2112_read_status( 0): autoneg is disabled
01-01 00:52:06.792 D/ ( 0): mv2112_read_status
01-01 00:52:06.796 D/mv2112_update_link( 0): 3.0x901(1G): 0x80
01-01 00:52:06.804 D/mv2112_update_link( 0): 3.0x8109(100M): 0x0
01-01 00:52:06.811 D/mv2112_update_link( 0): link 0x0
01-01 00:52:06.816 D/mv2112_read_status( 0): autoneg is disabled
01-01 00:52:07.848 D/ ( 0): mv2112_read_status
01-01 00:52:07.856 D/mv2112_update_link( 0): 3.0x901(1G): 0x80
01-01 00:52:07.861 D/mv2112_update_link( 0): 3.0x8109(100M): 0x0
01-01 00:52:07.867 D/mv2112_update_link( 0): link 0x0
01-01 00:52:07.871 D/mv2112_read_status( 0): autoneg is disabled
01-01 00:52:08.872 D/ ( 0): mv2112_read_status
01-01 00:52:08.876 D/mv2112_update_link( 0): 3.0x901(1G): 0x80
01-01 00:52:08.881 D/mv2112_update_link( 0): 3.0x8109(100M): 0x0
01-01 00:52:08.889 D/mv2112_update_link( 0): link 0x0
01-01 00:52:08.894 D/mv2112_read_status( 0): autoneg is disabled
01-01 00:52:09.896 D/ ( 0): mv2112_read_status
01-01 00:52:09.900 D/mv2112_update_link( 0): 3.0x901(1G): 0x80
01-01 00:52:09.904 I/init ( 0): starting service 'qvrd_vndr'...
01-01 00:52:09.905 D/mv2112_update_link( 0): 3.0x8109(100M): 0x0
01-01 00:52:09.911 I/init ( 0): Created socket '/dev/socket/qvrservice_vndr', mode 660, user 1000, group 1000
01-01 00:52:09.916 D/mv2112_update_link( 0): link 0x0
01-01 00:52:09.925 I/init ( 0): Created socket '/dev/socket/qvrservice_vndr_camera', mode 660, user 1000, group 1000
01-01 00:52:09.928 D/mv2112_read_status( 0): autoneg is disabled
01-01 00:52:09.946 I/init ( 0): starting service 'sxrd'...
01-01 00:52:09.959 I/init ( 0): starting service 'vendor.light-hal-2-0'...
01-01 00:52:09.972 I/init ( 0): Service 'qvrd_vndr' (pid 19090) exited with status 1
01-01 00:52:09.978 I/init ( 0): Sending signal 9 to service 'qvrd_vndr' (pid 19090) process group...
01-01 00:52:09.987 I/libprocessgroup( 0): Successfully killed process cgroup uid 1000 pid 19090 in 0ms
01-01 00:52:09.996 I/init ( 0): Service 'sxrd' (pid 19095) exited with status 1
01-01 00:52:10.003 I/init ( 0): Sending signal 9 to service 'sxrd' (pid 19095) process group...
08-22 18:28:02.209 F/linker (19090): CANNOT LINK EXECUTABLE "/vendor/bin/hw/qvrservice": library "vendor.qti.hardware.qxr-V1-ndk_platform.so" not found: needed by /vendor/lib64/libqvrservice.so in namespace (default)
08-22 18:28:02.226 F/linker (19095): CANNOT LINK EXECUTABLE "/vendor/bin/hw/sxrservice": library "vendor.qti.hardware.qxr-V1-ndk_platform.so" not found: needed by main executable
01-01 00:52:10.952 D/ ( 0): mv2112_read_status
01-01 00:52:10.957 D/mv2112_update_link( 0): 3.0x901(1G): 0x80
01-01 00:52:10.962 D/mv2112_update_link( 0): 3.0x8109(100M): 0x0
01-01 00:52:10.968 D/mv2112_update_link( 0): link 0x0
01-01 00:52:10.972 D/mv2112_read_status( 0): autoneg is disabled
08-22 18:28:03.501 W/ContextImpl( 2661): Calling a method in the system process without a qualified user: android.app.ContextImpl.startActivity:1055 android.content.ContextWrapper.startActivity:411 com.thundercomm.remotecontrolservice.RemoteControlService.startApp:248 com.thundercomm.remotecontrolservice.remotecommand.RemoteAppLaunchCommand.doActualAction:35 com.thundercomm.remotecontrolservice.remotecommand.BaseCommand.doAction:41
