08-22 18:06:19.917 W/ActivityTaskManager( 1164): Can't find TaskDisplayArea to determine support for multi window. Task id=14 attached=false
08-22 18:06:21.121 I/ActivityTaskManager( 1164): START u0 {act=android.intent.action.MAIN cmp=com.android.settings/.SubSettings (has extras)} from uid 1000
08-22 18:06:21.129 D/CompatibilityChangeReporter( 1164): Compat change id reported: 174042980; UID 1000; state: DISABLED
08-22 18:06:21.147 D/CompatibilityChangeReporter( 1164): Compat change id reported: 168419799; UID 1000; state: DISABLED
08-22 18:06:21.174 I/ActivityTaskManager( 1164): The Process com.android.settings Already Exists in BG. So sending its PID: 11753
08-22 18:06:21.176 W/ActivityTaskManager( 1164): Tried to set launchTime (0) < mLastActivityLaunchTime (1466171)
08-22 18:06:21.236 E/UserRestrictionsUtils( 1164): Unknown restriction queried by uid 1000 (com.qti.snapdragon.qdcm_ff et al): null
08-22 18:06:21.236 E/UserRestrictionsUtils( 1164): Unknown restriction queried by uid 1000 (com.qti.snapdragon.qdcm_ff et al): null
08-22 18:06:21.240 E/UserRestrictionsUtils( 1164): Unknown restriction queried by uid 1000 (com.qti.snapdragon.qdcm_ff et al): null
08-22 18:06:21.258 W/ActivityManager( 1164): Receiver with filter android.content.IntentFilter@71efee0 already registered for pid 11753, callerPackage is com.android.settings
08-22 18:06:21.278 D/PackageManager( 1164): Instant App installer not found with android.intent.action.INSTALL_INSTANT_APP_PACKAGE
08-22 18:06:21.278 D/PackageManager( 1164): Clear ephemeral installer activity
08-22 18:06:21.346 D/PackageManager( 1164): Instant App installer not found with android.intent.action.INSTALL_INSTANT_APP_PACKAGE
08-22 18:06:21.346 D/PackageManager( 1164): Clear ephemeral installer activity
08-22 18:06:22.077 I/ActivityTaskManager( 1164): START u0 {act=android.intent.action.MAIN cmp=com.android.settings/.SubSettings (has extras)} from uid 1000
08-22 18:06:22.103 I/ActivityTaskManager( 1164): The Process com.android.settings Already Exists in BG. So sending its PID: 11753
08-22 18:06:22.104 W/ActivityTaskManager( 1164): Tried to set launchTime (0) < mLastActivityLaunchTime (1531674)
08-22 18:06:22.162 D/PackageManager( 1164): Instant App installer not found with android.intent.action.INSTALL_INSTANT_APP_PACKAGE
08-22 18:06:22.162 D/PackageManager( 1164): Clear ephemeral installer activity
08-22 18:06:22.265 D/PackageManager( 1164): Instant App installer not found with android.intent.action.INSTALL_INSTANT_APP_PACKAGE
08-22 18:06:22.265 D/PackageManager( 1164): Clear ephemeral installer activity
08-22 18:06:22.307 D/CompanionDeviceManagerService( 1164): onPackageModified(packageName = com.android.settings)
08-22 18:06:22.332 I/Telecom ( 1164): DefaultDialerCache: Refreshing default dialer for user 0: now null: DDC.oR@ACU
08-22 18:06:22.348 D/CompatibilityChangeReporter( 1164): Compat change id reported: 168419799; UID 10127; state: DISABLED
08-22 18:06:22.403 W/VoiceInteractionManager( 1164): no available voice recognition services found for user 0
08-22 18:06:23.133 F/linker (29595): CANNOT LINK EXECUTABLE "/vendor/bin/hw/sxrservice": library "vendor.qti.hardware.qxr-V1-ndk_platform.so" not found: needed by main executable
08-22 18:06:23.143 F/linker (29587): CANNOT LINK EXECUTABLE "/vendor/bin/hw/qvrservice": library "vendor.qti.hardware.qxr-V1-ndk_platform.so" not found: needed by /vendor/lib64/libqvrservice.so in namespace (default)
08-22 18:06:24.697 E/TaskPersister( 1164): File error accessing recents directory (directory doesn't exist?).
08-22 18:06:27.431 I/ActivityTaskManager( 1164): START u0 {act=android.intent.action.MAIN cmp=com.android.settings/.SubSettings (has extras)} from uid 1000
08-22 18:06:27.468 I/ActivityTaskManager( 1164): The Process com.android.settings Already Exists in BG. So sending its PID: 11753
08-22 18:06:27.478 W/ActivityTaskManager( 1164): Tried to set launchTime (0) < mLastActivityLaunchTime (1532602)
08-22 18:06:27.528 E/UserRestrictionsUtils( 1164): Unknown restriction queried by uid 1000 (com.qti.snapdragon.qdcm_ff et al): null
08-22 18:06:27.528 E/UserRestrictionsUtils( 1164): Unknown restriction queried by uid 1000 (com.qti.snapdragon.qdcm_ff et al): null
08-22 18:06:27.566 D/PackageManager( 1164): Instant App installer not found with android.intent.action.INSTALL_INSTANT_APP_PACKAGE
08-22 18:06:27.567 D/PackageManager( 1164): Clear ephemeral installer activity
08-22 18:06:27.627 D/PackageManager( 1164): Instant App installer not found with android.intent.action.INSTALL_INSTANT_APP_PACKAGE
08-22 18:06:27.627 D/PackageManager( 1164): Clear ephemeral installer activity
08-22 18:06:28.145 F/linker (30640): CANNOT LINK EXECUTABLE "/vendor/bin/hw/qvrservice": library "vendor.qti.hardware.qxr-V1-ndk_platform.so" not found: needed by /vendor/lib64/libqvrservice.so in namespace (default)
08-22 18:06:28.165 F/linker (30653): CANNOT LINK EXECUTABLE "/vendor/bin/hw/sxrservice": library "vendor.qti.hardware.qxr-V1-ndk_platform.so" not found: needed by main executable
08-22 18:06:28.585 D/CompanionDeviceManagerService( 1164): onPackageModified(packageName = com.android.settings)
08-22 18:06:28.602 I/Telecom ( 1164): DefaultDialerCache: Refreshing default dialer for user 0: now null: DDC.oR@ACY
08-22 18:06:28.630 W/VoiceInteractionManager( 1164): no available voice recognition services found for user 0
08-22 18:06:28.956 I/ActivityTaskManager( 1164): START u0 {act=android.intent.action.MAIN cmp=com.android.settings/.SubSettings (has extras)} from uid 1000
08-22 18:06:28.979 I/ActivityTaskManager( 1164): The Process com.android.settings Already Exists in BG. So sending its PID: 11753
08-22 18:06:28.980 W/ActivityTaskManager( 1164): Tried to set launchTime (0) < mLastActivityLaunchTime (1537977)
08-22 18:06:29.060 D/PackageManager( 1164): Instant App installer not found with android.intent.action.INSTALL_INSTANT_APP_PACKAGE
08-22 18:06:29.060 D/PackageManager( 1164): Clear ephemeral installer activity
08-22 18:06:29.113 D/PackageManager( 1164): Instant App installer not found with android.intent.action.INSTALL_INSTANT_APP_PACKAGE
08-22 18:06:29.113 D/PackageManager( 1164): Clear ephemeral installer activity
08-22 18:06:30.073 D/CompanionDeviceManagerService( 1164): onPackageModified(packageName = com.android.settings)
08-22 18:06:30.100 I/Telecom ( 1164): DefaultDialerCache: Refreshing default dialer for user 0: now null: DDC.oR@ACc
08-22 18:06:30.123 W/VoiceInteractionManager( 1164): no available voice recognition services found for user 0
08-22 18:06:30.988 E/TaskPersister( 1164): File error accessing recents directory (directory doesn't exist?).
08-22 18:06:33.166 F/linker (31860): CANNOT LINK EXECUTABLE "/vendor/bin/hw/qvrservice": library "vendor.qti.hardware.qxr-V1-ndk_platform.so" not found: needed by /vendor/lib64/libqvrservice.so in namespace (default)
08-22 18:06:33.174 F/linker (31863): CANNOT LINK EXECUTABLE "/vendor/bin/hw/sxrservice": library "vendor.qti.hardware.qxr-V1-ndk_platform.so" not found: needed by main executable
08-22 18:06:35.436 E/TaskPersister( 1164): File error accessing recents directory (directory doesn't exist?).
08-22 18:06:38.196 F/linker ( 1110): CANNOT LINK EXECUTABLE "/vendor/bin/hw/qvrservice": library "vendor.qti.hardware.qxr-V1-ndk_platform.so" not found: needed by /vendor/lib64/libqvrservice.so in namespace (default)
08-22 18:06:38.216 F/linker ( 1130): CANNOT LINK EXECUTABLE "/vendor/bin/hw/sxrservice": library "vendor.qti.hardware.qxr-V1-ndk_platform.so" not found: needed by main executable
08-22 18:06:40.100 W/OverlayManager( 1164): service 'idmap' died
08-22 18:06:43.228 F/linker ( 3275): CANNOT LINK EXECUTABLE "/vendor/bin/hw/qvrservice": library "vendor.qti.hardware.qxr-V1-ndk_platform.so" not found: needed by /vendor/lib64/libqvrservice.so in namespace (default)
08-22 18:06:43.250 F/linker ( 3301): CANNOT LINK EXECUTABLE "/vendor/bin/hw/sxrservice": library "vendor.qti.hardware.qxr-V1-ndk_platform.so" not found: needed by main executable
08-22 18:06:48.259 F/linker ( 5013): CANNOT LINK EXECUTABLE "/vendor/bin/hw/sxrservice": library "vendor.qti.hardware.qxr-V1-ndk_platform.so" not found: needed by main executable
08-22 18:06:48.260 F/linker ( 5007): CANNOT LINK EXECUTABLE "/vendor/bin/hw/qvrservice": library "vendor.qti.hardware.qxr-V1-ndk_platform.so" not found: needed by /vendor/lib64/libqvrservice.so in namespace (default)
08-22 18:06:53.296 F/linker ( 6465): CANNOT LINK EXECUTABLE "/vendor/bin/hw/qvrservice": library "vendor.qti.hardware.qxr-V1-ndk_platform.so" not found: needed by /vendor/lib64/libqvrservice.so in namespace (default)
08-22 18:06:53.306 F/linker ( 6469): CANNOT LINK EXECUTABLE "/vendor/bin/hw/sxrservice": library "vendor.qti.hardware.qxr-V1-ndk_platform.so" not found: needed by main executable
08-22 18:06:58.327 F/linker ( 7839): CANNOT LINK EXECUTABLE "/vendor/bin/hw/qvrservice": library "vendor.qti.hardware.qxr-V1-ndk_platform.so" not found: needed by /vendor/lib64/libqvrservice.so in namespace (default)
08-22 18:06:58.337 F/linker ( 7851): CANNOT LINK EXECUTABLE "/vendor/bin/hw/sxrservice": library "vendor.qti.hardware.qxr-V1-ndk_platform.so" not found: needed by main executable
08-22 18:07:03.358 F/linker ( 9234): CANNOT LINK EXECUTABLE "/vendor/bin/hw/qvrservice": library "vendor.qti.hardware.qxr-V1-ndk_platform.so" not found: needed by /vendor/lib64/libqvrservice.so in namespace (default)
08-22 18:07:03.373 F/linker ( 9240): CANNOT LINK EXECUTABLE "/vendor/bin/hw/sxrservice": library "vendor.qti.hardware.qxr-V1-ndk_platform.so" not found: needed by main executable
08-22 18:07:08.375 F/linker (10705): CANNOT LINK EXECUTABLE "/vendor/bin/hw/qvrservice": library "vendor.qti.hardware.qxr-V1-ndk_platform.so" not found: needed by /vendor/lib64/libqvrservice.so in namespace (default)
08-22 18:07:08.395 F/linker (10708): CANNOT LINK EXECUTABLE "/vendor/bin/hw/sxrservice": library "vendor.qti.hardware.qxr-V1-ndk_platform.so" not found: needed by main executable
08-22 18:07:13.416 F/linker (12122): CANNOT LINK EXECUTABLE "/vendor/bin/hw/qvrservice": library "vendor.qti.hardware.qxr-V1-ndk_platform.so" not found: needed by /vendor/lib64/libqvrservice.so in namespace (default)
08-22 18:07:13.425 F/linker (12128): CANNOT LINK EXECUTABLE "/vendor/bin/hw/sxrservice": library "vendor.qti.hardware.qxr-V1-ndk_platform.so" not found: needed by main executable
08-22 18:07:18.427 F/linker (13422): CANNOT LINK EXECUTABLE "/vendor/bin/hw/qvrservice": library "vendor.qti.hardware.qxr-V1-ndk_platform.so" not found: needed by /vendor/lib64/libqvrservice.so in namespace (default)
08-22 18:07:18.451 F/linker (13429): CANNOT LINK EXECUTABLE "/vendor/bin/hw/sxrservice": library "vendor.qti.hardware.qxr-V1-ndk_platform.so" not found: needed by main executable
08-22 18:07:23.467 F/linker (14855): CANNOT LINK EXECUTABLE "/vendor/bin/hw/qvrservice": library "vendor.qti.hardware.qxr-V1-ndk_platform.so" not found: needed by /vendor/lib64/libqvrservice.so in namespace (default)
08-22 18:07:23.478 F/linker (14864): CANNOT LINK EXECUTABLE "/vendor/bin/hw/sxrservice": library "vendor.qti.hardware.qxr-V1-ndk_platform.so" not found: needed by main executable
08-22 18:07:27.083 V/DisplayPowerController[0]( 1164): Brightness [0.05] reason changing to: 'manual [ dim ]', previous reason: 'manual'.
08-22 18:07:27.084 W/PowerManagerService( 1164): Screen on took 67728 ms
08-22 18:07:27.096 E/DisplayDeviceConfig( 1164): requesting nits when no mapping exists.
08-22 18:07:27.096 E/DisplayDeviceConfig( 1164): requesting nits when no mapping exists.
08-22 18:07:27.100 I/DropBoxManagerService( 1164): add tag=system_server_wtf isTagEnabled=true flags=0x2
08-22 18:07:27.111 E/DisplayDeviceConfig( 1164): requesting nits when no mapping exists.
08-22 18:07:27.112 E/DisplayDeviceConfig( 1164): requesting nits when no mapping exists.
08-22 18:07:27.113 I/DropBoxManagerService( 1164): add tag=system_server_wtf isTagEnabled=true flags=0x2
08-22 18:07:27.121 I/DropBoxManagerService( 1164): add tag=system_server_wtf isTagEnabled=true flags=0x2
08-22 18:07:27.124 E/DisplayDeviceConfig( 1164): requesting nits when no mapping exists.
08-22 18:07:27.125 E/DisplayDeviceConfig( 1164): requesting nits when no mapping exists.
08-22 18:07:27.130 I/DropBoxManagerService( 1164): add tag=system_server_wtf isTagEnabled=true flags=0x2
08-22 18:07:27.136 I/DropBoxManagerService( 1164): add tag=system_server_wtf isTagEnabled=true flags=0x2
08-22 18:07:27.142 E/DisplayDeviceConfig( 1164): requesting nits when no mapping exists.
08-22 18:07:27.142 E/DisplayDeviceConfig( 1164): requesting nits when no mapping exists.
08-22 18:07:27.161 E/DisplayDeviceConfig( 1164): requesting nits when no mapping exists.
08-22 18:07:27.162 E/DisplayDeviceConfig( 1164): requesting nits when no mapping exists.
08-22 18:07:27.174 E/DisplayDeviceConfig( 1164): requesting nits when no mapping exists.
08-22 18:07:27.180 E/DisplayDeviceConfig( 1164): requesting nits when no mapping exists.
08-22 18:07:27.194 E/DisplayDeviceConfig( 1164): requesting nits when no mapping exists.
08-22 18:07:27.195 E/DisplayDeviceConfig( 1164): requesting nits when no mapping exists.
08-22 18:07:27.207 E/DisplayDeviceConfig( 1164): requesting nits when no mapping exists.
08-22 18:07:27.208 E/DisplayDeviceConfig( 1164): requesting nits when no mapping exists.
08-22 18:07:27.229 E/DisplayDeviceConfig( 1164): requesting nits when no mapping exists.
08-22 18:07:27.230 E/DisplayDeviceConfig( 1164): requesting nits when no mapping exists.
08-22 18:07:27.243 E/DisplayDeviceConfig( 1164): requesting nits when no mapping exists.
08-22 18:07:27.244 E/DisplayDeviceConfig( 1164): requesting nits when no mapping exists.
08-22 18:07:27.259 E/DisplayDeviceConfig( 1164): requesting nits when no mapping exists.
08-22 18:07:27.259 E/DisplayDeviceConfig( 1164): requesting nits when no mapping exists.
08-22 18:07:27.277 E/DisplayDeviceConfig( 1164): requesting nits when no mapping exists.
08-22 18:07:27.277 E/DisplayDeviceConfig( 1164): requesting nits when no mapping exists.
08-22 18:07:27.292 E/DisplayDeviceConfig( 1164): requesting nits when no mapping exists.
08-22 18:07:27.293 E/DisplayDeviceConfig( 1164): requesting nits when no mapping exists.
08-22 18:07:27.309 E/DisplayDeviceConfig( 1164): requesting nits when no mapping exists.
08-22 18:07:27.309 E/DisplayDeviceConfig( 1164): requesting nits when no mapping exists.
08-22 18:07:27.333 E/DisplayDeviceConfig( 1164): requesting nits when no mapping exists.
08-22 18:07:27.333 E/DisplayDeviceConfig( 1164): requesting nits when no mapping exists.
08-22 18:07:27.341 E/DisplayDeviceConfig( 1164): requesting nits when no mapping exists.
08-22 18:07:27.342 E/DisplayDeviceConfig( 1164): requesting nits when no mapping exists.
08-22 18:07:27.358 E/DisplayDeviceConfig( 1164): requesting nits when no mapping exists.
08-22 18:07:27.358 E/DisplayDeviceConfig( 1164): requesting nits when no mapping exists.
08-22 18:07:27.375 E/DisplayDeviceConfig( 1164): requesting nits when no mapping exists.
08-22 18:07:27.375 E/DisplayDeviceConfig( 1164): requesting nits when no mapping exists.
08-22 18:07:27.391 E/DisplayDeviceConfig( 1164): requesting nits when no mapping exists.
08-22 18:07:27.392 E/DisplayDeviceConfig( 1164): requesting nits when no mapping exists.
08-22 18:07:27.408 E/DisplayDeviceConfig( 1164): requesting nits when no mapping exists.
08-22 18:07:27.409 E/DisplayDeviceConfig( 1164): requesting nits when no mapping exists.
08-22 18:07:27.425 E/DisplayDeviceConfig( 1164): requesting nits when no mapping exists.
08-22 18:07:27.426 E/DisplayDeviceConfig( 1164): requesting nits when no mapping exists.
08-22 18:07:27.441 E/DisplayDeviceConfig( 1164): requesting nits when no mapping exists.
08-22 18:07:27.442 E/DisplayDeviceConfig( 1164): requesting nits when no mapping exists.
08-22 18:07:27.459 E/DisplayDeviceConfig( 1164): requesting nits when no mapping exists.
08-22 18:07:27.459 E/DisplayDeviceConfig( 1164): requesting nits when no mapping exists.
08-22 18:07:27.476 E/DisplayDeviceConfig( 1164): requesting nits when no mapping exists.
08-22 18:07:27.477 E/DisplayDeviceConfig( 1164): requesting nits when no mapping exists.
08-22 18:07:27.492 E/DisplayDeviceConfig( 1164): requesting nits when no mapping exists.
08-22 18:07:27.492 E/DisplayDeviceConfig( 1164): requesting nits when no mapping exists.
08-22 18:07:27.510 E/DisplayDeviceConfig( 1164): requesting nits when no mapping exists.
08-22 18:07:27.510 E/DisplayDeviceConfig( 1164): requesting nits when no mapping exists.
08-22 18:07:27.527 E/DisplayDeviceConfig( 1164): requesting nits when no mapping exists.
08-22 18:07:27.528 E/DisplayDeviceConfig( 1164): requesting nits when no mapping exists.
08-22 18:07:27.542 E/DisplayDeviceConfig( 1164): requesting nits when no mapping exists.
08-22 18:07:27.542 E/DisplayDeviceConfig( 1164): requesting nits when no mapping exists.
08-22 18:07:27.559 E/DisplayDeviceConfig( 1164): requesting nits when no mapping exists.
08-22 18:07:27.559 E/DisplayDeviceConfig( 1164): requesting nits when no mapping exists.
08-22 18:07:27.577 E/DisplayDeviceConfig( 1164): requesting nits when no mapping exists.
08-22 18:07:27.577 E/DisplayDeviceConfig( 1164): requesting nits when no mapping exists.
08-22 18:07:28.497 F/linker (16250): CANNOT LINK EXECUTABLE "/vendor/bin/hw/sxrservice": library "vendor.qti.hardware.qxr-V1-ndk_platform.so" not found: needed by main executable
08-22 18:07:28.507 F/linker (16245): CANNOT LINK EXECUTABLE "/vendor/bin/hw/qvrservice": library "vendor.qti.hardware.qxr-V1-ndk_platform.so" not found: needed by /vendor/lib64/libqvrservice.so in namespace (default)
08-22 18:07:33.513 F/linker (17534): CANNOT LINK EXECUTABLE "/vendor/bin/hw/qvrservice": library "vendor.qti.hardware.qxr-V1-ndk_platform.so" not found: needed by /vendor/lib64/libqvrservice.so in namespace (default)
08-22 18:07:33.534 F/linker (17544): CANNOT LINK EXECUTABLE "/vendor/bin/hw/sxrservice": library "vendor.qti.hardware.qxr-V1-ndk_platform.so" not found: needed by main executable
08-22 18:07:34.075 I/PowerManagerService( 1164): Napping display group (groupId=0, uid=1000)...
08-22 18:07:34.075 I/PowerManagerService( 1164): Nap time (uid 1000)...
08-22 18:07:34.081 I/DreamManagerService( 1164): Entering dreamland.
08-22 18:07:34.085 I/PowerManagerService( 1164): Dreaming...
08-22 18:07:34.106 I/DreamController( 1164): Starting dream: name=ComponentInfo{com.android.deskclock/com.android.deskclock.Screensaver}, isTest=false, canDoze=false, userId=0
08-22 18:07:34.121 D/AutofillManagerService( 1164): Close system dialogs
08-22 18:07:34.135 I/ActivityTaskManager( 1164): START u0 {flg=0x10000000 pkg=com.android.deskclock cmp=com.android.deskclock/android.service.dreams.DreamActivity (has extras)} from uid 10078
08-22 18:07:34.148 W/ActivityTaskManager( 1164): Can't find TaskDisplayArea to determine support for multi window. Task id=15 attached=false
08-22 18:07:34.158 V/SplashScreenExceptionList( 1164): SplashScreen checking exception for package com.android.deskclock (target sdk:29) -> false
08-22 18:07:34.185 I/ActivityTaskManager( 1164): The Process com.android.deskclock Already Exists in BG. So sending its PID: 3083
08-22 18:07:34.192 W/ActivityTaskManager( 1164): Tried to set launchTime (0) < mLastActivityLaunchTime (1527728)
08-22 18:07:34.301 V/DisplayPowerController[0]( 1164): Brightness [0.39763778] reason changing to: 'manual', previous reason: 'manual [ dim ]'.
08-22 18:07:34.308 E/DisplayDeviceConfig( 1164): requesting nits when no mapping exists.
08-22 18:07:34.309 E/DisplayDeviceConfig( 1164): requesting nits when no mapping exists.
08-22 18:07:34.341 E/DisplayDeviceConfig( 1164): requesting nits when no mapping exists.
08-22 18:07:34.342 E/DisplayDeviceConfig( 1164): requesting nits when no mapping exists.
08-22 18:07:34.374 E/DisplayDeviceConfig( 1164): requesting nits when no mapping exists.
08-22 18:07:34.376 E/DisplayDeviceConfig( 1164): requesting nits when no mapping exists.
08-22 18:07:34.394 E/DisplayDeviceConfig( 1164): requesting nits when no mapping exists.
08-22 18:07:34.395 E/DisplayDeviceConfig( 1164): requesting nits when no mapping exists.
08-22 18:07:34.425 E/DisplayDeviceConfig( 1164): requesting nits when no mapping exists.
08-22 18:07:34.426 E/DisplayDeviceConfig( 1164): requesting nits when no mapping exists.
08-22 18:07:34.461 E/DisplayDeviceConfig( 1164): requesting nits when no mapping exists.
08-22 18:07:34.461 E/DisplayDeviceConfig( 1164): requesting nits when no mapping exists.
08-22 18:07:34.492 E/DisplayDeviceConfig( 1164): requesting nits when no mapping exists.
08-22 18:07:34.493 E/DisplayDeviceConfig( 1164): requesting nits when no mapping exists.
08-22 18:07:34.527 E/DisplayDeviceConfig( 1164): requesting nits when no mapping exists.
08-22 18:07:34.527 E/DisplayDeviceConfig( 1164): requesting nits when no mapping exists.
08-22 18:07:34.561 E/DisplayDeviceConfig( 1164): requesting nits when no mapping exists.
08-22 18:07:34.561 E/DisplayDeviceConfig( 1164): requesting nits when no mapping exists.
08-22 18:07:34.592 E/DisplayDeviceConfig( 1164): requesting nits when no mapping exists.
08-22 18:07:34.592 E/DisplayDeviceConfig( 1164): requesting nits when no mapping exists.
08-22 18:07:34.625 E/DisplayDeviceConfig( 1164): requesting nits when no mapping exists.
08-22 18:07:34.626 E/DisplayDeviceConfig( 1164): requesting nits when no mapping exists.
08-22 18:07:34.642 E/DisplayDeviceConfig( 1164): requesting nits when no mapping exists.
08-22 18:07:34.643 E/DisplayDeviceConfig( 1164): requesting nits when no mapping exists.
08-22 18:07:34.658 E/DisplayDeviceConfig( 1164): requesting nits when no mapping exists.
08-22 18:07:34.659 E/DisplayDeviceConfig( 1164): requesting nits when no mapping exists.
08-22 18:07:34.675 E/DisplayDeviceConfig( 1164): requesting nits when no mapping exists.
08-22 18:07:34.676 E/DisplayDeviceConfig( 1164): requesting nits when no mapping exists.
08-22 18:07:34.694 E/DisplayDeviceConfig( 1164): requesting nits when no mapping exists.
08-22 18:07:34.695 E/DisplayDeviceConfig( 1164): requesting nits when no mapping exists.
08-22 18:07:34.710 E/DisplayDeviceConfig( 1164): requesting nits when no mapping exists.
08-22 18:07:34.711 E/DisplayDeviceConfig( 1164): requesting nits when no mapping exists.
08-22 18:07:34.726 E/DisplayDeviceConfig( 1164): requesting nits when no mapping exists.
08-22 18:07:34.727 E/DisplayDeviceConfig( 1164): requesting nits when no mapping exists.
08-22 18:07:34.744 E/DisplayDeviceConfig( 1164): requesting nits when no mapping exists.
08-22 18:07:34.744 E/DisplayDeviceConfig( 1164): requesting nits when no mapping exists.
08-22 18:07:34.761 E/DisplayDeviceConfig( 1164): requesting nits when no mapping exists.
08-22 18:07:34.761 E/DisplayDeviceConfig( 1164): requesting nits when no mapping exists.
08-22 18:07:34.779 E/DisplayDeviceConfig( 1164): requesting nits when no mapping exists.
08-22 18:07:34.779 E/DisplayDeviceConfig( 1164): requesting nits when no mapping exists.
08-22 18:07:34.811 E/DisplayDeviceConfig( 1164): requesting nits when no mapping exists.
08-22 18:07:34.812 E/DisplayDeviceConfig( 1164): requesting nits when no mapping exists.
08-22 18:07:38.555 F/linker (18714): CANNOT LINK EXECUTABLE "/vendor/bin/hw/sxrservice": library "vendor.qti.hardware.qxr-V1-ndk_platform.so" not found: needed by main executable
08-22 18:07:38.555 F/linker (18709): CANNOT LINK EXECUTABLE "/vendor/bin/hw/qvrservice": library "vendor.qti.hardware.qxr-V1-ndk_platform.so" not found: needed by /vendor/lib64/libqvrservice.so in namespace (default)
08-22 18:07:43.564 F/linker (20048): CANNOT LINK EXECUTABLE "/vendor/bin/hw/qvrservice": library "vendor.qti.hardware.qxr-V1-ndk_platform.so" not found: needed by /vendor/lib64/libqvrservice.so in namespace (default)
08-22 18:07:43.593 F/linker (20052): CANNOT LINK EXECUTABLE "/vendor/bin/hw/sxrservice": library "vendor.qti.hardware.qxr-V1-ndk_platform.so" not found: needed by main executable
08-22 18:07:48.601 F/linker (21369): CANNOT LINK EXECUTABLE "/vendor/bin/hw/sxrservice": library "vendor.qti.hardware.qxr-V1-ndk_platform.so" not found: needed by main executable
08-22 18:07:48.616 F/linker (21367): CANNOT LINK EXECUTABLE "/vendor/bin/hw/qvrservice": library "vendor.qti.hardware.qxr-V1-ndk_platform.so" not found: needed by /vendor/lib64/libqvrservice.so in namespace (default)
08-22 18:07:53.635 F/linker (22696): CANNOT LINK EXECUTABLE "/vendor/bin/hw/qvrservice": library "vendor.qti.hardware.qxr-V1-ndk_platform.so" not found: needed by /vendor/lib64/libqvrservice.so in namespace (default)
08-22 18:07:53.652 F/linker (22700): CANNOT LINK EXECUTABLE "/vendor/bin/hw/sxrservice": library "vendor.qti.hardware.qxr-V1-ndk_platform.so" not found: needed by main executable
08-22 18:07:58.676 F/linker (23782): CANNOT LINK EXECUTABLE "/vendor/bin/hw/qvrservice": library "vendor.qti.hardware.qxr-V1-ndk_platform.so" not found: needed by /vendor/lib64/libqvrservice.so in namespace (default)
08-22 18:07:58.697 F/linker (23787): CANNOT LINK EXECUTABLE "/vendor/bin/hw/sxrservice": library "vendor.qti.hardware.qxr-V1-ndk_platform.so" not found: needed by main executable
08-22 18:08:03.708 F/linker (24871): CANNOT LINK EXECUTABLE "/vendor/bin/hw/qvrservice": library "vendor.qti.hardware.qxr-V1-ndk_platform.so" not found: needed by /vendor/lib64/libqvrservice.so in namespace (default)
08-22 18:08:03.715 F/linker (24876): CANNOT LINK EXECUTABLE "/vendor/bin/hw/sxrservice": library "vendor.qti.hardware.qxr-V1-ndk_platform.so" not found: needed by main executable
08-22 18:08:08.726 F/linker (26256): CANNOT LINK EXECUTABLE "/vendor/bin/hw/qvrservice": library "vendor.qti.hardware.qxr-V1-ndk_platform.so" not found: needed by /vendor/lib64/libqvrservice.so in namespace (default)
08-22 18:08:08.738 F/linker (26265): CANNOT LINK EXECUTABLE "/vendor/bin/hw/sxrservice": library "vendor.qti.hardware.qxr-V1-ndk_platform.so" not found: needed by main executable
08-22 18:08:13.759 F/linker (27782): CANNOT LINK EXECUTABLE "/vendor/bin/hw/sxrservice": library "vendor.qti.hardware.qxr-V1-ndk_platform.so" not found: needed by main executable
08-22 18:08:13.770 F/linker (27776): CANNOT LINK EXECUTABLE "/vendor/bin/hw/qvrservice": library "vendor.qti.hardware.qxr-V1-ndk_platform.so" not found: needed by /vendor/lib64/libqvrservice.so in namespace (default)
08-22 18:08:18.796 F/linker (29203): CANNOT LINK EXECUTABLE "/vendor/bin/hw/qvrservice": library "vendor.qti.hardware.qxr-V1-ndk_platform.so" not found: needed by /vendor/lib64/libqvrservice.so in namespace (default)
08-22 18:08:18.829 F/linker (29206): CANNOT LINK EXECUTABLE "/vendor/bin/hw/sxrservice": library "vendor.qti.hardware.qxr-V1-ndk_platform.so" not found: needed by main executable
08-22 18:08:23.823 F/linker (30644): CANNOT LINK EXECUTABLE "/vendor/bin/hw/qvrservice": library "vendor.qti.hardware.qxr-V1-ndk_platform.so" not found: needed by /vendor/lib64/libqvrservice.so in namespace (default)
08-22 18:08:23.827 F/linker (30650): CANNOT LINK EXECUTABLE "/vendor/bin/hw/sxrservice": library "vendor.qti.hardware.qxr-V1-ndk_platform.so" not found: needed by main executable
08-22 18:08:28.848 F/linker (32159): CANNOT LINK EXECUTABLE "/vendor/bin/hw/qvrservice": library "vendor.qti.hardware.qxr-V1-ndk_platform.so" not found: needed by /vendor/lib64/libqvrservice.so in namespace (default)
08-22 18:08:28.868 F/linker (32169): CANNOT LINK EXECUTABLE "/vendor/bin/hw/sxrservice": library "vendor.qti.hardware.qxr-V1-ndk_platform.so" not found: needed by main executable
08-22 18:08:33.848 F/linker ( 1626): CANNOT LINK EXECUTABLE "/vendor/bin/hw/qvrservice": library "vendor.qti.hardware.qxr-V1-ndk_platform.so" not found: needed by /vendor/lib64/libqvrservice.so in namespace (default)
08-22 18:08:33.874 F/linker ( 1649): CANNOT LINK EXECUTABLE "/vendor/bin/hw/sxrservice": library "vendor.qti.hardware.qxr-V1-ndk_platform.so" not found: needed by main executable
08-22 18:08:38.893 F/linker ( 3795): CANNOT LINK EXECUTABLE "/vendor/bin/hw/qvrservice": library "vendor.qti.hardware.qxr-V1-ndk_platform.so" not found: needed by /vendor/lib64/libqvrservice.so in namespace (default)
08-22 18:08:38.904 F/linker ( 3800): CANNOT LINK EXECUTABLE "/vendor/bin/hw/sxrservice": library "vendor.qti.hardware.qxr-V1-ndk_platform.so" not found: needed by main executable
08-22 18:08:43.926 F/linker ( 5377): CANNOT LINK EXECUTABLE "/vendor/bin/hw/sxrservice": library "vendor.qti.hardware.qxr-V1-ndk_platform.so" not found: needed by main executable
08-22 18:08:43.935 F/linker ( 5370): CANNOT LINK EXECUTABLE "/vendor/bin/hw/qvrservice": library "vendor.qti.hardware.qxr-V1-ndk_platform.so" not found: needed by /vendor/lib64/libqvrservice.so in namespace (default)
08-22 18:08:48.951 F/linker ( 6780): CANNOT LINK EXECUTABLE "/vendor/bin/hw/qvrservice": library "vendor.qti.hardware.qxr-V1-ndk_platform.so" not found: needed by /vendor/lib64/libqvrservice.so in namespace (default)
08-22 18:08:48.974 F/linker ( 6790): CANNOT LINK EXECUTABLE "/vendor/bin/hw/sxrservice": library "vendor.qti.hardware.qxr-V1-ndk_platform.so" not found: needed by main executable
08-22 18:08:53.984 F/linker ( 8274): CANNOT LINK EXECUTABLE "/vendor/bin/hw/sxrservice": library "vendor.qti.hardware.qxr-V1-ndk_platform.so" not found: needed by main executable
08-22 18:08:53.992 F/linker ( 8268): CANNOT LINK EXECUTABLE "/vendor/bin/hw/qvrservice": library "vendor.qti.hardware.qxr-V1-ndk_platform.so" not found: needed by /vendor/lib64/libqvrservice.so in namespace (default)
08-22 18:08:58.993 F/linker ( 9499): CANNOT LINK EXECUTABLE "/vendor/bin/hw/qvrservice": library "vendor.qti.hardware.qxr-V1-ndk_platform.so" not found: needed by /vendor/lib64/libqvrservice.so in namespace (default)
08-22 18:08:59.016 F/linker ( 9503): CANNOT LINK EXECUTABLE "/vendor/bin/hw/sxrservice": library "vendor.qti.hardware.qxr-V1-ndk_platform.so" not found: needed by main executable
08-22 18:09:04.034 F/linker (10565): CANNOT LINK EXECUTABLE "/vendor/bin/hw/qvrservice": library "vendor.qti.hardware.qxr-V1-ndk_platform.so" not found: needed by /vendor/lib64/libqvrservice.so in namespace (default)
08-22 18:09:04.051 F/linker (10573): CANNOT LINK EXECUTABLE "/vendor/bin/hw/sxrservice": library "vendor.qti.hardware.qxr-V1-ndk_platform.so" not found: needed by main executable
08-22 18:09:09.062 F/linker (11957): CANNOT LINK EXECUTABLE "/vendor/bin/hw/qvrservice": library "vendor.qti.hardware.qxr-V1-ndk_platform.so" not found: needed by /vendor/lib64/libqvrservice.so in namespace (default)
08-22 18:09:09.074 F/linker (11961): CANNOT LINK EXECUTABLE "/vendor/bin/hw/sxrservice": library "vendor.qti.hardware.qxr-V1-ndk_platform.so" not found: needed by main executable
08-22 18:09:14.095 F/linker (13402): CANNOT LINK EXECUTABLE "/vendor/bin/hw/qvrservice": library "vendor.qti.hardware.qxr-V1-ndk_platform.so" not found: needed by /vendor/lib64/libqvrservice.so in namespace (default)
08-22 18:09:14.116 F/linker (13412): CANNOT LINK EXECUTABLE "/vendor/bin/hw/sxrservice": library "vendor.qti.hardware.qxr-V1-ndk_platform.so" not found: needed by main executable
08-22 18:09:19.116 F/linker (14902): CANNOT LINK EXECUTABLE "/vendor/bin/hw/qvrservice": library "vendor.qti.hardware.qxr-V1-ndk_platform.so" not found: needed by /vendor/lib64/libqvrservice.so in namespace (default)
08-22 18:09:19.132 F/linker (14910): CANNOT LINK EXECUTABLE "/vendor/bin/hw/sxrservice": library "vendor.qti.hardware.qxr-V1-ndk_platform.so" not found: needed by main executable
08-22 18:09:24.145 F/linker (16305): CANNOT LINK EXECUTABLE "/vendor/bin/hw/qvrservice": library "vendor.qti.hardware.qxr-V1-ndk_platform.so" not found: needed by /vendor/lib64/libqvrservice.so in namespace (default)
08-22 18:09:24.153 F/linker (16315): CANNOT LINK EXECUTABLE "/vendor/bin/hw/sxrservice": library "vendor.qti.hardware.qxr-V1-ndk_platform.so" not found: needed by main executable
08-22 18:09:29.172 F/linker (17740): CANNOT LINK EXECUTABLE "/vendor/bin/hw/qvrservice": library "vendor.qti.hardware.qxr-V1-ndk_platform.so" not found: needed by /vendor/lib64/libqvrservice.so in namespace (default)
08-22 18:09:29.189 F/linker (17744): CANNOT LINK EXECUTABLE "/vendor/bin/hw/sxrservice": library "vendor.qti.hardware.qxr-V1-ndk_platform.so" not found: needed by main executable
08-22 18:09:34.208 F/linker (19213): CANNOT LINK EXECUTABLE "/vendor/bin/hw/qvrservice": library "vendor.qti.hardware.qxr-V1-ndk_platform.so" not found: needed by /vendor/lib64/libqvrservice.so in namespace (default)
08-22 18:09:34.223 F/linker (19222): CANNOT LINK EXECUTABLE "/vendor/bin/hw/sxrservice": library "vendor.qti.hardware.qxr-V1-ndk_platform.so" not found: needed by main executable
08-22 18:09:39.227 F/linker (20535): CANNOT LINK EXECUTABLE "/vendor/bin/hw/qvrservice": library "vendor.qti.hardware.qxr-V1-ndk_platform.so" not found: needed by /vendor/lib64/libqvrservice.so in namespace (default)
08-22 18:09:39.255 F/linker (20544): CANNOT LINK EXECUTABLE "/vendor/bin/hw/sxrservice": library "vendor.qti.hardware.qxr-V1-ndk_platform.so" not found: needed by main executable
08-22 18:09:44.238 F/linker (21967): CANNOT LINK EXECUTABLE "/vendor/bin/hw/qvrservice": library "vendor.qti.hardware.qxr-V1-ndk_platform.so" not found: needed by /vendor/lib64/libqvrservice.so in namespace (default)
08-22 18:09:44.251 F/linker (21974): CANNOT LINK EXECUTABLE "/vendor/bin/hw/sxrservice": library "vendor.qti.hardware.qxr-V1-ndk_platform.so" not found: needed by main executable
08-22 18:09:49.285 F/linker (23469): CANNOT LINK EXECUTABLE "/vendor/bin/hw/qvrservice": library "vendor.qti.hardware.qxr-V1-ndk_platform.so" not found: needed by /vendor/lib64/libqvrservice.so in namespace (default)
08-22 18:09:49.290 F/linker (23479): CANNOT LINK EXECUTABLE "/vendor/bin/hw/sxrservice": library "vendor.qti.hardware.qxr-V1-ndk_platform.so" not found: needed by main executable
08-22 18:09:54.297 F/linker (24830): CANNOT LINK EXECUTABLE "/vendor/bin/hw/qvrservice": library "vendor.qti.hardware.qxr-V1-ndk_platform.so" not found: needed by /vendor/lib64/libqvrservice.so in namespace (default)
08-22 18:09:54.317 F/linker (24834): CANNOT LINK EXECUTABLE "/vendor/bin/hw/sxrservice": library "vendor.qti.hardware.qxr-V1-ndk_platform.so" not found: needed by main executable
08-22 18:09:59.309 F/linker (25976): CANNOT LINK EXECUTABLE "/vendor/bin/hw/qvrservice": library "vendor.qti.hardware.qxr-V1-ndk_platform.so" not found: needed by /vendor/lib64/libqvrservice.so in namespace (default)
08-22 18:09:59.327 F/linker (25981): CANNOT LINK EXECUTABLE "/vendor/bin/hw/sxrservice": library "vendor.qti.hardware.qxr-V1-ndk_platform.so" not found: needed by main executable
08-22 18:10:04.340 F/linker (26890): CANNOT LINK EXECUTABLE "/vendor/bin/hw/qvrservice": library "vendor.qti.hardware.qxr-V1-ndk_platform.so" not found: needed by /vendor/lib64/libqvrservice.so in namespace (default)
08-22 18:10:04.344 F/linker (26895): CANNOT LINK EXECUTABLE "/vendor/bin/hw/sxrservice": library "vendor.qti.hardware.qxr-V1-ndk_platform.so" not found: needed by main executable
08-22 18:10:09.377 F/linker (28150): CANNOT LINK EXECUTABLE "/vendor/bin/hw/qvrservice": library "vendor.qti.hardware.qxr-V1-ndk_platform.so" not found: needed by /vendor/lib64/libqvrservice.so in namespace (default)
08-22 18:10:09.390 F/linker (28160): CANNOT LINK EXECUTABLE "/vendor/bin/hw/sxrservice": library "vendor.qti.hardware.qxr-V1-ndk_platform.so" not found: needed by main executable
08-22 18:10:14.408 F/linker (29336): CANNOT LINK EXECUTABLE "/vendor/bin/hw/sxrservice": library "vendor.qti.hardware.qxr-V1-ndk_platform.so" not found: needed by main executable
08-22 18:10:14.419 F/linker (29330): CANNOT LINK EXECUTABLE "/vendor/bin/hw/qvrservice": library "vendor.qti.hardware.qxr-V1-ndk_platform.so" not found: needed by /vendor/lib64/libqvrservice.so in namespace (default)
08-22 18:10:19.436 F/linker (30444): CANNOT LINK EXECUTABLE "/vendor/bin/hw/qvrservice": library "vendor.qti.hardware.qxr-V1-ndk_platform.so" not found: needed by /vendor/lib64/libqvrservice.so in namespace (default)
08-22 18:10:19.469 F/linker (30456): CANNOT LINK EXECUTABLE "/vendor/bin/hw/sxrservice": library "vendor.qti.hardware.qxr-V1-ndk_platform.so" not found: needed by main executable
08-22 18:10:24.476 F/linker (31731): CANNOT LINK EXECUTABLE "/vendor/bin/hw/qvrservice": library "vendor.qti.hardware.qxr-V1-ndk_platform.so" not found: needed by /vendor/lib64/libqvrservice.so in namespace (default)
08-22 18:10:24.491 F/linker (31736): CANNOT LINK EXECUTABLE "/vendor/bin/hw/sxrservice": library "vendor.qti.hardware.qxr-V1-ndk_platform.so" not found: needed by main executable
08-22 18:10:29.498 F/linker ( 952): CANNOT LINK EXECUTABLE "/vendor/bin/hw/sxrservice": library "vendor.qti.hardware.qxr-V1-ndk_platform.so" not found: needed by main executable
08-22 18:10:29.515 F/linker ( 946): CANNOT LINK EXECUTABLE "/vendor/bin/hw/qvrservice": library "vendor.qti.hardware.qxr-V1-ndk_platform.so" not found: needed by /vendor/lib64/libqvrservice.so in namespace (default)
08-22 18:10:34.530 F/linker ( 3148): CANNOT LINK EXECUTABLE "/vendor/bin/hw/qvrservice": library "vendor.qti.hardware.qxr-V1-ndk_platform.so" not found: needed by /vendor/lib64/libqvrservice.so in namespace (default)
08-22 18:10:34.551 F/linker ( 3158): CANNOT LINK EXECUTABLE "/vendor/bin/hw/sxrservice": library "vendor.qti.hardware.qxr-V1-ndk_platform.so" not found: needed by main executable
08-22 18:10:39.564 F/linker ( 4834): CANNOT LINK EXECUTABLE "/vendor/bin/hw/qvrservice": library "vendor.qti.hardware.qxr-V1-ndk_platform.so" not found: needed by /vendor/lib64/libqvrservice.so in namespace (default)
08-22 18:10:39.578 F/linker ( 4837): CANNOT LINK EXECUTABLE "/vendor/bin/hw/sxrservice": library "vendor.qti.hardware.qxr-V1-ndk_platform.so" not found: needed by main executable
08-22 18:10:41.336 I/DreamManagerService( 1164): Gently waking up from dream.
08-22 18:10:41.336 I/DreamManagerService( 1164): Performing gentle wake from dream.
08-22 18:10:41.374 W/BatteryExternalStatsWorker( 1164): error reading modem stats:ERROR_PHONE_NOT_AVAILABLE
08-22 18:10:41.419 E/KernelCpuSpeedReader( 1164): Failed to read cpu-freq: /sys/devices/system/cpu/cpu4/cpufreq/stats/time_in_state: open failed: ENOENT (No such file or directory)
08-22 18:10:41.421 E/KernelCpuSpeedReader( 1164): Failed to read cpu-freq: /sys/devices/system/cpu/cpu0/cpufreq/stats/time_in_state: open failed: ENOENT (No such file or directory)
08-22 18:10:41.442 I/PowerManagerService( 1164): Powering on display group fromDreaming (groupId=0, uid=1000, reason=WAKE_REASON_UNKNOWN, details=android.server.power:DREAM_FINISHED)...
08-22 18:10:41.442 I/PowerManagerService( 1164): Waking up from Dreaming (uid=1000, reason=WAKE_REASON_UNKNOWN, details=android.server.power:DREAM_FINISHED)...
08-22 18:10:41.499 W/BatteryExternalStatsWorker( 1164): error reading modem stats:ERROR_PHONE_NOT_AVAILABLE
08-22 18:10:41.504 E/KernelCpuSpeedReader( 1164): Failed to read cpu-freq: /sys/devices/system/cpu/cpu4/cpufreq/stats/time_in_state: open failed: ENOENT (No such file or directory)
08-22 18:10:41.504 E/KernelCpuSpeedReader( 1164): Failed to read cpu-freq: /sys/devices/system/cpu/cpu0/cpufreq/stats/time_in_state: open failed: ENOENT (No such file or directory)
08-22 18:10:41.996 I/DreamManagerService( 1164): Leaving dreamland.
08-22 18:10:41.997 I/DreamManagerService( 1164): Performing gentle wake from dream.
08-22 18:10:41.997 I/DreamController( 1164): Stopping dream: name=ComponentInfo{com.android.deskclock/com.android.deskclock.Screensaver}, isTest=false, canDoze=false, userId=0, reason='finished self'(from 'finished self')
08-22 18:10:42.020 W/ActivityTaskManager( 1164): Can't find TaskDisplayArea to determine support for multi window. Task id=15 attached=false
08-22 18:10:44.407 I/DropBoxManagerService( 1164): add tag=system_app_strictmode isTagEnabled=true flags=0x2
08-22 18:10:44.490 D/AutofillManagerService( 1164): Close system dialogs
08-22 18:10:44.589 F/linker ( 6003): CANNOT LINK EXECUTABLE "/vendor/bin/hw/sxrservice": library "vendor.qti.hardware.qxr-V1-ndk_platform.so" not found: needed by main executable
08-22 18:10:44.592 F/linker ( 5995): CANNOT LINK EXECUTABLE "/vendor/bin/hw/qvrservice": library "vendor.qti.hardware.qxr-V1-ndk_platform.so" not found: needed by /vendor/lib64/libqvrservice.so in namespace (default)
08-22 18:10:46.410 I/ActivityManager( 1164): PendingStartActivityUids startActivity to updateOomAdj delay:1967ms, uid:10106
08-22 18:10:46.496 W/UsageStatsService( 1164): Unexpected activity event reported! (com.android.launcher3/com.android.launcher3.uioverrides.QuickstepLauncher event : 23 instanceId : 174893434)
08-22 18:10:46.733 I/DropBoxManagerService( 1164): add tag=system_app_strictmode isTagEnabled=true flags=0x2
08-22 18:10:46.863 D/AutofillManagerService( 1164): Close system dialogs
08-22 18:10:49.268 I/ActivityManager( 1164): PendingStartActivityUids startActivity to updateOomAdj delay:2527ms, uid:10106
08-22 18:10:49.586 F/linker ( 7026): CANNOT LINK EXECUTABLE "/vendor/bin/hw/qvrservice": library "vendor.qti.hardware.qxr-V1-ndk_platform.so" not found: needed by /vendor/lib64/libqvrservice.so in namespace (default)
08-22 18:10:49.586 F/linker ( 7032): CANNOT LINK EXECUTABLE "/vendor/bin/hw/sxrservice": library "vendor.qti.hardware.qxr-V1-ndk_platform.so" not found: needed by main executable
08-22 18:10:49.588 W/BatteryExternalStatsWorker( 1164): error reading modem stats:ERROR_PHONE_NOT_AVAILABLE
08-22 18:10:49.621 E/KernelCpuSpeedReader( 1164): Failed to read cpu-freq: /sys/devices/system/cpu/cpu4/cpufreq/stats/time_in_state: open failed: ENOENT (No such file or directory)
08-22 18:10:49.621 E/KernelCpuSpeedReader( 1164): Failed to read cpu-freq: /sys/devices/system/cpu/cpu0/cpufreq/stats/time_in_state: open failed: ENOENT (No such file or directory)
08-22 18:10:49.908 D/AutofillManagerService( 1164): Close system dialogs
08-22 18:10:54.623 F/linker ( 8341): CANNOT LINK EXECUTABLE "/vendor/bin/hw/qvrservice": library "vendor.qti.hardware.qxr-V1-ndk_platform.so" not found: needed by /vendor/lib64/libqvrservice.so in namespace (default)
08-22 18:10:54.631 F/linker ( 8345): CANNOT LINK EXECUTABLE "/vendor/bin/hw/sxrservice": library "vendor.qti.hardware.qxr-V1-ndk_platform.so" not found: needed by main executable
08-22 18:10:59.648 F/linker ( 9526): CANNOT LINK EXECUTABLE "/vendor/bin/hw/qvrservice": library "vendor.qti.hardware.qxr-V1-ndk_platform.so" not found: needed by /vendor/lib64/libqvrservice.so in namespace (default)
08-22 18:10:59.651 F/linker ( 9534): CANNOT LINK EXECUTABLE "/vendor/bin/hw/sxrservice": library "vendor.qti.hardware.qxr-V1-ndk_platform.so" not found: needed by main executable
08-22 18:11:04.651 F/linker (10621): CANNOT LINK EXECUTABLE "/vendor/bin/hw/qvrservice": library "vendor.qti.hardware.qxr-V1-ndk_platform.so" not found: needed by /vendor/lib64/libqvrservice.so in namespace (default)
08-22 18:11:04.658 F/linker (10627): CANNOT LINK EXECUTABLE "/vendor/bin/hw/sxrservice": library "vendor.qti.hardware.qxr-V1-ndk_platform.so" not found: needed by main executable
08-22 18:11:09.685 F/linker (11857): CANNOT LINK EXECUTABLE "/vendor/bin/hw/qvrservice": library "vendor.qti.hardware.qxr-V1-ndk_platform.so" not found: needed by /vendor/lib64/libqvrservice.so in namespace (default)
08-22 18:11:09.709 F/linker (11861): CANNOT LINK EXECUTABLE "/vendor/bin/hw/sxrservice": library "vendor.qti.hardware.qxr-V1-ndk_platform.so" not found: needed by main executable
08-22 18:11:14.706 F/linker (13251): CANNOT LINK EXECUTABLE "/vendor/bin/hw/qvrservice": library "vendor.qti.hardware.qxr-V1-ndk_platform.so" not found: needed by /vendor/lib64/libqvrservice.so in namespace (default)
08-22 18:11:14.717 F/linker (13257): CANNOT LINK EXECUTABLE "/vendor/bin/hw/sxrservice": library "vendor.qti.hardware.qxr-V1-ndk_platform.so" not found: needed by main executable
08-22 18:11:19.732 F/linker (14531): CANNOT LINK EXECUTABLE "/vendor/bin/hw/sxrservice": library "vendor.qti.hardware.qxr-V1-ndk_platform.so" not found: needed by main executable
08-22 18:11:19.743 F/linker (14523): CANNOT LINK EXECUTABLE "/vendor/bin/hw/qvrservice": library "vendor.qti.hardware.qxr-V1-ndk_platform.so" not found: needed by /vendor/lib64/libqvrservice.so in namespace (default)
08-22 18:11:24.767 F/linker (15865): CANNOT LINK EXECUTABLE "/vendor/bin/hw/qvrservice": library "vendor.qti.hardware.qxr-V1-ndk_platform.so" not found: needed by /vendor/lib64/libqvrservice.so in namespace (default)
08-22 18:11:24.771 F/linker (15870): CANNOT LINK EXECUTABLE "/vendor/bin/hw/sxrservice": library "vendor.qti.hardware.qxr-V1-ndk_platform.so" not found: needed by main executable
08-22 18:11:29.804 F/linker (17217): CANNOT LINK EXECUTABLE "/vendor/bin/hw/qvrservice": library "vendor.qti.hardware.qxr-V1-ndk_platform.so" not found: needed by /vendor/lib64/libqvrservice.so in namespace (default)
08-22 18:11:29.825 F/linker (17226): CANNOT LINK EXECUTABLE "/vendor/bin/hw/sxrservice": library "vendor.qti.hardware.qxr-V1-ndk_platform.so" not found: needed by main executable
08-22 18:11:34.839 F/linker (18519): CANNOT LINK EXECUTABLE "/vendor/bin/hw/qvrservice": library "vendor.qti.hardware.qxr-V1-ndk_platform.so" not found: needed by /vendor/lib64/libqvrservice.so in namespace (default)
08-22 18:11:34.847 F/linker (18524): CANNOT LINK EXECUTABLE "/vendor/bin/hw/sxrservice": library "vendor.qti.hardware.qxr-V1-ndk_platform.so" not found: needed by main executable
08-22 18:11:39.866 F/linker (19878): CANNOT LINK EXECUTABLE "/vendor/bin/hw/qvrservice": library "vendor.qti.hardware.qxr-V1-ndk_platform.so" not found: needed by /vendor/lib64/libqvrservice.so in namespace (default)
08-22 18:11:39.873 F/linker (19883): CANNOT LINK EXECUTABLE "/vendor/bin/hw/sxrservice": library "vendor.qti.hardware.qxr-V1-ndk_platform.so" not found: needed by main executable
08-22 18:11:44.904 F/linker (21163): CANNOT LINK EXECUTABLE "/vendor/bin/hw/qvrservice": library "vendor.qti.hardware.qxr-V1-ndk_platform.so" not found: needed by /vendor/lib64/libqvrservice.so in namespace (default)
08-22 18:11:44.908 F/linker (21167): CANNOT LINK EXECUTABLE "/vendor/bin/hw/sxrservice": library "vendor.qti.hardware.qxr-V1-ndk_platform.so" not found: needed by main executable
08-22 18:11:49.928 F/linker (22609): CANNOT LINK EXECUTABLE "/vendor/bin/hw/qvrservice": library "vendor.qti.hardware.qxr-V1-ndk_platform.so" not found: needed by /vendor/lib64/libqvrservice.so in namespace (default)
08-22 18:11:49.948 F/linker (22620): CANNOT LINK EXECUTABLE "/vendor/bin/hw/sxrservice": library "vendor.qti.hardware.qxr-V1-ndk_platform.so" not found: needed by main executable
08-22 18:11:54.948 F/linker (24115): CANNOT LINK EXECUTABLE "/vendor/bin/hw/sxrservice": library "vendor.qti.hardware.qxr-V1-ndk_platform.so" not found: needed by main executable
08-22 18:11:54.960 F/linker (24107): CANNOT LINK EXECUTABLE "/vendor/bin/hw/qvrservice": library "vendor.qti.hardware.qxr-V1-ndk_platform.so" not found: needed by /vendor/lib64/libqvrservice.so in namespace (default)
08-22 18:11:59.981 F/linker (25501): CANNOT LINK EXECUTABLE "/vendor/bin/hw/qvrservice": library "vendor.qti.hardware.qxr-V1-ndk_platform.so" not found: needed by /vendor/lib64/libqvrservice.so in namespace (default)
08-22 18:11:59.997 F/linker (25511): CANNOT LINK EXECUTABLE "/vendor/bin/hw/sxrservice": library "vendor.qti.hardware.qxr-V1-ndk_platform.so" not found: needed by main executable
08-22 18:12:00.075 W/ProcessCpuTracker( 1164): Failed to stat(/proc/25513): android.system.ErrnoException: stat failed: ENOENT (No such file or directory)
08-22 18:12:00.075 W/ProcessCpuTracker( 1164): Skipping unknown process pid 25513
08-22 18:12:05.007 F/linker (26776): CANNOT LINK EXECUTABLE "/vendor/bin/hw/qvrservice": library "vendor.qti.hardware.qxr-V1-ndk_platform.so" not found: needed by /vendor/lib64/libqvrservice.so in namespace (default)
08-22 18:12:05.019 F/linker (26785): CANNOT LINK EXECUTABLE "/vendor/bin/hw/sxrservice": library "vendor.qti.hardware.qxr-V1-ndk_platform.so" not found: needed by main executable
08-22 18:12:10.030 F/linker (27993): CANNOT LINK EXECUTABLE "/vendor/bin/hw/qvrservice": library "vendor.qti.hardware.qxr-V1-ndk_platform.so" not found: needed by /vendor/lib64/libqvrservice.so in namespace (default)
08-22 18:12:10.058 F/linker (28005): CANNOT LINK EXECUTABLE "/vendor/bin/hw/sxrservice": library "vendor.qti.hardware.qxr-V1-ndk_platform.so" not found: needed by main executable
08-22 18:12:15.047 F/linker (29218): CANNOT LINK EXECUTABLE "/vendor/bin/hw/qvrservice": library "vendor.qti.hardware.qxr-V1-ndk_platform.so" not found: needed by /vendor/lib64/libqvrservice.so in namespace (default)
08-22 18:12:15.061 F/linker (29222): CANNOT LINK EXECUTABLE "/vendor/bin/hw/sxrservice": library "vendor.qti.hardware.qxr-V1-ndk_platform.so" not found: needed by main executable
08-22 18:12:20.081 F/linker (30515): CANNOT LINK EXECUTABLE "/vendor/bin/hw/qvrservice": library "vendor.qti.hardware.qxr-V1-ndk_platform.so" not found: needed by /vendor/lib64/libqvrservice.so in namespace (default)
08-22 18:12:20.099 F/linker (30531): CANNOT LINK EXECUTABLE "/vendor/bin/hw/sxrservice": library "vendor.qti.hardware.qxr-V1-ndk_platform.so" not found: needed by main executable
08-22 18:12:25.126 F/linker (31835): CANNOT LINK EXECUTABLE "/vendor/bin/hw/qvrservice": library "vendor.qti.hardware.qxr-V1-ndk_platform.so" not found: needed by /vendor/lib64/libqvrservice.so in namespace (default)
08-22 18:12:25.138 F/linker (31845): CANNOT LINK EXECUTABLE "/vendor/bin/hw/sxrservice": library "vendor.qti.hardware.qxr-V1-ndk_platform.so" not found: needed by main executable
08-22 18:12:30.150 F/linker ( 1268): CANNOT LINK EXECUTABLE "/vendor/bin/hw/qvrservice": library "vendor.qti.hardware.qxr-V1-ndk_platform.so" not found: needed by /vendor/lib64/libqvrservice.so in namespace (default)
