08-22 18:12:30.171 F/linker ( 1282): CANNOT LINK EXECUTABLE "/vendor/bin/hw/sxrservice": library "vendor.qti.hardware.qxr-V1-ndk_platform.so" not found: needed by main executable
08-22 18:12:35.185 F/linker ( 3753): CANNOT LINK EXECUTABLE "/vendor/bin/hw/qvrservice": library "vendor.qti.hardware.qxr-V1-ndk_platform.so" not found: needed by /vendor/lib64/libqvrservice.so in namespace (default)
08-22 18:12:35.208 F/linker ( 3766): CANNOT LINK EXECUTABLE "/vendor/bin/hw/sxrservice": library "vendor.qti.hardware.qxr-V1-ndk_platform.so" not found: needed by main executable
08-22 18:12:40.223 F/linker ( 5406): CANNOT LINK EXECUTABLE "/vendor/bin/hw/qvrservice": library "vendor.qti.hardware.qxr-V1-ndk_platform.so" not found: needed by /vendor/lib64/libqvrservice.so in namespace (default)
08-22 18:12:40.238 F/linker ( 5412): CANNOT LINK EXECUTABLE "/vendor/bin/hw/sxrservice": library "vendor.qti.hardware.qxr-V1-ndk_platform.so" not found: needed by main executable
08-22 18:12:45.239 F/linker ( 6750): CANNOT LINK EXECUTABLE "/vendor/bin/hw/qvrservice": library "vendor.qti.hardware.qxr-V1-ndk_platform.so" not found: needed by /vendor/lib64/libqvrservice.so in namespace (default)
08-22 18:12:45.250 F/linker ( 6756): CANNOT LINK EXECUTABLE "/vendor/bin/hw/sxrservice": library "vendor.qti.hardware.qxr-V1-ndk_platform.so" not found: needed by main executable
08-22 18:12:50.266 F/linker ( 8185): CANNOT LINK EXECUTABLE "/vendor/bin/hw/qvrservice": library "vendor.qti.hardware.qxr-V1-ndk_platform.so" not found: needed by /vendor/lib64/libqvrservice.so in namespace (default)
08-22 18:12:50.293 F/linker ( 8193): CANNOT LINK EXECUTABLE "/vendor/bin/hw/sxrservice": library "vendor.qti.hardware.qxr-V1-ndk_platform.so" not found: needed by main executable
08-22 18:12:55.284 F/linker ( 9499): CANNOT LINK EXECUTABLE "/vendor/bin/hw/sxrservice": library "vendor.qti.hardware.qxr-V1-ndk_platform.so" not found: needed by main executable
08-22 18:12:55.299 F/linker ( 9492): CANNOT LINK EXECUTABLE "/vendor/bin/hw/qvrservice": library "vendor.qti.hardware.qxr-V1-ndk_platform.so" not found: needed by /vendor/lib64/libqvrservice.so in namespace (default)
08-22 18:13:00.327 F/linker (10935): CANNOT LINK EXECUTABLE "/vendor/bin/hw/qvrservice": library "vendor.qti.hardware.qxr-V1-ndk_platform.so" not found: needed by /vendor/lib64/libqvrservice.so in namespace (default)
08-22 18:13:00.343 F/linker (10944): CANNOT LINK EXECUTABLE "/vendor/bin/hw/sxrservice": library "vendor.qti.hardware.qxr-V1-ndk_platform.so" not found: needed by main executable
08-22 18:13:05.281 I/ActivityTaskManager( 1164): START u0 {act=android.intent.action.MAIN cat=[android.intent.category.LAUNCHER] flg=0x10200000 cmp=com.android.settings/.Settings bnds=[36,747][335,1044]} from uid 10106
08-22 18:13:05.300 D/PhoneStartingWindowTypeAlgorithm( 2258): preferredStartingWindowType newTask:false taskSwitch:true processRunning:true allowTaskSnapshot:true activityCreated:true useEmptySplashScreen:false legacySplashScreen:false topIsHome:false
08-22 18:13:05.300 D/PhoneStartingWindowTypeAlgorithm( 2258): isSnapshotCompatible rotation 0 snapshot 0
08-22 18:13:05.324 F/linker (12053): CANNOT LINK EXECUTABLE "/vendor/bin/hw/qvrservice": library "vendor.qti.hardware.qxr-V1-ndk_platform.so" not found: needed by /vendor/lib64/libqvrservice.so in namespace (default)
08-22 18:13:05.348 F/linker (12054): CANNOT LINK EXECUTABLE "/vendor/bin/hw/sxrservice": library "vendor.qti.hardware.qxr-V1-ndk_platform.so" not found: needed by main executable
08-22 18:13:05.417 D/StartingSurfaceDrawer( 2258): Task start finish, remove starting surface for task 13
08-22 18:13:06.818 I/ActivityTaskManager( 1164): START u0 {act=android.intent.action.MAIN cmp=com.android.settings/.SubSettings (has extras)} from uid 1000
08-22 18:13:06.848 I/ActivityTaskManager( 1164): The Process com.android.settings Already Exists in BG. So sending its PID: 11753
08-22 18:13:06.849 W/ActivityTaskManager( 1164): Tried to set launchTime (0) < mLastActivityLaunchTime (1539477)
08-22 18:13:06.914 W/CarrierConfigManager(11753): Error getting config for subId -1 ICarrierConfigLoader is null
08-22 18:13:06.920 E/UserRestrictionsUtils( 1164): Unknown restriction queried by uid 1000 (com.qti.snapdragon.qdcm_ff et al): null
08-22 18:13:06.976 D/PackageManager( 1164): Instant App installer not found with android.intent.action.INSTALL_INSTANT_APP_PACKAGE
08-22 18:13:06.976 D/PackageManager( 1164): Clear ephemeral installer activity
08-22 18:13:06.992 D/TelephonyRegistry( 1164): listen oscl: mHasNotifySubscriptionInfoChangedOccurred==false no callback
08-22 18:13:07.000 D/TelephonyRegistry( 1164): listen oscl: mHasNotifySubscriptionInfoChangedOccurred==false no callback
08-22 18:13:07.076 D/PackageManager( 1164): Instant App installer not found with android.intent.action.INSTALL_INSTANT_APP_PACKAGE
08-22 18:13:07.076 D/PackageManager( 1164): Clear ephemeral installer activity
08-22 18:13:07.997 D/CompanionDeviceManagerService( 1164): onPackageModified(packageName = com.android.settings)
08-22 18:13:08.010 I/Telecom ( 1164): DefaultDialerCache: Refreshing default dialer for user 0: now null: DDC.oR@ACg
08-22 18:13:08.058 W/VoiceInteractionManager( 1164): no available voice recognition services found for user 0
08-22 18:13:09.022 E/TaskPersister( 1164): File error accessing recents directory (directory doesn't exist?).
08-22 18:13:09.440 I/android.hardware.wifi@1.0-service( 969): Wifi HAL started
08-22 18:13:10.335 F/linker (13416): CANNOT LINK EXECUTABLE "/vendor/bin/hw/qvrservice": library "vendor.qti.hardware.qxr-V1-ndk_platform.so" not found: needed by /vendor/lib64/libqvrservice.so in namespace (default)
08-22 18:13:10.353 F/linker (13420): CANNOT LINK EXECUTABLE "/vendor/bin/hw/sxrservice": library "vendor.qti.hardware.qxr-V1-ndk_platform.so" not found: needed by main executable
08-22 18:13:13.557 I/android.hardware.wifi@1.0-service( 969): Adding interface handle for p2p0
08-22 18:13:13.557 I/android.hardware.wifi@1.0-service( 969): Adding interface handle for wifi-aware0
08-22 18:13:13.557 I/android.hardware.wifi@1.0-service( 969): Adding interface handle for wlan0
08-22 18:13:13.557 W/android.hardware.wifi@1.0-service( 969): No active wlan interfaces in use! Using default
08-22 18:13:13.557 W/android.hardware.wifi@1.0-service( 969): No active wlan interfaces in use! Using default
08-22 18:13:13.561 I/android.hardware.wifi@1.0-service( 969): Configured chip in mode 3
08-22 18:13:13.561 W/android.hardware.wifi@1.0-service( 969): No active wlan interfaces in use! Using default
08-22 18:13:13.605 I/wificond( 1297): createClientInterface: wiphy_index 0 iface_name wlan0
08-22 18:13:13.610 I/wificond( 1297): create scanner for interface with index: 17
08-22 18:13:13.610 I/wificond( 1297): subscribe scan result for interface with index: 17
08-22 18:13:13.667 I/wificond( 1297): add channel type 0 support at wiphy index: 0
08-22 18:13:13.667 I/wificond( 1297): add channel type 1 support at wiphy index: 0
08-22 18:13:13.670 D/CompatibilityChangeReporter( 1164): Compat change id reported: 171306433; UID 1000; state: ENABLED
08-22 18:13:14.602 W/Looper ( 1164): Slow dispatch took 454ms main h=android.app.ActivityThread$H c=android.app.LoadedApk$ReceiverDispatcher$Args$$ExternalSyntheticLambda0@6924b3d m=0
08-22 18:13:14.603 W/Looper ( 1164): Slow delivery took 456ms main h=android.app.ActivityThread$H c=android.app.LoadedApk$ReceiverDispatcher$Args$$ExternalSyntheticLambda0@d64cf32 m=0
08-22 18:13:14.616 W/Looper ( 1164): Drained
08-22 18:13:15.385 F/linker (15212): CANNOT LINK EXECUTABLE "/vendor/bin/hw/qvrservice": library "vendor.qti.hardware.qxr-V1-ndk_platform.so" not found: needed by /vendor/lib64/libqvrservice.so in namespace (default)
08-22 18:13:15.410 F/linker (15225): CANNOT LINK EXECUTABLE "/vendor/bin/hw/sxrservice": library "vendor.qti.hardware.qxr-V1-ndk_platform.so" not found: needed by main executable
08-22 18:13:15.587 I/wificond( 1297): Regulatory domain changed to country: CN on wiphy_index: 0
08-22 18:13:15.588 I/wificond( 1297): 2.4Ghz frequencies: 2412 2417 2422 2427 2432 2437 2442 2447 2452 2457 2462 2467 2472
08-22 18:13:15.588 I/wificond( 1297): 5Ghz non-DFS frequencies: 5180 5200 5220 5240 5745 5765 5785 5805 5825
08-22 18:13:15.588 I/wificond( 1297): 5Ghz DFS frequencies: 5260 5280 5300 5320
08-22 18:13:15.588 I/wificond( 1297): 6Ghz frequencies:
08-22 18:13:15.588 I/wificond( 1297): 60Ghz frequencies:
08-22 18:13:16.039 W/NotificationHistory( 1164): Attempted to add notif for locked/gone/disabled user 0
08-22 18:13:18.100 W/OverlayManager( 1164): service 'idmap' died
08-22 18:13:20.426 F/linker (17014): CANNOT LINK EXECUTABLE "/vendor/bin/hw/qvrservice": library "vendor.qti.hardware.qxr-V1-ndk_platform.so" not found: needed by /vendor/lib64/libqvrservice.so in namespace (default)
08-22 18:13:20.428 F/linker (17023): CANNOT LINK EXECUTABLE "/vendor/bin/hw/sxrservice": library "vendor.qti.hardware.qxr-V1-ndk_platform.so" not found: needed by main executable
08-22 18:13:25.472 F/linker (18827): CANNOT LINK EXECUTABLE "/vendor/bin/hw/sxrservice": library "vendor.qti.hardware.qxr-V1-ndk_platform.so" not found: needed by main executable
08-22 18:13:25.478 F/linker (18818): CANNOT LINK EXECUTABLE "/vendor/bin/hw/qvrservice": library "vendor.qti.hardware.qxr-V1-ndk_platform.so" not found: needed by /vendor/lib64/libqvrservice.so in namespace (default)
08-22 18:13:30.491 F/linker (20580): CANNOT LINK EXECUTABLE "/vendor/bin/hw/qvrservice": library "vendor.qti.hardware.qxr-V1-ndk_platform.so" not found: needed by /vendor/lib64/libqvrservice.so in namespace (default)
08-22 18:13:30.503 F/linker (20588): CANNOT LINK EXECUTABLE "/vendor/bin/hw/sxrservice": library "vendor.qti.hardware.qxr-V1-ndk_platform.so" not found: needed by main executable
08-22 18:13:35.546 F/linker (22379): CANNOT LINK EXECUTABLE "/vendor/bin/hw/sxrservice": library "vendor.qti.hardware.qxr-V1-ndk_platform.so" not found: needed by main executable
08-22 18:13:35.556 F/linker (22377): CANNOT LINK EXECUTABLE "/vendor/bin/hw/qvrservice": library "vendor.qti.hardware.qxr-V1-ndk_platform.so" not found: needed by /vendor/lib64/libqvrservice.so in namespace (default)
08-22 18:13:40.594 F/linker (24201): CANNOT LINK EXECUTABLE "/vendor/bin/hw/sxrservice": library "vendor.qti.hardware.qxr-V1-ndk_platform.so" not found: needed by main executable
08-22 18:13:40.595 F/linker (24198): CANNOT LINK EXECUTABLE "/vendor/bin/hw/qvrservice": library "vendor.qti.hardware.qxr-V1-ndk_platform.so" not found: needed by /vendor/lib64/libqvrservice.so in namespace (default)
08-22 18:13:42.760 I/ActivityTaskManager( 1164): START u0 {act=android.intent.action.MAIN cmp=com.android.settings/.SubSettings (has extras)} from uid 1000
08-22 18:13:42.801 I/ActivityTaskManager( 1164): The Process com.android.settings Already Exists in BG. So sending its PID: 11753
08-22 18:13:42.802 W/ActivityTaskManager( 1164): Tried to set launchTime (0) < mLastActivityLaunchTime (1937347)
08-22 18:13:42.918 D/PackageManager( 1164): Instant App installer not found with android.intent.action.INSTALL_INSTANT_APP_PACKAGE
08-22 18:13:42.918 D/PackageManager( 1164): Clear ephemeral installer activity
08-22 18:13:43.004 D/PackageManager( 1164): Instant App installer not found with android.intent.action.INSTALL_INSTANT_APP_PACKAGE
08-22 18:13:43.004 D/PackageManager( 1164): Clear ephemeral installer activity
08-22 18:13:43.930 D/CompanionDeviceManagerService( 1164): onPackageModified(packageName = com.android.settings)
08-22 18:13:43.936 I/Telecom ( 1164): DefaultDialerCache: Refreshing default dialer for user 0: now null: DDC.oR@ACk
08-22 18:13:43.970 W/VoiceInteractionManager( 1164): no available voice recognition services found for user 0
08-22 18:13:45.637 F/linker (25915): CANNOT LINK EXECUTABLE "/vendor/bin/hw/qvrservice": library "vendor.qti.hardware.qxr-V1-ndk_platform.so" not found: needed by /vendor/lib64/libqvrservice.so in namespace (default)
08-22 18:13:45.647 F/linker (25923): CANNOT LINK EXECUTABLE "/vendor/bin/hw/sxrservice": library "vendor.qti.hardware.qxr-V1-ndk_platform.so" not found: needed by main executable
08-22 18:13:45.789 E/TaskPersister( 1164): File error accessing recents directory (directory doesn't exist?).
08-22 18:13:45.957 I/ActivityTaskManager( 1164): START u0 {act=android.intent.action.MAIN cmp=com.android.settings/.SubSettings (has extras)} from uid 1000
08-22 18:13:45.983 I/ActivityTaskManager( 1164): The Process com.android.settings Already Exists in BG. So sending its PID: 11753
08-22 18:13:45.984 W/ActivityTaskManager( 1164): Tried to set launchTime (0) < mLastActivityLaunchTime (1973300)
08-22 18:13:46.136 D/PackageManager( 1164): Instant App installer not found with android.intent.action.INSTALL_INSTANT_APP_PACKAGE
08-22 18:13:46.136 D/PackageManager( 1164): Clear ephemeral installer activity
08-22 18:13:46.157 D/AutofillUI( 1164): destroySaveUiUiThread(): already destroyed
08-22 18:13:46.157 D/AutofillManagerServiceImpl( 1164): Reset component for user 0:
08-22 18:13:46.183 D/PackageManager( 1164): Instant App installer not found with android.intent.action.INSTALL_INSTANT_APP_PACKAGE
08-22 18:13:46.183 D/PackageManager( 1164): Clear ephemeral installer activity
08-22 18:13:46.236 I/DropBoxManagerService( 1164): add tag=system_app_strictmode isTagEnabled=true flags=0x2
08-22 18:13:46.240 I/DropBoxManagerService( 1164): add tag=system_app_strictmode isTagEnabled=true flags=0x2
08-22 18:13:46.247 I/DropBoxManagerService( 1164): add tag=system_app_strictmode isTagEnabled=true flags=0x2
08-22 18:13:46.253 I/DropBoxManagerService( 1164): add tag=system_app_strictmode isTagEnabled=true flags=0x2
08-22 18:13:46.257 I/DropBoxManagerService( 1164): add tag=system_app_strictmode isTagEnabled=true flags=0x2
08-22 18:13:46.260 I/DropBoxManagerService( 1164): add tag=system_app_strictmode isTagEnabled=true flags=0x2
08-22 18:13:46.262 I/DropBoxManagerService( 1164): add tag=system_app_strictmode isTagEnabled=true flags=0x2
08-22 18:13:46.267 I/DropBoxManagerService( 1164): add tag=system_app_strictmode isTagEnabled=true flags=0x2
08-22 18:13:46.272 I/DropBoxManagerService( 1164): add tag=system_app_strictmode isTagEnabled=true flags=0x2
08-22 18:13:46.273 I/DropBoxManagerService( 1164): add tag=system_app_strictmode isTagEnabled=true flags=0x2
08-22 18:13:46.274 I/DropBoxManagerService( 1164): add tag=system_app_strictmode isTagEnabled=true flags=0x2
08-22 18:13:46.277 I/DropBoxManagerService( 1164): add tag=system_app_strictmode isTagEnabled=true flags=0x2
08-22 18:13:46.278 I/DropBoxManagerService( 1164): add tag=system_app_strictmode isTagEnabled=true flags=0x2
08-22 18:13:46.280 I/DropBoxManagerService( 1164): add tag=system_app_strictmode isTagEnabled=true flags=0x2
08-22 18:13:46.281 I/DropBoxManagerService( 1164): add tag=system_app_strictmode isTagEnabled=true flags=0x2
08-22 18:13:46.288 I/DropBoxManagerService( 1164): add tag=system_app_strictmode isTagEnabled=true flags=0x2
08-22 18:13:46.289 I/DropBoxManagerService( 1164): add tag=system_app_strictmode isTagEnabled=true flags=0x2
08-22 18:13:46.291 I/DropBoxManagerService( 1164): add tag=system_app_strictmode isTagEnabled=true flags=0x2
08-22 18:13:46.293 I/DropBoxManagerService( 1164): add tag=system_app_strictmode isTagEnabled=true flags=0x2
08-22 18:13:46.296 I/DropBoxManagerService( 1164): add tag=system_app_strictmode isTagEnabled=true flags=0x2
08-22 18:13:46.298 I/DropBoxManagerService( 1164): add tag=system_app_strictmode isTagEnabled=true flags=0x2
08-22 18:13:46.300 I/DropBoxManagerService( 1164): add tag=system_app_strictmode isTagEnabled=true flags=0x2
08-22 18:13:46.345 I/DropBoxManagerService( 1164): add tag=system_app_strictmode isTagEnabled=true flags=0x2
08-22 18:13:46.347 I/DropBoxManagerService( 1164): add tag=system_app_strictmode isTagEnabled=true flags=0x2
08-22 18:13:46.348 I/DropBoxManagerService( 1164): add tag=system_app_strictmode isTagEnabled=true flags=0x2
08-22 18:13:46.350 I/DropBoxManagerService( 1164): add tag=system_app_strictmode isTagEnabled=true flags=0x2
08-22 18:13:46.352 I/DropBoxManagerService( 1164): add tag=system_app_strictmode isTagEnabled=true flags=0x2
08-22 18:13:46.354 I/DropBoxManagerService( 1164): add tag=system_app_strictmode isTagEnabled=true flags=0x2
08-22 18:13:46.357 I/DropBoxManagerService( 1164): add tag=system_app_strictmode isTagEnabled=true flags=0x2
08-22 18:13:46.358 I/DropBoxManagerService( 1164): add tag=system_app_strictmode isTagEnabled=true flags=0x2
08-22 18:13:46.360 I/DropBoxManagerService( 1164): add tag=system_app_strictmode isTagEnabled=true flags=0x2
08-22 18:13:46.362 I/DropBoxManagerService( 1164): add tag=system_app_strictmode isTagEnabled=true flags=0x2
08-22 18:13:46.364 I/DropBoxManagerService( 1164): add tag=system_app_strictmode isTagEnabled=true flags=0x2
08-22 18:13:46.366 I/DropBoxManagerService( 1164): add tag=system_app_strictmode isTagEnabled=true flags=0x2
08-22 18:13:46.367 I/DropBoxManagerService( 1164): add tag=system_app_strictmode isTagEnabled=true flags=0x2
08-22 18:13:46.369 I/DropBoxManagerService( 1164): add tag=system_app_strictmode isTagEnabled=true flags=0x2
08-22 18:13:47.143 D/CompanionDeviceManagerService( 1164): onPackageModified(packageName = com.android.settings)
08-22 18:13:47.181 I/Telecom ( 1164): DefaultDialerCache: Refreshing default dialer for user 0: now null: DDC.oR@ACo
08-22 18:13:47.200 W/VoiceInteractionManager( 1164): no available voice recognition services found for user 0
08-22 18:13:48.983 E/TaskPersister( 1164): File error accessing recents directory (directory doesn't exist?).
08-22 18:13:50.664 F/linker (27606): CANNOT LINK EXECUTABLE "/vendor/bin/hw/qvrservice": library "vendor.qti.hardware.qxr-V1-ndk_platform.so" not found: needed by /vendor/lib64/libqvrservice.so in namespace (default)
08-22 18:13:50.665 F/linker (27609): CANNOT LINK EXECUTABLE "/vendor/bin/hw/sxrservice": library "vendor.qti.hardware.qxr-V1-ndk_platform.so" not found: needed by main executable
08-22 18:13:55.702 F/linker (29429): CANNOT LINK EXECUTABLE "/vendor/bin/hw/qvrservice": library "vendor.qti.hardware.qxr-V1-ndk_platform.so" not found: needed by /vendor/lib64/libqvrservice.so in namespace (default)
08-22 18:13:55.731 F/linker (29437): CANNOT LINK EXECUTABLE "/vendor/bin/hw/sxrservice": library "vendor.qti.hardware.qxr-V1-ndk_platform.so" not found: needed by main executable
08-22 18:13:57.170 W/OverlayManager( 1164): service 'idmap' died
08-22 18:14:00.736 F/linker (31114): CANNOT LINK EXECUTABLE "/vendor/bin/hw/qvrservice": library "vendor.qti.hardware.qxr-V1-ndk_platform.so" not found: needed by /vendor/lib64/libqvrservice.so in namespace (default)
08-22 18:14:00.740 F/linker (31117): CANNOT LINK EXECUTABLE "/vendor/bin/hw/sxrservice": library "vendor.qti.hardware.qxr-V1-ndk_platform.so" not found: needed by main executable
08-22 18:14:05.777 F/linker ( 651): CANNOT LINK EXECUTABLE "/vendor/bin/hw/qvrservice": library "vendor.qti.hardware.qxr-V1-ndk_platform.so" not found: needed by /vendor/lib64/libqvrservice.so in namespace (default)
08-22 18:14:05.805 F/linker ( 660): CANNOT LINK EXECUTABLE "/vendor/bin/hw/sxrservice": library "vendor.qti.hardware.qxr-V1-ndk_platform.so" not found: needed by main executable
08-22 18:14:08.491 W/ContextImpl( 1164): Calling a method in the system process without a qualified user: android.app.ContextImpl.sendBroadcastMultiplePermissions:1206 android.content.Context.sendBroadcastWithMultiplePermissions:2262 com.android.server.wifi.WifiServiceImpl.broadcastWifiCredentialChanged:4925 com.android.server.wifi.WifiServiceImpl.lambda$connect$106:4975 com.android.server.wifi.WifiServiceImpl.$r8$lambda$k_VbQ0XctrStvVsieclZczsvs-g:0
08-22 18:14:08.611 D/android.hardware.wifi@1.0-service( 969): Successfully SetMacAddress.
08-22 18:14:08.640 W/wificond( 1297): Scan is not started. Ignore abort request
08-22 18:14:09.012 E/wificond( 1297): NL80211_CMD_TRIGGER_SCAN failed: Device or resource busy
08-22 18:14:09.494 D/CompatibilityChangeReporter( 1164): Compat change id reported: 171306433; UID 1073; state: ENABLED
08-22 18:14:10.834 F/linker ( 3194): CANNOT LINK EXECUTABLE "/vendor/bin/hw/qvrservice": library "vendor.qti.hardware.qxr-V1-ndk_platform.so" not found: needed by /vendor/lib64/libqvrservice.so in namespace (default)
08-22 18:14:10.851 F/linker ( 3202): CANNOT LINK EXECUTABLE "/vendor/bin/hw/sxrservice": library "vendor.qti.hardware.qxr-V1-ndk_platform.so" not found: needed by main executable
08-22 18:14:12.186 E/TaskPersister( 1164): File error accessing recents directory (directory doesn't exist?).
08-22 18:14:13.748 D/CompatibilityChangeReporter( 1164): Compat change id reported: 175319604; UID 1000; state: ENABLED
08-22 18:14:13.754 D/CompatibilityChangeReporter( 1164): Compat change id reported: 175319604; UID 1000; state: DISABLED
08-22 18:14:13.821 E/NetlinkEvent( 697): NetlinkEvent::FindParam(): Parameter 'INTERFACE' not found
08-22 18:14:13.821 E/NetlinkEvent( 697): NetlinkEvent::FindParam(): Parameter 'STATE' not found
08-22 18:14:13.821 E/NetlinkEvent( 697): NetlinkEvent::FindParam(): Parameter 'TIME_NS' not found
08-22 18:14:13.821 E/NetlinkEvent( 697): NetlinkEvent::FindParam(): Parameter 'UID' not found
08-22 18:14:13.841 W/ContextImpl( 2726): Calling a method in the system process without a qualified user: android.app.ContextImpl.startService:1816 android.content.ContextWrapper.startService:774 com.qualcomm.qti.qdma.util.PeriodicCI.run:477 com.qualcomm.qti.qdma.util.PeriodicCI.checkRun:435 com.qualcomm.qti.qdma.util.PeriodicCI$1.onAvailable:131
08-22 18:14:13.845 W/ContextImpl( 1164): Calling a method in the system process without a qualified user: android.app.ContextImpl.sendStickyBroadcast:1559 com.android.server.ConnectivityService.sendStickyBroadcast:2811 com.android.server.ConnectivityService.sendGeneralBroadcast:2786 com.android.server.ConnectivityService.sendConnectedBroadcast:2759 com.android.server.ConnectivityService.sendLegacyNetworkBroadcast:8704
08-22 18:14:13.898 W/ContextImpl( 2726): Calling a method in the system process without a qualified user: android.app.ContextImpl.sendBroadcast:1188 android.content.ContextWrapper.sendBroadcast:484 com.qualcomm.qti.qdma.app.ActiveCareService$ProcessSessionRequest.run:536 java.lang.Thread.run:920
08-22 18:14:13.899 D/CompatibilityChangeReporter( 1164): Compat change id reported: 135634846; UID 10063; state: DISABLED
08-22 18:14:13.900 D/CompatibilityChangeReporter( 1164): Compat change id reported: 177438394; UID 10063; state: DISABLED
08-22 18:14:13.900 D/CompatibilityChangeReporter( 1164): Compat change id reported: 135772972; UID 10063; state: DISABLED
08-22 18:14:13.900 D/CompatibilityChangeReporter( 1164): Compat change id reported: 135754954; UID 10063; state: ENABLED
08-22 18:14:13.900 D/CompatibilityChangeReporter( 1164): Compat change id reported: 143937733; UID 10063; state: ENABLED
08-22 18:14:13.927 I/ActivityManager( 1164): Start proc 4652:com.qualcomm.qti.smq/u0a63 for broadcast {com.qualcomm.qti.smq/com.qualcomm.qti.smq.receiver.QtiNotificationReceiver}
08-22 18:14:13.981 D/CompatibilityChangeReporter( 1164): Compat change id reported: 168419799; UID 10063; state: DISABLED
08-22 18:14:14.286 W/NotificationHistory( 1164): Attempted to add notif for locked/gone/disabled user 0
08-22 18:14:15.863 F/linker ( 5257): CANNOT LINK EXECUTABLE "/vendor/bin/hw/qvrservice": library "vendor.qti.hardware.qxr-V1-ndk_platform.so" not found: needed by /vendor/lib64/libqvrservice.so in namespace (default)
08-22 18:14:15.868 F/linker ( 5266): CANNOT LINK EXECUTABLE "/vendor/bin/hw/sxrservice": library "vendor.qti.hardware.qxr-V1-ndk_platform.so" not found: needed by main executable
08-22 18:14:20.914 F/linker ( 7133): CANNOT LINK EXECUTABLE "/vendor/bin/hw/qvrservice": library "vendor.qti.hardware.qxr-V1-ndk_platform.so" not found: needed by /vendor/lib64/libqvrservice.so in namespace (default)
08-22 18:14:20.915 F/linker ( 7136): CANNOT LINK EXECUTABLE "/vendor/bin/hw/sxrservice": library "vendor.qti.hardware.qxr-V1-ndk_platform.so" not found: needed by main executable
08-22 18:14:22.032 W/NotificationHistory( 1164): Attempted to add notif for locked/gone/disabled user 0
08-22 18:14:24.095 W/ContextImpl( 2726): Calling a method in the system process without a qualified user: android.app.ContextImpl.stopService:1828 android.content.ContextWrapper.stopService:784 com.qualcomm.qti.qdma.app.ApplicationManager$1.run:2494 java.util.TimerThread.mainLoop:562 java.util.TimerThread.run:512
08-22 18:14:25.953 F/linker ( 9003): CANNOT LINK EXECUTABLE "/vendor/bin/hw/qvrservice": library "vendor.qti.hardware.qxr-V1-ndk_platform.so" not found: needed by /vendor/lib64/libqvrservice.so in namespace (default)
08-22 18:14:25.956 F/linker ( 9008): CANNOT LINK EXECUTABLE "/vendor/bin/hw/sxrservice": library "vendor.qti.hardware.qxr-V1-ndk_platform.so" not found: needed by main executable
08-22 18:14:30.987 F/linker (10684): CANNOT LINK EXECUTABLE "/vendor/bin/hw/qvrservice": library "vendor.qti.hardware.qxr-V1-ndk_platform.so" not found: needed by /vendor/lib64/libqvrservice.so in namespace (default)
08-22 18:14:30.994 F/linker (10690): CANNOT LINK EXECUTABLE "/vendor/bin/hw/sxrservice": library "vendor.qti.hardware.qxr-V1-ndk_platform.so" not found: needed by main executable
08-22 18:14:36.032 F/linker (12439): CANNOT LINK EXECUTABLE "/vendor/bin/hw/qvrservice": library "vendor.qti.hardware.qxr-V1-ndk_platform.so" not found: needed by /vendor/lib64/libqvrservice.so in namespace (default)
08-22 18:14:36.045 F/linker (12446): CANNOT LINK EXECUTABLE "/vendor/bin/hw/sxrservice": library "vendor.qti.hardware.qxr-V1-ndk_platform.so" not found: needed by main executable
08-22 18:14:38.369 I/ActivityTaskManager( 1164): START u0 {act=android.intent.action.MAIN cmp=com.android.settings/.SubSettings (has extras)} from uid 1000
08-22 18:14:38.398 I/ActivityTaskManager( 1164): The Process com.android.settings Already Exists in BG. So sending its PID: 11753
08-22 18:14:38.399 W/ActivityTaskManager( 1164): Tried to set launchTime (0) < mLastActivityLaunchTime (1976482)
08-22 18:14:38.536 D/PackageManager( 1164): Instant App installer not found with android.intent.action.INSTALL_INSTANT_APP_PACKAGE
08-22 18:14:38.536 D/PackageManager( 1164): Clear ephemeral installer activity
08-22 18:14:38.688 D/PackageManager( 1164): Instant App installer not found with android.intent.action.INSTALL_INSTANT_APP_PACKAGE
08-22 18:14:38.688 D/PackageManager( 1164): Clear ephemeral installer activity
08-22 18:14:39.556 D/CompanionDeviceManagerService( 1164): onPackageModified(packageName = com.android.settings)
08-22 18:14:39.565 I/Telecom ( 1164): DefaultDialerCache: Refreshing default dialer for user 0: now null: DDC.oR@ACs
08-22 18:14:39.623 W/VoiceInteractionManager( 1164): no available voice recognition services found for user 0
08-22 18:14:41.061 F/linker (14078): CANNOT LINK EXECUTABLE "/vendor/bin/hw/qvrservice": library "vendor.qti.hardware.qxr-V1-ndk_platform.so" not found: needed by /vendor/lib64/libqvrservice.so in namespace (default)
08-22 18:14:41.078 F/linker (14087): CANNOT LINK EXECUTABLE "/vendor/bin/hw/sxrservice": library "vendor.qti.hardware.qxr-V1-ndk_platform.so" not found: needed by main executable
08-22 18:14:41.397 E/TaskPersister( 1164): File error accessing recents directory (directory doesn't exist?).
08-22 18:14:46.105 F/linker (15502): CANNOT LINK EXECUTABLE "/vendor/bin/hw/sxrservice": library "vendor.qti.hardware.qxr-V1-ndk_platform.so" not found: needed by main executable
08-22 18:14:46.110 F/linker (15498): CANNOT LINK EXECUTABLE "/vendor/bin/hw/qvrservice": library "vendor.qti.hardware.qxr-V1-ndk_platform.so" not found: needed by /vendor/lib64/libqvrservice.so in namespace (default)
08-22 18:14:49.661 W/OverlayManager( 1164): service 'idmap' died
08-22 18:14:51.147 F/linker (17255): CANNOT LINK EXECUTABLE "/vendor/bin/hw/qvrservice": library "vendor.qti.hardware.qxr-V1-ndk_platform.so" not found: needed by /vendor/lib64/libqvrservice.so in namespace (default)
08-22 18:14:51.152 F/linker (17263): CANNOT LINK EXECUTABLE "/vendor/bin/hw/sxrservice": library "vendor.qti.hardware.qxr-V1-ndk_platform.so" not found: needed by main executable
08-22 18:14:56.187 F/linker (19161): CANNOT LINK EXECUTABLE "/vendor/bin/hw/sxrservice": library "vendor.qti.hardware.qxr-V1-ndk_platform.so" not found: needed by main executable
08-22 18:14:56.192 F/linker (19152): CANNOT LINK EXECUTABLE "/vendor/bin/hw/qvrservice": library "vendor.qti.hardware.qxr-V1-ndk_platform.so" not found: needed by /vendor/lib64/libqvrservice.so in namespace (default)
08-22 18:15:01.216 F/linker (21078): CANNOT LINK EXECUTABLE "/vendor/bin/hw/sxrservice": library "vendor.qti.hardware.qxr-V1-ndk_platform.so" not found: needed by main executable
08-22 18:15:01.232 F/linker (21074): CANNOT LINK EXECUTABLE "/vendor/bin/hw/qvrservice": library "vendor.qti.hardware.qxr-V1-ndk_platform.so" not found: needed by /vendor/lib64/libqvrservice.so in namespace (default)
08-22 18:15:06.267 F/linker (22962): CANNOT LINK EXECUTABLE "/vendor/bin/hw/sxrservice": library "vendor.qti.hardware.qxr-V1-ndk_platform.so" not found: needed by main executable
08-22 18:15:06.270 F/linker (22951): CANNOT LINK EXECUTABLE "/vendor/bin/hw/qvrservice": library "vendor.qti.hardware.qxr-V1-ndk_platform.so" not found: needed by /vendor/lib64/libqvrservice.so in namespace (default)
08-22 18:15:11.293 F/linker (24775): CANNOT LINK EXECUTABLE "/vendor/bin/hw/sxrservice": library "vendor.qti.hardware.qxr-V1-ndk_platform.so" not found: needed by main executable
08-22 18:15:11.304 F/linker (24769): CANNOT LINK EXECUTABLE "/vendor/bin/hw/qvrservice": library "vendor.qti.hardware.qxr-V1-ndk_platform.so" not found: needed by /vendor/lib64/libqvrservice.so in namespace (default)
08-22 18:15:16.344 F/linker (26592): CANNOT LINK EXECUTABLE "/vendor/bin/hw/qvrservice": library "vendor.qti.hardware.qxr-V1-ndk_platform.so" not found: needed by /vendor/lib64/libqvrservice.so in namespace (default)
08-22 18:15:16.365 F/linker (26593): CANNOT LINK EXECUTABLE "/vendor/bin/hw/sxrservice": library "vendor.qti.hardware.qxr-V1-ndk_platform.so" not found: needed by main executable
08-22 18:15:20.955 W/ActivityThread( 2661): ClassLoader.loadClass: The class loader returned by Thread.getContextClassLoader() may fail for processes that host multiple applications. You should explicitly specify a context class loader. For example: Thread.setContextClassLoader(getClass().getClassLoader());
08-22 18:15:21.390 F/linker (28436): CANNOT LINK EXECUTABLE "/vendor/bin/hw/qvrservice": library "vendor.qti.hardware.qxr-V1-ndk_platform.so" not found: needed by /vendor/lib64/libqvrservice.so in namespace (default)
08-22 18:15:21.405 F/linker (28445): CANNOT LINK EXECUTABLE "/vendor/bin/hw/sxrservice": library "vendor.qti.hardware.qxr-V1-ndk_platform.so" not found: needed by main executable
08-22 18:15:26.425 F/linker (30367): CANNOT LINK EXECUTABLE "/vendor/bin/hw/qvrservice": library "vendor.qti.hardware.qxr-V1-ndk_platform.so" not found: needed by /vendor/lib64/libqvrservice.so in namespace (default)
08-22 18:15:26.427 F/linker (30376): CANNOT LINK EXECUTABLE "/vendor/bin/hw/sxrservice": library "vendor.qti.hardware.qxr-V1-ndk_platform.so" not found: needed by main executable
08-22 18:15:28.099 D/CompatibilityChangeReporter( 1164): Compat change id reported: 173031413; UID 1000; state: ENABLED
08-22 18:15:28.099 D/CompatibilityChangeReporter( 1164): Compat change id reported: 173031413; UID 1000; state: DISABLED
08-22 18:15:31.457 F/linker (31994): CANNOT LINK EXECUTABLE "/vendor/bin/hw/sxrservice": library "vendor.qti.hardware.qxr-V1-ndk_platform.so" not found: needed by main executable
08-22 18:15:31.470 F/linker (31987): CANNOT LINK EXECUTABLE "/vendor/bin/hw/qvrservice": library "vendor.qti.hardware.qxr-V1-ndk_platform.so" not found: needed by /vendor/lib64/libqvrservice.so in namespace (default)
08-22 18:15:36.508 F/linker ( 2003): CANNOT LINK EXECUTABLE "/vendor/bin/hw/qvrservice": library "vendor.qti.hardware.qxr-V1-ndk_platform.so" not found: needed by /vendor/lib64/libqvrservice.so in namespace (default)
08-22 18:15:36.509 F/linker ( 2005): CANNOT LINK EXECUTABLE "/vendor/bin/hw/sxrservice": library "vendor.qti.hardware.qxr-V1-ndk_platform.so" not found: needed by main executable
08-22 18:15:41.532 F/linker ( 4435): CANNOT LINK EXECUTABLE "/vendor/bin/hw/sxrservice": library "vendor.qti.hardware.qxr-V1-ndk_platform.so" not found: needed by main executable
08-22 18:15:41.549 F/linker ( 4427): CANNOT LINK EXECUTABLE "/vendor/bin/hw/qvrservice": library "vendor.qti.hardware.qxr-V1-ndk_platform.so" not found: needed by /vendor/lib64/libqvrservice.so in namespace (default)
08-22 18:15:46.568 F/linker ( 6237): CANNOT LINK EXECUTABLE "/vendor/bin/hw/qvrservice": library "vendor.qti.hardware.qxr-V1-ndk_platform.so" not found: needed by /vendor/lib64/libqvrservice.so in namespace (default)
08-22 18:15:46.570 F/linker ( 6244): CANNOT LINK EXECUTABLE "/vendor/bin/hw/sxrservice": library "vendor.qti.hardware.qxr-V1-ndk_platform.so" not found: needed by main executable
08-22 18:15:51.613 F/linker ( 8192): CANNOT LINK EXECUTABLE "/vendor/bin/hw/sxrservice": library "vendor.qti.hardware.qxr-V1-ndk_platform.so" not found: needed by main executable
08-22 18:15:51.613 F/linker ( 8188): CANNOT LINK EXECUTABLE "/vendor/bin/hw/qvrservice": library "vendor.qti.hardware.qxr-V1-ndk_platform.so" not found: needed by /vendor/lib64/libqvrservice.so in namespace (default)
08-22 18:15:56.661 F/linker (10145): CANNOT LINK EXECUTABLE "/vendor/bin/hw/sxrservice": library "vendor.qti.hardware.qxr-V1-ndk_platform.so" not found: needed by main executable
08-22 18:15:56.666 F/linker (10137): CANNOT LINK EXECUTABLE "/vendor/bin/hw/qvrservice": library "vendor.qti.hardware.qxr-V1-ndk_platform.so" not found: needed by /vendor/lib64/libqvrservice.so in namespace (default)
08-22 18:16:01.679 F/linker (12012): CANNOT LINK EXECUTABLE "/vendor/bin/hw/qvrservice": library "vendor.qti.hardware.qxr-V1-ndk_platform.so" not found: needed by /vendor/lib64/libqvrservice.so in namespace (default)
08-22 18:16:01.698 F/linker (12019): CANNOT LINK EXECUTABLE "/vendor/bin/hw/sxrservice": library "vendor.qti.hardware.qxr-V1-ndk_platform.so" not found: needed by main executable
08-22 18:16:06.720 F/linker (14023): CANNOT LINK EXECUTABLE "/vendor/bin/hw/sxrservice": library "vendor.qti.hardware.qxr-V1-ndk_platform.so" not found: needed by main executable
08-22 18:16:06.735 F/linker (14016): CANNOT LINK EXECUTABLE "/vendor/bin/hw/qvrservice": library "vendor.qti.hardware.qxr-V1-ndk_platform.so" not found: needed by /vendor/lib64/libqvrservice.so in namespace (default)
08-22 18:16:11.767 F/linker (15812): CANNOT LINK EXECUTABLE "/vendor/bin/hw/sxrservice": library "vendor.qti.hardware.qxr-V1-ndk_platform.so" not found: needed by main executable
08-22 18:16:11.768 F/linker (15803): CANNOT LINK EXECUTABLE "/vendor/bin/hw/qvrservice": library "vendor.qti.hardware.qxr-V1-ndk_platform.so" not found: needed by /vendor/lib64/libqvrservice.so in namespace (default)
08-22 18:16:16.803 F/linker (17799): CANNOT LINK EXECUTABLE "/vendor/bin/hw/qvrservice": library "vendor.qti.hardware.qxr-V1-ndk_platform.so" not found: needed by /vendor/lib64/libqvrservice.so in namespace (default)
08-22 18:16:16.825 F/linker (17803): CANNOT LINK EXECUTABLE "/vendor/bin/hw/sxrservice": library "vendor.qti.hardware.qxr-V1-ndk_platform.so" not found: needed by main executable
08-22 18:16:21.850 F/linker (19459): CANNOT LINK EXECUTABLE "/vendor/bin/hw/sxrservice": library "vendor.qti.hardware.qxr-V1-ndk_platform.so" not found: needed by main executable
08-22 18:16:21.855 F/linker (19453): CANNOT LINK EXECUTABLE "/vendor/bin/hw/qvrservice": library "vendor.qti.hardware.qxr-V1-ndk_platform.so" not found: needed by /vendor/lib64/libqvrservice.so in namespace (default)
08-22 18:16:26.884 F/linker (21268): CANNOT LINK EXECUTABLE "/vendor/bin/hw/sxrservice": library "vendor.qti.hardware.qxr-V1-ndk_platform.so" not found: needed by main executable
08-22 18:16:26.896 F/linker (21260): CANNOT LINK EXECUTABLE "/vendor/bin/hw/qvrservice": library "vendor.qti.hardware.qxr-V1-ndk_platform.so" not found: needed by /vendor/lib64/libqvrservice.so in namespace (default)
08-22 18:16:31.936 F/linker (22864): CANNOT LINK EXECUTABLE "/vendor/bin/hw/qvrservice": library "vendor.qti.hardware.qxr-V1-ndk_platform.so" not found: needed by /vendor/lib64/libqvrservice.so in namespace (default)
08-22 18:16:31.947 F/linker (22865): CANNOT LINK EXECUTABLE "/vendor/bin/hw/sxrservice": library "vendor.qti.hardware.qxr-V1-ndk_platform.so" not found: needed by main executable
08-22 18:16:36.966 F/linker (24485): CANNOT LINK EXECUTABLE "/vendor/bin/hw/sxrservice": library "vendor.qti.hardware.qxr-V1-ndk_platform.so" not found: needed by main executable
08-22 18:16:36.974 F/linker (24479): CANNOT LINK EXECUTABLE "/vendor/bin/hw/qvrservice": library "vendor.qti.hardware.qxr-V1-ndk_platform.so" not found: needed by /vendor/lib64/libqvrservice.so in namespace (default)
08-22 18:16:41.998 F/linker (26422): CANNOT LINK EXECUTABLE "/vendor/bin/hw/sxrservice": library "vendor.qti.hardware.qxr-V1-ndk_platform.so" not found: needed by main executable
08-22 18:16:42.006 F/linker (26413): CANNOT LINK EXECUTABLE "/vendor/bin/hw/qvrservice": library "vendor.qti.hardware.qxr-V1-ndk_platform.so" not found: needed by /vendor/lib64/libqvrservice.so in namespace (default)
08-22 18:16:47.037 F/linker (28450): CANNOT LINK EXECUTABLE "/vendor/bin/hw/sxrservice": library "vendor.qti.hardware.qxr-V1-ndk_platform.so" not found: needed by main executable
08-22 18:16:47.057 F/linker (28442): CANNOT LINK EXECUTABLE "/vendor/bin/hw/qvrservice": library "vendor.qti.hardware.qxr-V1-ndk_platform.so" not found: needed by /vendor/lib64/libqvrservice.so in namespace (default)
08-22 18:16:52.086 F/linker (30339): CANNOT LINK EXECUTABLE "/vendor/bin/hw/qvrservice": library "vendor.qti.hardware.qxr-V1-ndk_platform.so" not found: needed by /vendor/lib64/libqvrservice.so in namespace (default)
08-22 18:16:52.100 F/linker (30349): CANNOT LINK EXECUTABLE "/vendor/bin/hw/sxrservice": library "vendor.qti.hardware.qxr-V1-ndk_platform.so" not found: needed by main executable
08-22 18:16:57.129 F/linker (32193): CANNOT LINK EXECUTABLE "/vendor/bin/hw/qvrservice": library "vendor.qti.hardware.qxr-V1-ndk_platform.so" not found: needed by /vendor/lib64/libqvrservice.so in namespace (default)
08-22 18:16:57.146 F/linker (32195): CANNOT LINK EXECUTABLE "/vendor/bin/hw/sxrservice": library "vendor.qti.hardware.qxr-V1-ndk_platform.so" not found: needed by main executable
08-22 18:17:02.165 F/linker ( 2812): CANNOT LINK EXECUTABLE "/vendor/bin/hw/qvrservice": library "vendor.qti.hardware.qxr-V1-ndk_platform.so" not found: needed by /vendor/lib64/libqvrservice.so in namespace (default)
08-22 18:17:02.170 F/linker ( 2835): CANNOT LINK EXECUTABLE "/vendor/bin/hw/sxrservice": library "vendor.qti.hardware.qxr-V1-ndk_platform.so" not found: needed by main executable
08-22 18:17:03.747 I/PowerManagerService( 1164): Napping display group (groupId=0, uid=1000)...
08-22 18:17:03.747 I/PowerManagerService( 1164): Nap time (uid 1000)...
08-22 18:17:03.761 I/DreamManagerService( 1164): Entering dreamland.
08-22 18:17:03.762 I/PowerManagerService( 1164): Dreaming...
08-22 18:17:03.765 I/DreamController( 1164): Starting dream: name=ComponentInfo{com.android.deskclock/com.android.deskclock.Screensaver}, isTest=false, canDoze=false, userId=0
08-22 18:17:03.776 D/AutofillManagerService( 1164): Close system dialogs
08-22 18:17:03.793 I/ActivityTaskManager( 1164): START u0 {flg=0x10000000 pkg=com.android.deskclock cmp=com.android.deskclock/android.service.dreams.DreamActivity (has extras)} from uid 10078
08-22 18:17:03.805 W/ActivityTaskManager( 1164): Can't find TaskDisplayArea to determine support for multi window. Task id=16 attached=false
08-22 18:17:03.818 V/SplashScreenExceptionList( 1164): SplashScreen checking exception for package com.android.deskclock (target sdk:29) -> false
08-22 18:17:03.842 I/ActivityTaskManager( 1164): The Process com.android.deskclock Already Exists in BG. So sending its PID: 3083
08-22 18:17:03.845 W/ActivityTaskManager( 1164): Tried to set launchTime (0) < mLastActivityLaunchTime (1604690)
08-22 18:17:03.868 W/WindowManager( 1164): Failed looking up window session=Session{6ad21f0 3083:u0a10078} callers=com.android.server.wm.WindowManagerService.windowForClientLocked:5626 com.android.server.wm.Session.insetsModified:629 android.view.IWindowSession$Stub.onTransact:1151
08-22 18:17:07.193 F/linker ( 4856): CANNOT LINK EXECUTABLE "/vendor/bin/hw/sxrservice": library "vendor.qti.hardware.qxr-V1-ndk_platform.so" not found: needed by main executable
08-22 18:17:07.197 F/linker ( 4852): CANNOT LINK EXECUTABLE "/vendor/bin/hw/qvrservice": library "vendor.qti.hardware.qxr-V1-ndk_platform.so" not found: needed by /vendor/lib64/libqvrservice.so in namespace (default)
08-22 18:17:09.993 I/DreamManagerService( 1164): Gently waking up from dream.
08-22 18:17:09.993 I/DreamManagerService( 1164): Performing gentle wake from dream.
08-22 18:17:09.994 I/PowerManagerService( 1164): Powering on display group fromDreaming (groupId=0, uid=1000, reason=WAKE_REASON_UNKNOWN, details=android.server.power:DREAM_FINISHED)...
08-22 18:17:09.994 I/PowerManagerService( 1164): Waking up from Dreaming (uid=1000, reason=WAKE_REASON_UNKNOWN, details=android.server.power:DREAM_FINISHED)...
08-22 18:17:10.663 I/DreamManagerService( 1164): Leaving dreamland.
08-22 18:17:10.663 I/DreamManagerService( 1164): Performing gentle wake from dream.
08-22 18:17:10.663 I/DreamController( 1164): Stopping dream: name=ComponentInfo{com.android.deskclock/com.android.deskclock.Screensaver}, isTest=false, canDoze=false, userId=0, reason='finished self'(from 'request awaken')
08-22 18:17:10.675 W/ActivityTaskManager( 1164): Can't find TaskDisplayArea to determine support for multi window. Task id=16 attached=false
08-22 18:17:12.244 F/linker ( 6555): CANNOT LINK EXECUTABLE "/vendor/bin/hw/qvrservice": library "vendor.qti.hardware.qxr-V1-ndk_platform.so" not found: needed by /vendor/lib64/libqvrservice.so in namespace (default)
08-22 18:17:12.248 F/linker ( 6558): CANNOT LINK EXECUTABLE "/vendor/bin/hw/sxrservice": library "vendor.qti.hardware.qxr-V1-ndk_platform.so" not found: needed by main executable
08-22 18:17:13.355 I/PowerManagerService( 1164): Napping display group (groupId=0, uid=1000)...
08-22 18:17:13.355 I/PowerManagerService( 1164): Nap time (uid 1000)...
08-22 18:17:13.357 I/DreamManagerService( 1164): Entering dreamland.
08-22 18:17:13.357 I/PowerManagerService( 1164): Dreaming...
08-22 18:17:13.360 I/DreamController( 1164): Starting dream: name=ComponentInfo{com.android.deskclock/com.android.deskclock.Screensaver}, isTest=false, canDoze=false, userId=0
08-22 18:17:13.366 D/AutofillManagerService( 1164): Close system dialogs
08-22 18:17:13.375 I/ActivityTaskManager( 1164): START u0 {flg=0x10000000 pkg=com.android.deskclock cmp=com.android.deskclock/android.service.dreams.DreamActivity (has extras)} from uid 10078
08-22 18:17:13.378 W/ActivityTaskManager( 1164): Can't find TaskDisplayArea to determine support for multi window. Task id=17 attached=false
08-22 18:17:13.384 V/SplashScreenExceptionList( 1164): SplashScreen checking exception for package com.android.deskclock (target sdk:29) -> false
08-22 18:17:13.407 I/ActivityTaskManager( 1164): The Process com.android.deskclock Already Exists in BG. So sending its PID: 3083
08-22 18:17:13.408 W/ActivityTaskManager( 1164): Tried to set launchTime (0) < mLastActivityLaunchTime (2174342)
08-22 18:17:13.429 W/WindowManager( 1164): Failed looking up window session=Session{6ad21f0 3083:u0a10078} callers=com.android.server.wm.WindowManagerService.windowForClientLocked:5626 com.android.server.wm.Session.insetsModified:629 android.view.IWindowSession$Stub.onTransact:1151
08-22 18:17:15.300 I/DreamManagerService( 1164): Gently waking up from dream.
08-22 18:17:15.301 I/PowerManagerService( 1164): Powering on display group fromDreaming (groupId=0, uid=1000, reason=WAKE_REASON_UNKNOWN, details=android.server.power:DREAM_FINISHED)...
08-22 18:17:15.301 I/PowerManagerService( 1164): Waking up from Dreaming (uid=1000, reason=WAKE_REASON_UNKNOWN, details=android.server.power:DREAM_FINISHED)...
08-22 18:17:15.301 I/DreamManagerService( 1164): Performing gentle wake from dream.
08-22 18:17:15.945 I/DreamManagerService( 1164): Leaving dreamland.
08-22 18:17:15.946 I/DreamManagerService( 1164): Performing gentle wake from dream.
08-22 18:17:15.946 I/DreamController( 1164): Stopping dream: name=ComponentInfo{com.android.deskclock/com.android.deskclock.Screensaver}, isTest=false, canDoze=false, userId=0, reason='finished self'(from 'request awaken')
08-22 18:17:15.989 W/ActivityTaskManager( 1164): Can't find TaskDisplayArea to determine support for multi window. Task id=17 attached=false
08-22 18:17:16.980 D/AutofillManagerService( 1164): onBackKeyPressed()
08-22 18:17:17.234 F/linker ( 7903): CANNOT LINK EXECUTABLE "/vendor/bin/hw/qvrservice": library "vendor.qti.hardware.qxr-V1-ndk_platform.so" not found: needed by /vendor/lib64/libqvrservice.so in namespace (default)
08-22 18:17:17.263 F/linker ( 7913): CANNOT LINK EXECUTABLE "/vendor/bin/hw/sxrservice": library "vendor.qti.hardware.qxr-V1-ndk_platform.so" not found: needed by main executable
08-22 18:17:20.554 E/TaskPersister( 1164): File error accessing recents directory (directory doesn't exist?).
08-22 18:17:21.133 D/AutofillManagerService( 1164): onBackKeyPressed()
08-22 18:17:21.214 D/TelephonyRegistry( 1164): listen oscl: mHasNotifySubscriptionInfoChangedOccurred==false no callback
08-22 18:17:21.219 D/TelephonyRegistry( 1164): listen oscl: mHasNotifySubscriptionInfoChangedOccurred==false no callback
08-22 18:17:22.285 F/linker ( 9554): CANNOT LINK EXECUTABLE "/vendor/bin/hw/qvrservice": library "vendor.qti.hardware.qxr-V1-ndk_platform.so" not found: needed by /vendor/lib64/libqvrservice.so in namespace (default)
08-22 18:17:22.295 F/linker ( 9556): CANNOT LINK EXECUTABLE "/vendor/bin/hw/sxrservice": library "vendor.qti.hardware.qxr-V1-ndk_platform.so" not found: needed by main executable
08-22 18:17:24.708 E/TaskPersister( 1164): File error accessing recents directory (directory doesn't exist?).
08-22 18:17:25.373 D/AutofillManagerService( 1164): Close system dialogs
08-22 18:17:25.385 I/ActivityTaskManager( 1164): START u0 {act=android.intent.action.MAIN cat=[android.intent.category.HOME] flg=0x10000100 cmp=com.android.launcher3/.uioverrides.QuickstepLauncher (has extras)} from uid 0
08-22 18:17:25.471 D/AutofillManagerService( 1164): Close system dialogs
08-22 18:17:27.316 F/linker (11318): CANNOT LINK EXECUTABLE "/vendor/bin/hw/qvrservice": library "vendor.qti.hardware.qxr-V1-ndk_platform.so" not found: needed by /vendor/lib64/libqvrservice.so in namespace (default)
08-22 18:17:27.338 F/linker (11325): CANNOT LINK EXECUTABLE "/vendor/bin/hw/sxrservice": library "vendor.qti.hardware.qxr-V1-ndk_platform.so" not found: needed by main executable
08-22 18:17:28.136 I/ActivityTaskManager( 1164): START u0 {act=android.intent.action.MAIN cat=[android.intent.category.LAUNCHER] flg=0x10200000 pkg=com.android.gallery3d cmp=com.android.gallery3d/.app.GalleryActivity bnds=[337,662][635,975]} from uid 10106
08-22 18:17:28.143 I/DropBoxManagerService( 1164): add tag=system_app_strictmode isTagEnabled=true flags=0x2
08-22 18:17:28.145 W/ActivityTaskManager( 1164): Can't find TaskDisplayArea to determine support for multi window. Task id=18 attached=false
08-22 18:17:28.156 D/CompatibilityChangeReporter( 1164): Compat change id reported: 174042980; UID 10076; state: DISABLED
08-22 18:17:28.164 D/CompatibilityChangeReporter( 1164): Compat change id reported: 184838306; UID 10076; state: DISABLED
08-22 18:17:28.165 D/CompatibilityChangeReporter( 1164): Compat change id reported: 185004937; UID 10076; state: DISABLED
08-22 18:17:28.170 D/CompatibilityChangeReporter( 1164): Compat change id reported: 181136395; UID 10076; state: DISABLED
08-22 18:17:28.171 D/CompatibilityChangeReporter( 1164): Compat change id reported: 174042936; UID 10076; state: DISABLED
08-22 18:17:28.175 V/SplashScreenExceptionList( 1164): SplashScreen checking exception for package com.android.gallery3d (target sdk:29) -> false
08-22 18:17:28.181 D/PhoneStartingWindowTypeAlgorithm( 2258): preferredStartingWindowType newTask:true taskSwitch:true processRunning:false allowTaskSnapshot:true activityCreated:false useEmptySplashScreen:false legacySplashScreen:false topIsHome:false
08-22 18:17:28.181 D/StartingSurfaceDrawer( 2258): addSplashScreen com.android.gallery3d theme=7f120034 task=18 suggestType=1
08-22 18:17:28.185 D/StartingSurfaceDrawer( 2258): window attributes color: 0 icon null duration 0 brandImage null
08-22 18:17:28.196 D/CompatibilityChangeReporter( 1164): Compat change id reported: 135634846; UID 10076; state: DISABLED
08-22 18:17:28.196 D/CompatibilityChangeReporter( 1164): Compat change id reported: 177438394; UID 10076; state: DISABLED
08-22 18:17:28.197 D/CompatibilityChangeReporter( 1164): Compat change id reported: 135772972; UID 10076; state: DISABLED
08-22 18:17:28.197 D/CompatibilityChangeReporter( 1164): Compat change id reported: 135754954; UID 10076; state: DISABLED
08-22 18:17:28.197 D/CompatibilityChangeReporter( 1164): Compat change id reported: 143937733; UID 10076; state: DISABLED
08-22 18:17:28.199 D/StartingSurfaceDrawer( 2258): FgMainColor=fff1f1f1 BgMainColor=ff4285f4 IsBgComplex=false FromCache=false ThemeColor=ff000000
08-22 18:17:28.199 D/StartingSurfaceDrawer( 2258): isRgbSimilarInHsv a: ff000000 b ff4285f4 contrast ratio: 5.8929925
