01-01 01:02:04.446 I/init ( 0): Created socket '/dev/socket/qvrservice_vndr', mode 660, user 1000, group 1000
01-01 01:02:04.457 I/init ( 0): Created socket '/dev/socket/qvrservice_vndr_camera', mode 660, user 1000, group 1000
01-01 01:02:04.478 I/init ( 0): starting service 'sxrd'...
08-22 18:37:56.748 F/linker (10226): CANNOT LINK EXECUTABLE "/vendor/bin/hw/sxrservice": library "vendor.qti.hardware.qxr-V1-ndk_platform.so" not found: needed by main executable
01-01 01:02:04.494 I/init ( 0): starting service 'vendor.light-hal-2-0'...
08-22 18:37:56.768 F/linker (10222): CANNOT LINK EXECUTABLE "/vendor/bin/hw/qvrservice": library "vendor.qti.hardware.qxr-V1-ndk_platform.so" not found: needed by /vendor/lib64/libqvrservice.so in namespace (default)
01-01 01:02:04.511 I/init ( 0): Service 'sxrd' (pid 10226) exited with status 1
01-01 01:02:04.518 I/init ( 0): Sending signal 9 to service 'sxrd' (pid 10226) process group...
01-01 01:02:04.526 I/libprocessgroup( 0): Successfully killed process cgroup uid 1000 pid 10226 in 0ms
01-01 01:02:04.536 I/init ( 0): Service 'qvrd_vndr' (pid 10222) exited with status 1
01-01 01:02:04.543 I/init ( 0): Sending signal 9 to service 'qvrd_vndr' (pid 10222) process group...
01-01 01:02:05.032 D/ ( 0): mv2112_read_status
01-01 01:02:05.036 D/mv2112_update_link( 0): 3.0x901(1G): 0x80
01-01 01:02:05.041 D/mv2112_update_link( 0): 3.0x8109(100M): 0x0
01-01 01:02:05.047 D/mv2112_update_link( 0): link 0x0
01-01 01:02:05.054 D/mv2112_read_status( 0): autoneg is disabled
01-01 01:02:06.088 D/ ( 0): mv2112_read_status
01-01 01:02:06.092 D/mv2112_update_link( 0): 3.0x901(1G): 0x80
01-01 01:02:06.097 D/mv2112_update_link( 0): 3.0x8109(100M): 0x0
01-01 01:02:06.103 D/mv2112_update_link( 0): link 0x0
01-01 01:02:06.108 D/mv2112_read_status( 0): autoneg is disabled
01-01 01:02:07.112 D/ ( 0): mv2112_read_status
01-01 01:02:07.116 D/mv2112_update_link( 0): 3.0x901(1G): 0x80
01-01 01:02:07.122 D/mv2112_update_link( 0): 3.0x8109(100M): 0x0
01-01 01:02:07.127 D/mv2112_update_link( 0): link 0x0
01-01 01:02:07.133 D/mv2112_read_status( 0): autoneg is disabled
01-01 01:02:08.138 D/ ( 0): mv2112_read_status
01-01 01:02:08.142 D/mv2112_update_link( 0): 3.0x901(1G): 0x80
01-01 01:02:08.148 D/mv2112_update_link( 0): 3.0x8109(100M): 0x0
01-01 01:02:08.154 D/mv2112_update_link( 0): link 0x0
01-01 01:02:08.158 D/mv2112_read_status( 0): autoneg is disabled
01-01 01:02:09.194 D/ ( 0): mv2112_read_status
01-01 01:02:09.197 D/mv2112_update_link( 0): 3.0x901(1G): 0x80
01-01 01:02:09.203 D/mv2112_update_link( 0): 3.0x8109(100M): 0x0
01-01 01:02:09.211 D/mv2112_update_link( 0): link 0x0
01-01 01:02:09.217 D/mv2112_read_status( 0): autoneg is disabled
01-01 01:02:09.479 I/init ( 0): starting service 'qvrd_vndr'...
01-01 01:02:09.484 I/init ( 0): Created socket '/dev/socket/qvrservice_vndr', mode 660, user 1000, group 1000
01-01 01:02:09.494 I/init ( 0): Created socket '/dev/socket/qvrservice_vndr_camera', mode 660, user 1000, group 1000
01-01 01:02:09.511 I/init ( 0): starting service 'sxrd'...
01-01 01:02:09.524 I/init ( 0): starting service 'vendor.light-hal-2-0'...
01-01 01:02:09.538 I/init ( 0): Service 'qvrd_vndr' (pid 11808) exited with status 1
01-01 01:02:09.545 I/init ( 0): Sending signal 9 to service 'qvrd_vndr' (pid 11808) process group...
01-01 01:02:09.553 I/libprocessgroup( 0): Successfully killed process cgroup uid 1000 pid 11808 in 0ms
01-01 01:02:09.563 I/init ( 0): Service 'sxrd' (pid 11811) exited with status 1
01-01 01:02:09.569 I/init ( 0): Sending signal 9 to service 'sxrd' (pid 11811) process group...
08-22 18:38:01.771 F/linker (11808): CANNOT LINK EXECUTABLE "/vendor/bin/hw/qvrservice": library "vendor.qti.hardware.qxr-V1-ndk_platform.so" not found: needed by /vendor/lib64/libqvrservice.so in namespace (default)
08-22 18:38:01.787 F/linker (11811): CANNOT LINK EXECUTABLE "/vendor/bin/hw/sxrservice": library "vendor.qti.hardware.qxr-V1-ndk_platform.so" not found: needed by main executable
01-01 01:02:10.252 D/ ( 0): mv2112_read_status
01-01 01:02:10.256 D/mv2112_update_link( 0): 3.0x901(1G): 0x80
01-01 01:02:10.261 D/mv2112_update_link( 0): 3.0x8109(100M): 0x0
01-01 01:02:10.266 D/mv2112_update_link( 0): link 0x0
01-01 01:02:10.271 D/mv2112_read_status( 0): autoneg is disabled
01-01 01:02:11.304 D/ ( 0): mv2112_read_status
01-01 01:02:11.309 D/mv2112_update_link( 0): 3.0x901(1G): 0x80
01-01 01:02:11.315 D/mv2112_update_link( 0): 3.0x8109(100M): 0x0
01-01 01:02:11.320 D/mv2112_update_link( 0): link 0x0
01-01 01:02:11.324 D/mv2112_read_status( 0): autoneg is disabled
01-01 01:02:12.328 D/ ( 0): mv2112_read_status
01-01 01:02:12.332 D/mv2112_update_link( 0): 3.0x901(1G): 0x80
01-01 01:02:12.338 D/mv2112_update_link( 0): 3.0x8109(100M): 0x0
01-01 01:02:12.344 D/mv2112_update_link( 0): link 0x0
01-01 01:02:12.349 D/mv2112_read_status( 0): autoneg is disabled
01-01 01:02:13.352 D/ ( 0): mv2112_read_status
01-01 01:02:13.356 D/mv2112_update_link( 0): 3.0x901(1G): 0x80
01-01 01:02:13.361 D/mv2112_update_link( 0): 3.0x8109(100M): 0x0
01-01 01:02:13.368 D/mv2112_update_link( 0): link 0x0
01-01 01:02:13.372 D/mv2112_read_status( 0): autoneg is disabled
08-22 18:38:05.825 I/ActivityTaskManager( 1164): Config changes=200 {1.0 ?mcc?mnc [zh_CN] ldltr sw680dp w1586dp h640dp 240dpi lrg long hdr land finger -keyb/v/h -nav/h winConfig={ mBounds=Rect(0, 0 - 2380, 1020) mAppBounds=Rect(0, 0 - 2380, 996) mMaxBounds=Rect(0, 0 - 2380, 1020) mWindowingMode=fullscreen mDisplayWindowingMode=fullscreen mActivityType=undefined mAlwaysOnTop=undefined mRotation=ROTATION_0} s.320 fontWeightAdjustment=0}
08-22 18:38:05.845 W/ActivityTaskManager( 1164): Current config: {1.0 ?mcc?mnc [zh_CN] ldltr sw680dp w1586dp h640dp 240dpi lrg long hdr land night finger -keyb/v/h -nav/h winConfig={ mBounds=Rect(0, 0 - 2380, 1020) mAppBounds=Rect(0, 0 - 2380, 996) mMaxBounds=Rect(0, 0 - 2380, 1020) mWindowingMode=fullscreen mDisplayWindowingMode=fullscreen mActivityType=undefined mAlwaysOnTop=undefined mRotation=ROTATION_0} s.320 fontWeightAdjustment=0} unchanged for IME proc com.android.inputmethod.latin
08-22 18:38:05.849 I/WindowManager( 1164): Override config changes=200 {1.0 ?mcc?mnc [zh_CN] ldltr sw680dp w1586dp h640dp 240dpi lrg long hdr land finger -keyb/v/h -nav/h winConfig={ mBounds=Rect(0, 0 - 2380, 1020) mAppBounds=Rect(0, 0 - 2380, 996) mMaxBounds=Rect(0, 0 - 2380, 1020) mWindowingMode=fullscreen mDisplayWindowingMode=fullscreen mActivityType=undefined mAlwaysOnTop=undefined mRotation=ROTATION_0} s.320 fontWeightAdjustment=0} for displayId=0
08-22 18:38:05.850 V/ActivityTaskManager( 1164): Sending to IME proc com.android.inputmethod.latin new config {1.0 ?mcc?mnc [zh_CN] ldltr sw680dp w1586dp h640dp 240dpi lrg long hdr land finger -keyb/v/h -nav/h winConfig={ mBounds=Rect(0, 0 - 2380, 1020) mAppBounds=Rect(0, 0 - 2380, 996) mMaxBounds=Rect(0, 0 - 2380, 1020) mWindowingMode=fullscreen mDisplayWindowingMode=fullscreen mActivityType=undefined mAlwaysOnTop=undefined mRotation=ROTATION_0} s.320 fontWeightAdjustment=0}
08-22 18:38:05.872 I/DropBoxManagerService( 1164): add tag=system_app_strictmode isTagEnabled=true flags=0x2
08-22 18:38:05.876 I/DropBoxManagerService( 1164): add tag=system_app_strictmode isTagEnabled=true flags=0x2
08-22 18:38:05.881 I/DropBoxManagerService( 1164): add tag=system_app_strictmode isTagEnabled=true flags=0x2
08-22 18:38:05.888 I/DropBoxManagerService( 1164): add tag=system_app_strictmode isTagEnabled=true flags=0x2
08-22 18:38:05.902 I/DropBoxManagerService( 1164): add tag=system_app_strictmode isTagEnabled=true flags=0x2
08-22 18:38:05.913 I/DropBoxManagerService( 1164): add tag=system_app_strictmode isTagEnabled=true flags=0x2
08-22 18:38:05.930 I/DropBoxManagerService( 1164): add tag=system_app_strictmode isTagEnabled=true flags=0x2
08-22 18:38:05.938 I/DropBoxManagerService( 1164): add tag=system_app_strictmode isTagEnabled=true flags=0x2
08-22 18:38:05.950 I/DropBoxManagerService( 1164): add tag=system_app_strictmode isTagEnabled=true flags=0x2
08-22 18:38:05.955 I/DropBoxManagerService( 1164): add tag=system_app_strictmode isTagEnabled=true flags=0x2
08-22 18:38:05.967 I/DropBoxManagerService( 1164): add tag=system_app_strictmode isTagEnabled=true flags=0x2
08-22 18:38:06.000 D/CompatibilityChangeReporter( 1164): Compat change id reported: 157929241; UID 10107; state: LOGGED
08-22 18:38:06.007 I/DropBoxManagerService( 1164): add tag=system_app_strictmode isTagEnabled=true flags=0x2
08-22 18:38:06.019 I/DropBoxManagerService( 1164): add tag=system_app_strictmode isTagEnabled=true flags=0x2
08-22 18:38:06.023 I/DropBoxManagerService( 1164): add tag=system_app_strictmode isTagEnabled=true flags=0x2
08-22 18:38:06.030 I/DropBoxManagerService( 1164): add tag=system_app_strictmode isTagEnabled=true flags=0x2
08-22 18:38:06.038 I/DropBoxManagerService( 1164): add tag=system_app_strictmode isTagEnabled=true flags=0x2
08-22 18:38:06.042 I/DropBoxManagerService( 1164): add tag=system_app_strictmode isTagEnabled=true flags=0x2
08-22 18:38:06.053 I/DropBoxManagerService( 1164): add tag=system_app_strictmode isTagEnabled=true flags=0x2
08-22 18:38:06.061 I/DropBoxManagerService( 1164): add tag=system_app_strictmode isTagEnabled=true flags=0x2
08-22 18:38:06.073 I/DropBoxManagerService( 1164): add tag=system_app_strictmode isTagEnabled=true flags=0x2
08-22 18:38:06.084 I/DropBoxManagerService( 1164): add tag=system_app_strictmode isTagEnabled=true flags=0x2
08-22 18:38:06.090 I/DropBoxManagerService( 1164): add tag=system_app_strictmode isTagEnabled=true flags=0x2
08-22 18:38:06.092 I/WindowManager( 1164): finishDrawing of relaunch: Window{9c09ddd u0 com.android.launcher3/com.android.launcher3.uioverrides.QuickstepLauncher} 134ms
01-01 01:02:14.001 I/afe_find_cal_topo_id_by_port( 0): port id: 0x9000, dev_acdb_id: 0
01-01 01:02:14.008 I/afe_find_cal_topo_id_by_port( 0): top_id:112fc acdb_id:15 afe_port:0x9000
01-01 01:02:14.016 I/afe_get_cal_topology_id( 0): port_id = 0x9000 acdb_id = 15 topology_id = 0x112fc cal_type_index=8 ret=0
01-01 01:02:14.026 I/afe_send_port_topology_id( 0): AFE set topology id 0x112fc enable for port 0x9000 ret 0
01-01 01:02:14.036 I/send_afe_cal_type( 0): cal_index is 0
01-01 01:02:14.040 I/send_afe_cal_type( 0): dev_acdb_id[55] is 0
08-22 18:38:06.136 I/DropBoxManagerService( 1164): add tag=system_app_strictmode isTagEnabled=true flags=0x2
08-22 18:38:06.142 I/DropBoxManagerService( 1164): add tag=system_app_strictmode isTagEnabled=true flags=0x2
08-22 18:38:06.156 I/DropBoxManagerService( 1164): add tag=system_app_strictmode isTagEnabled=true flags=0x2
01-01 01:02:14.045 I/send_afe_cal_type( 0): Sending cal_index cal 0
01-01 01:02:14.051 E/send_afe_cal_type( 0): No cal sent for cal_index 0, port_id = 0x9000! ret -22
08-22 18:38:06.170 I/DropBoxManagerService( 1164): add tag=system_app_strictmode isTagEnabled=true flags=0x2
01-01 01:02:14.060 I/afe_send_hw_delay( 0): port_id 0x9000 rate 48000 delay_usec 474 status 0
08-22 18:38:06.176 I/DropBoxManagerService( 1164): add tag=system_app_strictmode isTagEnabled=true flags=0x2
08-22 18:38:06.183 I/DropBoxManagerService( 1164): add tag=system_app_strictmode isTagEnabled=true flags=0x2
08-22 18:38:06.189 I/DropBoxManagerService( 1164): add tag=system_app_strictmode isTagEnabled=true flags=0x2
01-01 01:02:14.075 I/binder ( 0): 1164:1852 ioctl 400c620e 79be4425d8 returned -22
08-22 18:38:06.199 I/DropBoxManagerService( 1164): add tag=system_app_strictmode isTagEnabled=true flags=0x2
01-01 01:02:14.095 I/binder ( 0): 1164:1852 ioctl c00c620f 79be4425b8 returned -22
08-22 18:38:06.211 I/DropBoxManagerService( 1164): add tag=system_app_strictmode isTagEnabled=true flags=0x2
08-22 18:38:06.220 I/DropBoxManagerService( 1164): add tag=system_app_strictmode isTagEnabled=true flags=0x2
08-22 18:38:06.230 I/DropBoxManagerService( 1164): add tag=system_app_strictmode isTagEnabled=true flags=0x2
08-22 18:38:06.235 I/WindowManager( 1164): Screen frozen for +299ms due to Window{acf32c0 u0 NavigationBar0}
08-22 18:38:06.250 I/DropBoxManagerService( 1164): add tag=system_app_strictmode isTagEnabled=true flags=0x2
08-22 18:38:06.269 I/DropBoxManagerService( 1164): add tag=system_app_strictmode isTagEnabled=true flags=0x2
08-22 18:38:06.281 I/DropBoxManagerService( 1164): add tag=system_app_strictmode isTagEnabled=true flags=0x2
08-22 18:38:06.321 D/ActivityManager( 1164): freezing 20439 com.thundercomm.mcuupgrade
08-22 18:38:06.328 E/ActivityManager( 1164): Unable to freeze binder for 20439 com.thundercomm.mcuupgrade
08-22 18:38:06.342 D/ActivityManager( 1164): froze 20439 com.thundercomm.mcuupgrade
08-22 18:38:06.349 E/ActivityManager( 1164): Unable to freeze binder for 20439 com.thundercomm.mcuupgrade
08-22 18:38:06.350 I/ActivityManager( 1164): Killing 20439:com.thundercomm.mcuupgrade/1000 (adj 990): Unable to freeze binder interface
01-01 01:02:14.379 D/ ( 0): mv2112_read_status
01-01 01:02:14.383 D/mv2112_update_link( 0): 3.0x901(1G): 0x80
01-01 01:02:14.391 D/mv2112_update_link( 0): 3.0x8109(100M): 0x0
01-01 01:02:14.407 D/mv2112_update_link( 0): link 0x0
01-01 01:02:14.411 D/mv2112_read_status( 0): autoneg is disabled
08-22 18:38:06.626 I/WindowManager( 1164): WIN DEATH: Window{9eafbf7 u0 com.thundercomm.mcuupgrade/com.thundercomm.mcuupgrade.MainActivity}
08-22 18:38:06.636 W/ActivityManager( 1164): setHasOverlayUi called on unknown pid: 20439
08-22 18:38:06.636 W/UsageStatsService( 1164): Unexpected activity event reported! (com.thundercomm.mcuupgrade/com.thundercomm.mcuupgrade.MainActivity event : 23 instanceId : 94290366)
01-01 01:02:14.510 I/init ( 0): starting service 'qvrd_vndr'...
01-01 01:02:14.517 I/init ( 0): Created socket '/dev/socket/qvrservice_vndr', mode 660, user 1000, group 1000
01-01 01:02:14.527 I/init ( 0): Created socket '/dev/socket/qvrservice_vndr_camera', mode 660, user 1000, group 1000
01-01 01:02:14.546 I/init ( 0): starting service 'sxrd'...
01-01 01:02:14.561 I/init ( 0): starting service 'vendor.light-hal-2-0'...
08-22 18:38:06.826 F/linker (13687): CANNOT LINK EXECUTABLE "/vendor/bin/hw/qvrservice": library "vendor.qti.hardware.qxr-V1-ndk_platform.so" not found: needed by /vendor/lib64/libqvrservice.so in namespace (default)
08-22 18:38:06.831 F/linker (13698): CANNOT LINK EXECUTABLE "/vendor/bin/hw/sxrservice": library "vendor.qti.hardware.qxr-V1-ndk_platform.so" not found: needed by main executable
01-01 01:02:14.581 I/init ( 0): Service 'qvrd_vndr' (pid 13687) exited with status 1
01-01 01:02:14.588 I/init ( 0): Sending signal 9 to service 'qvrd_vndr' (pid 13687) process group...
01-01 01:02:14.596 I/libprocessgroup( 0): Successfully killed process cgroup uid 1000 pid 13687 in 0ms
01-01 01:02:14.606 I/init ( 0): Service 'sxrd' (pid 13698) exited with status 1
01-01 01:02:14.612 I/init ( 0): Sending signal 9 to service 'sxrd' (pid 13698) process group...
01-01 01:02:15.434 D/ ( 0): mv2112_read_status
01-01 01:02:15.445 D/mv2112_update_link( 0): 3.0x901(1G): 0x80
01-01 01:02:15.451 D/mv2112_update_link( 0): 3.0x8109(100M): 0x0
01-01 01:02:15.458 D/mv2112_update_link( 0): link 0x0
01-01 01:02:15.462 D/mv2112_read_status( 0): autoneg is disabled
01-01 01:02:16.489 D/ ( 0): mv2112_read_status
01-01 01:02:16.494 D/mv2112_update_link( 0): 3.0x901(1G): 0x80
01-01 01:02:16.500 D/mv2112_update_link( 0): 3.0x8109(100M): 0x0
01-01 01:02:16.506 D/mv2112_update_link( 0): link 0x0
01-01 01:02:16.511 D/mv2112_read_status( 0): autoneg is disabled
01-01 01:02:17.409 I/afe_close( 0): port_id = 0x9000
01-01 01:02:17.544 D/ ( 0): mv2112_read_status
01-01 01:02:17.548 D/mv2112_update_link( 0): 3.0x901(1G): 0x80
01-01 01:02:17.554 D/mv2112_update_link( 0): 3.0x8109(100M): 0x0
01-01 01:02:17.560 D/mv2112_update_link( 0): link 0x0
01-01 01:02:17.564 D/mv2112_read_status( 0): autoneg is disabled
01-01 01:02:18.568 D/ ( 0): mv2112_read_status
01-01 01:02:18.572 D/mv2112_update_link( 0): 3.0x901(1G): 0x80
01-01 01:02:18.578 D/mv2112_update_link( 0): 3.0x8109(100M): 0x0
01-01 01:02:18.583 D/mv2112_update_link( 0): link 0x0
01-01 01:02:18.588 D/mv2112_read_status( 0): autoneg is disabled
01-01 01:02:19.286 I/binder ( 0): 1164:1852 ioctl 400c620e 79be4425d8 returned -22
01-01 01:02:19.298 I/binder ( 0): 1164:1852 ioctl c00c620f 79be4425b8 returned -22
08-22 18:38:11.532 D/ActivityManager( 1164): freezing 19600 com.qualcomm.qti.sva
08-22 18:38:11.539 E/ActivityManager( 1164): Unable to freeze binder for 19600 com.qualcomm.qti.sva
08-22 18:38:11.544 D/ActivityManager( 1164): froze 19600 com.qualcomm.qti.sva
08-22 18:38:11.552 E/ActivityManager( 1164): Unable to freeze binder for 19600 com.qualcomm.qti.sva
08-22 18:38:11.553 I/ActivityManager( 1164): Killing 19600:com.qualcomm.qti.sva/u0a116 (adj 980): Unable to freeze binder interface
01-01 01:02:19.545 I/init ( 0): starting service 'qvrd_vndr'...
01-01 01:02:19.550 I/init ( 0): Created socket '/dev/socket/qvrservice_vndr', mode 660, user 1000, group 1000
01-01 01:02:19.560 I/init ( 0): Created socket '/dev/socket/qvrservice_vndr_camera', mode 660, user 1000, group 1000
01-01 01:02:19.579 I/init ( 0): starting service 'sxrd'...
01-01 01:02:19.591 I/init ( 0): starting service 'vendor.light-hal-2-0'...
01-01 01:02:19.602 D/ ( 0): mv2112_read_status
01-01 01:02:19.607 D/mv2112_update_link( 0): 3.0x901(1G): 0x80
01-01 01:02:19.609 I/init ( 0): Service 'qvrd_vndr' (pid 15303) exited with status 1
01-01 01:02:19.615 D/mv2112_update_link( 0): 3.0x8109(100M): 0x0
01-01 01:02:19.619 I/init ( 0): Sending signal 9 to service 'qvrd_vndr' (pid 15303) process group...
01-01 01:02:19.619 I/libprocessgroup( 0): Successfully killed process cgroup uid 1000 pid 15303 in 0ms
01-01 01:02:19.624 D/mv2112_update_link( 0): link 0x0
01-01 01:02:19.633 I/init ( 0): Service 'sxrd' (pid 15312) exited with status 1
01-01 01:02:19.641 D/mv2112_read_status( 0): autoneg is disabled
01-01 01:02:19.644 I/init ( 0): Sending signal 9 to service 'sxrd' (pid 15312) process group...
08-22 18:38:11.855 F/linker (15303): CANNOT LINK EXECUTABLE "/vendor/bin/hw/qvrservice": library "vendor.qti.hardware.qxr-V1-ndk_platform.so" not found: needed by /vendor/lib64/libqvrservice.so in namespace (default)
08-22 18:38:11.862 F/linker (15312): CANNOT LINK EXECUTABLE "/vendor/bin/hw/sxrservice": library "vendor.qti.hardware.qxr-V1-ndk_platform.so" not found: needed by main executable
08-22 18:38:11.875 I/WindowManager( 1164): WIN DEATH: Window{23fdfe3 u0 com.qualcomm.qti.sva/com.qualcomm.qti.sva.PermissionActivity}
08-22 18:38:11.880 I/WindowManager( 1164): WIN DEATH: Window{5346ad2 u0 com.qualcomm.qti.sva/com.qualcomm.qti.sva.PermissionActivity}
08-22 18:38:11.884 I/WindowManager( 1164): WIN DEATH: Window{a3a3992 u0 com.qualcomm.qti.sva/com.qualcomm.qti.sva.PermissionActivity}
08-22 18:38:11.887 W/ActivityManager( 1164): setHasOverlayUi called on unknown pid: 19600
08-22 18:38:11.888 W/UsageStatsService( 1164): Unexpected activity event reported! (com.qualcomm.qti.sva/com.qualcomm.qti.sva.PermissionActivity event : 23 instanceId : 194719401)
08-22 18:38:11.889 W/UsageStatsService( 1164): Unexpected activity event reported! (com.qualcomm.qti.sva/com.qualcomm.qti.sva.PermissionActivity event : 23 instanceId : 234070664)
08-22 18:38:11.889 W/UsageStatsService( 1164): Unexpected activity event reported! (com.qualcomm.qti.sva/com.qualcomm.qti.sva.PermissionActivity event : 23 instanceId : 201849935)
08-22 18:38:12.006 D/CompatibilityChangeReporter( 1164): Compat change id reported: 135634846; UID 10107; state: DISABLED
08-22 18:38:12.006 D/CompatibilityChangeReporter( 1164): Compat change id reported: 177438394; UID 10107; state: DISABLED
08-22 18:38:12.006 D/CompatibilityChangeReporter( 1164): Compat change id reported: 135772972; UID 10107; state: DISABLED
08-22 18:38:12.006 D/CompatibilityChangeReporter( 1164): Compat change id reported: 135754954; UID 10107; state: ENABLED
08-22 18:38:12.007 D/CompatibilityChangeReporter( 1164): Compat change id reported: 143937733; UID 10107; state: ENABLED
01-01 01:02:19.834 I/binder ( 0): 15396:15396 ioctl 40046210 7ffbecfd54 returned -22
08-22 18:38:12.032 I/ActivityManager( 1164): Start proc 15396:com.android.systemui:screenshot/u0a107 for service {com.android.systemui/com.android.systemui.screenshot.TakeScreenshotService}
01-01 01:02:19.974 I/binder ( 0): 15396:15434 ioctl 40046210 79f5572304 returned -22
08-22 18:38:12.173 D/SystemUIBootTiming(15396): DependencyInjection took to complete: 24ms
08-22 18:38:12.288 D/CompatibilityChangeReporter( 1164): Compat change id reported: 149924527; UID 10107; state: ENABLED
08-22 18:38:12.289 D/CompatibilityChangeReporter( 1164): Compat change id reported: 132649864; UID 10107; state: DISABLED
08-22 18:38:12.290 D/CompatibilityChangeReporter( 1164): Compat change id reported: 182734110; UID 10107; state: ENABLED
08-22 18:38:12.292 D/CompatibilityChangeReporter( 1164): Compat change id reported: 172100307; UID 10107; state: ENABLED
01-01 01:02:20.220 I/afe_find_cal_topo_id_by_port( 0): port id: 0x9000, dev_acdb_id: 0
01-01 01:02:20.227 I/afe_find_cal_topo_id_by_port( 0): top_id:112fc acdb_id:15 afe_port:0x9000
01-01 01:02:20.235 I/afe_get_cal_topology_id( 0): port_id = 0x9000 acdb_id = 15 topology_id = 0x112fc cal_type_index=8 ret=0
01-01 01:02:20.246 I/afe_send_port_topology_id( 0): AFE set topology id 0x112fc enable for port 0x9000 ret 0
01-01 01:02:20.255 I/send_afe_cal_type( 0): cal_index is 0
01-01 01:02:20.260 I/send_afe_cal_type( 0): dev_acdb_id[55] is 0
01-01 01:02:20.265 I/send_afe_cal_type( 0): Sending cal_index cal 0
01-01 01:02:20.270 E/send_afe_cal_type( 0): No cal sent for cal_index 0, port_id = 0x9000! ret -22
01-01 01:02:20.279 I/afe_send_hw_delay( 0): port_id 0x9000 rate 48000 delay_usec 474 status 0
08-22 18:38:12.611 D/CompatibilityChangeReporter( 1164): Compat change id reported: 180326732; UID 10107; state: ENABLED
01-01 01:02:20.684 D/ ( 0): mv2112_read_status
01-01 01:02:20.693 D/mv2112_update_link( 0): 3.0x901(1G): 0x80
01-01 01:02:20.698 D/mv2112_update_link( 0): 3.0x8109(100M): 0x0
01-01 01:02:20.704 D/mv2112_update_link( 0): link 0x0
01-01 01:02:20.715 D/mv2112_read_status( 0): autoneg is disabled
01-01 01:02:20.826 I/[schedu][0xf85bb630f][18:38:13.073298] wlan( 0): [13930:I:OSIF] scan start scan id 41002
01-01 01:02:21.736 D/ ( 0): mv2112_read_status
01-01 01:02:21.740 D/mv2112_update_link( 0): 3.0x901(1G): 0x80
01-01 01:02:21.745 D/mv2112_update_link( 0): 3.0x8109(100M): 0x0
01-01 01:02:21.751 D/mv2112_update_link( 0): link 0x0
01-01 01:02:21.756 D/mv2112_read_status( 0): autoneg is disabled
08-22 18:38:14.118 I/DropBoxManagerService( 1164): add tag=system_app_strictmode isTagEnabled=true flags=0x2
01-01 01:02:22.379 I/[schedu][0xf87823b82][18:38:14.625837] wlan( 0): [13930:I:OSIF] vdev 0, scan id 41002 type COMPLETED(1) reason COMPLETED(1) scan found 75 bss
01-01 01:02:22.761 D/ ( 0): mv2112_read_status
01-01 01:02:22.769 D/mv2112_update_link( 0): 3.0x901(1G): 0x80
01-01 01:02:22.774 D/mv2112_update_link( 0): 3.0x8109(100M): 0x0
01-01 01:02:22.782 D/mv2112_update_link( 0): link 0x0
01-01 01:02:22.786 D/mv2112_read_status( 0): autoneg is disabled
01-01 01:02:23.817 D/ ( 0): mv2112_read_status
01-01 01:02:23.821 D/mv2112_update_link( 0): 3.0x901(1G): 0x80
01-01 01:02:23.827 D/mv2112_update_link( 0): 3.0x8109(100M): 0x0
01-01 01:02:23.833 D/mv2112_update_link( 0): link 0x0
01-01 01:02:23.837 D/mv2112_read_status( 0): autoneg is disabled
01-01 01:02:23.915 I/afe_close( 0): port_id = 0x9000
01-01 01:02:24.581 I/init ( 0): starting service 'qvrd_vndr'...
01-01 01:02:24.588 I/init ( 0): Created socket '/dev/socket/qvrservice_vndr', mode 660, user 1000, group 1000
01-01 01:02:24.598 I/init ( 0): Created socket '/dev/socket/qvrservice_vndr_camera', mode 660, user 1000, group 1000
01-01 01:02:24.619 I/init ( 0): starting service 'sxrd'...
01-01 01:02:24.633 I/init ( 0): starting service 'vendor.light-hal-2-0'...
01-01 01:02:24.654 I/init ( 0): Service 'qvrd_vndr' (pid 16969) exited with status 1
01-01 01:02:24.661 I/init ( 0): Sending signal 9 to service 'qvrd_vndr' (pid 16969) process group...
01-01 01:02:24.669 I/libprocessgroup( 0): Successfully killed process cgroup uid 1000 pid 16969 in 0ms
01-01 01:02:24.679 I/init ( 0): Service 'sxrd' (pid 16976) exited with status 1
01-01 01:02:24.686 I/init ( 0): Sending signal 9 to service 'sxrd' (pid 16976) process group...
08-22 18:38:16.899 F/linker (16976): CANNOT LINK EXECUTABLE "/vendor/bin/hw/sxrservice": library "vendor.qti.hardware.qxr-V1-ndk_platform.so" not found: needed by main executable
08-22 18:38:16.899 F/linker (16969): CANNOT LINK EXECUTABLE "/vendor/bin/hw/qvrservice": library "vendor.qti.hardware.qxr-V1-ndk_platform.so" not found: needed by /vendor/lib64/libqvrservice.so in namespace (default)
01-01 01:02:24.841 D/ ( 0): mv2112_read_status
01-01 01:02:24.845 D/mv2112_update_link( 0): 3.0x901(1G): 0x80
01-01 01:02:24.850 D/mv2112_update_link( 0): 3.0x8109(100M): 0x0
01-01 01:02:24.858 D/mv2112_update_link( 0): link 0x0
01-01 01:02:24.862 D/mv2112_read_status( 0): autoneg is disabled
01-01 01:02:25.868 D/ ( 0): mv2112_read_status
01-01 01:02:25.872 D/mv2112_update_link( 0): 3.0x901(1G): 0x80
01-01 01:02:25.877 D/mv2112_update_link( 0): 3.0x8109(100M): 0x0
01-01 01:02:25.884 D/mv2112_update_link( 0): link 0x0
01-01 01:02:25.891 D/mv2112_read_status( 0): autoneg is disabled
01-01 01:02:26.922 D/ ( 0): mv2112_read_status
01-01 01:02:26.926 D/mv2112_update_link( 0): 3.0x901(1G): 0x80
01-01 01:02:26.931 D/mv2112_update_link( 0): 3.0x8109(100M): 0x0
01-01 01:02:26.937 D/mv2112_update_link( 0): link 0x0
01-01 01:02:26.942 D/mv2112_read_status( 0): autoneg is disabled
01-01 01:02:27.976 D/ ( 0): mv2112_read_status
01-01 01:02:27.981 D/mv2112_update_link( 0): 3.0x901(1G): 0x80
01-01 01:02:27.987 D/mv2112_update_link( 0): 3.0x8109(100M): 0x0
01-01 01:02:27.992 D/mv2112_update_link( 0): link 0x0
01-01 01:02:27.997 D/mv2112_read_status( 0): autoneg is disabled
01-01 01:02:28.291 I/binder ( 0): 1164:1852 ioctl 400c620e 79be4425d8 returned -22
01-01 01:02:28.301 I/binder ( 0): 1164:1852 ioctl c00c620f 79be4425b8 returned -22
01-01 01:02:28.310 I/binder ( 0): 1164:1852 ioctl 400c620e 79be4425d8 returned -22
01-01 01:02:28.319 I/binder ( 0): 1164:1852 ioctl c00c620f 79be4425b8 returned -22
08-22 18:38:20.537 D/ActivityManager( 1164): freezing 21849 com.qualcomm.qti.seccamsample
08-22 18:38:20.545 E/ActivityManager( 1164): Unable to freeze binder for 21849 com.qualcomm.qti.seccamsample
08-22 18:38:20.547 D/ActivityManager( 1164): froze 21849 com.qualcomm.qti.seccamsample
08-22 18:38:20.555 E/ActivityManager( 1164): Unable to freeze binder for 21849 com.qualcomm.qti.seccamsample
08-22 18:38:20.557 D/ActivityManager( 1164): freezing 21924 com.qualcomm.qti.seccamservice:remote
08-22 18:38:20.564 E/ActivityManager( 1164): Unable to freeze binder for 21924 com.qualcomm.qti.seccamservice:remote
08-22 18:38:20.565 D/ActivityManager( 1164): froze 21924 com.qualcomm.qti.seccamservice:remote
08-22 18:38:20.572 E/ActivityManager( 1164): Unable to freeze binder for 21924 com.qualcomm.qti.seccamservice:remote
08-22 18:38:20.574 I/ActivityManager( 1164): Killing 21849:com.qualcomm.qti.seccamsample/u0a108 (adj 970): Unable to freeze binder interface
08-22 18:38:20.580 I/ActivityManager( 1164): Killing 21924:com.qualcomm.qti.seccamservice:remote/u0a91 (adj 980): Unable to freeze binder interface
08-22 18:38:20.774 W/ActivityManager( 1164): Scheduling restart of crashed service com.qualcomm.qti.seccamservice/.SecCamService in 1000ms for connection
08-22 18:38:20.832 I/WindowManager( 1164): WIN DEATH: Window{6960880 u0 com.qualcomm.qti.seccamsample/com.qualcomm.qti.seccamsample.MainActivity}
08-22 18:38:20.840 I/WindowManager( 1164): WIN DEATH: Window{6fdfdef u0 com.qualcomm.qti.seccamsample/com.qualcomm.qti.seccamsample.MainActivity}
08-22 18:38:20.852 W/ActivityManager( 1164): setHasOverlayUi called on unknown pid: 21849
08-22 18:38:20.853 W/UsageStatsService( 1164): Unexpected activity event reported! (com.qualcomm.qti.seccamsample/com.qualcomm.qti.seccamsample.MainActivity event : 23 instanceId : 165595559)
01-01 01:02:29.000 D/ ( 0): mv2112_read_status
01-01 01:02:29.004 D/mv2112_update_link( 0): 3.0x901(1G): 0x80
01-01 01:02:29.010 D/mv2112_update_link( 0): 3.0x8109(100M): 0x0
01-01 01:02:29.017 D/mv2112_update_link( 0): link 0x0
01-01 01:02:29.021 D/mv2112_read_status( 0): autoneg is disabled
01-01 01:02:29.619 I/init ( 0): starting service 'qvrd_vndr'...
01-01 01:02:29.625 I/init ( 0): Created socket '/dev/socket/qvrservice_vndr', mode 660, user 1000, group 1000
01-01 01:02:29.634 I/init ( 0): Created socket '/dev/socket/qvrservice_vndr_camera', mode 660, user 1000, group 1000
01-01 01:02:29.654 I/init ( 0): starting service 'sxrd'...
01-01 01:02:29.669 I/init ( 0): starting service 'vendor.light-hal-2-0'...
01-01 01:02:29.684 I/init ( 0): Service 'qvrd_vndr' (pid 18776) exited with status 1
01-01 01:02:29.690 I/init ( 0): Sending signal 9 to service 'qvrd_vndr' (pid 18776) process group...
01-01 01:02:29.699 I/libprocessgroup( 0): Successfully killed process cgroup uid 1000 pid 18776 in 0ms
01-01 01:02:29.709 I/init ( 0): Service 'sxrd' (pid 18780) exited with status 1
01-01 01:02:29.715 I/init ( 0): Sending signal 9 to service 'sxrd' (pid 18780) process group...
08-22 18:38:21.923 F/linker (18776): CANNOT LINK EXECUTABLE "/vendor/bin/hw/qvrservice": library "vendor.qti.hardware.qxr-V1-ndk_platform.so" not found: needed by /vendor/lib64/libqvrservice.so in namespace (default)
08-22 18:38:21.933 F/linker (18780): CANNOT LINK EXECUTABLE "/vendor/bin/hw/sxrservice": library "vendor.qti.hardware.qxr-V1-ndk_platform.so" not found: needed by main executable
01-01 01:02:30.024 D/ ( 0): mv2112_read_status
01-01 01:02:30.030 D/mv2112_update_link( 0): 3.0x901(1G): 0x80
01-01 01:02:30.036 D/mv2112_update_link( 0): 3.0x8109(100M): 0x0
01-01 01:02:30.041 D/mv2112_update_link( 0): link 0x0
01-01 01:02:30.045 D/mv2112_read_status( 0): autoneg is disabled
01-01 01:02:30.254 I/binder ( 0): 1164:1852 ioctl 400c620e 79be4425d8 returned -22
01-01 01:02:30.264 I/binder ( 0): 1164:1852 ioctl c00c620f 79be4425b8 returned -22
08-22 18:38:22.501 D/ActivityManager( 1164): freezing 23450 com.qualcomm.qct.dlt
08-22 18:38:22.508 E/ActivityManager( 1164): Unable to freeze binder for 23450 com.qualcomm.qct.dlt
08-22 18:38:22.510 D/ActivityManager( 1164): froze 23450 com.qualcomm.qct.dlt
08-22 18:38:22.517 E/ActivityManager( 1164): Unable to freeze binder for 23450 com.qualcomm.qct.dlt
08-22 18:38:22.518 I/ActivityManager( 1164): Killing 23450:com.qualcomm.qct.dlt/u0a113 (adj 960): Unable to freeze binder interface
08-22 18:38:22.735 I/WindowManager( 1164): WIN DEATH: Window{74a41bd u0 com.qualcomm.qct.dlt/com.qualcomm.qct.dlt.MainActivity}
08-22 18:38:22.761 W/ActivityManager( 1164): setHasOverlayUi called on unknown pid: 23450
08-22 18:38:22.762 W/UsageStatsService( 1164): Unexpected activity event reported! (com.qualcomm.qct.dlt/com.qualcomm.qct.dlt.MainActivity event : 23 instanceId : 229292491)
01-01 01:02:31.050 D/ ( 0): mv2112_read_status
01-01 01:02:31.054 D/mv2112_update_link( 0): 3.0x901(1G): 0x80
01-01 01:02:31.062 D/mv2112_update_link( 0): 3.0x8109(100M): 0x0
01-01 01:02:31.069 D/mv2112_update_link( 0): link 0x0
01-01 01:02:31.073 D/mv2112_read_status( 0): autoneg is disabled
01-01 01:02:32.105 D/ ( 0): mv2112_read_status
01-01 01:02:32.109 D/mv2112_update_link( 0): 3.0x901(1G): 0x80
01-01 01:02:32.116 D/mv2112_update_link( 0): 3.0x8109(100M): 0x0
01-01 01:02:32.121 D/mv2112_update_link( 0): link 0x0
01-01 01:02:32.125 D/mv2112_read_status( 0): autoneg is disabled
01-01 01:02:33.128 D/ ( 0): mv2112_read_status
01-01 01:02:33.134 D/mv2112_update_link( 0): 3.0x901(1G): 0x80
01-01 01:02:33.141 D/mv2112_update_link( 0): 3.0x8109(100M): 0x0
01-01 01:02:33.147 D/mv2112_update_link( 0): link 0x0
01-01 01:02:33.151 D/mv2112_read_status( 0): autoneg is disabled
01-01 01:02:34.184 D/ ( 0): mv2112_read_status
01-01 01:02:34.188 D/mv2112_update_link( 0): 3.0x901(1G): 0x80
01-01 01:02:34.195 D/mv2112_update_link( 0): 3.0x8109(100M): 0x0
01-01 01:02:34.200 D/mv2112_update_link( 0): link 0x0
01-01 01:02:34.205 D/mv2112_read_status( 0): autoneg is disabled
01-01 01:02:34.655 I/init ( 0): starting service 'qvrd_vndr'...
01-01 01:02:34.661 I/init ( 0): Created socket '/dev/socket/qvrservice_vndr', mode 660, user 1000, group 1000
01-01 01:02:34.672 I/init ( 0): Created socket '/dev/socket/qvrservice_vndr_camera', mode 660, user 1000, group 1000
01-01 01:02:34.693 I/init ( 0): starting service 'sxrd'...
01-01 01:02:34.707 I/init ( 0): starting service 'vendor.light-hal-2-0'...
01-01 01:02:34.724 I/init ( 0): Service 'qvrd_vndr' (pid 20595) exited with status 1
01-01 01:02:34.731 I/init ( 0): Sending signal 9 to service 'qvrd_vndr' (pid 20595) process group...
01-01 01:02:34.739 I/libprocessgroup( 0): Successfully killed process cgroup uid 1000 pid 20595 in 0ms
01-01 01:02:34.749 I/init ( 0): Service 'sxrd' (pid 20600) exited with status 1
08-22 18:38:26.958 F/linker (20595): CANNOT LINK EXECUTABLE "/vendor/bin/hw/qvrservice": library "vendor.qti.hardware.qxr-V1-ndk_platform.so" not found: needed by /vendor/lib64/libqvrservice.so in namespace (default)
01-01 01:02:34.755 I/init ( 0): Sending signal 9 to service 'sxrd' (pid 20600) process group...
08-22 18:38:26.962 F/linker (20600): CANNOT LINK EXECUTABLE "/vendor/bin/hw/sxrservice": library "vendor.qti.hardware.qxr-V1-ndk_platform.so" not found: needed by main executable
01-01 01:02:35.208 D/ ( 0): mv2112_read_status
01-01 01:02:35.212 D/mv2112_update_link( 0): 3.0x901(1G): 0x80
01-01 01:02:35.217 D/mv2112_update_link( 0): 3.0x8109(100M): 0x0
01-01 01:02:35.222 D/mv2112_update_link( 0): link 0x0
01-01 01:02:35.227 D/mv2112_read_status( 0): autoneg is disabled
01-01 01:02:36.233 D/ ( 0): mv2112_read_status
01-01 01:02:36.238 D/mv2112_update_link( 0): 3.0x901(1G): 0x80
01-01 01:02:36.246 D/mv2112_update_link( 0): 3.0x8109(100M): 0x0
01-01 01:02:36.253 D/mv2112_update_link( 0): link 0x0
01-01 01:02:36.257 D/mv2112_read_status( 0): autoneg is disabled
01-01 01:02:37.288 D/ ( 0): mv2112_read_status
01-01 01:02:37.292 D/mv2112_update_link( 0): 3.0x901(1G): 0x80
01-01 01:02:37.297 D/mv2112_update_link( 0): 3.0x8109(100M): 0x0
01-01 01:02:37.303 D/mv2112_update_link( 0): link 0x0
01-01 01:02:37.310 D/mv2112_read_status( 0): autoneg is disabled
01-01 01:02:38.312 D/ ( 0): mv2112_read_status
01-01 01:02:38.316 D/mv2112_update_link( 0): 3.0x901(1G): 0x80
01-01 01:02:38.321 D/mv2112_update_link( 0): 3.0x8109(100M): 0x0
01-01 01:02:38.327 D/mv2112_update_link( 0): link 0x0
01-01 01:02:38.332 D/mv2112_read_status( 0): autoneg is disabled
01-01 01:02:39.339 D/ ( 0): mv2112_read_status
01-01 01:02:39.342 D/mv2112_update_link( 0): 3.0x901(1G): 0x80
01-01 01:02:39.348 D/mv2112_update_link( 0): 3.0x8109(100M): 0x0
01-01 01:02:39.355 D/mv2112_update_link( 0): link 0x0
01-01 01:02:39.359 D/mv2112_read_status( 0): autoneg is disabled
01-01 01:02:39.694 I/init ( 0): starting service 'qvrd_vndr'...
01-01 01:02:39.700 I/init ( 0): Created socket '/dev/socket/qvrservice_vndr', mode 660, user 1000, group 1000
01-01 01:02:39.710 I/init ( 0): Created socket '/dev/socket/qvrservice_vndr_camera', mode 660, user 1000, group 1000
01-01 01:02:39.732 I/init ( 0): starting service 'sxrd'...
01-01 01:02:39.746 I/init ( 0): starting service 'vendor.light-hal-2-0'...
01-01 01:02:39.761 I/init ( 0): Service 'sxrd' (pid 22527) exited with status 1
01-01 01:02:39.767 I/init ( 0): Sending signal 9 to service 'sxrd' (pid 22527) process group...
01-01 01:02:39.775 I/libprocessgroup( 0): Successfully killed process cgroup uid 1000 pid 22527 in 0ms
01-01 01:02:39.785 I/init ( 0): Service 'qvrd_vndr' (pid 22523) exited with status 1
01-01 01:02:39.791 I/init ( 0): Sending signal 9 to service 'qvrd_vndr' (pid 22523) process group...
08-22 18:38:32.001 F/linker (22527): CANNOT LINK EXECUTABLE "/vendor/bin/hw/sxrservice": library "vendor.qti.hardware.qxr-V1-ndk_platform.so" not found: needed by main executable
08-22 18:38:32.013 F/linker (22523): CANNOT LINK EXECUTABLE "/vendor/bin/hw/qvrservice": library "vendor.qti.hardware.qxr-V1-ndk_platform.so" not found: needed by /vendor/lib64/libqvrservice.so in namespace (default)
01-01 01:02:40.392 D/ ( 0): mv2112_read_status
01-01 01:02:40.396 D/mv2112_update_link( 0): 3.0x901(1G): 0x80
01-01 01:02:40.402 D/mv2112_update_link( 0): 3.0x8109(100M): 0x0
01-01 01:02:40.407 D/mv2112_update_link( 0): link 0x0
01-01 01:02:40.413 D/mv2112_read_status( 0): autoneg is disabled
01-01 01:02:41.449 D/ ( 0): mv2112_read_status
01-01 01:02:41.452 D/mv2112_update_link( 0): 3.0x901(1G): 0x80
01-01 01:02:41.459 D/mv2112_update_link( 0): 3.0x8109(100M): 0x0
01-01 01:02:41.465 D/mv2112_update_link( 0): link 0x0
01-01 01:02:41.469 D/mv2112_read_status( 0): autoneg is disabled
01-01 01:02:42.504 D/ ( 0): mv2112_read_status
01-01 01:02:42.508 D/mv2112_update_link( 0): 3.0x901(1G): 0x80
01-01 01:02:42.513 D/mv2112_update_link( 0): 3.0x8109(100M): 0x0
01-01 01:02:42.518 D/mv2112_update_link( 0): link 0x0
01-01 01:02:42.523 D/mv2112_read_status( 0): autoneg is disabled
01-01 01:02:43.528 D/ ( 0): mv2112_read_status
01-01 01:02:43.532 D/mv2112_update_link( 0): 3.0x901(1G): 0x80
01-01 01:02:43.539 D/mv2112_update_link( 0): 3.0x8109(100M): 0x0
01-01 01:02:43.544 D/mv2112_update_link( 0): link 0x0
01-01 01:02:43.549 D/mv2112_read_status( 0): autoneg is disabled
01-01 01:02:44.584 D/ ( 0): mv2112_read_status
01-01 01:02:44.591 D/mv2112_update_link( 0): 3.0x901(1G): 0x80
01-01 01:02:44.600 D/mv2112_update_link( 0): 3.0x8109(100M): 0x0
01-01 01:02:44.605 D/mv2112_update_link( 0): link 0x0
01-01 01:02:44.609 D/mv2112_read_status( 0): autoneg is disabled
01-01 01:02:44.733 I/init ( 0): starting service 'qvrd_vndr'...
01-01 01:02:44.739 I/init ( 0): Created socket '/dev/socket/qvrservice_vndr', mode 660, user 1000, group 1000
01-01 01:02:44.749 I/init ( 0): Created socket '/dev/socket/qvrservice_vndr_camera', mode 660, user 1000, group 1000
01-01 01:02:44.770 I/init ( 0): starting service 'sxrd'...
01-01 01:02:44.785 I/init ( 0): starting service 'vendor.light-hal-2-0'...
01-01 01:02:44.805 I/init ( 0): Service 'qvrd_vndr' (pid 24365) exited with status 1
01-01 01:02:44.811 I/init ( 0): Sending signal 9 to service 'qvrd_vndr' (pid 24365) process group...
01-01 01:02:44.820 I/libprocessgroup( 0): Successfully killed process cgroup uid 1000 pid 24365 in 0ms
01-01 01:02:44.830 I/init ( 0): Service 'sxrd' (pid 24373) exited with status 1
01-01 01:02:44.836 I/init ( 0): Sending signal 9 to service 'sxrd' (pid 24373) process group...
08-22 18:38:37.050 F/linker (24365): CANNOT LINK EXECUTABLE "/vendor/bin/hw/qvrservice": library "vendor.qti.hardware.qxr-V1-ndk_platform.so" not found: needed by /vendor/lib64/libqvrservice.so in namespace (default)
08-22 18:38:37.067 F/linker (24373): CANNOT LINK EXECUTABLE "/vendor/bin/hw/sxrservice": library "vendor.qti.hardware.qxr-V1-ndk_platform.so" not found: needed by main executable
01-01 01:02:45.640 D/ ( 0): mv2112_read_status
01-01 01:02:45.644 D/mv2112_update_link( 0): 3.0x901(1G): 0x80
01-01 01:02:45.649 D/mv2112_update_link( 0): 3.0x8109(100M): 0x0
01-01 01:02:45.656 D/mv2112_update_link( 0): link 0x0
01-01 01:02:45.660 D/mv2112_read_status( 0): autoneg is disabled
01-01 01:02:46.664 D/ ( 0): mv2112_read_status
01-01 01:02:46.668 D/mv2112_update_link( 0): 3.0x901(1G): 0x80
01-01 01:02:46.675 D/mv2112_update_link( 0): 3.0x8109(100M): 0x0
01-01 01:02:46.680 D/mv2112_update_link( 0): link 0x0
01-01 01:02:46.684 D/mv2112_read_status( 0): autoneg is disabled
01-01 01:02:47.688 D/ ( 0): mv2112_read_status
01-01 01:02:47.692 D/mv2112_update_link( 0): 3.0x901(1G): 0x80
01-01 01:02:47.698 D/mv2112_update_link( 0): 3.0x8109(100M): 0x0
01-01 01:02:47.706 D/mv2112_update_link( 0): link 0x0
01-01 01:02:47.710 D/mv2112_read_status( 0): autoneg is disabled
01-01 01:02:48.744 D/ ( 0): mv2112_read_status
01-01 01:02:48.748 D/mv2112_update_link( 0): 3.0x901(1G): 0x80
01-01 01:02:48.753 D/mv2112_update_link( 0): 3.0x8109(100M): 0x0
01-01 01:02:48.759 D/mv2112_update_link( 0): link 0x0
01-01 01:02:48.764 D/mv2112_read_status( 0): autoneg is disabled
01-01 01:02:49.769 D/ ( 0): mv2112_read_status
01-01 01:02:49.770 I/init ( 0): starting service 'qvrd_vndr'...
01-01 01:02:49.774 D/mv2112_update_link( 0): 3.0x901(1G): 0x80
01-01 01:02:49.778 I/init ( 0): Created socket '/dev/socket/qvrservice_vndr', mode 660, user 1000, group 1000
01-01 01:02:49.783 D/mv2112_update_link( 0): 3.0x8109(100M): 0x0
01-01 01:02:49.793 I/init ( 0): Created socket '/dev/socket/qvrservice_vndr_camera', mode 660, user 1000, group 1000
01-01 01:02:49.798 D/mv2112_update_link( 0): link 0x0
01-01 01:02:49.810 D/mv2112_read_status( 0): autoneg is disabled
01-01 01:02:49.818 I/init ( 0): starting service 'sxrd'...
01-01 01:02:49.831 I/init ( 0): starting service 'vendor.light-hal-2-0'...
01-01 01:02:49.845 I/init ( 0): Service 'qvrd_vndr' (pid 26223) exited with status 1
01-01 01:02:49.852 I/init ( 0): Sending signal 9 to service 'qvrd_vndr' (pid 26223) process group...
01-01 01:02:49.860 I/libprocessgroup( 0): Successfully killed process cgroup uid 1000 pid 26223 in 0ms
01-01 01:02:49.870 I/init ( 0): Service 'sxrd' (pid 26231) exited with status 1
01-01 01:02:49.876 I/init ( 0): Sending signal 9 to service 'sxrd' (pid 26231) process group...
08-22 18:38:42.083 F/linker (26223): CANNOT LINK EXECUTABLE "/vendor/bin/hw/qvrservice": library "vendor.qti.hardware.qxr-V1-ndk_platform.so" not found: needed by /vendor/lib64/libqvrservice.so in namespace (default)
08-22 18:38:42.098 F/linker (26231): CANNOT LINK EXECUTABLE "/vendor/bin/hw/sxrservice": library "vendor.qti.hardware.qxr-V1-ndk_platform.so" not found: needed by main executable
01-01 01:02:50.824 D/ ( 0): mv2112_read_status
01-01 01:02:50.828 D/mv2112_update_link( 0): 3.0x901(1G): 0x80
01-01 01:02:50.833 D/mv2112_update_link( 0): 3.0x8109(100M): 0x0
01-01 01:02:50.839 D/mv2112_update_link( 0): link 0x0
01-01 01:02:50.843 D/mv2112_read_status( 0): autoneg is disabled
01-01 01:02:51.848 D/ ( 0): mv2112_read_status
01-01 01:02:51.852 D/mv2112_update_link( 0): 3.0x901(1G): 0x80
01-01 01:02:51.857 D/mv2112_update_link( 0): 3.0x8109(100M): 0x0
01-01 01:02:51.862 D/mv2112_update_link( 0): link 0x0
01-01 01:02:51.867 D/mv2112_read_status( 0): autoneg is disabled
01-01 01:02:52.872 D/ ( 0): mv2112_read_status
01-01 01:02:52.883 D/mv2112_update_link( 0): 3.0x901(1G): 0x80
01-01 01:02:52.889 D/mv2112_update_link( 0): 3.0x8109(100M): 0x0
01-01 01:02:52.898 D/mv2112_update_link( 0): link 0x0
01-01 01:02:52.902 D/mv2112_read_status( 0): autoneg is disabled
01-01 01:02:53.930 D/ ( 0): mv2112_read_status
01-01 01:02:53.934 D/mv2112_update_link( 0): 3.0x901(1G): 0x80
01-01 01:02:53.940 D/mv2112_update_link( 0): 3.0x8109(100M): 0x0
01-01 01:02:53.946 D/mv2112_update_link( 0): link 0x0
01-01 01:02:53.951 D/mv2112_read_status( 0): autoneg is disabled
01-01 01:02:54.818 I/init ( 0): starting service 'qvrd_vndr'...
01-01 01:02:54.825 I/init ( 0): Created socket '/dev/socket/qvrservice_vndr', mode 660, user 1000, group 1000
01-01 01:02:54.835 I/init ( 0): Created socket '/dev/socket/qvrservice_vndr_camera', mode 660, user 1000, group 1000
01-01 01:02:54.858 I/init ( 0): starting service 'sxrd'...
01-01 01:02:54.872 I/init ( 0): starting service 'vendor.light-hal-2-0'...
01-01 01:02:54.887 I/init ( 0): Service 'sxrd' (pid 28145) exited with status 1
01-01 01:02:54.893 I/init ( 0): Sending signal 9 to service 'sxrd' (pid 28145) process group...
01-01 01:02:54.901 I/libprocessgroup( 0): Successfully killed process cgroup uid 1000 pid 28145 in 0ms
01-01 01:02:54.911 I/init ( 0): Service 'qvrd_vndr' (pid 28137) exited with status 1
01-01 01:02:54.918 I/init ( 0): Sending signal 9 to service 'qvrd_vndr' (pid 28137) process group...
01-01 01:02:54.984 D/ ( 0): mv2112_read_status
01-01 01:02:54.988 D/mv2112_update_link( 0): 3.0x901(1G): 0x80
01-01 01:02:54.998 D/mv2112_update_link( 0): 3.0x8109(100M): 0x0
01-01 01:02:55.005 D/mv2112_update_link( 0): link 0x0
01-01 01:02:55.010 D/mv2112_read_status( 0): autoneg is disabled
08-22 18:38:47.126 F/linker (28145): CANNOT LINK EXECUTABLE "/vendor/bin/hw/sxrservice": library "vendor.qti.hardware.qxr-V1-ndk_platform.so" not found: needed by main executable
08-22 18:38:47.139 F/linker (28137): CANNOT LINK EXECUTABLE "/vendor/bin/hw/qvrservice": library "vendor.qti.hardware.qxr-V1-ndk_platform.so" not found: needed by /vendor/lib64/libqvrservice.so in namespace (default)
01-01 01:02:56.040 D/ ( 0): mv2112_read_status
01-01 01:02:56.044 D/mv2112_update_link( 0): 3.0x901(1G): 0x80
01-01 01:02:56.050 D/mv2112_update_link( 0): 3.0x8109(100M): 0x0
01-01 01:02:56.058 D/mv2112_update_link( 0): link 0x0
01-01 01:02:56.062 D/mv2112_read_status( 0): autoneg is disabled
01-01 01:02:57.064 D/ ( 0): mv2112_read_status
01-01 01:02:57.068 D/mv2112_update_link( 0): 3.0x901(1G): 0x80
01-01 01:02:57.073 D/mv2112_update_link( 0): 3.0x8109(100M): 0x0
01-01 01:02:57.080 D/mv2112_update_link( 0): link 0x0
01-01 01:02:57.084 D/mv2112_read_status( 0): autoneg is disabled
01-01 01:02:58.090 D/ ( 0): mv2112_read_status
01-01 01:02:58.093 D/mv2112_update_link( 0): 3.0x901(1G): 0x80
01-01 01:02:58.099 D/mv2112_update_link( 0): 3.0x8109(100M): 0x0
01-01 01:02:58.105 D/mv2112_update_link( 0): link 0x0
01-01 01:02:58.111 D/mv2112_read_status( 0): autoneg is disabled
01-01 01:02:58.758 I/binder ( 0): 1164:1852 ioctl 400c620e 79be4425d8 returned -22
01-01 01:02:58.776 I/binder ( 0): 1164:1852 ioctl c00c620f 79be4425b8 returned -22
01-01 01:02:58.784 I/binder ( 0): 1164:1852 ioctl 400c620e 79be4425d8 returned -22
01-01 01:02:58.793 I/binder ( 0): 1164:1852 ioctl c00c620f 79be4425b8 returned -22
08-22 18:38:51.005 D/ActivityManager( 1164): freezing 17635 com.android.externalstorage
08-22 18:38:51.012 E/ActivityManager( 1164): Unable to freeze binder for 17635 com.android.externalstorage
08-22 18:38:51.021 D/ActivityManager( 1164): froze 17635 com.android.externalstorage
08-22 18:38:51.029 E/ActivityManager( 1164): Unable to freeze binder for 17635 com.android.externalstorage
08-22 18:38:51.031 D/ActivityManager( 1164): freezing 17641 android.process.media
08-22 18:38:51.037 E/ActivityManager( 1164): Unable to freeze binder for 17641 android.process.media
08-22 18:38:51.039 D/ActivityManager( 1164): froze 17641 android.process.media
08-22 18:38:51.046 E/ActivityManager( 1164): Unable to freeze binder for 17641 android.process.media
08-22 18:38:51.047 I/ActivityManager( 1164): Killing 17635:com.android.externalstorage/u0a35 (adj 945): Unable to freeze binder interface
08-22 18:38:51.049 I/ActivityManager( 1164): Killing 17641:android.process.media/u0a23 (adj 955): Unable to freeze binder interface
01-01 01:02:59.144 D/ ( 0): mv2112_read_status
01-01 01:02:59.148 D/mv2112_update_link( 0): 3.0x901(1G): 0x80
01-01 01:02:59.157 D/mv2112_update_link( 0): 3.0x8109(100M): 0x0
01-01 01:02:59.163 D/mv2112_update_link( 0): link 0x0
01-01 01:02:59.167 D/mv2112_read_status( 0): autoneg is disabled
01-01 01:02:59.857 I/init ( 0): starting service 'qvrd_vndr'...
01-01 01:02:59.864 I/init ( 0): Created socket '/dev/socket/qvrservice_vndr', mode 660, user 1000, group 1000
01-01 01:02:59.874 I/init ( 0): Created socket '/dev/socket/qvrservice_vndr_camera', mode 660, user 1000, group 1000
01-01 01:02:59.895 I/init ( 0): starting service 'sxrd'...
01-01 01:02:59.910 I/init ( 0): starting service 'vendor.light-hal-2-0'...
01-01 01:02:59.929 I/init ( 0): Service 'qvrd_vndr' (pid 29744) exited with status 1
01-01 01:02:59.936 I/init ( 0): Sending signal 9 to service 'qvrd_vndr' (pid 29744) process group...
01-01 01:02:59.944 I/libprocessgroup( 0): Successfully killed process cgroup uid 1000 pid 29744 in 0ms
01-01 01:02:59.954 I/init ( 0): Service 'sxrd' (pid 29751) exited with status 1
01-01 01:02:59.961 I/init ( 0): Sending signal 9 to service 'sxrd' (pid 29751) process group...
08-22 18:38:52.174 F/linker (29744): CANNOT LINK EXECUTABLE "/vendor/bin/hw/qvrservice": library "vendor.qti.hardware.qxr-V1-ndk_platform.so" not found: needed by /vendor/lib64/libqvrservice.so in namespace (default)
08-22 18:38:52.186 F/linker (29751): CANNOT LINK EXECUTABLE "/vendor/bin/hw/sxrservice": library "vendor.qti.hardware.qxr-V1-ndk_platform.so" not found: needed by main executable
01-01 01:03:00.201 D/ ( 0): mv2112_read_status
01-01 01:03:00.204 D/mv2112_update_link( 0): 3.0x901(1G): 0x80
01-01 01:03:00.210 D/mv2112_update_link( 0): 3.0x8109(100M): 0x0
01-01 01:03:00.215 D/mv2112_update_link( 0): link 0x0
01-01 01:03:00.219 D/mv2112_read_status( 0): autoneg is disabled
01-01 01:03:01.224 D/ ( 0): mv2112_read_status
01-01 01:03:01.228 D/mv2112_update_link( 0): 3.0x901(1G): 0x80
01-01 01:03:01.237 D/mv2112_update_link( 0): 3.0x8109(100M): 0x0
01-01 01:03:01.244 D/mv2112_update_link( 0): link 0x0
01-01 01:03:01.250 D/mv2112_read_status( 0): autoneg is disabled
08-22 18:38:53.414 V/DisplayPowerController[0]( 1164): Brightness [0.05] reason changing to: 'manual [ dim ]', previous reason: 'manual'.
08-22 18:38:53.415 W/PowerManagerService( 1164): Screen on took 64177 ms
08-22 18:38:53.422 E/DisplayDeviceConfig( 1164): requesting nits when no mapping exists.
08-22 18:38:53.422 E/DisplayDeviceConfig( 1164): requesting nits when no mapping exists.
08-22 18:38:53.425 I/DropBoxManagerService( 1164): add tag=system_server_wtf isTagEnabled=true flags=0x2
08-22 18:38:53.436 I/DropBoxManagerService( 1164): add tag=system_server_wtf isTagEnabled=true flags=0x2
08-22 18:38:53.443 E/DisplayDeviceConfig( 1164): requesting nits when no mapping exists.
08-22 18:38:53.443 E/DisplayDeviceConfig( 1164): requesting nits when no mapping exists.
08-22 18:38:53.448 I/DropBoxManagerService( 1164): add tag=system_server_wtf isTagEnabled=true flags=0x2
08-22 18:38:53.451 I/DropBoxManagerService( 1164): add tag=system_server_wtf isTagEnabled=true flags=0x2
08-22 18:38:53.462 E/DisplayDeviceConfig( 1164): requesting nits when no mapping exists.
