08-22 18:28:03.501 W/ContextImpl( 2661): Calling a method in the system process without a qualified user: android.app.ContextImpl.startActivity:1067 android.app.ContextImpl.startActivity:1056 android.content.ContextWrapper.startActivity:411 com.thundercomm.remotecontrolservice.RemoteControlService.startApp:248 com.thundercomm.remotecontrolservice.remotecommand.RemoteAppLaunchCommand.doActualAction:35
08-22 18:28:03.505 I/ActivityTaskManager( 1164): START u0 {flg=0x10000000 cmp=com.qualcomm.qti.sva/.MainActivity} from uid 1000
01-01 00:52:11.470 I/perfetto( 0): enabled ftrace
08-22 18:28:03.518 W/ActivityTaskManager( 1164): Can't find TaskDisplayArea to determine support for multi window. Task id=35 attached=false
08-22 18:28:03.528 D/CompatibilityChangeReporter( 1164): Compat change id reported: 174042980; UID 10116; state: DISABLED
08-22 18:28:03.536 D/CompatibilityChangeReporter( 1164): Compat change id reported: 184838306; UID 10116; state: DISABLED
08-22 18:28:03.537 D/CompatibilityChangeReporter( 1164): Compat change id reported: 185004937; UID 10116; state: DISABLED
08-22 18:28:03.540 D/CompatibilityChangeReporter( 1164): Compat change id reported: 181136395; UID 10116; state: DISABLED
08-22 18:28:03.541 D/CompatibilityChangeReporter( 1164): Compat change id reported: 174042936; UID 10116; state: DISABLED
08-22 18:28:03.546 D/CompatibilityChangeReporter( 1164): Compat change id reported: 168419799; UID 10116; state: DISABLED
08-22 18:28:03.549 D/PhoneStartingWindowTypeAlgorithm( 2258): preferredStartingWindowType newTask:true taskSwitch:true processRunning:false allowTaskSnapshot:true activityCreated:false useEmptySplashScreen:false legacySplashScreen:false topIsHome:false
08-22 18:28:03.549 D/StartingSurfaceDrawer( 2258): addSplashScreen com.qualcomm.qti.sva theme=7f0c0000 task=35 suggestType=1
01-01 00:52:11.514 I/binder ( 0): 19600:19600 ioctl 40046210 7ffbecfd54 returned -22
08-22 18:28:03.556 D/StartingSurfaceDrawer( 2258): window attributes color: 0 icon null duration 0 brandImage null
08-22 18:28:03.558 D/StartingSurfaceDrawer( 2258): The icon is not an AdaptiveIconDrawable
08-22 18:28:03.572 D/StartingSurfaceDrawer( 2258): fillViewWithIcon surfaceWindowView android.window.SplashScreenView{532bf68 V.E...... ......ID 0,0-0,0}
08-22 18:28:03.586 D/CompatibilityChangeReporter( 1164): Compat change id reported: 135634846; UID 10116; state: DISABLED
08-22 18:28:03.586 D/CompatibilityChangeReporter( 1164): Compat change id reported: 177438394; UID 10116; state: DISABLED
08-22 18:28:03.587 D/CompatibilityChangeReporter( 1164): Compat change id reported: 135772972; UID 10116; state: DISABLED
08-22 18:28:03.587 D/CompatibilityChangeReporter( 1164): Compat change id reported: 135754954; UID 10116; state: ENABLED
08-22 18:28:03.588 D/CompatibilityChangeReporter( 1164): Compat change id reported: 143937733; UID 10116; state: ENABLED
08-22 18:28:03.643 W/ActivityManager( 1164): Slow operation: 56ms so far, now at startProcess: returned from zygote!
08-22 18:28:03.643 W/ActivityManager( 1164): Slow operation: 57ms so far, now at startProcess: done updating battery stats
08-22 18:28:03.643 W/ActivityManager( 1164): Slow operation: 57ms so far, now at startProcess: building log message
08-22 18:28:03.643 I/ActivityManager( 1164): Start proc 19600:com.qualcomm.qti.sva/u0a116 for pre-top-activity {com.qualcomm.qti.sva/com.qualcomm.qti.sva.MainActivity}
08-22 18:28:03.643 W/ActivityManager( 1164): Slow operation: 57ms so far, now at startProcess: starting to update pids map
08-22 18:28:03.646 W/ContextImpl( 1164): Calling a method in the system process without a qualified user: android.app.ContextImpl.sendBroadcast:1173 com.qualcomm.qti.Performance$SendGameLaunchBroadcast.run:217 java.lang.Thread.run:920
08-22 18:28:03.648 W/ActivityManager( 1164): Slow operation: 62ms so far, now at startProcess: done updating pids map
08-22 18:28:03.827 I/ActivityTaskManager( 1164): START u0 {cmp=com.qualcomm.qti.sva/.PermissionActivity (has extras)} from uid 10116
08-22 18:28:03.855 I/ActivityTaskManager( 1164): The Process com.qualcomm.qti.sva Already Exists in BG. So sending its PID: 19600
08-22 18:28:03.856 W/ActivityTaskManager( 1164): Tried to set launchTime (0) < mLastActivityLaunchTime (2834275)
08-22 18:28:03.868 I/ActivityTaskManager( 1164): START u0 {act=android.content.pm.action.REQUEST_PERMISSIONS pkg=com.android.permissioncontroller cmp=com.android.permissioncontroller/.permission.ui.GrantPermissionsActivity (has extras)} from uid 10116
08-22 18:28:03.901 I/ActivityTaskManager( 1164): The Process com.android.permissioncontroller Already Exists in BG. So sending its PID: 12555
08-22 18:28:03.904 W/ActivityTaskManager( 1164): Tried to set launchTime (0) < mLastActivityLaunchTime (2758342)
01-01 00:52:11.711 I/binder ( 0): 19600:19655 ioctl 40046210 79f33011f4 returned -22
08-22 18:28:04.025 D/StartingSurfaceDrawer( 2258): Task start finish, remove starting surface for task 35
08-22 18:28:04.027 V/StartingSurfaceDrawer( 2258): Removing splash screen window for task: 35
01-01 00:52:11.978 D/ ( 0): mv2112_read_status
01-01 00:52:11.981 D/mv2112_update_link( 0): 3.0x901(1G): 0x80
01-01 00:52:11.987 D/mv2112_update_link( 0): 3.0x8109(100M): 0x0
01-01 00:52:11.995 D/mv2112_update_link( 0): link 0x0
01-01 00:52:11.999 D/mv2112_read_status( 0): autoneg is disabled
01-01 00:52:13.032 D/ ( 0): mv2112_read_status
01-01 00:52:13.037 D/mv2112_update_link( 0): 3.0x901(1G): 0x80
01-01 00:52:13.044 D/mv2112_update_link( 0): 3.0x8109(100M): 0x0
01-01 00:52:13.050 D/mv2112_update_link( 0): link 0x0
01-01 00:52:13.056 D/mv2112_read_status( 0): autoneg is disabled
08-22 18:28:05.601 W/ContextImpl( 2661): Calling a method in the system process without a qualified user: android.app.ContextImpl.startActivity:1055 android.content.ContextWrapper.startActivity:411 com.thundercomm.remotecontrolservice.RemoteControlService.startApp:248 com.thundercomm.remotecontrolservice.remotecommand.RemoteAppLaunchCommand.doActualAction:35 com.thundercomm.remotecontrolservice.remotecommand.BaseCommand.doAction:41
08-22 18:28:05.601 W/ContextImpl( 2661): Calling a method in the system process without a qualified user: android.app.ContextImpl.startActivity:1067 android.app.ContextImpl.startActivity:1056 android.content.ContextWrapper.startActivity:411 com.thundercomm.remotecontrolservice.RemoteControlService.startApp:248 com.thundercomm.remotecontrolservice.remotecommand.RemoteAppLaunchCommand.doActualAction:35
08-22 18:28:05.603 I/ActivityTaskManager( 1164): START u0 {flg=0x10000000 cmp=com.qualcomm.qti.sva/.MainActivity} from uid 1000
08-22 18:28:05.621 I/ActivityTaskManager( 1164): The Process com.qualcomm.qti.sva Already Exists in BG. So sending its PID: 19600
08-22 18:28:05.626 W/ActivityTaskManager( 1164): Tried to set launchTime (0) < mLastActivityLaunchTime (2834353)
08-22 18:28:05.657 I/ActivityTaskManager( 1164): START u0 {cmp=com.qualcomm.qti.sva/.PermissionActivity (has extras)} from uid 10116
08-22 18:28:05.679 I/ActivityTaskManager( 1164): The Process com.qualcomm.qti.sva Already Exists in BG. So sending its PID: 19600
08-22 18:28:05.680 W/ActivityTaskManager( 1164): Tried to set launchTime (0) < mLastActivityLaunchTime (2836124)
08-22 18:28:05.690 I/ActivityTaskManager( 1164): START u0 {act=android.content.pm.action.REQUEST_PERMISSIONS pkg=com.android.permissioncontroller cmp=com.android.permissioncontroller/.permission.ui.GrantPermissionsActivity (has extras)} from uid 10116
08-22 18:28:05.719 I/ActivityTaskManager( 1164): The Process com.android.permissioncontroller Already Exists in BG. So sending its PID: 12555
08-22 18:28:05.719 W/ActivityTaskManager( 1164): Tried to set launchTime (0) < mLastActivityLaunchTime (2834402)
01-01 00:52:14.088 D/ ( 0): mv2112_read_status
01-01 00:52:14.094 D/mv2112_update_link( 0): 3.0x901(1G): 0x80
01-01 00:52:14.100 D/mv2112_update_link( 0): 3.0x8109(100M): 0x0
01-01 00:52:14.105 D/mv2112_update_link( 0): link 0x0
01-01 00:52:14.109 D/mv2112_read_status( 0): autoneg is disabled
08-22 18:28:06.886 I/ActivityTaskManager( 1164): START u0 {flg=0x10000000 cmp=com.qualcomm.qti.sva/.MainActivity} from uid 1000
08-22 18:28:06.908 I/ActivityTaskManager( 1164): The Process com.qualcomm.qti.sva Already Exists in BG. So sending its PID: 19600
08-22 18:28:06.911 W/ActivityTaskManager( 1164): Tried to set launchTime (0) < mLastActivityLaunchTime (2836179)
08-22 18:28:06.924 I/ActivityTaskManager( 1164): START u0 {cmp=com.qualcomm.qti.sva/.PermissionActivity (has extras)} from uid 10116
08-22 18:28:06.944 I/ActivityTaskManager( 1164): The Process com.qualcomm.qti.sva Already Exists in BG. So sending its PID: 19600
08-22 18:28:06.944 W/ActivityTaskManager( 1164): Tried to set launchTime (0) < mLastActivityLaunchTime (2837408)
08-22 18:28:06.957 I/ActivityTaskManager( 1164): START u0 {act=android.content.pm.action.REQUEST_PERMISSIONS pkg=com.android.permissioncontroller cmp=com.android.permissioncontroller/.permission.ui.GrantPermissionsActivity (has extras)} from uid 10116
08-22 18:28:06.972 I/ActivityTaskManager( 1164): The Process com.android.permissioncontroller Already Exists in BG. So sending its PID: 12555
08-22 18:28:06.973 W/ActivityTaskManager( 1164): Tried to set launchTime (0) < mLastActivityLaunchTime (2836216)
01-01 00:52:14.948 I/init ( 0): starting service 'qvrd_vndr'...
01-01 00:52:14.954 I/init ( 0): Created socket '/dev/socket/qvrservice_vndr', mode 660, user 1000, group 1000
01-01 00:52:14.965 I/init ( 0): Created socket '/dev/socket/qvrservice_vndr_camera', mode 660, user 1000, group 1000
01-01 00:52:14.986 I/init ( 0): starting service 'sxrd'...
01-01 00:52:15.001 I/init ( 0): Service 'qvrd_vndr' (pid 20651) exited with status 1
08-22 18:28:07.246 F/linker (20651): CANNOT LINK EXECUTABLE "/vendor/bin/hw/qvrservice": library "vendor.qti.hardware.qxr-V1-ndk_platform.so" not found: needed by /vendor/lib64/libqvrservice.so in namespace (default)
01-01 00:52:15.008 I/init ( 0): Sending signal 9 to service 'qvrd_vndr' (pid 20651) process group...
01-01 00:52:15.016 I/libprocessgroup( 0): Successfully killed process cgroup uid 1000 pid 20651 in 0ms
01-01 00:52:15.029 I/init ( 0): Service 'sxrd' (pid 20653) exited with status 1
08-22 18:28:07.255 F/linker (20653): CANNOT LINK EXECUTABLE "/vendor/bin/hw/sxrservice": library "vendor.qti.hardware.qxr-V1-ndk_platform.so" not found: needed by main executable
01-01 00:52:15.036 I/init ( 0): Sending signal 9 to service 'sxrd' (pid 20653) process group...
01-01 00:52:15.043 I/libprocessgroup( 0): Successfully killed process cgroup uid 1000 pid 20653 in 0ms
01-01 00:52:15.112 D/ ( 0): mv2112_read_status
01-01 00:52:15.121 D/mv2112_update_link( 0): 3.0x901(1G): 0x80
01-01 00:52:15.128 D/mv2112_update_link( 0): 3.0x8109(100M): 0x0
01-01 00:52:15.133 D/mv2112_update_link( 0): link 0x0
01-01 00:52:15.137 D/mv2112_read_status( 0): autoneg is disabled
08-22 18:28:07.602 E/TaskPersister( 1164): File error accessing recents directory (directory doesn't exist?).
01-01 00:52:16.012 I/binder ( 0): 20960:20960 ioctl 40046210 7ffbecfd54 returned -22
08-22 18:28:08.110 W/ContextImpl( 2661): Calling a method in the system process without a qualified user: android.app.ContextImpl.startActivity:1055 android.content.ContextWrapper.startActivity:411 com.thundercomm.remotecontrolservice.RemoteControlService.startApp:248 com.thundercomm.remotecontrolservice.remotecommand.RemoteAppLaunchCommand.doActualAction:35 com.thundercomm.remotecontrolservice.remotecommand.BaseCommand.doAction:41
08-22 18:28:08.111 W/ContextImpl( 2661): Calling a method in the system process without a qualified user: android.app.ContextImpl.startActivity:1067 android.app.ContextImpl.startActivity:1056 android.content.ContextWrapper.startActivity:411 com.thundercomm.remotecontrolservice.RemoteControlService.startApp:248 com.thundercomm.remotecontrolservice.remotecommand.RemoteAppLaunchCommand.doActualAction:35
08-22 18:28:08.113 I/ActivityTaskManager( 1164): START u0 {flg=0x10000000 cmp=com.qualcomm.qti.sensors.qsensortest/com.qualcomm.qti.sensors.ui.qsensortest.TabControl} from uid 1000
08-22 18:28:08.124 W/ActivityTaskManager( 1164): Can't find TaskDisplayArea to determine support for multi window. Task id=36 attached=false
08-22 18:28:08.129 D/CompatibilityChangeReporter( 1164): Compat change id reported: 174042980; UID 10065; state: DISABLED
08-22 18:28:08.133 D/CompatibilityChangeReporter( 1164): Compat change id reported: 184838306; UID 10065; state: DISABLED
08-22 18:28:08.134 D/CompatibilityChangeReporter( 1164): Compat change id reported: 185004937; UID 10065; state: DISABLED
08-22 18:28:08.136 D/CompatibilityChangeReporter( 1164): Compat change id reported: 181136395; UID 10065; state: DISABLED
08-22 18:28:08.137 D/CompatibilityChangeReporter( 1164): Compat change id reported: 174042936; UID 10065; state: DISABLED
08-22 18:28:08.145 D/CompatibilityChangeReporter( 1164): Compat change id reported: 168419799; UID 10065; state: DISABLED
08-22 18:28:08.146 V/SplashScreenExceptionList( 1164): SplashScreen checking exception for package com.qualcomm.qti.sensors.qsensortest (target sdk:29) -> false
08-22 18:28:08.160 D/PhoneStartingWindowTypeAlgorithm( 2258): preferredStartingWindowType newTask:true taskSwitch:true processRunning:false allowTaskSnapshot:true activityCreated:false useEmptySplashScreen:false legacySplashScreen:false topIsHome:false
08-22 18:28:08.160 D/StartingSurfaceDrawer( 2258): addSplashScreen com.qualcomm.qti.sensors.qsensortest theme=1030128 task=36 suggestType=1
08-22 18:28:08.163 D/StartingSurfaceDrawer( 2258): window attributes color: 0 icon null duration 0 brandImage null
08-22 18:28:08.165 D/StartingSurfaceDrawer( 2258): The icon is not an AdaptiveIconDrawable
08-22 18:28:08.173 D/StartingSurfaceDrawer( 2258): fillViewWithIcon surfaceWindowView android.window.SplashScreenView{dfee7ac V.E...... ......ID 0,0-0,0}
08-22 18:28:08.175 D/CompatibilityChangeReporter( 1164): Compat change id reported: 135634846; UID 10065; state: DISABLED
08-22 18:28:08.176 D/CompatibilityChangeReporter( 1164): Compat change id reported: 177438394; UID 10065; state: DISABLED
08-22 18:28:08.176 D/CompatibilityChangeReporter( 1164): Compat change id reported: 135772972; UID 10065; state: DISABLED
08-22 18:28:08.176 D/CompatibilityChangeReporter( 1164): Compat change id reported: 135754954; UID 10065; state: DISABLED
08-22 18:28:08.177 D/CompatibilityChangeReporter( 1164): Compat change id reported: 143937733; UID 10065; state: DISABLED
08-22 18:28:08.227 W/ActivityManager( 1164): Slow operation: 56ms so far, now at startProcess: returned from zygote!
08-22 18:28:08.228 W/ActivityManager( 1164): Slow operation: 56ms so far, now at startProcess: done updating battery stats
08-22 18:28:08.228 W/ActivityManager( 1164): Slow operation: 56ms so far, now at startProcess: building log message
08-22 18:28:08.228 I/ActivityManager( 1164): Start proc 20960:com.qualcomm.qti.sensors.qsensortest/u0a65 for pre-top-activity {com.qualcomm.qti.sensors.qsensortest/com.qualcomm.qti.sensors.ui.qsensortest.TabControl}
08-22 18:28:08.228 W/ActivityManager( 1164): Slow operation: 57ms so far, now at startProcess: starting to update pids map
08-22 18:28:08.228 W/ActivityManager( 1164): Slow operation: 57ms so far, now at startProcess: done updating pids map
08-22 18:28:08.244 W/ContextImpl( 1164): Calling a method in the system process without a qualified user: android.app.ContextImpl.sendBroadcast:1173 com.qualcomm.qti.Performance$SendGameLaunchBroadcast.run:217 java.lang.Thread.run:920
01-01 00:52:16.171 D/ ( 0): mv2112_read_status
01-01 00:52:16.178 D/mv2112_update_link( 0): 3.0x901(1G): 0x80
01-01 00:52:16.195 D/mv2112_update_link( 0): 3.0x8109(100M): 0x0
01-01 00:52:16.201 D/mv2112_update_link( 0): link 0x0
01-01 00:52:16.205 D/mv2112_read_status( 0): autoneg is disabled
08-22 18:28:08.489 I/ActivityTaskManager( 1164): START u0 {act=android.content.pm.action.REQUEST_PERMISSIONS pkg=com.android.permissioncontroller cmp=com.android.permissioncontroller/.permission.ui.GrantPermissionsActivity (has extras)} from uid 10065
01-01 00:52:16.356 I/binder ( 0): 20960:20984 ioctl 40046210 79f305a1f4 returned -22
08-22 18:28:08.540 I/ActivityTaskManager( 1164): The Process com.android.permissioncontroller Already Exists in BG. So sending its PID: 12555
08-22 18:28:08.541 W/ActivityTaskManager( 1164): Tried to set launchTime (0) < mLastActivityLaunchTime (2837470)
08-22 18:28:08.549 I/ActivityManager( 1164): Deferring FGS notification in legacy app com.qualcomm.qti.sensors.qsensortest/u0a65 : Notification(channel=com.qualcomm.qti.sensor shortcut=null contentView=null vibrate=null sound=null defaults=0x0 flags=0x40 color=0x00000000 vis=PRIVATE)
08-22 18:28:08.634 I/iorapd ( 1243): Perfetto TraceBuffer saved to file: /data/misc/iorapd/com.qualcomm.qti.sva/6/com.qualcomm.qti.sva.MainActivity/raw_traces/1661192888621257794.perfetto_trace.pb
08-22 18:28:08.687 D/StartingSurfaceDrawer( 2258): Task start finish, remove starting surface for task 36
08-22 18:28:08.687 V/StartingSurfaceDrawer( 2258): Removing splash screen window for task: 36
08-22 18:28:08.752 I/ActivityTaskManager( 1164): Config changes=20000480 {1.0 ?mcc?mnc [zh_CN] ldltr sw680dp w680dp h1546dp 240dpi lrg long hdr port finger -keyb/v/h -nav/h winConfig={ mBounds=Rect(0, 0 - 1020, 2380) mAppBounds=Rect(0, 0 - 1020, 2356) mMaxBounds=Rect(0, 0 - 1020, 2380) mWindowingMode=fullscreen mDisplayWindowingMode=fullscreen mActivityType=undefined mAlwaysOnTop=undefined mRotation=ROTATION_270} s.83 fontWeightAdjustment=0}
08-22 18:28:08.760 W/ActivityTaskManager( 1164): Current config: {1.0 ?mcc?mnc [zh_CN] ldltr sw680dp w1586dp h640dp 240dpi lrg long hdr land finger -keyb/v/h -nav/h winConfig={ mBounds=Rect(0, 0 - 2380, 1020) mAppBounds=Rect(0, 0 - 2380, 996) mMaxBounds=Rect(0, 0 - 2380, 1020) mWindowingMode=fullscreen mDisplayWindowingMode=fullscreen mActivityType=undefined mAlwaysOnTop=undefined mRotation=ROTATION_0} s.83 fontWeightAdjustment=0} unchanged for IME proc com.android.inputmethod.latin
08-22 18:28:08.762 I/WindowManager( 1164): Override config changes=20000480 {1.0 ?mcc?mnc [zh_CN] ldltr sw680dp w680dp h1546dp 240dpi lrg long hdr port finger -keyb/v/h -nav/h winConfig={ mBounds=Rect(0, 0 - 1020, 2380) mAppBounds=Rect(0, 0 - 1020, 2356) mMaxBounds=Rect(0, 0 - 1020, 2380) mWindowingMode=fullscreen mDisplayWindowingMode=fullscreen mActivityType=undefined mAlwaysOnTop=undefined mRotation=ROTATION_270} s.83 fontWeightAdjustment=0} for displayId=0
08-22 18:28:08.764 V/ActivityTaskManager( 1164): Sending to IME proc com.android.inputmethod.latin new config {1.0 ?mcc?mnc [zh_CN] ldltr sw680dp w680dp h1546dp 240dpi lrg long hdr port finger -keyb/v/h -nav/h winConfig={ mBounds=Rect(0, 0 - 1020, 2380) mAppBounds=Rect(0, 0 - 1020, 2356) mMaxBounds=Rect(0, 0 - 1020, 2380) mWindowingMode=fullscreen mDisplayWindowingMode=fullscreen mActivityType=undefined mAlwaysOnTop=undefined mRotation=ROTATION_270} s.83 fontWeightAdjustment=0}
08-22 18:28:08.802 D/CompatibilityChangeReporter( 1164): Compat change id reported: 174042980; UID 10072; state: DISABLED
08-22 18:28:08.804 D/CompatibilityChangeReporter( 1164): Compat change id reported: 184838306; UID 10072; state: DISABLED
08-22 18:28:08.805 D/CompatibilityChangeReporter( 1164): Compat change id reported: 185004937; UID 10072; state: DISABLED
08-22 18:28:08.806 D/CompatibilityChangeReporter( 1164): Compat change id reported: 181136395; UID 10072; state: DISABLED
08-22 18:28:08.809 D/CompatibilityChangeReporter( 1164): Compat change id reported: 174042936; UID 10072; state: DISABLED
08-22 18:28:08.810 D/CompatibilityChangeReporter( 1164): Compat change id reported: 174042980; UID 1000; state: DISABLED
08-22 18:28:08.813 D/CompatibilityChangeReporter( 1164): Compat change id reported: 181136395; UID 10065; state: DISABLED
08-22 18:28:08.814 D/CompatibilityChangeReporter( 1164): Compat change id reported: 174042936; UID 10065; state: DISABLED
08-22 18:28:08.820 I/DropBoxManagerService( 1164): add tag=system_app_strictmode isTagEnabled=true flags=0x2
08-22 18:28:08.828 I/DropBoxManagerService( 1164): add tag=system_app_strictmode isTagEnabled=true flags=0x2
08-22 18:28:08.837 I/DropBoxManagerService( 1164): add tag=system_app_strictmode isTagEnabled=true flags=0x2
08-22 18:28:08.856 I/DropBoxManagerService( 1164): add tag=system_app_strictmode isTagEnabled=true flags=0x2
08-22 18:28:08.880 I/DropBoxManagerService( 1164): add tag=system_app_strictmode isTagEnabled=true flags=0x2
08-22 18:28:08.888 I/DropBoxManagerService( 1164): add tag=system_app_strictmode isTagEnabled=true flags=0x2
08-22 18:28:08.912 I/WindowManager( 1164): finishDrawing of relaunch: Window{9a512cd u0 com.android.permissioncontroller/com.android.permissioncontroller.permission.ui.GrantPermissionsActivity} 101ms
08-22 18:28:08.943 I/DropBoxManagerService( 1164): add tag=system_app_strictmode isTagEnabled=true flags=0x2
08-22 18:28:09.004 I/DropBoxManagerService( 1164): add tag=system_app_strictmode isTagEnabled=true flags=0x2
08-22 18:28:09.019 I/DropBoxManagerService( 1164): add tag=system_app_strictmode isTagEnabled=true flags=0x2
08-22 18:28:09.032 I/DropBoxManagerService( 1164): add tag=system_app_strictmode isTagEnabled=true flags=0x2
08-22 18:28:09.053 I/DropBoxManagerService( 1164): add tag=system_app_strictmode isTagEnabled=true flags=0x2
08-22 18:28:09.095 I/DropBoxManagerService( 1164): add tag=system_app_strictmode isTagEnabled=true flags=0x2
08-22 18:28:09.106 I/DropBoxManagerService( 1164): add tag=system_app_strictmode isTagEnabled=true flags=0x2
08-22 18:28:09.111 I/DropBoxManagerService( 1164): add tag=system_app_strictmode isTagEnabled=true flags=0x2
08-22 18:28:09.121 I/DropBoxManagerService( 1164): add tag=system_app_strictmode isTagEnabled=true flags=0x2
08-22 18:28:09.128 I/DropBoxManagerService( 1164): add tag=system_app_strictmode isTagEnabled=true flags=0x2
08-22 18:28:09.136 I/DropBoxManagerService( 1164): add tag=system_app_strictmode isTagEnabled=true flags=0x2
08-22 18:28:09.145 I/DropBoxManagerService( 1164): add tag=system_app_strictmode isTagEnabled=true flags=0x2
08-22 18:28:09.154 I/DropBoxManagerService( 1164): add tag=system_app_strictmode isTagEnabled=true flags=0x2
08-22 18:28:09.165 I/DropBoxManagerService( 1164): add tag=system_app_strictmode isTagEnabled=true flags=0x2
08-22 18:28:09.173 I/DropBoxManagerService( 1164): add tag=system_app_strictmode isTagEnabled=true flags=0x2
08-22 18:28:09.178 I/DropBoxManagerService( 1164): add tag=system_app_strictmode isTagEnabled=true flags=0x2
08-22 18:28:09.294 I/DropBoxManagerService( 1164): add tag=system_app_strictmode isTagEnabled=true flags=0x2
08-22 18:28:09.321 I/DropBoxManagerService( 1164): add tag=system_app_strictmode isTagEnabled=true flags=0x2
08-22 18:28:09.333 I/DropBoxManagerService( 1164): add tag=system_app_strictmode isTagEnabled=true flags=0x2
08-22 18:28:09.339 I/DropBoxManagerService( 1164): add tag=system_app_strictmode isTagEnabled=true flags=0x2
08-22 18:28:09.370 I/DropBoxManagerService( 1164): add tag=system_app_strictmode isTagEnabled=true flags=0x2
08-22 18:28:09.384 I/DropBoxManagerService( 1164): add tag=system_app_strictmode isTagEnabled=true flags=0x2
08-22 18:28:09.405 I/DropBoxManagerService( 1164): add tag=system_app_strictmode isTagEnabled=true flags=0x2
01-01 00:52:17.228 D/ ( 0): mv2112_read_status
01-01 00:52:17.236 I/afe_find_cal_topo_id_by_port( 0): port id: 0x9000, dev_acdb_id: 0
01-01 00:52:17.242 D/mv2112_update_link( 0): 3.0x901(1G): 0x80
01-01 00:52:17.243 I/afe_find_cal_topo_id_by_port( 0): top_id:112fc acdb_id:15 afe_port:0x9000
01-01 00:52:17.253 D/mv2112_update_link( 0): 3.0x8109(100M): 0x0
08-22 18:28:09.426 I/DropBoxManagerService( 1164): add tag=system_app_strictmode isTagEnabled=true flags=0x2
08-22 18:28:09.446 I/DropBoxManagerService( 1164): add tag=system_app_strictmode isTagEnabled=true flags=0x2
01-01 00:52:17.256 I/afe_get_cal_topology_id( 0): port_id = 0x9000 acdb_id = 15 topology_id = 0x112fc cal_type_index=8 ret=0
01-01 00:52:17.265 D/mv2112_update_link( 0): link 0x0
01-01 00:52:17.272 I/afe_send_port_topology_id( 0): AFE set topology id 0x112fc enable for port 0x9000 ret 0
01-01 00:52:17.276 D/mv2112_read_status( 0): autoneg is disabled
01-01 00:52:17.284 I/send_afe_cal_type( 0): cal_index is 0
01-01 00:52:17.284 I/send_afe_cal_type( 0): dev_acdb_id[55] is 0
01-01 00:52:17.284 I/send_afe_cal_type( 0): Sending cal_index cal 0
01-01 00:52:17.284 E/send_afe_cal_type( 0): No cal sent for cal_index 0, port_id = 0x9000! ret -22
01-01 00:52:17.285 I/afe_send_hw_delay( 0): port_id 0x9000 rate 48000 delay_usec 474 status 0
08-22 18:28:09.452 I/DropBoxManagerService( 1164): add tag=system_app_strictmode isTagEnabled=true flags=0x2
08-22 18:28:09.461 I/DropBoxManagerService( 1164): add tag=system_app_strictmode isTagEnabled=true flags=0x2
08-22 18:28:09.465 I/DropBoxManagerService( 1164): add tag=system_app_strictmode isTagEnabled=true flags=0x2
08-22 18:28:09.474 I/DropBoxManagerService( 1164): add tag=system_app_strictmode isTagEnabled=true flags=0x2
08-22 18:28:09.480 I/DropBoxManagerService( 1164): add tag=system_app_strictmode isTagEnabled=true flags=0x2
01-01 00:52:18.314 D/ ( 0): mv2112_read_status
01-01 00:52:18.318 D/mv2112_update_link( 0): 3.0x901(1G): 0x80
01-01 00:52:18.325 D/mv2112_update_link( 0): 3.0x8109(100M): 0x0
01-01 00:52:18.331 D/mv2112_update_link( 0): link 0x0
01-01 00:52:18.336 D/mv2112_read_status( 0): autoneg is disabled
08-22 18:28:10.697 W/ContextImpl( 2661): Calling a method in the system process without a qualified user: android.app.ContextImpl.startActivity:1055 android.content.ContextWrapper.startActivity:411 com.thundercomm.remotecontrolservice.RemoteControlService.startApp:248 com.thundercomm.remotecontrolservice.remotecommand.RemoteAppLaunchCommand.doActualAction:35 com.thundercomm.remotecontrolservice.remotecommand.BaseCommand.doAction:41
08-22 18:28:10.697 W/ContextImpl( 2661): Calling a method in the system process without a qualified user: android.app.ContextImpl.startActivity:1067 android.app.ContextImpl.startActivity:1056 android.content.ContextWrapper.startActivity:411 com.thundercomm.remotecontrolservice.RemoteControlService.startApp:248 com.thundercomm.remotecontrolservice.remotecommand.RemoteAppLaunchCommand.doActualAction:35
08-22 18:28:10.702 I/ActivityTaskManager( 1164): START u0 {flg=0x10000000 cmp=com.qualcomm.qti.seccamsample/.MainActivity} from uid 1000
08-22 18:28:10.714 W/ActivityTaskManager( 1164): Can't find TaskDisplayArea to determine support for multi window. Task id=37 attached=false
08-22 18:28:10.721 D/CompatibilityChangeReporter( 1164): Compat change id reported: 174042980; UID 10108; state: DISABLED
08-22 18:28:10.725 D/CompatibilityChangeReporter( 1164): Compat change id reported: 184838306; UID 10108; state: DISABLED
08-22 18:28:10.726 D/CompatibilityChangeReporter( 1164): Compat change id reported: 185004937; UID 10108; state: DISABLED
08-22 18:28:10.730 D/CompatibilityChangeReporter( 1164): Compat change id reported: 181136395; UID 10108; state: DISABLED
08-22 18:28:10.732 D/CompatibilityChangeReporter( 1164): Compat change id reported: 174042936; UID 10108; state: DISABLED
08-22 18:28:10.738 D/CompatibilityChangeReporter( 1164): Compat change id reported: 168419799; UID 10108; state: DISABLED
08-22 18:28:10.738 V/SplashScreenExceptionList( 1164): SplashScreen checking exception for package com.qualcomm.qti.seccamsample (target sdk:28) -> false
08-22 18:28:10.742 D/PhoneStartingWindowTypeAlgorithm( 2258): preferredStartingWindowType newTask:true taskSwitch:true processRunning:false allowTaskSnapshot:true activityCreated:false useEmptySplashScreen:false legacySplashScreen:false topIsHome:false
08-22 18:28:10.742 D/StartingSurfaceDrawer( 2258): addSplashScreen com.qualcomm.qti.seccamsample theme=10302e3 task=37 suggestType=1
08-22 18:28:10.749 D/StartingSurfaceDrawer( 2258): window attributes color: 0 icon null duration 0 brandImage null
08-22 18:28:10.760 D/StartingSurfaceDrawer( 2258): The icon is not an AdaptiveIconDrawable
08-22 18:28:10.773 D/CompatibilityChangeReporter( 1164): Compat change id reported: 135634846; UID 10108; state: DISABLED
08-22 18:28:10.773 D/CompatibilityChangeReporter( 1164): Compat change id reported: 177438394; UID 10108; state: DISABLED
08-22 18:28:10.773 D/CompatibilityChangeReporter( 1164): Compat change id reported: 135772972; UID 10108; state: DISABLED
08-22 18:28:10.774 D/CompatibilityChangeReporter( 1164): Compat change id reported: 135754954; UID 10108; state: DISABLED
08-22 18:28:10.774 D/CompatibilityChangeReporter( 1164): Compat change id reported: 143937733; UID 10108; state: DISABLED
08-22 18:28:10.775 D/StartingSurfaceDrawer( 2258): fillViewWithIcon surfaceWindowView android.window.SplashScreenView{8c74dda V.E...... ......ID 0,0-0,0}
01-01 00:52:18.625 I/binder ( 0): 21849:21849 ioctl 40046210 7ffbecfd54 returned -22
08-22 18:28:10.822 W/WindowManager( 1164): App freeze timeout expired.
08-22 18:28:10.829 W/ActivityManager( 1164): Slow operation: 56ms so far, now at startProcess: returned from zygote!
08-22 18:28:10.829 W/ActivityManager( 1164): Slow operation: 56ms so far, now at startProcess: done updating battery stats
08-22 18:28:10.829 W/ActivityManager( 1164): Slow operation: 56ms so far, now at startProcess: building log message
08-22 18:28:10.829 I/ActivityManager( 1164): Start proc 21849:com.qualcomm.qti.seccamsample/u0a108 for pre-top-activity {com.qualcomm.qti.seccamsample/com.qualcomm.qti.seccamsample.MainActivity}
08-22 18:28:10.829 W/ActivityManager( 1164): Slow operation: 56ms so far, now at startProcess: starting to update pids map
08-22 18:28:10.829 W/ContextImpl( 1164): Calling a method in the system process without a qualified user: android.app.ContextImpl.sendBroadcast:1173 com.qualcomm.qti.Performance$SendGameLaunchBroadcast.run:217 java.lang.Thread.run:920
08-22 18:28:10.831 W/ActivityManager( 1164): Slow operation: 58ms so far, now at startProcess: done updating pids map
08-22 18:28:10.947 I/ActivityTaskManager( 1164): START u0 {act=android.content.pm.action.REQUEST_PERMISSIONS pkg=com.android.permissioncontroller cmp=com.android.permissioncontroller/.permission.ui.GrantPermissionsActivity (has extras)} from uid 10108
08-22 18:28:10.987 D/CompatibilityChangeReporter( 1164): Compat change id reported: 135634846; UID 10091; state: DISABLED
08-22 18:28:10.987 D/CompatibilityChangeReporter( 1164): Compat change id reported: 177438394; UID 10091; state: DISABLED
08-22 18:28:10.987 D/CompatibilityChangeReporter( 1164): Compat change id reported: 135772972; UID 10091; state: DISABLED
08-22 18:28:10.987 D/CompatibilityChangeReporter( 1164): Compat change id reported: 135754954; UID 10091; state: DISABLED
08-22 18:28:10.988 D/CompatibilityChangeReporter( 1164): Compat change id reported: 143937733; UID 10091; state: DISABLED
01-01 00:52:18.828 I/binder ( 0): 21849:21893 ioctl 40046210 79f33111f4 returned -22
01-01 00:52:18.849 I/binder ( 0): 21924:21924 ioctl 40046210 7ffbecfd54 returned -22
08-22 18:28:11.046 W/ActivityManager( 1164): Slow operation: 60ms so far, now at startProcess: returned from zygote!
08-22 18:28:11.047 W/ActivityManager( 1164): Slow operation: 60ms so far, now at startProcess: done updating battery stats
08-22 18:28:11.047 W/ActivityManager( 1164): Slow operation: 60ms so far, now at startProcess: building log message
08-22 18:28:11.047 I/ActivityManager( 1164): Start proc 21924:com.qualcomm.qti.seccamservice:remote/u0a91 for service {com.qualcomm.qti.seccamservice/com.qualcomm.qti.seccamservice.SecCamService}
08-22 18:28:11.047 W/ActivityManager( 1164): Slow operation: 60ms so far, now at startProcess: starting to update pids map
08-22 18:28:11.047 W/ActivityManager( 1164): Slow operation: 61ms so far, now at startProcess: done updating pids map
08-22 18:28:11.110 D/CompatibilityChangeReporter( 1164): Compat change id reported: 168419799; UID 10091; state: DISABLED
08-22 18:28:11.112 I/ActivityTaskManager( 1164): The Process com.android.permissioncontroller Already Exists in BG. So sending its PID: 12555
01-01 00:52:18.899 W/audit ( 0): audit_lost=448 audit_rate_limit=5 audit_backlog_limit=64
08-22 18:28:11.141 I/ActivityTaskManager( 1164): The Process com.android.permissioncontroller Already Exists in BG. So sending its PID: 12555
08-22 18:28:11.142 D/StartingSurfaceDrawer( 2258): Task start finish, remove starting surface for task 37
08-22 18:28:11.142 V/StartingSurfaceDrawer( 2258): Removing splash screen window for task: 37
08-22 18:28:11.142 W/ActivityTaskManager( 1164): Tried to set launchTime (0) < mLastActivityLaunchTime (2839038)
01-01 00:52:18.925 E/audit ( 0): rate limit exceeded
01-01 00:52:19.121 I/binder ( 0): 21924:21924 ioctl 40046210 7ffbecf464 returned -22
08-22 18:28:11.397 I/ActivityTaskManager( 1164): Config changes=20000480 {1.0 ?mcc?mnc [zh_CN] ldltr sw680dp w1586dp h640dp 240dpi lrg long hdr land finger -keyb/v/h -nav/h winConfig={ mBounds=Rect(0, 0 - 2380, 1020) mAppBounds=Rect(0, 0 - 2380, 996) mMaxBounds=Rect(0, 0 - 2380, 1020) mWindowingMode=fullscreen mDisplayWindowingMode=fullscreen mActivityType=undefined mAlwaysOnTop=undefined mRotation=ROTATION_0} s.128 fontWeightAdjustment=0}
08-22 18:28:11.402 W/ActivityTaskManager( 1164): Current config: {1.0 ?mcc?mnc [zh_CN] ldltr sw680dp w680dp h1546dp 240dpi lrg long hdr port finger -keyb/v/h -nav/h winConfig={ mBounds=Rect(0, 0 - 1020, 2380) mAppBounds=Rect(0, 0 - 1020, 2356) mMaxBounds=Rect(0, 0 - 1020, 2380) mWindowingMode=fullscreen mDisplayWindowingMode=fullscreen mActivityType=undefined mAlwaysOnTop=undefined mRotation=ROTATION_270} s.128 fontWeightAdjustment=0} unchanged for IME proc com.android.inputmethod.latin
08-22 18:28:11.404 I/WindowManager( 1164): Override config changes=20000480 {1.0 ?mcc?mnc [zh_CN] ldltr sw680dp w1586dp h640dp 240dpi lrg long hdr land finger -keyb/v/h -nav/h winConfig={ mBounds=Rect(0, 0 - 2380, 1020) mAppBounds=Rect(0, 0 - 2380, 996) mMaxBounds=Rect(0, 0 - 2380, 1020) mWindowingMode=fullscreen mDisplayWindowingMode=fullscreen mActivityType=undefined mAlwaysOnTop=undefined mRotation=ROTATION_0} s.128 fontWeightAdjustment=0} for displayId=0
08-22 18:28:11.405 V/ActivityTaskManager( 1164): Sending to IME proc com.android.inputmethod.latin new config {1.0 ?mcc?mnc [zh_CN] ldltr sw680dp w1586dp h640dp 240dpi lrg long hdr land finger -keyb/v/h -nav/h winConfig={ mBounds=Rect(0, 0 - 2380, 1020) mAppBounds=Rect(0, 0 - 2380, 996) mMaxBounds=Rect(0, 0 - 2380, 1020) mWindowingMode=fullscreen mDisplayWindowingMode=fullscreen mActivityType=undefined mAlwaysOnTop=undefined mRotation=ROTATION_0} s.128 fontWeightAdjustment=0}
08-22 18:28:11.410 D/CompatibilityChangeReporter( 1164): Compat change id reported: 174042980; UID 10065; state: DISABLED
08-22 18:28:11.410 D/CompatibilityChangeReporter( 1164): Compat change id reported: 184838306; UID 10065; state: DISABLED
08-22 18:28:11.411 D/CompatibilityChangeReporter( 1164): Compat change id reported: 185004937; UID 10065; state: DISABLED
08-22 18:28:11.413 D/CompatibilityChangeReporter( 1164): Compat change id reported: 174042980; UID 10116; state: DISABLED
08-22 18:28:11.416 D/CompatibilityChangeReporter( 1164): Compat change id reported: 184838306; UID 10116; state: DISABLED
08-22 18:28:11.416 D/CompatibilityChangeReporter( 1164): Compat change id reported: 185004937; UID 10116; state: DISABLED
08-22 18:28:11.417 D/CompatibilityChangeReporter( 1164): Compat change id reported: 181136395; UID 10116; state: DISABLED
08-22 18:28:11.418 D/CompatibilityChangeReporter( 1164): Compat change id reported: 174042936; UID 10116; state: DISABLED
08-22 18:28:11.426 I/DropBoxManagerService( 1164): add tag=system_app_strictmode isTagEnabled=true flags=0x2
08-22 18:28:11.434 I/DropBoxManagerService( 1164): add tag=system_app_strictmode isTagEnabled=true flags=0x2
08-22 18:28:11.442 I/DropBoxManagerService( 1164): add tag=system_app_strictmode isTagEnabled=true flags=0x2
08-22 18:28:11.452 D/CompatibilityChangeReporter( 1164): Compat change id reported: 181136395; UID 10108; state: DISABLED
08-22 18:28:11.453 D/CompatibilityChangeReporter( 1164): Compat change id reported: 174042936; UID 10108; state: DISABLED
08-22 18:28:11.472 I/DropBoxManagerService( 1164): add tag=system_app_strictmode isTagEnabled=true flags=0x2
01-01 00:52:19.368 D/ ( 0): mv2112_read_status
01-01 00:52:19.372 D/mv2112_update_link( 0): 3.0x901(1G): 0x80
01-01 00:52:19.377 D/mv2112_update_link( 0): 3.0x8109(100M): 0x0
01-01 00:52:19.382 D/mv2112_update_link( 0): link 0x0
01-01 00:52:19.387 D/mv2112_read_status( 0): autoneg is disabled
08-22 18:28:11.506 I/DropBoxManagerService( 1164): add tag=system_app_strictmode isTagEnabled=true flags=0x2
08-22 18:28:11.512 I/DropBoxManagerService( 1164): add tag=system_app_strictmode isTagEnabled=true flags=0x2
08-22 18:28:11.520 I/DropBoxManagerService( 1164): add tag=system_app_strictmode isTagEnabled=true flags=0x2
08-22 18:28:11.530 I/DropBoxManagerService( 1164): add tag=system_app_strictmode isTagEnabled=true flags=0x2
08-22 18:28:11.537 I/WindowManager( 1164): finishDrawing of relaunch: Window{bc98b59 u0 com.android.permissioncontroller/com.android.permissioncontroller.permission.ui.GrantPermissionsActivity} 89ms
08-22 18:28:11.544 I/DropBoxManagerService( 1164): add tag=system_app_strictmode isTagEnabled=true flags=0x2
08-22 18:28:11.556 I/DropBoxManagerService( 1164): add tag=system_app_strictmode isTagEnabled=true flags=0x2
08-22 18:28:11.564 I/DropBoxManagerService( 1164): add tag=system_app_strictmode isTagEnabled=true flags=0x2
08-22 18:28:11.637 I/DropBoxManagerService( 1164): add tag=system_app_strictmode isTagEnabled=true flags=0x2
08-22 18:28:11.655 I/DropBoxManagerService( 1164): add tag=system_app_strictmode isTagEnabled=true flags=0x2
08-22 18:28:11.664 I/DropBoxManagerService( 1164): add tag=system_app_strictmode isTagEnabled=true flags=0x2
08-22 18:28:11.670 I/DropBoxManagerService( 1164): add tag=system_app_strictmode isTagEnabled=true flags=0x2
08-22 18:28:11.675 I/DropBoxManagerService( 1164): add tag=system_app_strictmode isTagEnabled=true flags=0x2
08-22 18:28:11.681 I/DropBoxManagerService( 1164): add tag=system_app_strictmode isTagEnabled=true flags=0x2
08-22 18:28:11.696 I/DropBoxManagerService( 1164): add tag=system_app_strictmode isTagEnabled=true flags=0x2
08-22 18:28:11.699 E/TaskPersister( 1164): File error accessing recents directory (directory doesn't exist?).
08-22 18:28:11.704 I/DropBoxManagerService( 1164): add tag=system_app_strictmode isTagEnabled=true flags=0x2
08-22 18:28:11.713 I/DropBoxManagerService( 1164): add tag=system_app_strictmode isTagEnabled=true flags=0x2
08-22 18:28:11.724 I/DropBoxManagerService( 1164): add tag=system_app_strictmode isTagEnabled=true flags=0x2
08-22 18:28:11.730 I/DropBoxManagerService( 1164): add tag=system_app_strictmode isTagEnabled=true flags=0x2
08-22 18:28:11.836 I/DropBoxManagerService( 1164): add tag=system_app_strictmode isTagEnabled=true flags=0x2
08-22 18:28:11.854 I/DropBoxManagerService( 1164): add tag=system_app_strictmode isTagEnabled=true flags=0x2
08-22 18:28:11.866 I/DropBoxManagerService( 1164): add tag=system_app_strictmode isTagEnabled=true flags=0x2
08-22 18:28:11.873 I/DropBoxManagerService( 1164): add tag=system_app_strictmode isTagEnabled=true flags=0x2
08-22 18:28:11.881 I/DropBoxManagerService( 1164): add tag=system_app_strictmode isTagEnabled=true flags=0x2
08-22 18:28:11.889 I/DropBoxManagerService( 1164): add tag=system_app_strictmode isTagEnabled=true flags=0x2
08-22 18:28:11.903 I/DropBoxManagerService( 1164): add tag=system_app_strictmode isTagEnabled=true flags=0x2
08-22 18:28:11.909 I/DropBoxManagerService( 1164): add tag=system_app_strictmode isTagEnabled=true flags=0x2
08-22 18:28:11.915 I/DropBoxManagerService( 1164): add tag=system_app_strictmode isTagEnabled=true flags=0x2
08-22 18:28:11.922 I/DropBoxManagerService( 1164): add tag=system_app_strictmode isTagEnabled=true flags=0x2
08-22 18:28:11.928 I/DropBoxManagerService( 1164): add tag=system_app_strictmode isTagEnabled=true flags=0x2
08-22 18:28:11.935 I/DropBoxManagerService( 1164): add tag=system_app_strictmode isTagEnabled=true flags=0x2
08-22 18:28:11.943 I/DropBoxManagerService( 1164): add tag=system_app_strictmode isTagEnabled=true flags=0x2
08-22 18:28:11.947 I/DropBoxManagerService( 1164): add tag=system_app_strictmode isTagEnabled=true flags=0x2
01-01 00:52:19.985 I/init ( 0): starting service 'qvrd_vndr'...
01-01 00:52:19.994 I/init ( 0): Created socket '/dev/socket/qvrservice_vndr', mode 660, user 1000, group 1000
01-01 00:52:20.003 I/init ( 0): Created socket '/dev/socket/qvrservice_vndr_camera', mode 660, user 1000, group 1000
01-01 00:52:20.025 I/init ( 0): starting service 'sxrd'...
01-01 00:52:20.040 I/init ( 0): Service 'qvrd_vndr' (pid 22327) exited with status 1
01-01 00:52:20.046 I/init ( 0): Sending signal 9 to service 'qvrd_vndr' (pid 22327) process group...
01-01 00:52:20.055 I/libprocessgroup( 0): Successfully killed process cgroup uid 1000 pid 22327 in 0ms
01-01 00:52:20.064 I/init ( 0): Service 'sxrd' (pid 22333) exited with status 1
01-01 00:52:20.071 I/init ( 0): Sending signal 9 to service 'sxrd' (pid 22333) process group...
01-01 00:52:20.079 I/libprocessgroup( 0): Successfully killed process cgroup uid 1000 pid 22333 in 0ms
08-22 18:28:12.285 F/linker (22327): CANNOT LINK EXECUTABLE "/vendor/bin/hw/qvrservice": library "vendor.qti.hardware.qxr-V1-ndk_platform.so" not found: needed by /vendor/lib64/libqvrservice.so in namespace (default)
08-22 18:28:12.295 F/linker (22333): CANNOT LINK EXECUTABLE "/vendor/bin/hw/sxrservice": library "vendor.qti.hardware.qxr-V1-ndk_platform.so" not found: needed by main executable
08-22 18:28:12.343 I/ActivityTaskManager( 1164): START u0 {flg=0x10000000 cmp=com.qualcomm.qti.connmgr/.MainActivity} from uid 1000
08-22 18:28:12.349 W/ActivityTaskManager( 1164): Can't find TaskDisplayArea to determine support for multi window. Task id=38 attached=false
08-22 18:28:12.353 D/CompatibilityChangeReporter( 1164): Compat change id reported: 174042980; UID 1001; state: DISABLED
08-22 18:28:12.355 D/CompatibilityChangeReporter( 1164): Compat change id reported: 184838306; UID 1001; state: DISABLED
08-22 18:28:12.356 D/CompatibilityChangeReporter( 1164): Compat change id reported: 185004937; UID 1001; state: DISABLED
08-22 18:28:12.358 D/CompatibilityChangeReporter( 1164): Compat change id reported: 181136395; UID 1001; state: DISABLED
08-22 18:28:12.359 D/CompatibilityChangeReporter( 1164): Compat change id reported: 174042936; UID 1001; state: DISABLED
08-22 18:28:12.363 V/SplashScreenExceptionList( 1164): SplashScreen checking exception for package com.qualcomm.qti.connmgr (target sdk:30) -> false
08-22 18:28:12.365 D/PhoneStartingWindowTypeAlgorithm( 2258): preferredStartingWindowType newTask:true taskSwitch:true processRunning:false allowTaskSnapshot:true activityCreated:false useEmptySplashScreen:false legacySplashScreen:false topIsHome:false
08-22 18:28:12.365 D/StartingSurfaceDrawer( 2258): addSplashScreen com.qualcomm.qti.connmgr theme=7f0f000a task=38 suggestType=1
08-22 18:28:12.375 D/StartingSurfaceDrawer( 2258): window attributes color: 0 icon null duration 0 brandImage null
01-01 00:52:20.229 I/binder ( 0): 22398:22398 ioctl 40046210 7ffbecfd54 returned -22
08-22 18:28:12.376 D/StartingSurfaceDrawer( 2258): The icon is not an AdaptiveIconDrawable
08-22 18:28:12.379 D/StartingSurfaceDrawer( 2258): fillViewWithIcon surfaceWindowView android.window.SplashScreenView{cfa43fb V.E...... ......ID 0,0-0,0}
08-22 18:28:12.396 D/CompatibilityChangeReporter( 1164): Compat change id reported: 135634846; UID 1001; state: DISABLED
08-22 18:28:12.396 D/CompatibilityChangeReporter( 1164): Compat change id reported: 177438394; UID 1001; state: DISABLED
08-22 18:28:12.396 D/CompatibilityChangeReporter( 1164): Compat change id reported: 135772972; UID 1001; state: DISABLED
08-22 18:28:12.396 D/CompatibilityChangeReporter( 1164): Compat change id reported: 135754954; UID 1001; state: ENABLED
08-22 18:28:12.433 I/ActivityManager( 1164): Start proc 22398:com.qualcomm.qti.connmgr/1001 for pre-top-activity {com.qualcomm.qti.connmgr/com.qualcomm.qti.connmgr.MainActivity}
08-22 18:28:12.434 W/ContextImpl( 1164): Calling a method in the system process without a qualified user: android.app.ContextImpl.sendBroadcast:1173 com.qualcomm.qti.Performance$SendGameLaunchBroadcast.run:217 java.lang.Thread.run:920
08-22 18:28:12.609 E/AndroidRuntime(22398): FATAL EXCEPTION: main
08-22 18:28:12.609 E/AndroidRuntime(22398): Process: com.qualcomm.qti.connmgr, PID: 22398
08-22 18:28:12.609 E/AndroidRuntime(22398): java.lang.RuntimeException: Unable to start activity ComponentInfo{com.qualcomm.qti.connmgr/com.qualcomm.qti.connmgr.MainActivity}: java.lang.NullPointerException: Attempt to invoke interface method 'int java.util.List.size()' on a null object reference
08-22 18:28:12.609 E/AndroidRuntime(22398): at android.app.ActivityThread.performLaunchActivity(ActivityThread.java:3636)
08-22 18:28:12.609 E/AndroidRuntime(22398): at android.app.ActivityThread.handleLaunchActivity(ActivityThread.java:3793)
08-22 18:28:12.609 E/AndroidRuntime(22398): at android.app.servertransaction.LaunchActivityItem.execute(LaunchActivityItem.java:103)
08-22 18:28:12.609 E/AndroidRuntime(22398): at android.app.servertransaction.TransactionExecutor.executeCallbacks(TransactionExecutor.java:135)
08-22 18:28:12.609 E/AndroidRuntime(22398): at android.app.servertransaction.TransactionExecutor.execute(TransactionExecutor.java:95)
08-22 18:28:12.609 E/AndroidRuntime(22398): at android.app.ActivityThread$H.handleMessage(ActivityThread.java:2211)
08-22 18:28:12.609 E/AndroidRuntime(22398): at android.os.Handler.dispatchMessage(Handler.java:106)
08-22 18:28:12.609 E/AndroidRuntime(22398): at android.os.Looper.loopOnce(Looper.java:201)
08-22 18:28:12.609 E/AndroidRuntime(22398): at android.os.Looper.loop(Looper.java:288)
08-22 18:28:12.609 E/AndroidRuntime(22398): at android.app.ActivityThread.main(ActivityThread.java:7880)
08-22 18:28:12.609 E/AndroidRuntime(22398): at java.lang.reflect.Method.invoke(Native Method)
08-22 18:28:12.609 E/AndroidRuntime(22398): at com.android.internal.os.RuntimeInit$MethodAndArgsCaller.run(RuntimeInit.java:548)
08-22 18:28:12.609 E/AndroidRuntime(22398): at com.android.internal.os.ZygoteInit.main(ZygoteInit.java:1009)
08-22 18:28:12.609 E/AndroidRuntime(22398): Caused by: java.lang.NullPointerException: Attempt to invoke interface method 'int java.util.List.size()' on a null object reference
08-22 18:28:12.609 E/AndroidRuntime(22398): at com.qualcomm.qti.connmgr.SectionsPagerAdapter.(SectionsPagerAdapter.java:51)
08-22 18:28:12.609 E/AndroidRuntime(22398): at com.qualcomm.qti.connmgr.MainActivity.onCreate(MainActivity.java:50)
08-22 18:28:12.609 E/AndroidRuntime(22398): at android.app.Activity.performCreate(Activity.java:8050)
08-22 18:28:12.609 E/AndroidRuntime(22398): at android.app.Activity.performCreate(Activity.java:8030)
08-22 18:28:12.609 E/AndroidRuntime(22398): at android.app.Instrumentation.callActivityOnCreate(Instrumentation.java:1330)
08-22 18:28:12.609 E/AndroidRuntime(22398): at android.app.ActivityThread.performLaunchActivity(ActivityThread.java:3609)
08-22 18:28:12.609 E/AndroidRuntime(22398): ... 12 more
08-22 18:28:12.612 W/ActivityTaskManager( 1164): Force finishing activity com.qualcomm.qti.connmgr/.MainActivity
08-22 18:28:12.613 I/DropBoxManagerService( 1164): add tag=system_app_crash isTagEnabled=true flags=0x2
01-01 00:52:20.398 D/ ( 0): mv2112_read_status
01-01 00:52:20.401 D/mv2112_update_link( 0): 3.0x901(1G): 0x80
01-01 00:52:20.413 D/mv2112_update_link( 0): 3.0x8109(100M): 0x0
08-22 18:28:12.654 I/ActivityManager( 1164): Process com.qualcomm.qti.connmgr (pid 22398) has died: fg TOP
01-01 00:52:20.425 D/mv2112_update_link( 0): link 0x0
01-01 00:52:20.429 D/mv2112_read_status( 0): autoneg is disabled
08-22 18:28:12.668 D/StartingSurfaceDrawer( 2258): Task start finish, remove starting surface for task 38
08-22 18:28:12.668 V/StartingSurfaceDrawer( 2258): Removing splash screen window for task: 38
08-22 18:28:12.922 W/ActivityTaskManager( 1164): Can't find TaskDisplayArea to determine support for multi window. Task id=38 attached=false
08-22 18:28:12.922 W/ActivityTaskManager( 1164): Can't find TaskDisplayArea to determine support for multi window. Task id=38 attached=false
08-22 18:28:13.050 W/WindowManager( 1164): Failed looking up window session=Session{8cc1fcd 2258:u0a10107} callers=com.android.server.wm.WindowManagerService.windowForClientLocked:5626 com.android.server.wm.WindowManagerService.relayoutWindow:2229 com.android.server.wm.Session.relayout:235
08-22 18:28:13.052 W/WindowManager( 1164): Failed looking up window session=Session{8cc1fcd 2258:u0a10107} callers=com.android.server.wm.WindowManagerService.windowForClientLocked:5626 com.android.server.wm.WindowManagerService.removeWindow:2033 com.android.server.wm.Session.remove:218
08-22 18:28:13.113 W/ActivityTaskManager( 1164): Activity top resumed state loss timeout for ActivityRecord{8f40c7b u0 com.qualcomm.qti.connmgr/.MainActivity t-1 f}}
08-22 18:28:13.252 I/iorapd ( 1243): Perfetto TraceBuffer saved to file: /data/misc/iorapd/com.qualcomm.qti.sensors.qsensortest/1/com.qualcomm.qti.sensors.ui.qsensortest.TabControl/raw_traces/1661192893244678104.perfetto_trace.pb
08-22 18:28:13.449 W/WindowManager( 1164): App freeze timeout expired.
01-01 00:52:21.448 D/ ( 0): mv2112_read_status
01-01 00:52:21.452 D/mv2112_update_link( 0): 3.0x901(1G): 0x80
01-01 00:52:21.458 D/mv2112_update_link( 0): 3.0x8109(100M): 0x0
01-01 00:52:21.464 D/mv2112_update_link( 0): link 0x0
01-01 00:52:21.469 D/mv2112_read_status( 0): autoneg is disabled
