01-01 00:54:55.214 D/mv2112_update_link( 0): 3.0x901(1G): 0x80
01-01 00:54:55.223 D/mv2112_update_link( 0): 3.0x8109(100M): 0x0
01-01 00:54:55.228 D/mv2112_update_link( 0): link 0x0
01-01 00:54:55.232 D/mv2112_read_status( 0): autoneg is disabled
01-01 00:54:56.171 I/init ( 0): starting service 'qvrd_vndr'...
01-01 00:54:56.178 I/init ( 0): Created socket '/dev/socket/qvrservice_vndr', mode 660, user 1000, group 1000
01-01 00:54:56.188 I/init ( 0): Created socket '/dev/socket/qvrservice_vndr_camera', mode 660, user 1000, group 1000
01-01 00:54:56.206 I/init ( 0): starting service 'sxrd'...
01-01 00:54:56.219 I/init ( 0): starting service 'vendor.light-hal-2-0'...
01-01 00:54:56.233 I/init ( 0): Service 'qvrd_vndr' (pid 13364) exited with status 1
01-01 00:54:56.239 I/init ( 0): Sending signal 9 to service 'qvrd_vndr' (pid 13364) process group...
01-01 00:54:56.248 I/libprocessgroup( 0): Successfully killed process cgroup uid 1000 pid 13364 in 0ms
01-01 00:54:56.260 I/init ( 0): Service 'sxrd' (pid 13369) exited with status 1
01-01 00:54:56.264 D/ ( 0): mv2112_read_status
01-01 00:54:56.266 I/init ( 0): Sending signal 9 to service 'sxrd' (pid 13369) process group...
01-01 00:54:56.278 D/mv2112_update_link( 0): 3.0x901(1G): 0x80
01-01 00:54:56.283 D/mv2112_update_link( 0): 3.0x8109(100M): 0x0
01-01 00:54:56.290 D/mv2112_update_link( 0): link 0x0
01-01 00:54:56.294 D/mv2112_read_status( 0): autoneg is disabled
08-22 18:30:48.467 F/linker (13364): CANNOT LINK EXECUTABLE "/vendor/bin/hw/qvrservice": library "vendor.qti.hardware.qxr-V1-ndk_platform.so" not found: needed by /vendor/lib64/libqvrservice.so in namespace (default)
08-22 18:30:48.485 F/linker (13369): CANNOT LINK EXECUTABLE "/vendor/bin/hw/sxrservice": library "vendor.qti.hardware.qxr-V1-ndk_platform.so" not found: needed by main executable
01-01 00:54:57.320 D/ ( 0): mv2112_read_status
01-01 00:54:57.324 D/mv2112_update_link( 0): 3.0x901(1G): 0x80
01-01 00:54:57.330 D/mv2112_update_link( 0): 3.0x8109(100M): 0x0
01-01 00:54:57.335 D/mv2112_update_link( 0): link 0x0
01-01 00:54:57.339 D/mv2112_read_status( 0): autoneg is disabled
01-01 00:54:58.344 D/ ( 0): mv2112_read_status
01-01 00:54:58.348 D/mv2112_update_link( 0): 3.0x901(1G): 0x80
01-01 00:54:58.353 D/mv2112_update_link( 0): 3.0x8109(100M): 0x0
01-01 00:54:58.358 D/mv2112_update_link( 0): link 0x0
01-01 00:54:58.362 D/mv2112_read_status( 0): autoneg is disabled
01-01 00:54:59.368 D/ ( 0): mv2112_read_status
01-01 00:54:59.372 D/mv2112_update_link( 0): 3.0x901(1G): 0x80
01-01 00:54:59.378 D/mv2112_update_link( 0): 3.0x8109(100M): 0x0
01-01 00:54:59.384 D/mv2112_update_link( 0): link 0x0
01-01 00:54:59.389 D/mv2112_read_status( 0): autoneg is disabled
01-01 00:55:00.392 D/ ( 0): mv2112_read_status
01-01 00:55:00.396 D/mv2112_update_link( 0): 3.0x901(1G): 0x80
01-01 00:55:00.402 D/mv2112_update_link( 0): 3.0x8109(100M): 0x0
01-01 00:55:00.408 D/mv2112_update_link( 0): link 0x0
01-01 00:55:00.413 D/mv2112_read_status( 0): autoneg is disabled
01-01 00:55:01.209 I/init ( 0): starting service 'qvrd_vndr'...
01-01 00:55:01.216 I/init ( 0): Created socket '/dev/socket/qvrservice_vndr', mode 660, user 1000, group 1000
01-01 00:55:01.226 I/init ( 0): Created socket '/dev/socket/qvrservice_vndr_camera', mode 660, user 1000, group 1000
01-01 00:55:01.248 I/init ( 0): starting service 'sxrd'...
01-01 00:55:01.262 I/init ( 0): starting service 'vendor.light-hal-2-0'...
01-01 00:55:01.280 I/init ( 0): Service 'qvrd_vndr' (pid 15222) exited with status 1
01-01 00:55:01.286 I/init ( 0): Sending signal 9 to service 'qvrd_vndr' (pid 15222) process group...
01-01 00:55:01.295 I/libprocessgroup( 0): Successfully killed process cgroup uid 1000 pid 15222 in 0ms
01-01 00:55:01.305 I/init ( 0): Service 'sxrd' (pid 15229) exited with status 1
01-01 00:55:01.311 I/init ( 0): Sending signal 9 to service 'sxrd' (pid 15229) process group...
08-22 18:30:53.507 F/linker (15222): CANNOT LINK EXECUTABLE "/vendor/bin/hw/qvrservice": library "vendor.qti.hardware.qxr-V1-ndk_platform.so" not found: needed by /vendor/lib64/libqvrservice.so in namespace (default)
08-22 18:30:53.516 F/linker (15229): CANNOT LINK EXECUTABLE "/vendor/bin/hw/sxrservice": library "vendor.qti.hardware.qxr-V1-ndk_platform.so" not found: needed by main executable
01-01 00:55:01.416 D/ ( 0): mv2112_read_status
01-01 00:55:01.421 D/mv2112_update_link( 0): 3.0x901(1G): 0x80
01-01 00:55:01.426 D/mv2112_update_link( 0): 3.0x8109(100M): 0x0
01-01 00:55:01.432 D/mv2112_update_link( 0): link 0x0
01-01 00:55:01.437 D/mv2112_read_status( 0): autoneg is disabled
01-01 00:55:02.442 D/ ( 0): mv2112_read_status
01-01 00:55:02.449 D/mv2112_update_link( 0): 3.0x901(1G): 0x80
01-01 00:55:02.454 D/mv2112_update_link( 0): 3.0x8109(100M): 0x0
01-01 00:55:02.460 D/mv2112_update_link( 0): link 0x0
01-01 00:55:02.464 D/mv2112_read_status( 0): autoneg is disabled
01-01 00:55:03.496 D/ ( 0): mv2112_read_status
01-01 00:55:03.500 D/mv2112_update_link( 0): 3.0x901(1G): 0x80
01-01 00:55:03.505 D/mv2112_update_link( 0): 3.0x8109(100M): 0x0
01-01 00:55:03.512 D/mv2112_update_link( 0): link 0x0
01-01 00:55:03.516 D/mv2112_read_status( 0): autoneg is disabled
01-01 00:55:04.524 D/ ( 0): mv2112_read_status
01-01 00:55:04.527 D/mv2112_update_link( 0): 3.0x901(1G): 0x80
01-01 00:55:04.533 D/mv2112_update_link( 0): 3.0x8109(100M): 0x0
01-01 00:55:04.538 D/mv2112_update_link( 0): link 0x0
01-01 00:55:04.542 D/mv2112_read_status( 0): autoneg is disabled
01-01 00:55:05.547 D/ ( 0): mv2112_read_status
01-01 00:55:05.553 D/mv2112_update_link( 0): 3.0x901(1G): 0x80
01-01 00:55:05.559 D/mv2112_update_link( 0): 3.0x8109(100M): 0x0
01-01 00:55:05.564 D/mv2112_update_link( 0): link 0x0
01-01 00:55:05.568 D/mv2112_read_status( 0): autoneg is disabled
01-01 00:55:06.248 I/init ( 0): starting service 'qvrd_vndr'...
01-01 00:55:06.253 I/init ( 0): Created socket '/dev/socket/qvrservice_vndr', mode 660, user 1000, group 1000
01-01 00:55:06.263 I/init ( 0): Created socket '/dev/socket/qvrservice_vndr_camera', mode 660, user 1000, group 1000
01-01 00:55:06.285 I/init ( 0): starting service 'sxrd'...
01-01 00:55:06.299 I/init ( 0): starting service 'vendor.light-hal-2-0'...
01-01 00:55:06.316 I/init ( 0): Service 'qvrd_vndr' (pid 17062) exited with status 1
01-01 00:55:06.322 I/init ( 0): Sending signal 9 to service 'qvrd_vndr' (pid 17062) process group...
01-01 00:55:06.331 I/libprocessgroup( 0): Successfully killed process cgroup uid 1000 pid 17062 in 0ms
01-01 00:55:06.341 I/init ( 0): Service 'sxrd' (pid 17068) exited with status 1
01-01 00:55:06.347 I/init ( 0): Sending signal 9 to service 'sxrd' (pid 17068) process group...
08-22 18:30:58.544 F/linker (17062): CANNOT LINK EXECUTABLE "/vendor/bin/hw/qvrservice": library "vendor.qti.hardware.qxr-V1-ndk_platform.so" not found: needed by /vendor/lib64/libqvrservice.so in namespace (default)
08-22 18:30:58.571 F/linker (17068): CANNOT LINK EXECUTABLE "/vendor/bin/hw/sxrservice": library "vendor.qti.hardware.qxr-V1-ndk_platform.so" not found: needed by main executable
01-01 00:55:06.601 D/ ( 0): mv2112_read_status
01-01 00:55:06.604 D/mv2112_update_link( 0): 3.0x901(1G): 0x80
01-01 00:55:06.612 D/mv2112_update_link( 0): 3.0x8109(100M): 0x0
01-01 00:55:06.618 D/mv2112_update_link( 0): link 0x0
01-01 00:55:06.622 D/mv2112_read_status( 0): autoneg is disabled
01-01 00:55:07.624 D/ ( 0): mv2112_read_status
01-01 00:55:07.628 D/mv2112_update_link( 0): 3.0x901(1G): 0x80
01-01 00:55:07.636 D/mv2112_update_link( 0): 3.0x8109(100M): 0x0
01-01 00:55:07.642 D/mv2112_update_link( 0): link 0x0
01-01 00:55:07.646 D/mv2112_read_status( 0): autoneg is disabled
01-01 00:55:08.681 D/ ( 0): mv2112_read_status
01-01 00:55:08.684 D/mv2112_update_link( 0): 3.0x901(1G): 0x80
01-01 00:55:08.693 D/mv2112_update_link( 0): 3.0x8109(100M): 0x0
01-01 00:55:08.698 D/mv2112_update_link( 0): link 0x0
01-01 00:55:08.702 D/mv2112_read_status( 0): autoneg is disabled
01-01 00:55:09.737 D/ ( 0): mv2112_read_status
01-01 00:55:09.740 D/mv2112_update_link( 0): 3.0x901(1G): 0x80
01-01 00:55:09.746 D/mv2112_update_link( 0): 3.0x8109(100M): 0x0
01-01 00:55:09.752 D/mv2112_update_link( 0): link 0x0
01-01 00:55:09.757 D/mv2112_read_status( 0): autoneg is disabled
01-01 00:55:10.761 D/ ( 0): mv2112_read_status
01-01 00:55:10.765 D/mv2112_update_link( 0): 3.0x901(1G): 0x80
01-01 00:55:10.771 D/mv2112_update_link( 0): 3.0x8109(100M): 0x0
01-01 00:55:10.779 D/mv2112_update_link( 0): link 0x0
01-01 00:55:10.783 D/mv2112_read_status( 0): autoneg is disabled
01-01 00:55:10.858 I/[schedu][0xd99ac307d][18:31:03.105264] wlan( 0): [13930:I:OSIF] scan start scan id 40996
01-01 00:55:11.286 I/init ( 0): starting service 'qvrd_vndr'...
01-01 00:55:11.293 I/init ( 0): Created socket '/dev/socket/qvrservice_vndr', mode 660, user 1000, group 1000
01-01 00:55:11.303 I/init ( 0): Created socket '/dev/socket/qvrservice_vndr_camera', mode 660, user 1000, group 1000
01-01 00:55:11.326 I/init ( 0): starting service 'sxrd'...
01-01 00:55:11.341 I/init ( 0): starting service 'vendor.light-hal-2-0'...
01-01 00:55:11.356 I/init ( 0): Service 'qvrd_vndr' (pid 18995) exited with status 1
01-01 00:55:11.363 I/init ( 0): Sending signal 9 to service 'qvrd_vndr' (pid 18995) process group...
01-01 00:55:11.371 I/libprocessgroup( 0): Successfully killed process cgroup uid 1000 pid 18995 in 0ms
01-01 00:55:11.381 I/init ( 0): Service 'sxrd' (pid 19009) exited with status 1
01-01 00:55:11.387 I/init ( 0): Sending signal 9 to service 'sxrd' (pid 19009) process group...
08-22 18:31:03.588 F/linker (18995): CANNOT LINK EXECUTABLE "/vendor/bin/hw/qvrservice": library "vendor.qti.hardware.qxr-V1-ndk_platform.so" not found: needed by /vendor/lib64/libqvrservice.so in namespace (default)
08-22 18:31:03.618 F/linker (19009): CANNOT LINK EXECUTABLE "/vendor/bin/hw/sxrservice": library "vendor.qti.hardware.qxr-V1-ndk_platform.so" not found: needed by main executable
01-01 00:55:11.816 D/ ( 0): mv2112_read_status
01-01 00:55:11.820 D/mv2112_update_link( 0): 3.0x901(1G): 0x80
01-01 00:55:11.825 D/mv2112_update_link( 0): 3.0x8109(100M): 0x0
01-01 00:55:11.831 D/mv2112_update_link( 0): link 0x0
01-01 00:55:11.836 D/mv2112_read_status( 0): autoneg is disabled
01-01 00:55:12.279 I/[schedu][0xd9b4c60a6][18:31:04.525852] wlan( 0): [13930:I:OSIF] vdev 0, scan id 40996 type COMPLETED(1) reason COMPLETED(1) scan found 69 bss
01-01 00:55:12.843 D/ ( 0): mv2112_read_status
01-01 00:55:12.846 D/mv2112_update_link( 0): 3.0x901(1G): 0x80
01-01 00:55:12.852 D/mv2112_update_link( 0): 3.0x8109(100M): 0x0
01-01 00:55:12.857 D/mv2112_update_link( 0): link 0x0
01-01 00:55:12.862 D/mv2112_read_status( 0): autoneg is disabled
01-01 00:55:13.865 D/ ( 0): mv2112_read_status
01-01 00:55:13.871 D/mv2112_update_link( 0): 3.0x901(1G): 0x80
01-01 00:55:13.876 D/mv2112_update_link( 0): 3.0x8109(100M): 0x0
01-01 00:55:13.881 D/mv2112_update_link( 0): link 0x0
01-01 00:55:13.885 D/mv2112_read_status( 0): autoneg is disabled
01-01 00:55:14.888 D/ ( 0): mv2112_read_status
01-01 00:55:14.894 D/mv2112_update_link( 0): 3.0x901(1G): 0x80
01-01 00:55:14.899 D/mv2112_update_link( 0): 3.0x8109(100M): 0x0
01-01 00:55:14.905 D/mv2112_update_link( 0): link 0x0
01-01 00:55:14.911 D/mv2112_read_status( 0): autoneg is disabled
01-01 00:55:15.945 D/ ( 0): mv2112_read_status
01-01 00:55:15.950 D/mv2112_update_link( 0): 3.0x901(1G): 0x80
01-01 00:55:15.961 D/mv2112_update_link( 0): 3.0x8109(100M): 0x0
01-01 00:55:15.966 D/mv2112_update_link( 0): link 0x0
01-01 00:55:15.970 D/mv2112_read_status( 0): autoneg is disabled
01-01 00:55:16.327 I/init ( 0): starting service 'qvrd_vndr'...
01-01 00:55:16.333 I/init ( 0): Created socket '/dev/socket/qvrservice_vndr', mode 660, user 1000, group 1000
01-01 00:55:16.343 I/init ( 0): Created socket '/dev/socket/qvrservice_vndr_camera', mode 660, user 1000, group 1000
01-01 00:55:16.364 I/init ( 0): starting service 'sxrd'...
01-01 00:55:16.378 I/init ( 0): starting service 'vendor.light-hal-2-0'...
01-01 00:55:16.393 I/init ( 0): Service 'qvrd_vndr' (pid 20832) exited with status 1
01-01 00:55:16.400 I/init ( 0): Sending signal 9 to service 'qvrd_vndr' (pid 20832) process group...
01-01 00:55:16.409 I/libprocessgroup( 0): Successfully killed process cgroup uid 1000 pid 20832 in 0ms
01-01 00:55:16.419 I/init ( 0): Service 'sxrd' (pid 20834) exited with status 1
01-01 00:55:16.425 I/init ( 0): Sending signal 9 to service 'sxrd' (pid 20834) process group...
08-22 18:31:08.630 F/linker (20832): CANNOT LINK EXECUTABLE "/vendor/bin/hw/qvrservice": library "vendor.qti.hardware.qxr-V1-ndk_platform.so" not found: needed by /vendor/lib64/libqvrservice.so in namespace (default)
08-22 18:31:08.645 F/linker (20834): CANNOT LINK EXECUTABLE "/vendor/bin/hw/sxrservice": library "vendor.qti.hardware.qxr-V1-ndk_platform.so" not found: needed by main executable
01-01 00:55:17.000 D/ ( 0): mv2112_read_status
01-01 00:55:17.004 D/mv2112_update_link( 0): 3.0x901(1G): 0x80
01-01 00:55:17.012 D/mv2112_update_link( 0): 3.0x8109(100M): 0x0
01-01 00:55:17.017 D/mv2112_update_link( 0): link 0x0
01-01 00:55:17.022 D/mv2112_read_status( 0): autoneg is disabled
01-01 00:55:18.024 D/ ( 0): mv2112_read_status
01-01 00:55:18.028 D/mv2112_update_link( 0): 3.0x901(1G): 0x80
01-01 00:55:18.035 D/mv2112_update_link( 0): 3.0x8109(100M): 0x0
01-01 00:55:18.040 D/mv2112_update_link( 0): link 0x0
01-01 00:55:18.045 D/mv2112_read_status( 0): autoneg is disabled
01-01 00:55:19.049 D/ ( 0): mv2112_read_status
01-01 00:55:19.053 D/mv2112_update_link( 0): 3.0x901(1G): 0x80
01-01 00:55:19.058 D/mv2112_update_link( 0): 3.0x8109(100M): 0x0
01-01 00:55:19.064 D/mv2112_update_link( 0): link 0x0
01-01 00:55:19.070 D/mv2112_read_status( 0): autoneg is disabled
01-01 00:55:20.073 D/ ( 0): mv2112_read_status
01-01 00:55:20.078 D/mv2112_update_link( 0): 3.0x901(1G): 0x80
01-01 00:55:20.086 D/mv2112_update_link( 0): 3.0x8109(100M): 0x0
01-01 00:55:20.091 D/mv2112_update_link( 0): link 0x0
01-01 00:55:20.097 D/mv2112_read_status( 0): autoneg is disabled
01-01 00:55:21.128 D/ ( 0): mv2112_read_status
01-01 00:55:21.132 D/mv2112_update_link( 0): 3.0x901(1G): 0x80
01-01 00:55:21.140 D/mv2112_update_link( 0): 3.0x8109(100M): 0x0
01-01 00:55:21.145 D/mv2112_update_link( 0): link 0x0
01-01 00:55:21.149 D/mv2112_read_status( 0): autoneg is disabled
01-01 00:55:21.366 I/init ( 0): starting service 'qvrd_vndr'...
01-01 00:55:21.372 I/init ( 0): Created socket '/dev/socket/qvrservice_vndr', mode 660, user 1000, group 1000
01-01 00:55:21.382 I/init ( 0): Created socket '/dev/socket/qvrservice_vndr_camera', mode 660, user 1000, group 1000
01-01 00:55:21.403 I/init ( 0): starting service 'sxrd'...
01-01 00:55:21.416 I/init ( 0): starting service 'vendor.light-hal-2-0'...
01-01 00:55:21.439 I/init ( 0): Service 'sxrd' (pid 22779) exited with status 1
01-01 00:55:21.446 I/init ( 0): Sending signal 9 to service 'sxrd' (pid 22779) process group...
01-01 00:55:21.453 I/libprocessgroup( 0): Successfully killed process cgroup uid 1000 pid 22779 in 0ms
01-01 00:55:21.465 I/init ( 0): Service 'qvrd_vndr' (pid 22771) exited with status 1
01-01 00:55:21.471 I/init ( 0): Sending signal 9 to service 'qvrd_vndr' (pid 22771) process group...
08-22 18:31:13.685 F/linker (22779): CANNOT LINK EXECUTABLE "/vendor/bin/hw/sxrservice": library "vendor.qti.hardware.qxr-V1-ndk_platform.so" not found: needed by main executable
08-22 18:31:13.687 F/linker (22771): CANNOT LINK EXECUTABLE "/vendor/bin/hw/qvrservice": library "vendor.qti.hardware.qxr-V1-ndk_platform.so" not found: needed by /vendor/lib64/libqvrservice.so in namespace (default)
01-01 00:55:22.152 D/ ( 0): mv2112_read_status
01-01 00:55:22.160 D/mv2112_update_link( 0): 3.0x901(1G): 0x80
01-01 00:55:22.165 D/mv2112_update_link( 0): 3.0x8109(100M): 0x0
01-01 00:55:22.170 D/mv2112_update_link( 0): link 0x0
01-01 00:55:22.175 D/mv2112_read_status( 0): autoneg is disabled
01-01 00:55:23.214 D/ ( 0): mv2112_read_status
01-01 00:55:23.219 D/mv2112_update_link( 0): 3.0x901(1G): 0x80
01-01 00:55:23.231 D/mv2112_update_link( 0): 3.0x8109(100M): 0x0
01-01 00:55:23.237 D/mv2112_update_link( 0): link 0x0
01-01 00:55:23.241 D/mv2112_read_status( 0): autoneg is disabled
01-01 00:55:24.264 D/ ( 0): mv2112_read_status
01-01 00:55:24.271 D/mv2112_update_link( 0): 3.0x901(1G): 0x80
01-01 00:55:24.277 D/mv2112_update_link( 0): 3.0x8109(100M): 0x0
01-01 00:55:24.282 D/mv2112_update_link( 0): link 0x0
01-01 00:55:24.287 D/mv2112_read_status( 0): autoneg is disabled
01-01 00:55:25.321 D/ ( 0): mv2112_read_status
01-01 00:55:25.325 D/mv2112_update_link( 0): 3.0x901(1G): 0x80
01-01 00:55:25.331 D/mv2112_update_link( 0): 3.0x8109(100M): 0x0
01-01 00:55:25.339 D/mv2112_update_link( 0): link 0x0
01-01 00:55:25.343 D/mv2112_read_status( 0): autoneg is disabled
01-01 00:55:26.376 D/ ( 0): mv2112_read_status
01-01 00:55:26.380 D/mv2112_update_link( 0): 3.0x901(1G): 0x80
01-01 00:55:26.385 D/mv2112_update_link( 0): 3.0x8109(100M): 0x0
01-01 00:55:26.391 D/mv2112_update_link( 0): link 0x0
01-01 00:55:26.395 D/mv2112_read_status( 0): autoneg is disabled
01-01 00:55:26.403 I/init ( 0): starting service 'qvrd_vndr'...
01-01 00:55:26.409 I/init ( 0): Created socket '/dev/socket/qvrservice_vndr', mode 660, user 1000, group 1000
01-01 00:55:26.419 I/init ( 0): Created socket '/dev/socket/qvrservice_vndr_camera', mode 660, user 1000, group 1000
01-01 00:55:26.438 I/init ( 0): starting service 'sxrd'...
01-01 00:55:26.450 I/init ( 0): Service 'qvrd_vndr' (pid 24625) exited with status 1
01-01 00:55:26.457 I/init ( 0): Sending signal 9 to service 'qvrd_vndr' (pid 24625) process group...
01-01 00:55:26.465 I/libprocessgroup( 0): Successfully killed process cgroup uid 1000 pid 24625 in 0ms
01-01 00:55:26.476 I/init ( 0): starting service 'vendor.light-hal-2-0'...
01-01 00:55:26.490 I/init ( 0): Service 'sxrd' (pid 24635) exited with status 1
01-01 00:55:26.497 I/init ( 0): Sending signal 9 to service 'sxrd' (pid 24635) process group...
08-22 18:31:18.695 F/linker (24625): CANNOT LINK EXECUTABLE "/vendor/bin/hw/qvrservice": library "vendor.qti.hardware.qxr-V1-ndk_platform.so" not found: needed by /vendor/lib64/libqvrservice.so in namespace (default)
08-22 18:31:18.727 F/linker (24635): CANNOT LINK EXECUTABLE "/vendor/bin/hw/sxrservice": library "vendor.qti.hardware.qxr-V1-ndk_platform.so" not found: needed by main executable
01-01 00:55:27.400 D/ ( 0): mv2112_read_status
01-01 00:55:27.404 D/mv2112_update_link( 0): 3.0x901(1G): 0x80
01-01 00:55:27.417 D/mv2112_update_link( 0): 3.0x8109(100M): 0x0
01-01 00:55:27.422 D/mv2112_update_link( 0): link 0x0
01-01 00:55:27.426 D/mv2112_read_status( 0): autoneg is disabled
01-01 00:55:28.457 D/ ( 0): mv2112_read_status
01-01 00:55:28.460 D/mv2112_update_link( 0): 3.0x901(1G): 0x80
01-01 00:55:28.469 D/mv2112_update_link( 0): 3.0x8109(100M): 0x0
01-01 00:55:28.474 D/mv2112_update_link( 0): link 0x0
01-01 00:55:28.478 D/mv2112_read_status( 0): autoneg is disabled
08-22 18:31:21.027 V/DisplayPowerController[0]( 1164): Brightness [0.05] reason changing to: 'manual [ dim ]', previous reason: 'manual'.
08-22 18:31:21.029 E/DisplayDeviceConfig( 1164): requesting nits when no mapping exists.
08-22 18:31:21.029 E/DisplayDeviceConfig( 1164): requesting nits when no mapping exists.
08-22 18:31:21.032 I/DropBoxManagerService( 1164): add tag=system_server_wtf isTagEnabled=true flags=0x2
08-22 18:31:21.040 I/DropBoxManagerService( 1164): add tag=system_server_wtf isTagEnabled=true flags=0x2
08-22 18:31:21.044 E/DisplayDeviceConfig( 1164): requesting nits when no mapping exists.
08-22 18:31:21.045 E/DisplayDeviceConfig( 1164): requesting nits when no mapping exists.
08-22 18:31:21.047 I/DropBoxManagerService( 1164): add tag=system_server_wtf isTagEnabled=true flags=0x2
08-22 18:31:21.051 I/DropBoxManagerService( 1164): add tag=system_server_wtf isTagEnabled=true flags=0x2
08-22 18:31:21.062 E/DisplayDeviceConfig( 1164): requesting nits when no mapping exists.
08-22 18:31:21.062 E/DisplayDeviceConfig( 1164): requesting nits when no mapping exists.
08-22 18:31:21.065 I/DropBoxManagerService( 1164): add tag=system_server_wtf isTagEnabled=true flags=0x2
08-22 18:31:21.071 E/DisplayDeviceConfig( 1164): requesting nits when no mapping exists.
08-22 18:31:21.071 E/DisplayDeviceConfig( 1164): requesting nits when no mapping exists.
08-22 18:31:21.090 E/DisplayDeviceConfig( 1164): requesting nits when no mapping exists.
08-22 18:31:21.091 E/DisplayDeviceConfig( 1164): requesting nits when no mapping exists.
08-22 18:31:21.108 E/DisplayDeviceConfig( 1164): requesting nits when no mapping exists.
08-22 18:31:21.109 E/DisplayDeviceConfig( 1164): requesting nits when no mapping exists.
08-22 18:31:21.121 E/DisplayDeviceConfig( 1164): requesting nits when no mapping exists.
08-22 18:31:21.122 E/DisplayDeviceConfig( 1164): requesting nits when no mapping exists.
08-22 18:31:21.137 E/DisplayDeviceConfig( 1164): requesting nits when no mapping exists.
08-22 18:31:21.137 E/DisplayDeviceConfig( 1164): requesting nits when no mapping exists.
08-22 18:31:21.154 E/DisplayDeviceConfig( 1164): requesting nits when no mapping exists.
08-22 18:31:21.154 E/DisplayDeviceConfig( 1164): requesting nits when no mapping exists.
08-22 18:31:21.170 E/DisplayDeviceConfig( 1164): requesting nits when no mapping exists.
08-22 18:31:21.171 E/DisplayDeviceConfig( 1164): requesting nits when no mapping exists.
08-22 18:31:21.188 E/DisplayDeviceConfig( 1164): requesting nits when no mapping exists.
08-22 18:31:21.188 E/DisplayDeviceConfig( 1164): requesting nits when no mapping exists.
08-22 18:31:21.204 E/DisplayDeviceConfig( 1164): requesting nits when no mapping exists.
08-22 18:31:21.205 E/DisplayDeviceConfig( 1164): requesting nits when no mapping exists.
08-22 18:31:21.221 E/DisplayDeviceConfig( 1164): requesting nits when no mapping exists.
08-22 18:31:21.222 E/DisplayDeviceConfig( 1164): requesting nits when no mapping exists.
08-22 18:31:21.237 E/DisplayDeviceConfig( 1164): requesting nits when no mapping exists.
08-22 18:31:21.237 E/DisplayDeviceConfig( 1164): requesting nits when no mapping exists.
08-22 18:31:21.254 E/DisplayDeviceConfig( 1164): requesting nits when no mapping exists.
08-22 18:31:21.254 E/DisplayDeviceConfig( 1164): requesting nits when no mapping exists.
08-22 18:31:21.274 E/DisplayDeviceConfig( 1164): requesting nits when no mapping exists.
08-22 18:31:21.274 E/DisplayDeviceConfig( 1164): requesting nits when no mapping exists.
08-22 18:31:21.289 E/DisplayDeviceConfig( 1164): requesting nits when no mapping exists.
08-22 18:31:21.289 E/DisplayDeviceConfig( 1164): requesting nits when no mapping exists.
08-22 18:31:21.304 E/DisplayDeviceConfig( 1164): requesting nits when no mapping exists.
08-22 18:31:21.304 E/DisplayDeviceConfig( 1164): requesting nits when no mapping exists.
08-22 18:31:21.321 E/DisplayDeviceConfig( 1164): requesting nits when no mapping exists.
08-22 18:31:21.321 E/DisplayDeviceConfig( 1164): requesting nits when no mapping exists.
08-22 18:31:21.337 E/DisplayDeviceConfig( 1164): requesting nits when no mapping exists.
08-22 18:31:21.337 E/DisplayDeviceConfig( 1164): requesting nits when no mapping exists.
08-22 18:31:21.354 E/DisplayDeviceConfig( 1164): requesting nits when no mapping exists.
08-22 18:31:21.354 E/DisplayDeviceConfig( 1164): requesting nits when no mapping exists.
08-22 18:31:21.371 E/DisplayDeviceConfig( 1164): requesting nits when no mapping exists.
08-22 18:31:21.371 E/DisplayDeviceConfig( 1164): requesting nits when no mapping exists.
08-22 18:31:21.388 E/DisplayDeviceConfig( 1164): requesting nits when no mapping exists.
08-22 18:31:21.388 E/DisplayDeviceConfig( 1164): requesting nits when no mapping exists.
08-22 18:31:21.407 E/DisplayDeviceConfig( 1164): requesting nits when no mapping exists.
08-22 18:31:21.407 E/DisplayDeviceConfig( 1164): requesting nits when no mapping exists.
08-22 18:31:21.422 E/DisplayDeviceConfig( 1164): requesting nits when no mapping exists.
08-22 18:31:21.422 E/DisplayDeviceConfig( 1164): requesting nits when no mapping exists.
08-22 18:31:21.437 E/DisplayDeviceConfig( 1164): requesting nits when no mapping exists.
08-22 18:31:21.438 E/DisplayDeviceConfig( 1164): requesting nits when no mapping exists.
08-22 18:31:21.455 E/DisplayDeviceConfig( 1164): requesting nits when no mapping exists.
08-22 18:31:21.456 E/DisplayDeviceConfig( 1164): requesting nits when no mapping exists.
08-22 18:31:21.471 E/DisplayDeviceConfig( 1164): requesting nits when no mapping exists.
08-22 18:31:21.471 E/DisplayDeviceConfig( 1164): requesting nits when no mapping exists.
08-22 18:31:21.488 E/DisplayDeviceConfig( 1164): requesting nits when no mapping exists.
08-22 18:31:21.488 E/DisplayDeviceConfig( 1164): requesting nits when no mapping exists.
08-22 18:31:21.505 E/DisplayDeviceConfig( 1164): requesting nits when no mapping exists.
08-22 18:31:21.506 E/DisplayDeviceConfig( 1164): requesting nits when no mapping exists.
08-22 18:31:21.521 E/DisplayDeviceConfig( 1164): requesting nits when no mapping exists.
08-22 18:31:21.522 E/DisplayDeviceConfig( 1164): requesting nits when no mapping exists.
01-01 00:55:29.482 D/ ( 0): mv2112_read_status
01-01 00:55:29.485 D/mv2112_update_link( 0): 3.0x901(1G): 0x80
01-01 00:55:29.491 D/mv2112_update_link( 0): 3.0x8109(100M): 0x0
01-01 00:55:29.498 D/mv2112_update_link( 0): link 0x0
01-01 00:55:29.503 D/mv2112_read_status( 0): autoneg is disabled
01-01 00:55:30.536 D/ ( 0): mv2112_read_status
01-01 00:55:30.541 D/mv2112_update_link( 0): 3.0x901(1G): 0x80
01-01 00:55:30.548 D/mv2112_update_link( 0): 3.0x8109(100M): 0x0
01-01 00:55:30.554 D/mv2112_update_link( 0): link 0x0
01-01 00:55:30.558 D/mv2112_read_status( 0): autoneg is disabled
01-01 00:55:31.435 I/init ( 0): starting service 'qvrd_vndr'...
01-01 00:55:31.441 I/init ( 0): Created socket '/dev/socket/qvrservice_vndr', mode 660, user 1000, group 1000
08-22 18:31:23.646 V/DisplayPowerController[0]( 1164): Brightness [0.39763778] reason changing to: 'manual', previous reason: 'manual [ dim ]'.
08-22 18:31:23.647 D/AutofillManagerService( 1164): Close system dialogs
08-22 18:31:23.651 I/ActivityTaskManager( 1164): START u0 {act=android.intent.action.MAIN cat=[android.intent.category.HOME] flg=0x10000100 cmp=com.android.launcher3/.uioverrides.QuickstepLauncher (has extras)} from uid 0
08-22 18:31:23.654 E/DisplayDeviceConfig( 1164): requesting nits when no mapping exists.
08-22 18:31:23.654 E/DisplayDeviceConfig( 1164): requesting nits when no mapping exists.
01-01 00:55:31.451 I/init ( 0): Created socket '/dev/socket/qvrservice_vndr_camera', mode 660, user 1000, group 1000
08-22 18:31:23.670 E/DisplayDeviceConfig( 1164): requesting nits when no mapping exists.
08-22 18:31:23.671 E/DisplayDeviceConfig( 1164): requesting nits when no mapping exists.
01-01 00:55:31.477 I/init ( 0): starting service 'sxrd'...
01-01 00:55:31.490 I/init ( 0): starting service 'vendor.light-hal-2-0'...
08-22 18:31:23.687 E/DisplayDeviceConfig( 1164): requesting nits when no mapping exists.
08-22 18:31:23.688 E/DisplayDeviceConfig( 1164): requesting nits when no mapping exists.
08-22 18:31:23.706 D/AutofillManagerService( 1164): Close system dialogs
08-22 18:31:23.709 E/DisplayDeviceConfig( 1164): requesting nits when no mapping exists.
08-22 18:31:23.710 E/DisplayDeviceConfig( 1164): requesting nits when no mapping exists.
01-01 00:55:31.505 I/init ( 0): Service 'qvrd_vndr' (pid 26438) exited with status 1
01-01 00:55:31.511 I/init ( 0): Sending signal 9 to service 'qvrd_vndr' (pid 26438) process group...
01-01 00:55:31.520 I/libprocessgroup( 0): Successfully killed process cgroup uid 1000 pid 26438 in 0ms
01-01 00:55:31.531 I/init ( 0): Service 'sxrd' (pid 26443) exited with status 1
01-01 00:55:31.538 I/init ( 0): Sending signal 9 to service 'sxrd' (pid 26443) process group...
08-22 18:31:23.727 E/DisplayDeviceConfig( 1164): requesting nits when no mapping exists.
08-22 18:31:23.728 E/DisplayDeviceConfig( 1164): requesting nits when no mapping exists.
01-01 00:55:31.561 D/ ( 0): mv2112_read_status
01-01 00:55:31.567 D/mv2112_update_link( 0): 3.0x901(1G): 0x80
01-01 00:55:31.574 D/mv2112_update_link( 0): 3.0x8109(100M): 0x0
08-22 18:31:23.742 E/DisplayDeviceConfig( 1164): requesting nits when no mapping exists.
08-22 18:31:23.743 E/DisplayDeviceConfig( 1164): requesting nits when no mapping exists.
08-22 18:31:23.749 F/linker (26438): CANNOT LINK EXECUTABLE "/vendor/bin/hw/qvrservice": library "vendor.qti.hardware.qxr-V1-ndk_platform.so" not found: needed by /vendor/lib64/libqvrservice.so in namespace (default)
01-01 00:55:31.580 D/mv2112_update_link( 0): link 0x0
08-22 18:31:23.760 F/linker (26443): CANNOT LINK EXECUTABLE "/vendor/bin/hw/sxrservice": library "vendor.qti.hardware.qxr-V1-ndk_platform.so" not found: needed by main executable
01-01 00:55:31.585 D/mv2112_read_status( 0): autoneg is disabled
08-22 18:31:23.767 E/DisplayDeviceConfig( 1164): requesting nits when no mapping exists.
08-22 18:31:23.768 E/DisplayDeviceConfig( 1164): requesting nits when no mapping exists.
08-22 18:31:23.792 E/DisplayDeviceConfig( 1164): requesting nits when no mapping exists.
08-22 18:31:23.792 E/DisplayDeviceConfig( 1164): requesting nits when no mapping exists.
08-22 18:31:23.826 E/DisplayDeviceConfig( 1164): requesting nits when no mapping exists.
08-22 18:31:23.827 E/DisplayDeviceConfig( 1164): requesting nits when no mapping exists.
08-22 18:31:23.845 E/DisplayDeviceConfig( 1164): requesting nits when no mapping exists.
08-22 18:31:23.846 E/DisplayDeviceConfig( 1164): requesting nits when no mapping exists.
08-22 18:31:23.860 E/DisplayDeviceConfig( 1164): requesting nits when no mapping exists.
08-22 18:31:23.860 E/DisplayDeviceConfig( 1164): requesting nits when no mapping exists.
08-22 18:31:23.877 E/DisplayDeviceConfig( 1164): requesting nits when no mapping exists.
08-22 18:31:23.878 E/DisplayDeviceConfig( 1164): requesting nits when no mapping exists.
08-22 18:31:23.896 E/DisplayDeviceConfig( 1164): requesting nits when no mapping exists.
08-22 18:31:23.896 E/DisplayDeviceConfig( 1164): requesting nits when no mapping exists.
08-22 18:31:23.911 E/DisplayDeviceConfig( 1164): requesting nits when no mapping exists.
08-22 18:31:23.921 E/DisplayDeviceConfig( 1164): requesting nits when no mapping exists.
08-22 18:31:23.927 E/DisplayDeviceConfig( 1164): requesting nits when no mapping exists.
08-22 18:31:23.927 E/DisplayDeviceConfig( 1164): requesting nits when no mapping exists.
08-22 18:31:23.944 E/DisplayDeviceConfig( 1164): requesting nits when no mapping exists.
08-22 18:31:23.945 E/DisplayDeviceConfig( 1164): requesting nits when no mapping exists.
08-22 18:31:23.962 E/DisplayDeviceConfig( 1164): requesting nits when no mapping exists.
08-22 18:31:23.962 E/DisplayDeviceConfig( 1164): requesting nits when no mapping exists.
08-22 18:31:23.980 E/DisplayDeviceConfig( 1164): requesting nits when no mapping exists.
08-22 18:31:23.981 E/DisplayDeviceConfig( 1164): requesting nits when no mapping exists.
08-22 18:31:23.994 E/DisplayDeviceConfig( 1164): requesting nits when no mapping exists.
08-22 18:31:23.996 E/DisplayDeviceConfig( 1164): requesting nits when no mapping exists.
08-22 18:31:24.012 E/DisplayDeviceConfig( 1164): requesting nits when no mapping exists.
08-22 18:31:24.012 E/DisplayDeviceConfig( 1164): requesting nits when no mapping exists.
08-22 18:31:24.028 E/DisplayDeviceConfig( 1164): requesting nits when no mapping exists.
08-22 18:31:24.028 E/DisplayDeviceConfig( 1164): requesting nits when no mapping exists.
08-22 18:31:24.044 E/DisplayDeviceConfig( 1164): requesting nits when no mapping exists.
08-22 18:31:24.045 E/DisplayDeviceConfig( 1164): requesting nits when no mapping exists.
08-22 18:31:24.061 E/DisplayDeviceConfig( 1164): requesting nits when no mapping exists.
08-22 18:31:24.062 E/DisplayDeviceConfig( 1164): requesting nits when no mapping exists.
08-22 18:31:24.078 E/DisplayDeviceConfig( 1164): requesting nits when no mapping exists.
08-22 18:31:24.078 E/DisplayDeviceConfig( 1164): requesting nits when no mapping exists.
08-22 18:31:24.094 E/DisplayDeviceConfig( 1164): requesting nits when no mapping exists.
08-22 18:31:24.101 E/DisplayDeviceConfig( 1164): requesting nits when no mapping exists.
08-22 18:31:24.111 E/DisplayDeviceConfig( 1164): requesting nits when no mapping exists.
08-22 18:31:24.111 E/DisplayDeviceConfig( 1164): requesting nits when no mapping exists.
08-22 18:31:24.127 E/DisplayDeviceConfig( 1164): requesting nits when no mapping exists.
08-22 18:31:24.128 E/DisplayDeviceConfig( 1164): requesting nits when no mapping exists.
08-22 18:31:24.144 E/DisplayDeviceConfig( 1164): requesting nits when no mapping exists.
08-22 18:31:24.144 E/DisplayDeviceConfig( 1164): requesting nits when no mapping exists.
01-01 00:55:32.616 D/ ( 0): mv2112_read_status
01-01 00:55:32.622 D/mv2112_update_link( 0): 3.0x901(1G): 0x80
01-01 00:55:32.633 D/mv2112_update_link( 0): 3.0x8109(100M): 0x0
01-01 00:55:32.638 D/mv2112_update_link( 0): link 0x0
01-01 00:55:32.642 D/mv2112_read_status( 0): autoneg is disabled
01-01 00:55:33.673 D/ ( 0): mv2112_read_status
01-01 00:55:33.676 D/mv2112_update_link( 0): 3.0x901(1G): 0x80
01-01 00:55:33.682 D/mv2112_update_link( 0): 3.0x8109(100M): 0x0
01-01 00:55:33.687 D/mv2112_update_link( 0): link 0x0
01-01 00:55:33.691 D/mv2112_read_status( 0): autoneg is disabled
01-01 00:55:34.697 D/ ( 0): mv2112_read_status
01-01 00:55:34.701 D/mv2112_update_link( 0): 3.0x901(1G): 0x80
01-01 00:55:34.706 D/mv2112_update_link( 0): 3.0x8109(100M): 0x0
01-01 00:55:34.711 D/mv2112_update_link( 0): link 0x0
01-01 00:55:34.716 D/mv2112_read_status( 0): autoneg is disabled
01-01 00:55:35.720 D/ ( 0): mv2112_read_status
01-01 00:55:35.724 D/mv2112_update_link( 0): 3.0x901(1G): 0x80
01-01 00:55:35.730 D/mv2112_update_link( 0): 3.0x8109(100M): 0x0
01-01 00:55:35.735 D/mv2112_update_link( 0): link 0x0
01-01 00:55:35.739 D/mv2112_read_status( 0): autoneg is disabled
01-01 00:55:36.478 I/init ( 0): starting service 'qvrd_vndr'...
01-01 00:55:36.484 I/init ( 0): Created socket '/dev/socket/qvrservice_vndr', mode 660, user 1000, group 1000
01-01 00:55:36.495 I/init ( 0): Created socket '/dev/socket/qvrservice_vndr_camera', mode 660, user 1000, group 1000
01-01 00:55:36.513 I/init ( 0): starting service 'sxrd'...
01-01 00:55:36.527 I/init ( 0): starting service 'vendor.light-hal-2-0'...
01-01 00:55:36.543 I/init ( 0): Service 'qvrd_vndr' (pid 28234) exited with status 1
01-01 00:55:36.550 I/init ( 0): Sending signal 9 to service 'qvrd_vndr' (pid 28234) process group...
01-01 00:55:36.558 I/libprocessgroup( 0): Successfully killed process cgroup uid 1000 pid 28234 in 0ms
01-01 00:55:36.568 I/init ( 0): Service 'sxrd' (pid 28239) exited with status 1
01-01 00:55:36.575 I/init ( 0): Sending signal 9 to service 'sxrd' (pid 28239) process group...
08-22 18:31:28.789 F/linker (28234): CANNOT LINK EXECUTABLE "/vendor/bin/hw/qvrservice": library "vendor.qti.hardware.qxr-V1-ndk_platform.so" not found: needed by /vendor/lib64/libqvrservice.so in namespace (default)
08-22 18:31:28.796 F/linker (28239): CANNOT LINK EXECUTABLE "/vendor/bin/hw/sxrservice": library "vendor.qti.hardware.qxr-V1-ndk_platform.so" not found: needed by main executable
01-01 00:55:36.744 D/ ( 0): mv2112_read_status
01-01 00:55:36.748 D/mv2112_update_link( 0): 3.0x901(1G): 0x80
01-01 00:55:36.753 D/mv2112_update_link( 0): 3.0x8109(100M): 0x0
01-01 00:55:36.758 D/mv2112_update_link( 0): link 0x0
01-01 00:55:36.763 D/mv2112_read_status( 0): autoneg is disabled
01-01 00:55:37.772 D/ ( 0): mv2112_read_status
01-01 00:55:37.776 D/mv2112_update_link( 0): 3.0x901(1G): 0x80
01-01 00:55:37.781 D/mv2112_update_link( 0): 3.0x8109(100M): 0x0
01-01 00:55:37.786 D/mv2112_update_link( 0): link 0x0
01-01 00:55:37.790 D/mv2112_read_status( 0): autoneg is disabled
01-01 00:55:38.792 D/ ( 0): mv2112_read_status
01-01 00:55:38.796 D/mv2112_update_link( 0): 3.0x901(1G): 0x80
01-01 00:55:38.803 D/mv2112_update_link( 0): 3.0x8109(100M): 0x0
01-01 00:55:38.810 D/mv2112_update_link( 0): link 0x0
01-01 00:55:38.816 D/mv2112_read_status( 0): autoneg is disabled
01-01 00:55:39.852 D/ ( 0): mv2112_read_status
01-01 00:55:39.856 D/mv2112_update_link( 0): 3.0x901(1G): 0x80
01-01 00:55:39.861 D/mv2112_update_link( 0): 3.0x8109(100M): 0x0
01-01 00:55:39.866 D/mv2112_update_link( 0): link 0x0
01-01 00:55:39.874 D/mv2112_read_status( 0): autoneg is disabled
01-01 00:55:40.904 D/ ( 0): mv2112_read_status
01-01 00:55:40.908 D/mv2112_update_link( 0): 3.0x901(1G): 0x80
01-01 00:55:40.914 D/mv2112_update_link( 0): 3.0x8109(100M): 0x0
01-01 00:55:40.919 D/mv2112_update_link( 0): link 0x0
01-01 00:55:40.923 D/mv2112_read_status( 0): autoneg is disabled
01-01 00:55:41.516 I/init ( 0): starting service 'qvrd_vndr'...
01-01 00:55:41.523 I/init ( 0): Created socket '/dev/socket/qvrservice_vndr', mode 660, user 1000, group 1000
01-01 00:55:41.533 I/init ( 0): Created socket '/dev/socket/qvrservice_vndr_camera', mode 660, user 1000, group 1000
01-01 00:55:41.554 I/init ( 0): starting service 'sxrd'...
01-01 00:55:41.570 I/init ( 0): starting service 'vendor.light-hal-2-0'...
01-01 00:55:41.591 I/init ( 0): Service 'qvrd_vndr' (pid 30073) exited with status 1
01-01 00:55:41.598 I/init ( 0): Sending signal 9 to service 'qvrd_vndr' (pid 30073) process group...
01-01 00:55:41.606 I/libprocessgroup( 0): Successfully killed process cgroup uid 1000 pid 30073 in 0ms
01-01 00:55:41.616 I/init ( 0): Service 'sxrd' (pid 30079) exited with status 1
01-01 00:55:41.623 I/init ( 0): Sending signal 9 to service 'sxrd' (pid 30079) process group...
08-22 18:31:33.836 F/linker (30073): CANNOT LINK EXECUTABLE "/vendor/bin/hw/qvrservice": library "vendor.qti.hardware.qxr-V1-ndk_platform.so" not found: needed by /vendor/lib64/libqvrservice.so in namespace (default)
08-22 18:31:33.838 F/linker (30079): CANNOT LINK EXECUTABLE "/vendor/bin/hw/sxrservice": library "vendor.qti.hardware.qxr-V1-ndk_platform.so" not found: needed by main executable
01-01 00:55:41.928 D/ ( 0): mv2112_read_status
01-01 00:55:41.932 D/mv2112_update_link( 0): 3.0x901(1G): 0x80
01-01 00:55:41.940 D/mv2112_update_link( 0): 3.0x8109(100M): 0x0
01-01 00:55:41.946 D/mv2112_update_link( 0): link 0x0
01-01 00:55:41.950 D/mv2112_read_status( 0): autoneg is disabled
01-01 00:55:42.952 D/ ( 0): mv2112_read_status
01-01 00:55:42.956 D/mv2112_update_link( 0): 3.0x901(1G): 0x80
01-01 00:55:42.962 D/mv2112_update_link( 0): 3.0x8109(100M): 0x0
01-01 00:55:42.968 D/mv2112_update_link( 0): link 0x0
01-01 00:55:42.973 D/mv2112_read_status( 0): autoneg is disabled
01-01 00:55:43.976 D/ ( 0): mv2112_read_status
01-01 00:55:43.980 D/mv2112_update_link( 0): 3.0x901(1G): 0x80
01-01 00:55:43.987 D/mv2112_update_link( 0): 3.0x8109(100M): 0x0
01-01 00:55:43.998 D/mv2112_update_link( 0): link 0x0
01-01 00:55:44.002 D/mv2112_read_status( 0): autoneg is disabled
01-01 00:55:45.037 D/ ( 0): mv2112_read_status
01-01 00:55:45.044 D/mv2112_update_link( 0): 3.0x901(1G): 0x80
01-01 00:55:45.054 D/mv2112_update_link( 0): 3.0x8109(100M): 0x0
01-01 00:55:45.059 D/mv2112_update_link( 0): link 0x0
01-01 00:55:45.063 D/mv2112_read_status( 0): autoneg is disabled
01-01 00:55:46.089 D/ ( 0): mv2112_read_status
01-01 00:55:46.092 D/mv2112_update_link( 0): 3.0x901(1G): 0x80
01-01 00:55:46.097 D/mv2112_update_link( 0): 3.0x8109(100M): 0x0
01-01 00:55:46.103 D/mv2112_update_link( 0): link 0x0
01-01 00:55:46.108 D/mv2112_read_status( 0): autoneg is disabled
01-01 00:55:46.555 I/init ( 0): starting service 'qvrd_vndr'...
01-01 00:55:46.561 I/init ( 0): Created socket '/dev/socket/qvrservice_vndr', mode 660, user 1000, group 1000
01-01 00:55:46.571 I/init ( 0): Created socket '/dev/socket/qvrservice_vndr_camera', mode 660, user 1000, group 1000
01-01 00:55:46.592 I/init ( 0): starting service 'sxrd'...
01-01 00:55:46.607 I/init ( 0): starting service 'vendor.light-hal-2-0'...
01-01 00:55:46.621 I/init ( 0): Service 'sxrd' (pid 31996) exited with status 1
01-01 00:55:46.628 I/init ( 0): Sending signal 9 to service 'sxrd' (pid 31996) process group...
01-01 00:55:46.636 I/libprocessgroup( 0): Successfully killed process cgroup uid 1000 pid 31996 in 0ms
01-01 00:55:46.646 I/init ( 0): Service 'qvrd_vndr' (pid 31993) exited with status 1
01-01 00:55:46.653 I/init ( 0): Sending signal 9 to service 'qvrd_vndr' (pid 31993) process group...
08-22 18:31:38.861 F/linker (31996): CANNOT LINK EXECUTABLE "/vendor/bin/hw/sxrservice": library "vendor.qti.hardware.qxr-V1-ndk_platform.so" not found: needed by main executable
08-22 18:31:38.874 F/linker (31993): CANNOT LINK EXECUTABLE "/vendor/bin/hw/qvrservice": library "vendor.qti.hardware.qxr-V1-ndk_platform.so" not found: needed by /vendor/lib64/libqvrservice.so in namespace (default)
01-01 00:55:47.112 D/ ( 0): mv2112_read_status
01-01 00:55:47.116 D/mv2112_update_link( 0): 3.0x901(1G): 0x80
01-01 00:55:47.122 D/mv2112_update_link( 0): 3.0x8109(100M): 0x0
01-01 00:55:47.131 D/mv2112_update_link( 0): link 0x0
01-01 00:55:47.136 D/mv2112_read_status( 0): autoneg is disabled
01-01 00:55:48.169 D/ ( 0): mv2112_read_status
01-01 00:55:48.173 D/mv2112_update_link( 0): 3.0x901(1G): 0x80
01-01 00:55:48.179 D/mv2112_update_link( 0): 3.0x8109(100M): 0x0
01-01 00:55:48.185 D/mv2112_update_link( 0): link 0x0
01-01 00:55:48.189 D/mv2112_read_status( 0): autoneg is disabled
01-01 00:55:49.197 D/ ( 0): mv2112_read_status
01-01 00:55:49.201 D/mv2112_update_link( 0): 3.0x901(1G): 0x80
01-01 00:55:49.207 D/mv2112_update_link( 0): 3.0x8109(100M): 0x0
01-01 00:55:49.217 D/mv2112_update_link( 0): link 0x0
01-01 00:55:49.221 D/mv2112_read_status( 0): autoneg is disabled
01-01 00:55:50.249 D/ ( 0): mv2112_read_status
01-01 00:55:50.252 D/mv2112_update_link( 0): 3.0x901(1G): 0x80
01-01 00:55:50.257 D/mv2112_update_link( 0): 3.0x8109(100M): 0x0
01-01 00:55:50.263 D/mv2112_update_link( 0): link 0x0
01-01 00:55:50.268 D/mv2112_read_status( 0): autoneg is disabled
01-01 00:55:51.273 D/ ( 0): mv2112_read_status
01-01 00:55:51.277 D/mv2112_update_link( 0): 3.0x901(1G): 0x80
01-01 00:55:51.282 D/mv2112_update_link( 0): 3.0x8109(100M): 0x0
01-01 00:55:51.288 D/mv2112_update_link( 0): link 0x0
01-01 00:55:51.292 D/mv2112_read_status( 0): autoneg is disabled
01-01 00:55:51.592 I/init ( 0): starting service 'qvrd_vndr'...
01-01 00:55:51.599 I/init ( 0): Created socket '/dev/socket/qvrservice_vndr', mode 660, user 1000, group 1000
01-01 00:55:51.609 I/init ( 0): Created socket '/dev/socket/qvrservice_vndr_camera', mode 660, user 1000, group 1000
01-01 00:55:51.629 I/init ( 0): starting service 'sxrd'...
01-01 00:55:51.650 I/init ( 0): starting service 'vendor.light-hal-2-0'...
01-01 00:55:51.664 I/init ( 0): Service 'qvrd_vndr' (pid 2132) exited with status 1
01-01 00:55:51.670 I/init ( 0): Sending signal 9 to service 'qvrd_vndr' (pid 2132) process group...
01-01 00:55:51.679 I/libprocessgroup( 0): Successfully killed process cgroup uid 1000 pid 2132 in 0ms
01-01 00:55:51.689 I/init ( 0): Service 'sxrd' (pid 2139) exited with status 1
01-01 00:55:51.695 I/init ( 0): Sending signal 9 to service 'sxrd' (pid 2139) process group...
08-22 18:31:43.895 F/linker ( 2132): CANNOT LINK EXECUTABLE "/vendor/bin/hw/qvrservice": library "vendor.qti.hardware.qxr-V1-ndk_platform.so" not found: needed by /vendor/lib64/libqvrservice.so in namespace (default)
08-22 18:31:43.898 F/linker ( 2139): CANNOT LINK EXECUTABLE "/vendor/bin/hw/sxrservice": library "vendor.qti.hardware.qxr-V1-ndk_platform.so" not found: needed by main executable
01-01 00:55:52.296 D/ ( 0): mv2112_read_status
01-01 00:55:52.300 D/mv2112_update_link( 0): 3.0x901(1G): 0x80
01-01 00:55:52.313 D/mv2112_update_link( 0): 3.0x8109(100M): 0x0
01-01 00:55:52.318 D/mv2112_update_link( 0): link 0x0
01-01 00:55:52.323 D/mv2112_read_status( 0): autoneg is disabled
01-01 00:55:53.352 D/ ( 0): mv2112_read_status
01-01 00:55:53.356 D/mv2112_update_link( 0): 3.0x901(1G): 0x80
01-01 00:55:53.361 D/mv2112_update_link( 0): 3.0x8109(100M): 0x0
01-01 00:55:53.366 D/mv2112_update_link( 0): link 0x0
01-01 00:55:53.373 D/mv2112_read_status( 0): autoneg is disabled
01-01 00:55:54.380 D/ ( 0): mv2112_read_status
01-01 00:55:54.387 D/mv2112_update_link( 0): 3.0x901(1G): 0x80
01-01 00:55:54.392 D/mv2112_update_link( 0): 3.0x8109(100M): 0x0
01-01 00:55:54.397 D/mv2112_update_link( 0): link 0x0
01-01 00:55:54.403 D/mv2112_read_status( 0): autoneg is disabled
01-01 00:55:55.432 D/ ( 0): mv2112_read_status
01-01 00:55:55.436 D/mv2112_update_link( 0): 3.0x901(1G): 0x80
01-01 00:55:55.443 D/mv2112_update_link( 0): 3.0x8109(100M): 0x0
01-01 00:55:55.449 D/mv2112_update_link( 0): link 0x0
01-01 00:55:55.453 D/mv2112_read_status( 0): autoneg is disabled
01-01 00:55:56.457 D/ ( 0): mv2112_read_status
01-01 00:55:56.462 D/mv2112_update_link( 0): 3.0x901(1G): 0x80
01-01 00:55:56.468 D/mv2112_update_link( 0): 3.0x8109(100M): 0x0
01-01 00:55:56.476 D/mv2112_update_link( 0): link 0x0
01-01 00:55:56.480 D/mv2112_read_status( 0): autoneg is disabled
01-01 00:55:56.630 I/init ( 0): starting service 'qvrd_vndr'...
01-01 00:55:56.635 I/init ( 0): Created socket '/dev/socket/qvrservice_vndr', mode 660, user 1000, group 1000
01-01 00:55:56.645 I/init ( 0): Created socket '/dev/socket/qvrservice_vndr_camera', mode 660, user 1000, group 1000
01-01 00:55:56.666 I/init ( 0): starting service 'sxrd'...
01-01 00:55:56.680 I/init ( 0): starting service 'vendor.light-hal-2-0'...
01-01 00:55:56.698 I/init ( 0): Service 'sxrd' (pid 4762) exited with status 1
01-01 00:55:56.704 I/init ( 0): Sending signal 9 to service 'sxrd' (pid 4762) process group...
01-01 00:55:56.712 I/libprocessgroup( 0): Successfully killed process cgroup uid 1000 pid 4762 in 0ms
01-01 00:55:56.722 I/init ( 0): Service 'qvrd_vndr' (pid 4756) exited with status 1
01-01 00:55:56.728 I/init ( 0): Sending signal 9 to service 'qvrd_vndr' (pid 4756) process group...
08-22 18:31:48.944 F/linker ( 4762): CANNOT LINK EXECUTABLE "/vendor/bin/hw/sxrservice": library "vendor.qti.hardware.qxr-V1-ndk_platform.so" not found: needed by main executable
08-22 18:31:48.948 F/linker ( 4756): CANNOT LINK EXECUTABLE "/vendor/bin/hw/qvrservice": library "vendor.qti.hardware.qxr-V1-ndk_platform.so" not found: needed by /vendor/lib64/libqvrservice.so in namespace (default)
01-01 00:55:57.512 D/ ( 0): mv2112_read_status
01-01 00:55:57.516 D/mv2112_update_link( 0): 3.0x901(1G): 0x80
01-01 00:55:57.521 D/mv2112_update_link( 0): 3.0x8109(100M): 0x0
01-01 00:55:57.530 D/mv2112_update_link( 0): link 0x0
01-01 00:55:57.536 D/mv2112_read_status( 0): autoneg is disabled
01-01 00:55:58.568 D/ ( 0): mv2112_read_status
01-01 00:55:58.572 D/mv2112_update_link( 0): 3.0x901(1G): 0x80
01-01 00:55:58.577 D/mv2112_update_link( 0): 3.0x8109(100M): 0x0
01-01 00:55:58.582 D/mv2112_update_link( 0): link 0x0
01-01 00:55:58.588 D/mv2112_read_status( 0): autoneg is disabled
01-01 00:55:59.593 D/ ( 0): mv2112_read_status
01-01 00:55:59.596 D/mv2112_update_link( 0): 3.0x901(1G): 0x80
01-01 00:55:59.604 D/mv2112_update_link( 0): 3.0x8109(100M): 0x0
01-01 00:55:59.609 D/mv2112_update_link( 0): link 0x0
01-01 00:55:59.614 D/mv2112_read_status( 0): autoneg is disabled
01-01 00:56:00.616 D/ ( 0): mv2112_read_status
01-01 00:56:00.620 D/mv2112_update_link( 0): 3.0x901(1G): 0x80
01-01 00:56:00.626 D/mv2112_update_link( 0): 3.0x8109(100M): 0x0
01-01 00:56:00.632 D/mv2112_update_link( 0): link 0x0
01-01 00:56:00.636 D/mv2112_read_status( 0): autoneg is disabled
01-01 00:56:01.640 D/ ( 0): mv2112_read_status
01-01 00:56:01.644 D/mv2112_update_link( 0): 3.0x901(1G): 0x80
01-01 00:56:01.649 D/mv2112_update_link( 0): 3.0x8109(100M): 0x0
01-01 00:56:01.655 D/mv2112_update_link( 0): link 0x0
01-01 00:56:01.659 D/mv2112_read_status( 0): autoneg is disabled
01-01 00:56:01.667 I/init ( 0): starting service 'qvrd_vndr'...
01-01 00:56:01.673 I/init ( 0): Created socket '/dev/socket/qvrservice_vndr', mode 660, user 1000, group 1000
01-01 00:56:01.683 I/init ( 0): Created socket '/dev/socket/qvrservice_vndr_camera', mode 660, user 1000, group 1000
01-01 00:56:01.705 I/init ( 0): starting service 'sxrd'...
01-01 00:56:01.720 I/init ( 0): starting service 'vendor.light-hal-2-0'...
01-01 00:56:01.740 I/init ( 0): Service 'sxrd' (pid 6674) exited with status 1
01-01 00:56:01.746 I/init ( 0): Sending signal 9 to service 'sxrd' (pid 6674) process group...
01-01 00:56:01.754 I/libprocessgroup( 0): Successfully killed process cgroup uid 1000 pid 6674 in 0ms
01-01 00:56:01.764 I/init ( 0): Service 'qvrd_vndr' (pid 6667) exited with status 1
01-01 00:56:01.771 I/init ( 0): Sending signal 9 to service 'qvrd_vndr' (pid 6667) process group...
08-22 18:31:53.986 F/linker ( 6674): CANNOT LINK EXECUTABLE "/vendor/bin/hw/sxrservice": library "vendor.qti.hardware.qxr-V1-ndk_platform.so" not found: needed by main executable
08-22 18:31:53.989 F/linker ( 6667): CANNOT LINK EXECUTABLE "/vendor/bin/hw/qvrservice": library "vendor.qti.hardware.qxr-V1-ndk_platform.so" not found: needed by /vendor/lib64/libqvrservice.so in namespace (default)
01-01 00:56:02.664 D/ ( 0): mv2112_read_status
01-01 00:56:02.668 D/mv2112_update_link( 0): 3.0x901(1G): 0x80
01-01 00:56:02.673 D/mv2112_update_link( 0): 3.0x8109(100M): 0x0
01-01 00:56:02.680 D/mv2112_update_link( 0): link 0x0
01-01 00:56:02.684 D/mv2112_read_status( 0): autoneg is disabled
01-01 00:56:03.688 D/ ( 0): mv2112_read_status
01-01 00:56:03.692 D/mv2112_update_link( 0): 3.0x901(1G): 0x80
01-01 00:56:03.697 D/mv2112_update_link( 0): 3.0x8109(100M): 0x0
01-01 00:56:03.703 D/mv2112_update_link( 0): link 0x0
01-01 00:56:03.707 D/mv2112_read_status( 0): autoneg is disabled
01-01 00:56:04.715 D/ ( 0): mv2112_read_status
01-01 00:56:04.719 D/mv2112_update_link( 0): 3.0x901(1G): 0x80
01-01 00:56:04.726 D/mv2112_update_link( 0): 3.0x8109(100M): 0x0
01-01 00:56:04.732 D/mv2112_update_link( 0): link 0x0
01-01 00:56:04.736 D/mv2112_read_status( 0): autoneg is disabled
01-01 00:56:05.770 D/ ( 0): mv2112_read_status
01-01 00:56:05.775 D/mv2112_update_link( 0): 3.0x901(1G): 0x80
