08-22 18:00:40.938 F/linker ( 9157): CANNOT LINK EXECUTABLE "/vendor/bin/hw/qvrservice": library "vendor.qti.hardware.qxr-V1-ndk_platform.so" not found: needed by /vendor/lib64/libqvrservice.so in namespace (default)
08-22 18:00:45.962 F/linker (10247): CANNOT LINK EXECUTABLE "/vendor/bin/hw/sxrservice": library "vendor.qti.hardware.qxr-V1-ndk_platform.so" not found: needed by main executable
08-22 18:00:45.965 F/linker (10244): CANNOT LINK EXECUTABLE "/vendor/bin/hw/qvrservice": library "vendor.qti.hardware.qxr-V1-ndk_platform.so" not found: needed by /vendor/lib64/libqvrservice.so in namespace (default)
08-22 18:00:51.016 F/linker (11374): CANNOT LINK EXECUTABLE "/vendor/bin/hw/qvrservice": library "vendor.qti.hardware.qxr-V1-ndk_platform.so" not found: needed by /vendor/lib64/libqvrservice.so in namespace (default)
08-22 18:00:51.024 F/linker (11377): CANNOT LINK EXECUTABLE "/vendor/bin/hw/sxrservice": library "vendor.qti.hardware.qxr-V1-ndk_platform.so" not found: needed by main executable
08-22 18:00:56.054 F/linker (12508): CANNOT LINK EXECUTABLE "/vendor/bin/hw/qvrservice": library "vendor.qti.hardware.qxr-V1-ndk_platform.so" not found: needed by /vendor/lib64/libqvrservice.so in namespace (default)
08-22 18:00:56.072 F/linker (12510): CANNOT LINK EXECUTABLE "/vendor/bin/hw/sxrservice": library "vendor.qti.hardware.qxr-V1-ndk_platform.so" not found: needed by main executable
08-22 18:01:01.073 F/linker (13609): CANNOT LINK EXECUTABLE "/vendor/bin/hw/qvrservice": library "vendor.qti.hardware.qxr-V1-ndk_platform.so" not found: needed by /vendor/lib64/libqvrservice.so in namespace (default)
08-22 18:01:01.081 F/linker (13615): CANNOT LINK EXECUTABLE "/vendor/bin/hw/sxrservice": library "vendor.qti.hardware.qxr-V1-ndk_platform.so" not found: needed by main executable
08-22 18:01:06.135 F/linker (14720): CANNOT LINK EXECUTABLE "/vendor/bin/hw/qvrservice": library "vendor.qti.hardware.qxr-V1-ndk_platform.so" not found: needed by /vendor/lib64/libqvrservice.so in namespace (default)
08-22 18:01:06.150 F/linker (14725): CANNOT LINK EXECUTABLE "/vendor/bin/hw/sxrservice": library "vendor.qti.hardware.qxr-V1-ndk_platform.so" not found: needed by main executable
08-22 18:01:11.170 F/linker (15876): CANNOT LINK EXECUTABLE "/vendor/bin/hw/sxrservice": library "vendor.qti.hardware.qxr-V1-ndk_platform.so" not found: needed by main executable
08-22 18:01:11.177 F/linker (15872): CANNOT LINK EXECUTABLE "/vendor/bin/hw/qvrservice": library "vendor.qti.hardware.qxr-V1-ndk_platform.so" not found: needed by /vendor/lib64/libqvrservice.so in namespace (default)
08-22 18:01:16.206 F/linker (17033): CANNOT LINK EXECUTABLE "/vendor/bin/hw/sxrservice": library "vendor.qti.hardware.qxr-V1-ndk_platform.so" not found: needed by main executable
08-22 18:01:16.209 F/linker (17028): CANNOT LINK EXECUTABLE "/vendor/bin/hw/qvrservice": library "vendor.qti.hardware.qxr-V1-ndk_platform.so" not found: needed by /vendor/lib64/libqvrservice.so in namespace (default)
08-22 18:01:21.241 F/linker (18184): CANNOT LINK EXECUTABLE "/vendor/bin/hw/qvrservice": library "vendor.qti.hardware.qxr-V1-ndk_platform.so" not found: needed by /vendor/lib64/libqvrservice.so in namespace (default)
08-22 18:01:21.251 F/linker (18190): CANNOT LINK EXECUTABLE "/vendor/bin/hw/sxrservice": library "vendor.qti.hardware.qxr-V1-ndk_platform.so" not found: needed by main executable
08-22 18:01:26.244 F/linker (19337): CANNOT LINK EXECUTABLE "/vendor/bin/hw/qvrservice": library "vendor.qti.hardware.qxr-V1-ndk_platform.so" not found: needed by /vendor/lib64/libqvrservice.so in namespace (default)
08-22 18:01:26.254 F/linker (19348): CANNOT LINK EXECUTABLE "/vendor/bin/hw/sxrservice": library "vendor.qti.hardware.qxr-V1-ndk_platform.so" not found: needed by main executable
08-22 18:01:31.293 F/linker (20438): CANNOT LINK EXECUTABLE "/vendor/bin/hw/qvrservice": library "vendor.qti.hardware.qxr-V1-ndk_platform.so" not found: needed by /vendor/lib64/libqvrservice.so in namespace (default)
08-22 18:01:31.313 F/linker (20442): CANNOT LINK EXECUTABLE "/vendor/bin/hw/sxrservice": library "vendor.qti.hardware.qxr-V1-ndk_platform.so" not found: needed by main executable
08-22 18:01:36.331 F/linker (21528): CANNOT LINK EXECUTABLE "/vendor/bin/hw/qvrservice": library "vendor.qti.hardware.qxr-V1-ndk_platform.so" not found: needed by /vendor/lib64/libqvrservice.so in namespace (default)
08-22 18:01:36.352 F/linker (21530): CANNOT LINK EXECUTABLE "/vendor/bin/hw/sxrservice": library "vendor.qti.hardware.qxr-V1-ndk_platform.so" not found: needed by main executable
08-22 18:01:41.370 F/linker (22710): CANNOT LINK EXECUTABLE "/vendor/bin/hw/sxrservice": library "vendor.qti.hardware.qxr-V1-ndk_platform.so" not found: needed by main executable
08-22 18:01:41.375 F/linker (22706): CANNOT LINK EXECUTABLE "/vendor/bin/hw/qvrservice": library "vendor.qti.hardware.qxr-V1-ndk_platform.so" not found: needed by /vendor/lib64/libqvrservice.so in namespace (default)
08-22 18:01:46.404 F/linker (23863): CANNOT LINK EXECUTABLE "/vendor/bin/hw/qvrservice": library "vendor.qti.hardware.qxr-V1-ndk_platform.so" not found: needed by /vendor/lib64/libqvrservice.so in namespace (default)
08-22 18:01:46.413 F/linker (23868): CANNOT LINK EXECUTABLE "/vendor/bin/hw/sxrservice": library "vendor.qti.hardware.qxr-V1-ndk_platform.so" not found: needed by main executable
08-22 18:01:49.991 I/UsageStatsService( 1164): User[0] Flushing usage stats to disk
08-22 18:01:51.437 F/linker (25036): CANNOT LINK EXECUTABLE "/vendor/bin/hw/sxrservice": library "vendor.qti.hardware.qxr-V1-ndk_platform.so" not found: needed by main executable
08-22 18:01:51.442 F/linker (25033): CANNOT LINK EXECUTABLE "/vendor/bin/hw/qvrservice": library "vendor.qti.hardware.qxr-V1-ndk_platform.so" not found: needed by /vendor/lib64/libqvrservice.so in namespace (default)
08-22 18:01:56.483 F/linker (26225): CANNOT LINK EXECUTABLE "/vendor/bin/hw/qvrservice": library "vendor.qti.hardware.qxr-V1-ndk_platform.so" not found: needed by /vendor/lib64/libqvrservice.so in namespace (default)
08-22 18:01:56.508 F/linker (26231): CANNOT LINK EXECUTABLE "/vendor/bin/hw/sxrservice": library "vendor.qti.hardware.qxr-V1-ndk_platform.so" not found: needed by main executable
08-22 18:02:01.484 F/linker (27351): CANNOT LINK EXECUTABLE "/vendor/bin/hw/qvrservice": library "vendor.qti.hardware.qxr-V1-ndk_platform.so" not found: needed by /vendor/lib64/libqvrservice.so in namespace (default)
08-22 18:02:01.498 F/linker (27357): CANNOT LINK EXECUTABLE "/vendor/bin/hw/sxrservice": library "vendor.qti.hardware.qxr-V1-ndk_platform.so" not found: needed by main executable
08-22 18:02:06.531 F/linker (28551): CANNOT LINK EXECUTABLE "/vendor/bin/hw/sxrservice": library "vendor.qti.hardware.qxr-V1-ndk_platform.so" not found: needed by main executable
08-22 18:02:06.535 F/linker (28543): CANNOT LINK EXECUTABLE "/vendor/bin/hw/qvrservice": library "vendor.qti.hardware.qxr-V1-ndk_platform.so" not found: needed by /vendor/lib64/libqvrservice.so in namespace (default)
08-22 18:02:11.568 F/linker (29759): CANNOT LINK EXECUTABLE "/vendor/bin/hw/sxrservice": library "vendor.qti.hardware.qxr-V1-ndk_platform.so" not found: needed by main executable
08-22 18:02:11.576 F/linker (29753): CANNOT LINK EXECUTABLE "/vendor/bin/hw/qvrservice": library "vendor.qti.hardware.qxr-V1-ndk_platform.so" not found: needed by /vendor/lib64/libqvrservice.so in namespace (default)
08-22 18:02:16.618 F/linker (30975): CANNOT LINK EXECUTABLE "/vendor/bin/hw/qvrservice": library "vendor.qti.hardware.qxr-V1-ndk_platform.so" not found: needed by /vendor/lib64/libqvrservice.so in namespace (default)
08-22 18:02:16.628 F/linker (30981): CANNOT LINK EXECUTABLE "/vendor/bin/hw/sxrservice": library "vendor.qti.hardware.qxr-V1-ndk_platform.so" not found: needed by main executable
08-22 18:02:21.657 F/linker (32077): CANNOT LINK EXECUTABLE "/vendor/bin/hw/qvrservice": library "vendor.qti.hardware.qxr-V1-ndk_platform.so" not found: needed by /vendor/lib64/libqvrservice.so in namespace (default)
08-22 18:02:21.669 F/linker (32085): CANNOT LINK EXECUTABLE "/vendor/bin/hw/sxrservice": library "vendor.qti.hardware.qxr-V1-ndk_platform.so" not found: needed by main executable
08-22 18:02:26.673 F/linker ( 1238): CANNOT LINK EXECUTABLE "/vendor/bin/hw/qvrservice": library "vendor.qti.hardware.qxr-V1-ndk_platform.so" not found: needed by /vendor/lib64/libqvrservice.so in namespace (default)
08-22 18:02:26.680 F/linker ( 1263): CANNOT LINK EXECUTABLE "/vendor/bin/hw/sxrservice": library "vendor.qti.hardware.qxr-V1-ndk_platform.so" not found: needed by main executable
08-22 18:02:31.721 F/linker ( 3208): CANNOT LINK EXECUTABLE "/vendor/bin/hw/sxrservice": library "vendor.qti.hardware.qxr-V1-ndk_platform.so" not found: needed by main executable
08-22 18:02:31.735 F/linker ( 3200): CANNOT LINK EXECUTABLE "/vendor/bin/hw/qvrservice": library "vendor.qti.hardware.qxr-V1-ndk_platform.so" not found: needed by /vendor/lib64/libqvrservice.so in namespace (default)
08-22 18:02:36.768 F/linker ( 4776): CANNOT LINK EXECUTABLE "/vendor/bin/hw/qvrservice": library "vendor.qti.hardware.qxr-V1-ndk_platform.so" not found: needed by /vendor/lib64/libqvrservice.so in namespace (default)
08-22 18:02:36.776 F/linker ( 4783): CANNOT LINK EXECUTABLE "/vendor/bin/hw/sxrservice": library "vendor.qti.hardware.qxr-V1-ndk_platform.so" not found: needed by main executable
08-22 18:02:41.794 F/linker ( 6017): CANNOT LINK EXECUTABLE "/vendor/bin/hw/qvrservice": library "vendor.qti.hardware.qxr-V1-ndk_platform.so" not found: needed by /vendor/lib64/libqvrservice.so in namespace (default)
08-22 18:02:41.814 F/linker ( 6024): CANNOT LINK EXECUTABLE "/vendor/bin/hw/sxrservice": library "vendor.qti.hardware.qxr-V1-ndk_platform.so" not found: needed by main executable
08-22 18:02:46.837 F/linker ( 7189): CANNOT LINK EXECUTABLE "/vendor/bin/hw/qvrservice": library "vendor.qti.hardware.qxr-V1-ndk_platform.so" not found: needed by /vendor/lib64/libqvrservice.so in namespace (default)
08-22 18:02:46.851 F/linker ( 7196): CANNOT LINK EXECUTABLE "/vendor/bin/hw/sxrservice": library "vendor.qti.hardware.qxr-V1-ndk_platform.so" not found: needed by main executable
08-22 18:02:51.861 F/linker ( 8362): CANNOT LINK EXECUTABLE "/vendor/bin/hw/qvrservice": library "vendor.qti.hardware.qxr-V1-ndk_platform.so" not found: needed by /vendor/lib64/libqvrservice.so in namespace (default)
08-22 18:02:51.872 F/linker ( 8363): CANNOT LINK EXECUTABLE "/vendor/bin/hw/sxrservice": library "vendor.qti.hardware.qxr-V1-ndk_platform.so" not found: needed by main executable
08-22 18:02:56.892 F/linker ( 9570): CANNOT LINK EXECUTABLE "/vendor/bin/hw/qvrservice": library "vendor.qti.hardware.qxr-V1-ndk_platform.so" not found: needed by /vendor/lib64/libqvrservice.so in namespace (default)
08-22 18:02:56.903 F/linker ( 9580): CANNOT LINK EXECUTABLE "/vendor/bin/hw/sxrservice": library "vendor.qti.hardware.qxr-V1-ndk_platform.so" not found: needed by main executable
08-22 18:03:01.930 F/linker (10514): CANNOT LINK EXECUTABLE "/vendor/bin/hw/qvrservice": library "vendor.qti.hardware.qxr-V1-ndk_platform.so" not found: needed by /vendor/lib64/libqvrservice.so in namespace (default)
08-22 18:03:01.953 F/linker (10521): CANNOT LINK EXECUTABLE "/vendor/bin/hw/sxrservice": library "vendor.qti.hardware.qxr-V1-ndk_platform.so" not found: needed by main executable
08-22 18:03:06.955 F/linker (11736): CANNOT LINK EXECUTABLE "/vendor/bin/hw/qvrservice": library "vendor.qti.hardware.qxr-V1-ndk_platform.so" not found: needed by /vendor/lib64/libqvrservice.so in namespace (default)
08-22 18:03:07.007 F/linker (11738): CANNOT LINK EXECUTABLE "/vendor/bin/hw/sxrservice": library "vendor.qti.hardware.qxr-V1-ndk_platform.so" not found: needed by main executable
08-22 18:03:12.002 F/linker (12996): CANNOT LINK EXECUTABLE "/vendor/bin/hw/qvrservice": library "vendor.qti.hardware.qxr-V1-ndk_platform.so" not found: needed by /vendor/lib64/libqvrservice.so in namespace (default)
08-22 18:03:12.010 F/linker (13001): CANNOT LINK EXECUTABLE "/vendor/bin/hw/sxrservice": library "vendor.qti.hardware.qxr-V1-ndk_platform.so" not found: needed by main executable
08-22 18:03:17.043 F/linker (14155): CANNOT LINK EXECUTABLE "/vendor/bin/hw/qvrservice": library "vendor.qti.hardware.qxr-V1-ndk_platform.so" not found: needed by /vendor/lib64/libqvrservice.so in namespace (default)
08-22 18:03:17.052 F/linker (14163): CANNOT LINK EXECUTABLE "/vendor/bin/hw/sxrservice": library "vendor.qti.hardware.qxr-V1-ndk_platform.so" not found: needed by main executable
08-22 18:03:22.061 F/linker (15346): CANNOT LINK EXECUTABLE "/vendor/bin/hw/qvrservice": library "vendor.qti.hardware.qxr-V1-ndk_platform.so" not found: needed by /vendor/lib64/libqvrservice.so in namespace (default)
08-22 18:03:22.069 F/linker (15353): CANNOT LINK EXECUTABLE "/vendor/bin/hw/sxrservice": library "vendor.qti.hardware.qxr-V1-ndk_platform.so" not found: needed by main executable
08-22 18:03:27.097 F/linker (16615): CANNOT LINK EXECUTABLE "/vendor/bin/hw/qvrservice": library "vendor.qti.hardware.qxr-V1-ndk_platform.so" not found: needed by /vendor/lib64/libqvrservice.so in namespace (default)
08-22 18:03:27.097 F/linker (16618): CANNOT LINK EXECUTABLE "/vendor/bin/hw/sxrservice": library "vendor.qti.hardware.qxr-V1-ndk_platform.so" not found: needed by main executable
08-22 18:03:32.109 F/linker (17860): CANNOT LINK EXECUTABLE "/vendor/bin/hw/qvrservice": library "vendor.qti.hardware.qxr-V1-ndk_platform.so" not found: needed by /vendor/lib64/libqvrservice.so in namespace (default)
08-22 18:03:32.123 F/linker (17866): CANNOT LINK EXECUTABLE "/vendor/bin/hw/sxrservice": library "vendor.qti.hardware.qxr-V1-ndk_platform.so" not found: needed by main executable
08-22 18:03:37.170 F/linker (19041): CANNOT LINK EXECUTABLE "/vendor/bin/hw/qvrservice": library "vendor.qti.hardware.qxr-V1-ndk_platform.so" not found: needed by /vendor/lib64/libqvrservice.so in namespace (default)
08-22 18:03:37.195 F/linker (19049): CANNOT LINK EXECUTABLE "/vendor/bin/hw/sxrservice": library "vendor.qti.hardware.qxr-V1-ndk_platform.so" not found: needed by main executable
08-22 18:03:42.191 F/linker (20261): CANNOT LINK EXECUTABLE "/vendor/bin/hw/qvrservice": library "vendor.qti.hardware.qxr-V1-ndk_platform.so" not found: needed by /vendor/lib64/libqvrservice.so in namespace (default)
08-22 18:03:42.200 F/linker (20268): CANNOT LINK EXECUTABLE "/vendor/bin/hw/sxrservice": library "vendor.qti.hardware.qxr-V1-ndk_platform.so" not found: needed by main executable
08-22 18:03:47.218 F/linker (21551): CANNOT LINK EXECUTABLE "/vendor/bin/hw/qvrservice": library "vendor.qti.hardware.qxr-V1-ndk_platform.so" not found: needed by /vendor/lib64/libqvrservice.so in namespace (default)
08-22 18:03:47.247 F/linker (21560): CANNOT LINK EXECUTABLE "/vendor/bin/hw/sxrservice": library "vendor.qti.hardware.qxr-V1-ndk_platform.so" not found: needed by main executable
08-22 18:03:52.237 F/linker (22802): CANNOT LINK EXECUTABLE "/vendor/bin/hw/qvrservice": library "vendor.qti.hardware.qxr-V1-ndk_platform.so" not found: needed by /vendor/lib64/libqvrservice.so in namespace (default)
08-22 18:03:52.250 F/linker (22817): CANNOT LINK EXECUTABLE "/vendor/bin/hw/sxrservice": library "vendor.qti.hardware.qxr-V1-ndk_platform.so" not found: needed by main executable
08-22 18:03:57.266 F/linker (24070): CANNOT LINK EXECUTABLE "/vendor/bin/hw/qvrservice": library "vendor.qti.hardware.qxr-V1-ndk_platform.so" not found: needed by /vendor/lib64/libqvrservice.so in namespace (default)
08-22 18:03:57.272 F/linker (24077): CANNOT LINK EXECUTABLE "/vendor/bin/hw/sxrservice": library "vendor.qti.hardware.qxr-V1-ndk_platform.so" not found: needed by main executable
08-22 18:04:02.288 F/linker (25146): CANNOT LINK EXECUTABLE "/vendor/bin/hw/qvrservice": library "vendor.qti.hardware.qxr-V1-ndk_platform.so" not found: needed by /vendor/lib64/libqvrservice.so in namespace (default)
08-22 18:04:02.304 F/linker (25150): CANNOT LINK EXECUTABLE "/vendor/bin/hw/sxrservice": library "vendor.qti.hardware.qxr-V1-ndk_platform.so" not found: needed by main executable
08-22 18:04:07.333 F/linker (26331): CANNOT LINK EXECUTABLE "/vendor/bin/hw/sxrservice": library "vendor.qti.hardware.qxr-V1-ndk_platform.so" not found: needed by main executable
08-22 18:04:07.335 F/linker (26328): CANNOT LINK EXECUTABLE "/vendor/bin/hw/qvrservice": library "vendor.qti.hardware.qxr-V1-ndk_platform.so" not found: needed by /vendor/lib64/libqvrservice.so in namespace (default)
08-22 18:04:12.356 F/linker (27640): CANNOT LINK EXECUTABLE "/vendor/bin/hw/sxrservice": library "vendor.qti.hardware.qxr-V1-ndk_platform.so" not found: needed by main executable
08-22 18:04:12.361 F/linker (27631): CANNOT LINK EXECUTABLE "/vendor/bin/hw/qvrservice": library "vendor.qti.hardware.qxr-V1-ndk_platform.so" not found: needed by /vendor/lib64/libqvrservice.so in namespace (default)
08-22 18:04:17.366 F/linker (28928): CANNOT LINK EXECUTABLE "/vendor/bin/hw/qvrservice": library "vendor.qti.hardware.qxr-V1-ndk_platform.so" not found: needed by /vendor/lib64/libqvrservice.so in namespace (default)
08-22 18:04:17.392 F/linker (28945): CANNOT LINK EXECUTABLE "/vendor/bin/hw/sxrservice": library "vendor.qti.hardware.qxr-V1-ndk_platform.so" not found: needed by main executable
08-22 18:04:22.407 F/linker (30221): CANNOT LINK EXECUTABLE "/vendor/bin/hw/qvrservice": library "vendor.qti.hardware.qxr-V1-ndk_platform.so" not found: needed by /vendor/lib64/libqvrservice.so in namespace (default)
08-22 18:04:22.413 F/linker (30231): CANNOT LINK EXECUTABLE "/vendor/bin/hw/sxrservice": library "vendor.qti.hardware.qxr-V1-ndk_platform.so" not found: needed by main executable
08-22 18:04:27.467 F/linker (31515): CANNOT LINK EXECUTABLE "/vendor/bin/hw/qvrservice": library "vendor.qti.hardware.qxr-V1-ndk_platform.so" not found: needed by /vendor/lib64/libqvrservice.so in namespace (default)
08-22 18:04:27.475 F/linker (31524): CANNOT LINK EXECUTABLE "/vendor/bin/hw/sxrservice": library "vendor.qti.hardware.qxr-V1-ndk_platform.so" not found: needed by main executable
08-22 18:04:32.502 F/linker (32756): CANNOT LINK EXECUTABLE "/vendor/bin/hw/qvrservice": library "vendor.qti.hardware.qxr-V1-ndk_platform.so" not found: needed by /vendor/lib64/libqvrservice.so in namespace (default)
08-22 18:04:32.511 F/linker (32760): CANNOT LINK EXECUTABLE "/vendor/bin/hw/sxrservice": library "vendor.qti.hardware.qxr-V1-ndk_platform.so" not found: needed by main executable
08-22 18:04:37.540 F/linker ( 2475): CANNOT LINK EXECUTABLE "/vendor/bin/hw/qvrservice": library "vendor.qti.hardware.qxr-V1-ndk_platform.so" not found: needed by /vendor/lib64/libqvrservice.so in namespace (default)
08-22 18:04:37.549 F/linker ( 2479): CANNOT LINK EXECUTABLE "/vendor/bin/hw/sxrservice": library "vendor.qti.hardware.qxr-V1-ndk_platform.so" not found: needed by main executable
08-22 18:04:42.563 F/linker ( 4485): CANNOT LINK EXECUTABLE "/vendor/bin/hw/sxrservice": library "vendor.qti.hardware.qxr-V1-ndk_platform.so" not found: needed by main executable
08-22 18:04:42.574 F/linker ( 4480): CANNOT LINK EXECUTABLE "/vendor/bin/hw/qvrservice": library "vendor.qti.hardware.qxr-V1-ndk_platform.so" not found: needed by /vendor/lib64/libqvrservice.so in namespace (default)
08-22 18:04:47.592 F/linker ( 5791): CANNOT LINK EXECUTABLE "/vendor/bin/hw/qvrservice": library "vendor.qti.hardware.qxr-V1-ndk_platform.so" not found: needed by /vendor/lib64/libqvrservice.so in namespace (default)
08-22 18:04:47.622 F/linker ( 5800): CANNOT LINK EXECUTABLE "/vendor/bin/hw/sxrservice": library "vendor.qti.hardware.qxr-V1-ndk_platform.so" not found: needed by main executable
08-22 18:04:52.631 F/linker ( 7080): CANNOT LINK EXECUTABLE "/vendor/bin/hw/qvrservice": library "vendor.qti.hardware.qxr-V1-ndk_platform.so" not found: needed by /vendor/lib64/libqvrservice.so in namespace (default)
08-22 18:04:52.633 F/linker ( 7086): CANNOT LINK EXECUTABLE "/vendor/bin/hw/sxrservice": library "vendor.qti.hardware.qxr-V1-ndk_platform.so" not found: needed by main executable
08-22 18:04:57.652 F/linker ( 8344): CANNOT LINK EXECUTABLE "/vendor/bin/hw/qvrservice": library "vendor.qti.hardware.qxr-V1-ndk_platform.so" not found: needed by /vendor/lib64/libqvrservice.so in namespace (default)
08-22 18:04:57.673 F/linker ( 8354): CANNOT LINK EXECUTABLE "/vendor/bin/hw/sxrservice": library "vendor.qti.hardware.qxr-V1-ndk_platform.so" not found: needed by main executable
08-22 18:05:02.693 F/linker ( 9368): CANNOT LINK EXECUTABLE "/vendor/bin/hw/sxrservice": library "vendor.qti.hardware.qxr-V1-ndk_platform.so" not found: needed by main executable
08-22 18:05:02.697 F/linker ( 9363): CANNOT LINK EXECUTABLE "/vendor/bin/hw/qvrservice": library "vendor.qti.hardware.qxr-V1-ndk_platform.so" not found: needed by /vendor/lib64/libqvrservice.so in namespace (default)
08-22 18:05:05.245 I/DreamManagerService( 1164): Gently waking up from dream.
08-22 18:05:05.245 I/DreamManagerService( 1164): Performing gentle wake from dream.
08-22 18:05:05.335 I/PowerManagerService( 1164): Powering on display group fromDreaming (groupId=0, uid=1000, reason=WAKE_REASON_UNKNOWN, details=android.server.power:DREAM_FINISHED)...
08-22 18:05:05.335 I/PowerManagerService( 1164): Waking up from Dreaming (uid=1000, reason=WAKE_REASON_UNKNOWN, details=android.server.power:DREAM_FINISHED)...
08-22 18:05:05.620 I/DreamManagerService( 1164): Leaving dreamland.
08-22 18:05:05.621 I/DreamManagerService( 1164): Performing gentle wake from dream.
08-22 18:05:05.622 I/DreamController( 1164): Stopping dream: name=ComponentInfo{com.android.deskclock/com.android.deskclock.Screensaver}, isTest=false, canDoze=false, userId=0, reason='finished self'(from 'finished self')
08-22 18:05:05.633 W/ActivityTaskManager( 1164): Can't find TaskDisplayArea to determine support for multi window. Task id=12 attached=false
08-22 18:05:07.716 F/linker (10568): CANNOT LINK EXECUTABLE "/vendor/bin/hw/qvrservice": library "vendor.qti.hardware.qxr-V1-ndk_platform.so" not found: needed by /vendor/lib64/libqvrservice.so in namespace (default)
08-22 18:05:07.731 F/linker (10575): CANNOT LINK EXECUTABLE "/vendor/bin/hw/sxrservice": library "vendor.qti.hardware.qxr-V1-ndk_platform.so" not found: needed by main executable
08-22 18:05:12.729 F/linker (11647): CANNOT LINK EXECUTABLE "/vendor/bin/hw/qvrservice": library "vendor.qti.hardware.qxr-V1-ndk_platform.so" not found: needed by /vendor/lib64/libqvrservice.so in namespace (default)
08-22 18:05:12.740 F/linker (11651): CANNOT LINK EXECUTABLE "/vendor/bin/hw/sxrservice": library "vendor.qti.hardware.qxr-V1-ndk_platform.so" not found: needed by main executable
08-22 18:05:13.117 I/ActivityTaskManager( 1164): START u0 {act=android.intent.action.MAIN cat=[android.intent.category.LAUNCHER] flg=0x10200000 cmp=com.android.settings/.Settings bnds=[36,404][335,701]} from uid 10106
08-22 18:05:13.131 W/ActivityTaskManager( 1164): Can't find TaskDisplayArea to determine support for multi window. Task id=13 attached=false
08-22 18:05:13.138 D/CompatibilityChangeReporter( 1164): Compat change id reported: 174042980; UID 1000; state: DISABLED
08-22 18:05:13.147 D/PhoneStartingWindowTypeAlgorithm( 2258): preferredStartingWindowType newTask:true taskSwitch:true processRunning:false allowTaskSnapshot:true activityCreated:false useEmptySplashScreen:false legacySplashScreen:false topIsHome:false
08-22 18:05:13.148 D/StartingSurfaceDrawer( 2258): addSplashScreen com.android.settings theme=7f13033e task=13 suggestType=1
08-22 18:05:13.150 D/CompatibilityChangeReporter( 1164): Compat change id reported: 135634846; UID 1000; state: DISABLED
08-22 18:05:13.150 D/CompatibilityChangeReporter( 1164): Compat change id reported: 177438394; UID 1000; state: DISABLED
08-22 18:05:13.150 D/CompatibilityChangeReporter( 1164): Compat change id reported: 135772972; UID 1000; state: DISABLED
08-22 18:05:13.150 D/CompatibilityChangeReporter( 1164): Compat change id reported: 135754954; UID 1000; state: ENABLED
08-22 18:05:13.156 D/StartingSurfaceDrawer( 2258): window attributes color: 0 icon null duration 0 brandImage null
08-22 18:05:13.168 D/StartingSurfaceDrawer( 2258): FgMainColor=fff5f5f5 BgMainColor=ff00668b IsBgComplex=false FromCache=false ThemeColor=fff0f0f3
08-22 18:05:13.168 D/StartingSurfaceDrawer( 2258): isRgbSimilarInHsv a: fff0f0f3 b ff00668b contrast ratio: 5.6404657
08-22 18:05:13.168 D/StartingSurfaceDrawer( 2258): hsvDiff 44 ah 240.0 bh 195.97124 as 0.012345679 bs 1.0 av 0.9529412 bv 0.54509807 sqH 0.059753086581642245 sqS 0.975461072301087 sqV 0.16633600477712207 root 0.6328639041847389
08-22 18:05:13.168 D/StartingSurfaceDrawer( 2258): makeSplashScreenContentView: draw whole icon
08-22 18:05:13.173 D/StartingSurfaceDrawer( 2258): fillViewWithIcon surfaceWindowView android.window.SplashScreenView{b7aec67 V.E...... ......ID 0,0-0,0}
08-22 18:05:13.190 I/ActivityManager( 1164): Start proc 11753:com.android.settings/1000 for pre-top-activity {com.android.settings/com.android.settings.Settings}
08-22 18:05:13.190 W/ContextImpl( 1164): Calling a method in the system process without a qualified user: android.app.ContextImpl.sendBroadcast:1173 com.qualcomm.qti.Performance$SendGameLaunchBroadcast.run:217 java.lang.Thread.run:920
08-22 18:05:13.259 D/CompatibilityChangeReporter( 1164): Compat change id reported: 181136395; UID 1000; state: DISABLED
08-22 18:05:13.262 D/CompatibilityChangeReporter( 1164): Compat change id reported: 174042936; UID 1000; state: DISABLED
08-22 18:05:13.386 E/UserRestrictionsUtils( 1164): Unknown restriction queried by uid 1000 (com.qti.snapdragon.qdcm_ff et al): null
08-22 18:05:13.451 W/BatteryExternalStatsWorker( 1164): error reading modem stats:ERROR_PHONE_NOT_AVAILABLE
08-22 18:05:13.494 E/KernelCpuSpeedReader( 1164): Failed to read cpu-freq: /sys/devices/system/cpu/cpu4/cpufreq/stats/time_in_state: open failed: ENOENT (No such file or directory)
08-22 18:05:13.494 E/KernelCpuSpeedReader( 1164): Failed to read cpu-freq: /sys/devices/system/cpu/cpu0/cpufreq/stats/time_in_state: open failed: ENOENT (No such file or directory)
08-22 18:05:13.567 D/KernelCpuUidUserSysTimeReader( 1164): Removing uids 1037-1037
08-22 18:05:13.576 W/BatteryExternalStatsWorker( 1164): error reading modem stats:ERROR_PHONE_NOT_AVAILABLE
08-22 18:05:13.584 E/KernelCpuSpeedReader( 1164): Failed to read cpu-freq: /sys/devices/system/cpu/cpu4/cpufreq/stats/time_in_state: open failed: ENOENT (No such file or directory)
08-22 18:05:13.584 E/KernelCpuSpeedReader( 1164): Failed to read cpu-freq: /sys/devices/system/cpu/cpu0/cpufreq/stats/time_in_state: open failed: ENOENT (No such file or directory)
08-22 18:05:13.672 D/StartingSurfaceDrawer( 2258): Task start finish, remove starting surface for task 13
08-22 18:05:13.672 V/StartingSurfaceDrawer( 2258): Removing splash screen window for task: 13
08-22 18:05:15.626 I/ActivityTaskManager( 1164): START u0 {act=android.intent.action.MAIN cmp=com.android.settings/.SubSettings (has extras)} from uid 1000
08-22 18:05:15.673 I/ActivityTaskManager( 1164): The Process com.android.settings Already Exists in BG. So sending its PID: 11753
08-22 18:05:15.674 W/ActivityTaskManager( 1164): Tried to set launchTime (0) < mLastActivityLaunchTime (1463751)
08-22 18:05:15.715 D/CompatibilityChangeReporter( 1164): Compat change id reported: 135634846; UID 10120; state: DISABLED
08-22 18:05:15.716 D/CompatibilityChangeReporter( 1164): Compat change id reported: 177438394; UID 10120; state: DISABLED
08-22 18:05:15.716 D/CompatibilityChangeReporter( 1164): Compat change id reported: 135772972; UID 10120; state: DISABLED
08-22 18:05:15.716 D/CompatibilityChangeReporter( 1164): Compat change id reported: 135754954; UID 10120; state: ENABLED
08-22 18:05:15.717 D/CompatibilityChangeReporter( 1164): Compat change id reported: 143937733; UID 10120; state: ENABLED
08-22 18:05:15.739 E/UserRestrictionsUtils( 1164): Unknown restriction queried by uid 1000 (com.qti.snapdragon.qdcm_ff et al): null
08-22 18:05:15.740 E/UserRestrictionsUtils( 1164): Unknown restriction queried by uid 1000 (com.qti.snapdragon.qdcm_ff et al): null
08-22 18:05:15.745 E/UserRestrictionsUtils( 1164): Unknown restriction queried by uid 1000 (com.qti.snapdragon.qdcm_ff et al): null
08-22 18:05:15.750 I/ActivityManager( 1164): Start proc 12275:com.qualcomm.qti.qccauthmgr/u0a120 for content provider {com.qualcomm.qti.qccauthmgr/com.qualcomm.qti.qccauthmgr.providers.SMQContentProvider}
08-22 18:05:15.775 W/ActivityManager( 1164): Receiver with filter android.content.IntentFilter@ee1e663 already registered for pid 11753, callerPackage is com.android.settings
08-22 18:05:15.880 D/PackageManager( 1164): Instant App installer not found with android.intent.action.INSTALL_INSTANT_APP_PACKAGE
08-22 18:05:15.880 D/PackageManager( 1164): Clear ephemeral installer activity
08-22 18:05:15.893 D/PackageManager( 1164): Instant App installer not found with android.intent.action.INSTALL_INSTANT_APP_PACKAGE
08-22 18:05:15.893 D/PackageManager( 1164): Clear ephemeral installer activity
08-22 18:05:15.894 D/PackageManager( 1164): Instant App installer not found with android.intent.action.INSTALL_INSTANT_APP_PACKAGE
08-22 18:05:15.894 D/PackageManager( 1164): Clear ephemeral installer activity
08-22 18:05:15.895 D/PackageManager( 1164): Instant App installer not found with android.intent.action.INSTALL_INSTANT_APP_PACKAGE
08-22 18:05:15.896 D/PackageManager( 1164): Clear ephemeral installer activity
08-22 18:05:15.896 D/PackageManager( 1164): Instant App installer not found with android.intent.action.INSTALL_INSTANT_APP_PACKAGE
08-22 18:05:15.896 D/PackageManager( 1164): Clear ephemeral installer activity
08-22 18:05:15.897 D/PackageManager( 1164): Instant App installer not found with android.intent.action.INSTALL_INSTANT_APP_PACKAGE
08-22 18:05:15.897 D/PackageManager( 1164): Clear ephemeral installer activity
08-22 18:05:15.899 D/PackageManager( 1164): Instant App installer not found with android.intent.action.INSTALL_INSTANT_APP_PACKAGE
08-22 18:05:15.899 D/PackageManager( 1164): Clear ephemeral installer activity
08-22 18:05:15.902 D/PackageManager( 1164): Instant App installer not found with android.intent.action.INSTALL_INSTANT_APP_PACKAGE
08-22 18:05:15.902 D/PackageManager( 1164): Clear ephemeral installer activity
08-22 18:05:15.908 D/PackageManager( 1164): Instant App installer not found with android.intent.action.INSTALL_INSTANT_APP_PACKAGE
08-22 18:05:15.908 D/PackageManager( 1164): Clear ephemeral installer activity
08-22 18:05:15.922 D/PackageManager( 1164): Instant App installer not found with android.intent.action.INSTALL_INSTANT_APP_PACKAGE
08-22 18:05:15.922 D/PackageManager( 1164): Clear ephemeral installer activity
08-22 18:05:16.718 E/TaskPersister( 1164): File error accessing recents directory (directory doesn't exist?).
08-22 18:05:16.893 D/CompanionDeviceManagerService( 1164): onPackageModified(packageName = com.android.settings)
08-22 18:05:16.903 I/Telecom ( 1164): DefaultDialerCache: Refreshing default dialer for user 0: now null: DDC.oR@ACQ
08-22 18:05:16.912 D/CompatibilityChangeReporter( 1164): Compat change id reported: 135634846; UID 10127; state: DISABLED
08-22 18:05:16.913 D/CompatibilityChangeReporter( 1164): Compat change id reported: 177438394; UID 10127; state: DISABLED
08-22 18:05:16.913 D/CompatibilityChangeReporter( 1164): Compat change id reported: 135772972; UID 10127; state: DISABLED
08-22 18:05:16.913 D/CompatibilityChangeReporter( 1164): Compat change id reported: 135754954; UID 10127; state: DISABLED
08-22 18:05:16.914 D/CompatibilityChangeReporter( 1164): Compat change id reported: 143937733; UID 10127; state: DISABLED
08-22 18:05:16.948 I/ActivityManager( 1164): Start proc 12555:com.android.permissioncontroller/u0a127 for service {com.android.permissioncontroller/com.android.permissioncontroller.permission.service.PermissionControllerServiceImpl}
08-22 18:05:16.950 W/VoiceInteractionManager( 1164): no available voice recognition services found for user 0
08-22 18:05:17.432 I/DropBoxManagerService( 1164): add tag=system_app_strictmode isTagEnabled=true flags=0x2
08-22 18:05:17.759 F/linker (12738): CANNOT LINK EXECUTABLE "/vendor/bin/hw/qvrservice": library "vendor.qti.hardware.qxr-V1-ndk_platform.so" not found: needed by /vendor/lib64/libqvrservice.so in namespace (default)
08-22 18:05:17.770 F/linker (12741): CANNOT LINK EXECUTABLE "/vendor/bin/hw/sxrservice": library "vendor.qti.hardware.qxr-V1-ndk_platform.so" not found: needed by main executable
08-22 18:05:18.270 I/iorapd ( 1243): Perfetto TraceBuffer saved to file: /data/misc/iorapd/com.android.settings/31/com.android.settings.Settings/raw_traces/1661191518234154462.perfetto_trace.pb
08-22 18:05:20.846 E/TaskPersister( 1164): File error accessing recents directory (directory doesn't exist?).
08-22 18:05:22.799 F/linker (14117): CANNOT LINK EXECUTABLE "/vendor/bin/hw/qvrservice": library "vendor.qti.hardware.qxr-V1-ndk_platform.so" not found: needed by /vendor/lib64/libqvrservice.so in namespace (default)
08-22 18:05:22.811 F/linker (14121): CANNOT LINK EXECUTABLE "/vendor/bin/hw/sxrservice": library "vendor.qti.hardware.qxr-V1-ndk_platform.so" not found: needed by main executable
08-22 18:05:26.999 W/OverlayManager( 1164): service 'idmap' died
08-22 18:05:27.827 F/linker (15496): CANNOT LINK EXECUTABLE "/vendor/bin/hw/qvrservice": library "vendor.qti.hardware.qxr-V1-ndk_platform.so" not found: needed by /vendor/lib64/libqvrservice.so in namespace (default)
08-22 18:05:27.834 F/linker (15503): CANNOT LINK EXECUTABLE "/vendor/bin/hw/sxrservice": library "vendor.qti.hardware.qxr-V1-ndk_platform.so" not found: needed by main executable
08-22 18:05:32.846 F/linker (16852): CANNOT LINK EXECUTABLE "/vendor/bin/hw/qvrservice": library "vendor.qti.hardware.qxr-V1-ndk_platform.so" not found: needed by /vendor/lib64/libqvrservice.so in namespace (default)
08-22 18:05:32.863 F/linker (16862): CANNOT LINK EXECUTABLE "/vendor/bin/hw/sxrservice": library "vendor.qti.hardware.qxr-V1-ndk_platform.so" not found: needed by main executable
08-22 18:05:37.860 F/linker (18215): CANNOT LINK EXECUTABLE "/vendor/bin/hw/qvrservice": library "vendor.qti.hardware.qxr-V1-ndk_platform.so" not found: needed by /vendor/lib64/libqvrservice.so in namespace (default)
08-22 18:05:37.869 F/linker (18221): CANNOT LINK EXECUTABLE "/vendor/bin/hw/sxrservice": library "vendor.qti.hardware.qxr-V1-ndk_platform.so" not found: needed by main executable
08-22 18:05:42.899 F/linker (19336): CANNOT LINK EXECUTABLE "/vendor/bin/hw/qvrservice": library "vendor.qti.hardware.qxr-V1-ndk_platform.so" not found: needed by /vendor/lib64/libqvrservice.so in namespace (default)
08-22 18:05:42.911 F/linker (19344): CANNOT LINK EXECUTABLE "/vendor/bin/hw/sxrservice": library "vendor.qti.hardware.qxr-V1-ndk_platform.so" not found: needed by main executable
08-22 18:05:47.922 F/linker (20527): CANNOT LINK EXECUTABLE "/vendor/bin/hw/qvrservice": library "vendor.qti.hardware.qxr-V1-ndk_platform.so" not found: needed by /vendor/lib64/libqvrservice.so in namespace (default)
08-22 18:05:47.935 F/linker (20534): CANNOT LINK EXECUTABLE "/vendor/bin/hw/sxrservice": library "vendor.qti.hardware.qxr-V1-ndk_platform.so" not found: needed by main executable
08-22 18:05:52.957 F/linker (21770): CANNOT LINK EXECUTABLE "/vendor/bin/hw/qvrservice": library "vendor.qti.hardware.qxr-V1-ndk_platform.so" not found: needed by /vendor/lib64/libqvrservice.so in namespace (default)
08-22 18:05:52.973 F/linker (21776): CANNOT LINK EXECUTABLE "/vendor/bin/hw/sxrservice": library "vendor.qti.hardware.qxr-V1-ndk_platform.so" not found: needed by main executable
08-22 18:05:57.981 F/linker (23125): CANNOT LINK EXECUTABLE "/vendor/bin/hw/sxrservice": library "vendor.qti.hardware.qxr-V1-ndk_platform.so" not found: needed by main executable
08-22 18:05:57.995 F/linker (23120): CANNOT LINK EXECUTABLE "/vendor/bin/hw/qvrservice": library "vendor.qti.hardware.qxr-V1-ndk_platform.so" not found: needed by /vendor/lib64/libqvrservice.so in namespace (default)
08-22 18:06:03.005 F/linker (24462): CANNOT LINK EXECUTABLE "/vendor/bin/hw/qvrservice": library "vendor.qti.hardware.qxr-V1-ndk_platform.so" not found: needed by /vendor/lib64/libqvrservice.so in namespace (default)
08-22 18:06:03.029 F/linker (24471): CANNOT LINK EXECUTABLE "/vendor/bin/hw/sxrservice": library "vendor.qti.hardware.qxr-V1-ndk_platform.so" not found: needed by main executable
08-22 18:06:08.051 F/linker (25870): CANNOT LINK EXECUTABLE "/vendor/bin/hw/sxrservice": library "vendor.qti.hardware.qxr-V1-ndk_platform.so" not found: needed by main executable
08-22 18:06:08.061 F/linker (25866): CANNOT LINK EXECUTABLE "/vendor/bin/hw/qvrservice": library "vendor.qti.hardware.qxr-V1-ndk_platform.so" not found: needed by /vendor/lib64/libqvrservice.so in namespace (default)
08-22 18:06:10.173 V/DisplayPowerController[0]( 1164): Brightness [0.05] reason changing to: 'manual [ dim ]', previous reason: 'manual'.
08-22 18:06:10.173 W/PowerManagerService( 1164): Screen on took 64839 ms
08-22 18:06:10.181 E/DisplayDeviceConfig( 1164): requesting nits when no mapping exists.
08-22 18:06:10.182 E/DisplayDeviceConfig( 1164): requesting nits when no mapping exists.
08-22 18:06:10.190 I/DropBoxManagerService( 1164): add tag=system_server_wtf isTagEnabled=true flags=0x2
08-22 18:06:10.198 E/DisplayDeviceConfig( 1164): requesting nits when no mapping exists.
08-22 18:06:10.199 E/DisplayDeviceConfig( 1164): requesting nits when no mapping exists.
08-22 18:06:10.199 I/DropBoxManagerService( 1164): add tag=system_server_wtf isTagEnabled=true flags=0x2
08-22 18:06:10.205 I/DropBoxManagerService( 1164): add tag=system_server_wtf isTagEnabled=true flags=0x2
08-22 18:06:10.208 E/DisplayDeviceConfig( 1164): requesting nits when no mapping exists.
08-22 18:06:10.208 I/DropBoxManagerService( 1164): add tag=system_server_wtf isTagEnabled=true flags=0x2
08-22 18:06:10.209 E/DisplayDeviceConfig( 1164): requesting nits when no mapping exists.
08-22 18:06:10.214 I/DropBoxManagerService( 1164): add tag=system_server_wtf isTagEnabled=true flags=0x2
08-22 18:06:10.224 E/DisplayDeviceConfig( 1164): requesting nits when no mapping exists.
08-22 18:06:10.225 E/DisplayDeviceConfig( 1164): requesting nits when no mapping exists.
08-22 18:06:10.240 E/DisplayDeviceConfig( 1164): requesting nits when no mapping exists.
08-22 18:06:10.241 E/DisplayDeviceConfig( 1164): requesting nits when no mapping exists.
08-22 18:06:10.257 E/DisplayDeviceConfig( 1164): requesting nits when no mapping exists.
08-22 18:06:10.259 E/DisplayDeviceConfig( 1164): requesting nits when no mapping exists.
08-22 18:06:10.273 E/DisplayDeviceConfig( 1164): requesting nits when no mapping exists.
08-22 18:06:10.273 E/DisplayDeviceConfig( 1164): requesting nits when no mapping exists.
08-22 18:06:10.290 E/DisplayDeviceConfig( 1164): requesting nits when no mapping exists.
08-22 18:06:10.290 E/DisplayDeviceConfig( 1164): requesting nits when no mapping exists.
08-22 18:06:10.309 E/DisplayDeviceConfig( 1164): requesting nits when no mapping exists.
08-22 18:06:10.310 E/DisplayDeviceConfig( 1164): requesting nits when no mapping exists.
08-22 18:06:10.323 E/DisplayDeviceConfig( 1164): requesting nits when no mapping exists.
08-22 18:06:10.324 E/DisplayDeviceConfig( 1164): requesting nits when no mapping exists.
08-22 18:06:10.339 E/DisplayDeviceConfig( 1164): requesting nits when no mapping exists.
08-22 18:06:10.340 E/DisplayDeviceConfig( 1164): requesting nits when no mapping exists.
08-22 18:06:10.358 E/DisplayDeviceConfig( 1164): requesting nits when no mapping exists.
08-22 18:06:10.358 E/DisplayDeviceConfig( 1164): requesting nits when no mapping exists.
08-22 18:06:10.374 E/DisplayDeviceConfig( 1164): requesting nits when no mapping exists.
08-22 18:06:10.374 E/DisplayDeviceConfig( 1164): requesting nits when no mapping exists.
08-22 18:06:10.390 E/DisplayDeviceConfig( 1164): requesting nits when no mapping exists.
08-22 18:06:10.390 E/DisplayDeviceConfig( 1164): requesting nits when no mapping exists.
08-22 18:06:10.409 E/DisplayDeviceConfig( 1164): requesting nits when no mapping exists.
08-22 18:06:10.410 E/DisplayDeviceConfig( 1164): requesting nits when no mapping exists.
08-22 18:06:10.425 E/DisplayDeviceConfig( 1164): requesting nits when no mapping exists.
08-22 18:06:10.426 E/DisplayDeviceConfig( 1164): requesting nits when no mapping exists.
08-22 18:06:10.442 E/DisplayDeviceConfig( 1164): requesting nits when no mapping exists.
08-22 18:06:10.444 E/DisplayDeviceConfig( 1164): requesting nits when no mapping exists.
08-22 18:06:10.457 E/DisplayDeviceConfig( 1164): requesting nits when no mapping exists.
08-22 18:06:10.457 E/DisplayDeviceConfig( 1164): requesting nits when no mapping exists.
08-22 18:06:10.475 E/DisplayDeviceConfig( 1164): requesting nits when no mapping exists.
08-22 18:06:10.476 E/DisplayDeviceConfig( 1164): requesting nits when no mapping exists.
08-22 18:06:10.493 E/DisplayDeviceConfig( 1164): requesting nits when no mapping exists.
08-22 18:06:10.494 E/DisplayDeviceConfig( 1164): requesting nits when no mapping exists.
08-22 18:06:10.507 E/DisplayDeviceConfig( 1164): requesting nits when no mapping exists.
08-22 18:06:10.508 E/DisplayDeviceConfig( 1164): requesting nits when no mapping exists.
08-22 18:06:10.525 E/DisplayDeviceConfig( 1164): requesting nits when no mapping exists.
08-22 18:06:10.525 E/DisplayDeviceConfig( 1164): requesting nits when no mapping exists.
08-22 18:06:10.541 E/DisplayDeviceConfig( 1164): requesting nits when no mapping exists.
08-22 18:06:10.542 E/DisplayDeviceConfig( 1164): requesting nits when no mapping exists.
08-22 18:06:10.556 E/DisplayDeviceConfig( 1164): requesting nits when no mapping exists.
08-22 18:06:10.557 E/DisplayDeviceConfig( 1164): requesting nits when no mapping exists.
08-22 18:06:10.576 E/DisplayDeviceConfig( 1164): requesting nits when no mapping exists.
08-22 18:06:10.576 E/DisplayDeviceConfig( 1164): requesting nits when no mapping exists.
08-22 18:06:10.593 E/DisplayDeviceConfig( 1164): requesting nits when no mapping exists.
08-22 18:06:10.594 E/DisplayDeviceConfig( 1164): requesting nits when no mapping exists.
08-22 18:06:10.607 E/DisplayDeviceConfig( 1164): requesting nits when no mapping exists.
08-22 18:06:10.608 E/DisplayDeviceConfig( 1164): requesting nits when no mapping exists.
08-22 18:06:10.626 E/DisplayDeviceConfig( 1164): requesting nits when no mapping exists.
08-22 18:06:10.626 E/DisplayDeviceConfig( 1164): requesting nits when no mapping exists.
08-22 18:06:10.641 E/DisplayDeviceConfig( 1164): requesting nits when no mapping exists.
08-22 18:06:10.642 E/DisplayDeviceConfig( 1164): requesting nits when no mapping exists.
08-22 18:06:10.659 E/DisplayDeviceConfig( 1164): requesting nits when no mapping exists.
08-22 18:06:10.661 E/DisplayDeviceConfig( 1164): requesting nits when no mapping exists.
08-22 18:06:10.677 E/DisplayDeviceConfig( 1164): requesting nits when no mapping exists.
08-22 18:06:10.677 E/DisplayDeviceConfig( 1164): requesting nits when no mapping exists.
08-22 18:06:13.088 F/linker (27237): CANNOT LINK EXECUTABLE "/vendor/bin/hw/qvrservice": library "vendor.qti.hardware.qxr-V1-ndk_platform.so" not found: needed by /vendor/lib64/libqvrservice.so in namespace (default)
08-22 18:06:13.098 F/linker (27243): CANNOT LINK EXECUTABLE "/vendor/bin/hw/sxrservice": library "vendor.qti.hardware.qxr-V1-ndk_platform.so" not found: needed by main executable
08-22 18:06:17.159 I/PowerManagerService( 1164): Napping display group (groupId=0, uid=1000)...
08-22 18:06:17.160 I/PowerManagerService( 1164): Nap time (uid 1000)...
08-22 18:06:17.163 I/DreamManagerService( 1164): Entering dreamland.
08-22 18:06:17.172 I/PowerManagerService( 1164): Dreaming...
08-22 18:06:17.181 I/DreamController( 1164): Starting dream: name=ComponentInfo{com.android.deskclock/com.android.deskclock.Screensaver}, isTest=false, canDoze=false, userId=0
08-22 18:06:17.188 D/AutofillManagerService( 1164): Close system dialogs
08-22 18:06:17.195 I/ActivityTaskManager( 1164): START u0 {flg=0x10000000 pkg=com.android.deskclock cmp=com.android.deskclock/android.service.dreams.DreamActivity (has extras)} from uid 10078
08-22 18:06:17.207 W/ActivityTaskManager( 1164): Can't find TaskDisplayArea to determine support for multi window. Task id=14 attached=false
08-22 18:06:17.212 V/SplashScreenExceptionList( 1164): SplashScreen checking exception for package com.android.deskclock (target sdk:29) -> false
08-22 18:06:17.230 I/ActivityTaskManager( 1164): The Process com.android.deskclock Already Exists in BG. So sending its PID: 3083
08-22 18:06:17.231 W/ActivityTaskManager( 1164): Tried to set launchTime (0) < mLastActivityLaunchTime (859330)
08-22 18:06:17.250 W/WindowManager( 1164): Failed looking up window session=Session{6ad21f0 3083:u0a10078} callers=com.android.server.wm.WindowManagerService.windowForClientLocked:5626 com.android.server.wm.Session.insetsModified:629 android.view.IWindowSession$Stub.onTransact:1151
08-22 18:06:17.344 V/DisplayPowerController[0]( 1164): Brightness [0.39763778] reason changing to: 'manual', previous reason: 'manual [ dim ]'.
08-22 18:06:17.346 E/DisplayDeviceConfig( 1164): requesting nits when no mapping exists.
08-22 18:06:17.347 E/DisplayDeviceConfig( 1164): requesting nits when no mapping exists.
08-22 18:06:17.373 E/DisplayDeviceConfig( 1164): requesting nits when no mapping exists.
08-22 18:06:17.373 E/DisplayDeviceConfig( 1164): requesting nits when no mapping exists.
08-22 18:06:17.392 E/DisplayDeviceConfig( 1164): requesting nits when no mapping exists.
08-22 18:06:17.392 E/DisplayDeviceConfig( 1164): requesting nits when no mapping exists.
08-22 18:06:17.422 E/DisplayDeviceConfig( 1164): requesting nits when no mapping exists.
08-22 18:06:17.423 E/DisplayDeviceConfig( 1164): requesting nits when no mapping exists.
08-22 18:06:17.457 E/DisplayDeviceConfig( 1164): requesting nits when no mapping exists.
08-22 18:06:17.458 E/DisplayDeviceConfig( 1164): requesting nits when no mapping exists.
08-22 18:06:17.492 E/DisplayDeviceConfig( 1164): requesting nits when no mapping exists.
08-22 18:06:17.492 E/DisplayDeviceConfig( 1164): requesting nits when no mapping exists.
08-22 18:06:17.525 E/DisplayDeviceConfig( 1164): requesting nits when no mapping exists.
08-22 18:06:17.526 E/DisplayDeviceConfig( 1164): requesting nits when no mapping exists.
08-22 18:06:17.559 E/DisplayDeviceConfig( 1164): requesting nits when no mapping exists.
08-22 18:06:17.560 E/DisplayDeviceConfig( 1164): requesting nits when no mapping exists.
08-22 18:06:17.590 E/DisplayDeviceConfig( 1164): requesting nits when no mapping exists.
08-22 18:06:17.592 E/DisplayDeviceConfig( 1164): requesting nits when no mapping exists.
08-22 18:06:17.625 E/DisplayDeviceConfig( 1164): requesting nits when no mapping exists.
08-22 18:06:17.627 E/DisplayDeviceConfig( 1164): requesting nits when no mapping exists.
08-22 18:06:17.641 E/DisplayDeviceConfig( 1164): requesting nits when no mapping exists.
08-22 18:06:17.643 E/DisplayDeviceConfig( 1164): requesting nits when no mapping exists.
08-22 18:06:17.675 E/DisplayDeviceConfig( 1164): requesting nits when no mapping exists.
08-22 18:06:17.675 E/DisplayDeviceConfig( 1164): requesting nits when no mapping exists.
08-22 18:06:17.694 E/DisplayDeviceConfig( 1164): requesting nits when no mapping exists.
08-22 18:06:17.694 E/DisplayDeviceConfig( 1164): requesting nits when no mapping exists.
08-22 18:06:17.728 E/DisplayDeviceConfig( 1164): requesting nits when no mapping exists.
08-22 18:06:17.728 E/DisplayDeviceConfig( 1164): requesting nits when no mapping exists.
08-22 18:06:17.744 E/DisplayDeviceConfig( 1164): requesting nits when no mapping exists.
08-22 18:06:17.744 E/DisplayDeviceConfig( 1164): requesting nits when no mapping exists.
08-22 18:06:17.759 E/DisplayDeviceConfig( 1164): requesting nits when no mapping exists.
08-22 18:06:17.760 E/DisplayDeviceConfig( 1164): requesting nits when no mapping exists.
08-22 18:06:17.777 E/DisplayDeviceConfig( 1164): requesting nits when no mapping exists.
08-22 18:06:17.777 E/DisplayDeviceConfig( 1164): requesting nits when no mapping exists.
08-22 18:06:17.810 E/DisplayDeviceConfig( 1164): requesting nits when no mapping exists.
08-22 18:06:17.811 E/DisplayDeviceConfig( 1164): requesting nits when no mapping exists.
08-22 18:06:17.841 E/DisplayDeviceConfig( 1164): requesting nits when no mapping exists.
08-22 18:06:17.844 E/DisplayDeviceConfig( 1164): requesting nits when no mapping exists.
08-22 18:06:18.109 F/linker (28542): CANNOT LINK EXECUTABLE "/vendor/bin/hw/qvrservice": library "vendor.qti.hardware.qxr-V1-ndk_platform.so" not found: needed by /vendor/lib64/libqvrservice.so in namespace (default)
08-22 18:06:18.122 F/linker (28547): CANNOT LINK EXECUTABLE "/vendor/bin/hw/sxrservice": library "vendor.qti.hardware.qxr-V1-ndk_platform.so" not found: needed by main executable
08-22 18:06:19.236 I/DreamManagerService( 1164): Gently waking up from dream.
08-22 18:06:19.238 I/DreamManagerService( 1164): Performing gentle wake from dream.
08-22 18:06:19.355 I/PowerManagerService( 1164): Powering on display group fromDreaming (groupId=0, uid=1000, reason=WAKE_REASON_UNKNOWN, details=android.server.power:DREAM_FINISHED)...
08-22 18:06:19.355 I/PowerManagerService( 1164): Waking up from Dreaming (uid=1000, reason=WAKE_REASON_UNKNOWN, details=android.server.power:DREAM_FINISHED)...
08-22 18:06:19.888 I/DreamManagerService( 1164): Leaving dreamland.
08-22 18:06:19.891 I/DreamManagerService( 1164): Performing gentle wake from dream.
08-22 18:06:19.891 I/DreamController( 1164): Stopping dream: name=ComponentInfo{com.android.deskclock/com.android.deskclock.Screensaver}, isTest=false, canDoze=false, userId=0, reason='finished self'(from 'finished self')
