08-22 17:43:38.305 W/System.err( 2230): Caused by: android.system.ErrnoException: bind failed: EADDRINUSE (Address already in use)
08-22 17:43:38.305 W/System.err( 2230): at libcore.io.Linux.bind(Native Method)
08-22 17:43:38.305 W/System.err( 2230): at libcore.io.ForwardingOs.bind(ForwardingOs.java:141)
08-22 17:43:38.305 W/System.err( 2230): at libcore.io.ForwardingOs.bind(ForwardingOs.java:141)
08-22 17:43:38.305 W/System.err( 2230): at libcore.io.IoBridge.bind(IoBridge.java:146)
08-22 17:43:38.305 W/System.err( 2230): ... 9 more
08-22 17:43:38.307 W/System.err( 2230): java.net.BindException: bind failed: EADDRINUSE (Address already in use)
08-22 17:43:38.307 W/System.err( 2230): at libcore.io.IoBridge.bind(IoBridge.java:150)
08-22 17:43:38.308 W/System.err( 2230): at java.net.PlainSocketImpl.socketBind(PlainSocketImpl.java:162)
08-22 17:43:38.308 W/System.err( 2230): at java.net.AbstractPlainSocketImpl.bind(AbstractPlainSocketImpl.java:427)
08-22 17:43:38.308 W/System.err( 2230): at java.net.ServerSocket.bind(ServerSocket.java:377)
08-22 17:43:38.308 W/System.err( 2230): at java.net.ServerSocket.(ServerSocket.java:237)
08-22 17:43:38.308 W/System.err( 2230): at com.thundercomm.remotecontrolservice.RemoteSocketService.startServer(RemoteSocketService.java:91)
08-22 17:43:38.308 W/System.err( 2230): at com.thundercomm.remotecontrolservice.RemoteSocketService.restartServer(RemoteSocketService.java:119)
08-22 17:43:38.308 W/System.err( 2230): at com.thundercomm.remotecontrolservice.RemoteSocketService.access$100(RemoteSocketService.java:11)
08-22 17:43:38.308 W/System.err( 2230): at com.thundercomm.remotecontrolservice.RemoteSocketService$3.run(RemoteSocketService.java:101)
08-22 17:43:38.308 W/System.err( 2230): at java.lang.Thread.run(Thread.java:920)
08-22 17:43:38.308 W/System.err( 2230): Caused by: android.system.ErrnoException: bind failed: EADDRINUSE (Address already in use)
08-22 17:43:38.308 W/System.err( 2230): at libcore.io.Linux.bind(Native Method)
08-22 17:43:38.308 W/System.err( 2230): at libcore.io.ForwardingOs.bind(ForwardingOs.java:141)
08-22 17:43:38.309 W/System.err( 2230): at libcore.io.ForwardingOs.bind(ForwardingOs.java:141)
08-22 17:43:38.309 W/System.err( 2230): at libcore.io.IoBridge.bind(IoBridge.java:146)
08-22 17:43:38.309 W/System.err( 2230): ... 9 more
08-22 17:43:38.310 W/System.err( 2230): java.net.BindException: bind failed: EADDRINUSE (Address already in use)
08-22 17:43:38.310 W/System.err( 2230): at libcore.io.IoBridge.bind(IoBridge.java:150)
08-22 17:43:38.310 W/System.err( 2230): at java.net.PlainSocketImpl.socketBind(PlainSocketImpl.java:162)
08-22 17:43:38.310 W/System.err( 2230): at java.net.AbstractPlainSocketImpl.bind(AbstractPlainSocketImpl.java:427)
08-22 17:43:38.310 W/System.err( 2230): at java.net.ServerSocket.bind(ServerSocket.java:377)
08-22 17:43:38.310 W/System.err( 2230): at java.net.ServerSocket.(ServerSocket.java:237)
08-22 17:43:38.310 W/System.err( 2230): at com.thundercomm.remotecontrolservice.RemoteSocketService.startServer(RemoteSocketService.java:91)
08-22 17:43:38.310 W/System.err( 2230): at com.thundercomm.remotecontrolservice.RemoteSocketService.restartServer(RemoteSocketService.java:119)
08-22 17:43:38.310 W/System.err( 2230): at com.thundercomm.remotecontrolservice.RemoteSocketService.access$100(RemoteSocketService.java:11)
08-22 17:43:38.311 W/System.err( 2230): at com.thundercomm.remotecontrolservice.RemoteSocketService$3.run(RemoteSocketService.java:101)
08-22 17:43:38.311 W/System.err( 2230): at java.lang.Thread.run(Thread.java:920)
08-22 17:43:38.311 W/System.err( 2230): Caused by: android.system.ErrnoException: bind failed: EADDRINUSE (Address already in use)
08-22 17:43:38.311 W/System.err( 2230): at libcore.io.Linux.bind(Native Method)
08-22 17:43:38.311 W/System.err( 2230): at libcore.io.ForwardingOs.bind(ForwardingOs.java:141)
08-22 17:43:38.311 W/System.err( 2230): at libcore.io.ForwardingOs.bind(ForwardingOs.java:141)
08-22 17:43:38.311 W/System.err( 2230): at libcore.io.IoBridge.bind(IoBridge.java:146)
08-22 17:43:38.311 W/System.err( 2230): ... 9 more
08-22 17:43:38.312 W/System.err( 2230): java.net.BindException: bind failed: EADDRINUSE (Address already in use)
08-22 17:43:38.312 W/System.err( 2230): at libcore.io.IoBridge.bind(IoBridge.java:150)
08-22 17:43:38.312 W/System.err( 2230): at java.net.PlainSocketImpl.socketBind(PlainSocketImpl.java:162)
08-22 17:43:38.312 W/System.err( 2230): at java.net.AbstractPlainSocketImpl.bind(AbstractPlainSocketImpl.java:427)
08-22 17:43:38.312 W/System.err( 2230): at java.net.ServerSocket.bind(ServerSocket.java:377)
08-22 17:43:38.312 W/System.err( 2230): at java.net.ServerSocket.(ServerSocket.java:237)
08-22 17:43:38.312 W/System.err( 2230): at com.thundercomm.remotecontrolservice.RemoteSocketService.startServer(RemoteSocketService.java:91)
08-22 17:43:38.312 W/System.err( 2230): at com.thundercomm.remotecontrolservice.RemoteSocketService.restartServer(RemoteSocketService.java:119)
08-22 17:43:38.312 W/System.err( 2230): at com.thundercomm.remotecontrolservice.RemoteSocketService.access$100(RemoteSocketService.java:11)
08-22 17:43:38.312 W/System.err( 2230): at com.thundercomm.remotecontrolservice.RemoteSocketService$3.run(RemoteSocketService.java:101)
08-22 17:43:38.312 W/System.err( 2230): at java.lang.Thread.run(Thread.java:920)
08-22 17:43:38.312 W/System.err( 2230): Caused by: android.system.ErrnoException: bind failed: EADDRINUSE (Address already in use)
08-22 17:43:38.313 W/System.err( 2230): at libcore.io.Linux.bind(Native Method)
08-22 17:43:38.313 W/System.err( 2230): at libcore.io.ForwardingOs.bind(ForwardingOs.java:141)
08-22 17:43:38.313 W/System.err( 2230): at libcore.io.ForwardingOs.bind(ForwardingOs.java:141)
08-22 17:43:38.313 W/System.err( 2230): at libcore.io.IoBridge.bind(IoBridge.java:146)
08-22 17:43:38.313 W/System.err( 2230): ... 9 more
08-22 17:43:38.313 W/System.err( 2230): java.net.BindException: bind failed: EADDRINUSE (Address already in use)
08-22 17:43:38.314 W/System.err( 2230): at libcore.io.IoBridge.bind(IoBridge.java:150)
08-22 17:43:38.314 W/System.err( 2230): at java.net.PlainSocketImpl.socketBind(PlainSocketImpl.java:162)
08-22 17:43:38.314 W/System.err( 2230): at java.net.AbstractPlainSocketImpl.bind(AbstractPlainSocketImpl.java:427)
08-22 17:43:38.314 W/System.err( 2230): at java.net.ServerSocket.bind(ServerSocket.java:377)
08-22 17:43:38.314 W/System.err( 2230): at java.net.ServerSocket.(ServerSocket.java:237)
08-22 17:43:38.314 W/System.err( 2230): at com.thundercomm.remotecontrolservice.RemoteSocketService.startServer(RemoteSocketService.java:91)
08-22 17:43:38.315 W/System.err( 2230): at com.thundercomm.remotecontrolservice.RemoteSocketService.restartServer(RemoteSocketService.java:119)
08-22 17:43:38.315 W/System.err( 2230): at com.thundercomm.remotecontrolservice.RemoteSocketService.access$100(RemoteSocketService.java:11)
08-22 17:43:38.315 W/System.err( 2230): at com.thundercomm.remotecontrolservice.RemoteSocketService$3.run(RemoteSocketService.java:101)
08-22 17:43:38.315 W/System.err( 2230): at java.lang.Thread.run(Thread.java:920)
08-22 17:43:38.315 W/System.err( 2230): Caused by: android.system.ErrnoException: bind failed: EADDRINUSE (Address already in use)
08-22 17:43:38.315 W/System.err( 2230): at libcore.io.Linux.bind(Native Method)
08-22 17:43:38.316 W/System.err( 2230): at libcore.io.ForwardingOs.bind(ForwardingOs.java:141)
08-22 17:43:38.316 W/System.err( 2230): at libcore.io.ForwardingOs.bind(ForwardingOs.java:141)
08-22 17:43:38.316 W/System.err( 2230): at libcore.io.IoBridge.bind(IoBridge.java:146)
08-22 17:43:38.316 W/System.err( 2230): ... 9 more
08-22 17:43:38.317 W/System.err( 2230): java.net.BindException: bind failed: EADDRINUSE (Address already in use)
08-22 17:43:38.317 W/System.err( 2230): at libcore.io.IoBridge.bind(IoBridge.java:150)
08-22 17:43:38.317 W/System.err( 2230): at java.net.PlainSocketImpl.socketBind(PlainSocketImpl.java:162)
08-22 17:43:38.317 W/System.err( 2230): at java.net.AbstractPlainSocketImpl.bind(AbstractPlainSocketImpl.java:427)
08-22 17:43:38.318 W/System.err( 2230): at java.net.ServerSocket.bind(ServerSocket.java:377)
08-22 17:43:38.318 W/System.err( 2230): at java.net.ServerSocket.(ServerSocket.java:237)
08-22 17:43:38.318 W/System.err( 2230): at com.thundercomm.remotecontrolservice.RemoteSocketService.startServer(RemoteSocketService.java:91)
08-22 17:43:38.318 W/System.err( 2230): at com.thundercomm.remotecontrolservice.RemoteSocketService.restartServer(RemoteSocketService.java:119)
08-22 17:43:38.318 W/System.err( 2230): at com.thundercomm.remotecontrolservice.RemoteSocketService.access$100(RemoteSocketService.java:11)
08-22 17:43:38.318 W/System.err( 2230): at com.thundercomm.remotecontrolservice.RemoteSocketService$3.run(RemoteSocketService.java:101)
08-22 17:43:38.318 W/System.err( 2230): at java.lang.Thread.run(Thread.java:920)
08-22 17:43:38.318 W/System.err( 2230): Caused by: android.system.ErrnoException: bind failed: EADDRINUSE (Address already in use)
08-22 17:43:38.319 I/liblog ( 2230): 2
08-22 17:43:38.319 I/liblog ( 2230): 4
08-22 17:43:38.319 I/liblog ( 2230): 7
08-22 17:43:38.320 I/liblog ( 2230): 9
08-22 17:43:38.321 I/liblog ( 2230): 13
08-22 17:43:38.325 I/liblog ( 2230): 4
08-22 17:43:38.325 W/System.err( 2230): java.net.BindException: bind failed: EADDRINUSE (Address already in use)
08-22 17:43:38.325 W/System.err( 2230): at libcore.io.IoBridge.bind(IoBridge.java:150)
08-22 17:43:38.325 W/System.err( 2230): at java.net.PlainSocketImpl.socketBind(PlainSocketImpl.java:162)
08-22 17:43:38.325 W/System.err( 2230): at java.net.AbstractPlainSocketImpl.bind(AbstractPlainSocketImpl.java:427)
08-22 17:43:38.325 W/System.err( 2230): at java.net.ServerSocket.bind(ServerSocket.java:377)
08-22 17:43:38.327 W/System.err( 2230): at java.net.ServerSocket.(ServerSocket.java:237)
08-22 17:43:38.327 I/liblog ( 2230): 22
08-22 17:43:38.328 I/liblog ( 2230): 6
08-22 17:43:38.328 I/liblog ( 2230): 1
08-22 17:43:38.328 I/liblog ( 2230): 15
08-22 17:43:38.329 I/liblog ( 2230): 1
08-22 17:43:38.329 I/liblog ( 2230): 6
08-22 17:43:38.330 I/liblog ( 2230): 7
08-22 17:43:38.330 I/liblog ( 2230): 4
08-22 17:43:38.331 I/liblog ( 2230): 7
08-22 17:43:38.331 I/liblog ( 2230): 14
08-22 17:43:38.335 I/liblog ( 2230): 13
08-22 17:43:38.335 W/System.err( 2230): java.net.BindException: bind failed: EADDRINUSE (Address already in use)
08-22 17:43:38.335 W/System.err( 2230): at libcore.io.IoBridge.bind(IoBridge.java:150)
08-22 17:43:38.335 W/System.err( 2230): at java.net.PlainSocketImpl.socketBind(PlainSocketImpl.java:162)
08-22 17:43:38.335 W/System.err( 2230): at java.net.AbstractPlainSocketImpl.bind(AbstractPlainSocketImpl.java:427)
08-22 17:43:38.335 W/System.err( 2230): at java.net.ServerSocket.bind(ServerSocket.java:377)
08-22 17:43:38.335 W/System.err( 2230): at java.net.ServerSocket.(ServerSocket.java:237)
08-22 17:43:38.335 W/System.err( 2230): at com.thundercomm.remotecontrolservice.RemoteSocketService.startServer(RemoteSocketService.java:91)
08-22 17:43:38.336 I/liblog ( 2230): 4
08-22 17:43:38.340 I/liblog ( 2230): 6
08-22 17:43:38.340 W/System.err( 2230): java.net.BindException: bind failed: EADDRINUSE (Address already in use)
08-22 17:43:38.340 W/System.err( 2230): at libcore.io.IoBridge.bind(IoBridge.java:150)
08-22 17:43:38.341 W/System.err( 2230): at java.net.PlainSocketImpl.socketBind(PlainSocketImpl.java:162)
08-22 17:43:38.341 W/System.err( 2230): at java.net.AbstractPlainSocketImpl.bind(AbstractPlainSocketImpl.java:427)
08-22 17:43:38.341 W/System.err( 2230): at java.net.ServerSocket.bind(ServerSocket.java:377)
08-22 17:43:38.341 W/System.err( 2230): at java.net.ServerSocket.(ServerSocket.java:237)
08-22 17:43:38.341 W/System.err( 2230): at com.thundercomm.remotecontrolservice.RemoteSocketService.startServer(RemoteSocketService.java:91)
08-22 17:43:38.341 W/System.err( 2230): at com.thundercomm.remotecontrolservice.RemoteSocketService.restartServer(RemoteSocketService.java:119)
08-22 17:43:38.341 W/System.err( 2230): at com.thundercomm.remotecontrolservice.RemoteSocketService.access$100(RemoteSocketService.java:11)
08-22 17:43:38.341 W/System.err( 2230): at com.thundercomm.remotecontrolservice.RemoteSocketService$3.run(RemoteSocketService.java:101)
08-22 17:43:38.341 W/System.err( 2230): Caused by: android.system.ErrnoException: bind failed: EADDRINUSE (Address already in use)
08-22 17:43:38.341 I/liblog ( 2230): 7
08-22 17:43:38.342 I/liblog ( 2230): 10
08-22 17:43:38.342 W/System.err( 2230): at libcore.io.IoBridge.bind(IoBridge.java:150)
08-22 17:43:38.343 I/liblog ( 2230): 8
08-22 17:43:38.343 I/liblog ( 2230): 12
08-22 17:43:38.343 W/System.err( 2230): ... 9 more
08-22 17:43:38.348 F/linker ( 5639): CANNOT LINK EXECUTABLE "/vendor/bin/hw/qvrservice": library "vendor.qti.hardware.qxr-V1-ndk_platform.so" not found: needed by /vendor/lib64/libqvrservice.so in namespace (default)
08-22 17:43:38.364 I/liblog ( 2230): 1
08-22 17:43:38.364 D/RemoteControlService( 2230): start reader thread, mServerIp = 192.168.4.16, mServerPort = 12600
08-22 17:43:38.365 D/RemoteControlService( 2230): start reader thread, mServerIp = 192.168.8.16, mServerPort = 12600
08-22 17:43:38.366 W/System.err( 2230): java.net.BindException: bind failed: EADDRINUSE (Address already in use)
08-22 17:43:38.366 W/System.err( 2230): at libcore.io.IoBridge.bind(IoBridge.java:150)
08-22 17:43:38.366 W/System.err( 2230): at java.net.PlainSocketImpl.socketBind(PlainSocketImpl.java:162)
08-22 17:43:38.366 W/System.err( 2230): at java.net.AbstractPlainSocketImpl.bind(AbstractPlainSocketImpl.java:427)
08-22 17:43:38.367 W/System.err( 2230): at java.net.ServerSocket.bind(ServerSocket.java:377)
08-22 17:43:38.367 W/System.err( 2230): at java.net.ServerSocket.(ServerSocket.java:237)
08-22 17:43:38.367 W/System.err( 2230): at com.thundercomm.remotecontrolservice.RemoteSocketService.startServer(RemoteSocketService.java:91)
08-22 17:43:38.367 W/System.err( 2230): at com.thundercomm.remotecontrolservice.RemoteSocketService.access$400(RemoteSocketService.java:11)
08-22 17:43:38.367 W/System.err( 2230): at com.thundercomm.remotecontrolservice.RemoteSocketService$2.run(RemoteSocketService.java:62)
08-22 17:43:38.367 W/System.err( 2230): Caused by: android.system.ErrnoException: bind failed: EADDRINUSE (Address already in use)
08-22 17:43:38.367 W/System.err( 2230): at libcore.io.Linux.bind(Native Method)
08-22 17:43:38.367 W/System.err( 2230): at libcore.io.ForwardingOs.bind(ForwardingOs.java:141)
08-22 17:43:38.367 W/System.err( 2230): at libcore.io.ForwardingOs.bind(ForwardingOs.java:141)
08-22 17:43:38.367 W/System.err( 2230): at libcore.io.IoBridge.bind(IoBridge.java:146)
08-22 17:43:38.367 W/System.err( 2230): ... 7 more
08-22 17:43:38.367 W/System.err( 2230): java.net.BindException: bind failed: EADDRINUSE (Address already in use)
08-22 17:43:38.368 W/System.err( 2230): at libcore.io.IoBridge.bind(IoBridge.java:150)
08-22 17:43:38.368 W/System.err( 2230): at java.net.PlainSocketImpl.socketBind(PlainSocketImpl.java:162)
08-22 17:43:38.368 W/System.err( 2230): at java.net.AbstractPlainSocketImpl.bind(AbstractPlainSocketImpl.java:427)
08-22 17:43:38.368 W/System.err( 2230): at java.net.ServerSocket.bind(ServerSocket.java:377)
08-22 17:43:38.368 W/System.err( 2230): at java.net.ServerSocket.(ServerSocket.java:237)
08-22 17:43:38.368 W/System.err( 2230): at com.thundercomm.remotecontrolservice.RemoteSocketService.startServer(RemoteSocketService.java:91)
08-22 17:43:38.368 W/System.err( 2230): at com.thundercomm.remotecontrolservice.RemoteSocketService.access$400(RemoteSocketService.java:11)
08-22 17:43:38.368 W/System.err( 2230): at com.thundercomm.remotecontrolservice.RemoteSocketService$2.run(RemoteSocketService.java:62)
08-22 17:43:38.368 W/System.err( 2230): Caused by: android.system.ErrnoException: bind failed: EADDRINUSE (Address already in use)
08-22 17:43:38.368 W/System.err( 2230): at libcore.io.Linux.bind(Native Method)
08-22 17:43:38.368 F/linker ( 5649): CANNOT LINK EXECUTABLE "/vendor/bin/hw/sxrservice": library "vendor.qti.hardware.qxr-V1-ndk_platform.so" not found: needed by main executable
08-22 17:43:38.368 W/System.err( 2230): at libcore.io.ForwardingOs.bind(ForwardingOs.java:141)
08-22 17:43:38.368 W/System.err( 2230): at libcore.io.ForwardingOs.bind(ForwardingOs.java:141)
08-22 17:43:38.368 W/System.err( 2230): at libcore.io.IoBridge.bind(IoBridge.java:146)
08-22 17:43:38.369 W/System.err( 2230): ... 7 more
08-22 17:43:38.372 D/RemoteControlService( 2230): start reader thread, mServerIp = 192.168.1.16, mServerPort = 12600
08-22 17:43:38.373 D/RemoteControlService( 2230): start reader thread, mServerIp = 192.168.11.16, mServerPort = 12600
08-22 17:43:38.375 W/System.err( 2230): java.net.BindException: bind failed: EADDRINUSE (Address already in use)
08-22 17:43:38.375 W/System.err( 2230): at libcore.io.IoBridge.bind(IoBridge.java:150)
08-22 17:43:38.375 W/System.err( 2230): at java.net.PlainSocketImpl.socketBind(PlainSocketImpl.java:162)
08-22 17:43:38.375 W/System.err( 2230): at java.net.AbstractPlainSocketImpl.bind(AbstractPlainSocketImpl.java:427)
08-22 17:43:38.375 W/System.err( 2230): at java.net.ServerSocket.bind(ServerSocket.java:377)
08-22 17:43:38.375 W/System.err( 2230): at java.net.ServerSocket.(ServerSocket.java:237)
08-22 17:43:38.375 D/RemoteControlService( 2230): start reader thread, mServerIp = 192.168.2.16, mServerPort = 12600
08-22 17:43:38.376 D/RemoteControlService( 2230): start reader thread, mServerIp = 192.168.0.16, mServerPort = 12600
08-22 17:43:38.377 W/System.err( 2230): at com.thundercomm.remotecontrolservice.RemoteSocketService.startServer(RemoteSocketService.java:91)
08-22 17:43:38.377 W/System.err( 2230): at com.thundercomm.remotecontrolservice.RemoteSocketService.access$400(RemoteSocketService.java:11)
08-22 17:43:38.377 W/System.err( 2230): at com.thundercomm.remotecontrolservice.RemoteSocketService$2.run(RemoteSocketService.java:62)
08-22 17:43:38.377 W/System.err( 2230): Caused by: android.system.ErrnoException: bind failed: EADDRINUSE (Address already in use)
08-22 17:43:38.377 W/System.err( 2230): at libcore.io.Linux.bind(Native Method)
08-22 17:43:38.377 W/System.err( 2230): at libcore.io.ForwardingOs.bind(ForwardingOs.java:141)
08-22 17:43:38.377 W/System.err( 2230): at libcore.io.ForwardingOs.bind(ForwardingOs.java:141)
08-22 17:43:38.377 W/System.err( 2230): at libcore.io.IoBridge.bind(IoBridge.java:146)
08-22 17:43:38.377 W/System.err( 2230): ... 7 more
08-22 17:43:38.378 W/System.err( 2230): java.net.BindException: bind failed: EADDRINUSE (Address already in use)
08-22 17:43:38.378 W/System.err( 2230): at libcore.io.IoBridge.bind(IoBridge.java:150)
08-22 17:43:38.379 W/System.err( 2230): at java.net.PlainSocketImpl.socketBind(PlainSocketImpl.java:162)
08-22 17:43:38.379 W/System.err( 2230): at java.net.AbstractPlainSocketImpl.bind(AbstractPlainSocketImpl.java:427)
08-22 17:43:38.379 W/System.err( 2230): at java.net.ServerSocket.bind(ServerSocket.java:377)
08-22 17:43:38.379 W/System.err( 2230): at java.net.ServerSocket.(ServerSocket.java:237)
08-22 17:43:38.379 W/System.err( 2230): at com.thundercomm.remotecontrolservice.RemoteSocketService.startServer(RemoteSocketService.java:91)
08-22 17:43:38.379 W/System.err( 2230): at com.thundercomm.remotecontrolservice.RemoteSocketService.access$400(RemoteSocketService.java:11)
08-22 17:43:38.379 W/System.err( 2230): at com.thundercomm.remotecontrolservice.RemoteSocketService$2.run(RemoteSocketService.java:62)
08-22 17:43:38.380 W/System.err( 2230): Caused by: android.system.ErrnoException: bind failed: EADDRINUSE (Address already in use)
08-22 17:43:38.380 W/System.err( 2230): at libcore.io.Linux.bind(Native Method)
08-22 17:43:38.380 W/System.err( 2230): at libcore.io.ForwardingOs.bind(ForwardingOs.java:141)
08-22 17:43:38.380 W/System.err( 2230): at libcore.io.ForwardingOs.bind(ForwardingOs.java:141)
08-22 17:43:38.380 W/System.err( 2230): at libcore.io.IoBridge.bind(IoBridge.java:146)
08-22 17:43:38.380 W/System.err( 2230): ... 7 more
08-22 17:43:38.381 W/System.err( 2230): java.net.BindException: bind failed: EADDRINUSE (Address already in use)
08-22 17:43:38.381 W/System.err( 2230): at libcore.io.IoBridge.bind(IoBridge.java:150)
08-22 17:43:38.381 W/System.err( 2230): at java.net.PlainSocketImpl.socketBind(PlainSocketImpl.java:162)
08-22 17:43:38.381 W/System.err( 2230): at java.net.AbstractPlainSocketImpl.bind(AbstractPlainSocketImpl.java:427)
08-22 17:43:38.381 W/System.err( 2230): at java.net.ServerSocket.bind(ServerSocket.java:377)
08-22 17:43:38.381 W/System.err( 2230): at java.net.ServerSocket.(ServerSocket.java:237)
08-22 17:43:38.381 W/System.err( 2230): at com.thundercomm.remotecontrolservice.RemoteSocketService.startServer(RemoteSocketService.java:91)
08-22 17:43:38.381 W/System.err( 2230): at com.thundercomm.remotecontrolservice.RemoteSocketService.access$400(RemoteSocketService.java:11)
08-22 17:43:38.381 W/System.err( 2230): at com.thundercomm.remotecontrolservice.RemoteSocketService$2.run(RemoteSocketService.java:62)
08-22 17:43:38.381 W/System.err( 2230): Caused by: android.system.ErrnoException: bind failed: EADDRINUSE (Address already in use)
08-22 17:43:38.381 W/System.err( 2230): at libcore.io.Linux.bind(Native Method)
08-22 17:43:38.381 W/System.err( 2230): at libcore.io.ForwardingOs.bind(ForwardingOs.java:141)
08-22 17:43:38.382 I/liblog ( 2230): 4
08-22 17:43:38.383 I/liblog ( 2230): 5
08-22 17:43:38.383 I/liblog ( 2230): 1
08-22 17:43:38.633 D/audio_hw_primary( 819): out_set_parameters: enter: usecase(1: low-latency-playback) kvpairs: suspend_playback=false
08-22 17:43:38.633 D/audio_hw_extn( 819): audio_extn_fm_set_parameters: Enter
08-22 17:43:38.634 W/audio_hw_primary( 819): out_write: underrun(20) frames_by_time(48170) > out->last_fifo_frames_remaining(384)
08-22 17:43:38.676 D/audio_hw_primary( 819): out_set_parameters: enter: usecase(1: low-latency-playback) kvpairs: suspend_playback=true
08-22 17:43:38.676 D/audio_hw_extn( 819): audio_extn_fm_set_parameters: Enter
08-22 17:43:38.713 I/input_interaction( 1155): Interaction with: 4e42f5c com.android.settings/com.android.settings.SubSettings (server), edge-swipe (server), swipe-up (server), PointerEventDispatcher0 (server),
01-01 01:39:30.909 D/ ( 0): mv2112_read_status
01-01 01:39:30.909 D/mv2112_update_link( 0): 3.0x901(1G): 0x80
01-01 01:39:30.909 D/mv2112_update_link( 0): 3.0x8109(100M): 0x0
01-01 01:39:30.909 D/mv2112_update_link( 0): link 0x0
01-01 01:39:30.910 D/mv2112_read_status( 0): autoneg is disabled
08-22 17:43:38.835 I/sysui_multi_action( 2374): [757,830,758,4,833,0,854,hot_seat_dir,1089,0]
08-22 17:43:38.846 D/audio_hw_primary( 819): out_set_parameters: enter: usecase(1: low-latency-playback) kvpairs: suspend_playback=false
08-22 17:43:38.846 D/audio_hw_extn( 819): audio_extn_fm_set_parameters: Enter
08-22 17:43:38.850 W/audio_hw_primary( 819): out_write: underrun(21) frames_by_time(8529) > out->last_fifo_frames_remaining(384)
08-22 17:43:38.854 I/OpenGLRenderer( 2374): Davey! duration=9223371874855ms; Flags=0, FrameTimelineVsyncId=5699, IntendedVsync=161998922563, Vsync=161998922563, InputEventId=623413349, HandleInputStart=161999597228, AnimationStart=161999641967, PerformTraversalsStart=161999643530, DrawStart=161999888842, FrameDeadline=162015589229, FrameInterval=161999594728, FrameStartTime=16666666, SyncQueued=162004289884, SyncStart=162004498165, IssueDrawCommandsStart=162005119988, SwapBuffers=162007108738, FrameCompleted=9223372036854775807, DequeueBufferDuration=46771, QueueBufferDuration=4196667, GpuCompleted=9223372036854775807, SwapBuffersCompleted=162012799415, DisplayPresentTime=157470343948,
08-22 17:43:38.905 I/input_focus( 1155): [Focus request 8dd5836 com.android.settings/com.android.settings.SubSettings,reason=UpdateInputWindows]
08-22 17:43:38.928 I/input_focus( 1155): [Focus leaving 4e42f5c com.android.settings/com.android.settings.SubSettings (server),reason=Waiting for window because NOT_VISIBLE]
08-22 17:43:38.944 I/input_focus( 1155): [Focus entering 8dd5836 com.android.settings/com.android.settings.SubSettings (server),reason=Window became focusable. Previous reason: NOT_VISIBLE]
08-22 17:43:39.027 I/mpu_uart( 664): [MSG-P:RECV]:No message received in 1000 ms
08-22 17:43:39.055 D/audio_hw_primary( 819): out_set_parameters: enter: usecase(1: low-latency-playback) kvpairs: suspend_playback=true
08-22 17:43:39.055 D/audio_hw_extn( 819): audio_extn_fm_set_parameters: Enter
01-01 01:39:31.933 D/ ( 0): mv2112_read_status
01-01 01:39:31.933 D/mv2112_update_link( 0): 3.0x901(1G): 0x80
01-01 01:39:31.933 D/mv2112_update_link( 0): 3.0x8109(100M): 0x0
01-01 01:39:31.933 D/mv2112_update_link( 0): link 0x0
01-01 01:39:31.933 D/mv2112_read_status( 0): autoneg is disabled
08-22 17:43:39.829 I/input_interaction( 1155): Interaction with: 8dd5836 com.android.settings/com.android.settings.SubSettings (server), edge-swipe (server), swipe-up (server), PointerEventDispatcher0 (server),
08-22 17:43:39.969 D/OpenGLRenderer( 2374): endAllActiveAnimators on 0xb400007be2f75900 (AlertController$RecycleListView) with handle 0xb400007af2ecf8c0
08-22 17:43:39.971 W/InputManager-JNI( 1155): Input channel object '8dd5836 com.android.settings/com.android.settings.SubSettings (client)' was disposed without first being removed with the input manager!
08-22 17:43:39.979 D/audio_hw_primary( 819): out_set_parameters: enter: usecase(1: low-latency-playback) kvpairs: suspend_playback=false
08-22 17:43:39.979 D/audio_hw_extn( 819): audio_extn_fm_set_parameters: Enter
08-22 17:43:39.983 W/audio_hw_primary( 819): out_write: underrun(22) frames_by_time(44746) > out->last_fifo_frames_remaining(384)
08-22 17:43:39.985 W/InputEventReceiver( 2374): Attempted to finish an input event but the input event receiver has already been disposed.
08-22 17:43:39.998 I/sysui_multi_action( 2374): [757,853,758,4,854,DisplaySettings/hot_seat_dir,1089,0]
08-22 17:43:40.001 D/CompatibilityChangeReporter( 5498): Compat change id reported: 150939131; UID 10106; state: ENABLED
08-22 17:43:40.003 D/AndroidRuntime( 5498): Shutting down VM
08-22 17:43:40.003 I/input_focus( 1155): [Focus request 4e42f5c com.android.settings/com.android.settings.SubSettings,reason=UpdateInputWindows]
08-22 17:43:40.004 E/AndroidRuntime( 5498): FATAL EXCEPTION: main
08-22 17:43:40.004 E/AndroidRuntime( 5498): Process: com.android.launcher3, PID: 5498
08-22 17:43:40.004 E/AndroidRuntime( 5498): java.lang.RuntimeException: Screen id 0 already exists!
08-22 17:43:40.004 E/AndroidRuntime( 5498): at com.android.launcher3.Workspace.insertNewWorkspaceScreen(Workspace.java:673)
08-22 17:43:40.004 E/AndroidRuntime( 5498): at com.android.launcher3.Workspace.bindAndInitFirstWorkspaceScreen(Workspace.java:611)
08-22 17:43:40.004 E/AndroidRuntime( 5498): at com.android.launcher3.Launcher.setupViews(Launcher.java:1202)
08-22 17:43:40.004 E/AndroidRuntime( 5498): at com.android.launcher3.BaseQuickstepLauncher.setupViews(BaseQuickstepLauncher.java:271)
08-22 17:43:40.004 E/AndroidRuntime( 5498): at com.android.launcher3.uioverrides.QuickstepLauncher.setupViews(QuickstepLauncher.java:105)
08-22 17:43:40.004 E/AndroidRuntime( 5498): at com.android.launcher3.Launcher$12.onChange(Launcher.java:2980)
08-22 17:43:40.004 E/AndroidRuntime( 5498): at android.database.ContentObserver.onChange(ContentObserver.java:153)
08-22 17:43:40.004 E/AndroidRuntime( 5498): at android.database.ContentObserver.onChange(ContentObserver.java:169)
08-22 17:43:40.004 E/AndroidRuntime( 5498): at android.database.ContentObserver.onChange(ContentObserver.java:187)
08-22 17:43:40.004 E/AndroidRuntime( 5498): at android.database.ContentObserver.onChange(ContentObserver.java:202)
08-22 17:43:40.004 E/AndroidRuntime( 5498): at android.database.ContentObserver.lambda$dispatchChange$0$ContentObserver(ContentObserver.java:282)
08-22 17:43:40.004 E/AndroidRuntime( 5498): at android.database.ContentObserver$$ExternalSyntheticLambda0.run(Unknown Source:10)
08-22 17:43:40.004 E/AndroidRuntime( 5498): at android.os.Handler.handleCallback(Handler.java:938)
08-22 17:43:40.004 E/AndroidRuntime( 5498): at android.os.Handler.dispatchMessage(Handler.java:99)
08-22 17:43:40.004 E/AndroidRuntime( 5498): at android.os.Looper.loopOnce(Looper.java:201)
08-22 17:43:40.004 E/AndroidRuntime( 5498): at android.os.Looper.loop(Looper.java:288)
08-22 17:43:40.004 E/AndroidRuntime( 5498): at android.app.ActivityThread.main(ActivityThread.java:7880)
08-22 17:43:40.004 E/AndroidRuntime( 5498): at java.lang.reflect.Method.invoke(Native Method)
08-22 17:43:40.004 E/AndroidRuntime( 5498): at com.android.internal.os.RuntimeInit$MethodAndArgsCaller.run(RuntimeInit.java:548)
08-22 17:43:40.004 E/AndroidRuntime( 5498): at com.android.internal.os.ZygoteInit.main(ZygoteInit.java:1009)
08-22 17:43:40.006 I/am_crash( 1155): [5498,0,com.android.launcher3,617332293,java.lang.RuntimeException,Screen id 0 already exists!,Workspace.java,673]
08-22 17:43:40.015 I/DropBoxManagerService( 1155): add tag=system_app_crash isTagEnabled=true flags=0x2
08-22 17:43:40.015 I/input_focus( 1155): [Focus entering 4e42f5c com.android.settings/com.android.settings.SubSettings (server),reason=setFocusedWindow]
08-22 17:43:40.022 W/ActivityTaskManager( 1155): Not force finishing home activity com.android.launcher3/.uioverrides.QuickstepLauncher
08-22 17:43:40.023 W/ActivityTaskManager( 1155): Not force finishing home activity com.android.launcher3/.uioverrides.QuickstepLauncher
08-22 17:43:40.028 I/mpu_uart( 664): [MSG-P:RECV]:No message received in 1000 ms
08-22 17:43:40.034 D/CompatibilityChangeReporter( 1155): Compat change id reported: 171228096; UID 1000; state: ENABLED
08-22 17:43:40.067 I/input_focus( 1155): [Focus request 2772ea0 Application Error: com.android.launcher3,reason=UpdateInputWindows]
08-22 17:43:40.073 I/SDM ( 971): HWCDisplay::GetColorModeCount: Supported color mode count = 1
08-22 17:43:40.073 I/SDM ( 971): HWCDisplay::GetColorModes: Color mode = 0 is supported
08-22 17:43:40.074 E/HWComposer( 1068): getSupportedContentTypes: getSupportedContentTypes failed for display 4630946370410392961: Unsupported (8)
08-22 17:43:40.114 I/input_focus( 1155): [Focus leaving 4e42f5c com.android.settings/com.android.settings.SubSettings (server),reason=Waiting for window because NOT_VISIBLE]
08-22 17:43:40.151 I/input_focus( 1155): [Focus entering 2772ea0 Application Error: com.android.launcher3 (server),reason=Window became focusable. Previous reason: NOT_VISIBLE]
08-22 17:43:40.157 I/commit_sys_config_file( 1155): [package-user-0,9]
08-22 17:43:40.190 D/audio_hw_primary( 819): out_set_parameters: enter: usecase(1: low-latency-playback) kvpairs: suspend_playback=true
08-22 17:43:40.190 D/audio_hw_extn( 819): audio_extn_fm_set_parameters: Enter
08-22 17:43:40.210 I/commit_sys_config_file( 1155): [settings-1-0,16]
08-22 17:43:40.230 I/OpenGLRenderer( 1912): Davey! duration=9223371873485ms; Flags=0, FrameTimelineVsyncId=5888, IntendedVsync=163335404423, Vsync=163335404423, InputEventId=0, HandleInputStart=163336902331, AnimationStart=163336903269, PerformTraversalsStart=163338509727, DrawStart=163347487748, FrameDeadline=163352071089, FrameInterval=163336899310, FrameStartTime=16666666, SyncQueued=163347536394, SyncStart=163381488633, IssueDrawCommandsStart=163381632227, SwapBuffers=163382048321, FrameCompleted=9223372036854775807, DequeueBufferDuration=22344, QueueBufferDuration=2045833, GpuCompleted=9223372036854775807, SwapBuffersCompleted=163384960404, DisplayPresentTime=8071064064031195136,
01-01 01:39:32.956 D/ ( 0): mv2112_read_status
01-01 01:39:32.956 D/mv2112_update_link( 0): 3.0x901(1G): 0x80
01-01 01:39:32.957 D/mv2112_update_link( 0): 3.0x8109(100M): 0x0
01-01 01:39:32.957 D/mv2112_update_link( 0): link 0x0
01-01 01:39:32.957 D/mv2112_read_status( 0): autoneg is disabled
08-22 17:43:41.029 I/mpu_uart( 664): [MSG-P:RECV]:No message received in 1000 ms
08-22 17:43:41.068 I/mpu_uart( 664): [MSG-P:R]:recv sync frame timeout
08-22 17:43:41.193 D/audio_hw_primary( 819): out_set_parameters: enter: usecase(1: low-latency-playback) kvpairs: suspend_playback=false
08-22 17:43:41.193 D/audio_hw_extn( 819): audio_extn_fm_set_parameters: Enter
08-22 17:43:41.194 W/audio_hw_primary( 819): out_write: underrun(23) frames_by_time(48390) > out->last_fifo_frames_remaining(384)
08-22 17:43:41.218 W/OverlayManager( 1155): service 'idmap' died
08-22 17:43:41.233 D/audio_hw_primary( 819): out_set_parameters: enter: usecase(1: low-latency-playback) kvpairs: suspend_playback=true
08-22 17:43:41.233 D/audio_hw_extn( 819): audio_extn_fm_set_parameters: Enter
01-01 01:39:33.981 D/ ( 0): mv2112_read_status
01-01 01:39:33.981 D/mv2112_update_link( 0): 3.0x901(1G): 0x80
01-01 01:39:33.981 D/mv2112_update_link( 0): 3.0x8109(100M): 0x0
01-01 01:39:33.981 D/mv2112_update_link( 0): link 0x0
01-01 01:39:33.981 D/mv2112_read_status( 0): autoneg is disabled
08-22 17:43:42.030 I/mpu_uart( 664): [MSG-P:RECV]:No message received in 1000 ms
08-22 17:43:42.161 E/WifiScoringParams( 1155): Invalid frequency(-1), using 5G as default rssi array
08-22 17:43:42.184 D/LOWI-9.0.0.87.a( 1507): [LOWI-Scan] wait_event:Wait done with Cmd 33
08-22 17:43:42.184 D/LOWI-9.0.0.87.a( 1507): [LOWI-Scan] do_listen_events: Rcvd valid Netlink Cmd 0 Err 0
08-22 17:43:42.234 D/audio_hw_primary( 819): out_set_parameters: enter: usecase(1: low-latency-playback) kvpairs: suspend_playback=false
01-01 01:39:34.398 I/[schedu][0xcbb355ec][17:43:42.234632] wlan( 0): [2405:I:OSIF] scan start scan id 40963
08-22 17:43:42.235 D/audio_hw_extn( 819): audio_extn_fm_set_parameters: Enter
08-22 17:43:42.235 W/audio_hw_primary( 819): out_write: underrun(24) frames_by_time(48185) > out->last_fifo_frames_remaining(384)
08-22 17:43:42.278 D/audio_hw_primary( 819): out_set_parameters: enter: usecase(1: low-latency-playback) kvpairs: suspend_playback=true
08-22 17:43:42.278 D/audio_hw_extn( 819): audio_extn_fm_set_parameters: Enter
08-22 17:43:42.403 I/hwservicemanager( 520): getTransport: Cannot find entry android.hardware.light@2.0::ILight/default in either framework or device VINTF manifest.
08-22 17:43:42.408 E/light ( 5677): light_open lights keyboard failed: -22
08-22 17:43:42.408 E/light ( 5677): Light passthrough failed to load legacy HAL.
08-22 17:43:42.409 E/light ( 5677): light_open lights buttons failed: -22
08-22 17:43:42.409 E/light ( 5677): Light passthrough failed to load legacy HAL.
08-22 17:43:42.412 E/light ( 5677): light_open lights bluetooth failed: -22
08-22 17:43:42.412 E/light ( 5677): Light passthrough failed to load legacy HAL.
08-22 17:43:42.413 E/light ( 5677): light_open lights wifi failed: -22
08-22 17:43:42.413 E/light ( 5677): Light passthrough failed to load legacy HAL.
08-22 17:43:42.417 I/hwservicemanager( 520): getTransport: Cannot find entry android.hardware.light@2.0::ILight/default in either framework or device VINTF manifest.
08-22 17:43:42.419 E/HidlServiceManagement( 5677): Service android.hardware.light@2.0::ILight/default must be in VINTF manifest in order to register/get.
08-22 17:43:42.419 E/LegacySupport( 5677): Could not register service android.hardware.light@2.0::ILight/default (-2147483648).
08-22 17:43:42.669 I/liblog ( 2230): 8
08-22 17:43:42.669 W/System.err( 2230): java.net.BindException: bind failed: EADDRINUSE (Address already in use)
08-22 17:43:42.670 W/System.err( 2230): at libcore.io.IoBridge.bind(IoBridge.java:150)
08-22 17:43:42.670 W/System.err( 2230): at java.net.PlainSocketImpl.socketBind(PlainSocketImpl.java:162)
08-22 17:43:42.670 W/System.err( 2230): at java.net.AbstractPlainSocketImpl.bind(AbstractPlainSocketImpl.java:427)
08-22 17:43:42.670 W/System.err( 2230): at java.net.ServerSocket.bind(ServerSocket.java:377)
08-22 17:43:42.670 W/System.err( 2230): at java.net.ServerSocket.(ServerSocket.java:237)
08-22 17:43:42.670 W/System.err( 2230): at com.thundercomm.remotecontrolservice.RemoteSocketService.startServer(RemoteSocketService.java:91)
08-22 17:43:42.670 W/System.err( 2230): at com.thundercomm.remotecontrolservice.RemoteSocketService.restartServer(RemoteSocketService.java:119)
08-22 17:43:42.670 W/System.err( 2230): at com.thundercomm.remotecontrolservice.RemoteSocketService.access$100(RemoteSocketService.java:11)
08-22 17:43:42.671 W/System.err( 2230): at com.thundercomm.remotecontrolservice.RemoteSocketService$3.run(RemoteSocketService.java:101)
08-22 17:43:42.671 W/System.err( 2230): at java.lang.Thread.run(Thread.java:920)
08-22 17:43:42.671 W/System.err( 2230): Caused by: android.system.ErrnoException: bind failed: EADDRINUSE (Address already in use)
08-22 17:43:42.671 W/System.err( 2230): at libcore.io.Linux.bind(Native Method)
08-22 17:43:42.671 W/System.err( 2230): at libcore.io.ForwardingOs.bind(ForwardingOs.java:141)
08-22 17:43:42.671 W/System.err( 2230): at libcore.io.ForwardingOs.bind(ForwardingOs.java:141)
08-22 17:43:42.671 W/System.err( 2230): at libcore.io.IoBridge.bind(IoBridge.java:146)
08-22 17:43:42.672 W/System.err( 2230): ... 9 more
08-22 17:43:42.672 W/System.err( 2230): java.net.BindException: bind failed: EADDRINUSE (Address already in use)
08-22 17:43:42.672 W/System.err( 2230): at libcore.io.IoBridge.bind(IoBridge.java:150)
08-22 17:43:42.672 W/System.err( 2230): at java.net.PlainSocketImpl.socketBind(PlainSocketImpl.java:162)
08-22 17:43:42.673 W/System.err( 2230): at java.net.AbstractPlainSocketImpl.bind(AbstractPlainSocketImpl.java:427)
08-22 17:43:42.673 W/System.err( 2230): at java.net.ServerSocket.bind(ServerSocket.java:377)
08-22 17:43:42.673 W/System.err( 2230): at java.net.ServerSocket.(ServerSocket.java:237)
08-22 17:43:42.673 W/System.err( 2230): at com.thundercomm.remotecontrolservice.RemoteSocketService.startServer(RemoteSocketService.java:91)
08-22 17:43:42.673 W/System.err( 2230): at com.thundercomm.remotecontrolservice.RemoteSocketService.restartServer(RemoteSocketService.java:119)
08-22 17:43:42.673 W/System.err( 2230): at com.thundercomm.remotecontrolservice.RemoteSocketService.access$100(RemoteSocketService.java:11)
08-22 17:43:42.673 W/System.err( 2230): at com.thundercomm.remotecontrolservice.RemoteSocketService$3.run(RemoteSocketService.java:101)
08-22 17:43:42.674 W/System.err( 2230): at java.lang.Thread.run(Thread.java:920)
08-22 17:43:42.674 W/System.err( 2230): Caused by: android.system.ErrnoException: bind failed: EADDRINUSE (Address already in use)
08-22 17:43:42.674 W/System.err( 2230): at libcore.io.Linux.bind(Native Method)
08-22 17:43:42.674 W/System.err( 2230): at libcore.io.ForwardingOs.bind(ForwardingOs.java:141)
08-22 17:43:42.674 W/System.err( 2230): at libcore.io.ForwardingOs.bind(ForwardingOs.java:141)
08-22 17:43:42.674 W/System.err( 2230): at libcore.io.IoBridge.bind(IoBridge.java:146)
08-22 17:43:42.674 W/System.err( 2230): ... 9 more
08-22 17:43:42.678 W/System.err( 2230): java.net.BindException: bind failed: EADDRINUSE (Address already in use)
08-22 17:43:42.679 W/System.err( 2230): at libcore.io.IoBridge.bind(IoBridge.java:150)
08-22 17:43:42.679 W/System.err( 2230): at java.net.PlainSocketImpl.socketBind(PlainSocketImpl.java:162)
08-22 17:43:42.679 W/System.err( 2230): at java.net.AbstractPlainSocketImpl.bind(AbstractPlainSocketImpl.java:427)
08-22 17:43:42.679 W/System.err( 2230): at java.net.ServerSocket.bind(ServerSocket.java:377)
08-22 17:43:42.679 W/System.err( 2230): at java.net.ServerSocket.(ServerSocket.java:237)
08-22 17:43:42.679 W/System.err( 2230): at com.thundercomm.remotecontrolservice.RemoteSocketService.startServer(RemoteSocketService.java:91)
08-22 17:43:42.679 W/System.err( 2230): at com.thundercomm.remotecontrolservice.RemoteSocketService.restartServer(RemoteSocketService.java:119)
08-22 17:43:42.680 W/System.err( 2230): at com.thundercomm.remotecontrolservice.RemoteSocketService.access$100(RemoteSocketService.java:11)
08-22 17:43:42.680 W/System.err( 2230): at com.thundercomm.remotecontrolservice.RemoteSocketService$3.run(RemoteSocketService.java:101)
08-22 17:43:42.680 W/System.err( 2230): at java.lang.Thread.run(Thread.java:920)
08-22 17:43:42.680 W/System.err( 2230): Caused by: android.system.ErrnoException: bind failed: EADDRINUSE (Address already in use)
08-22 17:43:42.680 W/System.err( 2230): at libcore.io.Linux.bind(Native Method)
08-22 17:43:42.680 W/System.err( 2230): at libcore.io.ForwardingOs.bind(ForwardingOs.java:141)
08-22 17:43:42.680 W/System.err( 2230): at libcore.io.ForwardingOs.bind(ForwardingOs.java:141)
08-22 17:43:42.680 W/System.err( 2230): at libcore.io.IoBridge.bind(IoBridge.java:146)
08-22 17:43:42.680 W/System.err( 2230): ... 9 more
08-22 17:43:42.681 W/System.err( 2230): java.net.BindException: bind failed: EADDRINUSE (Address already in use)
08-22 17:43:42.681 W/System.err( 2230): at libcore.io.IoBridge.bind(IoBridge.java:150)
08-22 17:43:42.681 W/System.err( 2230): at java.net.PlainSocketImpl.socketBind(PlainSocketImpl.java:162)
08-22 17:43:42.681 W/System.err( 2230): at java.net.AbstractPlainSocketImpl.bind(AbstractPlainSocketImpl.java:427)
08-22 17:43:42.681 W/System.err( 2230): at java.net.ServerSocket.bind(ServerSocket.java:377)
08-22 17:43:42.681 W/System.err( 2230): at java.net.ServerSocket.(ServerSocket.java:237)
08-22 17:43:42.681 W/System.err( 2230): at com.thundercomm.remotecontrolservice.RemoteSocketService.startServer(RemoteSocketService.java:91)
08-22 17:43:42.681 W/System.err( 2230): at com.thundercomm.remotecontrolservice.RemoteSocketService.restartServer(RemoteSocketService.java:119)
08-22 17:43:42.682 W/System.err( 2230): at com.thundercomm.remotecontrolservice.RemoteSocketService.access$100(RemoteSocketService.java:11)
08-22 17:43:42.682 W/System.err( 2230): at com.thundercomm.remotecontrolservice.RemoteSocketService$3.run(RemoteSocketService.java:101)
08-22 17:43:42.682 W/System.err( 2230): at java.lang.Thread.run(Thread.java:920)
08-22 17:43:42.682 W/System.err( 2230): Caused by: android.system.ErrnoException: bind failed: EADDRINUSE (Address already in use)
08-22 17:43:42.682 W/System.err( 2230): at libcore.io.Linux.bind(Native Method)
08-22 17:43:42.682 W/System.err( 2230): at libcore.io.ForwardingOs.bind(ForwardingOs.java:141)
08-22 17:43:42.682 W/System.err( 2230): at libcore.io.ForwardingOs.bind(ForwardingOs.java:141)
08-22 17:43:42.682 W/System.err( 2230): at libcore.io.IoBridge.bind(IoBridge.java:146)
08-22 17:43:42.682 W/System.err( 2230): ... 9 more
08-22 17:43:42.688 W/System.err( 2230): java.net.BindException: bind failed: EADDRINUSE (Address already in use)
08-22 17:43:42.688 W/System.err( 2230): at libcore.io.IoBridge.bind(IoBridge.java:150)
08-22 17:43:42.688 W/System.err( 2230): at java.net.PlainSocketImpl.socketBind(PlainSocketImpl.java:162)
08-22 17:43:42.688 W/System.err( 2230): at java.net.AbstractPlainSocketImpl.bind(AbstractPlainSocketImpl.java:427)
08-22 17:43:42.688 W/System.err( 2230): at java.net.ServerSocket.bind(ServerSocket.java:377)
08-22 17:43:42.688 W/System.err( 2230): at java.net.ServerSocket.(ServerSocket.java:237)
08-22 17:43:42.688 W/System.err( 2230): at com.thundercomm.remotecontrolservice.RemoteSocketService.startServer(RemoteSocketService.java:91)
08-22 17:43:42.689 W/System.err( 2230): at com.thundercomm.remotecontrolservice.RemoteSocketService.restartServer(RemoteSocketService.java:119)
08-22 17:43:42.689 W/System.err( 2230): at com.thundercomm.remotecontrolservice.RemoteSocketService.access$100(RemoteSocketService.java:11)
08-22 17:43:42.689 W/System.err( 2230): at com.thundercomm.remotecontrolservice.RemoteSocketService$3.run(RemoteSocketService.java:101)
08-22 17:43:42.689 W/System.err( 2230): at java.lang.Thread.run(Thread.java:920)
08-22 17:43:42.689 W/System.err( 2230): Caused by: android.system.ErrnoException: bind failed: EADDRINUSE (Address already in use)
08-22 17:43:42.689 W/System.err( 2230): at libcore.io.Linux.bind(Native Method)
08-22 17:43:42.689 W/System.err( 2230): at libcore.io.ForwardingOs.bind(ForwardingOs.java:141)
08-22 17:43:42.689 W/System.err( 2230): at libcore.io.ForwardingOs.bind(ForwardingOs.java:141)
08-22 17:43:42.689 W/System.err( 2230): at libcore.io.IoBridge.bind(IoBridge.java:146)
08-22 17:43:42.689 W/System.err( 2230): ... 9 more
08-22 17:43:42.690 W/System.err( 2230): java.net.BindException: bind failed: EADDRINUSE (Address already in use)
08-22 17:43:42.693 W/System.err( 2230): at libcore.io.IoBridge.bind(IoBridge.java:150)
08-22 17:43:42.693 W/System.err( 2230): at java.net.PlainSocketImpl.socketBind(PlainSocketImpl.java:162)
08-22 17:43:42.693 W/System.err( 2230): at java.net.AbstractPlainSocketImpl.bind(AbstractPlainSocketImpl.java:427)
08-22 17:43:42.693 W/System.err( 2230): at java.net.ServerSocket.bind(ServerSocket.java:377)
08-22 17:43:42.693 W/System.err( 2230): at java.net.ServerSocket.(ServerSocket.java:237)
08-22 17:43:42.693 W/System.err( 2230): at com.thundercomm.remotecontrolservice.RemoteSocketService.startServer(RemoteSocketService.java:91)
08-22 17:43:42.694 W/System.err( 2230): at com.thundercomm.remotecontrolservice.RemoteSocketService.restartServer(RemoteSocketService.java:119)
08-22 17:43:42.694 W/System.err( 2230): at com.thundercomm.remotecontrolservice.RemoteSocketService.access$100(RemoteSocketService.java:11)
08-22 17:43:42.694 W/System.err( 2230): at com.thundercomm.remotecontrolservice.RemoteSocketService$3.run(RemoteSocketService.java:101)
08-22 17:43:42.694 W/System.err( 2230): at java.lang.Thread.run(Thread.java:920)
08-22 17:43:42.694 W/System.err( 2230): Caused by: android.system.ErrnoException: bind failed: EADDRINUSE (Address already in use)
08-22 17:43:42.694 W/System.err( 2230): at libcore.io.Linux.bind(Native Method)
08-22 17:43:42.694 W/System.err( 2230): at libcore.io.ForwardingOs.bind(ForwardingOs.java:141)
08-22 17:43:42.694 W/System.err( 2230): at libcore.io.ForwardingOs.bind(ForwardingOs.java:141)
08-22 17:43:42.694 W/System.err( 2230): at libcore.io.IoBridge.bind(IoBridge.java:146)
08-22 17:43:42.695 W/System.err( 2230): ... 9 more
08-22 17:43:42.695 W/System.err( 2230): java.net.BindException: bind failed: EADDRINUSE (Address already in use)
08-22 17:43:42.695 W/System.err( 2230): at libcore.io.IoBridge.bind(IoBridge.java:150)
08-22 17:43:42.695 W/System.err( 2230): at java.net.PlainSocketImpl.socketBind(PlainSocketImpl.java:162)
08-22 17:43:42.695 W/System.err( 2230): at java.net.AbstractPlainSocketImpl.bind(AbstractPlainSocketImpl.java:427)
08-22 17:43:42.695 W/System.err( 2230): at java.net.ServerSocket.bind(ServerSocket.java:377)
08-22 17:43:42.695 W/System.err( 2230): at java.net.ServerSocket.(ServerSocket.java:237)
08-22 17:43:42.695 W/System.err( 2230): at com.thundercomm.remotecontrolservice.RemoteSocketService.startServer(RemoteSocketService.java:91)
08-22 17:43:42.695 W/System.err( 2230): at com.thundercomm.remotecontrolservice.RemoteSocketService.restartServer(RemoteSocketService.java:119)
08-22 17:43:42.696 W/System.err( 2230): at com.thundercomm.remotecontrolservice.RemoteSocketService.access$100(RemoteSocketService.java:11)
08-22 17:43:42.696 W/System.err( 2230): at com.thundercomm.remotecontrolservice.RemoteSocketService$3.run(RemoteSocketService.java:101)
08-22 17:43:42.696 W/System.err( 2230): at java.lang.Thread.run(Thread.java:920)
08-22 17:43:42.696 W/System.err( 2230): Caused by: android.system.ErrnoException: bind failed: EADDRINUSE (Address already in use)
08-22 17:43:42.697 W/System.err( 2230): at libcore.io.Linux.bind(Native Method)
08-22 17:43:42.697 W/System.err( 2230): at libcore.io.ForwardingOs.bind(ForwardingOs.java:141)
08-22 17:43:42.697 W/System.err( 2230): at libcore.io.ForwardingOs.bind(ForwardingOs.java:141)
08-22 17:43:42.697 W/System.err( 2230): at libcore.io.IoBridge.bind(IoBridge.java:146)
08-22 17:43:42.697 W/System.err( 2230): ... 9 more
08-22 17:43:42.698 W/System.err( 2230): java.net.BindException: bind failed: EADDRINUSE (Address already in use)
08-22 17:43:42.698 W/System.err( 2230): at libcore.io.IoBridge.bind(IoBridge.java:150)
08-22 17:43:42.698 W/System.err( 2230): at java.net.PlainSocketImpl.socketBind(PlainSocketImpl.java:162)
08-22 17:43:42.698 W/System.err( 2230): at java.net.AbstractPlainSocketImpl.bind(AbstractPlainSocketImpl.java:427)
08-22 17:43:42.699 W/System.err( 2230): at java.net.ServerSocket.bind(ServerSocket.java:377)
08-22 17:43:42.699 W/System.err( 2230): at java.net.ServerSocket.(ServerSocket.java:237)
08-22 17:43:42.699 W/System.err( 2230): at com.thundercomm.remotecontrolservice.RemoteSocketService.startServer(RemoteSocketService.java:91)
08-22 17:43:42.699 W/System.err( 2230): at com.thundercomm.remotecontrolservice.RemoteSocketService.restartServer(RemoteSocketService.java:119)
08-22 17:43:42.699 W/System.err( 2230): at com.thundercomm.remotecontrolservice.RemoteSocketService.access$100(RemoteSocketService.java:11)
08-22 17:43:42.699 W/System.err( 2230): at com.thundercomm.remotecontrolservice.RemoteSocketService$3.run(RemoteSocketService.java:101)
08-22 17:43:42.699 W/System.err( 2230): at java.lang.Thread.run(Thread.java:920)
08-22 17:43:42.699 W/System.err( 2230): Caused by: android.system.ErrnoException: bind failed: EADDRINUSE (Address already in use)
08-22 17:43:42.699 W/System.err( 2230): at libcore.io.Linux.bind(Native Method)
08-22 17:43:42.699 W/System.err( 2230): at libcore.io.ForwardingOs.bind(ForwardingOs.java:141)
08-22 17:43:42.699 W/System.err( 2230): at libcore.io.ForwardingOs.bind(ForwardingOs.java:141)
08-22 17:43:42.699 W/System.err( 2230): at libcore.io.IoBridge.bind(IoBridge.java:146)
08-22 17:43:42.699 W/System.err( 2230): ... 9 more
08-22 17:43:42.707 W/System.err( 2230): java.net.BindException: bind failed: EADDRINUSE (Address already in use)
08-22 17:43:42.707 W/System.err( 2230): at libcore.io.IoBridge.bind(IoBridge.java:150)
08-22 17:43:42.707 W/System.err( 2230): at java.net.PlainSocketImpl.socketBind(PlainSocketImpl.java:162)
08-22 17:43:42.707 W/System.err( 2230): at java.net.AbstractPlainSocketImpl.bind(AbstractPlainSocketImpl.java:427)
