08-22 17:43:23.130 W/System.err( 2230): at com.thundercomm.remotecontrolservice.RemoteSocketService$3.run(RemoteSocketService.java:101)
08-22 17:43:23.130 W/System.err( 2230): at java.lang.Thread.run(Thread.java:920)
08-22 17:43:23.130 W/System.err( 2230): Caused by: android.system.ErrnoException: bind failed: EADDRINUSE (Address already in use)
08-22 17:43:23.130 W/System.err( 2230): at libcore.io.Linux.bind(Native Method)
08-22 17:43:23.130 W/System.err( 2230): at libcore.io.ForwardingOs.bind(ForwardingOs.java:141)
08-22 17:43:23.131 W/System.err( 2230): at libcore.io.ForwardingOs.bind(ForwardingOs.java:141)
08-22 17:43:23.131 W/System.err( 2230): at libcore.io.IoBridge.bind(IoBridge.java:146)
08-22 17:43:23.131 W/System.err( 2230): ... 9 more
08-22 17:43:23.139 W/System.err( 2230): java.net.BindException: bind failed: EADDRINUSE (Address already in use)
08-22 17:43:23.139 W/System.err( 2230): at libcore.io.IoBridge.bind(IoBridge.java:150)
08-22 17:43:23.139 W/System.err( 2230): at java.net.PlainSocketImpl.socketBind(PlainSocketImpl.java:162)
08-22 17:43:23.139 W/System.err( 2230): at java.net.AbstractPlainSocketImpl.bind(AbstractPlainSocketImpl.java:427)
08-22 17:43:23.139 W/System.err( 2230): at java.net.ServerSocket.bind(ServerSocket.java:377)
08-22 17:43:23.139 W/System.err( 2230): at java.net.ServerSocket.(ServerSocket.java:237)
08-22 17:43:23.139 W/System.err( 2230): at com.thundercomm.remotecontrolservice.RemoteSocketService.startServer(RemoteSocketService.java:91)
01-01 01:39:15.440 I/init ( 0): Service 'qvrd_vndr' (pid 5231) exited with status 1
08-22 17:43:23.139 W/System.err( 2230): at com.thundercomm.remotecontrolservice.RemoteSocketService.restartServer(RemoteSocketService.java:119)
08-22 17:43:23.139 W/System.err( 2230): at com.thundercomm.remotecontrolservice.RemoteSocketService.access$100(RemoteSocketService.java:11)
08-22 17:43:23.140 W/System.err( 2230): at com.thundercomm.remotecontrolservice.RemoteSocketService$3.run(RemoteSocketService.java:101)
08-22 17:43:23.140 W/System.err( 2230): at java.lang.Thread.run(Thread.java:920)
08-22 17:43:23.140 W/System.err( 2230): Caused by: android.system.ErrnoException: bind failed: EADDRINUSE (Address already in use)
08-22 17:43:23.140 W/System.err( 2230): at libcore.io.Linux.bind(Native Method)
01-01 01:39:15.440 I/init ( 0): Sending signal 9 to service 'qvrd_vndr' (pid 5231) process group...
01-01 01:39:15.440 I/libprocessgroup( 0): Successfully killed process cgroup uid 1000 pid 5231 in 0ms
08-22 17:43:23.140 W/System.err( 2230): at libcore.io.ForwardingOs.bind(ForwardingOs.java:141)
08-22 17:43:23.142 W/System.err( 2230): at libcore.io.ForwardingOs.bind(ForwardingOs.java:141)
08-22 17:43:23.142 W/System.err( 2230): at libcore.io.IoBridge.bind(IoBridge.java:146)
08-22 17:43:23.142 W/System.err( 2230): ... 9 more
08-22 17:43:23.148 W/System.err( 2230): java.net.BindException: bind failed: EADDRINUSE (Address already in use)
08-22 17:43:23.148 W/System.err( 2230): at libcore.io.IoBridge.bind(IoBridge.java:150)
08-22 17:43:23.148 W/System.err( 2230): at java.net.PlainSocketImpl.socketBind(PlainSocketImpl.java:162)
01-01 01:39:15.450 I/init ( 0): Service 'sxrd' (pid 5232) exited with status 1
08-22 17:43:23.148 W/System.err( 2230): at java.net.AbstractPlainSocketImpl.bind(AbstractPlainSocketImpl.java:427)
08-22 17:43:23.149 W/System.err( 2230): at java.net.ServerSocket.bind(ServerSocket.java:377)
01-01 01:39:15.450 I/init ( 0): Sending signal 9 to service 'sxrd' (pid 5232) process group...
08-22 17:43:23.149 W/System.err( 2230): at java.net.ServerSocket.(ServerSocket.java:237)
01-01 01:39:15.450 I/libprocessgroup( 0): Successfully killed process cgroup uid 1000 pid 5232 in 0ms
08-22 17:43:23.149 W/System.err( 2230): at com.thundercomm.remotecontrolservice.RemoteSocketService.startServer(RemoteSocketService.java:91)
08-22 17:43:23.149 W/System.err( 2230): at com.thundercomm.remotecontrolservice.RemoteSocketService.restartServer(RemoteSocketService.java:119)
08-22 17:43:23.149 W/System.err( 2230): at com.thundercomm.remotecontrolservice.RemoteSocketService.access$100(RemoteSocketService.java:11)
08-22 17:43:23.149 W/System.err( 2230): at com.thundercomm.remotecontrolservice.RemoteSocketService$3.run(RemoteSocketService.java:101)
08-22 17:43:23.149 W/System.err( 2230): at java.lang.Thread.run(Thread.java:920)
08-22 17:43:23.149 W/System.err( 2230): Caused by: android.system.ErrnoException: bind failed: EADDRINUSE (Address already in use)
08-22 17:43:23.149 W/System.err( 2230): at libcore.io.Linux.bind(Native Method)
08-22 17:43:23.150 W/System.err( 2230): at libcore.io.ForwardingOs.bind(ForwardingOs.java:141)
08-22 17:43:23.150 W/System.err( 2230): at libcore.io.ForwardingOs.bind(ForwardingOs.java:141)
08-22 17:43:23.150 W/System.err( 2230): at libcore.io.IoBridge.bind(IoBridge.java:146)
08-22 17:43:23.150 W/System.err( 2230): ... 9 more
08-22 17:43:23.150 W/System.err( 2230): java.net.BindException: bind failed: EADDRINUSE (Address already in use)
08-22 17:43:23.150 W/System.err( 2230): at libcore.io.IoBridge.bind(IoBridge.java:150)
08-22 17:43:23.150 W/System.err( 2230): at java.net.PlainSocketImpl.socketBind(PlainSocketImpl.java:162)
08-22 17:43:23.150 W/System.err( 2230): at java.net.AbstractPlainSocketImpl.bind(AbstractPlainSocketImpl.java:427)
08-22 17:43:23.150 W/System.err( 2230): at java.net.ServerSocket.bind(ServerSocket.java:377)
08-22 17:43:23.151 W/System.err( 2230): at java.net.ServerSocket.(ServerSocket.java:237)
08-22 17:43:23.151 W/System.err( 2230): at com.thundercomm.remotecontrolservice.RemoteSocketService.startServer(RemoteSocketService.java:91)
08-22 17:43:23.151 W/System.err( 2230): at com.thundercomm.remotecontrolservice.RemoteSocketService.restartServer(RemoteSocketService.java:119)
08-22 17:43:23.151 W/System.err( 2230): at com.thundercomm.remotecontrolservice.RemoteSocketService.access$100(RemoteSocketService.java:11)
08-22 17:43:23.151 W/System.err( 2230): at com.thundercomm.remotecontrolservice.RemoteSocketService$3.run(RemoteSocketService.java:101)
08-22 17:43:23.151 W/System.err( 2230): at java.lang.Thread.run(Thread.java:920)
08-22 17:43:23.151 W/System.err( 2230): Caused by: android.system.ErrnoException: bind failed: EADDRINUSE (Address already in use)
08-22 17:43:23.152 W/System.err( 2230): at libcore.io.Linux.bind(Native Method)
08-22 17:43:23.152 W/System.err( 2230): at libcore.io.ForwardingOs.bind(ForwardingOs.java:141)
08-22 17:43:23.152 W/System.err( 2230): at libcore.io.ForwardingOs.bind(ForwardingOs.java:141)
08-22 17:43:23.152 W/System.err( 2230): at libcore.io.IoBridge.bind(IoBridge.java:146)
08-22 17:43:23.152 W/System.err( 2230): ... 9 more
08-22 17:43:23.154 W/System.err( 2230): java.net.BindException: bind failed: EADDRINUSE (Address already in use)
08-22 17:43:23.154 W/System.err( 2230): at libcore.io.IoBridge.bind(IoBridge.java:150)
08-22 17:43:23.154 W/System.err( 2230): at java.net.PlainSocketImpl.socketBind(PlainSocketImpl.java:162)
08-22 17:43:23.154 W/System.err( 2230): at java.net.AbstractPlainSocketImpl.bind(AbstractPlainSocketImpl.java:427)
08-22 17:43:23.154 W/System.err( 2230): at java.net.ServerSocket.bind(ServerSocket.java:377)
08-22 17:43:23.154 W/System.err( 2230): at java.net.ServerSocket.(ServerSocket.java:237)
08-22 17:43:23.154 W/System.err( 2230): at com.thundercomm.remotecontrolservice.RemoteSocketService.startServer(RemoteSocketService.java:91)
08-22 17:43:23.155 W/System.err( 2230): at com.thundercomm.remotecontrolservice.RemoteSocketService.restartServer(RemoteSocketService.java:119)
08-22 17:43:23.155 W/System.err( 2230): at com.thundercomm.remotecontrolservice.RemoteSocketService.access$100(RemoteSocketService.java:11)
08-22 17:43:23.155 W/System.err( 2230): at com.thundercomm.remotecontrolservice.RemoteSocketService$3.run(RemoteSocketService.java:101)
08-22 17:43:23.155 W/System.err( 2230): at java.lang.Thread.run(Thread.java:920)
08-22 17:43:23.155 W/System.err( 2230): Caused by: android.system.ErrnoException: bind failed: EADDRINUSE (Address already in use)
08-22 17:43:23.155 W/System.err( 2230): at libcore.io.Linux.bind(Native Method)
08-22 17:43:23.155 W/System.err( 2230): at libcore.io.ForwardingOs.bind(ForwardingOs.java:141)
08-22 17:43:23.155 W/System.err( 2230): at libcore.io.ForwardingOs.bind(ForwardingOs.java:141)
08-22 17:43:23.156 W/System.err( 2230): at libcore.io.IoBridge.bind(IoBridge.java:146)
08-22 17:43:23.156 W/System.err( 2230): ... 9 more
08-22 17:43:23.157 W/System.err( 2230): java.net.BindException: bind failed: EADDRINUSE (Address already in use)
08-22 17:43:23.157 W/System.err( 2230): at libcore.io.IoBridge.bind(IoBridge.java:150)
08-22 17:43:23.157 W/System.err( 2230): at java.net.PlainSocketImpl.socketBind(PlainSocketImpl.java:162)
08-22 17:43:23.157 I/liblog ( 2230): 5
08-22 17:43:23.158 I/liblog ( 2230): 4
08-22 17:43:23.159 I/liblog ( 2230): 5
08-22 17:43:23.159 W/System.err( 2230): java.net.BindException: bind failed: EADDRINUSE (Address already in use)
08-22 17:43:23.159 I/liblog ( 2230): 4
08-22 17:43:23.160 I/liblog ( 2230): 5
08-22 17:43:23.160 I/liblog ( 2230): 7
08-22 17:43:23.161 W/System.err( 2230): at java.net.PlainSocketImpl.socketBind(PlainSocketImpl.java:162)
08-22 17:43:23.161 I/liblog ( 2230): 9
08-22 17:43:23.161 I/liblog ( 2230): 6
08-22 17:43:23.162 I/liblog ( 2230): 5
08-22 17:43:23.162 I/liblog ( 2230): 7
08-22 17:43:23.163 I/liblog ( 2230): 6
08-22 17:43:23.163 I/liblog ( 2230): 6
08-22 17:43:23.163 W/System.err( 2230): at com.thundercomm.remotecontrolservice.RemoteSocketService.restartServer(RemoteSocketService.java:119)
08-22 17:43:23.165 I/liblog ( 2230): 1
08-22 17:43:23.165 W/System.err( 2230): at com.thundercomm.remotecontrolservice.RemoteSocketService.access$100(RemoteSocketService.java:11)
08-22 17:43:23.165 W/System.err( 2230): at libcore.io.ForwardingOs.bind(ForwardingOs.java:141)
08-22 17:43:23.169 I/liblog ( 2230): 7
08-22 17:43:23.169 W/System.err( 2230): java.net.BindException: bind failed: EADDRINUSE (Address already in use)
08-22 17:43:23.169 W/System.err( 2230): at libcore.io.IoBridge.bind(IoBridge.java:150)
08-22 17:43:23.169 W/System.err( 2230): at java.net.PlainSocketImpl.socketBind(PlainSocketImpl.java:162)
08-22 17:43:23.169 W/System.err( 2230): at java.net.AbstractPlainSocketImpl.bind(AbstractPlainSocketImpl.java:427)
08-22 17:43:23.169 W/System.err( 2230): at java.net.ServerSocket.bind(ServerSocket.java:377)
08-22 17:43:23.169 W/System.err( 2230): at java.net.ServerSocket.(ServerSocket.java:237)
08-22 17:43:23.170 I/liblog ( 2230): 7
08-22 17:43:23.172 I/liblog ( 2230): 4
08-22 17:43:23.172 W/System.err( 2230): java.net.BindException: bind failed: EADDRINUSE (Address already in use)
08-22 17:43:23.173 W/System.err( 2230): at libcore.io.IoBridge.bind(IoBridge.java:150)
08-22 17:43:23.173 W/System.err( 2230): at java.net.PlainSocketImpl.socketBind(PlainSocketImpl.java:162)
08-22 17:43:23.173 W/System.err( 2230): at java.net.AbstractPlainSocketImpl.bind(AbstractPlainSocketImpl.java:427)
08-22 17:43:23.173 W/System.err( 2230): at com.thundercomm.remotecontrolservice.RemoteSocketService.startServer(RemoteSocketService.java:91)
08-22 17:43:23.174 I/liblog ( 2230): 12
08-22 17:43:23.174 I/liblog ( 2230): 1
08-22 17:43:23.174 W/System.err( 2230): at com.thundercomm.remotecontrolservice.RemoteSocketService.restartServer(RemoteSocketService.java:119)
08-22 17:43:23.175 W/System.err( 2230): at libcore.io.ForwardingOs.bind(ForwardingOs.java:141)
08-22 17:43:23.175 I/liblog ( 2230): 14
08-22 17:43:23.176 I/liblog ( 2230): 1
08-22 17:43:23.176 I/liblog ( 2230): 11
08-22 17:43:23.177 W/System.err( 2230): at libcore.io.ForwardingOs.bind(ForwardingOs.java:141)
08-22 17:43:23.177 I/liblog ( 2230): 4
08-22 17:43:23.177 W/System.err( 2230): at java.net.AbstractPlainSocketImpl.bind(AbstractPlainSocketImpl.java:427)
08-22 17:43:23.178 I/liblog ( 2230): 7
08-22 17:43:23.178 I/liblog ( 2230): 3
08-22 17:43:23.179 I/liblog ( 2230): 6
08-22 17:43:23.179 W/System.err( 2230): at java.net.ServerSocket.bind(ServerSocket.java:377)
08-22 17:43:23.180 I/liblog ( 2230): 13
08-22 17:43:23.200 I/liblog ( 2230): 3
08-22 17:43:23.200 D/RemoteControlService( 2230): start reader thread, mServerIp = 192.168.4.16, mServerPort = 12600
08-22 17:43:23.202 D/RemoteControlService( 2230): start reader thread, mServerIp = 192.168.8.16, mServerPort = 12600
08-22 17:43:23.204 W/System.err( 2230): java.net.BindException: bind failed: EADDRINUSE (Address already in use)
08-22 17:43:23.204 W/System.err( 2230): at libcore.io.IoBridge.bind(IoBridge.java:150)
08-22 17:43:23.204 W/System.err( 2230): at java.net.PlainSocketImpl.socketBind(PlainSocketImpl.java:162)
08-22 17:43:23.204 W/System.err( 2230): at java.net.AbstractPlainSocketImpl.bind(AbstractPlainSocketImpl.java:427)
08-22 17:43:23.205 W/System.err( 2230): at java.net.ServerSocket.bind(ServerSocket.java:377)
08-22 17:43:23.205 W/System.err( 2230): at java.net.ServerSocket.(ServerSocket.java:237)
08-22 17:43:23.205 W/System.err( 2230): at com.thundercomm.remotecontrolservice.RemoteSocketService.startServer(RemoteSocketService.java:91)
08-22 17:43:23.205 W/System.err( 2230): at com.thundercomm.remotecontrolservice.RemoteSocketService.access$400(RemoteSocketService.java:11)
08-22 17:43:23.205 W/System.err( 2230): at com.thundercomm.remotecontrolservice.RemoteSocketService$2.run(RemoteSocketService.java:62)
08-22 17:43:23.206 W/System.err( 2230): Caused by: android.system.ErrnoException: bind failed: EADDRINUSE (Address already in use)
08-22 17:43:23.206 W/System.err( 2230): at libcore.io.Linux.bind(Native Method)
08-22 17:43:23.206 W/System.err( 2230): at libcore.io.ForwardingOs.bind(ForwardingOs.java:141)
08-22 17:43:23.206 W/System.err( 2230): at libcore.io.ForwardingOs.bind(ForwardingOs.java:141)
08-22 17:43:23.206 W/System.err( 2230): at libcore.io.IoBridge.bind(IoBridge.java:146)
08-22 17:43:23.206 W/System.err( 2230): ... 7 more
08-22 17:43:23.207 I/am_uid_idle( 1155): 10084
08-22 17:43:23.206 W/System.err( 2230): java.net.BindException: bind failed: EADDRINUSE (Address already in use)
08-22 17:43:23.208 W/System.err( 2230): at libcore.io.IoBridge.bind(IoBridge.java:150)
08-22 17:43:23.208 W/System.err( 2230): at java.net.PlainSocketImpl.socketBind(PlainSocketImpl.java:162)
08-22 17:43:23.208 W/System.err( 2230): at java.net.AbstractPlainSocketImpl.bind(AbstractPlainSocketImpl.java:427)
08-22 17:43:23.208 W/System.err( 2230): at java.net.ServerSocket.bind(ServerSocket.java:377)
08-22 17:43:23.208 W/System.err( 2230): at java.net.ServerSocket.(ServerSocket.java:237)
08-22 17:43:23.208 W/System.err( 2230): at com.thundercomm.remotecontrolservice.RemoteSocketService.startServer(RemoteSocketService.java:91)
08-22 17:43:23.208 W/System.err( 2230): at com.thundercomm.remotecontrolservice.RemoteSocketService.access$400(RemoteSocketService.java:11)
08-22 17:43:23.208 W/System.err( 2230): at com.thundercomm.remotecontrolservice.RemoteSocketService$2.run(RemoteSocketService.java:62)
08-22 17:43:23.208 W/System.err( 2230): Caused by: android.system.ErrnoException: bind failed: EADDRINUSE (Address already in use)
08-22 17:43:23.209 W/System.err( 2230): at libcore.io.Linux.bind(Native Method)
08-22 17:43:23.209 W/System.err( 2230): at libcore.io.ForwardingOs.bind(ForwardingOs.java:141)
08-22 17:43:23.209 W/System.err( 2230): at libcore.io.ForwardingOs.bind(ForwardingOs.java:141)
08-22 17:43:23.209 W/System.err( 2230): at libcore.io.IoBridge.bind(IoBridge.java:146)
08-22 17:43:23.209 W/System.err( 2230): ... 7 more
08-22 17:43:23.211 D/RemoteControlService( 2230): start reader thread, mServerIp = 192.168.2.16, mServerPort = 12600
08-22 17:43:23.211 D/RemoteControlService( 2230): start reader thread, mServerIp = 192.168.11.16, mServerPort = 12600
08-22 17:43:23.215 D/RemoteControlService( 2230): start reader thread, mServerIp = 192.168.0.16, mServerPort = 12600
08-22 17:43:23.216 W/System.err( 2230): java.net.BindException: bind failed: EADDRINUSE (Address already in use)
08-22 17:43:23.216 W/System.err( 2230): at libcore.io.IoBridge.bind(IoBridge.java:150)
08-22 17:43:23.216 W/System.err( 2230): at java.net.PlainSocketImpl.socketBind(PlainSocketImpl.java:162)
08-22 17:43:23.216 W/System.err( 2230): at java.net.AbstractPlainSocketImpl.bind(AbstractPlainSocketImpl.java:427)
08-22 17:43:23.216 W/System.err( 2230): at java.net.ServerSocket.bind(ServerSocket.java:377)
08-22 17:43:23.217 W/System.err( 2230): at java.net.ServerSocket.(ServerSocket.java:237)
08-22 17:43:23.217 W/System.err( 2230): at com.thundercomm.remotecontrolservice.RemoteSocketService.startServer(RemoteSocketService.java:91)
08-22 17:43:23.217 W/System.err( 2230): at com.thundercomm.remotecontrolservice.RemoteSocketService.access$400(RemoteSocketService.java:11)
08-22 17:43:23.217 W/System.err( 2230): at com.thundercomm.remotecontrolservice.RemoteSocketService$2.run(RemoteSocketService.java:62)
08-22 17:43:23.217 W/System.err( 2230): Caused by: android.system.ErrnoException: bind failed: EADDRINUSE (Address already in use)
08-22 17:43:23.217 I/liblog ( 2230): 3
08-22 17:43:23.219 I/liblog ( 2230): 3
08-22 17:43:23.219 W/System.err( 2230): java.net.BindException: bind failed: EADDRINUSE (Address already in use)
08-22 17:43:23.219 W/System.err( 2230): at libcore.io.IoBridge.bind(IoBridge.java:150)
08-22 17:43:23.221 I/liblog ( 2230): 20
08-22 17:43:23.221 I/liblog ( 2230): 1
08-22 17:43:23.222 I/liblog ( 2230): 2
08-22 17:43:23.222 I/liblog ( 2230): 4
08-22 17:43:23.223 I/liblog ( 2230): 1
08-22 17:43:23.223 I/liblog ( 2230): 2
08-22 17:43:23.223 I/liblog ( 2230): 7
08-22 17:43:23.275 F/linker ( 5231): CANNOT LINK EXECUTABLE "/vendor/bin/hw/qvrservice": library "vendor.qti.hardware.qxr-V1-ndk_platform.so" not found: needed by /vendor/lib64/libqvrservice.so in namespace (default)
08-22 17:43:23.285 F/linker ( 5232): CANNOT LINK EXECUTABLE "/vendor/bin/hw/sxrservice": library "vendor.qti.hardware.qxr-V1-ndk_platform.so" not found: needed by main executable
01-01 01:39:15.548 D/ ( 0): mv2112_read_status
01-01 01:39:15.548 D/mv2112_update_link( 0): 3.0x901(1G): 0x80
01-01 01:39:15.549 D/mv2112_update_link( 0): 3.0x8109(100M): 0x0
01-01 01:39:15.549 D/mv2112_update_link( 0): link 0x0
01-01 01:39:15.549 D/mv2112_read_status( 0): autoneg is disabled
08-22 17:43:23.574 I/am_uid_idle( 1155): 10072
08-22 17:43:24.011 I/mpu_uart( 664): [MSG-P:RECV]:No message received in 1000 ms
08-22 17:43:24.323 I/am_uid_idle( 1155): 10029
01-01 01:39:16.573 D/ ( 0): mv2112_read_status
01-01 01:39:16.573 D/mv2112_update_link( 0): 3.0x901(1G): 0x80
01-01 01:39:16.573 D/mv2112_update_link( 0): 3.0x8109(100M): 0x0
01-01 01:39:16.573 D/mv2112_update_link( 0): link 0x0
01-01 01:39:16.573 D/mv2112_read_status( 0): autoneg is disabled
08-22 17:43:24.694 I/am_uid_idle( 1155): 10069
08-22 17:43:24.962 I/am_uid_idle( 1155): 10031
08-22 17:43:25.011 I/mpu_uart( 664): [MSG-P:RECV]:No message received in 1000 ms
01-01 01:39:17.597 D/ ( 0): mv2112_read_status
01-01 01:39:17.597 D/mv2112_update_link( 0): 3.0x901(1G): 0x80
01-01 01:39:17.597 D/mv2112_update_link( 0): 3.0x8109(100M): 0x0
01-01 01:39:17.597 D/mv2112_update_link( 0): link 0x0
01-01 01:39:17.597 D/mv2112_read_status( 0): autoneg is disabled
08-22 17:43:26.012 I/mpu_uart( 664): [MSG-P:RECV]:No message received in 1000 ms
08-22 17:43:26.035 I/mpu_uart( 664): [MSG-P:R]:recv sync frame timeout
08-22 17:43:26.073 I/am_uid_idle( 1155): 10023
08-22 17:43:26.188 I/am_uid_idle( 1155): 2000
01-01 01:39:18.621 D/ ( 0): mv2112_read_status
01-01 01:39:18.621 D/mv2112_update_link( 0): 3.0x901(1G): 0x80
01-01 01:39:18.621 D/mv2112_update_link( 0): 3.0x8109(100M): 0x0
01-01 01:39:18.621 D/mv2112_update_link( 0): link 0x0
01-01 01:39:18.621 D/mv2112_read_status( 0): autoneg is disabled
08-22 17:43:27.013 I/mpu_uart( 664): [MSG-P:RECV]:No message received in 1000 ms
08-22 17:43:27.148 W/FrameTracker( 2374): Missed App frame:8
08-22 17:43:27.290 I/hwservicemanager( 520): getTransport: Cannot find entry android.hardware.light@2.0::ILight/default in either framework or device VINTF manifest.
08-22 17:43:27.294 E/light ( 5233): light_open lights keyboard failed: -22
08-22 17:43:27.294 E/light ( 5233): Light passthrough failed to load legacy HAL.
08-22 17:43:27.295 E/light ( 5233): light_open lights buttons failed: -22
08-22 17:43:27.295 E/light ( 5233): Light passthrough failed to load legacy HAL.
08-22 17:43:27.298 E/light ( 5233): light_open lights bluetooth failed: -22
08-22 17:43:27.298 E/light ( 5233): Light passthrough failed to load legacy HAL.
08-22 17:43:27.298 E/light ( 5233): light_open lights wifi failed: -22
08-22 17:43:27.298 E/light ( 5233): Light passthrough failed to load legacy HAL.
08-22 17:43:27.301 I/hwservicemanager( 520): getTransport: Cannot find entry android.hardware.light@2.0::ILight/default in either framework or device VINTF manifest.
08-22 17:43:27.302 E/HidlServiceManagement( 5233): Service android.hardware.light@2.0::ILight/default must be in VINTF manifest in order to register/get.
08-22 17:43:27.302 E/LegacySupport( 5233): Could not register service android.hardware.light@2.0::ILight/default (-2147483648).
01-01 01:39:19.644 D/ ( 0): mv2112_read_status
01-01 01:39:19.644 D/mv2112_update_link( 0): 3.0x901(1G): 0x80
01-01 01:39:19.645 D/mv2112_update_link( 0): 3.0x8109(100M): 0x0
01-01 01:39:19.645 D/mv2112_update_link( 0): link 0x0
01-01 01:39:19.645 D/mv2112_read_status( 0): autoneg is disabled
08-22 17:43:27.614 I/liblog ( 2230): 6
08-22 17:43:27.614 W/System.err( 2230): java.net.BindException: bind failed: EADDRINUSE (Address already in use)
08-22 17:43:27.615 W/System.err( 2230): at libcore.io.IoBridge.bind(IoBridge.java:150)
08-22 17:43:27.615 W/System.err( 2230): at java.net.PlainSocketImpl.socketBind(PlainSocketImpl.java:162)
08-22 17:43:27.615 W/System.err( 2230): at java.net.AbstractPlainSocketImpl.bind(AbstractPlainSocketImpl.java:427)
08-22 17:43:27.615 W/System.err( 2230): at java.net.ServerSocket.bind(ServerSocket.java:377)
08-22 17:43:27.615 W/System.err( 2230): at java.net.ServerSocket.(ServerSocket.java:237)
08-22 17:43:27.615 W/System.err( 2230): at com.thundercomm.remotecontrolservice.RemoteSocketService.startServer(RemoteSocketService.java:91)
08-22 17:43:27.615 W/System.err( 2230): at com.thundercomm.remotecontrolservice.RemoteSocketService.restartServer(RemoteSocketService.java:119)
08-22 17:43:27.615 W/System.err( 2230): at com.thundercomm.remotecontrolservice.RemoteSocketService.access$100(RemoteSocketService.java:11)
08-22 17:43:27.615 W/System.err( 2230): at com.thundercomm.remotecontrolservice.RemoteSocketService$3.run(RemoteSocketService.java:101)
08-22 17:43:27.615 W/System.err( 2230): at java.lang.Thread.run(Thread.java:920)
08-22 17:43:27.616 W/System.err( 2230): Caused by: android.system.ErrnoException: bind failed: EADDRINUSE (Address already in use)
08-22 17:43:27.616 W/System.err( 2230): at libcore.io.Linux.bind(Native Method)
08-22 17:43:27.616 W/System.err( 2230): at libcore.io.ForwardingOs.bind(ForwardingOs.java:141)
08-22 17:43:27.616 W/System.err( 2230): at libcore.io.ForwardingOs.bind(ForwardingOs.java:141)
08-22 17:43:27.616 W/System.err( 2230): at libcore.io.IoBridge.bind(IoBridge.java:146)
08-22 17:43:27.616 W/System.err( 2230): ... 9 more
08-22 17:43:27.618 W/System.err( 2230): java.net.BindException: bind failed: EADDRINUSE (Address already in use)
08-22 17:43:27.618 W/System.err( 2230): at libcore.io.IoBridge.bind(IoBridge.java:150)
08-22 17:43:27.618 W/System.err( 2230): at java.net.PlainSocketImpl.socketBind(PlainSocketImpl.java:162)
08-22 17:43:27.618 W/System.err( 2230): at java.net.AbstractPlainSocketImpl.bind(AbstractPlainSocketImpl.java:427)
08-22 17:43:27.618 W/System.err( 2230): at java.net.ServerSocket.bind(ServerSocket.java:377)
08-22 17:43:27.618 W/System.err( 2230): at java.net.ServerSocket.(ServerSocket.java:237)
08-22 17:43:27.619 W/System.err( 2230): at com.thundercomm.remotecontrolservice.RemoteSocketService.startServer(RemoteSocketService.java:91)
08-22 17:43:27.619 W/System.err( 2230): at com.thundercomm.remotecontrolservice.RemoteSocketService.restartServer(RemoteSocketService.java:119)
08-22 17:43:27.619 W/System.err( 2230): at com.thundercomm.remotecontrolservice.RemoteSocketService.access$100(RemoteSocketService.java:11)
08-22 17:43:27.619 W/System.err( 2230): at com.thundercomm.remotecontrolservice.RemoteSocketService$3.run(RemoteSocketService.java:101)
08-22 17:43:27.619 W/System.err( 2230): at java.lang.Thread.run(Thread.java:920)
08-22 17:43:27.619 W/System.err( 2230): Caused by: android.system.ErrnoException: bind failed: EADDRINUSE (Address already in use)
08-22 17:43:27.619 W/System.err( 2230): at libcore.io.Linux.bind(Native Method)
08-22 17:43:27.619 W/System.err( 2230): at libcore.io.ForwardingOs.bind(ForwardingOs.java:141)
08-22 17:43:27.619 W/System.err( 2230): at libcore.io.ForwardingOs.bind(ForwardingOs.java:141)
08-22 17:43:27.619 W/System.err( 2230): at libcore.io.IoBridge.bind(IoBridge.java:146)
08-22 17:43:27.620 W/System.err( 2230): ... 9 more
08-22 17:43:27.620 W/System.err( 2230): java.net.BindException: bind failed: EADDRINUSE (Address already in use)
08-22 17:43:27.620 W/System.err( 2230): at libcore.io.IoBridge.bind(IoBridge.java:150)
08-22 17:43:27.621 W/System.err( 2230): at java.net.PlainSocketImpl.socketBind(PlainSocketImpl.java:162)
08-22 17:43:27.621 W/System.err( 2230): at java.net.AbstractPlainSocketImpl.bind(AbstractPlainSocketImpl.java:427)
08-22 17:43:27.621 W/System.err( 2230): at java.net.ServerSocket.bind(ServerSocket.java:377)
08-22 17:43:27.621 W/System.err( 2230): at java.net.ServerSocket.(ServerSocket.java:237)
08-22 17:43:27.621 W/System.err( 2230): at com.thundercomm.remotecontrolservice.RemoteSocketService.startServer(RemoteSocketService.java:91)
08-22 17:43:27.621 W/System.err( 2230): at com.thundercomm.remotecontrolservice.RemoteSocketService.restartServer(RemoteSocketService.java:119)
08-22 17:43:27.621 W/System.err( 2230): at com.thundercomm.remotecontrolservice.RemoteSocketService.access$100(RemoteSocketService.java:11)
08-22 17:43:27.621 W/System.err( 2230): at com.thundercomm.remotecontrolservice.RemoteSocketService$3.run(RemoteSocketService.java:101)
08-22 17:43:27.621 W/System.err( 2230): at java.lang.Thread.run(Thread.java:920)
08-22 17:43:27.622 W/System.err( 2230): Caused by: android.system.ErrnoException: bind failed: EADDRINUSE (Address already in use)
08-22 17:43:27.622 W/System.err( 2230): at libcore.io.Linux.bind(Native Method)
08-22 17:43:27.622 W/System.err( 2230): at libcore.io.ForwardingOs.bind(ForwardingOs.java:141)
08-22 17:43:27.622 W/System.err( 2230): at libcore.io.ForwardingOs.bind(ForwardingOs.java:141)
08-22 17:43:27.622 W/System.err( 2230): at libcore.io.IoBridge.bind(IoBridge.java:146)
08-22 17:43:27.622 W/System.err( 2230): ... 9 more
08-22 17:43:27.623 W/System.err( 2230): java.net.BindException: bind failed: EADDRINUSE (Address already in use)
08-22 17:43:27.623 W/System.err( 2230): at libcore.io.IoBridge.bind(IoBridge.java:150)
08-22 17:43:27.623 W/System.err( 2230): at java.net.PlainSocketImpl.socketBind(PlainSocketImpl.java:162)
08-22 17:43:27.623 W/System.err( 2230): at java.net.AbstractPlainSocketImpl.bind(AbstractPlainSocketImpl.java:427)
08-22 17:43:27.624 W/System.err( 2230): at java.net.ServerSocket.bind(ServerSocket.java:377)
08-22 17:43:27.624 W/System.err( 2230): at java.net.ServerSocket.(ServerSocket.java:237)
08-22 17:43:27.624 W/System.err( 2230): at com.thundercomm.remotecontrolservice.RemoteSocketService.startServer(RemoteSocketService.java:91)
08-22 17:43:27.624 W/System.err( 2230): at com.thundercomm.remotecontrolservice.RemoteSocketService.restartServer(RemoteSocketService.java:119)
08-22 17:43:27.624 W/System.err( 2230): at com.thundercomm.remotecontrolservice.RemoteSocketService.access$100(RemoteSocketService.java:11)
08-22 17:43:27.626 W/System.err( 2230): at com.thundercomm.remotecontrolservice.RemoteSocketService$3.run(RemoteSocketService.java:101)
08-22 17:43:27.626 W/System.err( 2230): at java.lang.Thread.run(Thread.java:920)
08-22 17:43:27.626 W/System.err( 2230): Caused by: android.system.ErrnoException: bind failed: EADDRINUSE (Address already in use)
08-22 17:43:27.626 W/System.err( 2230): at libcore.io.Linux.bind(Native Method)
08-22 17:43:27.626 W/System.err( 2230): at libcore.io.ForwardingOs.bind(ForwardingOs.java:141)
08-22 17:43:27.626 W/System.err( 2230): at libcore.io.ForwardingOs.bind(ForwardingOs.java:141)
08-22 17:43:27.626 W/System.err( 2230): at libcore.io.IoBridge.bind(IoBridge.java:146)
08-22 17:43:27.627 W/System.err( 2230): ... 9 more
08-22 17:43:27.627 W/System.err( 2230): java.net.BindException: bind failed: EADDRINUSE (Address already in use)
08-22 17:43:27.628 W/System.err( 2230): at libcore.io.IoBridge.bind(IoBridge.java:150)
08-22 17:43:27.628 W/System.err( 2230): at java.net.PlainSocketImpl.socketBind(PlainSocketImpl.java:162)
08-22 17:43:27.628 W/System.err( 2230): at java.net.AbstractPlainSocketImpl.bind(AbstractPlainSocketImpl.java:427)
08-22 17:43:27.628 W/System.err( 2230): at java.net.ServerSocket.bind(ServerSocket.java:377)
08-22 17:43:27.628 W/System.err( 2230): at java.net.ServerSocket.(ServerSocket.java:237)
08-22 17:43:27.628 W/System.err( 2230): at com.thundercomm.remotecontrolservice.RemoteSocketService.startServer(RemoteSocketService.java:91)
08-22 17:43:27.628 W/System.err( 2230): at com.thundercomm.remotecontrolservice.RemoteSocketService.restartServer(RemoteSocketService.java:119)
08-22 17:43:27.628 W/System.err( 2230): at com.thundercomm.remotecontrolservice.RemoteSocketService.access$100(RemoteSocketService.java:11)
08-22 17:43:27.628 W/System.err( 2230): at com.thundercomm.remotecontrolservice.RemoteSocketService$3.run(RemoteSocketService.java:101)
08-22 17:43:27.628 W/System.err( 2230): at java.lang.Thread.run(Thread.java:920)
08-22 17:43:27.629 W/System.err( 2230): Caused by: android.system.ErrnoException: bind failed: EADDRINUSE (Address already in use)
08-22 17:43:27.629 W/System.err( 2230): at libcore.io.Linux.bind(Native Method)
08-22 17:43:27.629 W/System.err( 2230): at libcore.io.ForwardingOs.bind(ForwardingOs.java:141)
08-22 17:43:27.629 W/System.err( 2230): at libcore.io.ForwardingOs.bind(ForwardingOs.java:141)
08-22 17:43:27.629 W/System.err( 2230): at libcore.io.IoBridge.bind(IoBridge.java:146)
08-22 17:43:27.629 W/System.err( 2230): ... 9 more
08-22 17:43:27.644 W/System.err( 2230): java.net.BindException: bind failed: EADDRINUSE (Address already in use)
08-22 17:43:27.644 W/System.err( 2230): at libcore.io.IoBridge.bind(IoBridge.java:150)
08-22 17:43:27.644 W/System.err( 2230): at java.net.PlainSocketImpl.socketBind(PlainSocketImpl.java:162)
08-22 17:43:27.644 W/System.err( 2230): at java.net.AbstractPlainSocketImpl.bind(AbstractPlainSocketImpl.java:427)
08-22 17:43:27.644 W/System.err( 2230): at java.net.ServerSocket.bind(ServerSocket.java:377)
08-22 17:43:27.645 W/System.err( 2230): at java.net.ServerSocket.(ServerSocket.java:237)
08-22 17:43:27.645 W/System.err( 2230): at com.thundercomm.remotecontrolservice.RemoteSocketService.startServer(RemoteSocketService.java:91)
08-22 17:43:27.645 W/System.err( 2230): at com.thundercomm.remotecontrolservice.RemoteSocketService.restartServer(RemoteSocketService.java:119)
08-22 17:43:27.645 W/System.err( 2230): at com.thundercomm.remotecontrolservice.RemoteSocketService.access$100(RemoteSocketService.java:11)
08-22 17:43:27.645 W/System.err( 2230): at com.thundercomm.remotecontrolservice.RemoteSocketService$3.run(RemoteSocketService.java:101)
08-22 17:43:27.645 W/System.err( 2230): at java.lang.Thread.run(Thread.java:920)
08-22 17:43:27.645 W/System.err( 2230): Caused by: android.system.ErrnoException: bind failed: EADDRINUSE (Address already in use)
08-22 17:43:27.645 W/System.err( 2230): at libcore.io.Linux.bind(Native Method)
08-22 17:43:27.645 W/System.err( 2230): at libcore.io.ForwardingOs.bind(ForwardingOs.java:141)
08-22 17:43:27.645 W/System.err( 2230): at libcore.io.ForwardingOs.bind(ForwardingOs.java:141)
08-22 17:43:27.646 W/System.err( 2230): at libcore.io.IoBridge.bind(IoBridge.java:146)
08-22 17:43:27.646 W/System.err( 2230): ... 9 more
08-22 17:43:27.646 W/System.err( 2230): java.net.BindException: bind failed: EADDRINUSE (Address already in use)
08-22 17:43:27.646 W/System.err( 2230): at libcore.io.IoBridge.bind(IoBridge.java:150)
08-22 17:43:27.647 W/System.err( 2230): at java.net.PlainSocketImpl.socketBind(PlainSocketImpl.java:162)
08-22 17:43:27.647 W/System.err( 2230): at java.net.AbstractPlainSocketImpl.bind(AbstractPlainSocketImpl.java:427)
08-22 17:43:27.647 W/System.err( 2230): at java.net.ServerSocket.bind(ServerSocket.java:377)
08-22 17:43:27.647 W/System.err( 2230): at java.net.ServerSocket.(ServerSocket.java:237)
08-22 17:43:27.647 W/System.err( 2230): at com.thundercomm.remotecontrolservice.RemoteSocketService.startServer(RemoteSocketService.java:91)
08-22 17:43:27.647 W/System.err( 2230): at com.thundercomm.remotecontrolservice.RemoteSocketService.restartServer(RemoteSocketService.java:119)
08-22 17:43:27.647 W/System.err( 2230): at com.thundercomm.remotecontrolservice.RemoteSocketService.access$100(RemoteSocketService.java:11)
08-22 17:43:27.647 W/System.err( 2230): at com.thundercomm.remotecontrolservice.RemoteSocketService$3.run(RemoteSocketService.java:101)
08-22 17:43:27.647 W/System.err( 2230): at java.lang.Thread.run(Thread.java:920)
08-22 17:43:27.647 W/System.err( 2230): Caused by: android.system.ErrnoException: bind failed: EADDRINUSE (Address already in use)
08-22 17:43:27.647 W/System.err( 2230): at libcore.io.Linux.bind(Native Method)
08-22 17:43:27.647 W/System.err( 2230): at libcore.io.ForwardingOs.bind(ForwardingOs.java:141)
08-22 17:43:27.647 W/System.err( 2230): at libcore.io.ForwardingOs.bind(ForwardingOs.java:141)
08-22 17:43:27.648 W/System.err( 2230): at libcore.io.IoBridge.bind(IoBridge.java:146)
08-22 17:43:27.648 W/System.err( 2230): ... 9 more
08-22 17:43:27.652 W/System.err( 2230): java.net.BindException: bind failed: EADDRINUSE (Address already in use)
08-22 17:43:27.652 W/System.err( 2230): at libcore.io.IoBridge.bind(IoBridge.java:150)
08-22 17:43:27.652 W/System.err( 2230): at java.net.PlainSocketImpl.socketBind(PlainSocketImpl.java:162)
08-22 17:43:27.652 W/System.err( 2230): at java.net.AbstractPlainSocketImpl.bind(AbstractPlainSocketImpl.java:427)
08-22 17:43:27.653 W/System.err( 2230): at java.net.ServerSocket.bind(ServerSocket.java:377)
08-22 17:43:27.653 W/System.err( 2230): at java.net.ServerSocket.(ServerSocket.java:237)
08-22 17:43:27.653 W/System.err( 2230): at com.thundercomm.remotecontrolservice.RemoteSocketService.startServer(RemoteSocketService.java:91)
08-22 17:43:27.653 W/System.err( 2230): at com.thundercomm.remotecontrolservice.RemoteSocketService.restartServer(RemoteSocketService.java:119)
08-22 17:43:27.653 W/System.err( 2230): at com.thundercomm.remotecontrolservice.RemoteSocketService.access$100(RemoteSocketService.java:11)
08-22 17:43:27.653 W/System.err( 2230): at com.thundercomm.remotecontrolservice.RemoteSocketService$3.run(RemoteSocketService.java:101)
08-22 17:43:27.653 W/System.err( 2230): at java.lang.Thread.run(Thread.java:920)
08-22 17:43:27.653 W/System.err( 2230): Caused by: android.system.ErrnoException: bind failed: EADDRINUSE (Address already in use)
08-22 17:43:27.654 W/System.err( 2230): at libcore.io.Linux.bind(Native Method)
08-22 17:43:27.654 W/System.err( 2230): at libcore.io.ForwardingOs.bind(ForwardingOs.java:141)
08-22 17:43:27.654 W/System.err( 2230): at libcore.io.ForwardingOs.bind(ForwardingOs.java:141)
08-22 17:43:27.654 W/System.err( 2230): at libcore.io.IoBridge.bind(IoBridge.java:146)
08-22 17:43:27.654 W/System.err( 2230): ... 9 more
08-22 17:43:27.655 W/System.err( 2230): java.net.BindException: bind failed: EADDRINUSE (Address already in use)
08-22 17:43:27.660 W/System.err( 2230): at libcore.io.IoBridge.bind(IoBridge.java:150)
08-22 17:43:27.660 W/System.err( 2230): at java.net.PlainSocketImpl.socketBind(PlainSocketImpl.java:162)
08-22 17:43:27.660 W/System.err( 2230): at java.net.AbstractPlainSocketImpl.bind(AbstractPlainSocketImpl.java:427)
08-22 17:43:27.660 W/System.err( 2230): at java.net.ServerSocket.bind(ServerSocket.java:377)
08-22 17:43:27.660 W/System.err( 2230): at java.net.ServerSocket.(ServerSocket.java:237)
08-22 17:43:27.660 W/System.err( 2230): at com.thundercomm.remotecontrolservice.RemoteSocketService.startServer(RemoteSocketService.java:91)
08-22 17:43:27.660 W/System.err( 2230): at com.thundercomm.remotecontrolservice.RemoteSocketService.restartServer(RemoteSocketService.java:119)
08-22 17:43:27.660 W/System.err( 2230): at com.thundercomm.remotecontrolservice.RemoteSocketService.access$100(RemoteSocketService.java:11)
08-22 17:43:27.660 W/System.err( 2230): at com.thundercomm.remotecontrolservice.RemoteSocketService$3.run(RemoteSocketService.java:101)
08-22 17:43:27.660 W/System.err( 2230): at java.lang.Thread.run(Thread.java:920)
08-22 17:43:27.661 W/System.err( 2230): Caused by: android.system.ErrnoException: bind failed: EADDRINUSE (Address already in use)
08-22 17:43:27.661 W/System.err( 2230): at libcore.io.Linux.bind(Native Method)
08-22 17:43:27.661 W/System.err( 2230): at libcore.io.ForwardingOs.bind(ForwardingOs.java:141)
08-22 17:43:27.661 W/System.err( 2230): at libcore.io.ForwardingOs.bind(ForwardingOs.java:141)
08-22 17:43:27.661 W/System.err( 2230): at libcore.io.IoBridge.bind(IoBridge.java:146)
08-22 17:43:27.661 W/System.err( 2230): ... 9 more
08-22 17:43:27.662 W/System.err( 2230): java.net.BindException: bind failed: EADDRINUSE (Address already in use)
08-22 17:43:27.662 W/System.err( 2230): at libcore.io.IoBridge.bind(IoBridge.java:150)
08-22 17:43:27.662 W/System.err( 2230): at java.net.PlainSocketImpl.socketBind(PlainSocketImpl.java:162)
08-22 17:43:27.663 W/System.err( 2230): at java.net.AbstractPlainSocketImpl.bind(AbstractPlainSocketImpl.java:427)
08-22 17:43:27.663 W/System.err( 2230): at java.net.ServerSocket.bind(ServerSocket.java:377)
08-22 17:43:27.663 W/System.err( 2230): at java.net.ServerSocket.(ServerSocket.java:237)
08-22 17:43:27.663 W/System.err( 2230): at com.thundercomm.remotecontrolservice.RemoteSocketService.startServer(RemoteSocketService.java:91)
08-22 17:43:27.663 W/System.err( 2230): at com.thundercomm.remotecontrolservice.RemoteSocketService.restartServer(RemoteSocketService.java:119)
08-22 17:43:27.663 W/System.err( 2230): at com.thundercomm.remotecontrolservice.RemoteSocketService.access$100(RemoteSocketService.java:11)
08-22 17:43:27.664 W/System.err( 2230): at com.thundercomm.remotecontrolservice.RemoteSocketService$3.run(RemoteSocketService.java:101)
08-22 17:43:27.664 W/System.err( 2230): at java.lang.Thread.run(Thread.java:920)
08-22 17:43:27.664 W/System.err( 2230): Caused by: android.system.ErrnoException: bind failed: EADDRINUSE (Address already in use)
08-22 17:43:27.664 W/System.err( 2230): at libcore.io.Linux.bind(Native Method)
08-22 17:43:27.664 W/System.err( 2230): at libcore.io.ForwardingOs.bind(ForwardingOs.java:141)
08-22 17:43:27.664 W/System.err( 2230): at libcore.io.ForwardingOs.bind(ForwardingOs.java:141)
08-22 17:43:27.665 W/System.err( 2230): at libcore.io.IoBridge.bind(IoBridge.java:146)
08-22 17:43:27.665 W/System.err( 2230): ... 9 more
08-22 17:43:27.673 W/System.err( 2230): java.net.BindException: bind failed: EADDRINUSE (Address already in use)
08-22 17:43:27.674 W/System.err( 2230): at libcore.io.IoBridge.bind(IoBridge.java:150)
08-22 17:43:27.674 W/System.err( 2230): at java.net.PlainSocketImpl.socketBind(PlainSocketImpl.java:162)
08-22 17:43:27.674 W/System.err( 2230): at java.net.AbstractPlainSocketImpl.bind(AbstractPlainSocketImpl.java:427)
08-22 17:43:27.674 W/System.err( 2230): at java.net.ServerSocket.bind(ServerSocket.java:377)
08-22 17:43:27.674 W/System.err( 2230): at java.net.ServerSocket.(ServerSocket.java:237)
08-22 17:43:27.674 W/System.err( 2230): at com.thundercomm.remotecontrolservice.RemoteSocketService.startServer(RemoteSocketService.java:91)
08-22 17:43:27.674 W/System.err( 2230): at com.thundercomm.remotecontrolservice.RemoteSocketService.restartServer(RemoteSocketService.java:119)
08-22 17:43:27.674 W/System.err( 2230): at com.thundercomm.remotecontrolservice.RemoteSocketService.access$100(RemoteSocketService.java:11)
08-22 17:43:27.674 W/System.err( 2230): at com.thundercomm.remotecontrolservice.RemoteSocketService$3.run(RemoteSocketService.java:101)
08-22 17:43:27.674 W/System.err( 2230): at java.lang.Thread.run(Thread.java:920)
08-22 17:43:27.674 W/System.err( 2230): Caused by: android.system.ErrnoException: bind failed: EADDRINUSE (Address already in use)
08-22 17:43:27.674 W/System.err( 2230): at libcore.io.Linux.bind(Native Method)
08-22 17:43:27.675 W/System.err( 2230): at libcore.io.ForwardingOs.bind(ForwardingOs.java:141)
08-22 17:43:27.675 W/System.err( 2230): at libcore.io.ForwardingOs.bind(ForwardingOs.java:141)
08-22 17:43:27.675 W/System.err( 2230): at libcore.io.IoBridge.bind(IoBridge.java:146)
08-22 17:43:27.677 W/System.err( 2230): ... 9 more
08-22 17:43:27.683 W/System.err( 2230): java.net.BindException: bind failed: EADDRINUSE (Address already in use)
08-22 17:43:27.684 W/System.err( 2230): at libcore.io.IoBridge.bind(IoBridge.java:150)
08-22 17:43:27.684 W/System.err( 2230): at java.net.PlainSocketImpl.socketBind(PlainSocketImpl.java:162)
08-22 17:43:27.684 W/System.err( 2230): at java.net.AbstractPlainSocketImpl.bind(AbstractPlainSocketImpl.java:427)
08-22 17:43:27.684 W/System.err( 2230): at java.net.ServerSocket.bind(ServerSocket.java:377)
08-22 17:43:27.684 W/System.err( 2230): at java.net.ServerSocket.(ServerSocket.java:237)
08-22 17:43:27.684 W/System.err( 2230): at com.thundercomm.remotecontrolservice.RemoteSocketService.startServer(RemoteSocketService.java:91)
08-22 17:43:27.684 W/System.err( 2230): at com.thundercomm.remotecontrolservice.RemoteSocketService.restartServer(RemoteSocketService.java:119)
08-22 17:43:27.684 W/System.err( 2230): at com.thundercomm.remotecontrolservice.RemoteSocketService.access$100(RemoteSocketService.java:11)
08-22 17:43:27.684 W/System.err( 2230): at com.thundercomm.remotecontrolservice.RemoteSocketService$3.run(RemoteSocketService.java:101)
08-22 17:43:27.684 W/System.err( 2230): at java.lang.Thread.run(Thread.java:920)
08-22 17:43:27.685 W/System.err( 2230): Caused by: android.system.ErrnoException: bind failed: EADDRINUSE (Address already in use)
08-22 17:43:27.685 W/System.err( 2230): at libcore.io.Linux.bind(Native Method)
08-22 17:43:27.685 W/System.err( 2230): at libcore.io.ForwardingOs.bind(ForwardingOs.java:141)
08-22 17:43:27.685 W/System.err( 2230): at libcore.io.ForwardingOs.bind(ForwardingOs.java:141)
08-22 17:43:27.685 W/System.err( 2230): at libcore.io.IoBridge.bind(IoBridge.java:146)
08-22 17:43:27.685 W/System.err( 2230): ... 9 more
08-22 17:43:27.685 W/System.err( 2230): java.net.BindException: bind failed: EADDRINUSE (Address already in use)
08-22 17:43:27.686 W/System.err( 2230): at libcore.io.IoBridge.bind(IoBridge.java:150)
08-22 17:43:27.686 W/System.err( 2230): at java.net.PlainSocketImpl.socketBind(PlainSocketImpl.java:162)
08-22 17:43:27.686 W/System.err( 2230): at java.net.AbstractPlainSocketImpl.bind(AbstractPlainSocketImpl.java:427)
08-22 17:43:27.686 W/System.err( 2230): at java.net.ServerSocket.bind(ServerSocket.java:377)
08-22 17:43:27.686 W/System.err( 2230): at java.net.ServerSocket.(ServerSocket.java:237)
08-22 17:43:27.686 W/System.err( 2230): at com.thundercomm.remotecontrolservice.RemoteSocketService.startServer(RemoteSocketService.java:91)
08-22 17:43:27.686 W/System.err( 2230): at com.thundercomm.remotecontrolservice.RemoteSocketService.restartServer(RemoteSocketService.java:119)
08-22 17:43:27.687 W/System.err( 2230): at com.thundercomm.remotecontrolservice.RemoteSocketService.access$100(RemoteSocketService.java:11)
08-22 17:43:27.687 W/System.err( 2230): at com.thundercomm.remotecontrolservice.RemoteSocketService$3.run(RemoteSocketService.java:101)
08-22 17:43:27.687 W/System.err( 2230): at java.lang.Thread.run(Thread.java:920)
08-22 17:43:27.687 W/System.err( 2230): Caused by: android.system.ErrnoException: bind failed: EADDRINUSE (Address already in use)
08-22 17:43:27.687 W/System.err( 2230): at libcore.io.Linux.bind(Native Method)
08-22 17:43:27.687 W/System.err( 2230): at libcore.io.ForwardingOs.bind(ForwardingOs.java:141)
08-22 17:43:27.687 W/System.err( 2230): at libcore.io.ForwardingOs.bind(ForwardingOs.java:141)
08-22 17:43:27.687 W/System.err( 2230): at libcore.io.IoBridge.bind(IoBridge.java:146)
08-22 17:43:27.687 W/System.err( 2230): ... 9 more
08-22 17:43:27.688 W/System.err( 2230): java.net.BindException: bind failed: EADDRINUSE (Address already in use)
08-22 17:43:27.688 W/System.err( 2230): at libcore.io.IoBridge.bind(IoBridge.java:150)
08-22 17:43:27.691 W/System.err( 2230): at java.net.PlainSocketImpl.socketBind(PlainSocketImpl.java:162)
08-22 17:43:27.691 W/System.err( 2230): at java.net.AbstractPlainSocketImpl.bind(AbstractPlainSocketImpl.java:427)
08-22 17:43:27.691 W/System.err( 2230): at java.net.ServerSocket.bind(ServerSocket.java:377)
08-22 17:43:27.691 W/System.err( 2230): at java.net.ServerSocket.(ServerSocket.java:237)
08-22 17:43:27.691 W/System.err( 2230): at com.thundercomm.remotecontrolservice.RemoteSocketService.startServer(RemoteSocketService.java:91)
08-22 17:43:27.691 W/System.err( 2230): at com.thundercomm.remotecontrolservice.RemoteSocketService.restartServer(RemoteSocketService.java:119)
08-22 17:43:27.691 W/System.err( 2230): at com.thundercomm.remotecontrolservice.RemoteSocketService.access$100(RemoteSocketService.java:11)
08-22 17:43:27.691 W/System.err( 2230): at com.thundercomm.remotecontrolservice.RemoteSocketService$3.run(RemoteSocketService.java:101)
08-22 17:43:27.692 W/System.err( 2230): at java.lang.Thread.run(Thread.java:920)
08-22 17:43:27.692 W/System.err( 2230): Caused by: android.system.ErrnoException: bind failed: EADDRINUSE (Address already in use)
08-22 17:43:27.693 W/System.err( 2230): at libcore.io.Linux.bind(Native Method)
08-22 17:43:27.693 W/System.err( 2230): at libcore.io.ForwardingOs.bind(ForwardingOs.java:141)
08-22 17:43:27.693 W/System.err( 2230): at libcore.io.ForwardingOs.bind(ForwardingOs.java:141)
08-22 17:43:27.693 W/System.err( 2230): at libcore.io.IoBridge.bind(IoBridge.java:146)
08-22 17:43:27.693 W/System.err( 2230): ... 9 more
08-22 17:43:27.694 W/System.err( 2230): java.net.BindException: bind failed: EADDRINUSE (Address already in use)
08-22 17:43:27.694 W/System.err( 2230): at libcore.io.IoBridge.bind(IoBridge.java:150)
08-22 17:43:27.694 W/System.err( 2230): at java.net.PlainSocketImpl.socketBind(PlainSocketImpl.java:162)
08-22 17:43:27.694 W/System.err( 2230): at java.net.AbstractPlainSocketImpl.bind(AbstractPlainSocketImpl.java:427)
08-22 17:43:27.694 W/System.err( 2230): at java.net.ServerSocket.bind(ServerSocket.java:377)
08-22 17:43:27.695 W/System.err( 2230): at java.net.ServerSocket.(ServerSocket.java:237)
08-22 17:43:27.695 W/System.err( 2230): at com.thundercomm.remotecontrolservice.RemoteSocketService.startServer(RemoteSocketService.java:91)
08-22 17:43:27.695 W/System.err( 2230): at com.thundercomm.remotecontrolservice.RemoteSocketService.restartServer(RemoteSocketService.java:119)
08-22 17:43:27.695 W/System.err( 2230): at com.thundercomm.remotecontrolservice.RemoteSocketService.access$100(RemoteSocketService.java:11)
08-22 17:43:27.695 W/System.err( 2230): at com.thundercomm.remotecontrolservice.RemoteSocketService$3.run(RemoteSocketService.java:101)
08-22 17:43:27.695 W/System.err( 2230): at java.lang.Thread.run(Thread.java:920)
08-22 17:43:27.695 W/System.err( 2230): Caused by: android.system.ErrnoException: bind failed: EADDRINUSE (Address already in use)
08-22 17:43:27.695 W/System.err( 2230): at libcore.io.Linux.bind(Native Method)
08-22 17:43:27.696 W/System.err( 2230): at libcore.io.ForwardingOs.bind(ForwardingOs.java:141)
08-22 17:43:27.696 W/System.err( 2230): at libcore.io.ForwardingOs.bind(ForwardingOs.java:141)
08-22 17:43:27.696 W/System.err( 2230): at libcore.io.IoBridge.bind(IoBridge.java:146)
08-22 17:43:27.696 W/System.err( 2230): ... 9 more
08-22 17:43:27.698 W/System.err( 2230): java.net.BindException: bind failed: EADDRINUSE (Address already in use)
08-22 17:43:27.698 W/System.err( 2230): at libcore.io.IoBridge.bind(IoBridge.java:150)
08-22 17:43:27.698 W/System.err( 2230): at java.net.PlainSocketImpl.socketBind(PlainSocketImpl.java:162)
08-22 17:43:27.698 W/System.err( 2230): at java.net.AbstractPlainSocketImpl.bind(AbstractPlainSocketImpl.java:427)
08-22 17:43:27.698 W/System.err( 2230): at java.net.ServerSocket.bind(ServerSocket.java:377)
08-22 17:43:27.698 W/System.err( 2230): at java.net.ServerSocket.(ServerSocket.java:237)
08-22 17:43:27.698 W/System.err( 2230): at com.thundercomm.remotecontrolservice.RemoteSocketService.startServer(RemoteSocketService.java:91)
08-22 17:43:27.699 W/System.err( 2230): at com.thundercomm.remotecontrolservice.RemoteSocketService.restartServer(RemoteSocketService.java:119)
08-22 17:43:27.699 W/System.err( 2230): at com.thundercomm.remotecontrolservice.RemoteSocketService.access$100(RemoteSocketService.java:11)
08-22 17:43:27.699 W/System.err( 2230): at com.thundercomm.remotecontrolservice.RemoteSocketService$3.run(RemoteSocketService.java:101)
08-22 17:43:27.699 W/System.err( 2230): at java.lang.Thread.run(Thread.java:920)
08-22 17:43:27.699 W/System.err( 2230): Caused by: android.system.ErrnoException: bind failed: EADDRINUSE (Address already in use)
08-22 17:43:27.699 W/System.err( 2230): at libcore.io.Linux.bind(Native Method)
08-22 17:43:27.699 W/System.err( 2230): at libcore.io.ForwardingOs.bind(ForwardingOs.java:141)
08-22 17:43:27.699 W/System.err( 2230): at libcore.io.ForwardingOs.bind(ForwardingOs.java:141)
08-22 17:43:27.699 W/System.err( 2230): at libcore.io.IoBridge.bind(IoBridge.java:146)
08-22 17:43:27.699 W/System.err( 2230): ... 9 more
