08-22 17:43:18.054 W/System.err( 2230): at java.net.AbstractPlainSocketImpl.bind(AbstractPlainSocketImpl.java:427)
08-22 17:43:18.054 W/System.err( 2230): at java.net.ServerSocket.bind(ServerSocket.java:377)
08-22 17:43:18.054 W/System.err( 2230): at java.net.ServerSocket.(ServerSocket.java:237)
08-22 17:43:18.054 W/System.err( 2230): at com.thundercomm.remotecontrolservice.RemoteSocketService.startServer(RemoteSocketService.java:91)
08-22 17:43:18.055 W/System.err( 2230): at com.thundercomm.remotecontrolservice.RemoteSocketService.restartServer(RemoteSocketService.java:119)
08-22 17:43:18.055 W/System.err( 2230): at com.thundercomm.remotecontrolservice.RemoteSocketService.access$100(RemoteSocketService.java:11)
08-22 17:43:18.055 W/System.err( 2230): at com.thundercomm.remotecontrolservice.RemoteSocketService$3.run(RemoteSocketService.java:101)
08-22 17:43:18.055 W/System.err( 2230): at java.lang.Thread.run(Thread.java:920)
08-22 17:43:18.055 W/System.err( 2230): Caused by: android.system.ErrnoException: bind failed: EADDRINUSE (Address already in use)
08-22 17:43:18.055 W/System.err( 2230): at libcore.io.Linux.bind(Native Method)
08-22 17:43:18.055 W/System.err( 2230): at libcore.io.ForwardingOs.bind(ForwardingOs.java:141)
08-22 17:43:18.055 W/System.err( 2230): at libcore.io.ForwardingOs.bind(ForwardingOs.java:141)
08-22 17:43:18.055 W/System.err( 2230): at libcore.io.IoBridge.bind(IoBridge.java:146)
08-22 17:43:18.055 W/System.err( 2230): ... 9 more
08-22 17:43:18.056 W/System.err( 2230): java.net.BindException: bind failed: EADDRINUSE (Address already in use)
08-22 17:43:18.056 W/System.err( 2230): at libcore.io.IoBridge.bind(IoBridge.java:150)
08-22 17:43:18.056 W/System.err( 2230): at java.net.PlainSocketImpl.socketBind(PlainSocketImpl.java:162)
08-22 17:43:18.056 W/System.err( 2230): at java.net.AbstractPlainSocketImpl.bind(AbstractPlainSocketImpl.java:427)
08-22 17:43:18.056 W/System.err( 2230): at java.net.ServerSocket.bind(ServerSocket.java:377)
08-22 17:43:18.056 W/System.err( 2230): at java.net.ServerSocket.(ServerSocket.java:237)
08-22 17:43:18.056 W/System.err( 2230): at com.thundercomm.remotecontrolservice.RemoteSocketService.startServer(RemoteSocketService.java:91)
08-22 17:43:18.056 W/System.err( 2230): at com.thundercomm.remotecontrolservice.RemoteSocketService.restartServer(RemoteSocketService.java:119)
08-22 17:43:18.056 W/System.err( 2230): at com.thundercomm.remotecontrolservice.RemoteSocketService.access$100(RemoteSocketService.java:11)
08-22 17:43:18.056 W/System.err( 2230): at com.thundercomm.remotecontrolservice.RemoteSocketService$3.run(RemoteSocketService.java:101)
08-22 17:43:18.057 W/System.err( 2230): at java.lang.Thread.run(Thread.java:920)
08-22 17:43:18.057 W/System.err( 2230): Caused by: android.system.ErrnoException: bind failed: EADDRINUSE (Address already in use)
08-22 17:43:18.057 W/System.err( 2230): at libcore.io.Linux.bind(Native Method)
08-22 17:43:18.057 W/System.err( 2230): at libcore.io.ForwardingOs.bind(ForwardingOs.java:141)
08-22 17:43:18.057 W/System.err( 2230): at libcore.io.ForwardingOs.bind(ForwardingOs.java:141)
08-22 17:43:18.057 W/System.err( 2230): at libcore.io.IoBridge.bind(IoBridge.java:146)
08-22 17:43:18.057 W/System.err( 2230): ... 9 more
08-22 17:43:18.058 W/System.err( 2230): java.net.BindException: bind failed: EADDRINUSE (Address already in use)
08-22 17:43:18.058 W/System.err( 2230): at libcore.io.IoBridge.bind(IoBridge.java:150)
08-22 17:43:18.058 W/System.err( 2230): at java.net.PlainSocketImpl.socketBind(PlainSocketImpl.java:162)
08-22 17:43:18.058 W/System.err( 2230): at java.net.AbstractPlainSocketImpl.bind(AbstractPlainSocketImpl.java:427)
08-22 17:43:18.059 W/System.err( 2230): at java.net.ServerSocket.bind(ServerSocket.java:377)
08-22 17:43:18.059 W/System.err( 2230): at java.net.ServerSocket.(ServerSocket.java:237)
08-22 17:43:18.059 W/System.err( 2230): at com.thundercomm.remotecontrolservice.RemoteSocketService.startServer(RemoteSocketService.java:91)
08-22 17:43:18.059 W/System.err( 2230): at com.thundercomm.remotecontrolservice.RemoteSocketService.restartServer(RemoteSocketService.java:119)
08-22 17:43:18.059 W/System.err( 2230): at com.thundercomm.remotecontrolservice.RemoteSocketService.access$100(RemoteSocketService.java:11)
08-22 17:43:18.059 W/System.err( 2230): at com.thundercomm.remotecontrolservice.RemoteSocketService$3.run(RemoteSocketService.java:101)
01-01 01:39:10.350 I/init ( 0): starting service 'qvrd_vndr'...
08-22 17:43:18.060 W/System.err( 2230): at java.lang.Thread.run(Thread.java:920)
08-22 17:43:18.060 W/System.err( 2230): Caused by: android.system.ErrnoException: bind failed: EADDRINUSE (Address already in use)
08-22 17:43:18.060 W/System.err( 2230): at libcore.io.Linux.bind(Native Method)
08-22 17:43:18.060 W/System.err( 2230): at libcore.io.ForwardingOs.bind(ForwardingOs.java:141)
08-22 17:43:18.060 W/System.err( 2230): at libcore.io.ForwardingOs.bind(ForwardingOs.java:141)
08-22 17:43:18.060 W/System.err( 2230): at libcore.io.IoBridge.bind(IoBridge.java:146)
08-22 17:43:18.061 W/System.err( 2230): ... 9 more
08-22 17:43:18.061 W/System.err( 2230): java.net.BindException: bind failed: EADDRINUSE (Address already in use)
08-22 17:43:18.061 W/System.err( 2230): at libcore.io.IoBridge.bind(IoBridge.java:150)
08-22 17:43:18.061 W/System.err( 2230): at java.net.PlainSocketImpl.socketBind(PlainSocketImpl.java:162)
08-22 17:43:18.061 W/System.err( 2230): at java.net.AbstractPlainSocketImpl.bind(AbstractPlainSocketImpl.java:427)
08-22 17:43:18.061 W/System.err( 2230): at java.net.ServerSocket.bind(ServerSocket.java:377)
08-22 17:43:18.061 W/System.err( 2230): at java.net.ServerSocket.(ServerSocket.java:237)
08-22 17:43:18.061 W/System.err( 2230): at com.thundercomm.remotecontrolservice.RemoteSocketService.startServer(RemoteSocketService.java:91)
08-22 17:43:18.061 W/System.err( 2230): at com.thundercomm.remotecontrolservice.RemoteSocketService.restartServer(RemoteSocketService.java:119)
08-22 17:43:18.062 W/System.err( 2230): at com.thundercomm.remotecontrolservice.RemoteSocketService.access$100(RemoteSocketService.java:11)
01-01 01:39:10.356 I/init ( 0): Created socket '/dev/socket/qvrservice_vndr', mode 660, user 1000, group 1000
08-22 17:43:18.062 W/System.err( 2230): at com.thundercomm.remotecontrolservice.RemoteSocketService$3.run(RemoteSocketService.java:101)
08-22 17:43:18.062 W/System.err( 2230): at java.lang.Thread.run(Thread.java:920)
08-22 17:43:18.062 W/System.err( 2230): Caused by: android.system.ErrnoException: bind failed: EADDRINUSE (Address already in use)
08-22 17:43:18.062 W/System.err( 2230): at libcore.io.Linux.bind(Native Method)
08-22 17:43:18.062 W/System.err( 2230): at libcore.io.ForwardingOs.bind(ForwardingOs.java:141)
08-22 17:43:18.062 W/System.err( 2230): at libcore.io.ForwardingOs.bind(ForwardingOs.java:141)
08-22 17:43:18.062 W/System.err( 2230): at libcore.io.IoBridge.bind(IoBridge.java:146)
08-22 17:43:18.062 W/System.err( 2230): ... 9 more
01-01 01:39:10.361 I/init ( 0): Created socket '/dev/socket/qvrservice_vndr_camera', mode 660, user 1000, group 1000
08-22 17:43:18.062 W/System.err( 2230): java.net.BindException: bind failed: EADDRINUSE (Address already in use)
08-22 17:43:18.063 W/System.err( 2230): at libcore.io.IoBridge.bind(IoBridge.java:150)
08-22 17:43:18.063 W/System.err( 2230): at java.net.PlainSocketImpl.socketBind(PlainSocketImpl.java:162)
08-22 17:43:18.063 W/System.err( 2230): at java.net.AbstractPlainSocketImpl.bind(AbstractPlainSocketImpl.java:427)
08-22 17:43:18.063 W/System.err( 2230): at java.net.ServerSocket.bind(ServerSocket.java:377)
08-22 17:43:18.063 W/System.err( 2230): at java.net.ServerSocket.(ServerSocket.java:237)
08-22 17:43:18.063 W/System.err( 2230): at com.thundercomm.remotecontrolservice.RemoteSocketService.startServer(RemoteSocketService.java:91)
08-22 17:43:18.063 W/System.err( 2230): at com.thundercomm.remotecontrolservice.RemoteSocketService.restartServer(RemoteSocketService.java:119)
08-22 17:43:18.063 W/System.err( 2230): at com.thundercomm.remotecontrolservice.RemoteSocketService.access$100(RemoteSocketService.java:11)
08-22 17:43:18.063 W/System.err( 2230): at com.thundercomm.remotecontrolservice.RemoteSocketService$3.run(RemoteSocketService.java:101)
08-22 17:43:18.064 W/System.err( 2230): at java.lang.Thread.run(Thread.java:920)
08-22 17:43:18.064 W/System.err( 2230): Caused by: android.system.ErrnoException: bind failed: EADDRINUSE (Address already in use)
08-22 17:43:18.065 W/System.err( 2230): at libcore.io.Linux.bind(Native Method)
08-22 17:43:18.065 W/System.err( 2230): at libcore.io.ForwardingOs.bind(ForwardingOs.java:141)
08-22 17:43:18.065 W/System.err( 2230): at libcore.io.ForwardingOs.bind(ForwardingOs.java:141)
08-22 17:43:18.065 W/System.err( 2230): at libcore.io.IoBridge.bind(IoBridge.java:146)
08-22 17:43:18.066 W/System.err( 2230): ... 9 more
08-22 17:43:18.075 W/System.err( 2230): java.net.BindException: bind failed: EADDRINUSE (Address already in use)
08-22 17:43:18.075 W/System.err( 2230): at libcore.io.IoBridge.bind(IoBridge.java:150)
08-22 17:43:18.075 W/System.err( 2230): at java.net.PlainSocketImpl.socketBind(PlainSocketImpl.java:162)
08-22 17:43:18.075 W/System.err( 2230): at java.net.AbstractPlainSocketImpl.bind(AbstractPlainSocketImpl.java:427)
08-22 17:43:18.075 W/System.err( 2230): at java.net.ServerSocket.bind(ServerSocket.java:377)
08-22 17:43:18.075 W/System.err( 2230): at java.net.ServerSocket.(ServerSocket.java:237)
08-22 17:43:18.075 W/System.err( 2230): at com.thundercomm.remotecontrolservice.RemoteSocketService.startServer(RemoteSocketService.java:91)
08-22 17:43:18.075 W/System.err( 2230): at com.thundercomm.remotecontrolservice.RemoteSocketService.restartServer(RemoteSocketService.java:119)
08-22 17:43:18.075 W/System.err( 2230): at com.thundercomm.remotecontrolservice.RemoteSocketService.access$100(RemoteSocketService.java:11)
08-22 17:43:18.075 W/System.err( 2230): at com.thundercomm.remotecontrolservice.RemoteSocketService$3.run(RemoteSocketService.java:101)
08-22 17:43:18.075 W/System.err( 2230): at java.lang.Thread.run(Thread.java:920)
08-22 17:43:18.075 W/System.err( 2230): Caused by: android.system.ErrnoException: bind failed: EADDRINUSE (Address already in use)
08-22 17:43:18.076 W/System.err( 2230): at libcore.io.Linux.bind(Native Method)
08-22 17:43:18.076 W/System.err( 2230): at libcore.io.ForwardingOs.bind(ForwardingOs.java:141)
08-22 17:43:18.076 W/System.err( 2230): at libcore.io.ForwardingOs.bind(ForwardingOs.java:141)
08-22 17:43:18.076 W/System.err( 2230): at libcore.io.IoBridge.bind(IoBridge.java:146)
08-22 17:43:18.076 W/System.err( 2230): ... 9 more
08-22 17:43:18.077 W/System.err( 2230): java.net.BindException: bind failed: EADDRINUSE (Address already in use)
08-22 17:43:18.077 W/System.err( 2230): at libcore.io.IoBridge.bind(IoBridge.java:150)
08-22 17:43:18.077 W/System.err( 2230): at java.net.PlainSocketImpl.socketBind(PlainSocketImpl.java:162)
08-22 17:43:18.077 W/System.err( 2230): at java.net.AbstractPlainSocketImpl.bind(AbstractPlainSocketImpl.java:427)
08-22 17:43:18.077 W/System.err( 2230): at java.net.ServerSocket.bind(ServerSocket.java:377)
08-22 17:43:18.077 W/System.err( 2230): at java.net.ServerSocket.(ServerSocket.java:237)
08-22 17:43:18.077 W/System.err( 2230): at com.thundercomm.remotecontrolservice.RemoteSocketService.startServer(RemoteSocketService.java:91)
08-22 17:43:18.077 W/System.err( 2230): at com.thundercomm.remotecontrolservice.RemoteSocketService.restartServer(RemoteSocketService.java:119)
08-22 17:43:18.077 W/System.err( 2230): at com.thundercomm.remotecontrolservice.RemoteSocketService.access$100(RemoteSocketService.java:11)
08-22 17:43:18.078 W/System.err( 2230): at com.thundercomm.remotecontrolservice.RemoteSocketService$3.run(RemoteSocketService.java:101)
08-22 17:43:18.078 W/System.err( 2230): at java.lang.Thread.run(Thread.java:920)
08-22 17:43:18.078 W/System.err( 2230): Caused by: android.system.ErrnoException: bind failed: EADDRINUSE (Address already in use)
08-22 17:43:18.078 W/System.err( 2230): at libcore.io.Linux.bind(Native Method)
01-01 01:39:10.388 I/init ( 0): starting service 'sxrd'...
08-22 17:43:18.078 W/System.err( 2230): at libcore.io.ForwardingOs.bind(ForwardingOs.java:141)
08-22 17:43:18.078 W/System.err( 2230): at libcore.io.ForwardingOs.bind(ForwardingOs.java:141)
08-22 17:43:18.078 W/System.err( 2230): at libcore.io.IoBridge.bind(IoBridge.java:146)
08-22 17:43:18.078 W/System.err( 2230): ... 9 more
08-22 17:43:18.078 W/System.err( 2230): java.net.BindException: bind failed: EADDRINUSE (Address already in use)
08-22 17:43:18.078 W/System.err( 2230): at libcore.io.IoBridge.bind(IoBridge.java:150)
08-22 17:43:18.079 W/System.err( 2230): at java.net.PlainSocketImpl.socketBind(PlainSocketImpl.java:162)
08-22 17:43:18.079 W/System.err( 2230): at java.net.AbstractPlainSocketImpl.bind(AbstractPlainSocketImpl.java:427)
08-22 17:43:18.079 W/System.err( 2230): at java.net.ServerSocket.bind(ServerSocket.java:377)
08-22 17:43:18.079 I/liblog ( 2230): 2
08-22 17:43:18.080 I/liblog ( 2230): 3
08-22 17:43:18.085 I/liblog ( 2230): 7
08-22 17:43:18.085 W/System.err( 2230): java.net.BindException: bind failed: EADDRINUSE (Address already in use)
08-22 17:43:18.085 W/System.err( 2230): at libcore.io.IoBridge.bind(IoBridge.java:150)
08-22 17:43:18.085 W/System.err( 2230): at java.net.PlainSocketImpl.socketBind(PlainSocketImpl.java:162)
08-22 17:43:18.085 W/System.err( 2230): at java.net.AbstractPlainSocketImpl.bind(AbstractPlainSocketImpl.java:427)
08-22 17:43:18.085 W/System.err( 2230): at java.net.ServerSocket.bind(ServerSocket.java:377)
08-22 17:43:18.085 W/System.err( 2230): at java.net.ServerSocket.(ServerSocket.java:237)
08-22 17:43:18.085 W/System.err( 2230): at com.thundercomm.remotecontrolservice.RemoteSocketService.startServer(RemoteSocketService.java:91)
08-22 17:43:18.085 W/System.err( 2230): at com.thundercomm.remotecontrolservice.RemoteSocketService.restartServer(RemoteSocketService.java:119)
08-22 17:43:18.085 W/System.err( 2230): at com.thundercomm.remotecontrolservice.RemoteSocketService.access$100(RemoteSocketService.java:11)
08-22 17:43:18.102 I/liblog ( 2230): 8
08-22 17:43:18.102 W/System.err( 2230): java.net.BindException: bind failed: EADDRINUSE (Address already in use)
08-22 17:43:18.102 W/System.err( 2230): at libcore.io.IoBridge.bind(IoBridge.java:150)
08-22 17:43:18.102 W/System.err( 2230): at java.net.PlainSocketImpl.socketBind(PlainSocketImpl.java:162)
08-22 17:43:18.103 W/System.err( 2230): at java.net.AbstractPlainSocketImpl.bind(AbstractPlainSocketImpl.java:427)
08-22 17:43:18.103 W/System.err( 2230): at java.net.ServerSocket.bind(ServerSocket.java:377)
08-22 17:43:18.103 W/System.err( 2230): at java.net.ServerSocket.(ServerSocket.java:237)
08-22 17:43:18.103 W/System.err( 2230): at com.thundercomm.remotecontrolservice.RemoteSocketService.startServer(RemoteSocketService.java:91)
08-22 17:43:18.103 W/System.err( 2230): at com.thundercomm.remotecontrolservice.RemoteSocketService.restartServer(RemoteSocketService.java:119)
08-22 17:43:18.103 W/System.err( 2230): at com.thundercomm.remotecontrolservice.RemoteSocketService.access$100(RemoteSocketService.java:11)
08-22 17:43:18.103 W/System.err( 2230): at com.thundercomm.remotecontrolservice.RemoteSocketService$3.run(RemoteSocketService.java:101)
08-22 17:43:18.103 W/System.err( 2230): at java.lang.Thread.run(Thread.java:920)
08-22 17:43:18.103 W/System.err( 2230): Caused by: android.system.ErrnoException: bind failed: EADDRINUSE (Address already in use)
08-22 17:43:18.103 W/System.err( 2230): at libcore.io.Linux.bind(Native Method)
08-22 17:43:18.103 W/System.err( 2230): at libcore.io.ForwardingOs.bind(ForwardingOs.java:141)
08-22 17:43:18.103 W/System.err( 2230): at libcore.io.ForwardingOs.bind(ForwardingOs.java:141)
08-22 17:43:18.103 W/System.err( 2230): at libcore.io.IoBridge.bind(IoBridge.java:146)
08-22 17:43:18.103 W/System.err( 2230): ... 9 more
08-22 17:43:18.107 W/System.err( 2230): java.net.BindException: bind failed: EADDRINUSE (Address already in use)
08-22 17:43:18.107 W/System.err( 2230): at libcore.io.IoBridge.bind(IoBridge.java:150)
08-22 17:43:18.107 W/System.err( 2230): at java.net.PlainSocketImpl.socketBind(PlainSocketImpl.java:162)
08-22 17:43:18.107 W/System.err( 2230): at java.net.AbstractPlainSocketImpl.bind(AbstractPlainSocketImpl.java:427)
08-22 17:43:18.107 W/System.err( 2230): at java.net.ServerSocket.bind(ServerSocket.java:377)
08-22 17:43:18.107 W/System.err( 2230): at java.net.ServerSocket.(ServerSocket.java:237)
08-22 17:43:18.107 W/System.err( 2230): at com.thundercomm.remotecontrolservice.RemoteSocketService.startServer(RemoteSocketService.java:91)
08-22 17:43:18.107 W/System.err( 2230): at com.thundercomm.remotecontrolservice.RemoteSocketService.restartServer(RemoteSocketService.java:119)
08-22 17:43:18.108 W/System.err( 2230): at com.thundercomm.remotecontrolservice.RemoteSocketService.access$100(RemoteSocketService.java:11)
08-22 17:43:18.108 W/System.err( 2230): at com.thundercomm.remotecontrolservice.RemoteSocketService$3.run(RemoteSocketService.java:101)
08-22 17:43:18.108 W/System.err( 2230): at java.lang.Thread.run(Thread.java:920)
08-22 17:43:18.108 W/System.err( 2230): Caused by: android.system.ErrnoException: bind failed: EADDRINUSE (Address already in use)
08-22 17:43:18.108 W/System.err( 2230): at libcore.io.Linux.bind(Native Method)
08-22 17:43:18.108 W/System.err( 2230): at libcore.io.ForwardingOs.bind(ForwardingOs.java:141)
08-22 17:43:18.108 W/System.err( 2230): at libcore.io.ForwardingOs.bind(ForwardingOs.java:141)
08-22 17:43:18.108 W/System.err( 2230): at libcore.io.IoBridge.bind(IoBridge.java:146)
08-22 17:43:18.108 W/System.err( 2230): ... 9 more
08-22 17:43:18.110 W/System.err( 2230): java.net.BindException: bind failed: EADDRINUSE (Address already in use)
08-22 17:43:18.110 W/System.err( 2230): at libcore.io.IoBridge.bind(IoBridge.java:150)
08-22 17:43:18.110 W/System.err( 2230): at java.net.PlainSocketImpl.socketBind(PlainSocketImpl.java:162)
08-22 17:43:18.110 W/System.err( 2230): at java.net.AbstractPlainSocketImpl.bind(AbstractPlainSocketImpl.java:427)
08-22 17:43:18.110 W/System.err( 2230): at java.net.ServerSocket.bind(ServerSocket.java:377)
08-22 17:43:18.110 W/System.err( 2230): at java.net.ServerSocket.(ServerSocket.java:237)
08-22 17:43:18.110 W/System.err( 2230): at com.thundercomm.remotecontrolservice.RemoteSocketService.startServer(RemoteSocketService.java:91)
08-22 17:43:18.110 W/System.err( 2230): at com.thundercomm.remotecontrolservice.RemoteSocketService.restartServer(RemoteSocketService.java:119)
08-22 17:43:18.110 W/System.err( 2230): at com.thundercomm.remotecontrolservice.RemoteSocketService.access$100(RemoteSocketService.java:11)
08-22 17:43:18.110 W/System.err( 2230): at com.thundercomm.remotecontrolservice.RemoteSocketService$3.run(RemoteSocketService.java:101)
08-22 17:43:18.110 W/System.err( 2230): at java.lang.Thread.run(Thread.java:920)
08-22 17:43:18.110 W/System.err( 2230): Caused by: android.system.ErrnoException: bind failed: EADDRINUSE (Address already in use)
08-22 17:43:18.110 W/System.err( 2230): at libcore.io.Linux.bind(Native Method)
08-22 17:43:18.111 W/System.err( 2230): at libcore.io.ForwardingOs.bind(ForwardingOs.java:141)
01-01 01:39:10.423 I/init ( 0): Service 'qvrd_vndr' (pid 5105) exited with status 1
08-22 17:43:18.111 W/System.err( 2230): at libcore.io.ForwardingOs.bind(ForwardingOs.java:141)
08-22 17:43:18.114 I/liblog ( 2230): 2
08-22 17:43:18.114 W/System.err( 2230): java.net.BindException: bind failed: EADDRINUSE (Address already in use)
01-01 01:39:10.423 I/init ( 0): Sending signal 9 to service 'qvrd_vndr' (pid 5105) process group...
08-22 17:43:18.115 W/System.err( 2230): at libcore.io.IoBridge.bind(IoBridge.java:150)
08-22 17:43:18.115 W/System.err( 2230): at java.net.PlainSocketImpl.socketBind(PlainSocketImpl.java:162)
01-01 01:39:10.423 I/libprocessgroup( 0): Successfully killed process cgroup uid 1000 pid 5105 in 0ms
08-22 17:43:18.115 W/System.err( 2230): at java.net.AbstractPlainSocketImpl.bind(AbstractPlainSocketImpl.java:427)
08-22 17:43:18.115 W/System.err( 2230): at java.net.ServerSocket.bind(ServerSocket.java:377)
08-22 17:43:18.115 W/System.err( 2230): at java.net.ServerSocket.(ServerSocket.java:237)
08-22 17:43:18.115 W/System.err( 2230): at com.thundercomm.remotecontrolservice.RemoteSocketService.startServer(RemoteSocketService.java:91)
08-22 17:43:18.115 W/System.err( 2230): at com.thundercomm.remotecontrolservice.RemoteSocketService.restartServer(RemoteSocketService.java:119)
01-01 01:39:10.428 D/ ( 0): mv2112_read_status
08-22 17:43:18.115 I/liblog ( 2230): 3
08-22 17:43:18.117 I/liblog ( 2230): 6
01-01 01:39:10.428 D/mv2112_update_link( 0): 3.0x901(1G): 0x80
01-01 01:39:10.428 D/mv2112_update_link( 0): 3.0x8109(100M): 0x0
08-22 17:43:18.117 W/System.err( 2230): java.net.BindException: bind failed: EADDRINUSE (Address already in use)
01-01 01:39:10.428 D/mv2112_update_link( 0): link 0x0
08-22 17:43:18.117 I/liblog ( 2230): 10
08-22 17:43:18.119 I/liblog ( 2230): 6
08-22 17:43:18.119 W/System.err( 2230): java.net.BindException: bind failed: EADDRINUSE (Address already in use)
08-22 17:43:18.119 W/System.err( 2230): at libcore.io.IoBridge.bind(IoBridge.java:150)
08-22 17:43:18.119 I/liblog ( 2230): 1
08-22 17:43:18.120 I/liblog ( 2230): 11
08-22 17:43:18.121 W/System.err( 2230): at java.net.ServerSocket.(ServerSocket.java:237)
08-22 17:43:18.121 I/liblog ( 2230): 14
08-22 17:43:18.122 I/liblog ( 2230): 5
08-22 17:43:18.122 I/liblog ( 2230): 1
08-22 17:43:18.124 I/liblog ( 2230): 5
08-22 17:43:18.125 I/liblog ( 2230): 9
01-01 01:39:10.428 D/mv2112_read_status( 0): autoneg is disabled
08-22 17:43:18.127 I/liblog ( 2230): 2
08-22 17:43:18.127 W/System.err( 2230): java.net.BindException: bind failed: EADDRINUSE (Address already in use)
08-22 17:43:18.127 W/System.err( 2230): at libcore.io.IoBridge.bind(IoBridge.java:150)
08-22 17:43:18.127 W/System.err( 2230): at java.net.PlainSocketImpl.socketBind(PlainSocketImpl.java:162)
01-01 01:39:10.434 I/init ( 0): Service 'sxrd' (pid 5106) exited with status 1
08-22 17:43:18.127 W/System.err( 2230): at java.net.AbstractPlainSocketImpl.bind(AbstractPlainSocketImpl.java:427)
08-22 17:43:18.127 I/liblog ( 2230): 6
08-22 17:43:18.128 I/liblog ( 2230): 7
08-22 17:43:18.129 W/System.err( 2230): at com.thundercomm.remotecontrolservice.RemoteSocketService.restartServer(RemoteSocketService.java:119)
08-22 17:43:18.129 I/liblog ( 2230): 12
01-01 01:39:10.434 I/init ( 0): Sending signal 9 to service 'sxrd' (pid 5106) process group...
01-01 01:39:10.434 I/libprocessgroup( 0): Successfully killed process cgroup uid 1000 pid 5106 in 0ms
08-22 17:43:18.129 I/liblog ( 2230): 4
08-22 17:43:18.130 W/System.err( 2230): at com.thundercomm.remotecontrolservice.RemoteSocketService.startServer(RemoteSocketService.java:91)
08-22 17:43:18.132 I/liblog ( 2230): 16
08-22 17:43:18.132 W/System.err( 2230): java.net.BindException: bind failed: EADDRINUSE (Address already in use)
08-22 17:43:18.132 W/System.err( 2230): at libcore.io.IoBridge.bind(IoBridge.java:150)
08-22 17:43:18.132 I/liblog ( 2230): 1
08-22 17:43:18.133 W/System.err( 2230): at com.thundercomm.remotecontrolservice.RemoteSocketService.access$100(RemoteSocketService.java:11)
08-22 17:43:18.133 I/liblog ( 2230): 9
08-22 17:43:18.150 I/liblog ( 2230): 4
08-22 17:43:18.150 D/RemoteControlService( 2230): start reader thread, mServerIp = 192.168.4.16, mServerPort = 12600
08-22 17:43:18.152 D/RemoteControlService( 2230): start reader thread, mServerIp = 192.168.11.16, mServerPort = 12600
08-22 17:43:18.153 W/System.err( 2230): java.net.BindException: bind failed: EADDRINUSE (Address already in use)
08-22 17:43:18.153 W/System.err( 2230): at libcore.io.IoBridge.bind(IoBridge.java:150)
08-22 17:43:18.153 W/System.err( 2230): at java.net.PlainSocketImpl.socketBind(PlainSocketImpl.java:162)
08-22 17:43:18.153 W/System.err( 2230): at java.net.AbstractPlainSocketImpl.bind(AbstractPlainSocketImpl.java:427)
08-22 17:43:18.153 W/System.err( 2230): at java.net.ServerSocket.bind(ServerSocket.java:377)
08-22 17:43:18.153 W/System.err( 2230): at java.net.ServerSocket.(ServerSocket.java:237)
08-22 17:43:18.153 W/System.err( 2230): at com.thundercomm.remotecontrolservice.RemoteSocketService.startServer(RemoteSocketService.java:91)
08-22 17:43:18.153 W/System.err( 2230): at com.thundercomm.remotecontrolservice.RemoteSocketService.access$400(RemoteSocketService.java:11)
08-22 17:43:18.153 W/System.err( 2230): at com.thundercomm.remotecontrolservice.RemoteSocketService$2.run(RemoteSocketService.java:62)
08-22 17:43:18.153 W/System.err( 2230): Caused by: android.system.ErrnoException: bind failed: EADDRINUSE (Address already in use)
08-22 17:43:18.154 W/System.err( 2230): at libcore.io.Linux.bind(Native Method)
08-22 17:43:18.154 W/System.err( 2230): at libcore.io.ForwardingOs.bind(ForwardingOs.java:141)
08-22 17:43:18.154 W/System.err( 2230): at libcore.io.ForwardingOs.bind(ForwardingOs.java:141)
08-22 17:43:18.154 W/System.err( 2230): at libcore.io.IoBridge.bind(IoBridge.java:146)
08-22 17:43:18.154 W/System.err( 2230): ... 7 more
08-22 17:43:18.155 W/System.err( 2230): java.net.BindException: bind failed: EADDRINUSE (Address already in use)
08-22 17:43:18.155 W/System.err( 2230): at libcore.io.IoBridge.bind(IoBridge.java:150)
08-22 17:43:18.155 D/RemoteControlService( 2230): start reader thread, mServerIp = 192.168.8.16, mServerPort = 12600
08-22 17:43:18.155 W/System.err( 2230): at java.net.PlainSocketImpl.socketBind(PlainSocketImpl.java:162)
08-22 17:43:18.155 W/System.err( 2230): at java.net.AbstractPlainSocketImpl.bind(AbstractPlainSocketImpl.java:427)
08-22 17:43:18.156 W/System.err( 2230): at java.net.ServerSocket.bind(ServerSocket.java:377)
08-22 17:43:18.156 W/System.err( 2230): at java.net.ServerSocket.(ServerSocket.java:237)
08-22 17:43:18.156 W/System.err( 2230): at com.thundercomm.remotecontrolservice.RemoteSocketService.startServer(RemoteSocketService.java:91)
08-22 17:43:18.156 W/System.err( 2230): at com.thundercomm.remotecontrolservice.RemoteSocketService.access$400(RemoteSocketService.java:11)
08-22 17:43:18.156 W/System.err( 2230): at com.thundercomm.remotecontrolservice.RemoteSocketService$2.run(RemoteSocketService.java:62)
08-22 17:43:18.156 W/System.err( 2230): Caused by: android.system.ErrnoException: bind failed: EADDRINUSE (Address already in use)
08-22 17:43:18.157 W/System.err( 2230): at libcore.io.Linux.bind(Native Method)
08-22 17:43:18.157 W/System.err( 2230): at libcore.io.ForwardingOs.bind(ForwardingOs.java:141)
08-22 17:43:18.157 W/System.err( 2230): at libcore.io.ForwardingOs.bind(ForwardingOs.java:141)
08-22 17:43:18.157 W/System.err( 2230): at libcore.io.IoBridge.bind(IoBridge.java:146)
08-22 17:43:18.157 W/System.err( 2230): ... 7 more
08-22 17:43:18.158 D/RemoteControlService( 2230): start reader thread, mServerIp = 192.168.0.16, mServerPort = 12600
08-22 17:43:18.158 W/System.err( 2230): java.net.BindException: bind failed: EADDRINUSE (Address already in use)
08-22 17:43:18.158 W/System.err( 2230): at libcore.io.IoBridge.bind(IoBridge.java:150)
08-22 17:43:18.158 W/System.err( 2230): at java.net.PlainSocketImpl.socketBind(PlainSocketImpl.java:162)
08-22 17:43:18.158 W/System.err( 2230): at java.net.AbstractPlainSocketImpl.bind(AbstractPlainSocketImpl.java:427)
08-22 17:43:18.158 W/System.err( 2230): at java.net.ServerSocket.bind(ServerSocket.java:377)
08-22 17:43:18.158 W/System.err( 2230): at java.net.ServerSocket.(ServerSocket.java:237)
08-22 17:43:18.160 I/liblog ( 2230): 9
08-22 17:43:18.160 W/System.err( 2230): java.net.BindException: bind failed: EADDRINUSE (Address already in use)
08-22 17:43:18.160 W/System.err( 2230): at libcore.io.IoBridge.bind(IoBridge.java:150)
08-22 17:43:18.161 D/RemoteControlService( 2230): start reader thread, mServerIp = 192.168.2.16, mServerPort = 12600
08-22 17:43:18.162 W/System.err( 2230): at java.net.PlainSocketImpl.socketBind(PlainSocketImpl.java:162)
08-22 17:43:18.162 W/System.err( 2230): at java.net.AbstractPlainSocketImpl.bind(AbstractPlainSocketImpl.java:427)
08-22 17:43:18.162 I/liblog ( 2230): 5
08-22 17:43:18.164 I/liblog ( 2230): 7
08-22 17:43:18.164 W/System.err( 2230): java.net.BindException: bind failed: EADDRINUSE (Address already in use)
08-22 17:43:18.164 W/System.err( 2230): at libcore.io.IoBridge.bind(IoBridge.java:150)
08-22 17:43:18.165 I/liblog ( 2230): 4
08-22 17:43:18.167 I/liblog ( 2230): 9
08-22 17:43:18.167 W/System.err( 2230): java.net.BindException: bind failed: EADDRINUSE (Address already in use)
08-22 17:43:18.167 W/System.err( 2230): at libcore.io.IoBridge.bind(IoBridge.java:150)
08-22 17:43:18.167 W/System.err( 2230): at java.net.PlainSocketImpl.socketBind(PlainSocketImpl.java:162)
08-22 17:43:18.258 F/linker ( 5105): CANNOT LINK EXECUTABLE "/vendor/bin/hw/qvrservice": library "vendor.qti.hardware.qxr-V1-ndk_platform.so" not found: needed by /vendor/lib64/libqvrservice.so in namespace (default)
08-22 17:43:18.269 F/linker ( 5106): CANNOT LINK EXECUTABLE "/vendor/bin/hw/sxrservice": library "vendor.qti.hardware.qxr-V1-ndk_platform.so" not found: needed by main executable
08-22 17:43:18.613 I/input_interaction( 1155): Interaction with: 2287e5 com.android.settings/com.android.settings.SubSettings (server), edge-swipe (server), swipe-up (server), PointerEventDispatcher0 (server),
08-22 17:43:18.644 I/BpBinder( 1068): onLastStrongRef automatically unlinking death recipients:
08-22 17:43:18.738 I/BpBinder( 1068): onLastStrongRef automatically unlinking death recipients:
08-22 17:43:18.760 I/wm_finish_activity( 1155): [0,52285954,71,com.android.settings/.SubSettings,app-request]
08-22 17:43:18.776 D/audio_hw_primary( 819): start_output_stream: enter: stream(0xeb1c0010)usecase(1: low-latency-playback) devices(0x2) is_haptic_usecase(0)
08-22 17:43:18.776 E/ANDR-PERF-TARGET( 981): Error: Invalid logical cluster id 0
08-22 17:43:18.777 E/ANDR-PERF-REQUEST( 981): invalid request
08-22 17:43:18.777 E/ANDR-PERF-MPCTL( 981): invalid request, no optimizations performed
08-22 17:43:18.777 E/audio_hw_extn( 819): audio_extn_perf_lock_acquire: Failed to acquire perf lock, err: -1
08-22 17:43:18.777 D/audio_hw_primary( 819): select_devices for use case (low-latency-playback)
08-22 17:43:18.777 I/msm8974_platform( 819): platform_check_and_set_codec_backend_cfg:becf: afe: bitwidth 16, samplerate 48000 channels 2, backend_idx 0 usecase = 1 device (speaker)
08-22 17:43:18.777 D/msm8974_platform( 819): platform_split_snd_device: snd_device(2) num devices(1) new_snd_devices(0)
08-22 17:43:18.777 I/msm8974_platform( 819): platform_check_and_set_codec_backend_cfg: new_snd_devices[0] is 2
08-22 17:43:18.777 I/msm8974_platform( 819): platform_check_codec_backend_cfg:becf: afe: bitwidth 16, samplerate 48000 channels 2, backend_idx 0 usecase = 1 device (speaker)
08-22 17:43:18.778 D/ActivityTrigger( 1155): ActivityTrigger activityPauseTrigger
08-22 17:43:18.779 D/audio_hw_extn( 819): audio_extn_enable_hifi_filter: mixer_value set 0
08-22 17:43:18.779 D/msm8974_platform( 819): platform_check_codec_backend_cfg:becf: updated afe: bitwidth 16, samplerate 48000 channels 2,backend_idx 0 usecase = 1 device (speaker)
08-22 17:43:18.780 D/msm8974_platform( 819): platform_check_codec_backend_cfg:becf: afe: playback on codec device not supporting native playback set default Sample Rate(48k)
08-22 17:43:18.780 I/msm8974_platform( 819): platform_check_codec_backend_cfg:becf: afe: Codec selected backend: 0 updated bit width: 16 and sample rate: 48000
08-22 17:43:18.780 D/audio_hw_primary( 819): check_usecases_codec_backend:becf: force routing 0
08-22 17:43:18.780 E/msm8974_platform( 819): platform_check_backends_match: Invalid snd_device =
08-22 17:43:18.780 D/audio_hw_primary( 819): check_usecases_codec_backend:becf: (78) check_usecases curr device: speaker, usecase device: backends match 0
08-22 17:43:18.780 D/audio_hw_primary( 819): check_usecases_codec_backend:becf: check_usecases num.of Usecases to switch 0
08-22 17:43:18.780 D/hardware_info( 819): hw_info_append_hw_type : device_name = speaker
08-22 17:43:18.780 D/msm8974_platform( 819): platform_split_snd_device: snd_device(2) num devices(0) new_snd_devices(0)
08-22 17:43:18.780 I/wm_pause_activity( 1155): [0,52285954,com.android.settings/.SubSettings,userLeaving=false,finish]
08-22 17:43:18.780 D/audio_hw_primary( 819): enable_snd_device: snd_device(2: speaker)
08-22 17:43:18.780 D/msm8974_platform( 819): platform_get_island_cfg_on_device:island cfg status on snd_device = (speaker 0)
08-22 17:43:18.780 I/soundtrigger( 819): audio_extn_sound_trigger_update_device_status: device 0x2 of type 0 for Event 1, with Raise=0
08-22 17:43:18.781 D/audio_route( 819): Apply path: speaker
08-22 17:43:18.781 I/audio_hw_utils( 819): audio_extn_utils_update_stream_output_app_type_cfg Allowing 24 and above bits playback on speaker ONLY at default sampling rate
08-22 17:43:18.781 E/soundtrigger( 819): audio_extn_sound_trigger_update_stream_status: invalid input device 0x0, for event 3
08-22 17:43:18.781 D/soundtrigger( 819): audio_extn_sound_trigger_update_stream_status: uc_info->id 1 of type 0 for Event 3, with Raise=0
08-22 17:43:18.781 D/audio_hw_utils( 819): audio_extn_utils_send_app_type_cfg: usecase->out_snd_device speaker
08-22 17:43:18.781 D/msm8974_platform( 819): platform_split_snd_device: snd_device(2) num devices(0) new_snd_devices(0)
08-22 17:43:18.781 D/audio_hw_utils( 819): audio_extn_btsco_get_sample_rate:Not a BT SCO device, need not update sampling rate
08-22 17:43:18.781 I/audio_hw_utils( 819): send_app_type_cfg_for_device PLAYBACK app_type 69937, acdb_dev_id 15, sample_rate 48000, snd_device_be_idx 179
08-22 17:43:18.782 D/msm8974_platform( 819): platform_split_snd_device: snd_device(2) num devices(1) new_snd_devices(0)
08-22 17:43:18.783 D/audio_hw_utils( 819): audio_extn_btsco_get_sample_rate:Not a BT SCO device, need not update sampling rate
08-22 17:43:18.783 D/ACDB-LOADER( 819): ACDB -> send_audio_cal, acdb_id = 15, path = 0, app id = 0x11131, sample rate = 48000, afe_sample_rate = 48000
08-22 17:43:18.783 D/ACDB-LOADER( 819): ACDB -> send_asm_topology
08-22 17:43:18.783 D/ACDB-LOADER( 819): ACDB -> ACDB_CMD_GET_AUDPROC_STREAM_TOPOLOGY_ID
08-22 17:43:18.783 D/ACDB-LOADER( 819): ACDB -> send_adm_topology
08-22 17:43:18.783 D/ACDB-LOADER( 819): ACDB -> ACDB_CMD_GET_AUDPROC_COMMON_TOPOLOGY_ID
08-22 17:43:18.783 D/ACDB-LOADER( 819): ACDB -> send_audtable
08-22 17:43:18.783 D/ACDB-LOADER( 819): ACDB -> ACDB_CMD_GET_AUDPROC_INSTANCE_COMMON_TABLE_SIZE
08-22 17:43:18.783 D/ACDB-LOADER( 819): ACDB -> ACDB_CMD_GET_AUDPROC_INSTANCE_COMMON_TABLE
08-22 17:43:18.783 D/ACDB-LOADER( 819): ACDB -> AUDIO_SET_AUDPROC_CAL cal_type[11] acdb_id[15] app_type[69937]
08-22 17:43:18.783 D/ACDB-LOADER( 819): ACDB -> send_audvoltable
08-22 17:43:18.784 D/ACDB-LOADER( 819): ACDB -> ACDB_CMD_GET_AUDPROC_INSTANCE_GAIN_DEP_STEP_TABLE_SIZE
08-22 17:43:18.784 D/ACDB-LOADER( 819): ACDB -> ACDB_CMD_GET_AUDPROC_INSTANCE_GAIN_DEP_STEP_TABLE, vol index 0
08-22 17:43:18.784 D/ACDB-LOADER( 819): ACDB -> AUDIO_SET_VOL_CAL cal type = 12
08-22 17:43:18.784 D/ACDB-LOADER( 819): ACDB -> ACDB_CMD_GET_AUDPROC_INSTANCE_STREAM_TABLE_SIZE
08-22 17:43:18.784 D/ACDB-LOADER( 819): ACDB -> send_audstrmtable
08-22 17:43:18.784 D/ACDB-LOADER( 819): ACDB -> ACDB_CMD_GET_AUDPROC_INSTANCE_STREAM_TABLE
08-22 17:43:18.784 D/ACDB-LOADER( 819): ACDB -> audstrm_cal->cal_type.cal_data.cal_size = 20
08-22 17:43:18.784 D/ACDB-LOADER( 819): ACDB -> send_afe_topology
08-22 17:43:18.784 D/ACDB-LOADER( 819): ACDB -> ACDB_CMD_GET_AFE_TOPOLOGY_ID
08-22 17:43:18.784 D/ACDB-LOADER( 819): ACDB -> GET_AFE_TOPOLOGY_ID for adcd_id 15, Topology Id 112fc
08-22 17:43:18.784 D/ACDB-LOADER( 819): ACDB -> send_afe_cal
08-22 17:43:18.784 D/ACDB-LOADER( 819): ACDB -> ACDB_CMD_GET_AFE_INSTANCE_COMMON_TABLE_SIZE
08-22 17:43:18.785 D/android.hardware.audio.service( 819): Failed to fetch the lookup information of the device 0000000F
08-22 17:43:18.785 D/ACDB-LOADER( 819): Error: ACDB_CMD_GET_AFE_INSTANCE_COMMON_TABLE_SIZE Returned = -19
08-22 17:43:18.785 D/ACDB-LOADER( 819): ACDB -> ACDB_CMD_GET_AFE_INSTANCE_COMMON_TABLE
08-22 17:43:18.785 D/android.hardware.audio.service( 819): Failed to fetch the lookup information of the device 0000000F
08-22 17:43:18.785 D/ACDB-LOADER( 819): Error: ACDB AFE returned = -19
08-22 17:43:18.785 D/ACDB-LOADER( 819): ACDB -> AUDIO_SET_AFE_CAL cal_type[16] acdb_id[15]
08-22 17:43:18.785 D/ACDB-LOADER( 819): ACDB -> send_hw_delay : acdb_id = 15 path = 0
08-22 17:43:18.785 D/ACDB-LOADER( 819): ACDB -> ACDB_AVSYNC_INFO: ACDB_CMD_GET_DEVICE_PROPERTY
08-22 17:43:18.785 D/msm8974_platform( 819): platform_split_snd_device: snd_device(2) num devices(0) new_snd_devices(0)
08-22 17:43:18.785 I/msm8974_platform( 819): platform_get_custom_mtmx_params: no matching param with id 0 ip_ch 2 op_ch 2 uc_id 1 snd_dev 2
08-22 17:43:18.785 D/audio_hw_primary( 819): enable_audio_route: apply mixer and update path: low-latency-playback
08-22 17:43:18.785 D/audio_route( 819): Apply path: low-latency-playback
08-22 17:43:18.787 D/audio_hw_primary( 819): select_devices: done
08-22 17:43:18.793 I/dvm_lock_sample( 1155): [system_server,1,android.anim,30,InputMonitor.java,144,void com.android.server.wm.InputMonitor$UpdateInputWindows.run(),ActivityClientController.java,455,boolean com.android.server.wm.ActivityClientController.finishActivity(android.os.IBinder, int, android.content.Intent, int),6]
08-22 17:43:18.794 I/wm_on_top_resumed_lost_called( 2374): [52285954,com.android.settings.SubSettings,topStateChangedWhenResumed]
08-22 17:43:18.798 I/dvm_lock_sample( 1155): [system_server,1,Binder:1155_1,30,WindowManagerService.java,2228,int com.android.server.wm.WindowManagerService.relayoutWindow(com.android.server.wm.Session, android.view.IWindow, android.view.WindowManager$LayoutParams, int, int, int, int, long, android.window.ClientWindowFrames, android.util.MergedConfiguration, android.view.SurfaceControl, android.view.InsetsState, android.view.InsetsSourceControl[], android.graphics.Point),ActivityClientController.java,455,boolean com.android.server.wm.ActivityClientController.finishActivity(android.os.IBinder, int, android.content.Intent, int),6]
01-01 01:39:10.962 I/afe_find_cal_topo_id_by_port( 0): port id: 0x9000, dev_acdb_id: 0
01-01 01:39:10.962 I/afe_find_cal_topo_id_by_port( 0): top_id:112fc acdb_id:15 afe_port:0x9000
01-01 01:39:10.962 I/afe_get_cal_topology_id( 0): port_id = 0x9000 acdb_id = 15 topology_id = 0x112fc cal_type_index=8 ret=0
01-01 01:39:10.962 I/afe_send_port_topology_id( 0): AFE set topology id 0x112fc enable for port 0x9000 ret 0
01-01 01:39:10.962 I/send_afe_cal_type( 0): cal_index is 0
01-01 01:39:10.962 I/send_afe_cal_type( 0): dev_acdb_id[55] is 0
01-01 01:39:10.962 I/send_afe_cal_type( 0): Sending cal_index cal 0
01-01 01:39:10.962 E/send_afe_cal_type( 0): No cal sent for cal_index 0, port_id = 0x9000! ret -22
01-01 01:39:10.972 I/afe_send_hw_delay( 0): port_id 0x9000 rate 48000 delay_usec 474 status 0
08-22 17:43:18.800 I/sysui_multi_action( 2374): [757,46,758,2,1089,12536]
08-22 17:43:18.803 I/wm_on_paused_called( 2374): [52285954,com.android.settings.SubSettings,performPause]
08-22 17:43:18.813 I/wm_add_to_stopping( 1155): [0,52285954,com.android.settings/.SubSettings,completeFinishing]
08-22 17:43:18.814 I/wm_set_resumed_activity( 1155): [0,com.android.settings/.Settings,resumeTopActivityInnerLocked]
08-22 17:43:18.815 I/wm_resume_activity( 1155): [0,246948937,71,com.android.settings/.Settings]
08-22 17:43:18.828 I/sysui_multi_action( 1155): [757,803,799,window_time_0,802,13]
08-22 17:43:18.828 I/BpBinder( 1068): onLastStrongRef automatically unlinking death recipients:
08-22 17:43:18.835 I/input_focus( 1155): [Focus leaving 2287e5 com.android.settings/com.android.settings.SubSettings (server),reason=NO_WINDOW]
08-22 17:43:18.843 D/msm8974_platform( 819): platform_set_channel_map mixer_ctl_name:Playback Channel Map9
08-22 17:43:18.843 D/msm8974_platform( 819): platform_set_channel_map: set mapping(1 2 0 0 0 0 0 0) for channel:2
08-22 17:43:18.844 E/audio_hw_extn( 819): audio_extn_perf_lock_release: Perf lock release error
08-22 17:43:18.845 D/audio_hw_primary( 819): start_output_stream: exit
08-22 17:43:18.850 I/wm_on_restart_called( 2374): [246948937,com.android.settings.Settings,performRestartActivity]
08-22 17:43:18.852 W/BatteryBroadcastRcvr( 2374): Problem reading the battery meter.
08-22 17:43:18.867 I/am_pss ( 1155): [2374,1000,com.android.settings,90791936,73437184,0,225058816,0,2,17]
08-22 17:43:18.868 I/wm_on_start_called( 2374): [246948937,com.android.settings.Settings,handleStartActivity]
08-22 17:43:18.869 I/snet_event_log( 2374): [120484087,-1,]
08-22 17:43:18.869 I/wm_on_resume_called( 2374): [246948937,com.android.settings.Settings,RESUME_ACTIVITY]
08-22 17:43:18.870 I/sysui_multi_action( 2374): [757,35,758,1,833,0,1089,0]
08-22 17:43:18.872 I/wm_on_top_resumed_gained_called( 2374): [246948937,com.android.settings.Settings,topWhenResuming]
08-22 17:43:18.878 D/BatteryInfo( 2374): time for getStats: 0ms
08-22 17:43:18.886 I/input_focus( 1155): [Focus request 844e0b0 com.android.settings/com.android.settings.Settings,reason=UpdateInputWindows]
08-22 17:43:18.889 D/BatteryTipLoader( 2374): BatteryInfoLoader post query: 1ms
08-22 17:43:18.889 D/BatteryInfo( 2374): time for getBatteryInfo: 0ms
08-22 17:43:18.889 D/BatteryTipLoader( 2374): BatteryInfoLoader.loadInBackground: 1ms
08-22 17:43:18.890 D/BatteryInfo( 2374): time for regular BatteryInfo: 12ms
08-22 17:43:18.893 D/BatteryInfo( 2374): time for getBatteryInfo: 2ms
08-22 17:43:18.912 W/BatteryBroadcastRcvr( 2374): Problem reading the battery meter.
08-22 17:43:18.930 I/input_focus( 1155): [Focus entering 844e0b0 com.android.settings/com.android.settings.Settings (server),reason=Window became focusable. Previous reason: NOT_VISIBLE]
08-22 17:43:18.932 D/BatteryInfo( 2374): time for getStats: 0ms
08-22 17:43:18.933 D/BatteryInfo( 2374): time for regular BatteryInfo: 1ms
08-22 17:43:18.934 D/BatteryInfo( 2374): time for getBatteryInfo: 1ms
08-22 17:43:18.935 D/BatteryTipLoader( 2374): BatteryInfoLoader post query: 1ms
08-22 17:43:18.935 D/BatteryInfo( 2374): time for getBatteryInfo: 0ms
08-22 17:43:18.935 D/BatteryTipLoader( 2374): BatteryInfoLoader.loadInBackground: 1ms
08-22 17:43:18.946 D/BatteryInfo( 2374): time for callback: 0ms
08-22 17:43:18.948 D/BatteryInfo( 2374): time for callback: 0ms
08-22 17:43:19.007 I/mpu_uart( 664): [MSG-P:RECV]:No message received in 1000 ms
08-22 17:43:19.042 D/audio_hw_primary( 819): out_set_parameters: enter: usecase(1: low-latency-playback) kvpairs: suspend_playback=true
08-22 17:43:19.042 D/audio_hw_extn( 819): audio_extn_fm_set_parameters: Enter
08-22 17:43:19.121 I/am_pss ( 1155): [4170,10057,com.qualcomm.qti.qms.service.trustzoneaccess,5453824,3768320,0,91869184,0,19,13]
01-01 01:39:11.452 D/ ( 0): mv2112_read_status
01-01 01:39:11.452 D/mv2112_update_link( 0): 3.0x901(1G): 0x80
01-01 01:39:11.453 D/mv2112_update_link( 0): 3.0x8109(100M): 0x0
01-01 01:39:11.453 D/mv2112_update_link( 0): link 0x0
01-01 01:39:11.453 D/mv2112_read_status( 0): autoneg is disabled
08-22 17:43:19.323 I/wm_destroy_activity( 1155): [0,52285954,71,com.android.settings/.SubSettings,finish-imm:idle]
08-22 17:43:19.331 D/OpenGLRenderer( 2374): endAllActiveAnimators on 0xb400007be2ee2b50 (RippleDrawable) with handle 0xb400007af2ed5620
08-22 17:43:19.346 I/wm_on_stop_called( 2374): [52285954,com.android.settings.SubSettings,LIFECYCLER_STOP_ACTIVITY]
08-22 17:43:19.354 I/wm_on_destroy_called( 2374): [52285954,com.android.settings.SubSettings,performDestroy]
08-22 17:43:19.357 W/InputManager-JNI( 1155): Input channel object '2287e5 com.android.settings/com.android.settings.SubSettings (client)' was disposed without first being removed with the input manager!
08-22 17:43:19.953 I/input_interaction( 1155): Interaction with: b673988 StatusBar (server), edge-swipe (server), swipe-up (server), PointerEventDispatcher0 (server),
08-22 17:43:19.982 I/sysui_multi_action( 1912): [757,803,799,panel_open,802,1]
08-22 17:43:19.985 I/sysui_multi_action( 1912): [757,1328,758,4,1326,46,1327,3,1329,0]
08-22 17:43:19.989 I/InputDispatcher( 1155): Monitor edge-swipe (server) is stealing touch from [b673988 StatusBar (server), ]
08-22 17:43:19.991 I/view_enqueue_input_event( 1912): [Motion - Cancel,StatusBar]
08-22 17:43:19.995 D/vendor.qti.vibrator( 995): Vibrator perform effect 2
08-22 17:43:19.996 D/vendor.qti.vibrator( 995): QTI Vibrator off
08-22 17:43:20.002 I/input_interaction( 1155): Interaction with: edge-swipe (server), swipe-up (server), PointerEventDispatcher0 (server),
08-22 17:43:20.007 I/mpu_uart( 664): [MSG-P:RECV]:No message received in 1000 ms
08-22 17:43:20.028 I/mpu_uart( 664): [MSG-P:R]:recv sync frame timeout
08-22 17:43:20.033 W/InputDispatcher( 1155): Cannot transfer touch state because there are 0 windows being touched
08-22 17:43:20.033 I/WindowManager( 1155): Could not transfer touch to the status bar
08-22 17:43:20.044 D/audio_hw_primary( 819): out_set_parameters: enter: usecase(1: low-latency-playback) kvpairs: suspend_playback=false
08-22 17:43:20.044 D/audio_hw_extn( 819): audio_extn_fm_set_parameters: Enter
08-22 17:43:20.045 W/audio_hw_primary( 819): out_write: underrun(14) frames_by_time(48319) > out->last_fifo_frames_remaining(384)
08-22 17:43:20.085 D/audio_hw_primary( 819): out_set_parameters: enter: usecase(1: low-latency-playback) kvpairs: suspend_playback=true
08-22 17:43:20.086 D/audio_hw_extn( 819): audio_extn_fm_set_parameters: Enter
01-01 01:39:12.477 D/ ( 0): mv2112_read_status
01-01 01:39:12.477 D/mv2112_update_link( 0): 3.0x901(1G): 0x80
01-01 01:39:12.477 D/mv2112_update_link( 0): 3.0x8109(100M): 0x0
01-01 01:39:12.477 D/mv2112_update_link( 0): link 0x0
01-01 01:39:12.477 D/mv2112_read_status( 0): autoneg is disabled
08-22 17:43:20.494 I/OpenGLRenderer( 2374): Davey! duration=9223371893216ms; Flags=0, FrameTimelineVsyncId=4289, IntendedVsync=143638071376, Vsync=143638071376, InputEventId=0, HandleInputStart=143640966870, AnimationStart=143640968849, PerformTraversalsStart=143640970255, DrawStart=143641327964, FrameDeadline=143654738042, FrameInterval=143640961974, FrameStartTime=16666666, SyncQueued=143645131037, SyncStart=143645472235, IssueDrawCommandsStart=143646443485, SwapBuffers=143649885620, FrameCompleted=9223372036854775807, DequeueBufferDuration=44479, QueueBufferDuration=2299948, GpuCompleted=9223372036854775807, SwapBuffersCompleted=143653857651, DisplayPresentTime=113898881413,
01-01 01:39:12.698 I/perf ( 0): interrupt took too long (3153 > 3146), lowering kernel.perf_event_max_sample_rate to 63250
08-22 17:43:21.008 I/mpu_uart( 664): [MSG-P:RECV]:No message received in 1000 ms
08-22 17:43:21.088 D/audio_hw_primary( 819): out_set_parameters: enter: usecase(1: low-latency-playback) kvpairs: suspend_playback=false
08-22 17:43:21.089 D/audio_hw_extn( 819): audio_extn_fm_set_parameters: Enter
08-22 17:43:21.090 W/audio_hw_primary( 819): out_write: underrun(15) frames_by_time(48373) > out->last_fifo_frames_remaining(384)
08-22 17:43:21.133 D/audio_hw_primary( 819): out_set_parameters: enter: usecase(1: low-latency-playback) kvpairs: suspend_playback=true
08-22 17:43:21.134 D/audio_hw_extn( 819): audio_extn_fm_set_parameters: Enter
01-01 01:39:13.501 D/ ( 0): mv2112_read_status
01-01 01:39:13.501 D/mv2112_update_link( 0): 3.0x901(1G): 0x80
01-01 01:39:13.501 D/mv2112_update_link( 0): 3.0x8109(100M): 0x0
01-01 01:39:13.501 D/mv2112_update_link( 0): link 0x0
01-01 01:39:13.501 D/mv2112_read_status( 0): autoneg is disabled
08-22 17:43:21.675 I/am_uid_idle( 1155): 10028
08-22 17:43:22.010 I/mpu_uart( 664): [MSG-P:RECV]:No message received in 1000 ms
08-22 17:43:22.137 D/audio_hw_primary( 819): out_set_parameters: enter: usecase(1: low-latency-playback) kvpairs: suspend_playback=false
08-22 17:43:22.137 D/audio_hw_extn( 819): audio_extn_fm_set_parameters: Enter
08-22 17:43:22.139 D/audio_hw_primary( 819): out_standby: enter: stream (0xeb1c0010) usecase(1: low-latency-playback)
01-01 01:39:14.319 I/afe_close( 0): port_id = 0x9000
08-22 17:43:22.173 D/audio_hw_primary( 819): disable_audio_route: reset and update mixer path: low-latency-playback
08-22 17:43:22.175 E/soundtrigger( 819): audio_extn_sound_trigger_update_stream_status: invalid input device 0x0, for event 2
08-22 17:43:22.175 D/soundtrigger( 819): audio_extn_sound_trigger_update_stream_status: uc_info->id 1 of type 0 for Event 2, with Raise=0
08-22 17:43:22.175 D/msm8974_platform( 819): platform_split_snd_device: snd_device(2) num devices(0) new_snd_devices(0)
08-22 17:43:22.175 I/msm8974_platform( 819): platform_get_custom_mtmx_params: no matching param with id 0 ip_ch 2 op_ch 2 uc_id 1 snd_dev 2
08-22 17:43:22.175 D/hardware_info( 819): hw_info_append_hw_type : device_name = speaker
08-22 17:43:22.175 D/audio_hw_primary( 819): disable_snd_device: snd_device(2: speaker)
08-22 17:43:22.176 D/msm8974_platform( 819): platform_split_snd_device: snd_device(2) num devices(0) new_snd_devices(0)
08-22 17:43:22.176 I/soundtrigger( 819): audio_extn_sound_trigger_update_device_status: device 0x2 of type 0 for Event 0, with Raise=0
08-22 17:43:22.176 D/audio_hw_primary( 819): out_standby: exit
08-22 17:43:22.261 I/hwservicemanager( 520): getTransport: Cannot find entry android.hardware.light@2.0::ILight/default in either framework or device VINTF manifest.
08-22 17:43:22.267 E/light ( 5116): light_open lights keyboard failed: -22
08-22 17:43:22.267 E/light ( 5116): Light passthrough failed to load legacy HAL.
08-22 17:43:22.268 E/light ( 5116): light_open lights buttons failed: -22
08-22 17:43:22.268 E/light ( 5116): Light passthrough failed to load legacy HAL.
08-22 17:43:22.271 E/light ( 5116): light_open lights bluetooth failed: -22
