08-22 17:43:43.107 W/System.err( 2230): at libcore.io.IoBridge.bind(IoBridge.java:146)
08-22 17:43:43.107 W/System.err( 2230): ... 9 more
08-22 17:43:43.107 W/System.err( 2230): java.net.BindException: bind failed: EADDRINUSE (Address already in use)
08-22 17:43:43.108 W/System.err( 2230): at libcore.io.IoBridge.bind(IoBridge.java:150)
08-22 17:43:43.108 W/System.err( 2230): at java.net.PlainSocketImpl.socketBind(PlainSocketImpl.java:162)
08-22 17:43:43.108 W/System.err( 2230): at java.net.AbstractPlainSocketImpl.bind(AbstractPlainSocketImpl.java:427)
08-22 17:43:43.108 W/System.err( 2230): at java.net.ServerSocket.bind(ServerSocket.java:377)
08-22 17:43:43.109 W/System.err( 2230): at java.net.ServerSocket.(ServerSocket.java:237)
08-22 17:43:43.109 W/System.err( 2230): at com.thundercomm.remotecontrolservice.RemoteSocketService.startServer(RemoteSocketService.java:91)
08-22 17:43:43.109 W/System.err( 2230): at com.thundercomm.remotecontrolservice.RemoteSocketService.restartServer(RemoteSocketService.java:119)
08-22 17:43:43.109 W/System.err( 2230): at com.thundercomm.remotecontrolservice.RemoteSocketService.access$100(RemoteSocketService.java:11)
08-22 17:43:43.109 W/System.err( 2230): at com.thundercomm.remotecontrolservice.RemoteSocketService$3.run(RemoteSocketService.java:101)
08-22 17:43:43.109 W/System.err( 2230): at java.lang.Thread.run(Thread.java:920)
08-22 17:43:43.110 W/System.err( 2230): Caused by: android.system.ErrnoException: bind failed: EADDRINUSE (Address already in use)
08-22 17:43:43.110 W/System.err( 2230): at libcore.io.Linux.bind(Native Method)
08-22 17:43:43.110 W/System.err( 2230): at libcore.io.ForwardingOs.bind(ForwardingOs.java:141)
08-22 17:43:43.110 W/System.err( 2230): at libcore.io.ForwardingOs.bind(ForwardingOs.java:141)
08-22 17:43:43.110 W/System.err( 2230): at libcore.io.IoBridge.bind(IoBridge.java:146)
08-22 17:43:43.111 W/System.err( 2230): ... 9 more
08-22 17:43:43.111 W/System.err( 2230): java.net.BindException: bind failed: EADDRINUSE (Address already in use)
08-22 17:43:43.111 W/System.err( 2230): at libcore.io.IoBridge.bind(IoBridge.java:150)
08-22 17:43:43.111 W/System.err( 2230): at java.net.PlainSocketImpl.socketBind(PlainSocketImpl.java:162)
08-22 17:43:43.111 W/System.err( 2230): at java.net.AbstractPlainSocketImpl.bind(AbstractPlainSocketImpl.java:427)
08-22 17:43:43.111 W/System.err( 2230): at java.net.ServerSocket.bind(ServerSocket.java:377)
08-22 17:43:43.111 W/System.err( 2230): at java.net.ServerSocket.(ServerSocket.java:237)
08-22 17:43:43.112 W/System.err( 2230): at com.thundercomm.remotecontrolservice.RemoteSocketService.startServer(RemoteSocketService.java:91)
08-22 17:43:43.112 W/System.err( 2230): at com.thundercomm.remotecontrolservice.RemoteSocketService.restartServer(RemoteSocketService.java:119)
08-22 17:43:43.112 W/System.err( 2230): at com.thundercomm.remotecontrolservice.RemoteSocketService.access$100(RemoteSocketService.java:11)
08-22 17:43:43.112 W/System.err( 2230): at com.thundercomm.remotecontrolservice.RemoteSocketService$3.run(RemoteSocketService.java:101)
08-22 17:43:43.112 W/System.err( 2230): at java.lang.Thread.run(Thread.java:920)
08-22 17:43:43.112 W/System.err( 2230): Caused by: android.system.ErrnoException: bind failed: EADDRINUSE (Address already in use)
08-22 17:43:43.112 W/System.err( 2230): at libcore.io.Linux.bind(Native Method)
08-22 17:43:43.112 W/System.err( 2230): at libcore.io.ForwardingOs.bind(ForwardingOs.java:141)
08-22 17:43:43.112 W/System.err( 2230): at libcore.io.ForwardingOs.bind(ForwardingOs.java:141)
08-22 17:43:43.112 W/System.err( 2230): at libcore.io.IoBridge.bind(IoBridge.java:146)
08-22 17:43:43.112 W/System.err( 2230): ... 9 more
08-22 17:43:43.118 W/System.err( 2230): java.net.BindException: bind failed: EADDRINUSE (Address already in use)
08-22 17:43:43.118 W/System.err( 2230): at libcore.io.IoBridge.bind(IoBridge.java:150)
08-22 17:43:43.118 W/System.err( 2230): at java.net.PlainSocketImpl.socketBind(PlainSocketImpl.java:162)
08-22 17:43:43.118 W/System.err( 2230): at java.net.AbstractPlainSocketImpl.bind(AbstractPlainSocketImpl.java:427)
08-22 17:43:43.118 W/System.err( 2230): at java.net.ServerSocket.bind(ServerSocket.java:377)
08-22 17:43:43.118 W/System.err( 2230): at java.net.ServerSocket.(ServerSocket.java:237)
08-22 17:43:43.118 W/System.err( 2230): at com.thundercomm.remotecontrolservice.RemoteSocketService.startServer(RemoteSocketService.java:91)
08-22 17:43:43.118 W/System.err( 2230): at com.thundercomm.remotecontrolservice.RemoteSocketService.restartServer(RemoteSocketService.java:119)
08-22 17:43:43.119 W/System.err( 2230): at com.thundercomm.remotecontrolservice.RemoteSocketService.access$100(RemoteSocketService.java:11)
08-22 17:43:43.119 W/System.err( 2230): at com.thundercomm.remotecontrolservice.RemoteSocketService$3.run(RemoteSocketService.java:101)
08-22 17:43:43.119 W/System.err( 2230): at java.lang.Thread.run(Thread.java:920)
08-22 17:43:43.119 W/System.err( 2230): Caused by: android.system.ErrnoException: bind failed: EADDRINUSE (Address already in use)
08-22 17:43:43.119 W/System.err( 2230): at libcore.io.Linux.bind(Native Method)
08-22 17:43:43.119 W/System.err( 2230): at libcore.io.ForwardingOs.bind(ForwardingOs.java:141)
08-22 17:43:43.119 W/System.err( 2230): at libcore.io.ForwardingOs.bind(ForwardingOs.java:141)
08-22 17:43:43.119 W/System.err( 2230): at libcore.io.IoBridge.bind(IoBridge.java:146)
08-22 17:43:43.119 W/System.err( 2230): ... 9 more
08-22 17:43:43.119 W/System.err( 2230): java.net.BindException: bind failed: EADDRINUSE (Address already in use)
08-22 17:43:43.119 W/System.err( 2230): at libcore.io.IoBridge.bind(IoBridge.java:150)
08-22 17:43:43.119 W/System.err( 2230): at java.net.PlainSocketImpl.socketBind(PlainSocketImpl.java:162)
08-22 17:43:43.120 W/System.err( 2230): at java.net.AbstractPlainSocketImpl.bind(AbstractPlainSocketImpl.java:427)
08-22 17:43:43.120 W/System.err( 2230): at java.net.ServerSocket.bind(ServerSocket.java:377)
08-22 17:43:43.120 W/System.err( 2230): at java.net.ServerSocket.(ServerSocket.java:237)
08-22 17:43:43.120 W/System.err( 2230): at com.thundercomm.remotecontrolservice.RemoteSocketService.startServer(RemoteSocketService.java:91)
08-22 17:43:43.120 W/System.err( 2230): at com.thundercomm.remotecontrolservice.RemoteSocketService.restartServer(RemoteSocketService.java:119)
08-22 17:43:43.121 W/System.err( 2230): at com.thundercomm.remotecontrolservice.RemoteSocketService.access$100(RemoteSocketService.java:11)
08-22 17:43:43.123 W/System.err( 2230): at com.thundercomm.remotecontrolservice.RemoteSocketService$3.run(RemoteSocketService.java:101)
08-22 17:43:43.123 W/System.err( 2230): at java.lang.Thread.run(Thread.java:920)
08-22 17:43:43.124 W/System.err( 2230): Caused by: android.system.ErrnoException: bind failed: EADDRINUSE (Address already in use)
08-22 17:43:43.124 W/System.err( 2230): at libcore.io.Linux.bind(Native Method)
08-22 17:43:43.124 W/System.err( 2230): at libcore.io.ForwardingOs.bind(ForwardingOs.java:141)
08-22 17:43:43.124 W/System.err( 2230): at libcore.io.ForwardingOs.bind(ForwardingOs.java:141)
08-22 17:43:43.124 W/System.err( 2230): at libcore.io.IoBridge.bind(IoBridge.java:146)
08-22 17:43:43.126 W/System.err( 2230): ... 9 more
08-22 17:43:43.126 W/System.err( 2230): java.net.BindException: bind failed: EADDRINUSE (Address already in use)
08-22 17:43:43.126 W/System.err( 2230): at libcore.io.IoBridge.bind(IoBridge.java:150)
08-22 17:43:43.126 W/System.err( 2230): at java.net.PlainSocketImpl.socketBind(PlainSocketImpl.java:162)
08-22 17:43:43.126 W/System.err( 2230): at java.net.AbstractPlainSocketImpl.bind(AbstractPlainSocketImpl.java:427)
08-22 17:43:43.126 W/System.err( 2230): at java.net.ServerSocket.bind(ServerSocket.java:377)
08-22 17:43:43.126 W/System.err( 2230): at java.net.ServerSocket.(ServerSocket.java:237)
08-22 17:43:43.126 W/System.err( 2230): at com.thundercomm.remotecontrolservice.RemoteSocketService.startServer(RemoteSocketService.java:91)
08-22 17:43:43.126 W/System.err( 2230): at com.thundercomm.remotecontrolservice.RemoteSocketService.restartServer(RemoteSocketService.java:119)
08-22 17:43:43.126 W/System.err( 2230): at com.thundercomm.remotecontrolservice.RemoteSocketService.access$100(RemoteSocketService.java:11)
08-22 17:43:43.127 W/System.err( 2230): at com.thundercomm.remotecontrolservice.RemoteSocketService$3.run(RemoteSocketService.java:101)
08-22 17:43:43.127 W/System.err( 2230): at java.lang.Thread.run(Thread.java:920)
08-22 17:43:43.127 W/System.err( 2230): Caused by: android.system.ErrnoException: bind failed: EADDRINUSE (Address already in use)
08-22 17:43:43.127 W/System.err( 2230): at libcore.io.Linux.bind(Native Method)
08-22 17:43:43.127 W/System.err( 2230): at libcore.io.ForwardingOs.bind(ForwardingOs.java:141)
08-22 17:43:43.127 W/System.err( 2230): at libcore.io.ForwardingOs.bind(ForwardingOs.java:141)
08-22 17:43:43.127 W/System.err( 2230): at libcore.io.IoBridge.bind(IoBridge.java:146)
08-22 17:43:43.127 W/System.err( 2230): ... 9 more
08-22 17:43:43.129 W/System.err( 2230): java.net.BindException: bind failed: EADDRINUSE (Address already in use)
08-22 17:43:43.130 W/System.err( 2230): at libcore.io.IoBridge.bind(IoBridge.java:150)
08-22 17:43:43.130 W/System.err( 2230): at java.net.PlainSocketImpl.socketBind(PlainSocketImpl.java:162)
08-22 17:43:43.130 W/System.err( 2230): at java.net.AbstractPlainSocketImpl.bind(AbstractPlainSocketImpl.java:427)
08-22 17:43:43.130 W/System.err( 2230): at java.net.ServerSocket.bind(ServerSocket.java:377)
08-22 17:43:43.130 W/System.err( 2230): at java.net.ServerSocket.(ServerSocket.java:237)
08-22 17:43:43.130 W/System.err( 2230): at com.thundercomm.remotecontrolservice.RemoteSocketService.startServer(RemoteSocketService.java:91)
08-22 17:43:43.130 W/System.err( 2230): at com.thundercomm.remotecontrolservice.RemoteSocketService.restartServer(RemoteSocketService.java:119)
08-22 17:43:43.130 W/System.err( 2230): at com.thundercomm.remotecontrolservice.RemoteSocketService.access$100(RemoteSocketService.java:11)
08-22 17:43:43.130 W/System.err( 2230): at com.thundercomm.remotecontrolservice.RemoteSocketService$3.run(RemoteSocketService.java:101)
08-22 17:43:43.130 W/System.err( 2230): at java.lang.Thread.run(Thread.java:920)
08-22 17:43:43.130 W/System.err( 2230): Caused by: android.system.ErrnoException: bind failed: EADDRINUSE (Address already in use)
08-22 17:43:43.131 W/System.err( 2230): at libcore.io.Linux.bind(Native Method)
08-22 17:43:43.131 W/System.err( 2230): at libcore.io.ForwardingOs.bind(ForwardingOs.java:141)
08-22 17:43:43.131 W/System.err( 2230): at libcore.io.ForwardingOs.bind(ForwardingOs.java:141)
08-22 17:43:43.131 W/System.err( 2230): at libcore.io.IoBridge.bind(IoBridge.java:146)
08-22 17:43:43.131 W/System.err( 2230): ... 9 more
08-22 17:43:43.132 W/System.err( 2230): java.net.BindException: bind failed: EADDRINUSE (Address already in use)
08-22 17:43:43.132 W/System.err( 2230): at libcore.io.IoBridge.bind(IoBridge.java:150)
08-22 17:43:43.132 W/System.err( 2230): at java.net.PlainSocketImpl.socketBind(PlainSocketImpl.java:162)
08-22 17:43:43.132 W/System.err( 2230): at java.net.AbstractPlainSocketImpl.bind(AbstractPlainSocketImpl.java:427)
08-22 17:43:43.132 W/System.err( 2230): at java.net.ServerSocket.bind(ServerSocket.java:377)
08-22 17:43:43.132 W/System.err( 2230): at java.net.ServerSocket.(ServerSocket.java:237)
08-22 17:43:43.133 W/System.err( 2230): at com.thundercomm.remotecontrolservice.RemoteSocketService.startServer(RemoteSocketService.java:91)
08-22 17:43:43.133 W/System.err( 2230): at com.thundercomm.remotecontrolservice.RemoteSocketService.restartServer(RemoteSocketService.java:119)
08-22 17:43:43.133 W/System.err( 2230): at com.thundercomm.remotecontrolservice.RemoteSocketService.access$100(RemoteSocketService.java:11)
08-22 17:43:43.133 W/System.err( 2230): at com.thundercomm.remotecontrolservice.RemoteSocketService$3.run(RemoteSocketService.java:101)
08-22 17:43:43.133 W/System.err( 2230): at java.lang.Thread.run(Thread.java:920)
08-22 17:43:43.133 W/System.err( 2230): Caused by: android.system.ErrnoException: bind failed: EADDRINUSE (Address already in use)
08-22 17:43:43.133 W/System.err( 2230): at libcore.io.Linux.bind(Native Method)
08-22 17:43:43.133 W/System.err( 2230): at libcore.io.ForwardingOs.bind(ForwardingOs.java:141)
08-22 17:43:43.133 W/System.err( 2230): at libcore.io.ForwardingOs.bind(ForwardingOs.java:141)
08-22 17:43:43.133 W/System.err( 2230): at libcore.io.IoBridge.bind(IoBridge.java:146)
08-22 17:43:43.134 W/System.err( 2230): ... 9 more
08-22 17:43:43.134 W/System.err( 2230): java.net.BindException: bind failed: EADDRINUSE (Address already in use)
08-22 17:43:43.134 W/System.err( 2230): at libcore.io.IoBridge.bind(IoBridge.java:150)
08-22 17:43:43.134 W/System.err( 2230): at java.net.PlainSocketImpl.socketBind(PlainSocketImpl.java:162)
08-22 17:43:43.134 W/System.err( 2230): at java.net.AbstractPlainSocketImpl.bind(AbstractPlainSocketImpl.java:427)
08-22 17:43:43.134 W/System.err( 2230): at java.net.ServerSocket.bind(ServerSocket.java:377)
08-22 17:43:43.134 W/System.err( 2230): at java.net.ServerSocket.(ServerSocket.java:237)
08-22 17:43:43.134 W/System.err( 2230): at com.thundercomm.remotecontrolservice.RemoteSocketService.startServer(RemoteSocketService.java:91)
08-22 17:43:43.134 W/System.err( 2230): at com.thundercomm.remotecontrolservice.RemoteSocketService.restartServer(RemoteSocketService.java:119)
08-22 17:43:43.135 W/System.err( 2230): at com.thundercomm.remotecontrolservice.RemoteSocketService.access$100(RemoteSocketService.java:11)
08-22 17:43:43.135 W/System.err( 2230): at com.thundercomm.remotecontrolservice.RemoteSocketService$3.run(RemoteSocketService.java:101)
08-22 17:43:43.135 W/System.err( 2230): at java.lang.Thread.run(Thread.java:920)
08-22 17:43:43.136 W/System.err( 2230): Caused by: android.system.ErrnoException: bind failed: EADDRINUSE (Address already in use)
08-22 17:43:43.136 W/System.err( 2230): at libcore.io.Linux.bind(Native Method)
08-22 17:43:43.137 W/System.err( 2230): at libcore.io.ForwardingOs.bind(ForwardingOs.java:141)
08-22 17:43:43.137 W/System.err( 2230): at libcore.io.ForwardingOs.bind(ForwardingOs.java:141)
08-22 17:43:43.137 W/System.err( 2230): at libcore.io.IoBridge.bind(IoBridge.java:146)
08-22 17:43:43.137 W/System.err( 2230): ... 9 more
08-22 17:43:43.137 W/System.err( 2230): java.net.BindException: bind failed: EADDRINUSE (Address already in use)
08-22 17:43:43.137 W/System.err( 2230): at libcore.io.IoBridge.bind(IoBridge.java:150)
08-22 17:43:43.137 W/System.err( 2230): at java.net.PlainSocketImpl.socketBind(PlainSocketImpl.java:162)
08-22 17:43:43.138 W/System.err( 2230): at java.net.AbstractPlainSocketImpl.bind(AbstractPlainSocketImpl.java:427)
08-22 17:43:43.138 W/System.err( 2230): at java.net.ServerSocket.bind(ServerSocket.java:377)
08-22 17:43:43.138 W/System.err( 2230): at java.net.ServerSocket.(ServerSocket.java:237)
08-22 17:43:43.138 W/System.err( 2230): at com.thundercomm.remotecontrolservice.RemoteSocketService.startServer(RemoteSocketService.java:91)
08-22 17:43:43.138 W/System.err( 2230): at com.thundercomm.remotecontrolservice.RemoteSocketService.restartServer(RemoteSocketService.java:119)
08-22 17:43:43.138 W/System.err( 2230): at com.thundercomm.remotecontrolservice.RemoteSocketService.access$100(RemoteSocketService.java:11)
08-22 17:43:43.138 W/System.err( 2230): at com.thundercomm.remotecontrolservice.RemoteSocketService$3.run(RemoteSocketService.java:101)
08-22 17:43:43.138 W/System.err( 2230): at java.lang.Thread.run(Thread.java:920)
08-22 17:43:43.138 W/System.err( 2230): Caused by: android.system.ErrnoException: bind failed: EADDRINUSE (Address already in use)
08-22 17:43:43.138 W/System.err( 2230): at libcore.io.Linux.bind(Native Method)
08-22 17:43:43.138 W/System.err( 2230): at libcore.io.ForwardingOs.bind(ForwardingOs.java:141)
08-22 17:43:43.138 W/System.err( 2230): at libcore.io.ForwardingOs.bind(ForwardingOs.java:141)
08-22 17:43:43.138 W/System.err( 2230): at libcore.io.IoBridge.bind(IoBridge.java:146)
08-22 17:43:43.138 W/System.err( 2230): ... 9 more
08-22 17:43:43.139 W/System.err( 2230): java.net.BindException: bind failed: EADDRINUSE (Address already in use)
08-22 17:43:43.139 W/System.err( 2230): at libcore.io.IoBridge.bind(IoBridge.java:150)
08-22 17:43:43.139 W/System.err( 2230): at java.net.PlainSocketImpl.socketBind(PlainSocketImpl.java:162)
08-22 17:43:43.139 W/System.err( 2230): at java.net.AbstractPlainSocketImpl.bind(AbstractPlainSocketImpl.java:427)
08-22 17:43:43.139 W/System.err( 2230): at java.net.ServerSocket.bind(ServerSocket.java:377)
08-22 17:43:43.139 W/System.err( 2230): at java.net.ServerSocket.(ServerSocket.java:237)
08-22 17:43:43.139 W/System.err( 2230): at com.thundercomm.remotecontrolservice.RemoteSocketService.startServer(RemoteSocketService.java:91)
08-22 17:43:43.139 W/System.err( 2230): at com.thundercomm.remotecontrolservice.RemoteSocketService.restartServer(RemoteSocketService.java:119)
08-22 17:43:43.139 W/System.err( 2230): at com.thundercomm.remotecontrolservice.RemoteSocketService.access$100(RemoteSocketService.java:11)
08-22 17:43:43.139 W/System.err( 2230): at com.thundercomm.remotecontrolservice.RemoteSocketService$3.run(RemoteSocketService.java:101)
08-22 17:43:43.139 W/System.err( 2230): at java.lang.Thread.run(Thread.java:920)
08-22 17:43:43.139 W/System.err( 2230): Caused by: android.system.ErrnoException: bind failed: EADDRINUSE (Address already in use)
08-22 17:43:43.140 W/System.err( 2230): at libcore.io.IoBridge.bind(IoBridge.java:146)
08-22 17:43:43.145 I/liblog ( 2230): 4
08-22 17:43:43.145 W/System.err( 2230): java.net.BindException: bind failed: EADDRINUSE (Address already in use)
08-22 17:43:43.146 W/System.err( 2230): at libcore.io.IoBridge.bind(IoBridge.java:150)
08-22 17:43:43.146 W/System.err( 2230): at java.net.PlainSocketImpl.socketBind(PlainSocketImpl.java:162)
08-22 17:43:43.146 W/System.err( 2230): at java.net.AbstractPlainSocketImpl.bind(AbstractPlainSocketImpl.java:427)
08-22 17:43:43.146 W/System.err( 2230): at java.net.ServerSocket.bind(ServerSocket.java:377)
08-22 17:43:43.146 W/System.err( 2230): at java.net.ServerSocket.(ServerSocket.java:237)
08-22 17:43:43.146 W/System.err( 2230): at com.thundercomm.remotecontrolservice.RemoteSocketService.startServer(RemoteSocketService.java:91)
08-22 17:43:43.146 W/System.err( 2230): at com.thundercomm.remotecontrolservice.RemoteSocketService.restartServer(RemoteSocketService.java:119)
08-22 17:43:43.146 W/System.err( 2230): at com.thundercomm.remotecontrolservice.RemoteSocketService.access$100(RemoteSocketService.java:11)
08-22 17:43:43.146 W/System.err( 2230): at com.thundercomm.remotecontrolservice.RemoteSocketService$3.run(RemoteSocketService.java:101)
08-22 17:43:43.146 W/System.err( 2230): at java.lang.Thread.run(Thread.java:920)
08-22 17:43:43.146 W/System.err( 2230): Caused by: android.system.ErrnoException: bind failed: EADDRINUSE (Address already in use)
08-22 17:43:43.147 I/liblog ( 2230): 4
08-22 17:43:43.149 I/liblog ( 2230): 1
08-22 17:43:43.149 W/System.err( 2230): java.net.BindException: bind failed: EADDRINUSE (Address already in use)
08-22 17:43:43.150 W/System.err( 2230): at libcore.io.IoBridge.bind(IoBridge.java:150)
08-22 17:43:43.150 W/System.err( 2230): at java.net.PlainSocketImpl.socketBind(PlainSocketImpl.java:162)
08-22 17:43:43.150 W/System.err( 2230): at java.net.AbstractPlainSocketImpl.bind(AbstractPlainSocketImpl.java:427)
08-22 17:43:43.150 W/System.err( 2230): at java.net.ServerSocket.bind(ServerSocket.java:377)
08-22 17:43:43.150 W/System.err( 2230): at java.net.ServerSocket.(ServerSocket.java:237)
08-22 17:43:43.150 I/liblog ( 2230): 7
08-22 17:43:43.153 I/liblog ( 2230): 4
08-22 17:43:43.153 W/System.err( 2230): java.net.BindException: bind failed: EADDRINUSE (Address already in use)
08-22 17:43:43.153 W/System.err( 2230): at libcore.io.IoBridge.bind(IoBridge.java:150)
08-22 17:43:43.154 W/System.err( 2230): at java.net.PlainSocketImpl.socketBind(PlainSocketImpl.java:162)
08-22 17:43:43.154 W/System.err( 2230): at java.net.AbstractPlainSocketImpl.bind(AbstractPlainSocketImpl.java:427)
08-22 17:43:43.154 W/System.err( 2230): at java.net.ServerSocket.bind(ServerSocket.java:377)
08-22 17:43:43.154 W/System.err( 2230): at java.net.ServerSocket.(ServerSocket.java:237)
08-22 17:43:43.154 W/System.err( 2230): at com.thundercomm.remotecontrolservice.RemoteSocketService.startServer(RemoteSocketService.java:91)
08-22 17:43:43.154 W/System.err( 2230): at com.thundercomm.remotecontrolservice.RemoteSocketService$3.run(RemoteSocketService.java:101)
08-22 17:43:43.155 W/System.err( 2230): Caused by: android.system.ErrnoException: bind failed: EADDRINUSE (Address already in use)
08-22 17:43:43.155 I/liblog ( 2230): 6
08-22 17:43:43.156 I/liblog ( 2230): 2
08-22 17:43:43.156 W/System.err( 2230): at com.thundercomm.remotecontrolservice.RemoteSocketService.startServer(RemoteSocketService.java:91)
08-22 17:43:43.156 W/System.err( 2230): at libcore.io.Linux.bind(Native Method)
08-22 17:43:43.165 I/liblog ( 2230): 15
08-22 17:43:43.165 W/System.err( 2230): java.net.BindException: bind failed: EADDRINUSE (Address already in use)
08-22 17:43:43.166 W/System.err( 2230): at libcore.io.IoBridge.bind(IoBridge.java:150)
01-01 01:39:35.461 I/afe_close( 0): port_id = 0x9000
08-22 17:43:43.166 W/System.err( 2230): at java.net.PlainSocketImpl.socketBind(PlainSocketImpl.java:162)
08-22 17:43:43.166 W/System.err( 2230): at java.net.AbstractPlainSocketImpl.bind(AbstractPlainSocketImpl.java:427)
08-22 17:43:43.166 W/System.err( 2230): at java.net.ServerSocket.bind(ServerSocket.java:377)
08-22 17:43:43.166 W/System.err( 2230): at java.net.ServerSocket.(ServerSocket.java:237)
08-22 17:43:43.166 W/System.err( 2230): at com.thundercomm.remotecontrolservice.RemoteSocketService.startServer(RemoteSocketService.java:91)
08-22 17:43:43.166 W/System.err( 2230): at com.thundercomm.remotecontrolservice.RemoteSocketService.restartServer(RemoteSocketService.java:119)
08-22 17:43:43.166 W/System.err( 2230): at com.thundercomm.remotecontrolservice.RemoteSocketService.access$100(RemoteSocketService.java:11)
08-22 17:43:43.166 W/System.err( 2230): at com.thundercomm.remotecontrolservice.RemoteSocketService$3.run(RemoteSocketService.java:101)
08-22 17:43:43.166 W/System.err( 2230): at java.lang.Thread.run(Thread.java:920)
08-22 17:43:43.166 W/System.err( 2230): Caused by: android.system.ErrnoException: bind failed: EADDRINUSE (Address already in use)
08-22 17:43:43.166 W/System.err( 2230): at libcore.io.Linux.bind(Native Method)
08-22 17:43:43.166 W/System.err( 2230): at libcore.io.ForwardingOs.bind(ForwardingOs.java:141)
08-22 17:43:43.166 W/System.err( 2230): at libcore.io.ForwardingOs.bind(ForwardingOs.java:141)
08-22 17:43:43.167 W/System.err( 2230): at libcore.io.IoBridge.bind(IoBridge.java:146)
08-22 17:43:43.167 I/liblog ( 2230): 2
08-22 17:43:43.167 I/liblog ( 2230): 8
08-22 17:43:43.168 W/System.err( 2230): ... 9 more
08-22 17:43:43.207 I/liblog ( 2230): 7
08-22 17:43:43.207 W/System.err( 2230): java.net.BindException: bind failed: EADDRINUSE (Address already in use)
08-22 17:43:43.207 W/System.err( 2230): at libcore.io.IoBridge.bind(IoBridge.java:150)
08-22 17:43:43.207 W/System.err( 2230): at java.net.PlainSocketImpl.socketBind(PlainSocketImpl.java:162)
08-22 17:43:43.207 W/System.err( 2230): at java.net.AbstractPlainSocketImpl.bind(AbstractPlainSocketImpl.java:427)
08-22 17:43:43.207 W/System.err( 2230): at java.net.ServerSocket.bind(ServerSocket.java:377)
08-22 17:43:43.207 W/System.err( 2230): at java.net.ServerSocket.(ServerSocket.java:237)
08-22 17:43:43.207 W/System.err( 2230): at com.thundercomm.remotecontrolservice.RemoteSocketService.startServer(RemoteSocketService.java:91)
08-22 17:43:43.207 W/System.err( 2230): at com.thundercomm.remotecontrolservice.RemoteSocketService.restartServer(RemoteSocketService.java:119)
08-22 17:43:43.207 W/System.err( 2230): at com.thundercomm.remotecontrolservice.RemoteSocketService.access$100(RemoteSocketService.java:11)
01-01 01:39:35.479 I/init ( 0): starting service 'qvrd_vndr'...
08-22 17:43:43.208 W/System.err( 2230): at com.thundercomm.remotecontrolservice.RemoteSocketService$3.run(RemoteSocketService.java:101)
08-22 17:43:43.208 W/System.err( 2230): at java.lang.Thread.run(Thread.java:920)
08-22 17:43:43.208 W/System.err( 2230): Caused by: android.system.ErrnoException: bind failed: EADDRINUSE (Address already in use)
08-22 17:43:43.208 W/System.err( 2230): at libcore.io.Linux.bind(Native Method)
08-22 17:43:43.208 W/System.err( 2230): at libcore.io.ForwardingOs.bind(ForwardingOs.java:141)
08-22 17:43:43.208 W/System.err( 2230): at libcore.io.ForwardingOs.bind(ForwardingOs.java:141)
08-22 17:43:43.208 W/System.err( 2230): at libcore.io.IoBridge.bind(IoBridge.java:146)
08-22 17:43:43.208 W/System.err( 2230): ... 9 more
08-22 17:43:43.210 W/System.err( 2230): java.net.BindException: bind failed: EADDRINUSE (Address already in use)
08-22 17:43:43.210 W/System.err( 2230): at libcore.io.IoBridge.bind(IoBridge.java:150)
08-22 17:43:43.210 W/System.err( 2230): at java.net.PlainSocketImpl.socketBind(PlainSocketImpl.java:162)
08-22 17:43:43.210 W/System.err( 2230): at java.net.AbstractPlainSocketImpl.bind(AbstractPlainSocketImpl.java:427)
08-22 17:43:43.210 W/System.err( 2230): at java.net.ServerSocket.bind(ServerSocket.java:377)
08-22 17:43:43.210 W/System.err( 2230): at java.net.ServerSocket.(ServerSocket.java:237)
08-22 17:43:43.210 W/System.err( 2230): at com.thundercomm.remotecontrolservice.RemoteSocketService.startServer(RemoteSocketService.java:91)
08-22 17:43:43.210 W/System.err( 2230): at com.thundercomm.remotecontrolservice.RemoteSocketService.restartServer(RemoteSocketService.java:119)
08-22 17:43:43.211 W/System.err( 2230): at com.thundercomm.remotecontrolservice.RemoteSocketService.access$100(RemoteSocketService.java:11)
08-22 17:43:43.211 W/System.err( 2230): at com.thundercomm.remotecontrolservice.RemoteSocketService$3.run(RemoteSocketService.java:101)
08-22 17:43:43.211 W/System.err( 2230): at java.lang.Thread.run(Thread.java:920)
08-22 17:43:43.211 W/System.err( 2230): Caused by: android.system.ErrnoException: bind failed: EADDRINUSE (Address already in use)
08-22 17:43:43.211 W/System.err( 2230): at libcore.io.Linux.bind(Native Method)
08-22 17:43:43.211 W/System.err( 2230): at libcore.io.ForwardingOs.bind(ForwardingOs.java:141)
08-22 17:43:43.211 W/System.err( 2230): at libcore.io.ForwardingOs.bind(ForwardingOs.java:141)
08-22 17:43:43.211 W/System.err( 2230): at libcore.io.IoBridge.bind(IoBridge.java:146)
08-22 17:43:43.211 W/System.err( 2230): ... 9 more
08-22 17:43:43.212 W/System.err( 2230): java.net.BindException: bind failed: EADDRINUSE (Address already in use)
01-01 01:39:35.482 I/init ( 0): Created socket '/dev/socket/qvrservice_vndr', mode 660, user 1000, group 1000
01-01 01:39:35.487 I/init ( 0): Created socket '/dev/socket/qvrservice_vndr_camera', mode 660, user 1000, group 1000
08-22 17:43:43.212 W/System.err( 2230): at libcore.io.IoBridge.bind(IoBridge.java:150)
08-22 17:43:43.212 W/System.err( 2230): at java.net.PlainSocketImpl.socketBind(PlainSocketImpl.java:162)
08-22 17:43:43.212 W/System.err( 2230): at java.net.AbstractPlainSocketImpl.bind(AbstractPlainSocketImpl.java:427)
08-22 17:43:43.213 W/System.err( 2230): at java.net.ServerSocket.bind(ServerSocket.java:377)
08-22 17:43:43.213 W/System.err( 2230): at java.net.ServerSocket.(ServerSocket.java:237)
08-22 17:43:43.213 W/System.err( 2230): at com.thundercomm.remotecontrolservice.RemoteSocketService.startServer(RemoteSocketService.java:91)
08-22 17:43:43.213 W/System.err( 2230): at com.thundercomm.remotecontrolservice.RemoteSocketService.restartServer(RemoteSocketService.java:119)
08-22 17:43:43.214 W/System.err( 2230): at com.thundercomm.remotecontrolservice.RemoteSocketService.access$100(RemoteSocketService.java:11)
08-22 17:43:43.214 W/System.err( 2230): at com.thundercomm.remotecontrolservice.RemoteSocketService$3.run(RemoteSocketService.java:101)
08-22 17:43:43.214 W/System.err( 2230): at java.lang.Thread.run(Thread.java:920)
08-22 17:43:43.214 W/System.err( 2230): Caused by: android.system.ErrnoException: bind failed: EADDRINUSE (Address already in use)
08-22 17:43:43.214 W/System.err( 2230): at libcore.io.Linux.bind(Native Method)
08-22 17:43:43.214 W/System.err( 2230): at libcore.io.ForwardingOs.bind(ForwardingOs.java:141)
08-22 17:43:43.215 W/System.err( 2230): at libcore.io.ForwardingOs.bind(ForwardingOs.java:141)
08-22 17:43:43.215 W/System.err( 2230): at libcore.io.IoBridge.bind(IoBridge.java:146)
08-22 17:43:43.215 W/System.err( 2230): ... 9 more
08-22 17:43:43.217 W/System.err( 2230): java.net.BindException: bind failed: EADDRINUSE (Address already in use)
08-22 17:43:43.218 W/System.err( 2230): at libcore.io.IoBridge.bind(IoBridge.java:150)
08-22 17:43:43.218 W/System.err( 2230): at java.net.PlainSocketImpl.socketBind(PlainSocketImpl.java:162)
08-22 17:43:43.218 W/System.err( 2230): at java.net.AbstractPlainSocketImpl.bind(AbstractPlainSocketImpl.java:427)
08-22 17:43:43.218 W/System.err( 2230): at java.net.ServerSocket.bind(ServerSocket.java:377)
08-22 17:43:43.218 W/System.err( 2230): at java.net.ServerSocket.(ServerSocket.java:237)
08-22 17:43:43.218 W/System.err( 2230): at com.thundercomm.remotecontrolservice.RemoteSocketService.startServer(RemoteSocketService.java:91)
08-22 17:43:43.219 W/System.err( 2230): at com.thundercomm.remotecontrolservice.RemoteSocketService.restartServer(RemoteSocketService.java:119)
08-22 17:43:43.219 W/System.err( 2230): at com.thundercomm.remotecontrolservice.RemoteSocketService.access$100(RemoteSocketService.java:11)
08-22 17:43:43.219 W/System.err( 2230): at com.thundercomm.remotecontrolservice.RemoteSocketService$3.run(RemoteSocketService.java:101)
08-22 17:43:43.219 W/System.err( 2230): at java.lang.Thread.run(Thread.java:920)
08-22 17:43:43.220 W/System.err( 2230): Caused by: android.system.ErrnoException: bind failed: EADDRINUSE (Address already in use)
08-22 17:43:43.220 W/System.err( 2230): at libcore.io.Linux.bind(Native Method)
08-22 17:43:43.220 W/System.err( 2230): at libcore.io.ForwardingOs.bind(ForwardingOs.java:141)
08-22 17:43:43.220 W/System.err( 2230): at libcore.io.ForwardingOs.bind(ForwardingOs.java:141)
08-22 17:43:43.220 W/System.err( 2230): at libcore.io.IoBridge.bind(IoBridge.java:146)
08-22 17:43:43.221 W/System.err( 2230): ... 9 more
08-22 17:43:43.222 W/System.err( 2230): java.net.BindException: bind failed: EADDRINUSE (Address already in use)
08-22 17:43:43.222 W/System.err( 2230): at libcore.io.IoBridge.bind(IoBridge.java:150)
08-22 17:43:43.222 W/System.err( 2230): at java.net.PlainSocketImpl.socketBind(PlainSocketImpl.java:162)
08-22 17:43:43.222 W/System.err( 2230): at java.net.AbstractPlainSocketImpl.bind(AbstractPlainSocketImpl.java:427)
08-22 17:43:43.222 W/System.err( 2230): at java.net.ServerSocket.bind(ServerSocket.java:377)
08-22 17:43:43.223 W/System.err( 2230): at java.net.ServerSocket.(ServerSocket.java:237)
08-22 17:43:43.223 W/System.err( 2230): at com.thundercomm.remotecontrolservice.RemoteSocketService.startServer(RemoteSocketService.java:91)
08-22 17:43:43.223 W/System.err( 2230): at com.thundercomm.remotecontrolservice.RemoteSocketService.restartServer(RemoteSocketService.java:119)
08-22 17:43:43.223 W/System.err( 2230): at com.thundercomm.remotecontrolservice.RemoteSocketService.access$100(RemoteSocketService.java:11)
08-22 17:43:43.223 W/System.err( 2230): at com.thundercomm.remotecontrolservice.RemoteSocketService$3.run(RemoteSocketService.java:101)
08-22 17:43:43.223 W/System.err( 2230): at java.lang.Thread.run(Thread.java:920)
08-22 17:43:43.224 W/System.err( 2230): Caused by: android.system.ErrnoException: bind failed: EADDRINUSE (Address already in use)
08-22 17:43:43.224 W/System.err( 2230): at libcore.io.Linux.bind(Native Method)
01-01 01:39:35.518 I/init ( 0): starting service 'sxrd'...
08-22 17:43:43.224 W/System.err( 2230): at libcore.io.ForwardingOs.bind(ForwardingOs.java:141)
08-22 17:43:43.224 W/System.err( 2230): at libcore.io.ForwardingOs.bind(ForwardingOs.java:141)
08-22 17:43:43.224 W/System.err( 2230): at libcore.io.IoBridge.bind(IoBridge.java:146)
08-22 17:43:43.224 W/System.err( 2230): ... 9 more
08-22 17:43:43.225 W/System.err( 2230): java.net.BindException: bind failed: EADDRINUSE (Address already in use)
08-22 17:43:43.225 W/System.err( 2230): at libcore.io.IoBridge.bind(IoBridge.java:150)
08-22 17:43:43.225 W/System.err( 2230): at java.net.PlainSocketImpl.socketBind(PlainSocketImpl.java:162)
08-22 17:43:43.225 W/System.err( 2230): at java.net.AbstractPlainSocketImpl.bind(AbstractPlainSocketImpl.java:427)
08-22 17:43:43.225 W/System.err( 2230): at java.net.ServerSocket.bind(ServerSocket.java:377)
08-22 17:43:43.226 W/System.err( 2230): at java.net.ServerSocket.(ServerSocket.java:237)
08-22 17:43:43.226 W/System.err( 2230): at com.thundercomm.remotecontrolservice.RemoteSocketService.startServer(RemoteSocketService.java:91)
08-22 17:43:43.226 W/System.err( 2230): at com.thundercomm.remotecontrolservice.RemoteSocketService.restartServer(RemoteSocketService.java:119)
08-22 17:43:43.226 W/System.err( 2230): at com.thundercomm.remotecontrolservice.RemoteSocketService.access$100(RemoteSocketService.java:11)
08-22 17:43:43.226 W/System.err( 2230): at com.thundercomm.remotecontrolservice.RemoteSocketService$3.run(RemoteSocketService.java:101)
08-22 17:43:43.226 W/System.err( 2230): at java.lang.Thread.run(Thread.java:920)
08-22 17:43:43.226 W/System.err( 2230): Caused by: android.system.ErrnoException: bind failed: EADDRINUSE (Address already in use)
08-22 17:43:43.226 W/System.err( 2230): at libcore.io.Linux.bind(Native Method)
08-22 17:43:43.226 W/System.err( 2230): at libcore.io.ForwardingOs.bind(ForwardingOs.java:141)
08-22 17:43:43.226 W/System.err( 2230): at libcore.io.ForwardingOs.bind(ForwardingOs.java:141)
08-22 17:43:43.226 W/System.err( 2230): at libcore.io.IoBridge.bind(IoBridge.java:146)
08-22 17:43:43.226 W/System.err( 2230): ... 9 more
08-22 17:43:43.227 W/System.err( 2230): java.net.BindException: bind failed: EADDRINUSE (Address already in use)
08-22 17:43:43.227 W/System.err( 2230): at libcore.io.IoBridge.bind(IoBridge.java:150)
08-22 17:43:43.228 W/System.err( 2230): at java.net.PlainSocketImpl.socketBind(PlainSocketImpl.java:162)
08-22 17:43:43.228 W/System.err( 2230): at java.net.AbstractPlainSocketImpl.bind(AbstractPlainSocketImpl.java:427)
08-22 17:43:43.228 W/System.err( 2230): at java.net.ServerSocket.bind(ServerSocket.java:377)
08-22 17:43:43.228 W/System.err( 2230): at java.net.ServerSocket.(ServerSocket.java:237)
08-22 17:43:43.228 W/System.err( 2230): at com.thundercomm.remotecontrolservice.RemoteSocketService.startServer(RemoteSocketService.java:91)
08-22 17:43:43.228 W/System.err( 2230): at com.thundercomm.remotecontrolservice.RemoteSocketService.restartServer(RemoteSocketService.java:119)
08-22 17:43:43.229 W/System.err( 2230): at com.thundercomm.remotecontrolservice.RemoteSocketService.access$100(RemoteSocketService.java:11)
08-22 17:43:43.229 W/System.err( 2230): at com.thundercomm.remotecontrolservice.RemoteSocketService$3.run(RemoteSocketService.java:101)
08-22 17:43:43.229 W/System.err( 2230): at java.lang.Thread.run(Thread.java:920)
08-22 17:43:43.229 W/System.err( 2230): Caused by: android.system.ErrnoException: bind failed: EADDRINUSE (Address already in use)
08-22 17:43:43.229 W/System.err( 2230): at libcore.io.Linux.bind(Native Method)
08-22 17:43:43.229 W/System.err( 2230): at libcore.io.ForwardingOs.bind(ForwardingOs.java:141)
08-22 17:43:43.230 W/System.err( 2230): at libcore.io.ForwardingOs.bind(ForwardingOs.java:141)
08-22 17:43:43.230 W/System.err( 2230): at libcore.io.IoBridge.bind(IoBridge.java:146)
08-22 17:43:43.230 W/System.err( 2230): ... 9 more
08-22 17:43:43.230 W/System.err( 2230): java.net.BindException: bind failed: EADDRINUSE (Address already in use)
08-22 17:43:43.231 W/System.err( 2230): at libcore.io.IoBridge.bind(IoBridge.java:150)
08-22 17:43:43.231 W/System.err( 2230): at java.net.PlainSocketImpl.socketBind(PlainSocketImpl.java:162)
08-22 17:43:43.231 W/System.err( 2230): at java.net.AbstractPlainSocketImpl.bind(AbstractPlainSocketImpl.java:427)
08-22 17:43:43.231 W/System.err( 2230): at java.net.ServerSocket.bind(ServerSocket.java:377)
08-22 17:43:43.231 W/System.err( 2230): at java.net.ServerSocket.(ServerSocket.java:237)
08-22 17:43:43.231 W/System.err( 2230): at com.thundercomm.remotecontrolservice.RemoteSocketService.startServer(RemoteSocketService.java:91)
08-22 17:43:43.231 W/System.err( 2230): at com.thundercomm.remotecontrolservice.RemoteSocketService.restartServer(RemoteSocketService.java:119)
08-22 17:43:43.232 W/System.err( 2230): at com.thundercomm.remotecontrolservice.RemoteSocketService.access$100(RemoteSocketService.java:11)
08-22 17:43:43.232 W/System.err( 2230): at com.thundercomm.remotecontrolservice.RemoteSocketService$3.run(RemoteSocketService.java:101)
08-22 17:43:43.232 W/System.err( 2230): at java.lang.Thread.run(Thread.java:920)
08-22 17:43:43.232 W/System.err( 2230): Caused by: android.system.ErrnoException: bind failed: EADDRINUSE (Address already in use)
08-22 17:43:43.232 W/System.err( 2230): at libcore.io.Linux.bind(Native Method)
08-22 17:43:43.232 W/System.err( 2230): at libcore.io.ForwardingOs.bind(ForwardingOs.java:141)
08-22 17:43:43.233 W/System.err( 2230): at libcore.io.ForwardingOs.bind(ForwardingOs.java:141)
08-22 17:43:43.233 W/System.err( 2230): at libcore.io.IoBridge.bind(IoBridge.java:146)
08-22 17:43:43.233 W/System.err( 2230): ... 9 more
08-22 17:43:43.235 W/System.err( 2230): java.net.BindException: bind failed: EADDRINUSE (Address already in use)
08-22 17:43:43.235 W/System.err( 2230): at libcore.io.IoBridge.bind(IoBridge.java:150)
01-01 01:39:35.544 I/init ( 0): Service 'qvrd_vndr' (pid 5782) exited with status 1
08-22 17:43:43.235 W/System.err( 2230): at java.net.PlainSocketImpl.socketBind(PlainSocketImpl.java:162)
08-22 17:43:43.235 W/System.err( 2230): at java.net.AbstractPlainSocketImpl.bind(AbstractPlainSocketImpl.java:427)
08-22 17:43:43.235 W/System.err( 2230): at java.net.ServerSocket.bind(ServerSocket.java:377)
08-22 17:43:43.235 W/System.err( 2230): at java.net.ServerSocket.(ServerSocket.java:237)
08-22 17:43:43.235 W/System.err( 2230): at com.thundercomm.remotecontrolservice.RemoteSocketService.startServer(RemoteSocketService.java:91)
08-22 17:43:43.235 W/System.err( 2230): at com.thundercomm.remotecontrolservice.RemoteSocketService.restartServer(RemoteSocketService.java:119)
08-22 17:43:43.236 W/System.err( 2230): at com.thundercomm.remotecontrolservice.RemoteSocketService.access$100(RemoteSocketService.java:11)
08-22 17:43:43.236 W/System.err( 2230): at com.thundercomm.remotecontrolservice.RemoteSocketService$3.run(RemoteSocketService.java:101)
08-22 17:43:43.236 W/System.err( 2230): at java.lang.Thread.run(Thread.java:920)
01-01 01:39:35.544 I/init ( 0): Sending signal 9 to service 'qvrd_vndr' (pid 5782) process group...
08-22 17:43:43.236 W/System.err( 2230): Caused by: android.system.ErrnoException: bind failed: EADDRINUSE (Address already in use)
08-22 17:43:43.236 W/System.err( 2230): at libcore.io.Linux.bind(Native Method)
08-22 17:43:43.240 I/liblog ( 2230): 4
08-22 17:43:43.240 W/System.err( 2230): java.net.BindException: bind failed: EADDRINUSE (Address already in use)
08-22 17:43:43.240 W/System.err( 2230): at libcore.io.IoBridge.bind(IoBridge.java:150)
08-22 17:43:43.240 W/System.err( 2230): at java.net.PlainSocketImpl.socketBind(PlainSocketImpl.java:162)
01-01 01:39:35.545 I/libprocessgroup( 0): Successfully killed process cgroup uid 1000 pid 5782 in 0ms
08-22 17:43:43.240 W/System.err( 2230): at java.net.AbstractPlainSocketImpl.bind(AbstractPlainSocketImpl.java:427)
01-01 01:39:35.551 I/init ( 0): Service 'sxrd' (pid 5786) exited with status 1
08-22 17:43:43.241 W/System.err( 2230): at java.net.ServerSocket.bind(ServerSocket.java:377)
08-22 17:43:43.241 W/System.err( 2230): at java.net.ServerSocket.(ServerSocket.java:237)
01-01 01:39:35.551 I/init ( 0): Sending signal 9 to service 'sxrd' (pid 5786) process group...
08-22 17:43:43.241 W/System.err( 2230): at com.thundercomm.remotecontrolservice.RemoteSocketService.startServer(RemoteSocketService.java:91)
01-01 01:39:35.552 I/libprocessgroup( 0): Successfully killed process cgroup uid 1000 pid 5786 in 0ms
08-22 17:43:43.241 W/System.err( 2230): at com.thundercomm.remotecontrolservice.RemoteSocketService.restartServer(RemoteSocketService.java:119)
08-22 17:43:43.241 W/System.err( 2230): at com.thundercomm.remotecontrolservice.RemoteSocketService.access$100(RemoteSocketService.java:11)
08-22 17:43:43.241 W/System.err( 2230): at com.thundercomm.remotecontrolservice.RemoteSocketService$3.run(RemoteSocketService.java:101)
08-22 17:43:43.241 I/liblog ( 2230): 2
08-22 17:43:43.243 I/liblog ( 2230): 5
08-22 17:43:43.243 W/System.err( 2230): java.net.BindException: bind failed: EADDRINUSE (Address already in use)
08-22 17:43:43.243 W/System.err( 2230): at libcore.io.IoBridge.bind(IoBridge.java:150)
08-22 17:43:43.243 W/System.err( 2230): at java.net.PlainSocketImpl.socketBind(PlainSocketImpl.java:162)
08-22 17:43:43.243 W/System.err( 2230): at java.net.AbstractPlainSocketImpl.bind(AbstractPlainSocketImpl.java:427)
08-22 17:43:43.244 I/liblog ( 2230): 7
08-22 17:43:43.245 I/liblog ( 2230): 1
08-22 17:43:43.245 I/liblog ( 2230): 2
08-22 17:43:43.277 I/input_interaction( 1155): Interaction with: b673988 StatusBar (server), edge-swipe (server), swipe-up (server), PointerEventDispatcher0 (server),
08-22 17:43:43.277 I/liblog ( 2230): 3
08-22 17:43:43.277 W/System.err( 2230): java.net.BindException: bind failed: EADDRINUSE (Address already in use)
08-22 17:43:43.278 W/System.err( 2230): at libcore.io.IoBridge.bind(IoBridge.java:150)
08-22 17:43:43.278 W/System.err( 2230): at java.net.PlainSocketImpl.socketBind(PlainSocketImpl.java:162)
08-22 17:43:43.278 W/System.err( 2230): at java.net.AbstractPlainSocketImpl.bind(AbstractPlainSocketImpl.java:427)
08-22 17:43:43.278 W/System.err( 2230): at java.net.ServerSocket.bind(ServerSocket.java:377)
08-22 17:43:43.278 W/System.err( 2230): at java.net.ServerSocket.(ServerSocket.java:237)
08-22 17:43:43.278 W/System.err( 2230): at com.thundercomm.remotecontrolservice.RemoteSocketService.startServer(RemoteSocketService.java:91)
08-22 17:43:43.278 W/System.err( 2230): at com.thundercomm.remotecontrolservice.RemoteSocketService.restartServer(RemoteSocketService.java:119)
08-22 17:43:43.278 W/System.err( 2230): at com.thundercomm.remotecontrolservice.RemoteSocketService.access$100(RemoteSocketService.java:11)
08-22 17:43:43.279 D/audio_hw_primary( 819): out_set_parameters: enter: usecase(1: low-latency-playback) kvpairs: suspend_playback=false
08-22 17:43:43.279 D/audio_hw_extn( 819): audio_extn_fm_set_parameters: Enter
08-22 17:43:43.280 W/System.err( 2230): at com.thundercomm.remotecontrolservice.RemoteSocketService$3.run(RemoteSocketService.java:101)
08-22 17:43:43.280 W/System.err( 2230): at java.lang.Thread.run(Thread.java:920)
08-22 17:43:43.280 D/audio_hw_primary( 819): out_standby: enter: stream (0xeb1c0010) usecase(1: low-latency-playback)
08-22 17:43:43.280 W/System.err( 2230): Caused by: android.system.ErrnoException: bind failed: EADDRINUSE (Address already in use)
08-22 17:43:43.285 W/System.err( 2230): at libcore.io.Linux.bind(Native Method)
08-22 17:43:43.285 W/System.err( 2230): at libcore.io.ForwardingOs.bind(ForwardingOs.java:141)
08-22 17:43:43.285 W/System.err( 2230): at libcore.io.ForwardingOs.bind(ForwardingOs.java:141)
08-22 17:43:43.285 W/System.err( 2230): at libcore.io.IoBridge.bind(IoBridge.java:146)
08-22 17:43:43.285 W/System.err( 2230): ... 9 more
08-22 17:43:43.299 I/sysui_multi_action( 1912): [757,803,799,panel_open,802,1]
08-22 17:43:43.301 I/sysui_multi_action( 1912): [757,1328,758,4,1326,52,1327,1,1329,0]
08-22 17:43:43.302 W/System.err( 2230): java.net.BindException: bind failed: EADDRINUSE (Address already in use)
08-22 17:43:43.303 W/System.err( 2230): at libcore.io.IoBridge.bind(IoBridge.java:150)
08-22 17:43:43.303 W/System.err( 2230): at java.net.PlainSocketImpl.socketBind(PlainSocketImpl.java:162)
08-22 17:43:43.303 W/System.err( 2230): at java.net.AbstractPlainSocketImpl.bind(AbstractPlainSocketImpl.java:427)
08-22 17:43:43.303 W/System.err( 2230): at java.net.ServerSocket.bind(ServerSocket.java:377)
08-22 17:43:43.303 W/System.err( 2230): at java.net.ServerSocket.(ServerSocket.java:237)
08-22 17:43:43.303 W/System.err( 2230): at com.thundercomm.remotecontrolservice.RemoteSocketService.startServer(RemoteSocketService.java:91)
08-22 17:43:43.304 W/System.err( 2230): at com.thundercomm.remotecontrolservice.RemoteSocketService.restartServer(RemoteSocketService.java:119)
08-22 17:43:43.304 W/System.err( 2230): at com.thundercomm.remotecontrolservice.RemoteSocketService.access$100(RemoteSocketService.java:11)
08-22 17:43:43.304 W/System.err( 2230): at com.thundercomm.remotecontrolservice.RemoteSocketService$3.run(RemoteSocketService.java:101)
08-22 17:43:43.304 W/System.err( 2230): at java.lang.Thread.run(Thread.java:920)
08-22 17:43:43.304 W/System.err( 2230): Caused by: android.system.ErrnoException: bind failed: EADDRINUSE (Address already in use)
08-22 17:43:43.304 W/System.err( 2230): at libcore.io.Linux.bind(Native Method)
08-22 17:43:43.305 W/System.err( 2230): at libcore.io.ForwardingOs.bind(ForwardingOs.java:141)
08-22 17:43:43.305 W/System.err( 2230): at libcore.io.ForwardingOs.bind(ForwardingOs.java:141)
08-22 17:43:43.305 W/System.err( 2230): at libcore.io.IoBridge.bind(IoBridge.java:146)
08-22 17:43:43.305 W/System.err( 2230): ... 9 more
08-22 17:43:43.307 W/System.err( 2230): java.net.BindException: bind failed: EADDRINUSE (Address already in use)
08-22 17:43:43.307 W/System.err( 2230): at libcore.io.IoBridge.bind(IoBridge.java:150)
08-22 17:43:43.307 W/System.err( 2230): at java.net.PlainSocketImpl.socketBind(PlainSocketImpl.java:162)
08-22 17:43:43.307 W/System.err( 2230): at java.net.AbstractPlainSocketImpl.bind(AbstractPlainSocketImpl.java:427)
08-22 17:43:43.307 W/System.err( 2230): at java.net.ServerSocket.bind(ServerSocket.java:377)
08-22 17:43:43.307 W/System.err( 2230): at java.net.ServerSocket.(ServerSocket.java:237)
08-22 17:43:43.307 D/audio_hw_primary( 819): disable_audio_route: reset and update mixer path: low-latency-playback
08-22 17:43:43.307 W/System.err( 2230): at com.thundercomm.remotecontrolservice.RemoteSocketService.startServer(RemoteSocketService.java:91)
08-22 17:43:43.307 W/System.err( 2230): at com.thundercomm.remotecontrolservice.RemoteSocketService.restartServer(RemoteSocketService.java:119)
08-22 17:43:43.308 W/System.err( 2230): at com.thundercomm.remotecontrolservice.RemoteSocketService.access$100(RemoteSocketService.java:11)
08-22 17:43:43.308 W/System.err( 2230): at com.thundercomm.remotecontrolservice.RemoteSocketService$3.run(RemoteSocketService.java:101)
08-22 17:43:43.308 W/System.err( 2230): at java.lang.Thread.run(Thread.java:920)
08-22 17:43:43.308 W/System.err( 2230): Caused by: android.system.ErrnoException: bind failed: EADDRINUSE (Address already in use)
08-22 17:43:43.308 W/System.err( 2230): at libcore.io.Linux.bind(Native Method)
08-22 17:43:43.308 W/System.err( 2230): at libcore.io.ForwardingOs.bind(ForwardingOs.java:141)
08-22 17:43:43.308 W/System.err( 2230): at libcore.io.ForwardingOs.bind(ForwardingOs.java:141)
08-22 17:43:43.308 W/System.err( 2230): at libcore.io.IoBridge.bind(IoBridge.java:146)
08-22 17:43:43.308 W/System.err( 2230): ... 9 more
08-22 17:43:43.309 E/soundtrigger( 819): audio_extn_sound_trigger_update_stream_status: invalid input device 0x0, for event 2
08-22 17:43:43.309 D/soundtrigger( 819): audio_extn_sound_trigger_update_stream_status: uc_info->id 1 of type 0 for Event 2, with Raise=0
08-22 17:43:43.309 D/msm8974_platform( 819): platform_split_snd_device: snd_device(2) num devices(0) new_snd_devices(0)
08-22 17:43:43.309 I/msm8974_platform( 819): platform_get_custom_mtmx_params: no matching param with id 0 ip_ch 2 op_ch 2 uc_id 1 snd_dev 2
08-22 17:43:43.309 D/hardware_info( 819): hw_info_append_hw_type : device_name = speaker
08-22 17:43:43.309 D/audio_hw_primary( 819): disable_snd_device: snd_device(2: speaker)
08-22 17:43:43.309 D/msm8974_platform( 819): platform_split_snd_device: snd_device(2) num devices(0) new_snd_devices(0)
08-22 17:43:43.309 I/soundtrigger( 819): audio_extn_sound_trigger_update_device_status: device 0x2 of type 0 for Event 0, with Raise=0
08-22 17:43:43.309 D/audio_hw_primary( 819): out_standby: exit
08-22 17:43:43.325 W/System.err( 2230): java.net.BindException: bind failed: EADDRINUSE (Address already in use)
01-01 01:39:35.593 I/[schedu][0xcd1166df][17:43:43.429524] wlan( 0): [2405:I:OSIF] vdev 0, scan id 40963 type COMPLETED(1) reason COMPLETED(1) scan found 75 bss
08-22 17:43:43.325 W/System.err( 2230): at libcore.io.IoBridge.bind(IoBridge.java:150)
08-22 17:43:43.325 W/System.err( 2230): at java.net.PlainSocketImpl.socketBind(PlainSocketImpl.java:162)
08-22 17:43:43.325 W/System.err( 2230): at java.net.AbstractPlainSocketImpl.bind(AbstractPlainSocketImpl.java:427)
08-22 17:43:43.325 W/System.err( 2230): at java.net.ServerSocket.bind(ServerSocket.java:377)
08-22 17:43:43.326 W/System.err( 2230): at java.net.ServerSocket.(ServerSocket.java:237)
08-22 17:43:43.326 W/System.err( 2230): at com.thundercomm.remotecontrolservice.RemoteSocketService.startServer(RemoteSocketService.java:91)
08-22 17:43:43.326 W/System.err( 2230): at com.thundercomm.remotecontrolservice.RemoteSocketService.restartServer(RemoteSocketService.java:119)
08-22 17:43:43.326 W/System.err( 2230): at com.thundercomm.remotecontrolservice.RemoteSocketService.access$100(RemoteSocketService.java:11)
