08-22 17:42:52.746 W/System.err( 2230): at java.net.ServerSocket.(ServerSocket.java:237)
08-22 17:42:52.746 W/System.err( 2230): at com.thundercomm.remotecontrolservice.RemoteSocketService.startServer(RemoteSocketService.java:91)
08-22 17:42:52.747 W/System.err( 2230): at com.thundercomm.remotecontrolservice.RemoteSocketService.restartServer(RemoteSocketService.java:119)
08-22 17:42:52.747 W/System.err( 2230): at com.thundercomm.remotecontrolservice.RemoteSocketService.access$100(RemoteSocketService.java:11)
08-22 17:42:52.747 W/System.err( 2230): at com.thundercomm.remotecontrolservice.RemoteSocketService$3.run(RemoteSocketService.java:101)
08-22 17:42:52.747 W/System.err( 2230): at java.lang.Thread.run(Thread.java:920)
08-22 17:42:52.747 W/System.err( 2230): Caused by: android.system.ErrnoException: bind failed: EADDRINUSE (Address already in use)
08-22 17:42:52.747 W/System.err( 2230): at libcore.io.Linux.bind(Native Method)
08-22 17:42:52.747 W/System.err( 2230): at libcore.io.ForwardingOs.bind(ForwardingOs.java:141)
08-22 17:42:52.747 W/System.err( 2230): at libcore.io.ForwardingOs.bind(ForwardingOs.java:141)
08-22 17:42:52.748 W/System.err( 2230): at libcore.io.IoBridge.bind(IoBridge.java:146)
08-22 17:42:52.748 W/System.err( 2230): ... 9 more
08-22 17:42:52.748 W/System.err( 2230): java.net.BindException: bind failed: EADDRINUSE (Address already in use)
08-22 17:42:52.748 W/System.err( 2230): at libcore.io.IoBridge.bind(IoBridge.java:150)
08-22 17:42:52.748 W/System.err( 2230): at java.net.PlainSocketImpl.socketBind(PlainSocketImpl.java:162)
08-22 17:42:52.749 W/System.err( 2230): at java.net.AbstractPlainSocketImpl.bind(AbstractPlainSocketImpl.java:427)
08-22 17:42:52.749 W/System.err( 2230): at java.net.ServerSocket.bind(ServerSocket.java:377)
08-22 17:42:52.749 W/System.err( 2230): at java.net.ServerSocket.(ServerSocket.java:237)
08-22 17:42:52.749 W/System.err( 2230): at com.thundercomm.remotecontrolservice.RemoteSocketService.startServer(RemoteSocketService.java:91)
08-22 17:42:52.749 W/System.err( 2230): at com.thundercomm.remotecontrolservice.RemoteSocketService.restartServer(RemoteSocketService.java:119)
08-22 17:42:52.749 W/System.err( 2230): at com.thundercomm.remotecontrolservice.RemoteSocketService.access$100(RemoteSocketService.java:11)
08-22 17:42:52.749 W/System.err( 2230): at com.thundercomm.remotecontrolservice.RemoteSocketService$3.run(RemoteSocketService.java:101)
08-22 17:42:52.749 W/System.err( 2230): at java.lang.Thread.run(Thread.java:920)
08-22 17:42:52.749 W/System.err( 2230): Caused by: android.system.ErrnoException: bind failed: EADDRINUSE (Address already in use)
08-22 17:42:52.749 W/System.err( 2230): at libcore.io.Linux.bind(Native Method)
08-22 17:42:52.749 W/System.err( 2230): at libcore.io.ForwardingOs.bind(ForwardingOs.java:141)
08-22 17:42:52.749 W/System.err( 2230): at libcore.io.ForwardingOs.bind(ForwardingOs.java:141)
08-22 17:42:52.750 W/System.err( 2230): at libcore.io.IoBridge.bind(IoBridge.java:146)
08-22 17:42:52.750 W/System.err( 2230): ... 9 more
08-22 17:42:52.750 W/System.err( 2230): java.net.BindException: bind failed: EADDRINUSE (Address already in use)
08-22 17:42:52.750 W/System.err( 2230): at libcore.io.IoBridge.bind(IoBridge.java:150)
08-22 17:42:52.750 W/System.err( 2230): at java.net.PlainSocketImpl.socketBind(PlainSocketImpl.java:162)
08-22 17:42:52.751 W/System.err( 2230): at java.net.AbstractPlainSocketImpl.bind(AbstractPlainSocketImpl.java:427)
08-22 17:42:52.751 W/System.err( 2230): at java.net.ServerSocket.bind(ServerSocket.java:377)
08-22 17:42:52.751 W/System.err( 2230): at java.net.ServerSocket.(ServerSocket.java:237)
08-22 17:42:52.751 W/System.err( 2230): at com.thundercomm.remotecontrolservice.RemoteSocketService.startServer(RemoteSocketService.java:91)
08-22 17:42:52.751 W/System.err( 2230): at com.thundercomm.remotecontrolservice.RemoteSocketService.restartServer(RemoteSocketService.java:119)
08-22 17:42:52.751 W/System.err( 2230): at com.thundercomm.remotecontrolservice.RemoteSocketService.access$100(RemoteSocketService.java:11)
08-22 17:42:52.758 W/System.err( 2230): at com.thundercomm.remotecontrolservice.RemoteSocketService$3.run(RemoteSocketService.java:101)
08-22 17:42:52.758 W/System.err( 2230): at java.lang.Thread.run(Thread.java:920)
08-22 17:42:52.758 W/System.err( 2230): Caused by: android.system.ErrnoException: bind failed: EADDRINUSE (Address already in use)
08-22 17:42:52.758 W/System.err( 2230): at libcore.io.Linux.bind(Native Method)
08-22 17:42:52.758 W/System.err( 2230): at libcore.io.ForwardingOs.bind(ForwardingOs.java:141)
08-22 17:42:52.758 W/System.err( 2230): at libcore.io.ForwardingOs.bind(ForwardingOs.java:141)
08-22 17:42:52.758 W/System.err( 2230): at libcore.io.IoBridge.bind(IoBridge.java:146)
08-22 17:42:52.758 W/System.err( 2230): ... 9 more
08-22 17:42:52.763 W/System.err( 2230): java.net.BindException: bind failed: EADDRINUSE (Address already in use)
08-22 17:42:52.763 W/System.err( 2230): at libcore.io.IoBridge.bind(IoBridge.java:150)
08-22 17:42:52.763 W/System.err( 2230): at java.net.PlainSocketImpl.socketBind(PlainSocketImpl.java:162)
08-22 17:42:52.763 W/System.err( 2230): at java.net.AbstractPlainSocketImpl.bind(AbstractPlainSocketImpl.java:427)
08-22 17:42:52.764 W/System.err( 2230): at java.net.ServerSocket.bind(ServerSocket.java:377)
08-22 17:42:52.764 W/System.err( 2230): at java.net.ServerSocket.(ServerSocket.java:237)
08-22 17:42:52.764 W/System.err( 2230): at com.thundercomm.remotecontrolservice.RemoteSocketService.startServer(RemoteSocketService.java:91)
08-22 17:42:52.764 W/System.err( 2230): at com.thundercomm.remotecontrolservice.RemoteSocketService.restartServer(RemoteSocketService.java:119)
08-22 17:42:52.764 W/System.err( 2230): at com.thundercomm.remotecontrolservice.RemoteSocketService.access$100(RemoteSocketService.java:11)
08-22 17:42:52.764 W/System.err( 2230): at com.thundercomm.remotecontrolservice.RemoteSocketService$3.run(RemoteSocketService.java:101)
08-22 17:42:52.764 W/System.err( 2230): at java.lang.Thread.run(Thread.java:920)
08-22 17:42:52.764 W/System.err( 2230): Caused by: android.system.ErrnoException: bind failed: EADDRINUSE (Address already in use)
08-22 17:42:52.764 W/System.err( 2230): at libcore.io.Linux.bind(Native Method)
08-22 17:42:52.765 W/System.err( 2230): at libcore.io.ForwardingOs.bind(ForwardingOs.java:141)
08-22 17:42:52.765 W/System.err( 2230): at libcore.io.ForwardingOs.bind(ForwardingOs.java:141)
08-22 17:42:52.765 W/System.err( 2230): at libcore.io.IoBridge.bind(IoBridge.java:146)
08-22 17:42:52.765 W/System.err( 2230): ... 9 more
08-22 17:42:52.768 W/System.err( 2230): java.net.BindException: bind failed: EADDRINUSE (Address already in use)
08-22 17:42:52.769 W/System.err( 2230): at libcore.io.IoBridge.bind(IoBridge.java:150)
08-22 17:42:52.769 W/System.err( 2230): at java.net.PlainSocketImpl.socketBind(PlainSocketImpl.java:162)
08-22 17:42:52.771 W/System.err( 2230): at java.net.AbstractPlainSocketImpl.bind(AbstractPlainSocketImpl.java:427)
08-22 17:42:52.771 W/System.err( 2230): at java.net.ServerSocket.bind(ServerSocket.java:377)
08-22 17:42:52.771 W/System.err( 2230): at java.net.ServerSocket.(ServerSocket.java:237)
08-22 17:42:52.771 W/System.err( 2230): at com.thundercomm.remotecontrolservice.RemoteSocketService.startServer(RemoteSocketService.java:91)
08-22 17:42:52.771 W/System.err( 2230): at com.thundercomm.remotecontrolservice.RemoteSocketService.restartServer(RemoteSocketService.java:119)
08-22 17:42:52.771 W/System.err( 2230): at com.thundercomm.remotecontrolservice.RemoteSocketService.access$100(RemoteSocketService.java:11)
08-22 17:42:52.771 W/System.err( 2230): at com.thundercomm.remotecontrolservice.RemoteSocketService$3.run(RemoteSocketService.java:101)
08-22 17:42:52.771 W/System.err( 2230): at java.lang.Thread.run(Thread.java:920)
08-22 17:42:52.772 W/System.err( 2230): Caused by: android.system.ErrnoException: bind failed: EADDRINUSE (Address already in use)
08-22 17:42:52.772 W/System.err( 2230): at libcore.io.Linux.bind(Native Method)
08-22 17:42:52.772 W/System.err( 2230): at libcore.io.ForwardingOs.bind(ForwardingOs.java:141)
08-22 17:42:52.772 W/System.err( 2230): at libcore.io.ForwardingOs.bind(ForwardingOs.java:141)
08-22 17:42:52.772 W/System.err( 2230): at libcore.io.IoBridge.bind(IoBridge.java:146)
08-22 17:42:52.772 W/System.err( 2230): ... 9 more
08-22 17:42:52.772 W/System.err( 2230): java.net.BindException: bind failed: EADDRINUSE (Address already in use)
08-22 17:42:52.773 W/System.err( 2230): at libcore.io.IoBridge.bind(IoBridge.java:150)
08-22 17:42:52.773 W/System.err( 2230): at java.net.PlainSocketImpl.socketBind(PlainSocketImpl.java:162)
08-22 17:42:52.773 W/System.err( 2230): at java.net.AbstractPlainSocketImpl.bind(AbstractPlainSocketImpl.java:427)
08-22 17:42:52.773 W/System.err( 2230): at java.net.ServerSocket.bind(ServerSocket.java:377)
08-22 17:42:52.773 W/System.err( 2230): at java.net.ServerSocket.(ServerSocket.java:237)
08-22 17:42:52.773 W/System.err( 2230): at com.thundercomm.remotecontrolservice.RemoteSocketService.startServer(RemoteSocketService.java:91)
08-22 17:42:52.773 W/System.err( 2230): at com.thundercomm.remotecontrolservice.RemoteSocketService.restartServer(RemoteSocketService.java:119)
08-22 17:42:52.773 W/System.err( 2230): at com.thundercomm.remotecontrolservice.RemoteSocketService.access$100(RemoteSocketService.java:11)
08-22 17:42:52.773 W/System.err( 2230): at com.thundercomm.remotecontrolservice.RemoteSocketService$3.run(RemoteSocketService.java:101)
08-22 17:42:52.773 W/System.err( 2230): at java.lang.Thread.run(Thread.java:920)
08-22 17:42:52.773 W/System.err( 2230): Caused by: android.system.ErrnoException: bind failed: EADDRINUSE (Address already in use)
08-22 17:42:52.773 W/System.err( 2230): at libcore.io.Linux.bind(Native Method)
08-22 17:42:52.773 W/System.err( 2230): at libcore.io.ForwardingOs.bind(ForwardingOs.java:141)
08-22 17:42:52.773 W/System.err( 2230): at libcore.io.ForwardingOs.bind(ForwardingOs.java:141)
08-22 17:42:52.774 W/System.err( 2230): at libcore.io.IoBridge.bind(IoBridge.java:146)
08-22 17:42:52.776 I/liblog ( 2230): 18
08-22 17:42:52.776 W/System.err( 2230): java.net.BindException: bind failed: EADDRINUSE (Address already in use)
08-22 17:42:52.777 W/System.err( 2230): at libcore.io.IoBridge.bind(IoBridge.java:150)
08-22 17:42:52.777 I/liblog ( 2230): 1
08-22 17:42:52.777 I/liblog ( 2230): 7
08-22 17:42:52.777 I/liblog ( 2230): 3
08-22 17:42:52.778 W/System.err( 2230): at libcore.io.IoBridge.bind(IoBridge.java:146)
08-22 17:42:52.778 I/liblog ( 2230): 3
08-22 17:42:52.779 I/liblog ( 2230): 4
08-22 17:42:52.779 I/liblog ( 2230): 3
08-22 17:42:52.779 W/System.err( 2230): at com.thundercomm.remotecontrolservice.RemoteSocketService$3.run(RemoteSocketService.java:101)
08-22 17:42:52.780 I/liblog ( 2230): 7
08-22 17:42:52.780 I/liblog ( 2230): 8
08-22 17:42:52.790 I/liblog ( 2230): 110
08-22 17:42:52.790 D/RemoteControlService( 2230): start reader thread, mServerIp = 192.168.4.16, mServerPort = 12600
08-22 17:42:52.791 V/PerfettoTrigger( 2374): Triggering /system/bin/trigger_perfetto com.android.telemetry.interaction-jank-monitor-28
08-22 17:42:52.792 W/System.err( 2230): at libcore.io.ForwardingOs.bind(ForwardingOs.java:141)
08-22 17:42:52.792 W/System.err( 2230): at libcore.io.ForwardingOs.bind(ForwardingOs.java:141)
08-22 17:42:52.792 W/System.err( 2230): at libcore.io.IoBridge.bind(IoBridge.java:146)
08-22 17:42:52.792 W/System.err( 2230): ... 9 more
08-22 17:42:52.793 W/System.err( 2230): java.net.BindException: bind failed: EADDRINUSE (Address already in use)
08-22 17:42:52.793 W/System.err( 2230): at libcore.io.IoBridge.bind(IoBridge.java:150)
08-22 17:42:52.793 W/System.err( 2230): at java.net.PlainSocketImpl.socketBind(PlainSocketImpl.java:162)
08-22 17:42:52.793 W/System.err( 2230): at java.net.AbstractPlainSocketImpl.bind(AbstractPlainSocketImpl.java:427)
08-22 17:42:52.793 I/liblog ( 2230): 7
08-22 17:42:52.794 I/liblog ( 2230): 6
08-22 17:42:52.794 I/liblog ( 2230): 2
08-22 17:42:52.794 I/liblog ( 2230): 3
08-22 17:42:52.795 I/liblog ( 2230): 6
08-22 17:42:52.795 I/liblog ( 2230): 6
08-22 17:42:52.795 I/liblog ( 2230): 3
08-22 17:42:52.796 W/System.err( 2230): at com.thundercomm.remotecontrolservice.RemoteSocketService$3.run(RemoteSocketService.java:101)
08-22 17:42:52.796 W/System.err( 2230): ... 9 more
08-22 17:42:52.797 I/liblog ( 2230): 12
08-22 17:42:52.797 I/liblog ( 2230): 2
08-22 17:42:52.797 I/liblog ( 2230): 8
08-22 17:42:52.798 I/liblog ( 2230): 6
08-22 17:42:52.798 I/liblog ( 2230): 1
08-22 17:42:52.799 I/liblog ( 2230): 1
08-22 17:42:52.799 I/liblog ( 2230): 6
08-22 17:42:52.799 I/liblog ( 2230): 6
08-22 17:42:52.800 W/System.err( 2230): ... 7 more
08-22 17:42:52.803 I/liblog ( 2230): 2
08-22 17:42:52.803 I/dvm_lock_sample( 2230): [com.thundercomm.remotecontrolser,0,Thread-523,46,Throwable.java,665,void java.lang.Throwable.printStackTrace(java.lang.Throwable$PrintStreamOrWriter),,0,null,9]
08-22 17:42:52.803 W/System.err( 2230): java.net.BindException: bind failed: EADDRINUSE (Address already in use)
08-22 17:42:52.803 W/System.err( 2230): at libcore.io.IoBridge.bind(IoBridge.java:150)
08-22 17:42:52.803 W/System.err( 2230): at java.net.PlainSocketImpl.socketBind(PlainSocketImpl.java:162)
08-22 17:42:52.803 W/System.err( 2230): at java.net.AbstractPlainSocketImpl.bind(AbstractPlainSocketImpl.java:427)
08-22 17:42:52.803 W/System.err( 2230): at java.net.ServerSocket.bind(ServerSocket.java:377)
08-22 17:42:52.803 W/System.err( 2230): at java.net.ServerSocket.(ServerSocket.java:237)
08-22 17:42:52.804 W/System.err( 2230): at java.lang.Thread.run(Thread.java:920)
08-22 17:42:52.805 I/liblog ( 2230): 10
08-22 17:42:52.805 I/liblog ( 2230): 8
08-22 17:42:52.807 I/liblog ( 2230): 1
08-22 17:42:52.807 W/System.err( 2230): Caused by: android.system.ErrnoException: bind failed: EADDRINUSE (Address already in use)
08-22 17:42:52.807 W/System.err( 2230): at libcore.io.Linux.bind(Native Method)
08-22 17:42:52.808 W/System.err( 2230): at libcore.io.ForwardingOs.bind(ForwardingOs.java:141)
08-22 17:42:52.808 W/System.err( 2230): at libcore.io.ForwardingOs.bind(ForwardingOs.java:141)
08-22 17:42:52.808 W/System.err( 2230): at libcore.io.IoBridge.bind(IoBridge.java:146)
08-22 17:42:52.808 W/System.err( 2230): ... 7 more
08-22 17:42:52.808 I/liblog ( 2230): 2
08-22 17:42:52.808 W/System.err( 2230): at java.net.PlainSocketImpl.socketBind(PlainSocketImpl.java:162)
08-22 17:42:52.809 I/liblog ( 2230): 4
08-22 17:42:52.810 I/liblog ( 2230): 2
08-22 17:42:52.810 D/RemoteControlService( 2230): start reader thread, mServerIp = 192.168.0.16, mServerPort = 12600
08-22 17:42:52.811 W/System.err( 2230): Caused by: android.system.ErrnoException: bind failed: EADDRINUSE (Address already in use)
08-22 17:42:52.811 W/System.err( 2230): at libcore.io.Linux.bind(Native Method)
08-22 17:42:52.811 W/System.err( 2230): at libcore.io.ForwardingOs.bind(ForwardingOs.java:141)
08-22 17:42:52.811 W/System.err( 2230): at libcore.io.ForwardingOs.bind(ForwardingOs.java:141)
08-22 17:42:52.816 I/liblog ( 2230): 2
08-22 17:42:52.816 W/System.err( 2230): java.net.BindException: bind failed: EADDRINUSE (Address already in use)
08-22 17:42:52.817 W/System.err( 2230): at libcore.io.IoBridge.bind(IoBridge.java:150)
08-22 17:42:52.817 W/System.err( 2230): at java.net.PlainSocketImpl.socketBind(PlainSocketImpl.java:162)
08-22 17:42:52.817 W/System.err( 2230): at java.net.AbstractPlainSocketImpl.bind(AbstractPlainSocketImpl.java:427)
08-22 17:42:52.817 W/System.err( 2230): at java.net.ServerSocket.bind(ServerSocket.java:377)
08-22 17:42:52.817 W/System.err( 2230): at java.net.ServerSocket.(ServerSocket.java:237)
08-22 17:42:52.817 W/System.err( 2230): at com.thundercomm.remotecontrolservice.RemoteSocketService.startServer(RemoteSocketService.java:91)
08-22 17:42:52.818 W/System.err( 2230): at com.thundercomm.remotecontrolservice.RemoteSocketService.access$400(RemoteSocketService.java:11)
08-22 17:42:52.818 W/System.err( 2230): at com.thundercomm.remotecontrolservice.RemoteSocketService$2.run(RemoteSocketService.java:62)
08-22 17:42:52.818 W/System.err( 2230): Caused by: android.system.ErrnoException: bind failed: EADDRINUSE (Address already in use)
08-22 17:42:52.818 W/System.err( 2230): at libcore.io.Linux.bind(Native Method)
08-22 17:42:52.818 W/System.err( 2230): at libcore.io.ForwardingOs.bind(ForwardingOs.java:141)
08-22 17:42:52.818 W/System.err( 2230): at libcore.io.ForwardingOs.bind(ForwardingOs.java:141)
08-22 17:42:52.818 W/System.err( 2230): at libcore.io.IoBridge.bind(IoBridge.java:146)
08-22 17:42:52.836 I/liblog ( 2230): 1
08-22 17:42:52.836 D/RemoteControlService( 2230): start reader thread, mServerIp = 192.168.2.16, mServerPort = 12600
08-22 17:42:52.838 D/RemoteControlService( 2230): start reader thread, mServerIp = 192.168.1.16, mServerPort = 12600
08-22 17:42:52.839 W/System.err( 2230): java.net.BindException: bind failed: EADDRINUSE (Address already in use)
08-22 17:42:52.839 W/System.err( 2230): at libcore.io.IoBridge.bind(IoBridge.java:150)
08-22 17:42:52.839 W/System.err( 2230): at java.net.PlainSocketImpl.socketBind(PlainSocketImpl.java:162)
08-22 17:42:52.839 W/System.err( 2230): at java.net.AbstractPlainSocketImpl.bind(AbstractPlainSocketImpl.java:427)
08-22 17:42:52.839 W/System.err( 2230): at java.net.ServerSocket.bind(ServerSocket.java:377)
08-22 17:42:52.839 W/System.err( 2230): at java.net.ServerSocket.(ServerSocket.java:237)
08-22 17:42:52.839 W/System.err( 2230): at com.thundercomm.remotecontrolservice.RemoteSocketService.startServer(RemoteSocketService.java:91)
08-22 17:42:52.839 W/System.err( 2230): at com.thundercomm.remotecontrolservice.RemoteSocketService.access$400(RemoteSocketService.java:11)
08-22 17:42:52.839 W/System.err( 2230): at com.thundercomm.remotecontrolservice.RemoteSocketService$2.run(RemoteSocketService.java:62)
08-22 17:42:52.840 W/System.err( 2230): Caused by: android.system.ErrnoException: bind failed: EADDRINUSE (Address already in use)
08-22 17:42:52.840 W/System.err( 2230): at libcore.io.Linux.bind(Native Method)
08-22 17:42:52.840 W/System.err( 2230): at libcore.io.ForwardingOs.bind(ForwardingOs.java:141)
08-22 17:42:52.840 W/System.err( 2230): at libcore.io.ForwardingOs.bind(ForwardingOs.java:141)
08-22 17:42:52.840 W/System.err( 2230): at libcore.io.IoBridge.bind(IoBridge.java:146)
08-22 17:42:52.840 W/System.err( 2230): ... 7 more
08-22 17:42:52.840 W/System.err( 2230): java.net.BindException: bind failed: EADDRINUSE (Address already in use)
08-22 17:42:52.840 W/System.err( 2230): at libcore.io.IoBridge.bind(IoBridge.java:150)
08-22 17:42:52.840 W/System.err( 2230): at java.net.PlainSocketImpl.socketBind(PlainSocketImpl.java:162)
08-22 17:42:52.841 W/System.err( 2230): at java.net.AbstractPlainSocketImpl.bind(AbstractPlainSocketImpl.java:427)
08-22 17:42:52.841 W/System.err( 2230): at java.net.ServerSocket.bind(ServerSocket.java:377)
08-22 17:42:52.841 W/System.err( 2230): at java.net.ServerSocket.(ServerSocket.java:237)
08-22 17:42:52.841 W/System.err( 2230): at com.thundercomm.remotecontrolservice.RemoteSocketService.startServer(RemoteSocketService.java:91)
08-22 17:42:52.841 W/System.err( 2230): at com.thundercomm.remotecontrolservice.RemoteSocketService.access$400(RemoteSocketService.java:11)
08-22 17:42:52.841 W/System.err( 2230): at com.thundercomm.remotecontrolservice.RemoteSocketService$2.run(RemoteSocketService.java:62)
08-22 17:42:52.841 W/System.err( 2230): Caused by: android.system.ErrnoException: bind failed: EADDRINUSE (Address already in use)
08-22 17:42:52.841 W/System.err( 2230): at libcore.io.Linux.bind(Native Method)
08-22 17:42:52.841 W/System.err( 2230): at libcore.io.ForwardingOs.bind(ForwardingOs.java:141)
08-22 17:42:52.841 W/System.err( 2230): at libcore.io.ForwardingOs.bind(ForwardingOs.java:141)
08-22 17:42:52.841 W/System.err( 2230): at libcore.io.IoBridge.bind(IoBridge.java:146)
08-22 17:42:52.841 W/System.err( 2230): ... 7 more
01-01 01:38:45.138 I/init ( 0): starting service 'qvrd_vndr'...
08-22 17:42:52.982 I/mpu_uart( 664): [MSG-P:RECV]:No message received in 1000 ms
01-01 01:38:45.146 I/init ( 0): Created socket '/dev/socket/qvrservice_vndr', mode 660, user 1000, group 1000
01-01 01:38:45.151 I/init ( 0): Created socket '/dev/socket/qvrservice_vndr_camera', mode 660, user 1000, group 1000
08-22 17:42:53.000 I/mpu_uart( 664): [MSG-P:R]:recv sync frame timeout
01-01 01:38:45.214 I/init ( 0): starting service 'sxrd'...
08-22 17:42:53.077 F/linker ( 4581): CANNOT LINK EXECUTABLE "/vendor/bin/hw/qvrservice": library "vendor.qti.hardware.qxr-V1-ndk_platform.so" not found: needed by /vendor/lib64/libqvrservice.so in namespace (default)
01-01 01:38:45.242 I/init ( 0): Service 'qvrd_vndr' (pid 4581) exited with status 1
01-01 01:38:45.242 I/init ( 0): Sending signal 9 to service 'qvrd_vndr' (pid 4581) process group...
01-01 01:38:45.242 I/libprocessgroup( 0): Successfully killed process cgroup uid 1000 pid 4581 in 0ms
08-22 17:42:53.130 F/linker ( 4582): CANNOT LINK EXECUTABLE "/vendor/bin/hw/sxrservice": library "vendor.qti.hardware.qxr-V1-ndk_platform.so" not found: needed by main executable
01-01 01:38:45.295 I/init ( 0): Service 'sxrd' (pid 4582) exited with status 1
01-01 01:38:45.295 I/init ( 0): Sending signal 9 to service 'sxrd' (pid 4582) process group...
01-01 01:38:45.295 I/libprocessgroup( 0): Successfully killed process cgroup uid 1000 pid 4582 in 0ms
08-22 17:42:53.467 D/audio_hw_primary( 819): out_set_parameters: enter: usecase(1: low-latency-playback) kvpairs: suspend_playback=false
08-22 17:42:53.467 D/audio_hw_extn( 819): audio_extn_fm_set_parameters: Enter
08-22 17:42:53.469 D/audio_hw_primary( 819): out_standby: enter: stream (0xeb1c0010) usecase(1: low-latency-playback)
01-01 01:38:45.653 I/afe_close( 0): port_id = 0x9000
08-22 17:42:53.507 D/audio_hw_primary( 819): disable_audio_route: reset and update mixer path: low-latency-playback
08-22 17:42:53.510 E/soundtrigger( 819): audio_extn_sound_trigger_update_stream_status: invalid input device 0x0, for event 2
08-22 17:42:53.510 D/soundtrigger( 819): audio_extn_sound_trigger_update_stream_status: uc_info->id 1 of type 0 for Event 2, with Raise=0
08-22 17:42:53.511 D/msm8974_platform( 819): platform_split_snd_device: snd_device(2) num devices(0) new_snd_devices(0)
08-22 17:42:53.511 I/msm8974_platform( 819): platform_get_custom_mtmx_params: no matching param with id 0 ip_ch 2 op_ch 2 uc_id 1 snd_dev 2
08-22 17:42:53.511 D/hardware_info( 819): hw_info_append_hw_type : device_name = speaker
08-22 17:42:53.511 D/audio_hw_primary( 819): disable_snd_device: snd_device(2: speaker)
08-22 17:42:53.512 D/msm8974_platform( 819): platform_split_snd_device: snd_device(2) num devices(0) new_snd_devices(0)
08-22 17:42:53.512 I/soundtrigger( 819): audio_extn_sound_trigger_update_device_status: device 0x2 of type 0 for Event 0, with Raise=0
08-22 17:42:53.513 D/audio_hw_primary( 819): out_standby: exit
01-01 01:38:45.853 D/ ( 0): mv2112_read_status
01-01 01:38:45.853 D/mv2112_update_link( 0): 3.0x901(1G): 0x80
01-01 01:38:45.853 D/mv2112_update_link( 0): 3.0x8109(100M): 0x0
01-01 01:38:45.853 D/mv2112_update_link( 0): link 0x0
01-01 01:38:45.853 D/mv2112_read_status( 0): autoneg is disabled
08-22 17:42:53.983 I/mpu_uart( 664): [MSG-P:RECV]:No message received in 1000 ms
08-22 17:42:54.097 I/sysui_multi_action( 2374): [757,830,758,4,833,0,854,top_level_display,1089,0]
08-22 17:42:54.105 I/ActivityTaskManager( 1155): START u0 {act=android.intent.action.MAIN cmp=com.android.settings/.SubSettings (has extras)} from uid 1000
08-22 17:42:54.105 I/EventSequenceValidator( 1155): Transition from REPORT_FULLY_DRAWN to INTENT_STARTED
08-22 17:42:54.109 I/wm_task_moved( 1155): [71,1,6]
08-22 17:42:54.109 I/wm_set_resumed_activity( 1155): [0,com.android.settings/.Settings,positionChildAt]
08-22 17:42:54.109 I/wm_create_activity( 1155): [0,52285954,71,com.android.settings/.SubSettings,android.intent.action.MAIN,NULL,NULL,0]
08-22 17:42:54.109 D/CompatibilityInfo( 1155): mCompatibilityFlags - 4
08-22 17:42:54.110 D/CompatibilityInfo( 1155): applicationDensity - 240
08-22 17:42:54.110 D/CompatibilityInfo( 1155): applicationScale - 1.0
01-01 01:38:46.296 I/afe_find_cal_topo_id_by_port( 0): port id: 0x9000, dev_acdb_id: 0
01-01 01:38:46.296 I/afe_find_cal_topo_id_by_port( 0): top_id:112fc acdb_id:15 afe_port:0x9000
01-01 01:38:46.296 I/afe_get_cal_topology_id( 0): port_id = 0x9000 acdb_id = 15 topology_id = 0x112fc cal_type_index=8 ret=0
01-01 01:38:46.299 I/afe_send_port_topology_id( 0): AFE set topology id 0x112fc enable for port 0x9000 ret 0
01-01 01:38:46.299 I/send_afe_cal_type( 0): cal_index is 0
01-01 01:38:46.299 I/send_afe_cal_type( 0): dev_acdb_id[55] is 0
01-01 01:38:46.299 I/send_afe_cal_type( 0): Sending cal_index cal 0
01-01 01:38:46.299 E/send_afe_cal_type( 0): No cal sent for cal_index 0, port_id = 0x9000! ret -22
08-22 17:42:54.110 D/ActivityTrigger( 1155): ActivityTrigger activityPauseTrigger
08-22 17:42:54.110 D/audio_hw_primary( 819): start_output_stream: enter: stream(0xeb1c0010)usecase(1: low-latency-playback) devices(0x2) is_haptic_usecase(0)
08-22 17:42:54.111 I/wm_pause_activity( 1155): [0,246948937,com.android.settings/.Settings,userLeaving=true,resumeTopActivityInnerLocked]
08-22 17:42:54.111 E/ANDR-PERF-TARGET( 981): Error: Invalid logical cluster id 0
08-22 17:42:54.111 E/ANDR-PERF-REQUEST( 981): invalid request
08-22 17:42:54.111 E/ANDR-PERF-MPCTL( 981): invalid request, no optimizations performed
08-22 17:42:54.111 E/audio_hw_extn( 819): audio_extn_perf_lock_acquire: Failed to acquire perf lock, err: -1
08-22 17:42:54.111 D/audio_hw_primary( 819): select_devices for use case (low-latency-playback)
08-22 17:42:54.112 I/msm8974_platform( 819): platform_check_and_set_codec_backend_cfg:becf: afe: bitwidth 16, samplerate 48000 channels 2, backend_idx 0 usecase = 1 device (speaker)
08-22 17:42:54.112 D/msm8974_platform( 819): platform_split_snd_device: snd_device(2) num devices(1) new_snd_devices(0)
08-22 17:42:54.112 I/msm8974_platform( 819): platform_check_and_set_codec_backend_cfg: new_snd_devices[0] is 2
08-22 17:42:54.112 I/msm8974_platform( 819): platform_check_codec_backend_cfg:becf: afe: bitwidth 16, samplerate 48000 channels 2, backend_idx 0 usecase = 1 device (speaker)
08-22 17:42:54.115 D/audio_hw_extn( 819): audio_extn_enable_hifi_filter: mixer_value set 0
08-22 17:42:54.115 D/msm8974_platform( 819): platform_check_codec_backend_cfg:becf: updated afe: bitwidth 16, samplerate 48000 channels 2,backend_idx 0 usecase = 1 device (speaker)
08-22 17:42:54.115 D/msm8974_platform( 819): platform_check_codec_backend_cfg:becf: afe: playback on codec device not supporting native playback set default Sample Rate(48k)
08-22 17:42:54.115 I/msm8974_platform( 819): platform_check_codec_backend_cfg:becf: afe: Codec selected backend: 0 updated bit width: 16 and sample rate: 48000
08-22 17:42:54.115 D/audio_hw_primary( 819): check_usecases_codec_backend:becf: force routing 0
08-22 17:42:54.115 E/msm8974_platform( 819): platform_check_backends_match: Invalid snd_device =
08-22 17:42:54.115 D/audio_hw_primary( 819): check_usecases_codec_backend:becf: (78) check_usecases curr device: speaker, usecase device: backends match 0
08-22 17:42:54.115 D/audio_hw_primary( 819): check_usecases_codec_backend:becf: check_usecases num.of Usecases to switch 0
08-22 17:42:54.115 D/hardware_info( 819): hw_info_append_hw_type : device_name = speaker
08-22 17:42:54.116 D/msm8974_platform( 819): platform_split_snd_device: snd_device(2) num devices(0) new_snd_devices(0)
08-22 17:42:54.116 D/audio_hw_primary( 819): enable_snd_device: snd_device(2: speaker)
08-22 17:42:54.116 D/msm8974_platform( 819): platform_get_island_cfg_on_device:island cfg status on snd_device = (speaker 0)
08-22 17:42:54.116 I/soundtrigger( 819): audio_extn_sound_trigger_update_device_status: device 0x2 of type 0 for Event 1, with Raise=0
08-22 17:42:54.116 D/audio_route( 819): Apply path: speaker
08-22 17:42:54.116 I/audio_hw_utils( 819): audio_extn_utils_update_stream_output_app_type_cfg Allowing 24 and above bits playback on speaker ONLY at default sampling rate
08-22 17:42:54.116 E/soundtrigger( 819): audio_extn_sound_trigger_update_stream_status: invalid input device 0x0, for event 3
08-22 17:42:54.116 D/soundtrigger( 819): audio_extn_sound_trigger_update_stream_status: uc_info->id 1 of type 0 for Event 3, with Raise=0
08-22 17:42:54.117 D/audio_hw_utils( 819): audio_extn_utils_send_app_type_cfg: usecase->out_snd_device speaker
08-22 17:42:54.117 D/msm8974_platform( 819): platform_split_snd_device: snd_device(2) num devices(0) new_snd_devices(0)
08-22 17:42:54.117 D/audio_hw_utils( 819): audio_extn_btsco_get_sample_rate:Not a BT SCO device, need not update sampling rate
08-22 17:42:54.117 I/audio_hw_utils( 819): send_app_type_cfg_for_device PLAYBACK app_type 69937, acdb_dev_id 15, sample_rate 48000, snd_device_be_idx 179
01-01 01:38:46.308 I/afe_send_hw_delay( 0): port_id 0x9000 rate 48000 delay_usec 474 status 0
08-22 17:42:54.118 D/msm8974_platform( 819): platform_split_snd_device: snd_device(2) num devices(1) new_snd_devices(0)
08-22 17:42:54.118 D/audio_hw_utils( 819): audio_extn_btsco_get_sample_rate:Not a BT SCO device, need not update sampling rate
08-22 17:42:54.118 D/ACDB-LOADER( 819): ACDB -> send_audio_cal, acdb_id = 15, path = 0, app id = 0x11131, sample rate = 48000, afe_sample_rate = 48000
08-22 17:42:54.118 D/ACDB-LOADER( 819): ACDB -> send_asm_topology
08-22 17:42:54.119 D/ACDB-LOADER( 819): ACDB -> ACDB_CMD_GET_AUDPROC_STREAM_TOPOLOGY_ID
08-22 17:42:54.119 D/ACDB-LOADER( 819): ACDB -> send_adm_topology
08-22 17:42:54.119 D/ACDB-LOADER( 819): ACDB -> ACDB_CMD_GET_AUDPROC_COMMON_TOPOLOGY_ID
08-22 17:42:54.119 I/EventSequenceValidator( 1155): Transition from INTENT_STARTED to INTENT_FAILED
08-22 17:42:54.119 I/wm_on_top_resumed_lost_called( 2374): [246948937,com.android.settings.Settings,topStateChangedWhenResumed]
08-22 17:42:54.119 D/ACDB-LOADER( 819): ACDB -> send_audtable
08-22 17:42:54.119 D/ACDB-LOADER( 819): ACDB -> ACDB_CMD_GET_AUDPROC_INSTANCE_COMMON_TABLE_SIZE
08-22 17:42:54.119 D/ACDB-LOADER( 819): ACDB -> ACDB_CMD_GET_AUDPROC_INSTANCE_COMMON_TABLE
08-22 17:42:54.119 D/ACDB-LOADER( 819): ACDB -> AUDIO_SET_AUDPROC_CAL cal_type[11] acdb_id[15] app_type[69937]
08-22 17:42:54.120 D/ACDB-LOADER( 819): ACDB -> send_audvoltable
08-22 17:42:54.120 D/ACDB-LOADER( 819): ACDB -> ACDB_CMD_GET_AUDPROC_INSTANCE_GAIN_DEP_STEP_TABLE_SIZE
08-22 17:42:54.120 D/ACDB-LOADER( 819): ACDB -> ACDB_CMD_GET_AUDPROC_INSTANCE_GAIN_DEP_STEP_TABLE, vol index 0
08-22 17:42:54.120 D/ACDB-LOADER( 819): ACDB -> AUDIO_SET_VOL_CAL cal type = 12
08-22 17:42:54.120 D/ACDB-LOADER( 819): ACDB -> ACDB_CMD_GET_AUDPROC_INSTANCE_STREAM_TABLE_SIZE
08-22 17:42:54.121 D/ACDB-LOADER( 819): ACDB -> send_audstrmtable
08-22 17:42:54.121 D/ACDB-LOADER( 819): ACDB -> ACDB_CMD_GET_AUDPROC_INSTANCE_STREAM_TABLE
08-22 17:42:54.121 D/ACDB-LOADER( 819): ACDB -> audstrm_cal->cal_type.cal_data.cal_size = 20
08-22 17:42:54.121 D/ACDB-LOADER( 819): ACDB -> send_afe_topology
08-22 17:42:54.121 D/ACDB-LOADER( 819): ACDB -> ACDB_CMD_GET_AFE_TOPOLOGY_ID
08-22 17:42:54.121 D/ACDB-LOADER( 819): ACDB -> GET_AFE_TOPOLOGY_ID for adcd_id 15, Topology Id 112fc
08-22 17:42:54.121 D/ACDB-LOADER( 819): ACDB -> send_afe_cal
08-22 17:42:54.121 D/ACDB-LOADER( 819): ACDB -> ACDB_CMD_GET_AFE_INSTANCE_COMMON_TABLE_SIZE
08-22 17:42:54.121 D/android.hardware.audio.service( 819): Failed to fetch the lookup information of the device 0000000F
08-22 17:42:54.121 D/ACDB-LOADER( 819): Error: ACDB_CMD_GET_AFE_INSTANCE_COMMON_TABLE_SIZE Returned = -19
08-22 17:42:54.121 D/ACDB-LOADER( 819): ACDB -> ACDB_CMD_GET_AFE_INSTANCE_COMMON_TABLE
08-22 17:42:54.122 D/android.hardware.audio.service( 819): Failed to fetch the lookup information of the device 0000000F
08-22 17:42:54.122 D/ACDB-LOADER( 819): Error: ACDB AFE returned = -19
08-22 17:42:54.122 D/ACDB-LOADER( 819): ACDB -> AUDIO_SET_AFE_CAL cal_type[16] acdb_id[15]
08-22 17:42:54.122 D/ACDB-LOADER( 819): ACDB -> send_hw_delay : acdb_id = 15 path = 0
08-22 17:42:54.122 D/ACDB-LOADER( 819): ACDB -> ACDB_AVSYNC_INFO: ACDB_CMD_GET_DEVICE_PROPERTY
08-22 17:42:54.122 I/sysui_multi_action( 2374): [757,35,758,2,1089,3816]
08-22 17:42:54.122 D/msm8974_platform( 819): platform_split_snd_device: snd_device(2) num devices(0) new_snd_devices(0)
08-22 17:42:54.122 I/msm8974_platform( 819): platform_get_custom_mtmx_params: no matching param with id 0 ip_ch 2 op_ch 2 uc_id 1 snd_dev 2
08-22 17:42:54.122 D/audio_hw_primary( 819): enable_audio_route: apply mixer and update path: low-latency-playback
08-22 17:42:54.122 D/audio_route( 819): Apply path: low-latency-playback
08-22 17:42:54.123 I/wm_on_paused_called( 2374): [246948937,com.android.settings.Settings,performPause]
08-22 17:42:54.124 D/audio_hw_primary( 819): select_devices: done
08-22 17:42:54.127 I/ActivityTaskManager( 1155): The Process com.android.settings Already Exists in BG. So sending its PID: 2374
08-22 17:42:54.132 W/ActivityTaskManager( 1155): Tried to set launchTime (0) < mLastActivityLaunchTime (113307)
08-22 17:42:54.132 I/wm_add_to_stopping( 1155): [0,246948937,com.android.settings/.Settings,makeInvisible]
08-22 17:42:54.133 I/wm_restart_activity( 1155): [0,52285954,71,com.android.settings/.SubSettings]
08-22 17:42:54.133 D/CompatibilityInfo( 1155): mCompatibilityFlags - 4
08-22 17:42:54.134 D/CompatibilityInfo( 1155): applicationDensity - 240
08-22 17:42:54.134 D/CompatibilityInfo( 1155): applicationScale - 1.0
08-22 17:42:54.137 I/wm_set_resumed_activity( 1155): [0,com.android.settings/.SubSettings,minimalResumeActivityLocked]
08-22 17:42:54.144 I/sysui_multi_action( 1155): [757,803,799,window_time_0,802,4]
08-22 17:42:54.167 I/BpBinder( 1068): onLastStrongRef automatically unlinking death recipients:
08-22 17:42:54.167 I/am_pss ( 1155): [3909,10066,com.qualcomm.qti.qms.service.connectionsecurity,23668736,5214208,0,77332480,0,19,12]
08-22 17:42:54.170 I/input_focus( 1155): [Focus leaving 844e0b0 com.android.settings/com.android.settings.Settings (server),reason=NO_WINDOW]
08-22 17:42:54.170 D/msm8974_platform( 819): platform_set_channel_map mixer_ctl_name:Playback Channel Map9
08-22 17:42:54.170 D/SettingsActivity( 2374): Starting onCreate
08-22 17:42:54.170 D/msm8974_platform( 819): platform_set_channel_map: set mapping(1 2 0 0 0 0 0 0) for channel:2
08-22 17:42:54.171 E/audio_hw_extn( 819): audio_extn_perf_lock_release: Perf lock release error
08-22 17:42:54.171 D/audio_hw_primary( 819): start_output_stream: exit
08-22 17:42:54.183 D/SettingsActivity( 2374): Starting to set activity title
08-22 17:42:54.183 D/SettingsActivity( 2374): Done setting title
08-22 17:42:54.183 D/SettingsActivity( 2374): Switching to fragment com.android.settings.DisplaySettings
08-22 17:42:54.184 D/SubSettings( 2374): Launching fragment com.android.settings.DisplaySettings
08-22 17:42:54.184 I/am_pss ( 1155): [3862,10074,com.qualcomm.qti.lpa,5210112,3723264,0,89993216,0,19,12]
08-22 17:42:54.190 D/QCCAuthMgr( 2494): SMQContentProvider query uri: content://com.qti.smq.Feedback.provider/smq_settings, selection: key=?, uri_matcher: 1
08-22 17:42:54.190 D/QCCAuthMgr( 2494): SMQContentProvider query tableName: smq_settings
08-22 17:42:54.199 I/am_pss ( 1155): [3841,10113,com.qualcomm.qct.dlt,7669760,5423104,0,97497088,0,19,12]
08-22 17:42:54.201 D/PrefCtrlListHelper( 2374): Could not find Context-only controller for pref: com.android.settings.display.AutoBrightnessPreferenceController
08-22 17:42:54.201 D/PrefCtrlListHelper( 2374): Could not find Context-only controller for pref: com.android.settings.security.screenlock.LockScreenPreferenceController
08-22 17:42:54.201 D/PrefCtrlListHelper( 2374): Could not find Context-only controller for pref: com.android.settings.display.DarkUIPreferenceController
08-22 17:42:54.203 D/PrefCtrlListHelper( 2374): Could not find Context-only controller for pref: com.android.settings.display.FontSizePreferenceController
08-22 17:42:54.203 D/PrefCtrlListHelper( 2374): Could not find Context-only controller for pref: com.android.settings.display.NightDisplayPreferenceController
08-22 17:42:54.209 D/PrefCtrlListHelper( 2374): Could not find Context-only controller for pref: com.android.settings.display.ColorModePreferenceController
08-22 17:42:54.209 D/PrefCtrlListHelper( 2374): Could not find Context-only controller for pref: com.android.settings.display.AutoRotatePreferenceController
08-22 17:42:54.209 D/PrefCtrlListHelper( 2374): Could not find Context-only controller for pref: com.android.settings.display.DisplayWhiteBalancePreferenceController
08-22 17:42:54.209 D/PrefCtrlListHelper( 2374): Could not find Context-only controller for pref: com.android.settings.display.PeakRefreshRatePreferenceController
08-22 17:42:54.210 D/RefreshRatePrefCtr( 2374): DEFAULT_REFRESH_RATE : 60.0 mPeakRefreshRate : 60.0
08-22 17:42:54.217 E/UserRestrictionsUtils( 1155): Unknown restriction queried by uid 1000 (com.qti.snapdragon.qdcm_ff et al): null
08-22 17:42:54.218 E/UserRestrictionsUtils( 1155): Unknown restriction queried by uid 1000 (com.qti.snapdragon.qdcm_ff et al): null
08-22 17:42:54.222 E/UserRestrictionsUtils( 1155): Unknown restriction queried by uid 1000 (com.qti.snapdragon.qdcm_ff et al): null
08-22 17:42:54.236 D/DisplaySettings( 2374): NO dashboard tiles for DisplaySettings
08-22 17:42:54.236 D/DisplaySettings( 2374): All preferences added, reporting fully drawn
08-22 17:42:54.237 D/SettingsActivity( 2374): Executed frag manager pendingTransactions
08-22 17:42:54.238 I/wm_on_create_called( 2374): [52285954,com.android.settings.SubSettings,performCreate]
08-22 17:42:54.249 W/ActivityManager( 1155): Receiver with filter android.content.IntentFilter@ae0b114 already registered for pid 2374, callerPackage is com.android.settings
08-22 17:42:54.255 I/wm_on_start_called( 2374): [52285954,com.android.settings.SubSettings,handleStartActivity]
08-22 17:42:54.256 I/snet_event_log( 2374): [120484087,-1,]
08-22 17:42:54.258 I/wm_on_resume_called( 2374): [52285954,com.android.settings.SubSettings,RESUME_ACTIVITY]
08-22 17:42:54.259 I/sysui_multi_action( 2374): [757,46,758,1,833,35,1089,74]
08-22 17:42:54.272 D/PackageManager( 1155): Instant App installer not found with android.intent.action.INSTALL_INSTANT_APP_PACKAGE
08-22 17:42:54.272 D/PackageManager( 1155): Clear ephemeral installer activity
08-22 17:42:54.275 I/sysui_multi_action( 2374): [757,853,758,4,854,DisplaySettings/hot_seat_dir,1089,0]
08-22 17:42:54.278 I/sysui_multi_action( 2374): [757,1729,758,4,854,isParalleledControllers:false,1089,92]
08-22 17:42:54.284 I/wm_on_top_resumed_gained_called( 2374): [52285954,com.android.settings.SubSettings,topStateChangedWhenResumed]
08-22 17:42:54.290 D/SettingsActivity( 2374): Enabled state changed for some tiles, reloading all categories {com.android.settings/com.android.settings.Settings$PowerUsageSummaryActivity},
08-22 17:42:54.335 I/input_focus( 1155): [Focus request 2287e5 com.android.settings/com.android.settings.SubSettings,reason=UpdateInputWindows]
08-22 17:42:54.370 D/audio_hw_primary( 819): out_set_parameters: enter: usecase(1: low-latency-playback) kvpairs: suspend_playback=true
08-22 17:42:54.370 D/audio_hw_extn( 819): audio_extn_fm_set_parameters: Enter
08-22 17:42:54.372 I/wm_activity_launch_time( 1155): [0,52285954,com.android.settings/.SubSettings,264]
08-22 17:42:54.374 I/ActivityTaskManager( 1155): Displayed com.android.settings/.SubSettings: +264ms
08-22 17:42:54.376 D/PackageManager( 1155): Instant App installer not found with android.intent.action.INSTALL_INSTANT_APP_PACKAGE
08-22 17:42:54.376 D/PackageManager( 1155): Clear ephemeral installer activity
08-22 17:42:54.378 I/ActivityTaskManager( 1155): Fully drawn com.android.settings/.SubSettings: +264ms
08-22 17:42:54.383 D/SettingsActivity( 2374): Enabled state changed for some tiles, reloading all categories {com.android.settings/com.android.settings.Settings$PowerUsageSummaryActivity},
08-22 17:42:54.386 I/input_focus( 1155): [Focus entering 2287e5 com.android.settings/com.android.settings.SubSettings (server),reason=Window became focusable. Previous reason: NOT_VISIBLE]
08-22 17:42:54.409 I/am_pss ( 1155): [3931,10035,com.android.externalstorage,5423104,3813376,0,92295168,0,19,12]
08-22 17:42:54.677 E/TaskPersister( 1155): File error accessing recents directory (directory doesn't exist?).
01-01 01:38:46.876 D/ ( 0): mv2112_read_status
01-01 01:38:46.876 D/mv2112_update_link( 0): 3.0x901(1G): 0x80
01-01 01:38:46.877 D/mv2112_update_link( 0): 3.0x8109(100M): 0x0
01-01 01:38:46.877 D/mv2112_update_link( 0): link 0x0
01-01 01:38:46.877 D/mv2112_read_status( 0): autoneg is disabled
08-22 17:42:54.781 I/wm_stop_activity( 1155): [0,246948937,com.android.settings/.Settings]
08-22 17:42:54.788 D/OpenGLRenderer( 2374): endAllActiveAnimators on 0xb400007be2ea9fa0 (RippleDrawable) with handle 0xb400007af2ec7370
08-22 17:42:54.803 I/wm_on_stop_called( 2374): [246948937,com.android.settings.Settings,STOP_ACTIVITY_ITEM]
08-22 17:42:54.985 I/mpu_uart( 664): [MSG-P:RECV]:No message received in 1000 ms
08-22 17:42:54.990 I/input_interaction( 1155): Interaction with: 2287e5 com.android.settings/com.android.settings.SubSettings (server), edge-swipe (server), swipe-up (server), PointerEventDispatcher0 (server),
08-22 17:42:55.285 D/CompanionDeviceManagerService( 1155): onPackageModified(packageName = com.android.settings)
08-22 17:42:55.290 D/Avrcp_ext( 1892): AvrcpServiceBroadcastReceiver-> Action: android.intent.action.PACKAGE_CHANGED
08-22 17:42:55.290 D/Avrcp_ext( 1892): AvrcpServiceBroadcastReceiver-> packageName: com.android.settings
08-22 17:42:55.290 D/Avrcp_ext( 1892): packageName: com.android.settings removed: false
08-22 17:42:55.309 I/PermissionControllerServiceImpl( 3715): Updating user sensitive for uid 1000
08-22 17:42:55.310 I/Telecom ( 1155): DefaultDialerCache: Refreshing default dialer for user 0: now null: DDC.oR@ABY
08-22 17:42:55.312 E/system_server( 1155): No package ID 7f found for ID 0x7f0802c4.
08-22 17:42:55.309 D/Avrcp_ext( 1892): isBrowsableListUpdated: browsable list size mismatch, true
08-22 17:42:55.312 E/system_server( 1155): No package ID 7f found for ID 0x7f121641.
08-22 17:42:55.312 D/Avrcp_ext( 1892): buildBrowsablePlayerList
08-22 17:42:55.313 E/system_server( 1155): No package ID 7f found for ID 0x7f0802c3.
08-22 17:42:55.313 E/system_server( 1155): No package ID 7f found for ID 0x7f1206c1.
08-22 17:42:55.313 E/system_server( 1155): No package ID 7f found for ID 0x7f0802c2.
08-22 17:42:55.313 E/system_server( 1155): No package ID 7f found for ID 0x7f120e8d.
08-22 17:42:55.320 I/InputReader( 1155): Reconfiguring input devices, changes=KEYBOARD_LAYOUTS |
08-22 17:42:55.322 V/Avrcp_ext( 1892): getMediaPlayerInfo: Found com.android.bluetooth
08-22 17:42:55.323 V/Avrcp_ext( 1892): isBrowseSupported for com.android.bluetooth: false
08-22 17:42:55.324 D/Avrcp_ext( 1892): Adding media player info for com.android.bluetooth with id 1
08-22 17:42:55.324 D/Avrcp_ext( 1892): update #1:MediaPlayerInfo com.android.bluetooth (as '蓝牙') Type = 1, SubType = 0, Status = 0 Feature Bits [40 41 42 44 45 47 48 58] Controller: null
08-22 17:42:55.324 D/Avrcp_ext( 1892): Added MediaPlayerController/MediaPlayerPackage
08-22 17:42:55.326 V/Avrcp_ext( 1892): updateCurrentMediaState: mMediaController: null
08-22 17:42:55.326 W/Avrcp_ext( 1892): isMusicActive: false getBluetoothPlayState: 2 A2dp State: 11 mAudioPlaybackIsActive: false
08-22 17:42:55.327 W/Avrcp_ext( 1892): updateCurrentMediaState: isPlaying = false
08-22 17:42:55.327 V/Avrcp_ext( 1892): Media update: id -1➡-1? [MediaAttributes: none] : [MediaAttributes: none]
08-22 17:42:55.327 D/Avrcp_ext( 1892): isPackageNameValid: browsedPackage = isValid = false
08-22 17:42:55.327 V/Avrcp_ext( 1892): updatePlaybackState, state: PlaybackState {state=2, position=-1, buffered position=0, speed=0.0, updated=118502, actions=0, custom actions=[], active item id=-1, error=null} device: null
08-22 17:42:55.327 V/Avrcp_ext( 1892): Device: no name:
08-22 17:42:55.327 V/Avrcp_ext( 1892): Device: no name:
08-22 17:42:55.327 V/Avrcp_ext( 1892): Device: no name:
08-22 17:42:55.327 V/Avrcp_ext( 1892): Device: no name:
08-22 17:42:55.327 V/Avrcp_ext( 1892): Device: no name:
08-22 17:42:55.327 V/Avrcp_ext( 1892): updatePlayerStateAndPosition, old=PlaybackState {state=2, position=-1, buffered position=0, speed=0.0, updated=65832, actions=0, custom actions=[], active item id=-1, error=null}, state=PlaybackState {state=2, position=-1, buffered position=0, speed=0.0, updated=118502, actions=0, custom actions=[], active item id=-1, error=null}
08-22 17:42:55.327 V/Avrcp_ext( 1892): old state = PlaybackState {state=2, position=-1, buffered position=0, speed=0.0, updated=65832, actions=0, custom actions=[], active item id=-1, error=null}, new state= PlaybackState {state=2, position=-1, buffered position=0, speed=0.0, updated=118502, actions=0, custom actions=[], active item id=-1, error=null}
08-22 17:42:55.328 D/HeadsetService( 1892): getHeadsetService(): returning com.android.bluetooth.hfp.HeadsetService@b224fb1
08-22 17:42:55.328 D/HeadsetService( 1892): isAudioOn: The number of audio connected devices 0
08-22 17:42:55.328 D/HeadsetService( 1892): isScoOrCallActive(): Call Active:falseCall is Ringing:falseSCO is Active:false
08-22 17:42:55.328 D/HeadsetService( 1892): isAudioOn: The number of audio connected devices 0
08-22 17:42:55.328 I/Avrcp_ext( 1892): updatePlayStatusForDevice: device: null
08-22 17:42:55.328 V/Avrcp_ext( 1892): updatePlaybackState (1): old=PlaybackState {state=2, position=-1, buffered position=0, speed=0.0, updated=65832, actions=0, custom actions=[], active item id=-1, error=null}(2), new=PlaybackState {state=2, position=-1, buffered position=0, speed=0.0, updated=118502, actions=0, custom actions=[], active item id=-1, error=null}(2)
08-22 17:42:55.328 I/Avrcp_ext( 1892): Exit updatePlayStatusForDevice
08-22 17:42:55.328 D/HeadsetService( 1892): isAudioOn: The number of audio connected devices 0
08-22 17:42:55.328 D/HeadsetService( 1892): isScoOrCallActive(): Call Active:falseCall is Ringing:falseSCO is Active:false
08-22 17:42:55.328 D/HeadsetService( 1892): isAudioOn: The number of audio connected devices 0
08-22 17:42:55.328 I/Avrcp_ext( 1892): updatePlayStatusForDevice: device: null
08-22 17:42:55.329 V/Avrcp_ext( 1892): updatePlaybackState (1): old=PlaybackState {state=2, position=-1, buffered position=0, speed=0.0, updated=65832, actions=0, custom actions=[], active item id=-1, error=null}(2), new=PlaybackState {state=2, position=-1, buffered position=0, speed=0.0, updated=118502, actions=0, custom actions=[], active item id=-1, error=null}(2)
08-22 17:42:55.329 I/Avrcp_ext( 1892): Exit updatePlayStatusForDevice
08-22 17:42:55.329 D/HeadsetService( 1892): isAudioOn: The number of audio connected devices 0
08-22 17:42:55.329 D/HeadsetService( 1892): isScoOrCallActive(): Call Active:falseCall is Ringing:falseSCO is Active:false
08-22 17:42:55.329 D/HeadsetService( 1892): isAudioOn: The number of audio connected devices 0
08-22 17:42:55.329 I/Avrcp_ext( 1892): updatePlayStatusForDevice: device: null
08-22 17:42:55.329 V/Avrcp_ext( 1892): updatePlaybackState (1): old=PlaybackState {state=2, position=-1, buffered position=0, speed=0.0, updated=65832, actions=0, custom actions=[], active item id=-1, error=null}(2), new=PlaybackState {state=2, position=-1, buffered position=0, speed=0.0, updated=118502, actions=0, custom actions=[], active item id=-1, error=null}(2)
08-22 17:42:55.329 I/Avrcp_ext( 1892): Exit updatePlayStatusForDevice
08-22 17:42:55.329 D/HeadsetService( 1892): isAudioOn: The number of audio connected devices 0
08-22 17:42:55.329 D/HeadsetService( 1892): isScoOrCallActive(): Call Active:falseCall is Ringing:falseSCO is Active:false
08-22 17:42:55.329 D/HeadsetService( 1892): isAudioOn: The number of audio connected devices 0
08-22 17:42:55.329 I/Avrcp_ext( 1892): updatePlayStatusForDevice: device: null
08-22 17:42:55.330 V/Avrcp_ext( 1892): updatePlaybackState (1): old=PlaybackState {state=2, position=-1, buffered position=0, speed=0.0, updated=65832, actions=0, custom actions=[], active item id=-1, error=null}(2), new=PlaybackState {state=2, position=-1, buffered position=0, speed=0.0, updated=118502, actions=0, custom actions=[], active item id=-1, error=null}(2)
08-22 17:42:55.330 I/Avrcp_ext( 1892): Exit updatePlayStatusForDevice
08-22 17:42:55.330 D/HeadsetService( 1892): isAudioOn: The number of audio connected devices 0
08-22 17:42:55.330 D/HeadsetService( 1892): isScoOrCallActive(): Call Active:falseCall is Ringing:falseSCO is Active:false
08-22 17:42:55.330 D/HeadsetService( 1892): isAudioOn: The number of audio connected devices 0
08-22 17:42:55.330 I/Avrcp_ext( 1892): updatePlayStatusForDevice: device: null
08-22 17:42:55.330 V/Avrcp_ext( 1892): updatePlaybackState (1): old=PlaybackState {state=2, position=-1, buffered position=0, speed=0.0, updated=65832, actions=0, custom actions=[], active item id=-1, error=null}(2), new=PlaybackState {state=2, position=-1, buffered position=0, speed=0.0, updated=118502, actions=0, custom actions=[], active item id=-1, error=null}(2)
08-22 17:42:55.330 I/Avrcp_ext( 1892): Exit updatePlayStatusForDevice
08-22 17:42:55.330 D/Avrcp_ext( 1892): Enter sendPlayPosNotificationRsp
08-22 17:42:55.330 D/Avrcp_ext( 1892): sendPlayPosNotificationRsp: Not registered or requesting.
08-22 17:42:55.330 D/Avrcp_ext( 1892): Enter sendPlayPosNotificationRsp
08-22 17:42:55.330 D/Avrcp_ext( 1892): sendPlayPosNotificationRsp: Not registered or requesting.
08-22 17:42:55.331 D/Avrcp_ext( 1892): Enter sendPlayPosNotificationRsp
08-22 17:42:55.331 D/Avrcp_ext( 1892): sendPlayPosNotificationRsp: Not registered or requesting.
08-22 17:42:55.331 D/Avrcp_ext( 1892): Enter sendPlayPosNotificationRsp
