--------- beginning of events
01-01 01:37:27.856 I/snet_event_log( 519): [121035042,-1,]
01-01 01:37:27.862 I/auditd ( 519): SELinux: Loaded service_contexts from:
01-01 01:37:27.862 I/auditd ( 519): /system/etc/selinux/plat_service_contexts
01-01 01:37:27.862 I/auditd ( 519): /system_ext/etc/selinux/system_ext_service_contexts
01-01 01:37:27.862 I/auditd ( 519): /product/etc/selinux/product_service_contexts
01-01 01:37:27.862 I/auditd ( 519): /vendor/etc/selinux/vendor_service_contexts
01-01 00:00:04.191 I/auditd ( 517): type=2000 audit(0.0:1): state=initialized audit_enabled=0 res=1
01-01 01:37:27.879 I/snet_event_log( 521): [121035042,-1,]
01-01 01:37:25.163 I/auditd ( 517): type=1403 audit(0.0:2): auid=4294967295 ses=4294967295 lsm=selinux res=1
01-01 01:37:25.167 I/auditd ( 517): type=1404 audit(0.0:3): enforcing=1 old_enforcing=0 auid=4294967295 ses=4294967295 enabled=1 old-enabled=1 lsm=selinux res=1
01-01 01:37:25.559 I/auditd ( 1): type=1107 audit(0.0:4): uid=0 auid=4294967295 ses=4294967295 subj=u:r:init:s0 msg='avc: denied { read } for property=persist.debug.trace pid=0 uid=0 gid=0 scontext=u:r:vendor_init:s0 tcontext=u:object_r:persist_debug_prop:s0 tclass=file permissive=0'
01-01 01:37:26.495 I/auditd ( 1): type=1400 audit(0.0:5): avc: denied { mounton } for comm="init" path="/sys/kernel/tracing" dev="tracefs" ino=1 scontext=u:r:init:s0 tcontext=u:object_r:debugfs_tracing_debug:s0 tclass=dir permissive=0
01-01 01:37:28.575 I/auditd ( 575): type=1400 audit(0.0:6): avc: denied { read write } for comm="fsck_msdos" name="sde51" dev="tmpfs" ino=3420 scontext=u:r:fsck:s0 tcontext=u:object_r:block_device:s0 tclass=blk_file permissive=0
01-01 01:37:28.575 I/auditd ( 575): type=1400 audit(0.0:7): avc: denied { read } for comm="fsck_msdos" name="sde51" dev="tmpfs" ino=3420 scontext=u:r:fsck:s0 tcontext=u:object_r:block_device:s0 tclass=blk_file permissive=0
01-01 01:37:28.575 I/auditd ( 575): type=1400 audit(0.0:8): avc: denied { kill } for comm="fsck_msdos" capability=5 scontext=u:r:fsck:s0 tcontext=u:r:fsck:s0 tclass=capability permissive=0
01-01 01:37:29.235 I/auditd ( 624): type=1400 audit(0.0:9): avc: denied { kill } for comm="vdc" capability=5 scontext=u:r:vdc:s0 tcontext=u:r:vdc:s0 tclass=capability permissive=0
01-01 01:37:29.298 I/auditd ( 591): SELinux: Loaded keystore2_key_contexts from:
01-01 01:37:29.299 I/auditd ( 591): /system/etc/selinux/plat_keystore2_key_contexts
01-01 01:37:29.351 I/auditd ( 629): type=1400 audit(0.0:10): avc: denied { kill } for comm="fsck.f2fs" capability=5 scontext=u:r:fsck:s0 tcontext=u:r:fsck:s0 tclass=capability permissive=0
01-01 01:37:29.619 I/auditd ( 628): type=1400 audit(0.0:11): avc: denied { kill } for comm="vdc" capability=5 scontext=u:r:vdc:s0 tcontext=u:r:vdc:s0 tclass=capability permissive=0
01-01 01:37:30.261 I/liblog ( 683): 52
01-01 01:37:30.261 I/liblog ( 683): 6
01-01 01:37:30.261 I/liblog ( 683): 10
01-01 01:37:30.261 I/liblog ( 683): 5
01-01 01:37:30.261 I/liblog ( 683): 21
01-01 01:37:30.261 I/liblog ( 683): 10
01-01 01:37:30.261 I/liblog ( 683): 10
01-01 01:37:30.261 I/liblog ( 683): 10
01-01 01:37:30.261 I/liblog ( 683): 10
01-01 01:37:30.261 I/liblog ( 683): 10
01-01 01:37:30.261 I/liblog ( 683): 6
01-01 01:37:30.261 I/liblog ( 683): 10
01-01 01:37:30.261 I/liblog ( 683): 6
01-01 01:37:30.262 I/liblog ( 683): 6
01-01 01:37:30.262 I/liblog ( 683): 6
01-01 01:37:30.262 I/liblog ( 683): 91
01-01 01:37:30.262 I/liblog ( 683): 5
01-01 01:37:30.262 I/liblog ( 683): 3
01-01 01:37:30.262 I/liblog ( 683): 22
01-01 01:37:30.262 I/liblog ( 683): 5
01-01 01:37:30.262 I/liblog ( 683): 6
01-01 01:37:30.262 I/liblog ( 683): 10
01-01 01:37:30.262 I/liblog ( 683): 10
01-01 01:37:30.263 I/liblog ( 683): 5
01-01 01:37:30.269 I/liblog ( 683): 2
01-01 01:37:31.428 I/boot_progress_start( 689): 42448
01-01 01:37:32.233 I/snet_event_log( 689): [200284993,-1,]
01-01 01:37:32.236 I/snet_event_log( 690): [200284993,-1,]
01-01 01:37:32.370 I/boot_progress_preload_start( 689): 43390
01-01 01:37:33.396 I/liblog ( 842): 135
01-01 01:37:34.264 I/auditd ( 1): type=1107 audit(0.0:12): uid=0 auid=4294967295 ses=4294967295 subj=u:r:init:s0 msg='avc: denied { set } for property=ctl.start$console pid=1082 uid=0 gid=0 scontext=u:r:vendor_qti_init_shell:s0 tcontext=u:object_r:ctl_start_prop:s0 tclass=property_service permissive=0'
01-01 01:37:34.284 I/auditd ( 488): type=1400 audit(0.0:13): avc: denied { setattr } for comm="init" name="rawdump" dev="tmpfs" ino=3481 scontext=u:r:vendor_init:s0 tcontext=u:object_r:block_device:s0 tclass=lnk_file permissive=0
01-01 01:37:34.288 I/auditd ( 488): type=1400 audit(0.0:14): avc: denied { setattr } for comm="init" name="rawdump" dev="tmpfs" ino=3481 scontext=u:r:vendor_init:s0 tcontext=u:object_r:block_device:s0 tclass=lnk_file permissive=0
01-01 01:37:34.559 I/auditd ( 519): avc: denied { find } for pid=1068 uid=1000 name=vendor.qti.hardware.display.config.IDisplayConfig/default scontext=u:r:surfaceflinger:s0 tcontext=u:object_r:default_android_service:s0 tclass=service_manager permissive=0
01-01 01:37:34.565 I/auditd ( 519): avc: denied { find } for pid=1068 uid=1000 name=vendor.qti.hardware.display.config.IDisplayConfig/default scontext=u:r:surfaceflinger:s0 tcontext=u:object_r:default_android_service:s0 tclass=service_manager permissive=0
01-01 01:37:34.867 I/boot_progress_preload_end( 689): 45887
01-01 01:37:35.684 I/auditd ( 1106): type=1400 audit(0.0:15): avc: denied { write } for comm="init.qcom.usb.s" name="uvc.0" dev="configfs" ino=45390 scontext=u:r:vendor_qti_init_shell:s0 tcontext=u:object_r:configfs:s0 tclass=dir permissive=0
01-01 01:37:35.684 I/auditd ( 1106): type=1400 audit(0.0:16): avc: denied { write } for comm="init.qcom.usb.s" name="uvc.0" dev="configfs" ino=45390 scontext=u:r:vendor_qti_init_shell:s0 tcontext=u:object_r:configfs:s0 tclass=dir permissive=0
01-01 01:37:35.743 I/system_server_start( 1155): [1,46720,46720]
01-01 01:37:35.720 I/auditd ( 1189): type=1400 audit(0.0:17): avc: denied { write } for comm="mkdir" name="header" dev="configfs" ino=45392 scontext=u:r:vendor_qti_init_shell:s0 tcontext=u:object_r:configfs:s0 tclass=dir permissive=0
01-01 01:37:35.744 I/boot_progress_system_run( 1155): 46764
01-01 01:37:35.768 I/auditd ( 1191): type=1400 audit(0.0:18): avc: denied { write } for comm="ln" name="fs" dev="configfs" ino=45401 scontext=u:r:vendor_qti_init_shell:s0 tcontext=u:object_r:configfs:s0 tclass=dir permissive=0
01-01 01:37:35.808 I/auditd ( 1192): type=1400 audit(0.0:19): avc: denied { write } for comm="ln" name="ss" dev="configfs" ino=45402 scontext=u:r:vendor_qti_init_shell:s0 tcontext=u:object_r:configfs:s0 tclass=dir permissive=0
01-01 01:37:35.868 I/auditd ( 1194): type=1400 audit(0.0:20): avc: denied { write } for comm="mkdir" name="uncompressed" dev="configfs" ino=45405 scontext=u:r:vendor_qti_init_shell:s0 tcontext=u:object_r:configfs:s0 tclass=dir permissive=0
01-01 01:37:35.916 I/auditd ( 1195): type=1400 audit(0.0:21): avc: denied { write } for comm="mkdir" name="uncompressed" dev="configfs" ino=45405 scontext=u:r:vendor_qti_init_shell:s0 tcontext=u:object_r:configfs:s0 tclass=dir permissive=0
01-01 01:37:35.960 I/auditd ( 1196): type=1400 audit(0.0:22): avc: denied { write } for comm="mkdir" name="mjpeg" dev="configfs" ino=45406 scontext=u:r:vendor_qti_init_shell:s0 tcontext=u:object_r:configfs:s0 tclass=dir permissive=0
01-01 01:37:35.996 I/auditd ( 1197): type=1400 audit(0.0:23): avc: denied { write } for comm="mkdir" name="mjpeg" dev="configfs" ino=45406 scontext=u:r:vendor_qti_init_shell:s0 tcontext=u:object_r:configfs:s0 tclass=dir permissive=0
01-01 01:37:36.028 I/auditd ( 1198): type=1400 audit(0.0:24): avc: denied { write } for comm="mkdir" name="h264" dev="configfs" ino=45407 scontext=u:r:vendor_qti_init_shell:s0 tcontext=u:object_r:configfs:s0 tclass=dir permissive=0
01-01 01:37:36.068 I/auditd ( 1199): type=1400 audit(0.0:25): avc: denied { write } for comm="mkdir" name="h264" dev="configfs" ino=45407 scontext=u:r:vendor_qti_init_shell:s0 tcontext=u:object_r:configfs:s0 tclass=dir permissive=0
01-01 01:37:36.112 I/auditd ( 1200): type=1400 audit(0.0:26): avc: denied { write } for comm="mkdir" name="header" dev="configfs" ino=45404 scontext=u:r:vendor_qti_init_shell:s0 tcontext=u:object_r:configfs:s0 tclass=dir permissive=0
01-01 01:37:36.168 I/auditd ( 1202): type=1400 audit(0.0:27): avc: denied { write } for comm="ln" name="header" dev="configfs" ino=45404 scontext=u:r:vendor_qti_init_shell:s0 tcontext=u:object_r:configfs:s0 tclass=dir permissive=0
01-01 01:37:36.224 I/auditd ( 1205): type=1400 audit(0.0:28): avc: denied { write } for comm="ln" name="header" dev="configfs" ino=45404 scontext=u:r:vendor_qti_init_shell:s0 tcontext=u:object_r:configfs:s0 tclass=dir permissive=0
01-01 01:37:36.308 I/auditd ( 1213): type=1400 audit(0.0:29): avc: denied { write } for comm="ln" name="header" dev="configfs" ino=45404 scontext=u:r:vendor_qti_init_shell:s0 tcontext=u:object_r:configfs:s0 tclass=dir permissive=0
01-01 01:37:36.364 I/auditd ( 1214): type=1400 audit(0.0:30): avc: denied { write } for comm="ln" name="fs" dev="configfs" ino=45411 scontext=u:r:vendor_qti_init_shell:s0 tcontext=u:object_r:configfs:s0 tclass=dir permissive=0
01-01 01:37:36.392 I/auditd ( 1216): type=1400 audit(0.0:31): avc: denied { write } for comm="ln" name="hs" dev="configfs" ino=45412 scontext=u:r:vendor_qti_init_shell:s0 tcontext=u:object_r:configfs:s0 tclass=dir permissive=0
01-01 01:37:36.424 I/auditd ( 1217): type=1400 audit(0.0:32): avc: denied { write } for comm="ln" name="ss" dev="configfs" ino=45413 scontext=u:r:vendor_qti_init_shell:s0 tcontext=u:object_r:configfs:s0 tclass=dir permissive=0
01-01 01:37:37.953 I/commit_sys_config_file( 1155): [batterystats-daily,16]
01-01 01:37:37.988 I/auditd ( 590): type=1400 audit(0.0:33): avc: denied { read } for comm="Binder:590_2" name="wakeup58" dev="sysfs" ino=89606 scontext=u:r:system_suspend:s0 tcontext=u:object_r:sysfs:s0 tclass=dir permissive=0
01-01 01:37:37.992 I/auditd ( 590): type=1400 audit(0.0:34): avc: denied { read } for comm="Binder:590_2" name="wakeup4" dev="sysfs" ino=52875 scontext=u:r:system_suspend:s0 tcontext=u:object_r:sysfs:s0 tclass=dir permissive=0
01-01 01:37:37.992 I/auditd ( 590): type=1400 audit(0.0:35): avc: denied { read } for comm="Binder:590_2" name="wakeup38" dev="sysfs" ino=73062 scontext=u:r:system_suspend:s0 tcontext=u:object_r:sysfs:s0 tclass=dir permissive=0
01-01 01:37:37.992 I/auditd ( 590): type=1400 audit(0.0:36): avc: denied { read } for comm="Binder:590_2" name="wakeup28" dev="sysfs" ino=62486 scontext=u:r:system_suspend:s0 tcontext=u:object_r:sysfs:s0 tclass=dir permissive=0
01-01 01:37:37.992 I/auditd ( 590): type=1400 audit(0.0:37): avc: denied { read } for comm="Binder:590_2" name="wakeup56" dev="sysfs" ino=89534 scontext=u:r:system_suspend:s0 tcontext=u:object_r:sysfs:s0 tclass=dir permissive=0
01-01 01:37:37.996 I/auditd ( 590): type=1400 audit(0.0:38): avc: denied { read } for comm="Binder:590_2" name="wakeup18" dev="sysfs" ino=61853 scontext=u:r:system_suspend:s0 tcontext=u:object_r:sysfs:s0 tclass=dir permissive=0
01-01 01:37:37.996 I/auditd ( 590): type=1400 audit(0.0:39): avc: denied { read } for comm="Binder:590_2" name="wakeup46" dev="sysfs" ino=83224 scontext=u:r:system_suspend:s0 tcontext=u:object_r:sysfs:s0 tclass=dir permissive=0
01-01 01:37:37.996 I/auditd ( 590): type=1400 audit(0.0:40): avc: denied { read } for comm="Binder:590_2" name="wakeup2" dev="sysfs" ino=52399 scontext=u:r:system_suspend:s0 tcontext=u:object_r:sysfs:s0 tclass=dir permissive=0
01-01 01:37:38.000 I/auditd ( 590): type=1400 audit(0.0:41): avc: denied { read } for comm="Binder:590_2" name="wakeup64" dev="sysfs" ino=89834 scontext=u:r:system_suspend:s0 tcontext=u:object_r:sysfs:s0 tclass=dir permissive=0
01-01 01:37:38.000 I/auditd ( 590): type=1400 audit(0.0:42): avc: denied { read } for comm="Binder:590_2" name="wakeup26" dev="sysfs" ino=62263 scontext=u:r:system_suspend:s0 tcontext=u:object_r:sysfs:s0 tclass=dir permissive=0
01-01 01:37:38.004 I/auditd ( 590): type=1400 audit(0.0:43): avc: denied { read } for comm="Binder:590_2" name="wakeup54" dev="sysfs" ino=89462 scontext=u:r:system_suspend:s0 tcontext=u:object_r:sysfs:s0 tclass=dir permissive=0
01-01 01:37:38.004 I/auditd ( 590): type=1400 audit(0.0:44): avc: denied { read } for comm="Binder:590_2" name="wakeup16" dev="sysfs" ino=61753 scontext=u:r:system_suspend:s0 tcontext=u:object_r:sysfs:s0 tclass=dir permissive=0
01-01 01:37:38.004 I/auditd ( 590): type=1400 audit(0.0:45): avc: denied { read } for comm="Binder:590_2" name="wakeup0" dev="sysfs" ino=49644 scontext=u:r:system_suspend:s0 tcontext=u:object_r:sysfs:s0 tclass=dir permissive=0
01-01 01:37:38.008 I/auditd ( 590): type=1400 audit(0.0:46): avc: denied { read } for comm="Binder:590_2" name="wakeup34" dev="sysfs" ino=66770 scontext=u:r:system_suspend:s0 tcontext=u:object_r:sysfs:s0 tclass=dir permissive=0
01-01 01:37:38.008 I/auditd ( 590): type=1400 audit(0.0:47): avc: denied { read } for comm="Binder:590_2" name="wakeup62" dev="sysfs" ino=89762 scontext=u:r:system_suspend:s0 tcontext=u:object_r:sysfs:s0 tclass=dir permissive=0
01-01 01:37:38.008 I/auditd ( 590): type=1400 audit(0.0:48): avc: denied { read } for comm="Binder:590_2" name="wakeup24" dev="sysfs" ino=62164 scontext=u:r:system_suspend:s0 tcontext=u:object_r:sysfs:s0 tclass=dir permissive=0
01-01 01:37:38.008 I/auditd ( 590): type=1400 audit(0.0:49): avc: denied { read } for comm="Binder:590_2" name="wakeup52" dev="sysfs" ino=89390 scontext=u:r:system_suspend:s0 tcontext=u:object_r:sysfs:s0 tclass=dir permissive=0
01-01 01:37:38.008 I/auditd ( 590): type=1400 audit(0.0:50): avc: denied { read } for comm="Binder:590_2" name="wakeup9" dev="sysfs" ino=61406 scontext=u:r:system_suspend:s0 tcontext=u:object_r:sysfs:s0 tclass=dir permissive=0
01-01 01:37:38.012 I/auditd ( 590): type=1400 audit(0.0:51): avc: denied { read } for comm="Binder:590_2" name="wakeup14" dev="sysfs" ino=61645 scontext=u:r:system_suspend:s0 tcontext=u:object_r:sysfs:s0 tclass=dir permissive=0
01-01 01:37:38.012 I/auditd ( 590): type=1400 audit(0.0:52): avc: denied { read } for comm="Binder:590_2" name="wakeup42" dev="sysfs" ino=73398 scontext=u:r:system_suspend:s0 tcontext=u:object_r:sysfs:s0 tclass=dir permissive=0
01-01 01:37:38.012 I/auditd ( 590): type=1400 audit(0.0:53): avc: denied { read } for comm="Binder:590_2" name="wakeup32" dev="sysfs" ino=62833 scontext=u:r:system_suspend:s0 tcontext=u:object_r:sysfs:s0 tclass=dir permissive=0
01-01 01:37:38.012 I/auditd ( 590): type=1400 audit(0.0:54): avc: denied { read } for comm="Binder:590_2" name="wakeup60" dev="sysfs" ino=89678 scontext=u:r:system_suspend:s0 tcontext=u:object_r:sysfs:s0 tclass=dir permissive=0
01-01 01:37:38.012 I/auditd ( 590): type=1400 audit(0.0:55): avc: denied { read } for comm="Binder:590_2" name="wakeup22" dev="sysfs" ino=62004 scontext=u:r:system_suspend:s0 tcontext=u:object_r:sysfs:s0 tclass=dir permissive=0
01-01 01:37:38.012 I/auditd ( 590): type=1400 audit(0.0:56): avc: denied { read } for comm="Binder:590_2" name="wakeup50" dev="sysfs" ino=84583 scontext=u:r:system_suspend:s0 tcontext=u:object_r:sysfs:s0 tclass=dir permissive=0
01-01 01:37:38.020 I/auditd ( 590): type=1400 audit(0.0:57): avc: denied { read } for comm="Binder:590_2" name="wakeup7" dev="sysfs" ino=61354 scontext=u:r:system_suspend:s0 tcontext=u:object_r:sysfs:s0 tclass=dir permissive=0
01-01 01:37:38.020 I/auditd ( 590): type=1400 audit(0.0:58): avc: denied { read } for comm="Binder:590_2" name="wakeup79" dev="sysfs" ino=95058 scontext=u:r:system_suspend:s0 tcontext=u:object_r:sysfs:s0 tclass=dir permissive=0
01-01 01:37:38.020 I/auditd ( 590): type=1400 audit(0.0:59): avc: denied { read } for comm="Binder:590_2" name="wakeup12" dev="sysfs" ino=61560 scontext=u:r:system_suspend:s0 tcontext=u:object_r:sysfs:s0 tclass=dir permissive=0
01-01 01:37:38.020 I/auditd ( 590): type=1400 audit(0.0:60): avc: denied { read } for comm="Binder:590_2" name="wakeup40" dev="sysfs" ino=73220 scontext=u:r:system_suspend:s0 tcontext=u:object_r:sysfs:s0 tclass=dir permissive=0
01-01 01:37:38.020 I/auditd ( 590): type=1400 audit(0.0:61): avc: denied { read } for comm="Binder:590_2" name="wakeup30" dev="sysfs" ino=62629 scontext=u:r:system_suspend:s0 tcontext=u:object_r:sysfs:s0 tclass=dir permissive=0
01-01 01:37:38.020 I/auditd ( 590): type=1400 audit(0.0:62): avc: denied { read } for comm="Binder:590_2" name="wakeup59" dev="sysfs" ino=89642 scontext=u:r:system_suspend:s0 tcontext=u:object_r:sysfs:s0 tclass=dir permissive=0
01-01 01:37:38.024 I/auditd ( 590): type=1400 audit(0.0:63): avc: denied { read } for comm="Binder:590_2" name="wakeup20" dev="sysfs" ino=61929 scontext=u:r:system_suspend:s0 tcontext=u:object_r:sysfs:s0 tclass=dir permissive=0
01-01 01:37:38.024 I/auditd ( 590): type=1400 audit(0.0:64): avc: denied { read } for comm="Binder:590_2" name="wakeup5" dev="sysfs" ino=52907 scontext=u:r:system_suspend:s0 tcontext=u:object_r:sysfs:s0 tclass=dir permissive=0
01-01 01:37:38.024 I/auditd ( 590): type=1400 audit(0.0:65): avc: denied { read } for comm="Binder:590_2" name="wakeup77" dev="sysfs" ino=94497 scontext=u:r:system_suspend:s0 tcontext=u:object_r:sysfs:s0 tclass=dir permissive=0
01-01 01:37:38.024 I/auditd ( 590): type=1400 audit(0.0:66): avc: denied { read } for comm="Binder:590_2" name="wakeup10" dev="sysfs" ino=61484 scontext=u:r:system_suspend:s0 tcontext=u:object_r:sysfs:s0 tclass=dir permissive=0
01-01 01:37:38.024 I/auditd ( 590): type=1400 audit(0.0:67): avc: denied { read } for comm="Binder:590_2" name="wakeup39" dev="sysfs" ino=73184 scontext=u:r:system_suspend:s0 tcontext=u:object_r:sysfs:s0 tclass=dir permissive=0
01-01 01:37:38.028 I/auditd ( 590): type=1400 audit(0.0:68): avc: denied { read } for comm="Binder:590_2" name="wakeup29" dev="sysfs" ino=62520 scontext=u:r:system_suspend:s0 tcontext=u:object_r:sysfs:s0 tclass=dir permissive=0
01-01 01:37:38.028 I/auditd ( 590): type=1400 audit(0.0:69): avc: denied { read } for comm="Binder:590_2" name="wakeup57" dev="sysfs" ino=89570 scontext=u:r:system_suspend:s0 tcontext=u:object_r:sysfs:s0 tclass=dir permissive=0
01-01 01:37:38.036 I/auditd ( 590): type=1400 audit(0.0:70): avc: denied { read } for comm="Binder:590_2" name="wakeup65" dev="sysfs" ino=89870 scontext=u:r:system_suspend:s0 tcontext=u:object_r:sysfs:s0 tclass=dir permissive=0
01-01 01:37:38.036 I/auditd ( 590): type=1400 audit(0.0:71): avc: denied { read } for comm="Binder:590_2" name="wakeup55" dev="sysfs" ino=89498 scontext=u:r:system_suspend:s0 tcontext=u:object_r:sysfs:s0 tclass=dir permissive=0
01-01 01:37:38.040 I/auditd ( 590): type=1400 audit(0.0:72): avc: denied { read } for comm="Binder:590_2" name="wakeup45" dev="sysfs" ino=83206 scontext=u:r:system_suspend:s0 tcontext=u:object_r:sysfs:s0 tclass=dir permissive=0
01-01 01:37:38.040 I/auditd ( 590): type=1400 audit(0.0:73): avc: denied { read } for comm="Binder:590_2" name="wakeup1" dev="sysfs" ino=49672 scontext=u:r:system_suspend:s0 tcontext=u:object_r:sysfs:s0 tclass=dir permissive=0
01-01 01:37:38.048 I/auditd ( 590): type=1400 audit(0.0:74): avc: denied { read } for comm="Binder:590_2" name="wakeup63" dev="sysfs" ino=89798 scontext=u:r:system_suspend:s0 tcontext=u:object_r:sysfs:s0 tclass=dir permissive=0
01-01 01:37:38.048 I/auditd ( 590): type=1400 audit(0.0:75): avc: denied { read } for comm="Binder:590_2" name="wakeup53" dev="sysfs" ino=89426 scontext=u:r:system_suspend:s0 tcontext=u:object_r:sysfs:s0 tclass=dir permissive=0
01-01 01:37:38.052 I/auditd ( 590): type=1400 audit(0.0:76): avc: denied { read } for comm="Binder:590_2" name="wakeup43" dev="sysfs" ino=74229 scontext=u:r:system_suspend:s0 tcontext=u:object_r:sysfs:s0 tclass=dir permissive=0
01-01 01:37:38.052 I/auditd ( 590): type=1400 audit(0.0:77): avc: denied { read } for comm="Binder:590_2" name="wakeup33" dev="sysfs" ino=62967 scontext=u:r:system_suspend:s0 tcontext=u:object_r:sysfs:s0 tclass=dir permissive=0
01-01 01:37:38.056 I/auditd ( 590): type=1400 audit(0.0:78): avc: denied { read } for comm="Binder:590_2" name="wakeup61" dev="sysfs" ino=89726 scontext=u:r:system_suspend:s0 tcontext=u:object_r:sysfs:s0 tclass=dir permissive=0
01-01 01:37:38.056 I/auditd ( 590): type=1400 audit(0.0:79): avc: denied { read } for comm="Binder:590_2" name="wakeup8" dev="sysfs" ino=61380 scontext=u:r:system_suspend:s0 tcontext=u:object_r:sysfs:s0 tclass=dir permissive=0
01-01 01:37:38.056 I/auditd ( 590): type=1400 audit(0.0:80): avc: denied { read } for comm="Binder:590_2" name="wakeup41" dev="sysfs" ino=73335 scontext=u:r:system_suspend:s0 tcontext=u:object_r:sysfs:s0 tclass=dir permissive=0
01-01 01:37:38.056 I/auditd ( 590): type=1400 audit(0.0:81): avc: denied { read } for comm="Binder:590_2" name="wakeup31" dev="sysfs" ino=62735 scontext=u:r:system_suspend:s0 tcontext=u:object_r:sysfs:s0 tclass=dir permissive=0
01-01 01:37:38.056 I/auditd ( 590): type=1400 audit(0.0:82): avc: denied { read } for comm="Binder:590_2" name="wakeup6" dev="sysfs" ino=53079 scontext=u:r:system_suspend:s0 tcontext=u:object_r:sysfs:s0 tclass=dir permissive=0
01-01 01:37:38.056 I/auditd ( 590): type=1400 audit(0.0:83): avc: denied { read } for comm="Binder:590_2" name="wakeup78" dev="sysfs" ino=94548 scontext=u:r:system_suspend:s0 tcontext=u:object_r:sysfs:s0 tclass=dir permissive=0
01-01 01:37:38.092 I/service_manager_slow( 1155): [40,package]
01-01 01:37:38.132 I/commit_sys_config_file( 1155): [batterystats,52]
01-01 01:37:38.137 I/commit_sys_config_file( 1155): [batterystats,4]
01-01 01:37:38.213 I/service_manager_stats( 1155): [100,180,49234]
01-01 01:37:38.550 I/rescue_note( 1155): [0,1,49564]
01-01 01:37:38.699 I/am_wtf ( 1155): [0,1155,system_server,-1,DisplayDeviceConfig,requesting nits when no mapping exists.]
01-01 01:37:38.700 I/am_wtf ( 1155): [0,1155,system_server,-1,DisplayDeviceConfig,requesting nits when no mapping exists.]
01-01 01:37:38.771 I/boot_progress_pms_start( 1155): 49791
01-01 01:37:39.305 I/boot_progress_pms_system_scan_start( 1155): 50325
01-01 01:37:40.512 I/auditd ( 853): type=1400 audit(0.0:84): avc: denied { read } for comm="android.hardwar" name="type" dev="sysfs" ino=74210 scontext=u:r:hal_health_default:s0 tcontext=u:object_r:sysfs:s0 tclass=file permissive=0
01-01 01:37:40.600 I/auditd ( 1662): type=1400 audit(0.0:85): avc: denied { read } for comm="hvdcp_opti" name="devices" dev="sysfs" ino=52701 scontext=u:r:vendor_hvdcp:s0 tcontext=u:object_r:sysfs:s0 tclass=dir permissive=0
01-01 01:37:41.192 I/boot_progress_pms_data_scan_start( 1155): 52212
01-01 01:37:41.256 I/boot_progress_pms_scan_end( 1155): 52276
01-01 01:37:41.608 I/commit_sys_config_file( 1155): [package-user-0,4]
01-01 01:37:41.608 I/commit_sys_config_file( 1155): [package,84]
01-01 01:37:41.608 I/boot_progress_pms_ready( 1155): 52628
01-01 01:37:41.650 I/dvm_lock_sample( 1155): [system_server,0,android.bg,172,Settings.java,5646,void com.android.server.pm.Settings$RuntimePermissionPersistence$MyHandler.handleMessage(android.os.Message),LegacyPermissionSettings.java,90,void com.android.server.pm.permission.LegacyPermissionSettings.replacePermissions(java.util.List),34]
01-01 01:37:41.720 I/am_uid_running( 1155): 1000
01-01 01:37:41.728 I/am_uid_active( 1155): 1000
01-01 01:37:41.854 I/commit_sys_config_file( 1155): [overlays,3]
01-01 01:37:41.877 I/battery_status( 1155): [1,1,0,0,]
08-22 17:41:50.139 I/wm_task_created( 1155): [1,-1]
08-22 17:41:50.153 I/sysui_multi_action( 1155): [757,1594,758,4,759,0,806,NULL]
08-22 17:41:50.235 I/auditd ( 1155): type=1400 audit(0.0:86): avc: denied { read } for comm="InputReader" name="virtualkeys.cyttsp7_mt" dev="sysfs" ino=73374 scontext=u:r:system_server:s0 tcontext=u:object_r:sysfs:s0 tclass=file permissive=0
08-22 17:41:50.277 I/configuration_changed( 1155): 536894968
08-22 17:41:50.279 I/sysui_multi_action( 1155): [757,1659,758,4,759,2,1660,0]
08-22 17:41:50.284 I/configuration_changed( 1155): 8 --------- beginning of radio
08-22 17:41:50.816 D/TelephonyRegistry( 1155): listen oscl: mHasNotifySubscriptionInfoChangedOccurred==false no callback
08-22 17:41:51.037 I/storage_state( 1155): [41217664-9172-527a-b3d5-edabb50a7d69,0,0,46244102144,48316284928]
08-22 17:41:51.085 I/service_manager_stats( 1155): [411,253,5026]
08-22 17:41:51.195 I/auditd ( 1155): type=1400 audit(0.0:87): avc: denied { read } for comm="system_server" name="u:object_r:vendor_default_prop:s0" dev="tmpfs" ino=31813 scontext=u:r:system_server:s0 tcontext=u:object_r:vendor_default_prop:s0 tclass=file permissive=0
08-22 17:41:51.199 I/auditd ( 1856): type=1400 audit(0.0:88): avc: denied { read } for comm="ip" name="rt_tables" dev="dm-10" ino=334 scontext=u:r:ethernet:s0 tcontext=u:object_r:net_data_file:s0 tclass=file permissive=0
08-22 17:41:51.210 I/commit_sys_config_file( 1155): [settings-2-0,3]
08-22 17:41:51.207 I/auditd ( 1355): type=1400 audit(0.0:89): avc: denied { write } for comm="sh" name="ip_forward" dev="proc" ino=42155 scontext=u:r:ethernet:s0 tcontext=u:object_r:proc_net:s0 tclass=file permissive=0
08-22 17:41:51.211 I/auditd ( 1355): type=1400 audit(0.0:90): avc: denied { write } for comm="sh" name="ip_default_ttl" dev="proc" ino=55292 scontext=u:r:ethernet:s0 tcontext=u:object_r:proc_net:s0 tclass=file permissive=0
08-22 17:41:51.211 I/auditd ( 1355): type=1400 audit(0.0:91): avc: denied { write } for comm="sh" name="tcp_keepalive_probes" dev="proc" ino=55293 scontext=u:r:ethernet:s0 tcontext=u:object_r:proc_net:s0 tclass=file permissive=0
08-22 17:41:51.211 I/auditd ( 1355): type=1400 audit(0.0:92): avc: denied { write } for comm="sh" name="tcp_keepalive_intvl" dev="proc" ino=55294 scontext=u:r:ethernet:s0 tcontext=u:object_r:proc_net:s0 tclass=file permissive=0
08-22 17:41:51.211 I/auditd ( 1355): type=1400 audit(0.0:93): avc: denied { write } for comm="sh" name="tcp_keepalive_time" dev="proc" ino=55295 scontext=u:r:ethernet:s0 tcontext=u:object_r:proc_net:s0 tclass=file permissive=0
08-22 17:41:51.211 I/auditd ( 1355): type=1400 audit(0.0:94): avc: denied { write } for comm="sh" name="tcp_rmem" dev="proc" ino=55296 scontext=u:r:ethernet:s0 tcontext=u:object_r:proc_net:s0 tclass=file permissive=0
08-22 17:41:51.211 I/auditd ( 1355): type=1400 audit(0.0:95): avc: denied { write } for comm="sh" name="tcp_wmem" dev="proc" ino=58369 scontext=u:r:ethernet:s0 tcontext=u:object_r:proc_net:s0 tclass=file permissive=0
08-22 17:41:51.211 I/auditd ( 1355): type=1400 audit(0.0:96): avc: denied { write } for comm="sh" name="tcp_synack_retries" dev="proc" ino=46073 scontext=u:r:ethernet:s0 tcontext=u:object_r:proc_net:s0 tclass=file permissive=0
08-22 17:41:51.211 I/auditd ( 1355): type=1400 audit(0.0:97): avc: denied { write } for comm="sh" name="tcp_syn_retries" dev="proc" ino=46072 scontext=u:r:ethernet:s0 tcontext=u:object_r:proc_net:s0 tclass=file permissive=0
08-22 17:41:51.211 I/auditd ( 1355): type=1400 audit(0.0:98): avc: denied { write } for comm="sh" name="tcp_max_tw_buckets" dev="proc" ino=58370 scontext=u:r:ethernet:s0 tcontext=u:object_r:proc_net:s0 tclass=file permissive=0
08-22 17:41:51.211 I/auditd ( 1355): type=1400 audit(0.0:99): avc: denied { write } for comm="sh" name="tcp_retries2" dev="proc" ino=46075 scontext=u:r:ethernet:s0 tcontext=u:object_r:proc_net:s0 tclass=file permissive=0
08-22 17:41:51.211 I/auditd ( 1355): type=1400 audit(0.0:100): avc: denied { write } for comm="sh" name="icmp_echo_ignore_all" dev="proc" ino=58371 scontext=u:r:ethernet:s0 tcontext=u:object_r:proc_net:s0 tclass=file permissive=0
08-22 17:41:51.211 I/auditd ( 1355): type=1400 audit(0.0:101): avc: denied { write } for comm="sh" name="icmp_echo_ignore_broadcasts" dev="proc" ino=58372 scontext=u:r:ethernet:s0 tcontext=u:object_r:proc_net:s0 tclass=file permissive=0
08-22 17:41:51.215 I/auditd ( 1355): type=1400 audit(0.0:102): avc: denied { write } for comm="sh" name="tcp_window_scaling" dev="proc" ino=58373 scontext=u:r:ethernet:s0 tcontext=u:object_r:proc_net:s0 tclass=file permissive=0
08-22 17:41:51.215 I/auditd ( 1355): type=1400 audit(0.0:103): avc: denied { write } for comm="sh" name="drop_gratuitous_arp" dev="proc" ino=58374 scontext=u:r:ethernet:s0 tcontext=u:object_r:proc_net:s0 tclass=file permissive=0
08-22 17:41:51.215 I/auditd ( 1355): type=1400 audit(0.0:104): avc: denied { write } for comm="sh" name="arp_accept" dev="proc" ino=58375 scontext=u:r:ethernet:s0 tcontext=u:object_r:proc_net:s0 tclass=file permissive=0
08-22 17:41:51.215 I/auditd ( 1355): type=1400 audit(0.0:105): avc: denied { write } for comm="sh" name="arp_notify" dev="proc" ino=58376 scontext=u:r:ethernet:s0 tcontext=u:object_r:proc_net:s0 tclass=file permissive=0
08-22 17:41:51.215 I/auditd ( 1355): type=1400 audit(0.0:106): avc: denied { write } for comm="sh" name="arp_ignore" dev="proc" ino=58377 scontext=u:r:ethernet:s0 tcontext=u:object_r:proc_net:s0 tclass=file permissive=0
08-22 17:41:51.260 I/commit_sys_config_file( 1155): [notification-policy,3]
08-22 17:41:51.260 I/service_manager_slow( 1155): [10,biometric]
08-22 17:41:51.297 I/commit_sys_config_file( 1155): [settings-1-0,8]
08-22 17:41:51.378 I/am_wtf ( 1155): [0,1155,system_server,-1,LazyAlarmStore,Removed TIME_TICK alarm]
08-22 17:41:51.395 I/configuration_changed( 1155): 512
08-22 17:41:51.411 I/stream_devices_changed( 1155): [4,0,2]
08-22 17:41:51.412 I/stream_devices_changed( 1155): [3,0,2]
08-22 17:41:51.414 I/stream_devices_changed( 1155): [2,0,2]
08-22 17:41:51.414 I/stream_devices_changed( 1155): [0,0,1]
08-22 17:41:51.435 I/stream_devices_changed( 1155): [6,0,1]
08-22 17:41:51.571 I/commit_sys_config_file( 1155): [package-session,5]
08-22 17:41:51.685 I/boot_progress_ams_ready( 1155): 54860
08-22 17:41:51.737 I/configuration_changed( 1155): 268435456
08-22 17:41:51.757 I/commit_sys_config_file( 1155): [log-files,2]
08-22 17:41:51.764 I/am_uid_running( 1155): 1002
08-22 17:41:51.791 I/commit_sys_config_file( 1155): [log-files,37]
08-22 17:41:51.805 I/am_proc_start( 1155): [0,1892,1002,com.android.bluetooth,service,{com.android.bluetooth/com.android.bluetooth.btservice.AdapterService}]
08-22 17:41:51.822 I/am_uid_running( 1155): 10107
08-22 17:41:51.861 I/am_proc_bound( 1155): [0,1892,com.android.bluetooth]
08-22 17:41:51.876 I/am_uid_active( 1155): 1002
08-22 17:41:51.892 I/am_proc_start( 1155): [0,1912,10107,com.android.systemui,service,{com.android.systemui/com.android.systemui.ImageWallpaper}]
08-22 17:41:51.905 I/am_uid_running( 1155): 1037
08-22 17:41:51.916 I/commit_sys_config_file( 1155): [net-policy,6]
08-22 17:41:51.934 D/TelephonyRegistry( 1155): listen oscl: mHasNotifySubscriptionInfoChangedOccurred==false no callback
08-22 17:41:51.938 D/TelephonyRegistry( 1155): listen oscl: mHasNotifySubscriptionInfoChangedOccurred==false no callback
08-22 17:41:51.950 I/am_proc_bound( 1155): [0,1912,com.android.systemui]
08-22 17:41:51.954 I/am_uid_active( 1155): 10107
08-22 17:41:51.971 D/TelephonyRegistry( 1155): listen oscl: mHasNotifySubscriptionInfoChangedOccurred==false no callback
08-22 17:41:52.027 I/service_manager_slow( 1155): [12,phone]
08-22 17:41:52.027 I/service_manager_slow( 1892): [15,game]
08-22 17:41:52.053 D/TelephonyRegistry( 1155): listen oscl: mHasNotifySubscriptionInfoChangedOccurred==false no callback
08-22 17:41:52.087 I/am_proc_start( 1155): [0,1954,1037,WebViewLoader-armeabi-v7a,NULL,]
08-22 17:41:52.135 I/am_proc_start( 1155): [0,1964,1037,WebViewLoader-arm64-v8a,NULL,]
08-22 17:41:52.143 W/CarrierConfigManager( 1155): Error getting config for subId -1 ICarrierConfigLoader is null
08-22 17:41:52.184 I/am_proc_bound( 1155): [0,1964,WebViewLoader-arm64-v8a]
08-22 17:41:52.186 I/am_uid_active( 1155): 1037
08-22 17:41:52.199 I/commit_sys_config_file( 1155): [settings-0-0,20]
08-22 17:41:52.201 I/am_proc_bound( 1155): [0,1954,WebViewLoader-armeabi-v7a]
08-22 17:41:52.237 I/am_uid_running( 1155): 1073
08-22 17:41:52.248 I/configuration_changed( 1155): 16384
08-22 17:41:52.256 D/TelephonyRegistry( 1155): systemRunning register for intents
08-22 17:41:52.258 I/ssm_user_starting( 1155): 0
08-22 17:41:52.269 I/service_manager_slow( 1155): [21,alarm]
08-22 17:41:52.324 I/netstats_mobile_sample( 1155): [0,0,0,0,0,0,0,0,0,0,0,0,1661190112324]
08-22 17:41:52.324 I/netstats_wifi_sample( 1155): [0,0,0,0,0,0,0,0,0,0,0,0,1661190112324]
08-22 17:41:52.366 I/netstats_mobile_sample( 1155): [0,0,0,0,0,0,0,0,0,0,0,0,1661190112366]
08-22 17:41:52.366 I/netstats_wifi_sample( 1155): [0,0,0,0,0,0,0,0,0,0,0,0,1661190112366]
08-22 17:41:52.368 I/am_uid_running( 1155): 1001
08-22 17:41:52.374 I/am_uid_running( 1155): 10056
08-22 17:41:52.377 I/am_uid_running( 1155): 10109
08-22 17:41:52.379 I/am_uid_running( 1155): 10099
08-22 17:41:52.382 I/am_uid_running( 1155): 10112
08-22 17:41:52.383 I/am_uid_running( 1155): 1068
08-22 17:41:52.385 I/am_uid_running( 1155): 10086
08-22 17:41:52.418 I/netstats_mobile_sample( 1155): [0,0,0,0,0,0,0,0,0,0,0,0,1661190112418]
08-22 17:41:52.418 I/netstats_wifi_sample( 1155): [0,0,0,0,0,0,0,0,0,0,0,0,1661190112418]
08-22 17:41:52.422 I/wm_task_created( 1155): [2,-1]
08-22 17:41:52.424 I/wm_task_moved( 1155): [2,1,2147483647]
08-22 17:41:52.426 I/wm_task_moved( 1155): [1,1,0]
08-22 17:41:52.426 I/wm_create_task( 1155): [0,2]
08-22 17:41:52.426 I/wm_create_activity( 1155): [0,97826449,2,com.android.settings/.FallbackHome,android.intent.action.MAIN,NULL,NULL,276824320]
08-22 17:41:52.430 I/wm_task_moved( 1155): [1,1,0]
08-22 17:41:52.430 I/wm_task_moved( 1155): [2,1,2147483647]
08-22 17:41:52.430 I/wm_task_to_front( 1155): [0,2]
08-22 17:41:52.446 I/netstats_mobile_sample( 1155): [0,0,0,0,0,0,0,0,0,0,0,0,1661190112446]
08-22 17:41:52.446 I/netstats_wifi_sample( 1155): [0,0,0,0,0,0,0,0,0,0,0,0,1661190112446]
08-22 17:41:52.475 I/netstats_mobile_sample( 1155): [0,0,0,0,0,0,0,0,0,0,0,0,1661190112475]
08-22 17:41:52.475 I/netstats_wifi_sample( 1155): [0,0,0,0,0,0,0,0,0,0,0,0,1661190112475]
08-22 17:41:52.499 I/netstats_mobile_sample( 1155): [0,0,0,0,0,0,0,0,0,0,0,0,1661190112499]
08-22 17:41:52.499 I/netstats_wifi_sample( 1155): [0,0,0,0,0,0,0,0,0,0,0,0,1661190112499]
08-22 17:41:52.524 I/uc_send_user_broadcast( 1155): [0,android.intent.action.USER_FOREGROUND]
08-22 17:41:52.524 I/uc_send_user_broadcast( 1155): [0,android.intent.action.USER_SWITCHED]
08-22 17:41:52.525 I/netstats_mobile_sample( 1155): [0,0,0,0,0,0,0,0,0,0,0,0,1661190112525]
08-22 17:41:52.525 I/am_proc_start( 1155): [0,2023,1073,com.android.networkstack.process,service,{com.android.networkstack/com.android.server.NetworkStackService}]
08-22 17:41:52.526 I/netstats_wifi_sample( 1155): [0,0,0,0,0,0,0,0,0,0,0,0,1661190112525]
08-22 17:41:52.565 I/service_manager_slow( 2023): [11,activity]
08-22 17:41:52.567 I/am_proc_bound( 1155): [0,2023,com.android.networkstack.process]
08-22 17:41:52.579 I/am_uid_active( 1155): 1073
08-22 17:41:52.586 I/netstats_mobile_sample( 1155): [0,0,0,0,0,0,0,0,0,0,0,0,1661190112586]
08-22 17:41:52.586 I/netstats_wifi_sample( 1155): [0,0,0,0,0,0,0,0,0,0,0,0,1661190112586]
08-22 17:41:52.589 I/wm_task_created( 1155): [3,-1]
08-22 17:41:52.602 I/notification_cancel_all( 1155): [1000,1155,android,0,0,0,20,NULL]
08-22 17:41:52.611 I/wm_task_created( 1155): [4,-1]
08-22 17:41:52.614 I/am_uid_running( 1155): 10129
08-22 17:41:52.622 I/am_proc_start( 1155): [0,2069,1001,.dataservices,added application,.dataservices]
08-22 17:41:52.644 I/netstats_mobile_sample( 1155): [0,0,0,0,0,0,0,0,0,0,0,0,1661190112643]
08-22 17:41:52.644 I/netstats_wifi_sample( 1155): [0,0,0,0,0,0,0,0,0,0,0,0,1661190112643]
08-22 17:41:52.683 I/wm_task_created( 1155): [5,-1]
08-22 17:41:52.689 I/wm_task_created( 1155): [6,-1]
08-22 17:41:52.697 I/wm_task_created( 1155): [7,-1]
08-22 17:41:52.698 I/am_proc_start( 1155): [0,2084,10056,.qtidataservices,added application,.qtidataservices]
08-22 17:41:52.749 I/am_proc_died( 1155): [0,1954,WebViewLoader-armeabi-v7a,-700,0]
08-22 17:41:52.756 I/am_low_memory( 1155): 5
08-22 17:41:52.772 I/bt_config_source( 1892): 1
08-22 17:41:52.775 I/bt_config_source( 1892): 1
08-22 17:41:52.801 I/service_manager_slow( 2069): [10,activity]
08-22 17:41:52.802 I/am_proc_bound( 1155): [0,2069,.dataservices]
08-22 17:41:52.813 I/am_uid_active( 1155): 1001
08-22 17:41:52.858 I/am_proc_bound( 1155): [0,2084,.qtidataservices]
08-22 17:41:52.861 I/am_uid_active( 1155): 10056
08-22 17:41:52.875 I/liblog ( 1892): 35
08-22 17:41:52.876 I/dvm_lock_sample( 1155): [system_server,1,ActivityManager:procStart,173,ZygoteProcess.java,784,android.os.Process$ProcessStartResult android.os.ZygoteProcess.startViaZygote(java.lang.String, java.lang.String, int, int, int[], int, int, int, java.lang.String, java.lang.String, java.lang.String, java.lang.String, java.lang.String, boolean, java.lang.String, int, boolean, long[], java.util.Map, java.util.Map, boolean, boolean, java.lang.String[]),-,787,android.os.Process$ProcessStartResult android.os.ZygoteProcess.startViaZygote(java.lang.String, java.lang.String, int, int, int[], int, int, int, java.lang.String, java.lang.String, java.lang.String, java.lang.String, java.lang.String, boolean, java.lang.String, int, boolean, long[], java.util.Map, java.util.Map, boolean, boolean, java.lang.String[]),34]
08-22 17:41:52.901 I/service_manager_slow( 1155): [124,alarm]
08-22 17:41:52.901 I/netstats_mobile_sample( 1155): [0,0,0,0,0,0,0,0,0,0,0,0,1661190112901]
08-22 17:41:52.901 I/netstats_wifi_sample( 1155): [0,0,0,0,0,0,0,0,0,0,0,0,1661190112901]
08-22 17:41:52.903 I/dvm_lock_sample( 1155): [system_server,0,NetworkPolicy,239,NetworkStatsService.java,1026,void com.android.server.net.NetworkStatsService.advisePersistThreshold(long),-,1506,void com.android.server.net.NetworkStatsService.performPoll(int),47]
08-22 17:41:52.907 I/commit_sys_config_file( 1155): [settings-0-0,59]
08-22 17:41:52.931 I/dvm_lock_sample( 1155): [system_server,0,main,7,ActivityManagerService.java,12158,void com.android.server.am.ActivityManagerService.serviceDoneExecuting(android.os.IBinder, int, int, int),BroadcastQueue.java,988,void com.android.server.am.BroadcastQueue.processNextBroadcast(boolean),1]
08-22 17:41:52.986 I/service_manager_slow( 2023): [18,isub]
08-22 17:41:52.989 I/netstats_mobile_sample( 1155): [0,0,0,0,0,0,0,0,0,0,0,0,1661190112989]
08-22 17:41:52.989 I/netstats_wifi_sample( 1155): [0,0,0,0,0,0,0,0,0,0,0,0,1661190112989]
08-22 17:41:53.058 I/am_proc_start( 1155): [0,2167,10109,com.qualcomm.qtil.aptxacu,added application,com.qualcomm.qtil.aptxacu]
08-22 17:41:53.135 D/TelephonyRegistry( 1155): listen oscl: mHasNotifySubscriptionInfoChangedOccurred==false no callback
08-22 17:41:53.192 I/am_proc_start( 1155): [0,2194,10099,com.qualcomm.qtil.aptxals,added application,com.qualcomm.qtil.aptxals]
08-22 17:41:53.230 I/am_proc_bound( 1155): [0,2167,com.qualcomm.qtil.aptxacu]
08-22 17:41:53.237 I/am_uid_active( 1155): 10109
08-22 17:41:53.269 I/am_proc_died( 1155): [0,1964,WebViewLoader-arm64-v8a,-700,0]
08-22 17:41:53.270 I/am_uid_stopped( 1155): 1037
08-22 17:41:53.271 I/am_low_memory( 1155): 7
08-22 17:41:53.272 I/am_proc_start( 1155): [0,2203,1000,vendor.qti.qesdk.sysservice,added application,vendor.qti.qesdk.sysservice]
08-22 17:41:53.300 I/netstats_mobile_sample( 1155): [0,0,0,0,0,0,0,0,0,0,0,0,1661190113300]
08-22 17:41:53.300 I/netstats_wifi_sample( 1155): [0,0,0,0,0,0,0,0,0,0,0,0,1661190113300]
08-22 17:41:53.375 I/netstats_mobile_sample( 1155): [0,0,0,0,0,0,0,0,0,0,0,0,1661190113374]
08-22 17:41:53.375 I/netstats_wifi_sample( 1155): [0,0,0,0,0,0,0,0,0,0,0,0,1661190113374]
08-22 17:41:53.400 I/am_proc_start( 1155): [0,2213,10112,com.qti.qualcomm.mstatssystemservice,added application,com.qti.qualcomm.mstatssystemservice]
08-22 17:41:53.438 I/netstats_mobile_sample( 1155): [0,0,0,0,0,0,0,0,0,0,0,0,1661190113438]
08-22 17:41:53.438 I/netstats_wifi_sample( 1155): [0,0,0,0,0,0,0,0,0,0,0,0,1661190113438]
08-22 17:41:53.468 I/am_proc_start( 1155): [0,2222,1068,com.android.se,added application,com.android.se]
08-22 17:41:53.475 I/netstats_mobile_sample( 1155): [0,0,0,0,0,0,0,0,0,0,0,0,1661190113475]
08-22 17:41:53.476 I/netstats_wifi_sample( 1155): [0,0,0,0,0,0,0,0,0,0,0,0,1661190113475]
08-22 17:41:53.504 D/TelephonyRegistry( 1155): listen oscl: mHasNotifySubscriptionInfoChangedOccurred==false no callback
08-22 17:41:53.548 I/am_proc_start( 1155): [0,2230,1000,com.thundercomm.remotecontrolservice,added application,com.thundercomm.remotecontrolservice]
08-22 17:41:53.585 I/am_proc_bound( 1155): [0,2203,vendor.qti.qesdk.sysservice]
08-22 17:41:53.631 I/am_uid_running( 1155): 10106
08-22 17:41:53.645 I/am_proc_bound( 1155): [0,2213,com.qti.qualcomm.mstatssystemservice]
08-22 17:41:53.657 I/am_uid_active( 1155): 10112
08-22 17:41:53.662 I/am_proc_start( 1155): [0,2270,10086,com.qualcomm.qti.devicestatisticsservice,added application,com.qualcomm.qti.devicestatisticsservice]
08-22 17:41:53.686 I/service_manager_slow( 2230): [23,activity]
08-22 17:41:53.687 I/am_proc_bound( 1155): [0,2230,com.thundercomm.remotecontrolservice]
08-22 17:41:53.729 D/TelephonyRegistry( 1155): listen oscl: mHasNotifySubscriptionInfoChangedOccurred==false no callback
08-22 17:41:53.736 I/service_manager_slow( 2222): [16,activity]
08-22 17:41:53.737 I/am_proc_bound( 1155): [0,2222,com.android.se]
08-22 17:41:53.760 I/am_uid_active( 1155): 1068
08-22 17:41:53.761 I/am_proc_start( 1155): [0,2323,1000,com.qualcomm.qti.qdma,added application,com.qualcomm.qti.qdma]
08-22 17:41:53.783 I/notification_cancel_all( 1155): [1000,1155,com.android.systemui,0,0,0,20,NULL]
08-22 17:41:53.786 D/TelephonyRegistry( 1155): notifyCellLocationForSubscriber: subId=2147483647 cellIdentity=null
08-22 17:41:53.798 I/notification_enqueue( 1155): [1000,1155,android,32,NULL,-1,Notification(channel=USB shortcut=null contentView=null vibrate=null sound=null tick defaults=0x0 flags=0x2 color=0x00000000 vis=PUBLIC),0]
08-22 17:41:53.802 I/am_proc_bound( 1155): [0,2194,com.qualcomm.qtil.aptxals]
08-22 17:41:53.809 I/am_uid_active( 1155): 10099
08-22 17:41:53.820 I/am_proc_bound( 1155): [0,2270,com.qualcomm.qti.devicestatisticsservice]
08-22 17:41:53.827 I/am_uid_active( 1155): 10086
08-22 17:41:53.827 I/sysui_multi_action( 1155): [757,1501,758,1,793,398,794,0,795,398,796,32,806,android,857,USB,858,1,947,0,1500,0]
08-22 17:41:53.828 I/sysui_multi_action( 1155): [757,804,799,note_interruptive,801,0,802,1]
08-22 17:41:53.865 I/commit_sys_config_file( 1155): [settings-2-0,86]
08-22 17:41:53.920 I/service_manager_slow( 2323): [25,activity]
08-22 17:41:53.922 I/am_proc_bound( 1155): [0,2323,com.qualcomm.qti.qdma]
08-22 17:41:53.944 I/service_manager_slow( 2222): [21,content_capture]
08-22 17:41:53.960 I/am_proc_start( 1155): [0,2374,1000,com.android.settings,top-activity,{com.android.settings/com.android.settings.FallbackHome}]
08-22 17:41:54.049 I/am_proc_start( 1155): [0,2393,10129,android.ext.services,service,{android.ext.services/android.ext.services.autofill.InlineSuggestionRenderServiceImpl}]
08-22 17:41:54.085 I/service_manager_slow( 2374): [10,activity]
08-22 17:41:54.086 I/am_proc_bound( 1155): [0,2374,com.android.settings]
08-22 17:41:54.092 I/sysui_multi_action( 1912): [757,213,758,4,759,-1]
08-22 17:41:54.117 I/wm_restart_activity( 1155): [0,97826449,2,com.android.settings/.FallbackHome]
08-22 17:41:54.139 I/wm_set_resumed_activity( 1155): [0,com.android.settings/.FallbackHome,minimalResumeActivityLocked]
08-22 17:41:54.141 I/am_proc_start( 1155): [0,2411,10106,com.android.launcher3,service,{com.android.launcher3/com.android.quickstep.TouchInteractionService}]
08-22 17:41:54.245 I/am_proc_bound( 1155): [0,2411,com.android.launcher3]
08-22 17:41:54.248 W/CarrierConfigManager( 1912): Error getting config for subId -1 ICarrierConfigLoader is null
08-22 17:41:54.256 I/am_uid_active( 1155): 10106
08-22 17:41:54.280 D/TelephonyRegistry( 1155): listen oscl: mHasNotifySubscriptionInfoChangedOccurred==false no callback
08-22 17:41:54.340 I/am_proc_bound( 1155): [0,2393,android.ext.services]
08-22 17:41:54.347 I/am_uid_active( 1155): 10129
08-22 17:41:54.459 I/wm_on_create_called( 2374): [97826449,com.android.settings.FallbackHome,performCreate]
08-22 17:41:54.460 I/wm_on_start_called( 2374): [97826449,com.android.settings.FallbackHome,handleStartActivity]
08-22 17:41:54.461 I/wm_on_resume_called( 2374): [97826449,com.android.settings.FallbackHome,RESUME_ACTIVITY]
08-22 17:41:54.493 I/am_uid_running( 1155): 10120
08-22 17:41:54.494 I/wm_on_top_resumed_gained_called( 2374): [97826449,com.android.settings.FallbackHome,topStateChangedWhenResumed]
08-22 17:41:54.501 I/input_focus( 1155): [Focus request cb1af33 com.android.settings/com.android.settings.FallbackHome,reason=UpdateInputWindows]
08-22 17:41:54.535 I/am_wtf ( 1155): [0,1155,system_server,-1,Binder,Outgoing transactions from this process must be FLAG_ONEWAY]
08-22 17:41:54.567 I/am_proc_start( 1155): [0,2494,10120,com.qualcomm.qti.qccauthmgr,content provider,{com.qualcomm.qti.qccauthmgr/com.qualcomm.qti.qccauthmgr.providers.SMQContentProvider}]
08-22 17:41:54.631 I/boot_progress_enable_screen( 1155): 57807
08-22 17:41:54.636 I/screen_toggled( 1155): 1
08-22 17:41:54.696 I/am_proc_bound( 1155): [0,2494,com.qualcomm.qti.qccauthmgr]
08-22 17:41:54.700 I/am_uid_active( 1155): 10120
08-22 17:41:55.651 I/netstats_mobile_sample( 1155): [0,0,0,0,0,0,0,0,0,0,0,0,1661190115651]
08-22 17:41:55.651 I/netstats_wifi_sample( 1155): [0,0,0,0,0,0,0,0,0,0,0,0,1661190115651]
08-22 17:41:55.695 I/netstats_mobile_sample( 1155): [0,0,0,0,0,0,0,0,0,0,0,0,1661190115695]
08-22 17:41:55.695 I/netstats_wifi_sample( 1155): [0,0,0,0,0,0,0,0,0,0,0,0,1661190115695]
08-22 17:41:56.013 D/TelephonyRegistry( 1155): listen oscl: mHasNotifySubscriptionInfoChangedOccurred==false no callback
08-22 17:41:56.169 I/commit_sys_config_file( 1155): [settings-0-0,13]
08-22 17:41:56.305 I/service_manager_stats( 1155): [313,1143,5220]
08-22 17:41:56.395 I/sf_stop_bootanim( 1068): 59571
08-22 17:41:56.400 I/wm_boot_animation_done( 1155): 59576
08-22 17:41:56.430 I/input_focus( 1155): [Focus entering cb1af33 com.android.settings/com.android.settings.FallbackHome (server),reason=setFocusedWindow]
08-22 17:41:56.460 I/am_uid_running( 1155): 10082
08-22 17:41:56.558 I/uc_finish_user_boot( 1155): 0
08-22 17:41:56.558 I/am_user_state_changed( 1155): [0,1]
08-22 17:41:56.561 I/uc_send_user_broadcast( 1155): [0,android.intent.action.LOCKED_BOOT_COMPLETED]
08-22 17:41:56.654 I/uc_finish_user_unlocking( 1155): 0
08-22 17:41:56.657 I/dvm_lock_sample( 1155): [system_server,0,android.fg,107,ActivityManagerService.java,13701,int com.android.server.am.ActivityManagerService.broadcastIntentWithFeature(android.app.IApplicationThread, java.lang.String, android.content.Intent, java.lang.String, android.content.IIntentReceiver, int, java.lang.String, android.os.Bundle, java.lang.String[], java.lang.String[], int, android.os.Bundle, boolean, boolean, int),-,4860,void com.android.server.am.ActivityManagerService.finishBooting(),21]
08-22 17:41:56.659 I/dvm_lock_sample( 1155): [system_server,1,ActivityManager:procStart,109,ProcessList.java,2160,void com.android.server.am.ProcessList.handleProcessStart(com.android.server.am.ProcessRecord, java.lang.String, int[], int, int, int, java.lang.String, java.lang.String, java.lang.String, long),ActivityManagerService.java,4860,void com.android.server.am.ActivityManagerService.finishBooting(),21]
08-22 17:41:56.660 I/am_proc_start( 1155): [0,2681,10082,com.android.inputmethod.latin,service,{com.android.inputmethod.latin/com.android.inputmethod.latin.LatinIME}]
08-22 17:41:56.662 I/am_uid_running( 1155): 10078
08-22 17:41:56.685 I/am_proc_bound( 1155): [0,2681,com.android.inputmethod.latin]
08-22 17:41:56.693 I/am_uid_active( 1155): 10082
08-22 17:41:56.743 I/am_proc_start( 1155): [0,2704,10078,com.android.deskclock,broadcast,{com.android.deskclock/com.android.deskclock.AlarmInitReceiver}]
08-22 17:41:56.852 I/am_proc_bound( 1155): [0,2704,com.android.deskclock]
08-22 17:41:56.856 I/am_uid_active( 1155): 10078
08-22 17:41:56.902 I/commit_sys_config_file( 1155): [input-subtypes,10]
08-22 17:41:57.059 I/commit_sys_config_file( 1155): [package-user-0,6]
08-22 17:41:57.060 I/commit_sys_config_file( 1155): [package,110]
08-22 17:41:57.463 I/notification_cancel_all( 1155): [1002,1892,com.android.bluetooth,0,0,64,9,NULL]
08-22 17:41:57.484 I/notification_enqueue( 1155): [1000,1155,android,26,NULL,-1,Notification(channel=DEVELOPER_IMPORTANT shortcut=null contentView=null vibrate=null sound=null tick defaults=0x0 flags=0x2 color=0x00000000 vis=PUBLIC),0]
08-22 17:41:57.487 I/notification_enqueue( 1155): [1000,1155,android,55,NULL,-1,Notification(channel=DEVELOPER shortcut=null contentView=null vibrate=null sound=null tick defaults=0x0 flags=0x2 color=0x00000000 vis=PUBLIC),0]
08-22 17:41:57.567 I/am_uid_running( 1155): 10092
08-22 17:41:57.574 I/am_user_state_changed( 1155): [0,2]
08-22 17:41:57.586 I/ssm_user_unlocking( 1155): 0
08-22 17:41:57.650 I/am_proc_start( 1155): [0,2791,10092,com.qualcomm.location,broadcast,{com.qualcomm.location/com.qualcomm.location.LocationServiceReceiver}]
08-22 17:41:57.783 I/uc_finish_user_unlocked( 1155): 0
08-22 17:41:57.783 I/am_user_state_changed( 1155): [0,3]
08-22 17:41:57.838 I/wm_task_created( 1155): [65,-1]
08-22 17:41:57.853 I/wm_task_created( 1155): [33,-1]
08-22 17:41:57.858 I/wm_task_created( 1155): [44,-1]
08-22 17:41:57.865 I/wm_task_created( 1155): [26,-1]
08-22 17:41:57.868 I/wm_task_created( 1155): [61,-1]
08-22 17:41:57.872 I/wm_task_created( 1155): [28,-1]
08-22 17:41:57.875 I/wm_task_created( 1155): [56,-1]
08-22 17:41:57.879 I/wm_task_created( 1155): [32,-1]
08-22 17:41:57.882 I/wm_task_created( 1155): [35,-1]
08-22 17:41:57.884 I/wm_task_created( 1155): [36,-1]
08-22 17:41:57.886 I/wm_task_created( 1155): [37,-1]
08-22 17:41:57.888 I/wm_task_created( 1155): [38,-1]
08-22 17:41:57.890 I/wm_task_created( 1155): [39,-1]
08-22 17:41:57.893 I/wm_task_created( 1155): [40,-1]
08-22 17:41:57.896 I/wm_task_created( 1155): [41,-1]
08-22 17:41:57.899 I/wm_task_created( 1155): [43,-1]
