08-22 17:43:22.841 W/System.err( 2230): at java.net.ServerSocket.bind(ServerSocket.java:377)
08-22 17:43:22.841 W/System.err( 2230): at java.net.ServerSocket.(ServerSocket.java:237)
08-22 17:43:22.841 W/System.err( 2230): at com.thundercomm.remotecontrolservice.RemoteSocketService.startServer(RemoteSocketService.java:91)
08-22 17:43:22.842 W/System.err( 2230): at com.thundercomm.remotecontrolservice.RemoteSocketService.restartServer(RemoteSocketService.java:119)
08-22 17:43:22.842 W/System.err( 2230): at com.thundercomm.remotecontrolservice.RemoteSocketService.access$100(RemoteSocketService.java:11)
08-22 17:43:22.842 W/System.err( 2230): at com.thundercomm.remotecontrolservice.RemoteSocketService$3.run(RemoteSocketService.java:101)
08-22 17:43:22.842 W/System.err( 2230): at java.lang.Thread.run(Thread.java:920)
08-22 17:43:22.842 W/System.err( 2230): Caused by: android.system.ErrnoException: bind failed: EADDRINUSE (Address already in use)
08-22 17:43:22.842 W/System.err( 2230): at libcore.io.Linux.bind(Native Method)
08-22 17:43:22.842 W/System.err( 2230): at libcore.io.ForwardingOs.bind(ForwardingOs.java:141)
08-22 17:43:22.842 W/System.err( 2230): at libcore.io.ForwardingOs.bind(ForwardingOs.java:141)
08-22 17:43:22.842 W/System.err( 2230): at libcore.io.IoBridge.bind(IoBridge.java:146)
08-22 17:43:22.842 W/System.err( 2230): ... 9 more
08-22 17:43:22.843 W/System.err( 2230): java.net.BindException: bind failed: EADDRINUSE (Address already in use)
08-22 17:43:22.843 W/System.err( 2230): at libcore.io.IoBridge.bind(IoBridge.java:150)
08-22 17:43:22.843 W/System.err( 2230): at java.net.PlainSocketImpl.socketBind(PlainSocketImpl.java:162)
08-22 17:43:22.843 W/System.err( 2230): at java.net.AbstractPlainSocketImpl.bind(AbstractPlainSocketImpl.java:427)
08-22 17:43:22.843 W/System.err( 2230): at java.net.ServerSocket.bind(ServerSocket.java:377)
08-22 17:43:22.843 W/System.err( 2230): at java.net.ServerSocket.(ServerSocket.java:237)
08-22 17:43:22.843 W/System.err( 2230): at com.thundercomm.remotecontrolservice.RemoteSocketService.startServer(RemoteSocketService.java:91)
08-22 17:43:22.844 W/System.err( 2230): at com.thundercomm.remotecontrolservice.RemoteSocketService.restartServer(RemoteSocketService.java:119)
08-22 17:43:22.844 W/System.err( 2230): at com.thundercomm.remotecontrolservice.RemoteSocketService.access$100(RemoteSocketService.java:11)
08-22 17:43:22.844 W/System.err( 2230): at com.thundercomm.remotecontrolservice.RemoteSocketService$3.run(RemoteSocketService.java:101)
08-22 17:43:22.844 W/System.err( 2230): at java.lang.Thread.run(Thread.java:920)
08-22 17:43:22.844 W/System.err( 2230): Caused by: android.system.ErrnoException: bind failed: EADDRINUSE (Address already in use)
08-22 17:43:22.845 W/System.err( 2230): at libcore.io.Linux.bind(Native Method)
08-22 17:43:22.845 W/System.err( 2230): at libcore.io.ForwardingOs.bind(ForwardingOs.java:141)
08-22 17:43:22.845 W/System.err( 2230): at libcore.io.ForwardingOs.bind(ForwardingOs.java:141)
08-22 17:43:22.845 W/System.err( 2230): at libcore.io.IoBridge.bind(IoBridge.java:146)
08-22 17:43:22.845 W/System.err( 2230): ... 9 more
08-22 17:43:22.846 W/System.err( 2230): java.net.BindException: bind failed: EADDRINUSE (Address already in use)
08-22 17:43:22.846 W/System.err( 2230): at libcore.io.IoBridge.bind(IoBridge.java:150)
08-22 17:43:22.846 W/System.err( 2230): at java.net.PlainSocketImpl.socketBind(PlainSocketImpl.java:162)
08-22 17:43:22.846 W/System.err( 2230): at java.net.AbstractPlainSocketImpl.bind(AbstractPlainSocketImpl.java:427)
08-22 17:43:22.846 W/System.err( 2230): at com.thundercomm.remotecontrolservice.RemoteSocketService.startServer(RemoteSocketService.java:91)
08-22 17:43:22.847 I/liblog ( 2230): 7
08-22 17:43:22.847 I/liblog ( 2230): 5
08-22 17:43:22.848 I/liblog ( 2230): 5
08-22 17:43:22.848 W/System.err( 2230): at libcore.io.ForwardingOs.bind(ForwardingOs.java:141)
08-22 17:43:22.858 I/liblog ( 2230): 11
08-22 17:43:22.858 W/System.err( 2230): java.net.BindException: bind failed: EADDRINUSE (Address already in use)
08-22 17:43:22.858 W/System.err( 2230): at libcore.io.IoBridge.bind(IoBridge.java:150)
08-22 17:43:22.858 W/System.err( 2230): at java.net.PlainSocketImpl.socketBind(PlainSocketImpl.java:162)
08-22 17:43:22.859 W/System.err( 2230): at java.net.AbstractPlainSocketImpl.bind(AbstractPlainSocketImpl.java:427)
08-22 17:43:22.859 W/System.err( 2230): at java.net.ServerSocket.bind(ServerSocket.java:377)
08-22 17:43:22.859 W/System.err( 2230): at java.net.ServerSocket.(ServerSocket.java:237)
08-22 17:43:22.859 W/System.err( 2230): at com.thundercomm.remotecontrolservice.RemoteSocketService.startServer(RemoteSocketService.java:91)
08-22 17:43:22.859 W/System.err( 2230): at com.thundercomm.remotecontrolservice.RemoteSocketService.restartServer(RemoteSocketService.java:119)
08-22 17:43:22.863 I/liblog ( 2230): 41
08-22 17:43:22.887 I/liblog ( 2230): 2
08-22 17:43:22.887 W/System.err( 2230): java.net.BindException: bind failed: EADDRINUSE (Address already in use)
08-22 17:43:22.887 W/System.err( 2230): at libcore.io.IoBridge.bind(IoBridge.java:150)
08-22 17:43:22.887 W/System.err( 2230): at java.net.PlainSocketImpl.socketBind(PlainSocketImpl.java:162)
08-22 17:43:22.887 W/System.err( 2230): at java.net.AbstractPlainSocketImpl.bind(AbstractPlainSocketImpl.java:427)
08-22 17:43:22.887 W/System.err( 2230): at java.net.ServerSocket.bind(ServerSocket.java:377)
08-22 17:43:22.887 W/System.err( 2230): at java.net.ServerSocket.(ServerSocket.java:237)
08-22 17:43:22.888 W/System.err( 2230): at com.thundercomm.remotecontrolservice.RemoteSocketService.startServer(RemoteSocketService.java:91)
08-22 17:43:22.888 W/System.err( 2230): at com.thundercomm.remotecontrolservice.RemoteSocketService.restartServer(RemoteSocketService.java:119)
08-22 17:43:22.888 W/System.err( 2230): at com.thundercomm.remotecontrolservice.RemoteSocketService.access$100(RemoteSocketService.java:11)
08-22 17:43:22.888 W/System.err( 2230): at com.thundercomm.remotecontrolservice.RemoteSocketService$3.run(RemoteSocketService.java:101)
08-22 17:43:22.888 W/System.err( 2230): at java.lang.Thread.run(Thread.java:920)
08-22 17:43:22.888 W/System.err( 2230): Caused by: android.system.ErrnoException: bind failed: EADDRINUSE (Address already in use)
08-22 17:43:22.888 W/System.err( 2230): at libcore.io.Linux.bind(Native Method)
08-22 17:43:22.888 W/System.err( 2230): at libcore.io.ForwardingOs.bind(ForwardingOs.java:141)
08-22 17:43:22.888 W/System.err( 2230): at libcore.io.ForwardingOs.bind(ForwardingOs.java:141)
08-22 17:43:22.888 W/System.err( 2230): at libcore.io.IoBridge.bind(IoBridge.java:146)
08-22 17:43:22.888 W/System.err( 2230): ... 9 more
08-22 17:43:22.889 W/System.err( 2230): java.net.BindException: bind failed: EADDRINUSE (Address already in use)
08-22 17:43:22.889 W/System.err( 2230): at libcore.io.IoBridge.bind(IoBridge.java:150)
08-22 17:43:22.889 W/System.err( 2230): at java.net.PlainSocketImpl.socketBind(PlainSocketImpl.java:162)
08-22 17:43:22.889 W/System.err( 2230): at java.net.AbstractPlainSocketImpl.bind(AbstractPlainSocketImpl.java:427)
08-22 17:43:22.889 W/System.err( 2230): at java.net.ServerSocket.bind(ServerSocket.java:377)
08-22 17:43:22.889 W/System.err( 2230): at java.net.ServerSocket.(ServerSocket.java:237)
08-22 17:43:22.889 W/System.err( 2230): at com.thundercomm.remotecontrolservice.RemoteSocketService.startServer(RemoteSocketService.java:91)
08-22 17:43:22.890 W/System.err( 2230): at com.thundercomm.remotecontrolservice.RemoteSocketService.restartServer(RemoteSocketService.java:119)
08-22 17:43:22.890 W/System.err( 2230): at com.thundercomm.remotecontrolservice.RemoteSocketService.access$100(RemoteSocketService.java:11)
08-22 17:43:22.890 W/System.err( 2230): at com.thundercomm.remotecontrolservice.RemoteSocketService$3.run(RemoteSocketService.java:101)
08-22 17:43:22.890 W/System.err( 2230): at java.lang.Thread.run(Thread.java:920)
08-22 17:43:22.890 W/System.err( 2230): Caused by: android.system.ErrnoException: bind failed: EADDRINUSE (Address already in use)
08-22 17:43:22.890 W/System.err( 2230): at libcore.io.Linux.bind(Native Method)
08-22 17:43:22.890 W/System.err( 2230): at libcore.io.ForwardingOs.bind(ForwardingOs.java:141)
08-22 17:43:22.890 W/System.err( 2230): at libcore.io.ForwardingOs.bind(ForwardingOs.java:141)
08-22 17:43:22.922 I/liblog ( 2230): 2
08-22 17:43:22.922 W/System.err( 2230): java.net.BindException: bind failed: EADDRINUSE (Address already in use)
08-22 17:43:22.922 W/System.err( 2230): at libcore.io.IoBridge.bind(IoBridge.java:150)
08-22 17:43:22.922 W/System.err( 2230): at java.net.PlainSocketImpl.socketBind(PlainSocketImpl.java:162)
08-22 17:43:22.922 W/System.err( 2230): at java.net.AbstractPlainSocketImpl.bind(AbstractPlainSocketImpl.java:427)
08-22 17:43:22.922 W/System.err( 2230): at java.net.ServerSocket.bind(ServerSocket.java:377)
08-22 17:43:22.923 W/System.err( 2230): at java.net.ServerSocket.(ServerSocket.java:237)
08-22 17:43:22.923 W/System.err( 2230): at com.thundercomm.remotecontrolservice.RemoteSocketService.startServer(RemoteSocketService.java:91)
08-22 17:43:22.923 W/System.err( 2230): at com.thundercomm.remotecontrolservice.RemoteSocketService.restartServer(RemoteSocketService.java:119)
08-22 17:43:22.923 W/System.err( 2230): at com.thundercomm.remotecontrolservice.RemoteSocketService.access$100(RemoteSocketService.java:11)
08-22 17:43:22.923 W/System.err( 2230): at com.thundercomm.remotecontrolservice.RemoteSocketService$3.run(RemoteSocketService.java:101)
08-22 17:43:22.923 W/System.err( 2230): at java.lang.Thread.run(Thread.java:920)
08-22 17:43:22.923 W/System.err( 2230): Caused by: android.system.ErrnoException: bind failed: EADDRINUSE (Address already in use)
08-22 17:43:22.924 W/System.err( 2230): at libcore.io.Linux.bind(Native Method)
08-22 17:43:22.924 W/System.err( 2230): at libcore.io.ForwardingOs.bind(ForwardingOs.java:141)
08-22 17:43:22.924 W/System.err( 2230): at libcore.io.ForwardingOs.bind(ForwardingOs.java:141)
08-22 17:43:22.924 W/System.err( 2230): at libcore.io.IoBridge.bind(IoBridge.java:146)
08-22 17:43:22.924 W/System.err( 2230): ... 9 more
08-22 17:43:22.925 W/System.err( 2230): java.net.BindException: bind failed: EADDRINUSE (Address already in use)
08-22 17:43:22.926 W/System.err( 2230): at libcore.io.IoBridge.bind(IoBridge.java:150)
08-22 17:43:22.926 W/System.err( 2230): at java.net.PlainSocketImpl.socketBind(PlainSocketImpl.java:162)
08-22 17:43:22.926 W/System.err( 2230): at java.net.AbstractPlainSocketImpl.bind(AbstractPlainSocketImpl.java:427)
08-22 17:43:22.926 W/System.err( 2230): at java.net.ServerSocket.bind(ServerSocket.java:377)
08-22 17:43:22.926 W/System.err( 2230): at java.net.ServerSocket.(ServerSocket.java:237)
08-22 17:43:22.926 W/System.err( 2230): at com.thundercomm.remotecontrolservice.RemoteSocketService.startServer(RemoteSocketService.java:91)
08-22 17:43:22.927 W/System.err( 2230): at com.thundercomm.remotecontrolservice.RemoteSocketService.restartServer(RemoteSocketService.java:119)
08-22 17:43:22.927 W/System.err( 2230): at com.thundercomm.remotecontrolservice.RemoteSocketService.access$100(RemoteSocketService.java:11)
08-22 17:43:22.927 W/System.err( 2230): at com.thundercomm.remotecontrolservice.RemoteSocketService$3.run(RemoteSocketService.java:101)
08-22 17:43:22.927 W/System.err( 2230): at java.lang.Thread.run(Thread.java:920)
08-22 17:43:22.927 W/System.err( 2230): Caused by: android.system.ErrnoException: bind failed: EADDRINUSE (Address already in use)
08-22 17:43:22.927 W/System.err( 2230): at libcore.io.Linux.bind(Native Method)
08-22 17:43:22.928 W/System.err( 2230): at libcore.io.ForwardingOs.bind(ForwardingOs.java:141)
08-22 17:43:22.928 W/System.err( 2230): at libcore.io.ForwardingOs.bind(ForwardingOs.java:141)
08-22 17:43:22.928 W/System.err( 2230): at libcore.io.IoBridge.bind(IoBridge.java:146)
08-22 17:43:22.928 W/System.err( 2230): ... 9 more
08-22 17:43:22.938 W/System.err( 2230): java.net.BindException: bind failed: EADDRINUSE (Address already in use)
08-22 17:43:22.938 W/System.err( 2230): at libcore.io.IoBridge.bind(IoBridge.java:150)
08-22 17:43:22.938 W/System.err( 2230): at java.net.PlainSocketImpl.socketBind(PlainSocketImpl.java:162)
08-22 17:43:22.938 W/System.err( 2230): at java.net.AbstractPlainSocketImpl.bind(AbstractPlainSocketImpl.java:427)
08-22 17:43:22.938 W/System.err( 2230): at java.net.ServerSocket.bind(ServerSocket.java:377)
08-22 17:43:22.938 W/System.err( 2230): at java.net.ServerSocket.(ServerSocket.java:237)
08-22 17:43:22.938 W/System.err( 2230): at com.thundercomm.remotecontrolservice.RemoteSocketService.startServer(RemoteSocketService.java:91)
08-22 17:43:22.938 W/System.err( 2230): at com.thundercomm.remotecontrolservice.RemoteSocketService.restartServer(RemoteSocketService.java:119)
08-22 17:43:22.938 W/System.err( 2230): at com.thundercomm.remotecontrolservice.RemoteSocketService.access$100(RemoteSocketService.java:11)
08-22 17:43:22.938 W/System.err( 2230): at com.thundercomm.remotecontrolservice.RemoteSocketService$3.run(RemoteSocketService.java:101)
08-22 17:43:22.939 W/System.err( 2230): at java.lang.Thread.run(Thread.java:920)
08-22 17:43:22.939 W/System.err( 2230): Caused by: android.system.ErrnoException: bind failed: EADDRINUSE (Address already in use)
08-22 17:43:22.939 W/System.err( 2230): at libcore.io.Linux.bind(Native Method)
08-22 17:43:22.939 W/System.err( 2230): at libcore.io.ForwardingOs.bind(ForwardingOs.java:141)
08-22 17:43:22.939 W/System.err( 2230): at libcore.io.ForwardingOs.bind(ForwardingOs.java:141)
08-22 17:43:22.939 W/System.err( 2230): at libcore.io.IoBridge.bind(IoBridge.java:146)
08-22 17:43:22.939 W/System.err( 2230): ... 9 more
08-22 17:43:22.939 W/System.err( 2230): java.net.BindException: bind failed: EADDRINUSE (Address already in use)
08-22 17:43:22.940 W/System.err( 2230): at libcore.io.IoBridge.bind(IoBridge.java:150)
08-22 17:43:22.940 W/System.err( 2230): at java.net.PlainSocketImpl.socketBind(PlainSocketImpl.java:162)
08-22 17:43:22.940 W/System.err( 2230): at java.net.AbstractPlainSocketImpl.bind(AbstractPlainSocketImpl.java:427)
08-22 17:43:22.940 W/System.err( 2230): at java.net.ServerSocket.bind(ServerSocket.java:377)
08-22 17:43:22.940 W/System.err( 2230): at java.net.ServerSocket.(ServerSocket.java:237)
08-22 17:43:22.940 W/System.err( 2230): at com.thundercomm.remotecontrolservice.RemoteSocketService.startServer(RemoteSocketService.java:91)
08-22 17:43:22.941 W/System.err( 2230): at com.thundercomm.remotecontrolservice.RemoteSocketService.restartServer(RemoteSocketService.java:119)
08-22 17:43:22.941 W/System.err( 2230): at com.thundercomm.remotecontrolservice.RemoteSocketService.access$100(RemoteSocketService.java:11)
08-22 17:43:22.941 W/System.err( 2230): at com.thundercomm.remotecontrolservice.RemoteSocketService$3.run(RemoteSocketService.java:101)
08-22 17:43:22.941 W/System.err( 2230): at java.lang.Thread.run(Thread.java:920)
08-22 17:43:22.941 W/System.err( 2230): Caused by: android.system.ErrnoException: bind failed: EADDRINUSE (Address already in use)
08-22 17:43:22.941 W/System.err( 2230): at libcore.io.Linux.bind(Native Method)
08-22 17:43:22.941 W/System.err( 2230): at libcore.io.ForwardingOs.bind(ForwardingOs.java:141)
08-22 17:43:22.942 W/System.err( 2230): at libcore.io.ForwardingOs.bind(ForwardingOs.java:141)
08-22 17:43:22.942 W/System.err( 2230): at libcore.io.IoBridge.bind(IoBridge.java:146)
08-22 17:43:22.942 W/System.err( 2230): ... 9 more
08-22 17:43:22.943 W/System.err( 2230): java.net.BindException: bind failed: EADDRINUSE (Address already in use)
08-22 17:43:22.943 W/System.err( 2230): at libcore.io.IoBridge.bind(IoBridge.java:150)
08-22 17:43:22.943 W/System.err( 2230): at java.net.PlainSocketImpl.socketBind(PlainSocketImpl.java:162)
08-22 17:43:22.943 W/System.err( 2230): at java.net.AbstractPlainSocketImpl.bind(AbstractPlainSocketImpl.java:427)
08-22 17:43:22.943 W/System.err( 2230): at java.net.ServerSocket.bind(ServerSocket.java:377)
08-22 17:43:22.943 W/System.err( 2230): at java.net.ServerSocket.(ServerSocket.java:237)
08-22 17:43:22.943 W/System.err( 2230): at com.thundercomm.remotecontrolservice.RemoteSocketService.startServer(RemoteSocketService.java:91)
08-22 17:43:22.943 W/System.err( 2230): at com.thundercomm.remotecontrolservice.RemoteSocketService.restartServer(RemoteSocketService.java:119)
08-22 17:43:22.943 W/System.err( 2230): at com.thundercomm.remotecontrolservice.RemoteSocketService.access$100(RemoteSocketService.java:11)
08-22 17:43:22.944 W/System.err( 2230): at com.thundercomm.remotecontrolservice.RemoteSocketService$3.run(RemoteSocketService.java:101)
08-22 17:43:22.944 W/System.err( 2230): at java.lang.Thread.run(Thread.java:920)
08-22 17:43:22.944 W/System.err( 2230): Caused by: android.system.ErrnoException: bind failed: EADDRINUSE (Address already in use)
08-22 17:43:22.944 W/System.err( 2230): at libcore.io.Linux.bind(Native Method)
08-22 17:43:22.944 W/System.err( 2230): at libcore.io.ForwardingOs.bind(ForwardingOs.java:141)
08-22 17:43:22.944 W/System.err( 2230): at libcore.io.ForwardingOs.bind(ForwardingOs.java:141)
08-22 17:43:22.945 W/System.err( 2230): at libcore.io.IoBridge.bind(IoBridge.java:146)
08-22 17:43:22.945 W/System.err( 2230): ... 9 more
08-22 17:43:22.948 W/System.err( 2230): java.net.BindException: bind failed: EADDRINUSE (Address already in use)
08-22 17:43:22.948 W/System.err( 2230): at libcore.io.IoBridge.bind(IoBridge.java:150)
08-22 17:43:22.948 W/System.err( 2230): at java.net.PlainSocketImpl.socketBind(PlainSocketImpl.java:162)
08-22 17:43:22.948 W/System.err( 2230): at java.net.AbstractPlainSocketImpl.bind(AbstractPlainSocketImpl.java:427)
08-22 17:43:22.948 W/System.err( 2230): at java.net.ServerSocket.bind(ServerSocket.java:377)
08-22 17:43:22.949 W/System.err( 2230): at java.net.ServerSocket.(ServerSocket.java:237)
08-22 17:43:22.949 W/System.err( 2230): at com.thundercomm.remotecontrolservice.RemoteSocketService.startServer(RemoteSocketService.java:91)
08-22 17:43:22.949 W/System.err( 2230): at com.thundercomm.remotecontrolservice.RemoteSocketService.restartServer(RemoteSocketService.java:119)
08-22 17:43:22.949 W/System.err( 2230): at com.thundercomm.remotecontrolservice.RemoteSocketService.access$100(RemoteSocketService.java:11)
08-22 17:43:22.949 W/System.err( 2230): at com.thundercomm.remotecontrolservice.RemoteSocketService$3.run(RemoteSocketService.java:101)
08-22 17:43:22.949 W/System.err( 2230): at java.lang.Thread.run(Thread.java:920)
08-22 17:43:22.949 W/System.err( 2230): Caused by: android.system.ErrnoException: bind failed: EADDRINUSE (Address already in use)
08-22 17:43:22.949 W/System.err( 2230): at libcore.io.Linux.bind(Native Method)
08-22 17:43:22.949 W/System.err( 2230): at libcore.io.ForwardingOs.bind(ForwardingOs.java:141)
08-22 17:43:22.949 W/System.err( 2230): at libcore.io.ForwardingOs.bind(ForwardingOs.java:141)
08-22 17:43:22.949 W/System.err( 2230): at libcore.io.IoBridge.bind(IoBridge.java:146)
08-22 17:43:22.949 W/System.err( 2230): ... 9 more
08-22 17:43:22.952 I/am_uid_idle( 1155): 10085
08-22 17:43:22.952 W/System.err( 2230): java.net.BindException: bind failed: EADDRINUSE (Address already in use)
08-22 17:43:22.953 W/System.err( 2230): at libcore.io.IoBridge.bind(IoBridge.java:150)
08-22 17:43:22.953 W/System.err( 2230): at java.net.PlainSocketImpl.socketBind(PlainSocketImpl.java:162)
08-22 17:43:22.953 W/System.err( 2230): at java.net.AbstractPlainSocketImpl.bind(AbstractPlainSocketImpl.java:427)
08-22 17:43:22.953 W/System.err( 2230): at java.net.ServerSocket.bind(ServerSocket.java:377)
08-22 17:43:22.953 W/System.err( 2230): at java.net.ServerSocket.(ServerSocket.java:237)
08-22 17:43:22.953 W/System.err( 2230): at com.thundercomm.remotecontrolservice.RemoteSocketService.startServer(RemoteSocketService.java:91)
08-22 17:43:22.954 W/System.err( 2230): at com.thundercomm.remotecontrolservice.RemoteSocketService.restartServer(RemoteSocketService.java:119)
08-22 17:43:22.954 W/System.err( 2230): at com.thundercomm.remotecontrolservice.RemoteSocketService.access$100(RemoteSocketService.java:11)
08-22 17:43:22.954 W/System.err( 2230): at com.thundercomm.remotecontrolservice.RemoteSocketService$3.run(RemoteSocketService.java:101)
08-22 17:43:22.954 W/System.err( 2230): at java.lang.Thread.run(Thread.java:920)
08-22 17:43:22.954 W/System.err( 2230): Caused by: android.system.ErrnoException: bind failed: EADDRINUSE (Address already in use)
08-22 17:43:22.954 W/System.err( 2230): at libcore.io.Linux.bind(Native Method)
08-22 17:43:22.955 W/System.err( 2230): at libcore.io.ForwardingOs.bind(ForwardingOs.java:141)
08-22 17:43:22.955 W/System.err( 2230): at libcore.io.ForwardingOs.bind(ForwardingOs.java:141)
08-22 17:43:22.955 W/System.err( 2230): at libcore.io.IoBridge.bind(IoBridge.java:146)
08-22 17:43:22.955 W/System.err( 2230): ... 9 more
08-22 17:43:22.962 W/System.err( 2230): java.net.BindException: bind failed: EADDRINUSE (Address already in use)
08-22 17:43:22.962 W/System.err( 2230): at libcore.io.IoBridge.bind(IoBridge.java:150)
08-22 17:43:22.962 W/System.err( 2230): at java.net.PlainSocketImpl.socketBind(PlainSocketImpl.java:162)
08-22 17:43:22.963 W/System.err( 2230): at java.net.AbstractPlainSocketImpl.bind(AbstractPlainSocketImpl.java:427)
08-22 17:43:22.963 W/System.err( 2230): at java.net.ServerSocket.bind(ServerSocket.java:377)
08-22 17:43:22.963 W/System.err( 2230): at java.net.ServerSocket.(ServerSocket.java:237)
08-22 17:43:22.963 W/System.err( 2230): at com.thundercomm.remotecontrolservice.RemoteSocketService.startServer(RemoteSocketService.java:91)
08-22 17:43:22.963 W/System.err( 2230): at com.thundercomm.remotecontrolservice.RemoteSocketService.restartServer(RemoteSocketService.java:119)
08-22 17:43:22.963 W/System.err( 2230): at com.thundercomm.remotecontrolservice.RemoteSocketService.access$100(RemoteSocketService.java:11)
08-22 17:43:22.964 W/System.err( 2230): at com.thundercomm.remotecontrolservice.RemoteSocketService$3.run(RemoteSocketService.java:101)
08-22 17:43:22.964 W/System.err( 2230): at java.lang.Thread.run(Thread.java:920)
08-22 17:43:22.964 W/System.err( 2230): Caused by: android.system.ErrnoException: bind failed: EADDRINUSE (Address already in use)
08-22 17:43:22.965 W/System.err( 2230): at libcore.io.Linux.bind(Native Method)
08-22 17:43:22.965 W/System.err( 2230): at libcore.io.ForwardingOs.bind(ForwardingOs.java:141)
08-22 17:43:22.965 W/System.err( 2230): at libcore.io.ForwardingOs.bind(ForwardingOs.java:141)
08-22 17:43:22.965 I/liblog ( 2230): 2
08-22 17:43:22.966 I/liblog ( 2230): 1
08-22 17:43:22.966 I/liblog ( 2230): 6
08-22 17:43:22.966 I/liblog ( 2230): 8
08-22 17:43:22.976 I/liblog ( 2230): 2
08-22 17:43:22.976 W/System.err( 2230): java.net.BindException: bind failed: EADDRINUSE (Address already in use)
08-22 17:43:22.977 W/System.err( 2230): at libcore.io.IoBridge.bind(IoBridge.java:150)
08-22 17:43:22.977 W/System.err( 2230): at java.net.PlainSocketImpl.socketBind(PlainSocketImpl.java:162)
08-22 17:43:22.977 W/System.err( 2230): at java.net.AbstractPlainSocketImpl.bind(AbstractPlainSocketImpl.java:427)
08-22 17:43:22.977 W/System.err( 2230): at java.net.ServerSocket.bind(ServerSocket.java:377)
08-22 17:43:22.977 W/System.err( 2230): at java.net.ServerSocket.(ServerSocket.java:237)
08-22 17:43:22.977 W/System.err( 2230): at com.thundercomm.remotecontrolservice.RemoteSocketService.startServer(RemoteSocketService.java:91)
08-22 17:43:22.977 W/System.err( 2230): at com.thundercomm.remotecontrolservice.RemoteSocketService.restartServer(RemoteSocketService.java:119)
08-22 17:43:22.977 W/System.err( 2230): at com.thundercomm.remotecontrolservice.RemoteSocketService.access$100(RemoteSocketService.java:11)
08-22 17:43:22.977 W/System.err( 2230): at com.thundercomm.remotecontrolservice.RemoteSocketService$3.run(RemoteSocketService.java:101)
08-22 17:43:22.977 W/System.err( 2230): at java.lang.Thread.run(Thread.java:920)
08-22 17:43:22.977 W/System.err( 2230): Caused by: android.system.ErrnoException: bind failed: EADDRINUSE (Address already in use)
08-22 17:43:22.977 W/System.err( 2230): at libcore.io.Linux.bind(Native Method)
08-22 17:43:22.977 W/System.err( 2230): at libcore.io.ForwardingOs.bind(ForwardingOs.java:141)
08-22 17:43:22.978 W/System.err( 2230): at libcore.io.ForwardingOs.bind(ForwardingOs.java:141)
08-22 17:43:22.978 W/System.err( 2230): at libcore.io.IoBridge.bind(IoBridge.java:146)
08-22 17:43:22.978 W/System.err( 2230): ... 9 more
08-22 17:43:22.978 W/System.err( 2230): java.net.BindException: bind failed: EADDRINUSE (Address already in use)
08-22 17:43:22.978 W/System.err( 2230): at libcore.io.IoBridge.bind(IoBridge.java:150)
08-22 17:43:22.978 W/System.err( 2230): at java.net.PlainSocketImpl.socketBind(PlainSocketImpl.java:162)
08-22 17:43:22.978 W/System.err( 2230): at java.net.AbstractPlainSocketImpl.bind(AbstractPlainSocketImpl.java:427)
08-22 17:43:22.978 W/System.err( 2230): at java.net.ServerSocket.bind(ServerSocket.java:377)
08-22 17:43:22.979 I/liblog ( 2230): 4
08-22 17:43:22.979 W/System.err( 2230): at com.thundercomm.remotecontrolservice.RemoteSocketService$3.run(RemoteSocketService.java:101)
08-22 17:43:22.979 I/liblog ( 2230): 3
08-22 17:43:22.989 I/liblog ( 2230): 4
08-22 17:43:22.989 W/System.err( 2230): java.net.BindException: bind failed: EADDRINUSE (Address already in use)
08-22 17:43:22.989 W/System.err( 2230): at libcore.io.IoBridge.bind(IoBridge.java:150)
08-22 17:43:22.989 W/System.err( 2230): at java.net.PlainSocketImpl.socketBind(PlainSocketImpl.java:162)
08-22 17:43:22.990 W/System.err( 2230): at java.net.AbstractPlainSocketImpl.bind(AbstractPlainSocketImpl.java:427)
08-22 17:43:22.990 W/System.err( 2230): at java.net.ServerSocket.bind(ServerSocket.java:377)
08-22 17:43:22.990 W/System.err( 2230): at java.net.ServerSocket.(ServerSocket.java:237)
08-22 17:43:22.990 W/System.err( 2230): at com.thundercomm.remotecontrolservice.RemoteSocketService.startServer(RemoteSocketService.java:91)
08-22 17:43:22.990 W/System.err( 2230): at com.thundercomm.remotecontrolservice.RemoteSocketService.restartServer(RemoteSocketService.java:119)
08-22 17:43:22.990 W/System.err( 2230): at com.thundercomm.remotecontrolservice.RemoteSocketService.access$100(RemoteSocketService.java:11)
08-22 17:43:22.990 W/System.err( 2230): at com.thundercomm.remotecontrolservice.RemoteSocketService$3.run(RemoteSocketService.java:101)
08-22 17:43:22.990 W/System.err( 2230): at java.lang.Thread.run(Thread.java:920)
08-22 17:43:22.990 W/System.err( 2230): Caused by: android.system.ErrnoException: bind failed: EADDRINUSE (Address already in use)
08-22 17:43:22.990 W/System.err( 2230): at libcore.io.Linux.bind(Native Method)
08-22 17:43:22.990 W/System.err( 2230): at libcore.io.ForwardingOs.bind(ForwardingOs.java:141)
08-22 17:43:22.990 W/System.err( 2230): at libcore.io.ForwardingOs.bind(ForwardingOs.java:141)
08-22 17:43:22.990 W/System.err( 2230): at libcore.io.IoBridge.bind(IoBridge.java:146)
08-22 17:43:22.990 W/System.err( 2230): ... 9 more
08-22 17:43:23.008 W/System.err( 2230): java.net.BindException: bind failed: EADDRINUSE (Address already in use)
08-22 17:43:23.009 W/System.err( 2230): at libcore.io.IoBridge.bind(IoBridge.java:150)
08-22 17:43:23.009 W/System.err( 2230): at java.net.PlainSocketImpl.socketBind(PlainSocketImpl.java:162)
08-22 17:43:23.010 I/mpu_uart( 664): [MSG-P:RECV]:No message received in 1000 ms
08-22 17:43:23.009 W/System.err( 2230): at java.net.AbstractPlainSocketImpl.bind(AbstractPlainSocketImpl.java:427)
08-22 17:43:23.013 W/System.err( 2230): at java.net.ServerSocket.bind(ServerSocket.java:377)
08-22 17:43:23.013 W/System.err( 2230): at java.net.ServerSocket.(ServerSocket.java:237)
08-22 17:43:23.013 W/System.err( 2230): at com.thundercomm.remotecontrolservice.RemoteSocketService.startServer(RemoteSocketService.java:91)
08-22 17:43:23.013 W/System.err( 2230): at com.thundercomm.remotecontrolservice.RemoteSocketService.restartServer(RemoteSocketService.java:119)
08-22 17:43:23.013 W/System.err( 2230): at com.thundercomm.remotecontrolservice.RemoteSocketService.access$100(RemoteSocketService.java:11)
08-22 17:43:23.013 W/System.err( 2230): at com.thundercomm.remotecontrolservice.RemoteSocketService$3.run(RemoteSocketService.java:101)
08-22 17:43:23.013 W/System.err( 2230): at java.lang.Thread.run(Thread.java:920)
08-22 17:43:23.013 W/System.err( 2230): Caused by: android.system.ErrnoException: bind failed: EADDRINUSE (Address already in use)
08-22 17:43:23.013 W/System.err( 2230): at libcore.io.Linux.bind(Native Method)
08-22 17:43:23.013 W/System.err( 2230): at libcore.io.ForwardingOs.bind(ForwardingOs.java:141)
08-22 17:43:23.013 W/System.err( 2230): at libcore.io.ForwardingOs.bind(ForwardingOs.java:141)
08-22 17:43:23.013 W/System.err( 2230): at libcore.io.IoBridge.bind(IoBridge.java:146)
08-22 17:43:23.014 W/System.err( 2230): ... 9 more
08-22 17:43:23.015 W/System.err( 2230): java.net.BindException: bind failed: EADDRINUSE (Address already in use)
08-22 17:43:23.016 W/System.err( 2230): at libcore.io.IoBridge.bind(IoBridge.java:150)
08-22 17:43:23.016 W/System.err( 2230): at java.net.PlainSocketImpl.socketBind(PlainSocketImpl.java:162)
08-22 17:43:23.016 W/System.err( 2230): at java.net.AbstractPlainSocketImpl.bind(AbstractPlainSocketImpl.java:427)
08-22 17:43:23.019 W/System.err( 2230): at java.net.ServerSocket.bind(ServerSocket.java:377)
08-22 17:43:23.019 W/System.err( 2230): at java.net.ServerSocket.(ServerSocket.java:237)
08-22 17:43:23.020 W/System.err( 2230): at com.thundercomm.remotecontrolservice.RemoteSocketService.startServer(RemoteSocketService.java:91)
08-22 17:43:23.020 W/System.err( 2230): at com.thundercomm.remotecontrolservice.RemoteSocketService.restartServer(RemoteSocketService.java:119)
08-22 17:43:23.020 W/System.err( 2230): at com.thundercomm.remotecontrolservice.RemoteSocketService.access$100(RemoteSocketService.java:11)
08-22 17:43:23.020 W/System.err( 2230): at com.thundercomm.remotecontrolservice.RemoteSocketService$3.run(RemoteSocketService.java:101)
08-22 17:43:23.020 W/System.err( 2230): at java.lang.Thread.run(Thread.java:920)
08-22 17:43:23.023 W/System.err( 2230): Caused by: android.system.ErrnoException: bind failed: EADDRINUSE (Address already in use)
08-22 17:43:23.023 W/System.err( 2230): at libcore.io.Linux.bind(Native Method)
08-22 17:43:23.023 W/System.err( 2230): at libcore.io.ForwardingOs.bind(ForwardingOs.java:141)
08-22 17:43:23.023 W/System.err( 2230): at libcore.io.ForwardingOs.bind(ForwardingOs.java:141)
08-22 17:43:23.023 W/System.err( 2230): at libcore.io.IoBridge.bind(IoBridge.java:146)
08-22 17:43:23.023 W/System.err( 2230): ... 9 more
08-22 17:43:23.024 W/System.err( 2230): java.net.BindException: bind failed: EADDRINUSE (Address already in use)
08-22 17:43:23.024 W/System.err( 2230): at libcore.io.IoBridge.bind(IoBridge.java:150)
08-22 17:43:23.025 W/System.err( 2230): at java.net.PlainSocketImpl.socketBind(PlainSocketImpl.java:162)
08-22 17:43:23.025 W/System.err( 2230): at java.net.AbstractPlainSocketImpl.bind(AbstractPlainSocketImpl.java:427)
08-22 17:43:23.025 W/System.err( 2230): at java.net.ServerSocket.bind(ServerSocket.java:377)
08-22 17:43:23.025 W/System.err( 2230): at java.net.ServerSocket.(ServerSocket.java:237)
08-22 17:43:23.025 W/System.err( 2230): at com.thundercomm.remotecontrolservice.RemoteSocketService.startServer(RemoteSocketService.java:91)
08-22 17:43:23.025 W/System.err( 2230): at com.thundercomm.remotecontrolservice.RemoteSocketService.restartServer(RemoteSocketService.java:119)
08-22 17:43:23.025 W/System.err( 2230): at com.thundercomm.remotecontrolservice.RemoteSocketService.access$100(RemoteSocketService.java:11)
08-22 17:43:23.025 W/System.err( 2230): at com.thundercomm.remotecontrolservice.RemoteSocketService$3.run(RemoteSocketService.java:101)
08-22 17:43:23.025 W/System.err( 2230): at java.lang.Thread.run(Thread.java:920)
08-22 17:43:23.025 W/System.err( 2230): Caused by: android.system.ErrnoException: bind failed: EADDRINUSE (Address already in use)
08-22 17:43:23.026 W/System.err( 2230): at libcore.io.Linux.bind(Native Method)
08-22 17:43:23.026 W/System.err( 2230): at libcore.io.ForwardingOs.bind(ForwardingOs.java:141)
08-22 17:43:23.026 W/System.err( 2230): at libcore.io.ForwardingOs.bind(ForwardingOs.java:141)
08-22 17:43:23.026 W/System.err( 2230): at libcore.io.IoBridge.bind(IoBridge.java:146)
08-22 17:43:23.026 W/System.err( 2230): ... 9 more
08-22 17:43:23.027 W/System.err( 2230): java.net.BindException: bind failed: EADDRINUSE (Address already in use)
08-22 17:43:23.027 W/System.err( 2230): at libcore.io.IoBridge.bind(IoBridge.java:150)
08-22 17:43:23.027 W/System.err( 2230): at java.net.PlainSocketImpl.socketBind(PlainSocketImpl.java:162)
08-22 17:43:23.027 W/System.err( 2230): at java.net.AbstractPlainSocketImpl.bind(AbstractPlainSocketImpl.java:427)
08-22 17:43:23.027 W/System.err( 2230): at java.net.ServerSocket.bind(ServerSocket.java:377)
08-22 17:43:23.027 W/System.err( 2230): at java.net.ServerSocket.(ServerSocket.java:237)
08-22 17:43:23.027 W/System.err( 2230): at com.thundercomm.remotecontrolservice.RemoteSocketService.startServer(RemoteSocketService.java:91)
08-22 17:43:23.027 W/System.err( 2230): at com.thundercomm.remotecontrolservice.RemoteSocketService.restartServer(RemoteSocketService.java:119)
08-22 17:43:23.027 W/System.err( 2230): at com.thundercomm.remotecontrolservice.RemoteSocketService.access$100(RemoteSocketService.java:11)
08-22 17:43:23.027 W/System.err( 2230): at com.thundercomm.remotecontrolservice.RemoteSocketService$3.run(RemoteSocketService.java:101)
08-22 17:43:23.027 W/System.err( 2230): at java.lang.Thread.run(Thread.java:920)
08-22 17:43:23.028 W/System.err( 2230): Caused by: android.system.ErrnoException: bind failed: EADDRINUSE (Address already in use)
08-22 17:43:23.028 W/System.err( 2230): at libcore.io.Linux.bind(Native Method)
08-22 17:43:23.028 W/System.err( 2230): at libcore.io.ForwardingOs.bind(ForwardingOs.java:141)
08-22 17:43:23.028 W/System.err( 2230): at libcore.io.ForwardingOs.bind(ForwardingOs.java:141)
08-22 17:43:23.028 W/System.err( 2230): at libcore.io.IoBridge.bind(IoBridge.java:146)
08-22 17:43:23.028 W/System.err( 2230): ... 9 more
08-22 17:43:23.030 W/System.err( 2230): java.net.BindException: bind failed: EADDRINUSE (Address already in use)
08-22 17:43:23.030 W/System.err( 2230): at libcore.io.IoBridge.bind(IoBridge.java:150)
08-22 17:43:23.030 W/System.err( 2230): at java.net.PlainSocketImpl.socketBind(PlainSocketImpl.java:162)
08-22 17:43:23.030 W/System.err( 2230): at java.net.AbstractPlainSocketImpl.bind(AbstractPlainSocketImpl.java:427)
08-22 17:43:23.030 W/System.err( 2230): at java.net.ServerSocket.bind(ServerSocket.java:377)
08-22 17:43:23.030 W/System.err( 2230): at java.net.ServerSocket.(ServerSocket.java:237)
08-22 17:43:23.030 W/System.err( 2230): at com.thundercomm.remotecontrolservice.RemoteSocketService.startServer(RemoteSocketService.java:91)
08-22 17:43:23.030 W/System.err( 2230): at com.thundercomm.remotecontrolservice.RemoteSocketService.restartServer(RemoteSocketService.java:119)
08-22 17:43:23.031 W/System.err( 2230): at com.thundercomm.remotecontrolservice.RemoteSocketService.access$100(RemoteSocketService.java:11)
08-22 17:43:23.031 W/System.err( 2230): at com.thundercomm.remotecontrolservice.RemoteSocketService$3.run(RemoteSocketService.java:101)
08-22 17:43:23.031 I/liblog ( 2230): 1
08-22 17:43:23.031 I/liblog ( 2230): 4
08-22 17:43:23.032 I/mpu_uart( 664): [MSG-P:R]:recv sync frame timeout
08-22 17:43:23.038 I/liblog ( 2230): 2
08-22 17:43:23.038 W/System.err( 2230): java.net.BindException: bind failed: EADDRINUSE (Address already in use)
08-22 17:43:23.038 W/System.err( 2230): at libcore.io.IoBridge.bind(IoBridge.java:150)
08-22 17:43:23.038 W/System.err( 2230): at java.net.PlainSocketImpl.socketBind(PlainSocketImpl.java:162)
08-22 17:43:23.038 W/System.err( 2230): at java.net.AbstractPlainSocketImpl.bind(AbstractPlainSocketImpl.java:427)
08-22 17:43:23.038 W/System.err( 2230): at java.net.ServerSocket.bind(ServerSocket.java:377)
08-22 17:43:23.038 W/System.err( 2230): at java.net.ServerSocket.(ServerSocket.java:237)
08-22 17:43:23.038 W/System.err( 2230): at com.thundercomm.remotecontrolservice.RemoteSocketService.startServer(RemoteSocketService.java:91)
08-22 17:43:23.038 W/System.err( 2230): at com.thundercomm.remotecontrolservice.RemoteSocketService.restartServer(RemoteSocketService.java:119)
08-22 17:43:23.038 W/System.err( 2230): at com.thundercomm.remotecontrolservice.RemoteSocketService.access$100(RemoteSocketService.java:11)
08-22 17:43:23.065 I/liblog ( 2230): 42
08-22 17:43:23.065 W/System.err( 2230): java.net.BindException: bind failed: EADDRINUSE (Address already in use)
08-22 17:43:23.065 W/System.err( 2230): at libcore.io.IoBridge.bind(IoBridge.java:150)
08-22 17:43:23.065 W/System.err( 2230): at java.net.PlainSocketImpl.socketBind(PlainSocketImpl.java:162)
08-22 17:43:23.066 W/System.err( 2230): at java.net.AbstractPlainSocketImpl.bind(AbstractPlainSocketImpl.java:427)
08-22 17:43:23.066 W/System.err( 2230): at java.net.ServerSocket.bind(ServerSocket.java:377)
08-22 17:43:23.066 W/System.err( 2230): at java.net.ServerSocket.(ServerSocket.java:237)
08-22 17:43:23.066 W/System.err( 2230): at com.thundercomm.remotecontrolservice.RemoteSocketService.startServer(RemoteSocketService.java:91)
08-22 17:43:23.066 W/System.err( 2230): at com.thundercomm.remotecontrolservice.RemoteSocketService.restartServer(RemoteSocketService.java:119)
08-22 17:43:23.066 W/System.err( 2230): at com.thundercomm.remotecontrolservice.RemoteSocketService.access$100(RemoteSocketService.java:11)
08-22 17:43:23.066 W/System.err( 2230): at com.thundercomm.remotecontrolservice.RemoteSocketService$3.run(RemoteSocketService.java:101)
08-22 17:43:23.066 W/System.err( 2230): at java.lang.Thread.run(Thread.java:920)
08-22 17:43:23.066 W/System.err( 2230): Caused by: android.system.ErrnoException: bind failed: EADDRINUSE (Address already in use)
08-22 17:43:23.066 W/System.err( 2230): at libcore.io.Linux.bind(Native Method)
08-22 17:43:23.066 W/System.err( 2230): at libcore.io.ForwardingOs.bind(ForwardingOs.java:141)
08-22 17:43:23.066 W/System.err( 2230): at libcore.io.ForwardingOs.bind(ForwardingOs.java:141)
08-22 17:43:23.067 W/System.err( 2230): at libcore.io.IoBridge.bind(IoBridge.java:146)
08-22 17:43:23.067 W/System.err( 2230): ... 9 more
08-22 17:43:23.070 W/System.err( 2230): java.net.BindException: bind failed: EADDRINUSE (Address already in use)
08-22 17:43:23.070 W/System.err( 2230): at libcore.io.IoBridge.bind(IoBridge.java:150)
08-22 17:43:23.070 W/System.err( 2230): at java.net.PlainSocketImpl.socketBind(PlainSocketImpl.java:162)
08-22 17:43:23.071 W/System.err( 2230): at java.net.AbstractPlainSocketImpl.bind(AbstractPlainSocketImpl.java:427)
08-22 17:43:23.071 W/System.err( 2230): at java.net.ServerSocket.bind(ServerSocket.java:377)
08-22 17:43:23.071 W/System.err( 2230): at java.net.ServerSocket.(ServerSocket.java:237)
08-22 17:43:23.071 W/System.err( 2230): at com.thundercomm.remotecontrolservice.RemoteSocketService.startServer(RemoteSocketService.java:91)
08-22 17:43:23.071 W/System.err( 2230): at com.thundercomm.remotecontrolservice.RemoteSocketService.restartServer(RemoteSocketService.java:119)
08-22 17:43:23.071 W/System.err( 2230): at com.thundercomm.remotecontrolservice.RemoteSocketService.access$100(RemoteSocketService.java:11)
08-22 17:43:23.071 W/System.err( 2230): at com.thundercomm.remotecontrolservice.RemoteSocketService$3.run(RemoteSocketService.java:101)
01-01 01:39:15.380 I/init ( 0): starting service 'qvrd_vndr'...
08-22 17:43:23.072 W/System.err( 2230): at java.lang.Thread.run(Thread.java:920)
08-22 17:43:23.072 W/System.err( 2230): Caused by: android.system.ErrnoException: bind failed: EADDRINUSE (Address already in use)
01-01 01:39:15.384 I/init ( 0): Created socket '/dev/socket/qvrservice_vndr', mode 660, user 1000, group 1000
08-22 17:43:23.072 W/System.err( 2230): at libcore.io.Linux.bind(Native Method)
08-22 17:43:23.073 W/System.err( 2230): at libcore.io.ForwardingOs.bind(ForwardingOs.java:141)
08-22 17:43:23.073 W/System.err( 2230): at libcore.io.ForwardingOs.bind(ForwardingOs.java:141)
08-22 17:43:23.073 W/System.err( 2230): at libcore.io.IoBridge.bind(IoBridge.java:146)
08-22 17:43:23.073 W/System.err( 2230): ... 9 more
08-22 17:43:23.074 W/System.err( 2230): java.net.BindException: bind failed: EADDRINUSE (Address already in use)
08-22 17:43:23.075 W/System.err( 2230): at libcore.io.IoBridge.bind(IoBridge.java:150)
08-22 17:43:23.075 W/System.err( 2230): at java.net.PlainSocketImpl.socketBind(PlainSocketImpl.java:162)
08-22 17:43:23.075 W/System.err( 2230): at java.net.AbstractPlainSocketImpl.bind(AbstractPlainSocketImpl.java:427)
08-22 17:43:23.075 W/System.err( 2230): at java.net.ServerSocket.bind(ServerSocket.java:377)
08-22 17:43:23.075 W/System.err( 2230): at java.net.ServerSocket.(ServerSocket.java:237)
08-22 17:43:23.075 W/System.err( 2230): at com.thundercomm.remotecontrolservice.RemoteSocketService.startServer(RemoteSocketService.java:91)
08-22 17:43:23.075 W/System.err( 2230): at com.thundercomm.remotecontrolservice.RemoteSocketService.restartServer(RemoteSocketService.java:119)
08-22 17:43:23.076 W/System.err( 2230): at com.thundercomm.remotecontrolservice.RemoteSocketService.access$100(RemoteSocketService.java:11)
08-22 17:43:23.076 W/System.err( 2230): at com.thundercomm.remotecontrolservice.RemoteSocketService$3.run(RemoteSocketService.java:101)
08-22 17:43:23.076 W/System.err( 2230): at java.lang.Thread.run(Thread.java:920)
08-22 17:43:23.076 W/System.err( 2230): Caused by: android.system.ErrnoException: bind failed: EADDRINUSE (Address already in use)
08-22 17:43:23.076 W/System.err( 2230): at libcore.io.Linux.bind(Native Method)
08-22 17:43:23.077 W/System.err( 2230): at libcore.io.ForwardingOs.bind(ForwardingOs.java:141)
08-22 17:43:23.077 W/System.err( 2230): at libcore.io.ForwardingOs.bind(ForwardingOs.java:141)
08-22 17:43:23.077 W/System.err( 2230): at libcore.io.IoBridge.bind(IoBridge.java:146)
08-22 17:43:23.077 W/System.err( 2230): ... 9 more
08-22 17:43:23.078 W/System.err( 2230): java.net.BindException: bind failed: EADDRINUSE (Address already in use)
08-22 17:43:23.078 W/System.err( 2230): at libcore.io.IoBridge.bind(IoBridge.java:150)
08-22 17:43:23.078 W/System.err( 2230): at java.net.PlainSocketImpl.socketBind(PlainSocketImpl.java:162)
08-22 17:43:23.078 W/System.err( 2230): at java.net.AbstractPlainSocketImpl.bind(AbstractPlainSocketImpl.java:427)
08-22 17:43:23.078 W/System.err( 2230): at java.net.ServerSocket.bind(ServerSocket.java:377)
08-22 17:43:23.078 W/System.err( 2230): at java.net.ServerSocket.(ServerSocket.java:237)
08-22 17:43:23.079 I/liblog ( 2230): 5
08-22 17:43:23.079 I/liblog ( 2230): 6
08-22 17:43:23.079 I/liblog ( 2230): 1
08-22 17:43:23.080 I/liblog ( 2230): 5
08-22 17:43:23.082 I/liblog ( 2230): 28
08-22 17:43:23.082 W/System.err( 2230): java.net.BindException: bind failed: EADDRINUSE (Address already in use)
08-22 17:43:23.083 I/liblog ( 2230): 7
01-01 01:39:15.399 I/init ( 0): Created socket '/dev/socket/qvrservice_vndr_camera', mode 660, user 1000, group 1000
08-22 17:43:23.083 I/liblog ( 2230): 6
08-22 17:43:23.084 I/liblog ( 2230): 3
08-22 17:43:23.084 I/liblog ( 2230): 4
08-22 17:43:23.085 I/liblog ( 2230): 7
08-22 17:43:23.092 I/liblog ( 2230): 6
08-22 17:43:23.092 W/System.err( 2230): java.net.BindException: bind failed: EADDRINUSE (Address already in use)
08-22 17:43:23.092 W/System.err( 2230): at libcore.io.IoBridge.bind(IoBridge.java:150)
08-22 17:43:23.092 W/System.err( 2230): at java.net.PlainSocketImpl.socketBind(PlainSocketImpl.java:162)
08-22 17:43:23.092 W/System.err( 2230): at java.net.AbstractPlainSocketImpl.bind(AbstractPlainSocketImpl.java:427)
08-22 17:43:23.093 W/System.err( 2230): at java.net.ServerSocket.bind(ServerSocket.java:377)
08-22 17:43:23.093 W/System.err( 2230): at java.net.ServerSocket.(ServerSocket.java:237)
08-22 17:43:23.093 W/System.err( 2230): at com.thundercomm.remotecontrolservice.RemoteSocketService.startServer(RemoteSocketService.java:91)
08-22 17:43:23.093 W/System.err( 2230): at com.thundercomm.remotecontrolservice.RemoteSocketService.restartServer(RemoteSocketService.java:119)
08-22 17:43:23.093 W/System.err( 2230): at com.thundercomm.remotecontrolservice.RemoteSocketService.access$100(RemoteSocketService.java:11)
08-22 17:43:23.093 W/System.err( 2230): at com.thundercomm.remotecontrolservice.RemoteSocketService$3.run(RemoteSocketService.java:101)
08-22 17:43:23.093 W/System.err( 2230): at java.lang.Thread.run(Thread.java:920)
08-22 17:43:23.093 W/System.err( 2230): Caused by: android.system.ErrnoException: bind failed: EADDRINUSE (Address already in use)
08-22 17:43:23.093 W/System.err( 2230): at libcore.io.Linux.bind(Native Method)
08-22 17:43:23.093 W/System.err( 2230): at libcore.io.ForwardingOs.bind(ForwardingOs.java:141)
08-22 17:43:23.093 W/System.err( 2230): at libcore.io.ForwardingOs.bind(ForwardingOs.java:141)
08-22 17:43:23.093 W/System.err( 2230): at libcore.io.IoBridge.bind(IoBridge.java:146)
08-22 17:43:23.109 I/liblog ( 2230): 1
08-22 17:43:23.109 W/System.err( 2230): java.net.BindException: bind failed: EADDRINUSE (Address already in use)
08-22 17:43:23.109 W/System.err( 2230): at libcore.io.IoBridge.bind(IoBridge.java:150)
08-22 17:43:23.110 W/System.err( 2230): at java.net.PlainSocketImpl.socketBind(PlainSocketImpl.java:162)
08-22 17:43:23.110 W/System.err( 2230): at java.net.AbstractPlainSocketImpl.bind(AbstractPlainSocketImpl.java:427)
08-22 17:43:23.110 W/System.err( 2230): at java.net.ServerSocket.bind(ServerSocket.java:377)
08-22 17:43:23.110 W/System.err( 2230): at java.net.ServerSocket.(ServerSocket.java:237)
08-22 17:43:23.110 W/System.err( 2230): at com.thundercomm.remotecontrolservice.RemoteSocketService.startServer(RemoteSocketService.java:91)
08-22 17:43:23.110 W/System.err( 2230): at com.thundercomm.remotecontrolservice.RemoteSocketService.restartServer(RemoteSocketService.java:119)
08-22 17:43:23.110 W/System.err( 2230): at com.thundercomm.remotecontrolservice.RemoteSocketService.access$100(RemoteSocketService.java:11)
08-22 17:43:23.110 W/System.err( 2230): at com.thundercomm.remotecontrolservice.RemoteSocketService$3.run(RemoteSocketService.java:101)
08-22 17:43:23.110 W/System.err( 2230): at java.lang.Thread.run(Thread.java:920)
08-22 17:43:23.110 W/System.err( 2230): Caused by: android.system.ErrnoException: bind failed: EADDRINUSE (Address already in use)
08-22 17:43:23.110 W/System.err( 2230): at libcore.io.Linux.bind(Native Method)
08-22 17:43:23.110 W/System.err( 2230): at libcore.io.ForwardingOs.bind(ForwardingOs.java:141)
08-22 17:43:23.110 W/System.err( 2230): at libcore.io.ForwardingOs.bind(ForwardingOs.java:141)
08-22 17:43:23.111 W/System.err( 2230): at libcore.io.IoBridge.bind(IoBridge.java:146)
08-22 17:43:23.111 W/System.err( 2230): ... 9 more
08-22 17:43:23.112 W/System.err( 2230): java.net.BindException: bind failed: EADDRINUSE (Address already in use)
08-22 17:43:23.112 W/System.err( 2230): at libcore.io.IoBridge.bind(IoBridge.java:150)
01-01 01:39:15.421 I/init ( 0): starting service 'sxrd'...
08-22 17:43:23.112 W/System.err( 2230): at java.net.PlainSocketImpl.socketBind(PlainSocketImpl.java:162)
08-22 17:43:23.112 W/System.err( 2230): at java.net.AbstractPlainSocketImpl.bind(AbstractPlainSocketImpl.java:427)
08-22 17:43:23.112 W/System.err( 2230): at java.net.ServerSocket.bind(ServerSocket.java:377)
08-22 17:43:23.112 W/System.err( 2230): at java.net.ServerSocket.(ServerSocket.java:237)
08-22 17:43:23.112 W/System.err( 2230): at com.thundercomm.remotecontrolservice.RemoteSocketService.startServer(RemoteSocketService.java:91)
08-22 17:43:23.112 W/System.err( 2230): at com.thundercomm.remotecontrolservice.RemoteSocketService.restartServer(RemoteSocketService.java:119)
08-22 17:43:23.112 W/System.err( 2230): at com.thundercomm.remotecontrolservice.RemoteSocketService.access$100(RemoteSocketService.java:11)
08-22 17:43:23.112 W/System.err( 2230): at com.thundercomm.remotecontrolservice.RemoteSocketService$3.run(RemoteSocketService.java:101)
08-22 17:43:23.113 W/System.err( 2230): at java.lang.Thread.run(Thread.java:920)
08-22 17:43:23.113 W/System.err( 2230): Caused by: android.system.ErrnoException: bind failed: EADDRINUSE (Address already in use)
08-22 17:43:23.113 W/System.err( 2230): at libcore.io.Linux.bind(Native Method)
08-22 17:43:23.113 W/System.err( 2230): at libcore.io.ForwardingOs.bind(ForwardingOs.java:141)
08-22 17:43:23.113 W/System.err( 2230): at libcore.io.ForwardingOs.bind(ForwardingOs.java:141)
08-22 17:43:23.113 W/System.err( 2230): at libcore.io.IoBridge.bind(IoBridge.java:146)
08-22 17:43:23.113 W/System.err( 2230): ... 9 more
08-22 17:43:23.127 W/System.err( 2230): java.net.BindException: bind failed: EADDRINUSE (Address already in use)
08-22 17:43:23.128 W/System.err( 2230): at libcore.io.IoBridge.bind(IoBridge.java:150)
08-22 17:43:23.128 W/System.err( 2230): at java.net.PlainSocketImpl.socketBind(PlainSocketImpl.java:162)
08-22 17:43:23.129 W/System.err( 2230): at java.net.AbstractPlainSocketImpl.bind(AbstractPlainSocketImpl.java:427)
08-22 17:43:23.129 W/System.err( 2230): at java.net.ServerSocket.bind(ServerSocket.java:377)
08-22 17:43:23.129 W/System.err( 2230): at java.net.ServerSocket.(ServerSocket.java:237)
08-22 17:43:23.129 W/System.err( 2230): at com.thundercomm.remotecontrolservice.RemoteSocketService.startServer(RemoteSocketService.java:91)
08-22 17:43:23.129 W/System.err( 2230): at com.thundercomm.remotecontrolservice.RemoteSocketService.restartServer(RemoteSocketService.java:119)
08-22 17:43:23.130 W/System.err( 2230): at com.thundercomm.remotecontrolservice.RemoteSocketService.access$100(RemoteSocketService.java:11)
