08-22 17:41:57.901 I/wm_task_created( 1155): [67,-1]
08-22 17:41:57.906 I/wm_task_created( 1155): [64,-1]
08-22 17:41:57.917 I/am_uid_running( 1155): 10068
08-22 17:41:57.926 I/am_uid_running( 1155): 10064
08-22 17:41:57.930 I/am_uid_running( 1155): 10094
08-22 17:41:57.934 I/am_uid_running( 1155): 10115
08-22 17:41:57.936 I/am_uid_running( 1155): 10121
08-22 17:41:57.952 I/am_drop_process( 1155): 2791
08-22 17:41:57.985 I/uc_send_user_broadcast( 1155): [0,android.intent.action.USER_UNLOCKED]
08-22 17:41:58.022 I/am_uid_running( 1155): 10128
08-22 17:41:58.030 I/uc_finish_user_unlocked_completed( 1155): 0
08-22 17:41:58.034 I/ssm_user_unlocked( 1155): 0
08-22 17:41:58.035 I/am_proc_start( 1155): [0,2826,10068,ts.car.uart,added application,ts.car.uart]
08-22 17:41:58.053 I/service_manager_slow( 2374): [17,thermalservice]
08-22 17:41:58.074 I/wm_finish_activity( 1155): [0,97826449,2,com.android.settings/.FallbackHome,app-request]
08-22 17:41:58.083 I/wm_pause_activity( 1155): [0,97826449,com.android.settings/.FallbackHome,userLeaving=false,finish]
08-22 17:41:58.083 I/uc_send_user_broadcast( 1155): [0,android.intent.action.BOOT_COMPLETED]
08-22 17:41:58.086 I/wm_on_top_resumed_lost_called( 2374): [97826449,com.android.settings.FallbackHome,topStateChangedWhenResumed]
08-22 17:41:58.089 I/wm_on_paused_called( 2374): [97826449,com.android.settings.FallbackHome,performPause]
08-22 17:41:58.089 I/sysui_multi_action( 1155): [757,1144,758,7,806,com.android.settings,871,com.android.settings.FallbackHome]
08-22 17:41:58.143 I/sysui_multi_action( 1155): [757,1501,758,1,793,1649,794,0,795,1649,796,26,806,android,857,DEVELOPER_IMPORTANT,858,4,947,0,1500,0]
08-22 17:41:58.143 I/sysui_multi_action( 1155): [757,804,799,note_interruptive,801,0,802,1]
08-22 17:41:58.154 I/sysui_multi_action( 1155): [757,1501,758,1,793,1660,794,0,795,1660,796,26,806,android,857,DEVELOPER_IMPORTANT,858,4,947,0,1500,0,1688,1]
08-22 17:41:58.154 I/sysui_multi_action( 1155): [757,804,799,note_interruptive,801,0,802,1]
08-22 17:41:58.154 I/sysui_multi_action( 1155): [757,199,758,1,759,2,793,1660,794,0,795,1660,796,26,806,android,857,DEVELOPER_IMPORTANT,858,4,947,0,1500,0,1688,1]
08-22 17:41:58.155 I/notification_alert( 1155): [-1|android|26|null|1000,0,1,0]
08-22 17:41:58.162 I/sysui_multi_action( 1155): [757,1501,758,1,793,1498,794,0,795,1498,796,55,806,android,857,DEVELOPER,858,2,947,0,1500,0]
08-22 17:41:58.162 I/sysui_multi_action( 1155): [757,804,799,note_interruptive,801,0,802,1]
08-22 17:41:58.208 I/wm_task_created( 1155): [68,-1]
08-22 17:41:58.212 I/wm_task_moved( 1155): [68,1,2147483647]
08-22 17:41:58.220 I/wm_task_moved( 1155): [1,1,5]
08-22 17:41:58.220 I/wm_create_task( 1155): [0,68]
08-22 17:41:58.220 I/wm_create_activity( 1155): [0,204102949,68,com.android.launcher3/.uioverrides.QuickstepLauncher,android.intent.action.MAIN,NULL,NULL,268435712]
08-22 17:41:58.220 I/wm_task_moved( 1155): [1,1,5]
08-22 17:41:58.221 I/wm_task_moved( 1155): [68,1,2147483647]
08-22 17:41:58.221 I/wm_task_to_front( 1155): [0,68]
08-22 17:41:58.235 I/wm_restart_activity( 1155): [0,204102949,68,com.android.launcher3/.uioverrides.QuickstepLauncher]
08-22 17:41:58.238 I/wm_set_resumed_activity( 1155): [0,com.android.launcher3/.uioverrides.QuickstepLauncher,minimalResumeActivityLocked]
08-22 17:41:58.250 I/input_focus( 1155): [Focus leaving cb1af33 com.android.settings/com.android.settings.FallbackHome (server),reason=NO_WINDOW]
08-22 17:41:58.257 I/dvm_lock_sample( 1155): [system_server,1,android.display,48,TaskChangeNotificationController.java,320,void com.android.server.wm.TaskChangeNotificationController.forAllRemoteListeners(com.android.server.wm.TaskChangeNotificationController$TaskStackConsumer, android.os.Message),,0,null,9]
08-22 17:41:58.260 I/dvm_lock_sample( 1155): [system_server,0,android.fg,128,ActivityManagerService.java,12127,boolean com.android.server.am.ActivityManagerService.unbindService(android.app.IServiceConnection),-,12115,int com.android.server.am.ActivityManagerService.bindIsolatedService(android.app.IApplicationThread, android.os.IBinder, android.content.Intent, java.lang.String, android.app.IServiceConnection, int, java.lang.String, java.lang.String, int),25]
08-22 17:41:58.271 I/dvm_lock_sample( 1155): [system_server,1,Binder:1155_3,88,ActivityManagerService.java,4731,void com.android.server.am.ActivityManagerService.attachApplication(android.app.IApplicationThread, long),-,12115,int com.android.server.am.ActivityManagerService.bindIsolatedService(android.app.IApplicationThread, android.os.IBinder, android.content.Intent, java.lang.String, android.app.IServiceConnection, int, java.lang.String, java.lang.String, int),17]
08-22 17:41:58.271 I/am_proc_bound( 1155): [0,2826,ts.car.uart]
08-22 17:41:58.277 I/am_uid_active( 1155): 10068
08-22 17:41:58.282 I/dvm_lock_sample( 1155): [system_server,1,Binder:1155_7,61,ContentProviderHelper.java,155,android.app.ContentProviderHolder com.android.server.am.ContentProviderHelper.getContentProviderImpl(android.app.IApplicationThread, java.lang.String, android.os.IBinder, int, java.lang.String, java.lang.String, boolean, int),,0,null,12]
08-22 17:41:58.290 I/am_proc_start( 1155): [0,2860,10064,.pasr,added application,.pasr]
08-22 17:41:58.295 I/dvm_lock_sample( 1155): [system_server,1,ActivityManager,125,BroadcastQueue.java,986,void com.android.server.am.BroadcastQueue.processNextBroadcast(boolean),,0,null,25]
08-22 17:41:58.356 I/am_proc_bound( 1155): [0,2860,.pasr]
08-22 17:41:58.391 I/am_uid_active( 1155): 10064
08-22 17:41:58.394 I/dvm_lock_sample( 1155): [system_server,1,Binder:1155_2,63,ActivityManagerService.java,12468,android.content.Intent com.android.server.am.ActivityManagerService.registerReceiverWithFeature(android.app.IApplicationThread, java.lang.String, java.lang.String, java.lang.String, android.content.IIntentReceiver, android.content.IntentFilter, java.lang.String, int, int),,0,null,12]
08-22 17:41:58.403 I/am_proc_start( 1155): [0,2881,10094,com.qualcomm.qti.services.systemhelper:systemhelper_service,added application,com.qualcomm.qti.services.systemhelper:systemhelper_service]
08-22 17:41:58.435 I/sysui_multi_action( 1155): [757,803,799,window_time_0,802,12]
08-22 17:41:58.460 I/dvm_lock_sample( 1155): [system_server,1,Binder:1155_7,20,ActivityManagerService.java,12138,void com.android.server.am.ActivityManagerService.publishService(android.os.IBinder, android.content.Intent, android.os.IBinder),,0,null,4]
08-22 17:41:58.465 I/commit_sys_config_file( 1155): [settings-2-0,121]
08-22 17:41:58.511 I/am_proc_bound( 1155): [0,2881,com.qualcomm.qti.services.systemhelper:systemhelper_service]
08-22 17:41:58.515 I/am_uid_active( 1155): 10094
08-22 17:41:58.571 I/am_proc_start( 1155): [0,2931,10115,com.qualcomm.qti.qccnetstat,added application,com.qualcomm.qti.qccnetstat]
08-22 17:41:58.652 I/liblog ( 1507): 178
08-22 17:41:58.735 I/notification_enqueue( 1155): [1000,1155,android,17303299,com.android.wifi,0,Notification(channel=NETWORK_AVAILABLE shortcut=null contentView=null vibrate=null sound=null tick defaults=0x0 flags=0x100 color=0x00000000 actions=2 vis=PRIVATE),0]
08-22 17:41:58.743 I/am_proc_start( 1155): [0,2955,10121,com.qualcomm.qti.workloadclassifier,added application,com.qualcomm.qti.workloadclassifier]
08-22 17:41:58.743 I/liblog ( 1507): 51
08-22 17:41:58.830 I/am_proc_bound( 1155): [0,2931,com.qualcomm.qti.qccnetstat]
08-22 17:41:58.840 I/am_uid_active( 1155): 10115
08-22 17:41:58.864 I/am_proc_start( 1155): [0,2981,10092,com.qualcomm.location,added application,com.qualcomm.location]
08-22 17:41:58.935 I/sysui_multi_action( 1155): [757,1501,758,1,793,201,794,0,795,201,796,17303299,797,com.android.wifi,806,android,857,NETWORK_AVAILABLE,858,2,947,0,1500,0,1688,1]
08-22 17:41:58.936 I/sysui_multi_action( 1155): [757,804,799,note_interruptive,801,0,802,1]
08-22 17:41:58.971 I/am_proc_bound( 1155): [0,2955,com.qualcomm.qti.workloadclassifier]
08-22 17:41:58.976 I/am_uid_active( 1155): 10121
08-22 17:41:59.005 I/am_proc_bound( 1155): [0,2981,com.qualcomm.location]
08-22 17:41:59.011 I/am_uid_active( 1155): 10092
08-22 17:41:59.053 I/am_proc_start( 1155): [0,3027,1000,com.qualcomm.qti.services.secureui:sui_service,added application,com.qualcomm.qti.services.secureui:sui_service]
08-22 17:41:59.160 I/am_proc_start( 1155): [0,3037,10128,com.android.providers.media.module,service,{com.android.providers.media.module/com.android.providers.media.fuse.ExternalStorageServiceImpl}]
08-22 17:41:59.230 I/wm_on_create_called( 2411): [204102949,com.android.launcher3.uioverrides.QuickstepLauncher,performCreate]
08-22 17:41:59.231 I/wm_on_start_called( 2411): [204102949,com.android.launcher3.uioverrides.QuickstepLauncher,handleStartActivity]
08-22 17:41:59.232 I/wm_on_resume_called( 2411): [204102949,com.android.launcher3.uioverrides.QuickstepLauncher,RESUME_ACTIVITY]
08-22 17:41:59.272 I/wm_on_top_resumed_gained_called( 2411): [204102949,com.android.launcher3.uioverrides.QuickstepLauncher,topStateChangedWhenResumed]
08-22 17:41:59.324 I/am_proc_start( 1155): [0,3079,1000,com.android.keychain,service,{com.android.keychain/com.android.keychain.KeyChainService}]
08-22 17:41:59.326 I/service_manager_slow( 3027): [19,activity]
08-22 17:41:59.328 I/am_proc_bound( 1155): [0,3027,com.qualcomm.qti.services.secureui:sui_service]
08-22 17:41:59.349 I/am_proc_bound( 1155): [0,3037,com.android.providers.media.module]
08-22 17:41:59.356 I/am_uid_active( 1155): 10128
08-22 17:41:59.371 I/input_focus( 1155): [Focus request 6ba7389 com.android.launcher3/com.android.launcher3.uioverrides.QuickstepLauncher,reason=UpdateInputWindows]
08-22 17:41:59.460 I/wm_destroy_activity( 1155): [0,97826449,2,com.android.settings/.FallbackHome,finish-idle]
08-22 17:41:59.463 I/wm_on_stop_called( 2374): [97826449,com.android.settings.FallbackHome,LIFECYCLER_STOP_ACTIVITY]
08-22 17:41:59.465 I/am_proc_bound( 1155): [0,3079,com.android.keychain]
08-22 17:41:59.481 I/sysui_multi_action( 1155): [319,1353,322,1349,325,61,757,761,758,8,759,2,806,com.android.launcher3,871,com.android.launcher3.uioverrides.QuickstepLauncher,905,0,1320,4,1321,1]
08-22 17:41:59.481 I/input_focus( 1155): [Focus entering 6ba7389 com.android.launcher3/com.android.launcher3.uioverrides.QuickstepLauncher (server),reason=Window became focusable. Previous reason: NOT_VISIBLE]
08-22 17:41:59.486 I/wm_activity_launch_time( 1155): [0,204102949,com.android.launcher3/.uioverrides.QuickstepLauncher,1349]
08-22 17:41:59.530 I/wm_on_destroy_called( 2374): [97826449,com.android.settings.FallbackHome,performDestroy]
08-22 17:41:59.532 I/am_uid_running( 1155): 10059
08-22 17:41:59.536 I/am_uid_active( 1155): 10059
08-22 17:41:59.595 I/am_uid_running( 1155): 10102
08-22 17:41:59.615 I/commit_sys_config_file( 1155): [jobs,17]
08-22 17:41:59.617 D/TelephonyRegistry( 1155): listen oscl: mHasNotifySubscriptionInfoChangedOccurred==false no callback
08-22 17:41:59.618 I/am_proc_start( 1155): [0,3122,10059,com.qualcomm.qti.biometrics.fingerprint.service,broadcast,{com.qualcomm.qti.biometrics.fingerprint.service/com.qualcomm.qti.biometrics.fingerprint.service.ShutdownReceiver}]
08-22 17:41:59.683 I/am_proc_start( 1155): [0,3131,10102,com.qualcomm.location.XT,service,{com.qualcomm.location.XT/com.qualcomm.location.XT.XTSrv}]
08-22 17:41:59.721 I/service_manager_slow( 3079): [20,game]
08-22 17:41:59.735 I/service_manager_slow( 1155): [29,platform_compat]
08-22 17:41:59.740 I/am_proc_bound( 1155): [0,3122,com.qualcomm.qti.biometrics.fingerprint.service]
08-22 17:41:59.763 I/wm_task_removed( 1155): [2,cleanUpResourcesForDestroy]
08-22 17:41:59.763 I/wm_task_removed( 1155): [2,removeChild:removeChild last r=ActivityRecord{5d4b691 u0 com.android.settings/.FallbackHome t-1 f}} in t=Task{9118971 #2 type=home A=1000:com.android.settings.FallbackHome U=0 visible=false mode=fullscreen translucent=true sz=0}]
08-22 17:41:59.763 I/wm_task_removed( 1155): [2,removeChild]
08-22 17:41:59.831 I/am_proc_bound( 1155): [0,3131,com.qualcomm.location.XT]
08-22 17:41:59.858 I/am_uid_active( 1155): 10102
08-22 17:41:59.981 I/sysui_multi_action( 1912): [757,803,799,note_peek,802,1]
08-22 17:41:59.988 I/sysui_multi_action( 1155): [757,127,758,1]
08-22 17:41:59.988 I/sysui_multi_action( 1155): [757,804,799,note_load,801,1,802,1]
08-22 17:41:59.989 I/notification_panel_revealed( 1155): 1
08-22 17:41:59.992 I/sysui_heads_up_status( 1912): [-1|android|26|null|1000,1]
08-22 17:42:00.042 I/am_uid_running( 1155): 10110
08-22 17:42:00.109 I/am_proc_start( 1155): [0,3199,10110,com.qualcomm.qti.performancemode,broadcast,{com.qualcomm.qti.performancemode/com.qualcomm.qti.performancemode.SystemEventReceiver}]
08-22 17:42:00.158 I/am_proc_start( 1155): [0,3202,10059,com.qualcomm.qti.biometrics.fingerprint.service:remote,service,{com.qualcomm.qti.biometrics.fingerprint.service/com.qualcomm.qti.biometrics.fingerprint.service.FingerprintService}]
08-22 17:42:00.206 I/am_proc_bound( 1155): [0,3199,com.qualcomm.qti.performancemode]
08-22 17:42:00.217 I/am_uid_active( 1155): 10110
08-22 17:42:00.253 I/am_proc_bound( 1155): [0,3202,com.qualcomm.qti.biometrics.fingerprint.service:remote]
08-22 17:42:00.376 I/am_uid_running( 1155): 10022
08-22 17:42:00.428 I/am_proc_start( 1155): [0,3256,10022,android.process.acore,content provider,{com.android.providers.contacts/com.android.providers.contacts.ContactsProvider2}]
08-22 17:42:00.479 I/am_uid_running( 1155): 10063
08-22 17:42:00.527 I/sysui_multi_action( 1155): [757,128,758,1,793,4033,794,0,795,4033,796,26,798,0,806,android,857,DEVELOPER_IMPORTANT,858,4,947,0,1395,4,1500,2373,1688,1]
08-22 17:42:00.527 I/sysui_multi_action( 1155): [757,804,799,note_freshness,801,4033,802,1]
08-22 17:42:00.527 I/notification_visibility( 1155): [-1|android|26|null|1000,1,4033,4033,0,0]
08-22 17:42:00.533 I/am_proc_bound( 1155): [0,3256,android.process.acore]
08-22 17:42:00.542 I/am_uid_active( 1155): 10022
08-22 17:42:00.565 I/am_proc_start( 1155): [0,3294,10063,com.qualcomm.qti.smq,broadcast,{com.qualcomm.qti.smq/com.qualcomm.qti.smq.receiver.BootReceiver}]
08-22 17:42:00.652 I/am_proc_bound( 1155): [0,3294,com.qualcomm.qti.smq]
08-22 17:42:00.665 I/am_uid_active( 1155): 10063
08-22 17:42:00.980 I/am_uid_running( 1155): 10122
08-22 17:42:01.043 I/am_proc_start( 1155): [0,3346,10122,com.qualcomm.qtil.aptxui,broadcast,{com.qualcomm.qtil.aptxui/com.qualcomm.qtil.aptxui.aptxuiBootReceiver}]
08-22 17:42:01.112 I/backup_transport_lifecycle( 1155): [com.android.localtransport/.LocalTransportService,1]
08-22 17:42:01.115 I/am_proc_bound( 1155): [0,3346,com.qualcomm.qtil.aptxui]
08-22 17:42:01.128 I/am_uid_active( 1155): 10122
08-22 17:42:01.144 I/sysui_multi_action( 1155): [757,1717,758,1,759,0]
08-22 17:42:01.145 I/sysui_multi_action( 1155): [757,1717,758,2,759,0]
08-22 17:42:01.145 I/sysui_multi_action( 1155): [757,1717,758,3,759,0]
08-22 17:42:01.156 I/am_proc_start( 1155): [0,3364,1000,com.android.localtransport,service,{com.android.localtransport/com.android.localtransport.LocalTransportService}]
08-22 17:42:01.225 I/am_proc_bound( 1155): [0,3364,com.android.localtransport]
08-22 17:42:01.305 I/backup_transport_connection( 1155): [com.android.localtransport/.LocalTransportService,1]
08-22 17:42:01.312 I/dvm_lock_sample( 1155): [system_server,1,android.ui,5,ActivityManagerService.java,15538,void com.android.server.am.ActivityManagerService$LocalService.updateDeviceIdleTempAllowlist(int[], int, boolean, long, int, int, java.lang.String, int),-,13827,void com.android.server.am.ActivityManagerService.finishReceiver(android.os.IBinder, int, java.lang.String, android.os.Bundle, boolean, int),1]
08-22 17:42:01.313 I/backup_transport_lifecycle( 1155): [com.android.localtransport/.LocalTransportService,0]
08-22 17:42:01.313 I/backup_transport_connection( 1155): [com.android.localtransport/.LocalTransportService,0]
08-22 17:42:01.324 I/am_uid_running( 1155): 10080
08-22 17:42:01.367 I/am_proc_start( 1155): [0,3393,10080,com.android.quicksearchbox,broadcast,{com.android.quicksearchbox/com.android.quicksearchbox.SearchWidgetProvider}]
08-22 17:42:01.436 I/am_proc_bound( 1155): [0,3393,com.android.quicksearchbox]
08-22 17:42:01.668 I/am_uid_running( 1155): 10028
08-22 17:42:01.694 I/commit_sys_config_file( 1155): [appops,14]
08-22 17:42:01.722 I/am_proc_start( 1155): [0,3420,10028,com.android.traceur,broadcast,{com.android.traceur/com.android.traceur.Receiver}]
08-22 17:42:01.787 I/am_proc_bound( 1155): [0,3420,com.android.traceur]
08-22 17:42:01.789 I/service_manager_stats( 1155): [100,347,5484]
08-22 17:42:01.795 I/am_uid_active( 1155): 10028
08-22 17:42:02.131 I/am_proc_start( 1155): [0,3447,1000,com.qualcomm.qti.qmmi,broadcast,{com.qualcomm.qti.qmmi/com.qualcomm.qti.qmmi.framework.QmmiReceiver}]
08-22 17:42:02.203 I/am_proc_bound( 1155): [0,3447,com.qualcomm.qti.qmmi]
08-22 17:42:02.265 I/am_meminfo( 1155): [1106890752,4191682560,12288,894525440,670322688]
08-22 17:42:02.289 I/am_pss ( 1155): [2411,10106,com.android.launcher3,92219392,75104256,0,226566144,2,2,17]
08-22 17:42:02.310 I/am_pss ( 1155): [3037,10128,com.android.providers.media.module,14493696,10403840,0,116125696,2,0,14]
08-22 17:42:02.330 I/am_pss ( 1155): [2494,10120,com.qualcomm.qti.qccauthmgr,6840320,4382720,0,95862784,2,5,13]
08-22 17:42:02.348 I/am_pss ( 1155): [3199,10110,com.qualcomm.qti.performancemode,6017024,3874816,0,91197440,2,19,13]
08-22 17:42:02.365 I/am_pss ( 1155): [3079,1000,com.android.keychain,8452096,6283264,0,94101504,2,19,12]
08-22 17:42:02.386 I/am_pss ( 1155): [3131,10102,com.qualcomm.location.XT,6907904,4657152,0,93601792,2,6,17]
08-22 17:42:02.406 I/am_pss ( 1155): [3122,10059,com.qualcomm.qti.biometrics.fingerprint.service,6128640,3973120,0,90402816,2,19,12]
08-22 17:42:02.426 I/am_crash( 1155): [2270,0,com.qualcomm.qti.devicestatisticsservice,814235213,java.lang.ClassNotFoundException,android.hidl.manager.V1_0.IServiceNotification$Stub,DeviceStatisticsService.java,83]
08-22 17:42:02.427 I/am_pss ( 1155): [2374,1000,com.android.settings,29759488,17559552,0,147922944,2,19,15]
08-22 17:42:02.435 I/sysui_multi_action( 1155): [757,316,758,4,759,-1]
08-22 17:42:02.446 I/am_wtf ( 1155): [0,1155,system_server,-1,BootReceiver,open failed: ENOENT (No such file or directory)]
08-22 17:42:02.446 I/am_pss ( 1155): [3027,1000,com.qualcomm.qti.services.secureui:sui_service,5787648,3731456,0,89923584,2,0,12]
08-22 17:42:02.467 I/am_pss ( 1155): [2981,10092,com.qualcomm.location,10620928,7483392,0,102871040,2,0,16]
08-22 17:42:02.471 I/commit_sys_config_file( 1155): [log-files,10717]
08-22 17:42:02.473 I/am_uid_running( 1155): 10023
08-22 17:42:02.482 I/am_proc_died( 1155): [0,2270,com.qualcomm.qti.devicestatisticsservice,-800,0]
08-22 17:42:02.482 I/am_pss ( 1155): [2955,10121,com.qualcomm.qti.workloadclassifier,5854208,3788800,0,89190400,2,0,11]
08-22 17:42:02.486 I/am_schedule_service_restart( 1155): [0,com.qualcomm.qti.devicestatisticsservice/.DeviceStatisticsService,0]
08-22 17:42:02.486 I/am_uid_stopped( 1155): 10086
08-22 17:42:02.487 I/am_uid_running( 1155): 10086
08-22 17:42:02.498 I/am_pss ( 1155): [2931,10115,com.qualcomm.qti.qccnetstat,6457344,4304896,0,91303936,2,0,12]
08-22 17:42:02.498 I/am_uid_active( 1155): 10086
08-22 17:42:02.514 I/am_pss ( 1155): [2881,10094,com.qualcomm.qti.services.systemhelper:systemhelper_service,5791744,3710976,0,89939968,2,0,12]
08-22 17:42:02.516 I/am_proc_start( 1155): [0,3494,10023,android.process.media,content provider,{com.android.providers.downloads/com.android.providers.downloads.DownloadProvider}]
08-22 17:42:02.530 I/am_pss ( 1155): [2860,10064,.pasr,5599232,3563520,0,89030656,2,0,12]
08-22 17:42:02.548 I/am_pss ( 1155): [2393,10129,android.ext.services,13693952,5660672,0,126181376,2,5,12]
08-22 17:42:02.561 I/am_proc_start( 1155): [0,3495,10086,com.qualcomm.qti.devicestatisticsservice,restart,com.qualcomm.qti.devicestatisticsservice]
08-22 17:42:02.565 I/am_pss ( 1155): [2826,10068,ts.car.uart,6522880,4489216,0,90644480,2,0,13]
08-22 17:42:02.583 I/am_pss ( 1155): [2704,10078,com.android.deskclock,10062848,6742016,0,102838272,2,19,13]
08-22 17:42:02.598 D/TelephonyRegistry( 1155): listen oscl: mHasNotifySubscriptionInfoChangedOccurred==false no callback
08-22 17:42:02.600 I/am_pss ( 1155): [2681,10082,com.android.inputmethod.latin,14493696,10702848,0,113201152,2,7,13]
08-22 17:42:02.600 I/am_proc_bound( 1155): [0,3494,android.process.media]
08-22 17:42:02.617 I/am_uid_active( 1155): 10023
08-22 17:42:02.618 I/am_pss ( 1155): [1892,1002,com.android.bluetooth,28345344,23257088,0,134737920,2,0,15]
08-22 17:42:02.634 I/am_pss ( 1155): [2323,1000,com.qualcomm.qti.qdma,10340352,6598656,0,106188800,2,0,12]
08-22 17:42:02.650 I/am_pss ( 1155): [2194,10099,com.qualcomm.qtil.aptxals,8814592,6418432,0,95866880,2,0,12]
08-22 17:42:02.678 I/am_proc_bound( 1155): [0,3495,com.qualcomm.qti.devicestatisticsservice]
08-22 17:42:02.690 I/am_pss ( 1155): [2222,1068,com.android.se,6427648,4153344,0,94105600,2,0,13]
08-22 17:42:02.707 I/am_pss ( 1155): [2230,1000,com.thundercomm.remotecontrolservice,10439680,7643136,0,102092800,2,0,13]
08-22 17:42:02.723 I/am_pss ( 1155): [2213,10112,com.qti.qualcomm.mstatssystemservice,5681152,3682304,0,89780224,2,0,12]
08-22 17:42:02.739 I/am_pss ( 1155): [2203,1000,vendor.qti.qesdk.sysservice,5826560,3743744,0,91590656,2,0,12]
08-22 17:42:02.749 I/am_proc_start( 1155): [0,3545,1000,com.qti.diagservices,broadcast,{com.qti.diagservices/com.qti.diagservices.Diag_OnBoot}]
08-22 17:42:02.754 I/am_pss ( 1155): [2167,10109,com.qualcomm.qtil.aptxacu,7778304,5799936,0,92233728,2,0,12]
08-22 17:42:02.771 I/am_pss ( 1155): [2084,10056,.qtidataservices,6116352,4087808,0,91611136,2,0,13]
08-22 17:42:02.789 I/am_pss ( 1155): [2069,1001,.dataservices,8170496,6008832,0,94269440,2,0,13]
08-22 17:42:02.807 I/am_pss ( 1155): [2023,1073,com.android.networkstack.process,11629568,8798208,0,104554496,2,0,12]
08-22 17:42:02.822 I/service_manager_slow( 3545): [12,activity]
08-22 17:42:02.823 I/am_proc_bound( 1155): [0,3545,com.qti.diagservices]
08-22 17:42:02.835 I/am_pss ( 1155): [1912,10107,com.android.systemui,124598272,103911424,0,280477696,2,1,19]
08-22 17:42:02.871 I/am_pss ( 1155): [1155,1000,system,191152128,102678528,0,500051968,2,0,31]
08-22 17:42:02.947 I/am_uid_running( 1155): 10085
08-22 17:42:02.994 I/am_proc_start( 1155): [0,3570,10085,com.android.calendar,broadcast,{com.android.calendar/com.android.calendar.alerts.AlertReceiver}]
08-22 17:42:03.031 I/auditd ( 3569): type=1400 audit(0.0:107): avc: denied { read } for comm="ip" name="rt_tables" dev="dm-10" ino=334 scontext=u:r:ethernet:s0 tcontext=u:object_r:net_data_file:s0 tclass=file permissive=0
08-22 17:42:03.035 I/auditd ( 2818): type=1400 audit(0.0:108): avc: denied { write } for comm="sh" name="ip_forward" dev="proc" ino=42155 scontext=u:r:ethernet:s0 tcontext=u:object_r:proc_net:s0 tclass=file permissive=0
08-22 17:42:03.035 I/auditd ( 2818): type=1400 audit(0.0:109): avc: denied { write } for comm="sh" name="ip_default_ttl" dev="proc" ino=55292 scontext=u:r:ethernet:s0 tcontext=u:object_r:proc_net:s0 tclass=file permissive=0
08-22 17:42:03.035 I/auditd ( 2818): type=1400 audit(0.0:110): avc: denied { write } for comm="sh" name="tcp_keepalive_probes" dev="proc" ino=55293 scontext=u:r:ethernet:s0 tcontext=u:object_r:proc_net:s0 tclass=file permissive=0
08-22 17:42:03.039 I/auditd ( 2818): type=1400 audit(0.0:111): avc: denied { write } for comm="sh" name="tcp_keepalive_intvl" dev="proc" ino=55294 scontext=u:r:ethernet:s0 tcontext=u:object_r:proc_net:s0 tclass=file permissive=0
08-22 17:42:03.039 I/auditd ( 2818): type=1400 audit(0.0:112): avc: denied { write } for comm="sh" name="tcp_keepalive_time" dev="proc" ino=55295 scontext=u:r:ethernet:s0 tcontext=u:object_r:proc_net:s0 tclass=file permissive=0
08-22 17:42:03.039 I/auditd ( 2818): type=1400 audit(0.0:113): avc: denied { write } for comm="sh" name="tcp_rmem" dev="proc" ino=55296 scontext=u:r:ethernet:s0 tcontext=u:object_r:proc_net:s0 tclass=file permissive=0
08-22 17:42:03.043 I/auditd ( 2818): type=1400 audit(0.0:114): avc: denied { write } for comm="sh" name="tcp_wmem" dev="proc" ino=58369 scontext=u:r:ethernet:s0 tcontext=u:object_r:proc_net:s0 tclass=file permissive=0
08-22 17:42:03.043 I/auditd ( 2818): type=1400 audit(0.0:115): avc: denied { write } for comm="sh" name="tcp_synack_retries" dev="proc" ino=46073 scontext=u:r:ethernet:s0 tcontext=u:object_r:proc_net:s0 tclass=file permissive=0
08-22 17:42:03.060 I/am_proc_bound( 1155): [0,3570,com.android.calendar]
08-22 17:42:03.067 I/am_uid_active( 1155): 10085
08-22 17:42:03.200 I/am_uid_running( 1155): 10084
08-22 17:42:03.245 I/am_proc_start( 1155): [0,3589,10084,com.android.camera2,broadcast,{com.android.camera2/com.android.camera.SetActivitiesCameraReceiver}]
08-22 17:42:03.343 I/am_proc_bound( 1155): [0,3589,com.android.camera2]
08-22 17:42:03.350 I/am_uid_active( 1155): 10084
08-22 17:42:03.550 I/notification_cancel_all( 1155): [10084,3589,com.android.camera2,0,0,64,9,NULL]
08-22 17:42:03.568 I/am_uid_running( 1155): 10072
08-22 17:42:03.641 I/am_proc_start( 1155): [0,3608,10072,com.android.contacts,broadcast,{com.android.contacts/com.android.contacts.interactions.OnBootOrUpgradeReceiver}]
08-22 17:42:03.723 I/am_proc_bound( 1155): [0,3608,com.android.contacts]
08-22 17:42:03.731 I/am_uid_active( 1155): 10072
08-22 17:42:04.069 I/am_proc_start( 1155): [0,3628,1000,com.android.dynsystem,broadcast,{com.android.dynsystem/com.android.dynsystem.BootCompletedReceiver}]
08-22 17:42:04.138 I/am_proc_bound( 1155): [0,3628,com.android.dynsystem]
08-22 17:42:04.291 I/am_uid_running( 1155): 10029
08-22 17:42:04.320 I/am_proc_start( 1155): [0,3645,1000,com.android.dynsystem:dynsystem,service,{com.android.dynsystem/com.android.dynsystem.DynamicSystemInstallationService}]
08-22 17:42:04.359 I/am_proc_start( 1155): [0,3652,10029,com.android.managedprovisioning,broadcast,{com.android.managedprovisioning/com.android.managedprovisioning.BootReminder}]
08-22 17:42:04.375 I/am_proc_bound( 1155): [0,3645,com.android.dynsystem:dynsystem]
08-22 17:42:04.445 I/am_proc_bound( 1155): [0,3652,com.android.managedprovisioning]
08-22 17:42:04.459 I/am_uid_active( 1155): 10029
08-22 17:42:04.675 I/am_uid_running( 1155): 10069
08-22 17:42:04.730 I/am_proc_start( 1155): [0,3680,10069,com.android.onetimeinitializer,broadcast,{com.android.onetimeinitializer/com.android.onetimeinitializer.OneTimeInitializerReceiver}]
08-22 17:42:04.830 I/am_proc_bound( 1155): [0,3680,com.android.onetimeinitializer]
08-22 17:42:04.838 I/am_uid_active( 1155): 10069
08-22 17:42:04.958 I/am_uid_running( 1155): 10031
08-22 17:42:05.006 I/am_proc_start( 1155): [0,3699,10031,com.android.packageinstaller,broadcast,{com.android.packageinstaller/com.android.packageinstaller.TemporaryFileManager}]
08-22 17:42:05.073 I/am_proc_bound( 1155): [0,3699,com.android.packageinstaller]
08-22 17:42:05.085 I/am_uid_active( 1155): 10031
08-22 17:42:05.225 I/am_uid_running( 1155): 10127
08-22 17:42:05.294 I/am_proc_start( 1155): [0,3715,10127,com.android.permissioncontroller,broadcast,{com.android.permissioncontroller/com.android.permissioncontroller.permission.service.LocationAccessCheck$SetupPeriodicBackgroundLocationAccessCheck}]
08-22 17:42:05.366 I/am_proc_bound( 1155): [0,3715,com.android.permissioncontroller]
08-22 17:42:05.372 I/am_uid_active( 1155): 10127
08-22 17:42:05.667 I/am_uid_running( 1155): 10039
08-22 17:42:05.685 I/sysui_heads_up_status( 1912): [-1|android|26|null|1000,0]
08-22 17:42:05.717 I/am_proc_start( 1155): [0,3733,10039,com.android.providers.calendar,broadcast,{com.android.providers.calendar/com.android.providers.calendar.CalendarReceiver}]
08-22 17:42:05.801 I/am_proc_bound( 1155): [0,3733,com.android.providers.calendar]
08-22 17:42:05.813 I/am_uid_active( 1155): 10039
08-22 17:42:06.156 I/sysui_multi_action( 1155): [757,128,758,2,793,9662,794,5629,795,9662,796,26,798,0,806,android,857,DEVELOPER_IMPORTANT,858,4,947,0,1395,4,1500,8002,1688,1]
08-22 17:42:06.157 I/notification_visibility( 1155): [-1|android|26|null|1000,0,9662,9662,0,0]
08-22 17:42:06.161 I/sysui_multi_action( 1155): [757,127,758,2]
08-22 17:42:06.161 I/notification_panel_hidden( 1155):
08-22 17:42:06.194 I/am_uid_running( 1155): 2000
08-22 17:42:06.238 I/am_proc_start( 1155): [0,3756,2000,com.android.shell,broadcast,{com.android.shell/com.android.shell.HeapDumpReceiver}]
08-22 17:42:06.314 I/am_proc_bound( 1155): [0,3756,com.android.shell]
08-22 17:42:06.322 I/am_uid_active( 1155): 2000
08-22 17:42:06.534 I/am_proc_start( 1155): [0,3773,1001,com.android.phone,broadcast,{com.android.stk/com.android.stk.BootCompletedReceiver}]
08-22 17:42:06.596 I/am_proc_bound( 1155): [0,3773,com.android.phone]
08-22 17:42:06.766 D/CAT ( 3773): BootCompletedReceiver: [ACTION_BOOT_COMPLETED]
08-22 17:42:06.768 I/am_uid_running( 1155): 10096
08-22 17:42:06.769 D/CAT ( 3773): StkAppService: onCreate()+
08-22 17:42:06.770 D/CAT ( 3773): StkAppService: simCount: 1
08-22 17:42:06.771 D/CAT ( 3773): StkAppService: slotId: 0
08-22 17:42:06.774 D/CAT ( 3773): StkAppService: onStart sim id: 0, op: 5, *****
08-22 17:42:06.774 D/CAT ( 3773): StkAppService: mStkService is: -1
08-22 17:42:06.780 D/CAT ( 3773): StkAppService: onDestroy()
08-22 17:42:06.829 I/am_proc_start( 1155): [0,3793,10096,com.qti.ltebc,broadcast,{com.qti.ltebc/com.qualcomm.ltebc.LTEBroadcastBootReceiver}]
08-22 17:42:06.902 I/am_proc_bound( 1155): [0,3793,com.qti.ltebc]
08-22 17:42:06.910 I/am_uid_active( 1155): 10096
08-22 17:42:07.037 I/sysui_multi_action( 1155): [757,1717,758,1,759,0]
08-22 17:42:07.038 I/sysui_multi_action( 1155): [757,1717,758,2,759,0]
08-22 17:42:07.039 I/sysui_multi_action( 1155): [757,1717,758,3,759,0]
08-22 17:42:11.368 I/am_uid_running( 1155): 10113
08-22 17:42:11.373 I/am_pss ( 1155): [2411,10106,com.android.launcher3,90275840,73015296,0,226418688,0,2,17]
08-22 17:42:11.418 I/am_proc_start( 1155): [0,3841,10113,com.qualcomm.qct.dlt,broadcast,{com.qualcomm.qct.dlt/com.qualcomm.qct.dlt.proximity.ProximityBroadcastReceiver}]
08-22 17:42:11.473 I/am_proc_bound( 1155): [0,3841,com.qualcomm.qct.dlt]
08-22 17:42:11.480 I/am_uid_active( 1155): 10113
08-22 17:42:11.602 I/am_proc_died( 1155): [0,3793,com.qti.ltebc,905,19]
08-22 17:42:11.605 I/am_uid_stopped( 1155): 10096
08-22 17:42:12.195 I/am_uid_running( 1155): 10074
08-22 17:42:12.261 I/am_proc_start( 1155): [0,3862,10074,com.qualcomm.qti.lpa,broadcast,{com.qualcomm.qti.lpa/com.qualcomm.qti.lpa.UimLpaBootReceiver}]
08-22 17:42:12.319 I/am_proc_bound( 1155): [0,3862,com.qualcomm.qti.lpa]
08-22 17:42:12.327 I/am_uid_active( 1155): 10074
08-22 17:42:12.490 I/am_uid_running( 1155): 10066
08-22 17:42:12.534 I/am_proc_start( 1155): [0,3909,10066,com.qualcomm.qti.qms.service.connectionsecurity,broadcast,{com.qualcomm.qti.qms.service.connectionsecurity/com.qualcomm.qti.qms.service.connectionsecurity.ConnSecBroadcastReceiver}]
08-22 17:42:12.597 I/am_proc_bound( 1155): [0,3909,com.qualcomm.qti.qms.service.connectionsecurity]
08-22 17:42:12.606 I/am_uid_active( 1155): 10066
08-22 17:42:12.849 I/am_uid_running( 1155): 10035
08-22 17:42:12.893 I/am_proc_start( 1155): [0,3931,10035,com.android.externalstorage,broadcast,{com.android.externalstorage/com.android.externalstorage.MountReceiver}]
08-22 17:42:12.952 I/am_proc_bound( 1155): [0,3931,com.android.externalstorage]
08-22 17:42:13.121 I/am_uid_running( 1155): 10096
08-22 17:42:13.173 I/am_proc_start( 1155): [0,3950,10096,com.qti.ltebc,broadcast,{com.qti.ltebc/com.qualcomm.ltebc.LTEBroadcastReceiver}]
08-22 17:42:13.231 I/am_proc_bound( 1155): [0,3950,com.qti.ltebc]
08-22 17:42:13.238 I/am_uid_active( 1155): 10096
08-22 17:42:14.062 I/sysui_multi_action( 1155): [757,1696,758,6,759,2]
08-22 17:42:14.070 I/am_wtf ( 1155): [0,1155,system_server,-1,DisplayDeviceConfig,requesting nits when no mapping exists.]
08-22 17:42:14.077 I/am_wtf ( 1155): [0,1155,system_server,-1,DisplayDeviceConfig,requesting nits when no mapping exists.]
08-22 17:42:14.099 I/am_wtf ( 1155): [0,1155,system_server,-1,DisplayDeviceConfig,requesting nits when no mapping exists.]
08-22 17:42:14.104 I/am_wtf ( 1155): [0,1155,system_server,-1,DisplayDeviceConfig,requesting nits when no mapping exists.]
08-22 17:42:14.123 I/am_wtf ( 1155): [0,1155,system_server,-1,DisplayDeviceConfig,requesting nits when no mapping exists.]
08-22 17:42:14.131 I/am_wtf ( 1155): [0,1155,system_server,-1,DisplayDeviceConfig,requesting nits when no mapping exists.]
08-22 17:42:14.142 I/am_wtf ( 1155): [0,1155,system_server,-1,DisplayDeviceConfig,requesting nits when no mapping exists.]
08-22 17:42:14.143 I/am_wtf ( 1155): [0,1155,system_server,-1,DisplayDeviceConfig,requesting nits when no mapping exists.]
08-22 17:42:14.155 I/am_wtf ( 1155): [0,1155,system_server,-1,DisplayDeviceConfig,requesting nits when no mapping exists.]
08-22 17:42:14.157 I/am_wtf ( 1155): [0,1155,system_server,-1,DisplayDeviceConfig,requesting nits when no mapping exists.]
08-22 17:42:14.174 I/am_wtf ( 1155): [0,1155,system_server,-1,DisplayDeviceConfig,requesting nits when no mapping exists.]
08-22 17:42:14.176 I/am_wtf ( 1155): [0,1155,system_server,-1,DisplayDeviceConfig,requesting nits when no mapping exists.]
08-22 17:42:14.188 I/am_wtf ( 1155): [0,1155,system_server,-1,DisplayDeviceConfig,requesting nits when no mapping exists.]
08-22 17:42:14.190 I/am_wtf ( 1155): [0,1155,system_server,-1,DisplayDeviceConfig,requesting nits when no mapping exists.]
08-22 17:42:14.207 I/am_wtf ( 1155): [0,1155,system_server,-1,DisplayDeviceConfig,requesting nits when no mapping exists.]
08-22 17:42:14.209 I/am_wtf ( 1155): [0,1155,system_server,-1,DisplayDeviceConfig,requesting nits when no mapping exists.]
08-22 17:42:14.221 I/am_wtf ( 1155): [0,1155,system_server,-1,DisplayDeviceConfig,requesting nits when no mapping exists.]
08-22 17:42:14.224 I/am_wtf ( 1155): [0,1155,system_server,-1,DisplayDeviceConfig,requesting nits when no mapping exists.]
08-22 17:42:14.238 I/am_wtf ( 1155): [0,1155,system_server,-1,DisplayDeviceConfig,requesting nits when no mapping exists.]
08-22 17:42:14.240 I/am_wtf ( 1155): [0,1155,system_server,-1,DisplayDeviceConfig,requesting nits when no mapping exists.]
08-22 17:42:14.255 I/am_wtf ( 1155): [0,1155,system_server,-1,DisplayDeviceConfig,requesting nits when no mapping exists.]
08-22 17:42:14.257 I/am_wtf ( 1155): [0,1155,system_server,-1,DisplayDeviceConfig,requesting nits when no mapping exists.]
08-22 17:42:14.272 I/am_wtf ( 1155): [0,1155,system_server,-1,DisplayDeviceConfig,requesting nits when no mapping exists.]
08-22 17:42:14.275 I/am_wtf ( 1155): [0,1155,system_server,-1,DisplayDeviceConfig,requesting nits when no mapping exists.]
08-22 17:42:14.289 I/am_wtf ( 1155): [0,1155,system_server,-1,DisplayDeviceConfig,requesting nits when no mapping exists.]
08-22 17:42:14.291 I/am_wtf ( 1155): [0,1155,system_server,-1,DisplayDeviceConfig,requesting nits when no mapping exists.]
08-22 17:42:14.306 I/am_wtf ( 1155): [0,1155,system_server,-1,DisplayDeviceConfig,requesting nits when no mapping exists.]
08-22 17:42:14.310 I/am_wtf ( 1155): [0,1155,system_server,-1,DisplayDeviceConfig,requesting nits when no mapping exists.]
08-22 17:42:14.322 I/am_wtf ( 1155): [0,1155,system_server,-1,DisplayDeviceConfig,requesting nits when no mapping exists.]
08-22 17:42:14.324 I/am_wtf ( 1155): [0,1155,system_server,-1,DisplayDeviceConfig,requesting nits when no mapping exists.]
08-22 17:42:14.340 I/am_wtf ( 1155): [0,1155,system_server,-1,DisplayDeviceConfig,requesting nits when no mapping exists.]
08-22 17:42:14.342 I/am_wtf ( 1155): [0,1155,system_server,-1,DisplayDeviceConfig,requesting nits when no mapping exists.]
08-22 17:42:14.355 I/am_wtf ( 1155): [0,1155,system_server,-1,DisplayDeviceConfig,requesting nits when no mapping exists.]
08-22 17:42:14.357 I/am_wtf ( 1155): [0,1155,system_server,-1,DisplayDeviceConfig,requesting nits when no mapping exists.]
08-22 17:42:14.372 I/am_wtf ( 1155): [0,1155,system_server,-1,DisplayDeviceConfig,requesting nits when no mapping exists.]
08-22 17:42:14.374 I/am_wtf ( 1155): [0,1155,system_server,-1,DisplayDeviceConfig,requesting nits when no mapping exists.]
08-22 17:42:14.388 I/am_wtf ( 1155): [0,1155,system_server,-1,DisplayDeviceConfig,requesting nits when no mapping exists.]
08-22 17:42:14.391 I/am_wtf ( 1155): [0,1155,system_server,-1,DisplayDeviceConfig,requesting nits when no mapping exists.]
08-22 17:42:14.406 I/am_wtf ( 1155): [0,1155,system_server,-1,DisplayDeviceConfig,requesting nits when no mapping exists.]
08-22 17:42:14.408 I/am_wtf ( 1155): [0,1155,system_server,-1,DisplayDeviceConfig,requesting nits when no mapping exists.]
08-22 17:42:14.424 I/am_wtf ( 1155): [0,1155,system_server,-1,DisplayDeviceConfig,requesting nits when no mapping exists.]
08-22 17:42:14.428 I/am_wtf ( 1155): [0,1155,system_server,-1,DisplayDeviceConfig,requesting nits when no mapping exists.]
08-22 17:42:14.439 I/am_wtf ( 1155): [0,1155,system_server,-1,DisplayDeviceConfig,requesting nits when no mapping exists.]
08-22 17:42:14.441 I/am_wtf ( 1155): [0,1155,system_server,-1,DisplayDeviceConfig,requesting nits when no mapping exists.]
08-22 17:42:14.442 I/service_manager_stats( 1155): [100,167,12654]
08-22 17:42:14.456 I/am_wtf ( 1155): [0,1155,system_server,-1,DisplayDeviceConfig,requesting nits when no mapping exists.]
08-22 17:42:14.457 I/am_wtf ( 1155): [0,1155,system_server,-1,DisplayDeviceConfig,requesting nits when no mapping exists.]
08-22 17:42:14.472 I/am_wtf ( 1155): [0,1155,system_server,-1,DisplayDeviceConfig,requesting nits when no mapping exists.]
08-22 17:42:14.474 I/am_wtf ( 1155): [0,1155,system_server,-1,DisplayDeviceConfig,requesting nits when no mapping exists.]
08-22 17:42:14.496 I/am_wtf ( 1155): [0,1155,system_server,-1,DisplayDeviceConfig,requesting nits when no mapping exists.]
08-22 17:42:14.499 I/am_wtf ( 1155): [0,1155,system_server,-1,DisplayDeviceConfig,requesting nits when no mapping exists.]
08-22 17:42:14.506 I/am_wtf ( 1155): [0,1155,system_server,-1,DisplayDeviceConfig,requesting nits when no mapping exists.]
08-22 17:42:14.507 I/am_wtf ( 1155): [0,1155,system_server,-1,DisplayDeviceConfig,requesting nits when no mapping exists.]
08-22 17:42:14.522 I/am_wtf ( 1155): [0,1155,system_server,-1,DisplayDeviceConfig,requesting nits when no mapping exists.]
08-22 17:42:14.525 I/am_wtf ( 1155): [0,1155,system_server,-1,DisplayDeviceConfig,requesting nits when no mapping exists.]
08-22 17:42:14.539 I/am_wtf ( 1155): [0,1155,system_server,-1,DisplayDeviceConfig,requesting nits when no mapping exists.]
08-22 17:42:14.540 I/am_wtf ( 1155): [0,1155,system_server,-1,DisplayDeviceConfig,requesting nits when no mapping exists.]
08-22 17:42:14.555 I/am_wtf ( 1155): [0,1155,system_server,-1,DisplayDeviceConfig,requesting nits when no mapping exists.]
08-22 17:42:14.557 I/am_wtf ( 1155): [0,1155,system_server,-1,DisplayDeviceConfig,requesting nits when no mapping exists.]
08-22 17:42:17.500 I/liblog ( 2230): 4
08-22 17:42:17.502 I/liblog ( 2230): 2
08-22 17:42:17.502 I/liblog ( 2230): 1
08-22 17:42:18.578 I/am_proc_died( 1155): [0,3950,com.qti.ltebc,0,11]
08-22 17:42:18.581 I/am_broadcast_discard_app( 1155): [0,124088264,android.intent.action.MEDIA_MOUNTED,2,ResolveInfo{e7468f6 com.qti.ltebc/com.qualcomm.ltebc.LTEBroadcastReceiver m=0x208000}]
08-22 17:42:18.583 I/am_uid_stopped( 1155): 10096
08-22 17:42:18.635 I/am_uid_running( 1155): 10096
08-22 17:42:18.701 I/am_proc_start( 1155): [0,4009,10096,com.qti.ltebc,broadcast,{com.qti.ltebc/com.qualcomm.ltebc.LTEBroadcastReceiver}]
08-22 17:42:18.759 I/am_proc_bound( 1155): [0,4009,com.qti.ltebc]
08-22 17:42:18.761 I/am_uid_active( 1155): 10096
08-22 17:42:19.740 I/sysui_multi_action( 1155): [757,222,758,1]
08-22 17:42:19.789 I/wm_task_created( 1155): [69,-1]
08-22 17:42:19.796 I/wm_task_moved( 1155): [69,1,6]
08-22 17:42:19.796 I/wm_task_to_front( 1155): [0,69]
08-22 17:42:19.797 I/wm_create_task( 1155): [0,69]
08-22 17:42:19.797 I/wm_create_activity( 1155): [0,94637962,69,com.android.deskclock/android.service.dreams.DreamActivity,NULL,NULL,NULL,276824064]
08-22 17:42:19.798 I/wm_task_moved( 1155): [69,1,6]
08-22 17:42:19.798 I/wm_on_top_resumed_lost_called( 2411): [204102949,com.android.launcher3.uioverrides.QuickstepLauncher,topStateChangedWhenResumed]
08-22 17:42:19.802 I/wm_pause_activity( 1155): [0,204102949,com.android.launcher3/.uioverrides.QuickstepLauncher,userLeaving=true,pauseBackTasks]
08-22 17:42:19.809 I/wm_on_paused_called( 2411): [204102949,com.android.launcher3.uioverrides.QuickstepLauncher,performPause]
08-22 17:42:19.820 I/wm_add_to_stopping( 1155): [0,204102949,com.android.launcher3/.uioverrides.QuickstepLauncher,makeInvisible]
08-22 17:42:19.820 I/wm_restart_activity( 1155): [0,94637962,69,com.android.deskclock/android.service.dreams.DreamActivity]
08-22 17:42:19.823 I/wm_set_resumed_activity( 1155): [0,com.android.deskclock/android.service.dreams.DreamActivity,minimalResumeActivityLocked]
08-22 17:42:19.850 I/sysui_multi_action( 1155): [757,803,799,window_time_0,802,22]
08-22 17:42:19.856 I/input_focus( 1155): [Focus leaving 6ba7389 com.android.launcher3/com.android.launcher3.uioverrides.QuickstepLauncher (server),reason=NO_WINDOW]
08-22 17:42:19.865 I/wm_on_create_called( 2704): [94637962,android.service.dreams.DreamActivity,performCreate]
08-22 17:42:19.865 I/wm_on_start_called( 2704): [94637962,android.service.dreams.DreamActivity,handleStartActivity]
08-22 17:42:19.866 I/wm_on_resume_called( 2704): [94637962,android.service.dreams.DreamActivity,RESUME_ACTIVITY]
08-22 17:42:19.895 I/wm_on_top_resumed_gained_called( 2704): [94637962,android.service.dreams.DreamActivity,topStateChangedWhenResumed]
08-22 17:42:19.948 I/input_focus( 1155): [Focus request 85c8d73 com.android.deskclock/android.service.dreams.DreamActivity,reason=UpdateInputWindows]
08-22 17:42:19.953 I/am_wtf ( 1155): [0,1912,com.android.systemui,818462221,KeyguardBouncer,onFullyShown when view was null]
08-22 17:42:19.963 I/sysui_multi_action( 1912): [757,196,758,2,759,0]
08-22 17:42:19.963 I/sysui_status_bar_state( 1912): [0,0,1,0,0,1]
08-22 17:42:20.062 I/sysui_multi_action( 1155): [757,1696,758,6,759,3]
08-22 17:42:20.064 I/sysui_multi_action( 1155): [319,277,322,275,325,82,757,761,758,8,759,2,806,com.android.deskclock,871,android.service.dreams.DreamActivity,904,com.android.deskclock,905,0,1320,4,1321,1]
08-22 17:42:20.067 I/wm_activity_launch_time( 1155): [0,94637962,com.android.deskclock/android.service.dreams.DreamActivity,275]
08-22 17:42:20.069 I/am_wtf ( 1155): [0,1155,system_server,-1,DisplayDeviceConfig,requesting nits when no mapping exists.]
08-22 17:42:20.073 I/am_wtf ( 1155): [0,1155,system_server,-1,DisplayDeviceConfig,requesting nits when no mapping exists.]
08-22 17:42:20.077 I/input_focus( 1155): [Focus entering 85c8d73 com.android.deskclock/android.service.dreams.DreamActivity (server),reason=Window became focusable. Previous reason: NOT_VISIBLE]
08-22 17:42:20.103 I/am_wtf ( 1155): [0,1155,system_server,-1,DisplayDeviceConfig,requesting nits when no mapping exists.]
08-22 17:42:20.118 I/service_manager_slow( 1155): [14,dropbox]
08-22 17:42:20.119 I/am_wtf ( 1155): [0,1155,system_server,-1,DisplayDeviceConfig,requesting nits when no mapping exists.]
08-22 17:42:20.137 I/am_wtf ( 1155): [0,1155,system_server,-1,DisplayDeviceConfig,requesting nits when no mapping exists.]
08-22 17:42:20.146 I/am_wtf ( 1155): [0,1155,system_server,-1,DisplayDeviceConfig,requesting nits when no mapping exists.]
08-22 17:42:20.170 I/am_wtf ( 1155): [0,1155,system_server,-1,DisplayDeviceConfig,requesting nits when no mapping exists.]
08-22 17:42:20.185 I/am_wtf ( 1155): [0,1155,system_server,-1,DisplayDeviceConfig,requesting nits when no mapping exists.]
08-22 17:42:20.205 I/am_wtf ( 1155): [0,1155,system_server,-1,DisplayDeviceConfig,requesting nits when no mapping exists.]
08-22 17:42:20.207 I/am_wtf ( 1155): [0,1155,system_server,-1,DisplayDeviceConfig,requesting nits when no mapping exists.]
08-22 17:42:20.242 I/am_wtf ( 1155): [0,1155,system_server,-1,DisplayDeviceConfig,requesting nits when no mapping exists.]
08-22 17:42:20.252 I/am_wtf ( 1155): [0,1155,system_server,-1,DisplayDeviceConfig,requesting nits when no mapping exists.]
08-22 17:42:20.290 I/am_wtf ( 1155): [0,1155,system_server,-1,DisplayDeviceConfig,requesting nits when no mapping exists.]
08-22 17:42:20.291 I/am_wtf ( 1155): [0,1155,system_server,-1,DisplayDeviceConfig,requesting nits when no mapping exists.]
08-22 17:42:20.324 I/am_wtf ( 1155): [0,1155,system_server,-1,DisplayDeviceConfig,requesting nits when no mapping exists.]
08-22 17:42:20.326 I/am_wtf ( 1155): [0,1155,system_server,-1,DisplayDeviceConfig,requesting nits when no mapping exists.]
08-22 17:42:20.337 I/am_wtf ( 1155): [0,1155,system_server,-1,DisplayDeviceConfig,requesting nits when no mapping exists.]
08-22 17:42:20.339 I/am_wtf ( 1155): [0,1155,system_server,-1,DisplayDeviceConfig,requesting nits when no mapping exists.]
08-22 17:42:20.356 I/wm_stop_activity( 1155): [0,204102949,com.android.launcher3/.uioverrides.QuickstepLauncher]
08-22 17:42:20.369 I/am_wtf ( 1155): [0,1155,system_server,-1,DisplayDeviceConfig,requesting nits when no mapping exists.]
08-22 17:42:20.374 I/am_wtf ( 1155): [0,1155,system_server,-1,DisplayDeviceConfig,requesting nits when no mapping exists.]
08-22 17:42:20.376 I/wm_on_stop_called( 2411): [204102949,com.android.launcher3.uioverrides.QuickstepLauncher,STOP_ACTIVITY_ITEM]
08-22 17:42:20.407 I/am_wtf ( 1155): [0,1155,system_server,-1,DisplayDeviceConfig,requesting nits when no mapping exists.]
08-22 17:42:20.409 I/am_wtf ( 1155): [0,1155,system_server,-1,DisplayDeviceConfig,requesting nits when no mapping exists.]
08-22 17:42:20.420 I/am_wtf ( 1155): [0,1155,system_server,-1,DisplayDeviceConfig,requesting nits when no mapping exists.]
08-22 17:42:20.432 I/am_wtf ( 1155): [0,1155,system_server,-1,DisplayDeviceConfig,requesting nits when no mapping exists.]
08-22 17:42:20.453 I/am_wtf ( 1155): [0,1155,system_server,-1,DisplayDeviceConfig,requesting nits when no mapping exists.]
08-22 17:42:20.455 I/am_wtf ( 1155): [0,1155,system_server,-1,DisplayDeviceConfig,requesting nits when no mapping exists.]
08-22 17:42:20.470 I/am_wtf ( 1155): [0,1155,system_server,-1,DisplayDeviceConfig,requesting nits when no mapping exists.]
08-22 17:42:20.472 I/am_wtf ( 1155): [0,1155,system_server,-1,DisplayDeviceConfig,requesting nits when no mapping exists.]
08-22 17:42:20.489 I/am_wtf ( 1155): [0,1155,system_server,-1,DisplayDeviceConfig,requesting nits when no mapping exists.]
08-22 17:42:20.491 I/am_wtf ( 1155): [0,1155,system_server,-1,DisplayDeviceConfig,requesting nits when no mapping exists.]
08-22 17:42:20.505 I/am_wtf ( 1155): [0,1155,system_server,-1,DisplayDeviceConfig,requesting nits when no mapping exists.]
08-22 17:42:20.507 I/am_wtf ( 1155): [0,1155,system_server,-1,DisplayDeviceConfig,requesting nits when no mapping exists.]
08-22 17:42:20.521 I/am_wtf ( 1155): [0,1155,system_server,-1,DisplayDeviceConfig,requesting nits when no mapping exists.]
08-22 17:42:20.522 I/am_wtf ( 1155): [0,1155,system_server,-1,DisplayDeviceConfig,requesting nits when no mapping exists.]
08-22 17:42:20.537 I/am_wtf ( 1155): [0,1155,system_server,-1,DisplayDeviceConfig,requesting nits when no mapping exists.]
08-22 17:42:20.539 I/am_wtf ( 1155): [0,1155,system_server,-1,DisplayDeviceConfig,requesting nits when no mapping exists.]
08-22 17:42:20.555 I/am_wtf ( 1155): [0,1155,system_server,-1,DisplayDeviceConfig,requesting nits when no mapping exists.]
08-22 17:42:20.556 I/am_wtf ( 1155): [0,1155,system_server,-1,DisplayDeviceConfig,requesting nits when no mapping exists.]
08-22 17:42:21.700 I/am_pss ( 1155): [2393,10129,android.ext.services,13320192,5885952,0,127324160,0,5,14]
08-22 17:42:21.719 I/am_pss ( 1155): [3393,10080,com.android.quicksearchbox,6504448,4845568,0,93032448,0,19,14]
08-22 17:42:21.736 I/am_pss ( 1155): [3346,10122,com.qualcomm.qtil.aptxui,7075840,5656576,0,91668480,0,19,13]
08-22 17:42:21.752 I/am_pss ( 1155): [3294,10063,com.qualcomm.qti.smq,6526976,5111808,0,90832896,0,19,13]
08-22 17:42:21.771 I/am_pss ( 1155): [3199,10110,com.qualcomm.qti.performancemode,5275648,3772416,0,91209728,0,19,13]
08-22 17:42:21.787 I/am_pss ( 1155): [3122,10059,com.qualcomm.qti.biometrics.fingerprint.service,5474304,3936256,0,90415104,0,19,12]
08-22 17:42:21.804 I/am_pss ( 1155): [3202,10059,com.qualcomm.qti.biometrics.fingerprint.service:remote,5510144,3952640,0,90730496,0,19,13]
08-22 17:42:21.822 I/am_pss ( 1155): [3131,10102,com.qualcomm.location.XT,6207488,4612096,0,93655040,0,6,14]
08-22 17:42:21.843 I/am_pss ( 1155): [2374,1000,com.android.settings,28040192,17465344,0,148094976,0,19,16]
08-22 17:42:21.861 I/am_pss ( 1155): [2681,10082,com.android.inputmethod.latin,13750272,10797056,0,113315840,0,7,14]
08-22 17:42:21.878 I/am_pss ( 1155): [3364,1000,com.android.localtransport,5281792,3772416,0,91394048,0,19,12]
08-22 17:42:21.895 I/am_pss ( 1155): [3079,1000,com.android.keychain,7719936,6189056,0,93954048,0,19,12]
08-22 17:42:22.128 I/input_interaction( 1155): Interaction with: 85c8d73 com.android.deskclock/android.service.dreams.DreamActivity (server), edge-swipe (server), swipe-up (server), PointerEventDispatcher0 (server),
08-22 17:42:22.137 I/wm_finish_activity( 1155): [0,94637962,69,com.android.deskclock/android.service.dreams.DreamActivity,finish-activity]
08-22 17:42:22.138 I/wm_task_moved( 1155): [1,1,5]
08-22 17:42:22.139 I/wm_task_moved( 1155): [68,1,2147483647]
08-22 17:42:22.139 I/wm_task_to_front( 1155): [0,68]
08-22 17:42:22.139 I/wm_focused_root_task( 1155): [0,0,1,69,finish-top adjustFocusToNextFocusableTask]
08-22 17:42:22.140 I/wm_set_resumed_activity( 1155): [0,com.android.launcher3/.uioverrides.QuickstepLauncher,finish-top adjustFocusToNextFocusableTask]
08-22 17:42:22.142 I/wm_pause_activity( 1155): [0,94637962,com.android.deskclock/android.service.dreams.DreamActivity,userLeaving=false,finish]
