08-22 17:42:22.153 I/wm_on_top_resumed_lost_called( 2704): [94637962,android.service.dreams.DreamActivity,topStateChangedWhenResumed]
08-22 17:42:22.153 I/sysui_multi_action( 1155): [757,803,799,window_time_0,802,2]
08-22 17:42:22.154 I/wm_on_paused_called( 2704): [94637962,android.service.dreams.DreamActivity,performPause]
08-22 17:42:22.163 I/wm_add_to_stopping( 1155): [0,94637962,com.android.deskclock/android.service.dreams.DreamActivity,completeFinishing]
08-22 17:42:22.168 I/wm_set_resumed_activity( 1155): [0,com.android.launcher3/.uioverrides.QuickstepLauncher,resumeTopActivityInnerLocked]
08-22 17:42:22.170 I/wm_resume_activity( 1155): [0,204102949,68,com.android.launcher3/.uioverrides.QuickstepLauncher]
08-22 17:42:22.191 I/sysui_multi_action( 1155): [757,803,799,window_time_0,802,0]
08-22 17:42:22.192 I/view_enqueue_input_event( 2704): [Motion - Cancel,com.android.deskclock/android.service.dreams.DreamActivity]
08-22 17:42:22.192 I/input_focus( 1155): [Focus leaving 85c8d73 com.android.deskclock/android.service.dreams.DreamActivity (server),reason=NO_WINDOW]
08-22 17:42:22.201 I/wm_on_restart_called( 2411): [204102949,com.android.launcher3.uioverrides.QuickstepLauncher,performRestartActivity]
08-22 17:42:22.201 I/input_interaction( 1155): Interaction with: edge-swipe (server), swipe-up (server), PointerEventDispatcher0 (server),
08-22 17:42:22.201 I/wm_on_start_called( 2411): [204102949,com.android.launcher3.uioverrides.QuickstepLauncher,handleStartActivity]
08-22 17:42:22.202 I/wm_on_resume_called( 2411): [204102949,com.android.launcher3.uioverrides.QuickstepLauncher,RESUME_ACTIVITY]
08-22 17:42:22.202 I/wm_on_top_resumed_gained_called( 2411): [204102949,com.android.launcher3.uioverrides.QuickstepLauncher,topWhenResuming]
08-22 17:42:22.214 I/input_focus( 1155): [Focus request 6ba7389 com.android.launcher3/com.android.launcher3.uioverrides.QuickstepLauncher,reason=UpdateInputWindows]
08-22 17:42:22.237 I/am_pss ( 1155): [3420,10028,com.android.traceur,10108928,8572928,0,96681984,0,19,12]
08-22 17:42:22.242 I/input_focus( 1155): [Focus entering 6ba7389 com.android.launcher3/com.android.launcher3.uioverrides.QuickstepLauncher (server),reason=Window became focusable. Previous reason: NOT_VISIBLE]
08-22 17:42:22.252 I/am_pss ( 1155): [3447,1000,com.qualcomm.qti.qmmi,6765568,5255168,0,92651520,0,19,11]
08-22 17:42:22.401 I/liblog ( 2230): 9
08-22 17:42:22.486 I/wm_destroy_activity( 1155): [0,94637962,69,com.android.deskclock/android.service.dreams.DreamActivity,finish-imm:idle]
08-22 17:42:22.501 I/wm_on_stop_called( 2704): [94637962,android.service.dreams.DreamActivity,LIFECYCLER_STOP_ACTIVITY]
08-22 17:42:22.501 I/wm_on_destroy_called( 2704): [94637962,android.service.dreams.DreamActivity,performDestroy]
08-22 17:42:22.510 I/sysui_multi_action( 1155): [757,222,758,2]
08-22 17:42:22.510 I/sysui_multi_action( 1155): [757,804,799,dreaming_minutes,801,0,802,1]
08-22 17:42:22.513 I/liblog ( 2230): 11
08-22 17:42:22.526 I/wm_task_removed( 1155): [69,removeChild:removeChild last r=ActivityRecord{5a40f8a u0 com.android.deskclock/android.service.dreams.DreamActivity t-1 f}} in t=Task{15312d5 #69 type=dream A=10078:android:com.android.deskclock/dream U=0 visible=false mode=fullscreen translucent=true sz=0}]
08-22 17:42:22.526 I/wm_task_removed( 1155): [69,removeChild]
08-22 17:42:22.546 I/liblog ( 2230): 1
08-22 17:42:22.557 I/liblog ( 2230): 2
08-22 17:42:22.563 I/liblog ( 2230): 14
08-22 17:42:22.563 I/liblog ( 2230): 1
08-22 17:42:22.564 I/liblog ( 2230): 6
08-22 17:42:22.564 I/liblog ( 2230): 6
08-22 17:42:22.570 I/liblog ( 2230): 2
08-22 17:42:22.970 I/am_pss ( 1155): [3545,1000,com.qti.diagservices,5963776,4005888,0,95395840,0,10,13]
08-22 17:42:23.228 I/am_pss ( 1155): [3570,10085,com.android.calendar,6266880,4808704,0,91549696,0,19,13]
08-22 17:42:23.595 I/am_pss ( 1155): [3589,10084,com.android.camera2,7914496,6246400,0,95035392,0,19,14]
08-22 17:42:23.987 I/am_pss ( 1155): [3608,10072,com.android.contacts,8595456,6205440,0,95322112,0,19,13]
08-22 17:42:24.071 I/input_interaction( 1155): Interaction with: 6ba7389 com.android.launcher3/com.android.launcher3.uioverrides.QuickstepLauncher (server), c90efdd com.android.systemui.ImageWallpaper (server), edge-swipe (server), swipe-up (server), PointerEventDispatcher0 (server),
08-22 17:42:24.283 I/am_proc_died( 1155): [0,4009,com.qti.ltebc,0,11]
08-22 17:42:24.285 I/am_broadcast_discard_app( 1155): [0,7020388,android.intent.action.MEDIA_MOUNTED,2,ResolveInfo{97c9257 com.qti.ltebc/com.qualcomm.ltebc.LTEBroadcastReceiver m=0x208000}]
08-22 17:42:24.285 I/am_uid_stopped( 1155): 10096
08-22 17:42:24.324 I/am_pss ( 1155): [3628,1000,com.android.dynsystem,5242880,3694592,0,90603520,0,19,12]
08-22 17:42:24.334 I/am_uid_running( 1155): 10096
08-22 17:42:24.393 I/am_proc_start( 1155): [0,4097,10096,com.qti.ltebc,broadcast,{com.qti.ltebc/com.qualcomm.ltebc.LTEBroadcastAlarmReceiver}]
08-22 17:42:24.481 I/am_proc_bound( 1155): [0,4097,com.qti.ltebc]
08-22 17:42:24.485 I/am_uid_active( 1155): 10096
08-22 17:42:24.718 I/am_pss ( 1155): [3645,1000,com.android.dynsystem:dynsystem,5524480,3850240,0,91508736,0,19,13]
08-22 17:42:24.740 I/am_pss ( 1155): [3652,10029,com.android.managedprovisioning,8648704,7159808,0,94564352,0,19,12]
08-22 17:42:24.996 I/am_pss ( 1155): [3680,10069,com.android.onetimeinitializer,4954112,3502080,0,90238976,0,19,13]
08-22 17:42:25.663 I/am_pss ( 1155): [3715,10127,com.android.permissioncontroller,11465728,9850880,0,99192832,0,19,13]
08-22 17:42:25.680 I/am_pss ( 1155): [3699,10031,com.android.packageinstaller,6870016,5459968,0,91262976,0,19,12]
08-22 17:42:27.418 I/liblog ( 2230): 11
08-22 17:42:27.605 I/liblog ( 2230): 3
08-22 17:42:27.605 I/liblog ( 2230): 4
08-22 17:42:27.605 I/liblog ( 2230): 7
08-22 17:42:27.606 I/liblog ( 2230): 6
08-22 17:42:30.118 I/am_uid_running( 1155): 10057
08-22 17:42:30.185 I/am_proc_start( 1155): [0,4170,10057,com.qualcomm.qti.qms.service.trustzoneaccess,service,{com.qualcomm.qti.qms.service.trustzoneaccess/com.qualcomm.qti.qms.service.trustzoneaccess.TZAccessService}]
08-22 17:42:30.272 I/am_proc_bound( 1155): [0,4170,com.qualcomm.qti.qms.service.trustzoneaccess]
08-22 17:42:30.626 I/am_proc_died( 1155): [0,4097,com.qti.ltebc,905,19]
08-22 17:42:30.628 I/am_uid_stopped( 1155): 10096
08-22 17:42:30.637 I/am_kill ( 1155): [0,3364,com.android.localtransport,999,empty #31]
08-22 17:42:30.642 I/am_kill ( 1155): [0,3079,com.android.keychain,999,empty #32]
08-22 17:42:30.668 I/am_pss ( 1155): [3494,10023,android.process.media,9579520,7622656,0,101601280,0,19,13]
08-22 17:42:30.685 I/am_pss ( 1155): [2494,10120,com.qualcomm.qti.qccauthmgr,6120448,4304896,0,95727616,0,19,11]
08-22 17:42:30.700 I/am_pss ( 1155): [3773,1001,com.android.phone,7581696,5689344,0,93536256,0,19,12]
08-22 17:42:30.715 I/am_pss ( 1155): [3756,2000,com.android.shell,5684224,4202496,0,90533888,0,19,12]
08-22 17:42:30.733 I/am_pss ( 1155): [3256,10022,android.process.acore,13076480,9383936,0,117166080,0,19,13]
08-22 17:42:30.773 I/am_proc_died( 1155): [0,3079,com.android.keychain,999,19]
08-22 17:42:30.780 I/am_proc_died( 1155): [0,3364,com.android.localtransport,999,19]
08-22 17:42:31.380 I/am_pss ( 1155): [3037,10128,com.android.providers.media.module,17549312,13545472,0,123043840,0,0,19]
08-22 17:42:31.397 I/am_pss ( 1155): [3027,1000,com.qualcomm.qti.services.secureui:sui_service,6128640,4411392,0,95186944,0,0,13]
08-22 17:42:31.413 I/am_pss ( 1155): [2981,10092,com.qualcomm.location,9905152,7471104,0,102965248,0,0,12]
08-22 17:42:31.428 I/am_pss ( 1155): [2955,10121,com.qualcomm.qti.workloadclassifier,8223744,6692864,0,93569024,0,0,13]
08-22 17:42:31.443 I/am_pss ( 1155): [2931,10115,com.qualcomm.qti.qccnetstat,5818368,4268032,0,91435008,0,0,11]
08-22 17:42:31.458 I/am_pss ( 1155): [2881,10094,com.qualcomm.qti.services.systemhelper:systemhelper_service,6202368,4554752,0,94056448,0,0,11]
08-22 17:42:31.472 I/am_pss ( 1155): [2860,10064,.pasr,5102592,3624960,0,89632768,0,0,12]
08-22 17:42:31.487 I/am_pss ( 1155): [2826,10068,ts.car.uart,5897216,4423680,0,90685440,0,0,11]
08-22 17:42:31.505 I/am_pss ( 1155): [1892,1002,com.android.bluetooth,27666432,23322624,0,134803456,0,0,14]
08-22 17:42:31.520 I/am_pss ( 1155): [2323,1000,com.qualcomm.qti.qdma,9581568,6623232,0,106213376,0,0,11]
08-22 17:42:31.534 I/am_pss ( 1155): [2194,10099,com.qualcomm.qtil.aptxals,8252416,6422528,0,95870976,0,0,11]
08-22 17:42:31.551 I/am_pss ( 1155): [2222,1068,com.android.se,5865472,4153344,0,94105600,0,0,11]
08-22 17:42:31.567 I/am_pss ( 1155): [2230,1000,com.thundercomm.remotecontrolservice,13586432,11370496,0,105783296,0,0,13]
08-22 17:42:31.581 I/am_pss ( 1155): [2213,10112,com.qti.qualcomm.mstatssystemservice,5180416,3690496,0,89788416,0,0,11]
08-22 17:42:31.595 I/am_pss ( 1155): [2203,1000,vendor.qti.qesdk.sysservice,5311488,3743744,0,91590656,0,0,11]
08-22 17:42:31.610 I/am_pss ( 1155): [2167,10109,com.qualcomm.qtil.aptxacu,7283712,5804032,0,92237824,0,0,11]
08-22 17:42:31.624 I/am_pss ( 1155): [2084,10056,.qtidataservices,5618688,4091904,0,91615232,0,0,11]
08-22 17:42:31.639 I/am_pss ( 1155): [2069,1001,.dataservices,7697408,6049792,0,94310400,0,0,12]
08-22 17:42:31.655 I/am_pss ( 1155): [2023,1073,com.android.networkstack.process,11105280,8851456,0,104607744,0,0,12]
08-22 17:42:31.681 I/am_pss ( 1155): [1912,10107,com.android.systemui,93820928,74850304,0,251854848,0,0,20]
08-22 17:42:31.715 I/am_pss ( 1155): [1155,1000,system,198376448,110563328,0,515768320,0,0,30]
08-22 17:42:32.191 I/netstats_mobile_sample( 1155): [0,0,0,0,0,0,0,0,0,0,0,0,1661190152191]
08-22 17:42:32.192 I/netstats_wifi_sample( 1155): [0,0,0,0,0,0,0,0,0,0,0,0,1661190152191]
08-22 17:42:32.207 I/am_pss ( 1155): [3841,10113,com.qualcomm.qct.dlt,7729152,5423104,0,97497088,0,19,13]
08-22 17:42:32.431 I/liblog ( 2230): 2
08-22 17:42:32.480 I/am_pss ( 1155): [3862,10074,com.qualcomm.qti.lpa,5211136,3723264,0,89993216,0,19,14]
08-22 17:42:32.798 I/am_pss ( 1155): [3909,10066,com.qualcomm.qti.qms.service.connectionsecurity,23669760,5214208,0,77332480,0,19,13]
08-22 17:42:32.815 I/am_pss ( 1155): [3495,10086,com.qualcomm.qti.devicestatisticsservice,5085184,3584000,0,89391104,0,0,12]
08-22 17:42:34.343 I/am_pss ( 1155): [3931,10035,com.android.externalstorage,5426176,3813376,0,92295168,0,19,19]
08-22 17:42:37.622 I/liblog ( 2230): 1
08-22 17:42:37.623 I/liblog ( 2230): 10
08-22 17:42:37.634 I/liblog ( 2230): 6
08-22 17:42:37.646 I/liblog ( 2230): 1
08-22 17:42:37.646 I/liblog ( 2230): 5
08-22 17:42:37.647 I/liblog ( 2230): 6
08-22 17:42:37.647 I/liblog ( 2230): 1
08-22 17:42:37.648 I/liblog ( 2230): 7
08-22 17:42:37.648 I/liblog ( 2230): 4
08-22 17:42:37.650 I/liblog ( 2230): 5
08-22 17:42:37.650 I/liblog ( 2230): 5
08-22 17:42:37.651 I/liblog ( 2230): 7
08-22 17:42:37.656 I/liblog ( 2230): 2
08-22 17:42:37.662 I/liblog ( 2230): 5
08-22 17:42:37.662 I/liblog ( 2230): 5
08-22 17:42:37.663 I/liblog ( 2230): 1
08-22 17:42:37.663 I/liblog ( 2230): 2
08-22 17:42:37.664 I/liblog ( 2230): 3
08-22 17:42:37.664 I/liblog ( 2230): 3
08-22 17:42:37.665 I/liblog ( 2230): 5
08-22 17:42:37.665 I/liblog ( 2230): 1
08-22 17:42:37.666 I/liblog ( 2230): 6
08-22 17:42:37.667 I/liblog ( 2230): 8
08-22 17:42:37.668 I/liblog ( 2230): 13
08-22 17:42:37.668 I/liblog ( 2230): 7
08-22 17:42:37.669 I/liblog ( 2230): 6
08-22 17:42:41.910 I/sysui_multi_action( 1155): [757,1696,758,6,759,2]
08-22 17:42:41.915 I/am_wtf ( 1155): [0,1155,system_server,-1,DisplayDeviceConfig,requesting nits when no mapping exists.]
08-22 17:42:41.927 I/am_wtf ( 1155): [0,1155,system_server,-1,DisplayDeviceConfig,requesting nits when no mapping exists.]
08-22 17:42:41.939 I/am_wtf ( 1155): [0,1155,system_server,-1,DisplayDeviceConfig,requesting nits when no mapping exists.]
08-22 17:42:41.945 I/am_wtf ( 1155): [0,1155,system_server,-1,DisplayDeviceConfig,requesting nits when no mapping exists.]
08-22 17:42:41.955 I/am_wtf ( 1155): [0,1155,system_server,-1,DisplayDeviceConfig,requesting nits when no mapping exists.]
08-22 17:42:41.960 I/am_wtf ( 1155): [0,1155,system_server,-1,DisplayDeviceConfig,requesting nits when no mapping exists.]
08-22 17:42:41.972 I/am_wtf ( 1155): [0,1155,system_server,-1,DisplayDeviceConfig,requesting nits when no mapping exists.]
08-22 17:42:41.974 I/am_wtf ( 1155): [0,1155,system_server,-1,DisplayDeviceConfig,requesting nits when no mapping exists.]
08-22 17:42:41.990 I/am_wtf ( 1155): [0,1155,system_server,-1,DisplayDeviceConfig,requesting nits when no mapping exists.]
08-22 17:42:41.992 I/am_wtf ( 1155): [0,1155,system_server,-1,DisplayDeviceConfig,requesting nits when no mapping exists.]
08-22 17:42:42.005 I/am_wtf ( 1155): [0,1155,system_server,-1,DisplayDeviceConfig,requesting nits when no mapping exists.]
08-22 17:42:42.007 I/am_wtf ( 1155): [0,1155,system_server,-1,DisplayDeviceConfig,requesting nits when no mapping exists.]
08-22 17:42:42.022 I/am_wtf ( 1155): [0,1155,system_server,-1,DisplayDeviceConfig,requesting nits when no mapping exists.]
08-22 17:42:42.024 I/am_wtf ( 1155): [0,1155,system_server,-1,DisplayDeviceConfig,requesting nits when no mapping exists.]
08-22 17:42:42.038 I/am_wtf ( 1155): [0,1155,system_server,-1,DisplayDeviceConfig,requesting nits when no mapping exists.]
08-22 17:42:42.040 I/am_wtf ( 1155): [0,1155,system_server,-1,DisplayDeviceConfig,requesting nits when no mapping exists.]
08-22 17:42:42.055 I/am_wtf ( 1155): [0,1155,system_server,-1,DisplayDeviceConfig,requesting nits when no mapping exists.]
08-22 17:42:42.057 I/am_wtf ( 1155): [0,1155,system_server,-1,DisplayDeviceConfig,requesting nits when no mapping exists.]
08-22 17:42:42.073 I/am_wtf ( 1155): [0,1155,system_server,-1,DisplayDeviceConfig,requesting nits when no mapping exists.]
08-22 17:42:42.074 I/service_manager_stats( 1155): [100,202,27631]
08-22 17:42:42.074 I/am_wtf ( 1155): [0,1155,system_server,-1,DisplayDeviceConfig,requesting nits when no mapping exists.]
08-22 17:42:42.088 I/am_wtf ( 1155): [0,1155,system_server,-1,DisplayDeviceConfig,requesting nits when no mapping exists.]
08-22 17:42:42.090 I/am_wtf ( 1155): [0,1155,system_server,-1,DisplayDeviceConfig,requesting nits when no mapping exists.]
08-22 17:42:42.105 I/am_wtf ( 1155): [0,1155,system_server,-1,DisplayDeviceConfig,requesting nits when no mapping exists.]
08-22 17:42:42.107 I/am_wtf ( 1155): [0,1155,system_server,-1,DisplayDeviceConfig,requesting nits when no mapping exists.]
08-22 17:42:42.122 I/am_wtf ( 1155): [0,1155,system_server,-1,DisplayDeviceConfig,requesting nits when no mapping exists.]
08-22 17:42:42.123 I/am_wtf ( 1155): [0,1155,system_server,-1,DisplayDeviceConfig,requesting nits when no mapping exists.]
08-22 17:42:42.138 I/am_wtf ( 1155): [0,1155,system_server,-1,DisplayDeviceConfig,requesting nits when no mapping exists.]
08-22 17:42:42.139 I/am_wtf ( 1155): [0,1155,system_server,-1,DisplayDeviceConfig,requesting nits when no mapping exists.]
08-22 17:42:42.155 I/am_wtf ( 1155): [0,1155,system_server,-1,DisplayDeviceConfig,requesting nits when no mapping exists.]
08-22 17:42:42.156 I/am_wtf ( 1155): [0,1155,system_server,-1,DisplayDeviceConfig,requesting nits when no mapping exists.]
08-22 17:42:42.171 I/am_wtf ( 1155): [0,1155,system_server,-1,DisplayDeviceConfig,requesting nits when no mapping exists.]
08-22 17:42:42.173 I/am_wtf ( 1155): [0,1155,system_server,-1,DisplayDeviceConfig,requesting nits when no mapping exists.]
08-22 17:42:42.188 I/am_wtf ( 1155): [0,1155,system_server,-1,DisplayDeviceConfig,requesting nits when no mapping exists.]
08-22 17:42:42.190 I/am_wtf ( 1155): [0,1155,system_server,-1,DisplayDeviceConfig,requesting nits when no mapping exists.]
08-22 17:42:42.206 I/am_wtf ( 1155): [0,1155,system_server,-1,DisplayDeviceConfig,requesting nits when no mapping exists.]
08-22 17:42:42.208 I/am_wtf ( 1155): [0,1155,system_server,-1,DisplayDeviceConfig,requesting nits when no mapping exists.]
08-22 17:42:42.222 I/am_wtf ( 1155): [0,1155,system_server,-1,DisplayDeviceConfig,requesting nits when no mapping exists.]
08-22 17:42:42.224 I/am_wtf ( 1155): [0,1155,system_server,-1,DisplayDeviceConfig,requesting nits when no mapping exists.]
08-22 17:42:42.238 I/am_wtf ( 1155): [0,1155,system_server,-1,DisplayDeviceConfig,requesting nits when no mapping exists.]
08-22 17:42:42.240 I/am_wtf ( 1155): [0,1155,system_server,-1,DisplayDeviceConfig,requesting nits when no mapping exists.]
08-22 17:42:42.256 I/am_wtf ( 1155): [0,1155,system_server,-1,DisplayDeviceConfig,requesting nits when no mapping exists.]
08-22 17:42:42.258 I/am_wtf ( 1155): [0,1155,system_server,-1,DisplayDeviceConfig,requesting nits when no mapping exists.]
08-22 17:42:42.273 I/am_wtf ( 1155): [0,1155,system_server,-1,DisplayDeviceConfig,requesting nits when no mapping exists.]
08-22 17:42:42.275 I/am_wtf ( 1155): [0,1155,system_server,-1,DisplayDeviceConfig,requesting nits when no mapping exists.]
08-22 17:42:42.289 I/am_wtf ( 1155): [0,1155,system_server,-1,DisplayDeviceConfig,requesting nits when no mapping exists.]
08-22 17:42:42.291 I/am_wtf ( 1155): [0,1155,system_server,-1,DisplayDeviceConfig,requesting nits when no mapping exists.]
08-22 17:42:42.306 I/am_wtf ( 1155): [0,1155,system_server,-1,DisplayDeviceConfig,requesting nits when no mapping exists.]
08-22 17:42:42.307 I/am_wtf ( 1155): [0,1155,system_server,-1,DisplayDeviceConfig,requesting nits when no mapping exists.]
08-22 17:42:42.323 I/am_wtf ( 1155): [0,1155,system_server,-1,DisplayDeviceConfig,requesting nits when no mapping exists.]
08-22 17:42:42.324 I/am_wtf ( 1155): [0,1155,system_server,-1,DisplayDeviceConfig,requesting nits when no mapping exists.]
08-22 17:42:42.338 I/am_wtf ( 1155): [0,1155,system_server,-1,DisplayDeviceConfig,requesting nits when no mapping exists.]
08-22 17:42:42.341 I/am_wtf ( 1155): [0,1155,system_server,-1,DisplayDeviceConfig,requesting nits when no mapping exists.]
08-22 17:42:42.355 I/am_wtf ( 1155): [0,1155,system_server,-1,DisplayDeviceConfig,requesting nits when no mapping exists.]
08-22 17:42:42.357 I/am_wtf ( 1155): [0,1155,system_server,-1,DisplayDeviceConfig,requesting nits when no mapping exists.]
08-22 17:42:42.372 I/am_wtf ( 1155): [0,1155,system_server,-1,DisplayDeviceConfig,requesting nits when no mapping exists.]
08-22 17:42:42.373 I/am_wtf ( 1155): [0,1155,system_server,-1,DisplayDeviceConfig,requesting nits when no mapping exists.]
08-22 17:42:42.389 I/am_wtf ( 1155): [0,1155,system_server,-1,DisplayDeviceConfig,requesting nits when no mapping exists.]
08-22 17:42:42.390 I/am_wtf ( 1155): [0,1155,system_server,-1,DisplayDeviceConfig,requesting nits when no mapping exists.]
08-22 17:42:42.405 I/am_wtf ( 1155): [0,1155,system_server,-1,DisplayDeviceConfig,requesting nits when no mapping exists.]
08-22 17:42:42.407 I/am_wtf ( 1155): [0,1155,system_server,-1,DisplayDeviceConfig,requesting nits when no mapping exists.]
08-22 17:42:42.463 I/liblog ( 2230): 1
08-22 17:42:42.643 I/liblog ( 2230): 1
08-22 17:42:42.644 I/liblog ( 2230): 6
08-22 17:42:42.644 I/liblog ( 2230): 3
08-22 17:42:42.644 I/liblog ( 2230): 4
08-22 17:42:42.645 I/liblog ( 2230): 7
08-22 17:42:42.646 I/liblog ( 2230): 9
08-22 17:42:42.646 I/liblog ( 2230): 7
08-22 17:42:42.647 I/liblog ( 2230): 2
08-22 17:42:42.647 I/liblog ( 2230): 1
08-22 17:42:42.647 I/liblog ( 2230): 7
08-22 17:42:42.648 I/liblog ( 2230): 8
08-22 17:42:42.648 I/liblog ( 2230): 1
08-22 17:42:42.649 I/liblog ( 2230): 6
08-22 17:42:42.649 I/liblog ( 2230): 5
08-22 17:42:42.656 I/liblog ( 2230): 5
08-22 17:42:42.658 I/liblog ( 2230): 7
08-22 17:42:42.659 I/liblog ( 2230): 6
08-22 17:42:42.659 I/liblog ( 2230): 3
08-22 17:42:42.659 I/liblog ( 2230): 8
08-22 17:42:42.660 I/liblog ( 2230): 6
08-22 17:42:42.661 I/liblog ( 2230): 1
08-22 17:42:42.661 I/liblog ( 2230): 1
08-22 17:42:42.661 I/liblog ( 2230): 6
08-22 17:42:42.662 I/liblog ( 2230): 7
08-22 17:42:42.668 I/liblog ( 2230): 3
08-22 17:42:42.675 I/liblog ( 2230): 1
08-22 17:42:42.678 I/liblog ( 2230): 6
08-22 17:42:42.679 I/liblog ( 2230): 6
08-22 17:42:42.680 I/liblog ( 2230): 2
08-22 17:42:42.680 I/liblog ( 2230): 4
08-22 17:42:42.681 I/liblog ( 2230): 5
08-22 17:42:42.681 I/liblog ( 2230): 5
08-22 17:42:42.682 I/liblog ( 2230): 12
08-22 17:42:42.682 I/liblog ( 2230): 3
08-22 17:42:42.683 I/liblog ( 2230): 3
08-22 17:42:42.684 I/liblog ( 2230): 12
08-22 17:42:42.688 I/liblog ( 2230): 1
08-22 17:42:42.695 I/liblog ( 2230): 12
08-22 17:42:42.700 I/liblog ( 2230): 4
08-22 17:42:42.702 I/liblog ( 2230): 3
08-22 17:42:42.703 I/liblog ( 2230): 6
08-22 17:42:42.704 I/liblog ( 2230): 1
08-22 17:42:42.705 I/liblog ( 2230): 6
08-22 17:42:42.706 I/liblog ( 2230): 5
08-22 17:42:42.707 I/liblog ( 2230): 1
08-22 17:42:42.708 I/liblog ( 2230): 3
08-22 17:42:45.912 I/sysui_multi_action( 1155): [757,222,758,1]
08-22 17:42:45.937 I/am_pss ( 1155): [3733,10039,com.android.providers.calendar,7111680,5160960,0,98217984,0,19,14]
08-22 17:42:45.937 I/wm_task_created( 1155): [70,-1]
08-22 17:42:45.947 I/wm_task_moved( 1155): [70,1,6]
08-22 17:42:45.947 I/wm_task_to_front( 1155): [0,70]
08-22 17:42:45.947 I/wm_create_task( 1155): [0,70]
08-22 17:42:45.947 I/wm_create_activity( 1155): [0,126604857,70,com.android.deskclock/android.service.dreams.DreamActivity,NULL,NULL,NULL,276824064]
08-22 17:42:45.948 I/wm_task_moved( 1155): [70,1,6]
08-22 17:42:45.948 I/wm_on_top_resumed_lost_called( 2411): [204102949,com.android.launcher3.uioverrides.QuickstepLauncher,topStateChangedWhenResumed]
08-22 17:42:45.950 I/wm_pause_activity( 1155): [0,204102949,com.android.launcher3/.uioverrides.QuickstepLauncher,userLeaving=true,pauseBackTasks]
08-22 17:42:45.956 I/am_pss ( 1155): [3393,10080,com.android.quicksearchbox,6552576,4845568,0,93032448,0,19,12]
08-22 17:42:45.966 I/wm_on_paused_called( 2411): [204102949,com.android.launcher3.uioverrides.QuickstepLauncher,performPause]
08-22 17:42:45.971 I/am_pss ( 1155): [3346,10122,com.qualcomm.qtil.aptxui,7123968,5656576,0,91668480,0,19,12]
08-22 17:42:45.973 I/wm_add_to_stopping( 1155): [0,204102949,com.android.launcher3/.uioverrides.QuickstepLauncher,makeInvisible]
08-22 17:42:45.974 I/wm_restart_activity( 1155): [0,126604857,70,com.android.deskclock/android.service.dreams.DreamActivity]
08-22 17:42:45.976 I/wm_set_resumed_activity( 1155): [0,com.android.deskclock/android.service.dreams.DreamActivity,minimalResumeActivityLocked]
08-22 17:42:45.987 I/am_pss ( 1155): [3294,10063,com.qualcomm.qti.smq,6575104,5111808,0,90832896,0,19,12]
08-22 17:42:46.000 I/input_focus( 1155): [Focus leaving 6ba7389 com.android.launcher3/com.android.launcher3.uioverrides.QuickstepLauncher (server),reason=NO_WINDOW]
08-22 17:42:46.004 I/wm_on_create_called( 2704): [126604857,android.service.dreams.DreamActivity,performCreate]
08-22 17:42:46.005 I/am_pss ( 1155): [3202,10059,com.qualcomm.qti.biometrics.fingerprint.service:remote,5558272,3952640,0,90730496,0,19,11]
08-22 17:42:46.007 I/wm_on_start_called( 2704): [126604857,android.service.dreams.DreamActivity,handleStartActivity]
08-22 17:42:46.008 I/wm_on_resume_called( 2704): [126604857,android.service.dreams.DreamActivity,RESUME_ACTIVITY]
08-22 17:42:46.010 I/sysui_multi_action( 1155): [757,803,799,window_time_0,802,24]
08-22 17:42:46.019 I/wm_on_top_resumed_gained_called( 2704): [126604857,android.service.dreams.DreamActivity,topStateChangedWhenResumed]
08-22 17:42:46.030 I/am_pss ( 1155): [3715,10127,com.android.permissioncontroller,11516928,9850880,0,99192832,0,19,13]
08-22 17:42:46.046 I/input_focus( 1155): [Focus request 8097a2c com.android.deskclock/android.service.dreams.DreamActivity,reason=UpdateInputWindows]
08-22 17:42:46.046 I/am_pss ( 1155): [3699,10031,com.android.packageinstaller,6918144,5459968,0,91262976,0,19,11]
08-22 17:42:46.062 I/am_pss ( 1155): [3680,10069,com.android.onetimeinitializer,5003264,3502080,0,90238976,0,19,12]
08-22 17:42:46.072 I/sysui_multi_action( 1155): [757,1696,758,6,759,3]
08-22 17:42:46.073 I/sysui_multi_action( 1155): [319,131,322,130,325,109,757,761,758,8,759,2,806,com.android.deskclock,871,android.service.dreams.DreamActivity,904,com.android.deskclock,905,0,1320,4,1321,1]
08-22 17:42:46.074 I/wm_activity_launch_time( 1155): [0,126604857,com.android.deskclock/android.service.dreams.DreamActivity,130]
08-22 17:42:46.081 I/am_pss ( 1155): [3645,1000,com.android.dynsystem:dynsystem,5571584,3850240,0,91508736,0,19,13]
08-22 17:42:46.082 I/am_wtf ( 1155): [0,1155,system_server,-1,DisplayDeviceConfig,requesting nits when no mapping exists.]
08-22 17:42:46.090 I/am_wtf ( 1155): [0,1155,system_server,-1,DisplayDeviceConfig,requesting nits when no mapping exists.]
08-22 17:42:46.097 I/am_pss ( 1155): [3652,10029,com.android.managedprovisioning,8697856,7159808,0,94564352,0,19,12]
08-22 17:42:46.098 I/am_wtf ( 1155): [0,1155,system_server,-1,DisplayDeviceConfig,requesting nits when no mapping exists.]
08-22 17:42:46.100 I/input_focus( 1155): [Focus entering 8097a2c com.android.deskclock/android.service.dreams.DreamActivity (server),reason=Window became focusable. Previous reason: NOT_VISIBLE]
08-22 17:42:46.101 I/am_wtf ( 1155): [0,1155,system_server,-1,DisplayDeviceConfig,requesting nits when no mapping exists.]
08-22 17:42:46.114 I/am_pss ( 1155): [3628,1000,com.android.dynsystem,5270528,3694592,0,90603520,0,19,12]
08-22 17:42:46.135 I/am_wtf ( 1155): [0,1155,system_server,-1,DisplayDeviceConfig,requesting nits when no mapping exists.]
08-22 17:42:46.138 I/am_pss ( 1155): [3608,10072,com.android.contacts,8643584,6205440,0,95322112,0,19,12]
08-22 17:42:46.138 I/am_wtf ( 1155): [0,1155,system_server,-1,DisplayDeviceConfig,requesting nits when no mapping exists.]
08-22 17:42:46.155 I/am_pss ( 1155): [3589,10084,com.android.camera2,7965696,6246400,0,95035392,0,19,12]
08-22 17:42:46.166 I/am_wtf ( 1155): [0,1155,system_server,-1,DisplayDeviceConfig,requesting nits when no mapping exists.]
08-22 17:42:46.169 I/am_wtf ( 1155): [0,1155,system_server,-1,DisplayDeviceConfig,requesting nits when no mapping exists.]
08-22 17:42:46.174 I/am_pss ( 1155): [3570,10085,com.android.calendar,6316032,4808704,0,91549696,0,19,12]
08-22 17:42:46.190 I/am_pss ( 1155): [3545,1000,com.qti.diagservices,6013952,4005888,0,95395840,0,10,12]
08-22 17:42:46.202 I/am_wtf ( 1155): [0,1155,system_server,-1,DisplayDeviceConfig,requesting nits when no mapping exists.]
08-22 17:42:46.204 I/am_wtf ( 1155): [0,1155,system_server,-1,DisplayDeviceConfig,requesting nits when no mapping exists.]
08-22 17:42:46.206 I/am_pss ( 1155): [3447,1000,com.qualcomm.qti.qmmi,6815744,5255168,0,92651520,0,19,11]
08-22 17:42:46.224 I/am_pss ( 1155): [3420,10028,com.android.traceur,10160128,8572928,0,96681984,0,19,12]
08-22 17:42:46.243 I/am_wtf ( 1155): [0,1155,system_server,-1,DisplayDeviceConfig,requesting nits when no mapping exists.]
08-22 17:42:46.245 I/am_wtf ( 1155): [0,1155,system_server,-1,DisplayDeviceConfig,requesting nits when no mapping exists.]
08-22 17:42:46.266 I/am_wtf ( 1155): [0,1155,system_server,-1,DisplayDeviceConfig,requesting nits when no mapping exists.]
08-22 17:42:46.278 I/am_wtf ( 1155): [0,1155,system_server,-1,DisplayDeviceConfig,requesting nits when no mapping exists.]
08-22 17:42:46.283 I/am_wtf ( 1155): [0,1155,system_server,-1,DisplayDeviceConfig,requesting nits when no mapping exists.]
08-22 17:42:46.284 I/am_wtf ( 1155): [0,1155,system_server,-1,DisplayDeviceConfig,requesting nits when no mapping exists.]
08-22 17:42:46.301 I/am_wtf ( 1155): [0,1155,system_server,-1,DisplayDeviceConfig,requesting nits when no mapping exists.]
08-22 17:42:46.302 I/am_wtf ( 1155): [0,1155,system_server,-1,DisplayDeviceConfig,requesting nits when no mapping exists.]
08-22 17:42:46.335 I/am_wtf ( 1155): [0,1155,system_server,-1,DisplayDeviceConfig,requesting nits when no mapping exists.]
08-22 17:42:46.337 I/am_wtf ( 1155): [0,1155,system_server,-1,DisplayDeviceConfig,requesting nits when no mapping exists.]
08-22 17:42:46.369 I/wm_stop_activity( 1155): [0,204102949,com.android.launcher3/.uioverrides.QuickstepLauncher]
08-22 17:42:46.390 I/am_wtf ( 1155): [0,1155,system_server,-1,DisplayDeviceConfig,requesting nits when no mapping exists.]
08-22 17:42:46.393 I/am_wtf ( 1155): [0,1155,system_server,-1,DisplayDeviceConfig,requesting nits when no mapping exists.]
08-22 17:42:46.409 I/wm_on_stop_called( 2411): [204102949,com.android.launcher3.uioverrides.QuickstepLauncher,STOP_ACTIVITY_ITEM]
08-22 17:42:46.417 I/am_wtf ( 1155): [0,1155,system_server,-1,DisplayDeviceConfig,requesting nits when no mapping exists.]
08-22 17:42:46.419 I/am_wtf ( 1155): [0,1155,system_server,-1,DisplayDeviceConfig,requesting nits when no mapping exists.]
08-22 17:42:46.433 I/am_wtf ( 1155): [0,1155,system_server,-1,DisplayDeviceConfig,requesting nits when no mapping exists.]
08-22 17:42:46.435 I/am_wtf ( 1155): [0,1155,system_server,-1,DisplayDeviceConfig,requesting nits when no mapping exists.]
08-22 17:42:46.456 I/am_wtf ( 1155): [0,1155,system_server,-1,DisplayDeviceConfig,requesting nits when no mapping exists.]
08-22 17:42:46.458 I/am_wtf ( 1155): [0,1155,system_server,-1,DisplayDeviceConfig,requesting nits when no mapping exists.]
08-22 17:42:46.484 I/am_wtf ( 1155): [0,1155,system_server,-1,DisplayDeviceConfig,requesting nits when no mapping exists.]
08-22 17:42:46.486 I/am_wtf ( 1155): [0,1155,system_server,-1,DisplayDeviceConfig,requesting nits when no mapping exists.]
08-22 17:42:46.501 I/am_wtf ( 1155): [0,1155,system_server,-1,DisplayDeviceConfig,requesting nits when no mapping exists.]
08-22 17:42:46.509 I/am_wtf ( 1155): [0,1155,system_server,-1,DisplayDeviceConfig,requesting nits when no mapping exists.]
08-22 17:42:46.518 I/am_wtf ( 1155): [0,1155,system_server,-1,DisplayDeviceConfig,requesting nits when no mapping exists.]
08-22 17:42:46.520 I/am_wtf ( 1155): [0,1155,system_server,-1,DisplayDeviceConfig,requesting nits when no mapping exists.]
08-22 17:42:46.543 I/am_wtf ( 1155): [0,1155,system_server,-1,DisplayDeviceConfig,requesting nits when no mapping exists.]
08-22 17:42:46.544 I/am_wtf ( 1155): [0,1155,system_server,-1,DisplayDeviceConfig,requesting nits when no mapping exists.]
08-22 17:42:46.557 I/am_wtf ( 1155): [0,1155,system_server,-1,DisplayDeviceConfig,requesting nits when no mapping exists.]
08-22 17:42:46.559 I/am_wtf ( 1155): [0,1155,system_server,-1,DisplayDeviceConfig,requesting nits when no mapping exists.]
08-22 17:42:46.568 I/am_wtf ( 1155): [0,1155,system_server,-1,DisplayDeviceConfig,requesting nits when no mapping exists.]
08-22 17:42:46.569 I/am_wtf ( 1155): [0,1155,system_server,-1,DisplayDeviceConfig,requesting nits when no mapping exists.]
08-22 17:42:47.476 I/liblog ( 2230): 8
08-22 17:42:47.685 I/liblog ( 2230): 2
08-22 17:42:47.686 I/liblog ( 2230): 7
08-22 17:42:47.687 I/liblog ( 2230): 2
08-22 17:42:47.687 I/liblog ( 2230): 7
08-22 17:42:47.687 I/liblog ( 2230): 7
08-22 17:42:47.688 I/liblog ( 2230): 4
08-22 17:42:47.688 I/liblog ( 2230): 8
08-22 17:42:47.689 I/liblog ( 2230): 6
08-22 17:42:47.689 I/liblog ( 2230): 4
08-22 17:42:47.689 I/liblog ( 2230): 7
08-22 17:42:47.690 I/liblog ( 2230): 6
08-22 17:42:47.690 I/liblog ( 2230): 4
08-22 17:42:47.691 I/liblog ( 2230): 7
08-22 17:42:47.691 I/liblog ( 2230): 6
08-22 17:42:47.691 I/liblog ( 2230): 2
08-22 17:42:47.692 I/liblog ( 2230): 6
08-22 17:42:47.692 I/liblog ( 2230): 7
08-22 17:42:47.694 I/liblog ( 2230): 2
08-22 17:42:47.695 I/liblog ( 2230): 1
08-22 17:42:47.695 I/liblog ( 2230): 7
08-22 17:42:47.696 I/liblog ( 2230): 9
08-22 17:42:47.697 I/liblog ( 2230): 10
08-22 17:42:47.698 I/liblog ( 2230): 15
08-22 17:42:47.698 I/liblog ( 2230): 6
08-22 17:42:47.699 I/liblog ( 2230): 6
08-22 17:42:47.699 I/liblog ( 2230): 4
08-22 17:42:47.701 I/liblog ( 2230): 7
08-22 17:42:47.701 I/liblog ( 2230): 5
08-22 17:42:47.704 I/liblog ( 2230): 2
08-22 17:42:47.706 I/liblog ( 2230): 1
08-22 17:42:47.706 I/liblog ( 2230): 3
08-22 17:42:47.707 I/liblog ( 2230): 3
08-22 17:42:47.707 I/liblog ( 2230): 3
08-22 17:42:47.707 I/liblog ( 2230): 6
08-22 17:42:47.708 I/liblog ( 2230): 6
08-22 17:42:47.714 I/liblog ( 2230): 2
08-22 17:42:47.727 I/liblog ( 2230): 1
08-22 17:42:47.728 I/liblog ( 2230): 2
08-22 17:42:47.728 I/liblog ( 2230): 6
08-22 17:42:47.738 I/liblog ( 2230): 9 --------- beginning of kernel
01-01 01:38:40.105 I/init ( 0): Created socket '/dev/socket/qvrservice_vndr_camera', mode 660, user 1000, group 1000 --------- beginning of main
08-22 17:42:47.979 I/mpu_uart( 664): [MSG-P:RECV]:No message received in 1000 ms
01-01 01:38:40.140 I/init ( 0): starting service 'sxrd'... --------- beginning of crash
08-22 17:42:48.004 F/linker ( 4470): CANNOT LINK EXECUTABLE "/vendor/bin/hw/sxrservice": library "vendor.qti.hardware.qxr-V1-ndk_platform.so" not found: needed by main executable
01-01 01:38:40.169 I/init ( 0): Service 'sxrd' (pid 4470) exited with status 1
01-01 01:38:40.169 I/init ( 0): Sending signal 9 to service 'sxrd' (pid 4470) process group...
01-01 01:38:40.170 I/libprocessgroup( 0): Successfully killed process cgroup uid 1000 pid 4470 in 0ms
08-22 17:42:48.037 F/linker ( 4469): CANNOT LINK EXECUTABLE "/vendor/bin/hw/qvrservice": library "vendor.qti.hardware.qxr-V1-ndk_platform.so" not found: needed by /vendor/lib64/libqvrservice.so in namespace (default)
01-01 01:38:40.202 I/init ( 0): Service 'qvrd_vndr' (pid 4469) exited with status 1
01-01 01:38:40.202 I/init ( 0): Sending signal 9 to service 'qvrd_vndr' (pid 4469) process group...
01-01 01:38:40.203 I/libprocessgroup( 0): Successfully killed process cgroup uid 1000 pid 4469 in 0ms
01-01 01:38:40.733 D/ ( 0): mv2112_read_status
01-01 01:38:40.733 D/mv2112_update_link( 0): 3.0x901(1G): 0x80
01-01 01:38:40.733 D/mv2112_update_link( 0): 3.0x8109(100M): 0x0
01-01 01:38:40.733 D/mv2112_update_link( 0): link 0x0
01-01 01:38:40.733 D/mv2112_read_status( 0): autoneg is disabled
08-22 17:42:48.757 I/input_interaction( 1155): Interaction with: 8097a2c com.android.deskclock/android.service.dreams.DreamActivity (server), edge-swipe (server), swipe-up (server), PointerEventDispatcher0 (server),
08-22 17:42:48.765 I/wm_finish_activity( 1155): [0,126604857,70,com.android.deskclock/android.service.dreams.DreamActivity,finish-activity]
08-22 17:42:48.766 I/wm_task_moved( 1155): [1,1,5]
08-22 17:42:48.767 I/wm_task_moved( 1155): [68,1,2147483647]
08-22 17:42:48.767 I/wm_task_to_front( 1155): [0,68]
08-22 17:42:48.767 I/wm_focused_root_task( 1155): [0,0,1,70,finish-top adjustFocusToNextFocusableTask]
08-22 17:42:48.767 I/wm_set_resumed_activity( 1155): [0,com.android.launcher3/.uioverrides.QuickstepLauncher,finish-top adjustFocusToNextFocusableTask]
08-22 17:42:48.768 D/ActivityTrigger( 1155): ActivityTrigger activityPauseTrigger
08-22 17:42:48.769 I/wm_pause_activity( 1155): [0,126604857,com.android.deskclock/android.service.dreams.DreamActivity,userLeaving=false,finish] --------- beginning of system
08-22 17:42:48.778 I/DreamManagerService( 1155): Gently waking up from dream.
08-22 17:42:48.781 I/wm_on_top_resumed_lost_called( 2704): [126604857,android.service.dreams.DreamActivity,topStateChangedWhenResumed]
08-22 17:42:48.781 I/DreamManagerService( 1155): Performing gentle wake from dream.
08-22 17:42:48.783 I/wm_on_paused_called( 2704): [126604857,android.service.dreams.DreamActivity,performPause]
08-22 17:42:48.784 I/sysui_multi_action( 1155): [757,803,799,window_time_0,802,2]
08-22 17:42:48.789 I/wm_add_to_stopping( 1155): [0,126604857,com.android.deskclock/android.service.dreams.DreamActivity,completeFinishing]
08-22 17:42:48.795 I/wm_set_resumed_activity( 1155): [0,com.android.launcher3/.uioverrides.QuickstepLauncher,resumeTopActivityInnerLocked]
08-22 17:42:48.796 D/KeyguardViewMediator( 1912): setOccluded false
08-22 17:42:48.798 I/wm_resume_activity( 1155): [0,204102949,68,com.android.launcher3/.uioverrides.QuickstepLauncher]
08-22 17:42:48.799 D/StatusBar( 1912): disable disable2
08-22 17:42:48.801 D/KeyguardViewMediator( 1912): adjustStatusBarLocked: mShowing=false mOccluded=false isSecure=false force=false --> flags=0x0
08-22 17:42:48.803 I/BpBinder( 1068): onLastStrongRef automatically unlinking death recipients:
08-22 17:42:48.810 I/input_focus( 1155): [Focus leaving 8097a2c com.android.deskclock/android.service.dreams.DreamActivity (server),reason=NO_WINDOW]
08-22 17:42:48.811 I/input_interaction( 1155): Interaction with: edge-swipe (server), swipe-up (server), PointerEventDispatcher0 (server),
08-22 17:42:48.813 I/wm_on_restart_called( 2411): [204102949,com.android.launcher3.uioverrides.QuickstepLauncher,performRestartActivity]
08-22 17:42:48.813 I/wm_on_start_called( 2411): [204102949,com.android.launcher3.uioverrides.QuickstepLauncher,handleStartActivity]
08-22 17:42:48.814 I/wm_on_resume_called( 2411): [204102949,com.android.launcher3.uioverrides.QuickstepLauncher,RESUME_ACTIVITY]
08-22 17:42:48.814 I/wm_on_top_resumed_gained_called( 2411): [204102949,com.android.launcher3.uioverrides.QuickstepLauncher,topWhenResuming]
08-22 17:42:48.816 I/view_enqueue_input_event( 2704): [Motion - Cancel,com.android.deskclock/android.service.dreams.DreamActivity]
08-22 17:42:48.816 I/sysui_multi_action( 1155): [757,803,799,window_time_0,802,0]
08-22 17:42:48.835 I/input_focus( 1155): [Focus request 6ba7389 com.android.launcher3/com.android.launcher3.uioverrides.QuickstepLauncher,reason=UpdateInputWindows]
08-22 17:42:48.862 I/PowerManagerService( 1155): Powering on display group fromDreaming (groupId=0, uid=1000, reason=WAKE_REASON_UNKNOWN, details=android.server.power:DREAM_FINISHED)...
08-22 17:42:48.862 I/PowerManagerService( 1155): Waking up from Dreaming (uid=1000, reason=WAKE_REASON_UNKNOWN, details=android.server.power:DREAM_FINISHED)...
08-22 17:42:48.872 I/input_focus( 1155): [Focus entering 6ba7389 com.android.launcher3/com.android.launcher3.uioverrides.QuickstepLauncher (server),reason=Window became focusable. Previous reason: NOT_VISIBLE]
08-22 17:42:48.980 I/mpu_uart( 664): [MSG-P:RECV]:No message received in 1000 ms
08-22 17:42:49.117 I/wm_destroy_activity( 1155): [0,126604857,70,com.android.deskclock/android.service.dreams.DreamActivity,finish-imm:idle]
08-22 17:42:49.148 I/wm_on_stop_called( 2704): [126604857,android.service.dreams.DreamActivity,LIFECYCLER_STOP_ACTIVITY]
08-22 17:42:49.150 I/wm_on_destroy_called( 2704): [126604857,android.service.dreams.DreamActivity,performDestroy]
08-22 17:42:49.156 V/Screensaver( 2704): Screensaver detached from window
08-22 17:42:49.158 I/DreamManagerService( 1155): Leaving dreamland.
08-22 17:42:49.159 I/DreamManagerService( 1155): Performing gentle wake from dream.
08-22 17:42:49.159 I/DreamController( 1155): Stopping dream: name=ComponentInfo{com.android.deskclock/com.android.deskclock.Screensaver}, isTest=false, canDoze=false, userId=0, reason='finished self'(from 'finished self')
08-22 17:42:49.159 I/sysui_multi_action( 1155): [757,222,758,2]
08-22 17:42:49.160 I/sysui_multi_action( 1155): [757,804,799,dreaming_minutes,801,0,802,1]
08-22 17:42:49.161 W/InputManager-JNI( 1155): Input channel object '8097a2c com.android.deskclock/android.service.dreams.DreamActivity (client)' was disposed without first being removed with the input manager!
08-22 17:42:49.178 I/wm_task_removed( 1155): [70,removeChild:removeChild last r=ActivityRecord{78bd639 u0 com.android.deskclock/android.service.dreams.DreamActivity t-1 f}} in t=Task{ebdad65 #70 type=dream A=10078:android:com.android.deskclock/dream U=0 visible=false mode=fullscreen translucent=true sz=0}]
08-22 17:42:49.179 I/wm_task_removed( 1155): [70,removeChild]
08-22 17:42:49.186 W/ActivityTaskManager( 1155): Can't find TaskDisplayArea to determine support for multi window. Task id=70 attached=false
01-01 01:38:41.757 D/ ( 0): mv2112_read_status
01-01 01:38:41.757 D/mv2112_update_link( 0): 3.0x901(1G): 0x80
01-01 01:38:41.757 D/mv2112_update_link( 0): 3.0x8109(100M): 0x0
01-01 01:38:41.757 D/mv2112_update_link( 0): link 0x0
01-01 01:38:41.757 D/mv2112_read_status( 0): autoneg is disabled
08-22 17:42:49.908 I/input_interaction( 1155): Interaction with: 6ba7389 com.android.launcher3/com.android.launcher3.uioverrides.QuickstepLauncher (server), c90efdd com.android.systemui.ImageWallpaper (server), edge-swipe (server), swipe-up (server), PointerEventDispatcher0 (server),
08-22 17:42:49.980 I/mpu_uart( 664): [MSG-P:RECV]:No message received in 1000 ms
08-22 17:42:49.996 I/mpu_uart( 664): [MSG-P:R]:recv sync frame timeout
08-22 17:42:50.062 I/ActivityTaskManager( 1155): START u0 {act=android.intent.action.MAIN cat=[android.intent.category.LAUNCHER] flg=0x10200000 cmp=com.android.settings/.Settings bnds=[335,634][633,931]} from uid 10106
08-22 17:42:50.063 I/EventSequenceValidator( 1155): Transition from ACTIVITY_FINISHED to INTENT_STARTED
08-22 17:42:50.072 E/ANDR-PERF-JNI( 1155): com_qualcomm_qtiperformance_native_perf_io_prefetch_start
08-22 17:42:50.074 I/wm_task_created( 1155): [71,-1]
08-22 17:42:50.074 W/ActivityTaskManager( 1155): Can't find TaskDisplayArea to determine support for multi window. Task id=71 attached=false
08-22 17:42:50.075 D/audio_hw_primary( 819): adev_get_parameters:vr_audio_mode_on
08-22 17:42:50.076 I/audio_hw_primary( 819): getting vr mode to 0
08-22 17:42:50.076 D/audio_hw_primary( 819): adev_get_parameters: exit: returns - vr_audio_mode_on=false
08-22 17:42:50.076 I/hash_map_utils( 1037): system/bt/osi/src/hash_map_utils.cc:81 hash_map_utils_dump_string_keys_string_values: key: 'vr_audio_mode_on' value: ''
08-22 17:42:50.084 D/CompatibilityChangeReporter( 1155): Compat change id reported: 174042980; UID 1000; state: DISABLED
08-22 17:42:50.086 I/wm_task_moved( 1155): [71,1,6]
08-22 17:42:50.086 I/wm_task_to_front( 1155): [0,71]
08-22 17:42:50.087 I/wm_create_task( 1155): [0,71]
08-22 17:42:50.087 I/wm_create_activity( 1155): [0,246948937,71,com.android.settings/.Settings,android.intent.action.MAIN,NULL,NULL,270532608]
08-22 17:42:50.087 I/wm_task_moved( 1155): [71,1,6]
08-22 17:42:50.092 D/CompatibilityInfo( 1155): mCompatibilityFlags - 4
08-22 17:42:50.092 D/CompatibilityInfo( 1155): applicationDensity - 240
08-22 17:42:50.093 D/CompatibilityInfo( 1155): applicationScale - 1.0
08-22 17:42:50.094 D/AF::TrackHandle( 1037): OpPlayAudio: track:56 usage:13 not muted
08-22 17:42:50.095 D/ActivityTrigger( 1155): ActivityTrigger activityPauseTrigger
08-22 17:42:50.095 I/wm_pause_activity( 1155): [0,204102949,com.android.launcher3/.uioverrides.QuickstepLauncher,userLeaving=true,pauseBackTasks]
08-22 17:42:50.098 I/AudioTrack( 1155): createTrack_l(8): AUDIO_OUTPUT_FLAG_FAST successful; frameCount 0 -> 4512
08-22 17:42:50.101 E/ANDR-IOP( 975): io prefetch is disabled
08-22 17:42:50.105 I/wm_on_top_resumed_lost_called( 2411): [204102949,com.android.launcher3.uioverrides.QuickstepLauncher,topStateChangedWhenResumed]
08-22 17:42:50.107 I/wm_on_paused_called( 2411): [204102949,com.android.launcher3.uioverrides.QuickstepLauncher,performPause]
08-22 17:42:50.108 D/audio_hw_primary( 819): start_output_stream: enter: stream(0xeb1c0010)usecase(1: low-latency-playback) devices(0x2) is_haptic_usecase(0)
08-22 17:42:50.108 E/ANDR-PERF-TARGET( 981): Error: Invalid logical cluster id 0
08-22 17:42:50.109 E/ANDR-PERF-REQUEST( 981): invalid request
08-22 17:42:50.109 E/ANDR-PERF-MPCTL( 981): invalid request, no optimizations performed
08-22 17:42:50.109 E/audio_hw_extn( 819): audio_extn_perf_lock_acquire: Failed to acquire perf lock, err: -1
08-22 17:42:50.109 D/audio_hw_primary( 819): select_devices for use case (low-latency-playback)
08-22 17:42:50.109 I/msm8974_platform( 819): platform_check_and_set_codec_backend_cfg:becf: afe: bitwidth 16, samplerate 48000 channels 2, backend_idx 0 usecase = 1 device (speaker)
08-22 17:42:50.109 D/msm8974_platform( 819): platform_split_snd_device: snd_device(2) num devices(1) new_snd_devices(0)
08-22 17:42:50.109 I/msm8974_platform( 819): platform_check_and_set_codec_backend_cfg: new_snd_devices[0] is 2
08-22 17:42:50.110 I/msm8974_platform( 819): platform_check_codec_backend_cfg:becf: afe: bitwidth 16, samplerate 48000 channels 2, backend_idx 0 usecase = 1 device (speaker)
08-22 17:42:50.111 D/audio_hw_extn( 819): audio_extn_enable_hifi_filter: mixer_value set 0
01-01 01:38:42.294 I/afe_find_cal_topo_id_by_port( 0): port id: 0x9000, dev_acdb_id: 0
08-22 17:42:50.111 D/msm8974_platform( 819): platform_check_codec_backend_cfg:becf: updated afe: bitwidth 16, samplerate 48000 channels 2,backend_idx 0 usecase = 1 device (speaker)
01-01 01:38:42.294 I/afe_find_cal_topo_id_by_port( 0): top_id:112fc acdb_id:15 afe_port:0x9000
01-01 01:38:42.294 I/afe_get_cal_topology_id( 0): port_id = 0x9000 acdb_id = 15 topology_id = 0x112fc cal_type_index=8 ret=0
08-22 17:42:50.111 D/msm8974_platform( 819): platform_check_codec_backend_cfg:becf: afe: playback on codec device not supporting native playback set default Sample Rate(48k)
01-01 01:38:42.295 I/afe_send_port_topology_id( 0): AFE set topology id 0x112fc enable for port 0x9000 ret 0
01-01 01:38:42.295 I/send_afe_cal_type( 0): cal_index is 0
08-22 17:42:50.111 I/msm8974_platform( 819): platform_check_codec_backend_cfg:becf: afe: Codec selected backend: 0 updated bit width: 16 and sample rate: 48000
01-01 01:38:42.295 I/send_afe_cal_type( 0): dev_acdb_id[55] is 0
01-01 01:38:42.295 I/send_afe_cal_type( 0): Sending cal_index cal 0
08-22 17:42:50.112 D/audio_hw_primary( 819): check_usecases_codec_backend:becf: force routing 0
01-01 01:38:42.295 E/send_afe_cal_type( 0): No cal sent for cal_index 0, port_id = 0x9000! ret -22
01-01 01:38:42.304 I/afe_send_hw_delay( 0): port_id 0x9000 rate 48000 delay_usec 474 status 0
08-22 17:42:50.112 E/msm8974_platform( 819): platform_check_backends_match: Invalid snd_device =
08-22 17:42:50.112 D/audio_hw_primary( 819): check_usecases_codec_backend:becf: (78) check_usecases curr device: speaker, usecase device: backends match 0
08-22 17:42:50.112 D/audio_hw_primary( 819): check_usecases_codec_backend:becf: check_usecases num.of Usecases to switch 0
08-22 17:42:50.112 I/EventSequenceValidator( 1155): Transition from INTENT_STARTED to ACTIVITY_LAUNCHED
08-22 17:42:50.112 D/hardware_info( 819): hw_info_append_hw_type : device_name = speaker
08-22 17:42:50.112 D/msm8974_platform( 819): platform_split_snd_device: snd_device(2) num devices(0) new_snd_devices(0)
08-22 17:42:50.112 D/audio_hw_primary( 819): enable_snd_device: snd_device(2: speaker)
08-22 17:42:50.112 D/msm8974_platform( 819): platform_get_island_cfg_on_device:island cfg status on snd_device = (speaker 0)
08-22 17:42:50.112 I/soundtrigger( 819): audio_extn_sound_trigger_update_device_status: device 0x2 of type 0 for Event 1, with Raise=0
08-22 17:42:50.112 D/PhoneStartingWindowTypeAlgorithm( 1912): preferredStartingWindowType newTask:true taskSwitch:true processRunning:true allowTaskSnapshot:true activityCreated:false useEmptySplashScreen:false legacySplashScreen:false topIsHome:false
08-22 17:42:50.112 D/audio_route( 819): Apply path: speaker
08-22 17:42:50.112 I/audio_hw_utils( 819): audio_extn_utils_update_stream_output_app_type_cfg Allowing 24 and above bits playback on speaker ONLY at default sampling rate
08-22 17:42:50.112 D/StartingSurfaceDrawer( 1912): addSplashScreen com.android.settings theme=7f13033e task=71 suggestType=1
08-22 17:42:50.112 E/soundtrigger( 819): audio_extn_sound_trigger_update_stream_status: invalid input device 0x0, for event 3
08-22 17:42:50.113 D/soundtrigger( 819): audio_extn_sound_trigger_update_stream_status: uc_info->id 1 of type 0 for Event 3, with Raise=0
08-22 17:42:50.113 D/audio_hw_utils( 819): audio_extn_utils_send_app_type_cfg: usecase->out_snd_device speaker
08-22 17:42:50.113 D/msm8974_platform( 819): platform_split_snd_device: snd_device(2) num devices(0) new_snd_devices(0)
08-22 17:42:50.113 D/audio_hw_utils( 819): audio_extn_btsco_get_sample_rate:Not a BT SCO device, need not update sampling rate
08-22 17:42:50.113 I/audio_hw_utils( 819): send_app_type_cfg_for_device PLAYBACK app_type 69937, acdb_dev_id 15, sample_rate 48000, snd_device_be_idx 179
08-22 17:42:50.114 D/msm8974_platform( 819): platform_split_snd_device: snd_device(2) num devices(1) new_snd_devices(0)
08-22 17:42:50.114 D/audio_hw_utils( 819): audio_extn_btsco_get_sample_rate:Not a BT SCO device, need not update sampling rate
08-22 17:42:50.114 D/ACDB-LOADER( 819): ACDB -> send_audio_cal, acdb_id = 15, path = 0, app id = 0x11131, sample rate = 48000, afe_sample_rate = 48000
08-22 17:42:50.114 D/ACDB-LOADER( 819): ACDB -> send_asm_topology
08-22 17:42:50.114 D/ACDB-LOADER( 819): ACDB -> ACDB_CMD_GET_AUDPROC_STREAM_TOPOLOGY_ID
08-22 17:42:50.114 D/ACDB-LOADER( 819): ACDB -> send_adm_topology
08-22 17:42:50.115 D/ACDB-LOADER( 819): ACDB -> ACDB_CMD_GET_AUDPROC_COMMON_TOPOLOGY_ID
08-22 17:42:50.115 D/ACDB-LOADER( 819): ACDB -> send_audtable
08-22 17:42:50.115 D/ACDB-LOADER( 819): ACDB -> ACDB_CMD_GET_AUDPROC_INSTANCE_COMMON_TABLE_SIZE
08-22 17:42:50.115 D/ACDB-LOADER( 819): ACDB -> ACDB_CMD_GET_AUDPROC_INSTANCE_COMMON_TABLE
08-22 17:42:50.115 D/ACDB-LOADER( 819): ACDB -> AUDIO_SET_AUDPROC_CAL cal_type[11] acdb_id[15] app_type[69937]
08-22 17:42:50.115 D/ACDB-LOADER( 819): ACDB -> send_audvoltable
08-22 17:42:50.115 D/ACDB-LOADER( 819): ACDB -> ACDB_CMD_GET_AUDPROC_INSTANCE_GAIN_DEP_STEP_TABLE_SIZE
08-22 17:42:50.115 D/ACDB-LOADER( 819): ACDB -> ACDB_CMD_GET_AUDPROC_INSTANCE_GAIN_DEP_STEP_TABLE, vol index 0
08-22 17:42:50.116 D/ACDB-LOADER( 819): ACDB -> AUDIO_SET_VOL_CAL cal type = 12
08-22 17:42:50.116 D/ACDB-LOADER( 819): ACDB -> ACDB_CMD_GET_AUDPROC_INSTANCE_STREAM_TABLE_SIZE
08-22 17:42:50.116 D/ACDB-LOADER( 819): ACDB -> send_audstrmtable
08-22 17:42:50.116 D/ACDB-LOADER( 819): ACDB -> ACDB_CMD_GET_AUDPROC_INSTANCE_STREAM_TABLE
08-22 17:42:50.116 D/ACDB-LOADER( 819): ACDB -> audstrm_cal->cal_type.cal_data.cal_size = 20
08-22 17:42:50.116 D/ACDB-LOADER( 819): ACDB -> send_afe_topology
08-22 17:42:50.116 D/ACDB-LOADER( 819): ACDB -> ACDB_CMD_GET_AFE_TOPOLOGY_ID
08-22 17:42:50.116 D/ACDB-LOADER( 819): ACDB -> GET_AFE_TOPOLOGY_ID for adcd_id 15, Topology Id 112fc
08-22 17:42:50.116 D/ACDB-LOADER( 819): ACDB -> send_afe_cal
