08-22 17:43:02.563 W/System.err( 2230): at java.net.PlainSocketImpl.socketBind(PlainSocketImpl.java:162)
08-22 17:43:02.563 W/System.err( 2230): at java.net.AbstractPlainSocketImpl.bind(AbstractPlainSocketImpl.java:427)
08-22 17:43:02.563 W/System.err( 2230): at java.net.ServerSocket.bind(ServerSocket.java:377)
08-22 17:43:02.563 W/System.err( 2230): at java.net.ServerSocket.(ServerSocket.java:237)
08-22 17:43:02.563 W/System.err( 2230): at com.thundercomm.remotecontrolservice.RemoteSocketService.startServer(RemoteSocketService.java:91)
08-22 17:43:02.563 W/System.err( 2230): at com.thundercomm.remotecontrolservice.RemoteSocketService.restartServer(RemoteSocketService.java:119)
08-22 17:43:02.563 W/System.err( 2230): at com.thundercomm.remotecontrolservice.RemoteSocketService.access$100(RemoteSocketService.java:11)
08-22 17:43:02.564 W/System.err( 2230): at com.thundercomm.remotecontrolservice.RemoteSocketService$3.run(RemoteSocketService.java:101)
08-22 17:43:02.564 W/System.err( 2230): at java.lang.Thread.run(Thread.java:920)
08-22 17:43:02.564 W/System.err( 2230): Caused by: android.system.ErrnoException: bind failed: EADDRINUSE (Address already in use)
08-22 17:43:02.564 W/System.err( 2230): at libcore.io.Linux.bind(Native Method)
08-22 17:43:02.564 W/System.err( 2230): at libcore.io.ForwardingOs.bind(ForwardingOs.java:141)
08-22 17:43:02.564 W/System.err( 2230): at libcore.io.ForwardingOs.bind(ForwardingOs.java:141)
08-22 17:43:02.564 W/System.err( 2230): at libcore.io.IoBridge.bind(IoBridge.java:146)
08-22 17:43:02.564 W/System.err( 2230): ... 9 more
08-22 17:43:02.573 W/System.err( 2230): java.net.BindException: bind failed: EADDRINUSE (Address already in use)
08-22 17:43:02.573 W/System.err( 2230): at libcore.io.IoBridge.bind(IoBridge.java:150)
08-22 17:43:02.573 W/System.err( 2230): at java.net.PlainSocketImpl.socketBind(PlainSocketImpl.java:162)
08-22 17:43:02.573 W/System.err( 2230): at java.net.AbstractPlainSocketImpl.bind(AbstractPlainSocketImpl.java:427)
08-22 17:43:02.573 W/System.err( 2230): at java.net.ServerSocket.bind(ServerSocket.java:377)
08-22 17:43:02.573 W/System.err( 2230): at java.net.ServerSocket.(ServerSocket.java:237)
08-22 17:43:02.573 W/System.err( 2230): at com.thundercomm.remotecontrolservice.RemoteSocketService.startServer(RemoteSocketService.java:91)
08-22 17:43:02.573 W/System.err( 2230): at com.thundercomm.remotecontrolservice.RemoteSocketService.restartServer(RemoteSocketService.java:119)
08-22 17:43:02.573 W/System.err( 2230): at com.thundercomm.remotecontrolservice.RemoteSocketService.access$100(RemoteSocketService.java:11)
08-22 17:43:02.573 W/System.err( 2230): at com.thundercomm.remotecontrolservice.RemoteSocketService$3.run(RemoteSocketService.java:101)
08-22 17:43:02.574 W/System.err( 2230): at java.lang.Thread.run(Thread.java:920)
08-22 17:43:02.575 W/System.err( 2230): Caused by: android.system.ErrnoException: bind failed: EADDRINUSE (Address already in use)
08-22 17:43:02.575 W/System.err( 2230): at libcore.io.Linux.bind(Native Method)
08-22 17:43:02.575 W/System.err( 2230): at libcore.io.ForwardingOs.bind(ForwardingOs.java:141)
08-22 17:43:02.575 W/System.err( 2230): at libcore.io.ForwardingOs.bind(ForwardingOs.java:141)
08-22 17:43:02.575 W/System.err( 2230): at libcore.io.IoBridge.bind(IoBridge.java:146)
08-22 17:43:02.575 W/System.err( 2230): ... 9 more
08-22 17:43:02.578 W/System.err( 2230): java.net.BindException: bind failed: EADDRINUSE (Address already in use)
08-22 17:43:02.578 W/System.err( 2230): at libcore.io.IoBridge.bind(IoBridge.java:150)
08-22 17:43:02.578 W/System.err( 2230): at java.net.PlainSocketImpl.socketBind(PlainSocketImpl.java:162)
08-22 17:43:02.579 W/System.err( 2230): at java.net.AbstractPlainSocketImpl.bind(AbstractPlainSocketImpl.java:427)
08-22 17:43:02.579 W/System.err( 2230): at java.net.ServerSocket.bind(ServerSocket.java:377)
08-22 17:43:02.579 W/System.err( 2230): at java.net.ServerSocket.(ServerSocket.java:237)
08-22 17:43:02.579 W/System.err( 2230): at com.thundercomm.remotecontrolservice.RemoteSocketService.startServer(RemoteSocketService.java:91)
08-22 17:43:02.579 W/System.err( 2230): at com.thundercomm.remotecontrolservice.RemoteSocketService.restartServer(RemoteSocketService.java:119)
08-22 17:43:02.579 W/System.err( 2230): at com.thundercomm.remotecontrolservice.RemoteSocketService.access$100(RemoteSocketService.java:11)
08-22 17:43:02.579 W/System.err( 2230): at com.thundercomm.remotecontrolservice.RemoteSocketService$3.run(RemoteSocketService.java:101)
08-22 17:43:02.579 W/System.err( 2230): at java.lang.Thread.run(Thread.java:920)
08-22 17:43:02.579 W/System.err( 2230): Caused by: android.system.ErrnoException: bind failed: EADDRINUSE (Address already in use)
08-22 17:43:02.579 W/System.err( 2230): at libcore.io.Linux.bind(Native Method)
08-22 17:43:02.580 W/System.err( 2230): at libcore.io.ForwardingOs.bind(ForwardingOs.java:141)
08-22 17:43:02.580 W/System.err( 2230): at libcore.io.ForwardingOs.bind(ForwardingOs.java:141)
08-22 17:43:02.580 W/System.err( 2230): at libcore.io.IoBridge.bind(IoBridge.java:146)
08-22 17:43:02.580 W/System.err( 2230): ... 9 more
08-22 17:43:02.581 W/System.err( 2230): java.net.BindException: bind failed: EADDRINUSE (Address already in use)
08-22 17:43:02.581 W/System.err( 2230): at libcore.io.IoBridge.bind(IoBridge.java:150)
08-22 17:43:02.581 W/System.err( 2230): at java.net.PlainSocketImpl.socketBind(PlainSocketImpl.java:162)
08-22 17:43:02.581 W/System.err( 2230): at java.net.AbstractPlainSocketImpl.bind(AbstractPlainSocketImpl.java:427)
08-22 17:43:02.581 W/System.err( 2230): at java.net.ServerSocket.bind(ServerSocket.java:377)
08-22 17:43:02.581 W/System.err( 2230): at java.net.ServerSocket.(ServerSocket.java:237)
08-22 17:43:02.581 W/System.err( 2230): at com.thundercomm.remotecontrolservice.RemoteSocketService.startServer(RemoteSocketService.java:91)
08-22 17:43:02.581 W/System.err( 2230): at com.thundercomm.remotecontrolservice.RemoteSocketService.restartServer(RemoteSocketService.java:119)
08-22 17:43:02.581 W/System.err( 2230): at com.thundercomm.remotecontrolservice.RemoteSocketService.access$100(RemoteSocketService.java:11)
08-22 17:43:02.581 W/System.err( 2230): at com.thundercomm.remotecontrolservice.RemoteSocketService$3.run(RemoteSocketService.java:101)
08-22 17:43:02.581 W/System.err( 2230): at java.lang.Thread.run(Thread.java:920)
08-22 17:43:02.581 W/System.err( 2230): Caused by: android.system.ErrnoException: bind failed: EADDRINUSE (Address already in use)
08-22 17:43:02.582 W/System.err( 2230): at libcore.io.Linux.bind(Native Method)
08-22 17:43:02.582 W/System.err( 2230): at libcore.io.ForwardingOs.bind(ForwardingOs.java:141)
08-22 17:43:02.582 W/System.err( 2230): at libcore.io.ForwardingOs.bind(ForwardingOs.java:141)
08-22 17:43:02.582 W/System.err( 2230): at libcore.io.IoBridge.bind(IoBridge.java:146)
08-22 17:43:02.582 W/System.err( 2230): ... 9 more
08-22 17:43:02.582 W/System.err( 2230): java.net.BindException: bind failed: EADDRINUSE (Address already in use)
08-22 17:43:02.583 W/System.err( 2230): at libcore.io.IoBridge.bind(IoBridge.java:150)
08-22 17:43:02.583 W/System.err( 2230): at java.net.PlainSocketImpl.socketBind(PlainSocketImpl.java:162)
08-22 17:43:02.583 W/System.err( 2230): at java.net.AbstractPlainSocketImpl.bind(AbstractPlainSocketImpl.java:427)
08-22 17:43:02.583 W/System.err( 2230): at java.net.ServerSocket.bind(ServerSocket.java:377)
08-22 17:43:02.583 W/System.err( 2230): at java.net.ServerSocket.(ServerSocket.java:237)
08-22 17:43:02.583 W/System.err( 2230): at com.thundercomm.remotecontrolservice.RemoteSocketService.startServer(RemoteSocketService.java:91)
08-22 17:43:02.583 W/System.err( 2230): at com.thundercomm.remotecontrolservice.RemoteSocketService.restartServer(RemoteSocketService.java:119)
08-22 17:43:02.583 W/System.err( 2230): at com.thundercomm.remotecontrolservice.RemoteSocketService.access$100(RemoteSocketService.java:11)
08-22 17:43:02.583 W/System.err( 2230): at com.thundercomm.remotecontrolservice.RemoteSocketService$3.run(RemoteSocketService.java:101)
08-22 17:43:02.583 W/System.err( 2230): at java.lang.Thread.run(Thread.java:920)
08-22 17:43:02.584 W/System.err( 2230): Caused by: android.system.ErrnoException: bind failed: EADDRINUSE (Address already in use)
08-22 17:43:02.584 W/System.err( 2230): at libcore.io.Linux.bind(Native Method)
08-22 17:43:02.584 W/System.err( 2230): at libcore.io.ForwardingOs.bind(ForwardingOs.java:141)
08-22 17:43:02.584 W/System.err( 2230): at libcore.io.ForwardingOs.bind(ForwardingOs.java:141)
08-22 17:43:02.584 W/System.err( 2230): at libcore.io.IoBridge.bind(IoBridge.java:146)
08-22 17:43:02.584 W/System.err( 2230): ... 9 more
08-22 17:43:02.589 W/System.err( 2230): java.net.BindException: bind failed: EADDRINUSE (Address already in use)
08-22 17:43:02.589 W/System.err( 2230): at libcore.io.IoBridge.bind(IoBridge.java:150)
08-22 17:43:02.589 W/System.err( 2230): at java.net.PlainSocketImpl.socketBind(PlainSocketImpl.java:162)
08-22 17:43:02.589 W/System.err( 2230): at java.net.AbstractPlainSocketImpl.bind(AbstractPlainSocketImpl.java:427)
08-22 17:43:02.589 W/System.err( 2230): at java.net.ServerSocket.bind(ServerSocket.java:377)
08-22 17:43:02.589 W/System.err( 2230): at java.net.ServerSocket.(ServerSocket.java:237)
08-22 17:43:02.589 W/System.err( 2230): at com.thundercomm.remotecontrolservice.RemoteSocketService.startServer(RemoteSocketService.java:91)
08-22 17:43:02.590 W/System.err( 2230): at com.thundercomm.remotecontrolservice.RemoteSocketService.restartServer(RemoteSocketService.java:119)
08-22 17:43:02.590 W/System.err( 2230): at com.thundercomm.remotecontrolservice.RemoteSocketService.access$100(RemoteSocketService.java:11)
08-22 17:43:02.590 W/System.err( 2230): at com.thundercomm.remotecontrolservice.RemoteSocketService$3.run(RemoteSocketService.java:101)
08-22 17:43:02.590 W/System.err( 2230): at java.lang.Thread.run(Thread.java:920)
08-22 17:43:02.590 W/System.err( 2230): Caused by: android.system.ErrnoException: bind failed: EADDRINUSE (Address already in use)
08-22 17:43:02.590 W/System.err( 2230): at libcore.io.Linux.bind(Native Method)
08-22 17:43:02.590 W/System.err( 2230): at libcore.io.ForwardingOs.bind(ForwardingOs.java:141)
08-22 17:43:02.590 W/System.err( 2230): at libcore.io.ForwardingOs.bind(ForwardingOs.java:141)
08-22 17:43:02.590 W/System.err( 2230): at libcore.io.IoBridge.bind(IoBridge.java:146)
08-22 17:43:02.590 W/System.err( 2230): ... 9 more
08-22 17:43:02.591 W/System.err( 2230): java.net.BindException: bind failed: EADDRINUSE (Address already in use)
08-22 17:43:02.591 W/System.err( 2230): at libcore.io.IoBridge.bind(IoBridge.java:150)
08-22 17:43:02.592 W/System.err( 2230): at java.net.PlainSocketImpl.socketBind(PlainSocketImpl.java:162)
08-22 17:43:02.592 W/System.err( 2230): at java.net.AbstractPlainSocketImpl.bind(AbstractPlainSocketImpl.java:427)
08-22 17:43:02.592 W/System.err( 2230): at java.net.ServerSocket.bind(ServerSocket.java:377)
08-22 17:43:02.592 W/System.err( 2230): at java.net.ServerSocket.(ServerSocket.java:237)
08-22 17:43:02.592 W/System.err( 2230): at com.thundercomm.remotecontrolservice.RemoteSocketService.startServer(RemoteSocketService.java:91)
08-22 17:43:02.592 W/System.err( 2230): at com.thundercomm.remotecontrolservice.RemoteSocketService.restartServer(RemoteSocketService.java:119)
08-22 17:43:02.592 W/System.err( 2230): at com.thundercomm.remotecontrolservice.RemoteSocketService.access$100(RemoteSocketService.java:11)
08-22 17:43:02.592 W/System.err( 2230): at com.thundercomm.remotecontrolservice.RemoteSocketService$3.run(RemoteSocketService.java:101)
08-22 17:43:02.592 W/System.err( 2230): at java.lang.Thread.run(Thread.java:920)
08-22 17:43:02.592 W/System.err( 2230): Caused by: android.system.ErrnoException: bind failed: EADDRINUSE (Address already in use)
08-22 17:43:02.592 W/System.err( 2230): at libcore.io.Linux.bind(Native Method)
08-22 17:43:02.592 W/System.err( 2230): at libcore.io.ForwardingOs.bind(ForwardingOs.java:141)
08-22 17:43:02.593 W/System.err( 2230): at libcore.io.ForwardingOs.bind(ForwardingOs.java:141)
08-22 17:43:02.593 W/System.err( 2230): at libcore.io.IoBridge.bind(IoBridge.java:146)
08-22 17:43:02.593 W/System.err( 2230): ... 9 more
08-22 17:43:02.613 W/System.err( 2230): java.net.BindException: bind failed: EADDRINUSE (Address already in use)
08-22 17:43:02.613 W/System.err( 2230): at libcore.io.IoBridge.bind(IoBridge.java:150)
08-22 17:43:02.615 W/System.err( 2230): at java.net.PlainSocketImpl.socketBind(PlainSocketImpl.java:162)
08-22 17:43:02.615 W/System.err( 2230): at java.net.AbstractPlainSocketImpl.bind(AbstractPlainSocketImpl.java:427)
08-22 17:43:02.615 W/System.err( 2230): at java.net.ServerSocket.bind(ServerSocket.java:377)
08-22 17:43:02.615 W/System.err( 2230): at java.net.ServerSocket.(ServerSocket.java:237)
08-22 17:43:02.615 W/System.err( 2230): at com.thundercomm.remotecontrolservice.RemoteSocketService.startServer(RemoteSocketService.java:91)
08-22 17:43:02.615 D/Avrcp_ext( 1892): AvrcpServiceBroadcastReceiver-> Action: android.intent.action.PACKAGE_CHANGED
08-22 17:43:02.615 W/System.err( 2230): at com.thundercomm.remotecontrolservice.RemoteSocketService.restartServer(RemoteSocketService.java:119)
08-22 17:43:02.615 W/System.err( 2230): at com.thundercomm.remotecontrolservice.RemoteSocketService.access$100(RemoteSocketService.java:11)
08-22 17:43:02.616 W/System.err( 2230): at com.thundercomm.remotecontrolservice.RemoteSocketService$3.run(RemoteSocketService.java:101)
08-22 17:43:02.616 W/System.err( 2230): at java.lang.Thread.run(Thread.java:920)
08-22 17:43:02.616 W/System.err( 2230): Caused by: android.system.ErrnoException: bind failed: EADDRINUSE (Address already in use)
08-22 17:43:02.616 W/System.err( 2230): at libcore.io.Linux.bind(Native Method)
08-22 17:43:02.616 W/System.err( 2230): at libcore.io.ForwardingOs.bind(ForwardingOs.java:141)
08-22 17:43:02.617 W/System.err( 2230): at libcore.io.ForwardingOs.bind(ForwardingOs.java:141)
08-22 17:43:02.617 W/System.err( 2230): at libcore.io.IoBridge.bind(IoBridge.java:146)
08-22 17:43:02.617 W/System.err( 2230): ... 9 more
08-22 17:43:02.618 D/CompanionDeviceManagerService( 1155): onPackageModified(packageName = com.android.settings)
08-22 17:43:02.618 W/System.err( 2230): java.net.BindException: bind failed: EADDRINUSE (Address already in use)
08-22 17:43:02.618 W/System.err( 2230): at libcore.io.IoBridge.bind(IoBridge.java:150)
08-22 17:43:02.618 W/System.err( 2230): at java.net.PlainSocketImpl.socketBind(PlainSocketImpl.java:162)
08-22 17:43:02.618 W/System.err( 2230): at java.net.AbstractPlainSocketImpl.bind(AbstractPlainSocketImpl.java:427)
08-22 17:43:02.616 D/Avrcp_ext( 1892): AvrcpServiceBroadcastReceiver-> packageName: com.android.settings
08-22 17:43:02.619 D/Avrcp_ext( 1892): packageName: com.android.settings removed: false
08-22 17:43:02.619 W/System.err( 2230): at java.net.ServerSocket.bind(ServerSocket.java:377)
08-22 17:43:02.620 W/System.err( 2230): at java.net.ServerSocket.(ServerSocket.java:237)
08-22 17:43:02.620 W/System.err( 2230): at com.thundercomm.remotecontrolservice.RemoteSocketService.startServer(RemoteSocketService.java:91)
08-22 17:43:02.620 W/System.err( 2230): at com.thundercomm.remotecontrolservice.RemoteSocketService.restartServer(RemoteSocketService.java:119)
08-22 17:43:02.620 W/System.err( 2230): at com.thundercomm.remotecontrolservice.RemoteSocketService.access$100(RemoteSocketService.java:11)
08-22 17:43:02.620 W/System.err( 2230): at com.thundercomm.remotecontrolservice.RemoteSocketService$3.run(RemoteSocketService.java:101)
08-22 17:43:02.621 W/System.err( 2230): at java.lang.Thread.run(Thread.java:920)
08-22 17:43:02.621 W/System.err( 2230): Caused by: android.system.ErrnoException: bind failed: EADDRINUSE (Address already in use)
08-22 17:43:02.621 W/System.err( 2230): at libcore.io.Linux.bind(Native Method)
08-22 17:43:02.621 W/System.err( 2230): at libcore.io.ForwardingOs.bind(ForwardingOs.java:141)
08-22 17:43:02.621 W/System.err( 2230): at libcore.io.ForwardingOs.bind(ForwardingOs.java:141)
08-22 17:43:02.621 W/System.err( 2230): at libcore.io.IoBridge.bind(IoBridge.java:146)
08-22 17:43:02.621 W/System.err( 2230): ... 9 more
08-22 17:43:02.622 W/System.err( 2230): java.net.BindException: bind failed: EADDRINUSE (Address already in use)
08-22 17:43:02.623 W/System.err( 2230): at libcore.io.IoBridge.bind(IoBridge.java:150)
08-22 17:43:02.623 W/System.err( 2230): at java.net.PlainSocketImpl.socketBind(PlainSocketImpl.java:162)
08-22 17:43:02.623 W/System.err( 2230): at java.net.AbstractPlainSocketImpl.bind(AbstractPlainSocketImpl.java:427)
08-22 17:43:02.623 W/System.err( 2230): at java.net.ServerSocket.bind(ServerSocket.java:377)
08-22 17:43:02.623 W/System.err( 2230): at java.net.ServerSocket.(ServerSocket.java:237)
08-22 17:43:02.623 W/System.err( 2230): at com.thundercomm.remotecontrolservice.RemoteSocketService.startServer(RemoteSocketService.java:91)
08-22 17:43:02.624 W/System.err( 2230): at com.thundercomm.remotecontrolservice.RemoteSocketService.restartServer(RemoteSocketService.java:119)
08-22 17:43:02.624 W/System.err( 2230): at com.thundercomm.remotecontrolservice.RemoteSocketService.access$100(RemoteSocketService.java:11)
08-22 17:43:02.625 W/System.err( 2230): at com.thundercomm.remotecontrolservice.RemoteSocketService$3.run(RemoteSocketService.java:101)
08-22 17:43:02.625 W/System.err( 2230): at java.lang.Thread.run(Thread.java:920)
08-22 17:43:02.625 W/System.err( 2230): Caused by: android.system.ErrnoException: bind failed: EADDRINUSE (Address already in use)
08-22 17:43:02.625 W/System.err( 2230): at libcore.io.Linux.bind(Native Method)
08-22 17:43:02.625 W/System.err( 2230): at libcore.io.ForwardingOs.bind(ForwardingOs.java:141)
08-22 17:43:02.625 W/System.err( 2230): at libcore.io.ForwardingOs.bind(ForwardingOs.java:141)
08-22 17:43:02.625 W/System.err( 2230): at libcore.io.IoBridge.bind(IoBridge.java:146)
08-22 17:43:02.625 W/System.err( 2230): ... 9 more
08-22 17:43:02.625 I/InputReader( 1155): Reconfiguring input devices, changes=KEYBOARD_LAYOUTS |
08-22 17:43:02.625 W/System.err( 2230): java.net.BindException: bind failed: EADDRINUSE (Address already in use)
08-22 17:43:02.625 W/System.err( 2230): at libcore.io.IoBridge.bind(IoBridge.java:150)
08-22 17:43:02.626 W/System.err( 2230): at java.net.PlainSocketImpl.socketBind(PlainSocketImpl.java:162)
08-22 17:43:02.626 W/System.err( 2230): at java.net.AbstractPlainSocketImpl.bind(AbstractPlainSocketImpl.java:427)
08-22 17:43:02.626 W/System.err( 2230): at java.net.ServerSocket.bind(ServerSocket.java:377)
08-22 17:43:02.626 W/System.err( 2230): at java.net.ServerSocket.(ServerSocket.java:237)
08-22 17:43:02.626 W/System.err( 2230): at com.thundercomm.remotecontrolservice.RemoteSocketService.startServer(RemoteSocketService.java:91)
08-22 17:43:02.626 W/System.err( 2230): at com.thundercomm.remotecontrolservice.RemoteSocketService.restartServer(RemoteSocketService.java:119)
08-22 17:43:02.626 W/System.err( 2230): at com.thundercomm.remotecontrolservice.RemoteSocketService.access$100(RemoteSocketService.java:11)
08-22 17:43:02.626 W/System.err( 2230): at com.thundercomm.remotecontrolservice.RemoteSocketService$3.run(RemoteSocketService.java:101)
08-22 17:43:02.626 W/System.err( 2230): at java.lang.Thread.run(Thread.java:920)
08-22 17:43:02.626 W/System.err( 2230): Caused by: android.system.ErrnoException: bind failed: EADDRINUSE (Address already in use)
08-22 17:43:02.626 W/System.err( 2230): at libcore.io.Linux.bind(Native Method)
08-22 17:43:02.626 W/System.err( 2230): at libcore.io.ForwardingOs.bind(ForwardingOs.java:141)
08-22 17:43:02.626 W/System.err( 2230): at libcore.io.ForwardingOs.bind(ForwardingOs.java:141)
08-22 17:43:02.627 W/System.err( 2230): at libcore.io.IoBridge.bind(IoBridge.java:146)
08-22 17:43:02.627 W/System.err( 2230): ... 9 more
08-22 17:43:02.627 W/System.err( 2230): java.net.BindException: bind failed: EADDRINUSE (Address already in use)
08-22 17:43:02.627 W/System.err( 2230): at libcore.io.IoBridge.bind(IoBridge.java:150)
08-22 17:43:02.627 W/System.err( 2230): at java.net.PlainSocketImpl.socketBind(PlainSocketImpl.java:162)
08-22 17:43:02.627 W/System.err( 2230): at java.net.AbstractPlainSocketImpl.bind(AbstractPlainSocketImpl.java:427)
08-22 17:43:02.627 W/System.err( 2230): at java.net.ServerSocket.bind(ServerSocket.java:377)
08-22 17:43:02.627 W/System.err( 2230): at java.net.ServerSocket.(ServerSocket.java:237)
08-22 17:43:02.627 W/System.err( 2230): at com.thundercomm.remotecontrolservice.RemoteSocketService.startServer(RemoteSocketService.java:91)
08-22 17:43:02.627 W/System.err( 2230): at com.thundercomm.remotecontrolservice.RemoteSocketService.restartServer(RemoteSocketService.java:119)
08-22 17:43:02.627 W/System.err( 2230): at com.thundercomm.remotecontrolservice.RemoteSocketService.access$100(RemoteSocketService.java:11)
08-22 17:43:02.628 W/System.err( 2230): at com.thundercomm.remotecontrolservice.RemoteSocketService$3.run(RemoteSocketService.java:101)
08-22 17:43:02.628 W/System.err( 2230): at java.lang.Thread.run(Thread.java:920)
08-22 17:43:02.628 W/System.err( 2230): Caused by: android.system.ErrnoException: bind failed: EADDRINUSE (Address already in use)
08-22 17:43:02.628 W/System.err( 2230): at libcore.io.Linux.bind(Native Method)
08-22 17:43:02.628 W/System.err( 2230): at libcore.io.ForwardingOs.bind(ForwardingOs.java:141)
08-22 17:43:02.628 W/System.err( 2230): at libcore.io.ForwardingOs.bind(ForwardingOs.java:141)
08-22 17:43:02.628 W/System.err( 2230): at libcore.io.IoBridge.bind(IoBridge.java:146)
08-22 17:43:02.628 W/System.err( 2230): ... 9 more
08-22 17:43:02.629 W/System.err( 2230): java.net.BindException: bind failed: EADDRINUSE (Address already in use)
08-22 17:43:02.629 W/System.err( 2230): at libcore.io.IoBridge.bind(IoBridge.java:150)
08-22 17:43:02.629 W/System.err( 2230): at java.net.PlainSocketImpl.socketBind(PlainSocketImpl.java:162)
08-22 17:43:02.629 W/System.err( 2230): at java.net.AbstractPlainSocketImpl.bind(AbstractPlainSocketImpl.java:427)
08-22 17:43:02.629 W/System.err( 2230): at java.net.ServerSocket.bind(ServerSocket.java:377)
08-22 17:43:02.629 W/System.err( 2230): at java.net.ServerSocket.(ServerSocket.java:237)
08-22 17:43:02.629 W/System.err( 2230): at com.thundercomm.remotecontrolservice.RemoteSocketService.startServer(RemoteSocketService.java:91)
08-22 17:43:02.629 W/System.err( 2230): at com.thundercomm.remotecontrolservice.RemoteSocketService.restartServer(RemoteSocketService.java:119)
08-22 17:43:02.629 W/System.err( 2230): at com.thundercomm.remotecontrolservice.RemoteSocketService.access$100(RemoteSocketService.java:11)
08-22 17:43:02.629 W/System.err( 2230): at com.thundercomm.remotecontrolservice.RemoteSocketService$3.run(RemoteSocketService.java:101)
08-22 17:43:02.629 W/System.err( 2230): at java.lang.Thread.run(Thread.java:920)
08-22 17:43:02.629 W/livelock( 1587): sample 5.799s
08-22 17:43:02.629 W/System.err( 2230): Caused by: android.system.ErrnoException: bind failed: EADDRINUSE (Address already in use)
08-22 17:43:02.629 W/System.err( 2230): at libcore.io.Linux.bind(Native Method)
08-22 17:43:02.630 W/System.err( 2230): at libcore.io.ForwardingOs.bind(ForwardingOs.java:141)
08-22 17:43:02.630 W/System.err( 2230): at libcore.io.ForwardingOs.bind(ForwardingOs.java:141)
08-22 17:43:02.630 W/System.err( 2230): at libcore.io.IoBridge.bind(IoBridge.java:146)
08-22 17:43:02.630 W/System.err( 2230): ... 9 more
08-22 17:43:02.630 W/System.err( 2230): java.net.BindException: bind failed: EADDRINUSE (Address already in use)
08-22 17:43:02.630 W/System.err( 2230): at libcore.io.IoBridge.bind(IoBridge.java:150)
08-22 17:43:02.630 W/System.err( 2230): at java.net.PlainSocketImpl.socketBind(PlainSocketImpl.java:162)
08-22 17:43:02.630 W/System.err( 2230): at java.net.AbstractPlainSocketImpl.bind(AbstractPlainSocketImpl.java:427)
08-22 17:43:02.630 W/System.err( 2230): at java.net.ServerSocket.bind(ServerSocket.java:377)
08-22 17:43:02.630 W/System.err( 2230): at java.net.ServerSocket.(ServerSocket.java:237)
08-22 17:43:02.631 W/System.err( 2230): at com.thundercomm.remotecontrolservice.RemoteSocketService.startServer(RemoteSocketService.java:91)
08-22 17:43:02.631 W/System.err( 2230): at com.thundercomm.remotecontrolservice.RemoteSocketService.restartServer(RemoteSocketService.java:119)
08-22 17:43:02.631 W/System.err( 2230): at com.thundercomm.remotecontrolservice.RemoteSocketService.access$100(RemoteSocketService.java:11)
08-22 17:43:02.631 W/System.err( 2230): at com.thundercomm.remotecontrolservice.RemoteSocketService$3.run(RemoteSocketService.java:101)
08-22 17:43:02.631 W/System.err( 2230): at java.lang.Thread.run(Thread.java:920)
08-22 17:43:02.631 W/System.err( 2230): Caused by: android.system.ErrnoException: bind failed: EADDRINUSE (Address already in use)
08-22 17:43:02.631 W/System.err( 2230): at libcore.io.Linux.bind(Native Method)
08-22 17:43:02.631 W/System.err( 2230): at libcore.io.ForwardingOs.bind(ForwardingOs.java:141)
08-22 17:43:02.631 I/Telecom ( 1155): DefaultDialerCache: Refreshing default dialer for user 0: now null: DDC.oR@ABc
08-22 17:43:02.631 W/System.err( 2230): at libcore.io.ForwardingOs.bind(ForwardingOs.java:141)
08-22 17:43:02.631 W/System.err( 2230): at libcore.io.IoBridge.bind(IoBridge.java:146)
08-22 17:43:02.632 W/System.err( 2230): ... 9 more
08-22 17:43:02.634 E/system_server( 1155): No package ID 7f found for ID 0x7f0802c4.
08-22 17:43:02.634 E/system_server( 1155): No package ID 7f found for ID 0x7f121641.
08-22 17:43:02.634 E/system_server( 1155): No package ID 7f found for ID 0x7f0802c3.
08-22 17:43:02.634 E/system_server( 1155): No package ID 7f found for ID 0x7f1206c1.
08-22 17:43:02.634 E/system_server( 1155): No package ID 7f found for ID 0x7f0802c2.
08-22 17:43:02.634 E/system_server( 1155): No package ID 7f found for ID 0x7f120e8d.
08-22 17:43:02.634 I/PermissionControllerServiceImpl( 3715): Updating user sensitive for uid 1000
08-22 17:43:02.635 W/System.err( 2230): java.net.BindException: bind failed: EADDRINUSE (Address already in use)
08-22 17:43:02.635 I/dvm_lock_sample( 1155): [system_server,1,Binder:1155_4,15,ComponentResolver.java,497,java.util.List com.android.server.pm.ComponentResolver.queryServices(android.content.Intent, java.lang.String, int, int),-,328,java.util.List com.android.server.pm.ComponentResolver.queryActivities(android.content.Intent, java.lang.String, int, java.util.List, int),3]
08-22 17:43:02.635 W/System.err( 2230): at libcore.io.IoBridge.bind(IoBridge.java:150)
08-22 17:43:02.636 W/System.err( 2230): at java.net.PlainSocketImpl.socketBind(PlainSocketImpl.java:162)
08-22 17:43:02.636 W/System.err( 2230): at java.net.AbstractPlainSocketImpl.bind(AbstractPlainSocketImpl.java:427)
08-22 17:43:02.636 W/System.err( 2230): at java.net.ServerSocket.bind(ServerSocket.java:377)
08-22 17:43:02.636 W/System.err( 2230): at java.net.ServerSocket.(ServerSocket.java:237)
08-22 17:43:02.636 W/System.err( 2230): at com.thundercomm.remotecontrolservice.RemoteSocketService.startServer(RemoteSocketService.java:91)
08-22 17:43:02.636 D/Avrcp_ext( 1892): isBrowsableListUpdated: browsable list size mismatch, true
08-22 17:43:02.636 D/Avrcp_ext( 1892): buildBrowsablePlayerList
08-22 17:43:02.637 V/Avrcp_ext( 1892): getMediaPlayerInfo: Found com.android.bluetooth
08-22 17:43:02.637 V/Avrcp_ext( 1892): isBrowseSupported for com.android.bluetooth: false
08-22 17:43:02.638 D/Avrcp_ext( 1892): Adding media player info for com.android.bluetooth with id 1
08-22 17:43:02.638 D/Avrcp_ext( 1892): update #1:MediaPlayerInfo com.android.bluetooth (as '蓝牙') Type = 1, SubType = 0, Status = 0 Feature Bits [40 41 42 44 45 47 48 58] Controller: null
08-22 17:43:02.638 W/System.err( 2230): at com.thundercomm.remotecontrolservice.RemoteSocketService.restartServer(RemoteSocketService.java:119)
08-22 17:43:02.638 D/Avrcp_ext( 1892): Added MediaPlayerController/MediaPlayerPackage
08-22 17:43:02.638 W/System.err( 2230): at com.thundercomm.remotecontrolservice.RemoteSocketService.access$100(RemoteSocketService.java:11)
08-22 17:43:02.638 W/System.err( 2230): at com.thundercomm.remotecontrolservice.RemoteSocketService$3.run(RemoteSocketService.java:101)
08-22 17:43:02.638 W/System.err( 2230): at java.lang.Thread.run(Thread.java:920)
08-22 17:43:02.638 W/System.err( 2230): Caused by: android.system.ErrnoException: bind failed: EADDRINUSE (Address already in use)
08-22 17:43:02.639 W/System.err( 2230): at libcore.io.Linux.bind(Native Method)
08-22 17:43:02.639 W/System.err( 2230): at libcore.io.ForwardingOs.bind(ForwardingOs.java:141)
08-22 17:43:02.639 W/System.err( 2230): at libcore.io.ForwardingOs.bind(ForwardingOs.java:141)
08-22 17:43:02.639 W/System.err( 2230): at libcore.io.IoBridge.bind(IoBridge.java:146)
08-22 17:43:02.639 W/System.err( 2230): ... 9 more
08-22 17:43:02.640 I/sysui_multi_action( 2374): [757,830,758,4,833,0,854,screen_timeout_dream,1089,0]
08-22 17:43:02.642 W/System.err( 2230): java.net.BindException: bind failed: EADDRINUSE (Address already in use)
08-22 17:43:02.642 W/System.err( 2230): at libcore.io.IoBridge.bind(IoBridge.java:150)
08-22 17:43:02.643 W/System.err( 2230): at java.net.PlainSocketImpl.socketBind(PlainSocketImpl.java:162)
08-22 17:43:02.643 W/System.err( 2230): at java.net.AbstractPlainSocketImpl.bind(AbstractPlainSocketImpl.java:427)
08-22 17:43:02.643 W/System.err( 2230): at java.net.ServerSocket.bind(ServerSocket.java:377)
08-22 17:43:02.643 W/System.err( 2230): at java.net.ServerSocket.(ServerSocket.java:237)
08-22 17:43:02.643 W/System.err( 2230): at com.thundercomm.remotecontrolservice.RemoteSocketService.startServer(RemoteSocketService.java:91)
08-22 17:43:02.643 I/ActivityTaskManager( 1155): START u0 {act=android.intent.action.MAIN cmp=com.android.settings/.SubSettings (has extras)} from uid 1000
08-22 17:43:02.644 I/EventSequenceValidator( 1155): Transition from INTENT_FAILED to INTENT_STARTED
08-22 17:43:02.646 I/wm_task_moved( 1155): [71,1,6]
08-22 17:43:02.646 I/wm_set_resumed_activity( 1155): [0,com.android.settings/.SubSettings,positionChildAt]
08-22 17:43:02.646 I/wm_create_activity( 1155): [0,8846031,71,com.android.settings/.SubSettings,android.intent.action.MAIN,NULL,NULL,0]
08-22 17:43:02.646 D/CompatibilityInfo( 1155): mCompatibilityFlags - 4
08-22 17:43:02.646 D/CompatibilityInfo( 1155): applicationDensity - 240
08-22 17:43:02.646 D/CompatibilityInfo( 1155): applicationScale - 1.0
08-22 17:43:02.647 D/ActivityTrigger( 1155): ActivityTrigger activityPauseTrigger
08-22 17:43:02.647 I/wm_pause_activity( 1155): [0,263518392,com.android.settings/.SubSettings,userLeaving=true,resumeTopActivityInnerLocked]
08-22 17:43:02.643 W/System.err( 2230): at com.thundercomm.remotecontrolservice.RemoteSocketService.restartServer(RemoteSocketService.java:119)
08-22 17:43:02.651 V/Avrcp_ext( 1892): updateCurrentMediaState: mMediaController: null
08-22 17:43:02.651 W/Avrcp_ext( 1892): isMusicActive: false getBluetoothPlayState: 2 A2dp State: 11 mAudioPlaybackIsActive: false
08-22 17:43:02.651 W/Avrcp_ext( 1892): updateCurrentMediaState: isPlaying = false
08-22 17:43:02.651 V/Avrcp_ext( 1892): Media update: id -1➡-1? [MediaAttributes: none] : [MediaAttributes: none]
08-22 17:43:02.651 D/Avrcp_ext( 1892): isPackageNameValid: browsedPackage = isValid = false
08-22 17:43:02.651 V/Avrcp_ext( 1892): updatePlaybackState, state: PlaybackState {state=2, position=-1, buffered position=0, speed=0.0, updated=125827, actions=0, custom actions=[], active item id=-1, error=null} device: null
08-22 17:43:02.651 V/Avrcp_ext( 1892): Device: no name:
08-22 17:43:02.651 V/Avrcp_ext( 1892): Device: no name:
08-22 17:43:02.651 V/Avrcp_ext( 1892): Device: no name:
08-22 17:43:02.651 V/Avrcp_ext( 1892): Device: no name:
08-22 17:43:02.651 V/Avrcp_ext( 1892): Device: no name:
08-22 17:43:02.651 V/Avrcp_ext( 1892): updatePlayerStateAndPosition, old=PlaybackState {state=2, position=-1, buffered position=0, speed=0.0, updated=118502, actions=0, custom actions=[], active item id=-1, error=null}, state=PlaybackState {state=2, position=-1, buffered position=0, speed=0.0, updated=125827, actions=0, custom actions=[], active item id=-1, error=null}
08-22 17:43:02.651 V/Avrcp_ext( 1892): old state = PlaybackState {state=2, position=-1, buffered position=0, speed=0.0, updated=118502, actions=0, custom actions=[], active item id=-1, error=null}, new state= PlaybackState {state=2, position=-1, buffered position=0, speed=0.0, updated=125827, actions=0, custom actions=[], active item id=-1, error=null}
08-22 17:43:02.651 D/HeadsetService( 1892): getHeadsetService(): returning com.android.bluetooth.hfp.HeadsetService@b224fb1
08-22 17:43:02.652 D/HeadsetService( 1892): isAudioOn: The number of audio connected devices 0
08-22 17:43:02.653 I/EventSequenceValidator( 1155): Transition from INTENT_STARTED to INTENT_FAILED
08-22 17:43:02.649 W/System.err( 2230): at com.thundercomm.remotecontrolservice.RemoteSocketService.access$100(RemoteSocketService.java:11)
08-22 17:43:02.653 W/System.err( 2230): at com.thundercomm.remotecontrolservice.RemoteSocketService$3.run(RemoteSocketService.java:101)
08-22 17:43:02.653 W/System.err( 2230): at java.lang.Thread.run(Thread.java:920)
08-22 17:43:02.654 W/System.err( 2230): Caused by: android.system.ErrnoException: bind failed: EADDRINUSE (Address already in use)
08-22 17:43:02.654 W/System.err( 2230): at libcore.io.Linux.bind(Native Method)
08-22 17:43:02.654 W/System.err( 2230): at libcore.io.ForwardingOs.bind(ForwardingOs.java:141)
08-22 17:43:02.654 W/System.err( 2230): at libcore.io.ForwardingOs.bind(ForwardingOs.java:141)
08-22 17:43:02.654 W/System.err( 2230): at libcore.io.IoBridge.bind(IoBridge.java:146)
08-22 17:43:02.654 W/System.err( 2230): ... 9 more
08-22 17:43:02.654 W/System.err( 2230): java.net.BindException: bind failed: EADDRINUSE (Address already in use)
08-22 17:43:02.654 W/System.err( 2230): at libcore.io.IoBridge.bind(IoBridge.java:150)
08-22 17:43:02.654 W/System.err( 2230): at java.net.PlainSocketImpl.socketBind(PlainSocketImpl.java:162)
08-22 17:43:02.654 W/System.err( 2230): at java.net.AbstractPlainSocketImpl.bind(AbstractPlainSocketImpl.java:427)
08-22 17:43:02.654 W/System.err( 2230): at java.net.ServerSocket.bind(ServerSocket.java:377)
08-22 17:43:02.654 W/System.err( 2230): at java.net.ServerSocket.(ServerSocket.java:237)
08-22 17:43:02.654 W/System.err( 2230): at com.thundercomm.remotecontrolservice.RemoteSocketService.startServer(RemoteSocketService.java:91)
08-22 17:43:02.655 W/System.err( 2230): at com.thundercomm.remotecontrolservice.RemoteSocketService.restartServer(RemoteSocketService.java:119)
08-22 17:43:02.655 W/System.err( 2230): at com.thundercomm.remotecontrolservice.RemoteSocketService.access$100(RemoteSocketService.java:11)
08-22 17:43:02.655 W/System.err( 2230): at com.thundercomm.remotecontrolservice.RemoteSocketService$3.run(RemoteSocketService.java:101)
08-22 17:43:02.655 W/System.err( 2230): at java.lang.Thread.run(Thread.java:920)
08-22 17:43:02.655 W/System.err( 2230): Caused by: android.system.ErrnoException: bind failed: EADDRINUSE (Address already in use)
08-22 17:43:02.655 W/System.err( 2230): at libcore.io.Linux.bind(Native Method)
08-22 17:43:02.655 I/wm_on_top_resumed_lost_called( 2374): [263518392,com.android.settings.SubSettings,topStateChangedWhenResumed]
08-22 17:43:02.655 W/System.err( 2230): at libcore.io.ForwardingOs.bind(ForwardingOs.java:141)
08-22 17:43:02.655 W/System.err( 2230): at libcore.io.ForwardingOs.bind(ForwardingOs.java:141)
08-22 17:43:02.655 W/System.err( 2230): at libcore.io.IoBridge.bind(IoBridge.java:146)
08-22 17:43:02.652 D/HeadsetService( 1892): isScoOrCallActive(): Call Active:falseCall is Ringing:falseSCO is Active:false
08-22 17:43:02.655 W/System.err( 2230): ... 9 more
08-22 17:43:02.655 D/HeadsetService( 1892): isAudioOn: The number of audio connected devices 0
08-22 17:43:02.655 I/Avrcp_ext( 1892): updatePlayStatusForDevice: device: null
08-22 17:43:02.655 V/Avrcp_ext( 1892): updatePlaybackState (1): old=PlaybackState {state=2, position=-1, buffered position=0, speed=0.0, updated=118502, actions=0, custom actions=[], active item id=-1, error=null}(2), new=PlaybackState {state=2, position=-1, buffered position=0, speed=0.0, updated=125827, actions=0, custom actions=[], active item id=-1, error=null}(2)
08-22 17:43:02.655 I/Avrcp_ext( 1892): Exit updatePlayStatusForDevice
08-22 17:43:02.656 D/HeadsetService( 1892): isAudioOn: The number of audio connected devices 0
08-22 17:43:02.656 D/HeadsetService( 1892): isScoOrCallActive(): Call Active:falseCall is Ringing:falseSCO is Active:false
08-22 17:43:02.656 D/HeadsetService( 1892): isAudioOn: The number of audio connected devices 0
08-22 17:43:02.656 I/Avrcp_ext( 1892): updatePlayStatusForDevice: device: null
08-22 17:43:02.656 V/Avrcp_ext( 1892): updatePlaybackState (1): old=PlaybackState {state=2, position=-1, buffered position=0, speed=0.0, updated=118502, actions=0, custom actions=[], active item id=-1, error=null}(2), new=PlaybackState {state=2, position=-1, buffered position=0, speed=0.0, updated=125827, actions=0, custom actions=[], active item id=-1, error=null}(2)
08-22 17:43:02.656 I/Avrcp_ext( 1892): Exit updatePlayStatusForDevice
08-22 17:43:02.656 D/HeadsetService( 1892): isAudioOn: The number of audio connected devices 0
08-22 17:43:02.656 D/HeadsetService( 1892): isScoOrCallActive(): Call Active:falseCall is Ringing:falseSCO is Active:false
08-22 17:43:02.656 W/System.err( 2230): java.net.BindException: bind failed: EADDRINUSE (Address already in use)
08-22 17:43:02.656 D/HeadsetService( 1892): isAudioOn: The number of audio connected devices 0
08-22 17:43:02.656 I/Avrcp_ext( 1892): updatePlayStatusForDevice: device: null
08-22 17:43:02.656 V/Avrcp_ext( 1892): updatePlaybackState (1): old=PlaybackState {state=2, position=-1, buffered position=0, speed=0.0, updated=118502, actions=0, custom actions=[], active item id=-1, error=null}(2), new=PlaybackState {state=2, position=-1, buffered position=0, speed=0.0, updated=125827, actions=0, custom actions=[], active item id=-1, error=null}(2)
08-22 17:43:02.656 W/System.err( 2230): at libcore.io.IoBridge.bind(IoBridge.java:150)
08-22 17:43:02.656 W/System.err( 2230): at java.net.PlainSocketImpl.socketBind(PlainSocketImpl.java:162)
08-22 17:43:02.656 W/System.err( 2230): at java.net.AbstractPlainSocketImpl.bind(AbstractPlainSocketImpl.java:427)
08-22 17:43:02.656 W/System.err( 2230): at java.net.ServerSocket.bind(ServerSocket.java:377)
08-22 17:43:02.656 W/System.err( 2230): at java.net.ServerSocket.(ServerSocket.java:237)
08-22 17:43:02.656 W/System.err( 2230): at com.thundercomm.remotecontrolservice.RemoteSocketService.startServer(RemoteSocketService.java:91)
08-22 17:43:02.657 W/System.err( 2230): at com.thundercomm.remotecontrolservice.RemoteSocketService.restartServer(RemoteSocketService.java:119)
08-22 17:43:02.657 W/System.err( 2230): at com.thundercomm.remotecontrolservice.RemoteSocketService.access$100(RemoteSocketService.java:11)
08-22 17:43:02.657 W/System.err( 2230): at com.thundercomm.remotecontrolservice.RemoteSocketService$3.run(RemoteSocketService.java:101)
08-22 17:43:02.657 W/System.err( 2230): at java.lang.Thread.run(Thread.java:920)
08-22 17:43:02.657 W/System.err( 2230): Caused by: android.system.ErrnoException: bind failed: EADDRINUSE (Address already in use)
08-22 17:43:02.657 W/System.err( 2230): at libcore.io.Linux.bind(Native Method)
08-22 17:43:02.657 W/System.err( 2230): at libcore.io.ForwardingOs.bind(ForwardingOs.java:141)
08-22 17:43:02.658 W/System.err( 2230): at libcore.io.ForwardingOs.bind(ForwardingOs.java:141)
08-22 17:43:02.658 W/System.err( 2230): at libcore.io.IoBridge.bind(IoBridge.java:146)
08-22 17:43:02.658 W/System.err( 2230): ... 9 more
08-22 17:43:02.658 I/sysui_multi_action( 2374): [757,47,758,2,1089,1078]
08-22 17:43:02.659 I/wm_on_paused_called( 2374): [263518392,com.android.settings.SubSettings,performPause]
08-22 17:43:02.659 D/audio_hw_primary( 819): out_set_parameters: enter: usecase(1: low-latency-playback) kvpairs: suspend_playback=false
08-22 17:43:02.659 D/audio_hw_extn( 819): audio_extn_fm_set_parameters: Enter
08-22 17:43:02.660 I/ActivityTaskManager( 1155): The Process com.android.settings Already Exists in BG. So sending its PID: 2374
08-22 17:43:02.661 W/ActivityTaskManager( 1155): Tried to set launchTime (0) < mLastActivityLaunchTime (124670)
08-22 17:43:02.661 I/wm_add_to_stopping( 1155): [0,263518392,com.android.settings/.SubSettings,makeInvisible]
08-22 17:43:02.662 I/wm_restart_activity( 1155): [0,8846031,71,com.android.settings/.SubSettings]
08-22 17:43:02.662 D/CompatibilityInfo( 1155): mCompatibilityFlags - 4
08-22 17:43:02.662 D/CompatibilityInfo( 1155): applicationDensity - 240
08-22 17:43:02.662 D/CompatibilityInfo( 1155): applicationScale - 1.0
08-22 17:43:02.663 W/audio_hw_primary( 819): out_write: underrun(7) frames_by_time(45246) > out->last_fifo_frames_remaining(384)
08-22 17:43:02.663 I/wm_set_resumed_activity( 1155): [0,com.android.settings/.SubSettings,minimalResumeActivityLocked]
08-22 17:43:02.663 W/System.err( 2230): java.net.BindException: bind failed: EADDRINUSE (Address already in use)
08-22 17:43:02.663 W/System.err( 2230): at libcore.io.IoBridge.bind(IoBridge.java:150)
08-22 17:43:02.663 W/System.err( 2230): at java.net.PlainSocketImpl.socketBind(PlainSocketImpl.java:162)
08-22 17:43:02.663 W/System.err( 2230): at java.net.AbstractPlainSocketImpl.bind(AbstractPlainSocketImpl.java:427)
08-22 17:43:02.663 W/System.err( 2230): at java.net.ServerSocket.bind(ServerSocket.java:377)
08-22 17:43:02.663 W/System.err( 2230): at java.net.ServerSocket.(ServerSocket.java:237)
08-22 17:43:02.663 W/System.err( 2230): at com.thundercomm.remotecontrolservice.RemoteSocketService.startServer(RemoteSocketService.java:91)
08-22 17:43:02.664 W/System.err( 2230): at com.thundercomm.remotecontrolservice.RemoteSocketService.restartServer(RemoteSocketService.java:119)
08-22 17:43:02.664 W/System.err( 2230): at com.thundercomm.remotecontrolservice.RemoteSocketService.access$100(RemoteSocketService.java:11)
08-22 17:43:02.664 W/System.err( 2230): at com.thundercomm.remotecontrolservice.RemoteSocketService$3.run(RemoteSocketService.java:101)
08-22 17:43:02.664 W/System.err( 2230): at java.lang.Thread.run(Thread.java:920)
08-22 17:43:02.664 W/System.err( 2230): Caused by: android.system.ErrnoException: bind failed: EADDRINUSE (Address already in use)
08-22 17:43:02.664 W/System.err( 2230): at libcore.io.Linux.bind(Native Method)
08-22 17:43:02.664 W/System.err( 2230): at libcore.io.ForwardingOs.bind(ForwardingOs.java:141)
08-22 17:43:02.664 W/System.err( 2230): at libcore.io.ForwardingOs.bind(ForwardingOs.java:141)
08-22 17:43:02.664 W/System.err( 2230): at libcore.io.IoBridge.bind(IoBridge.java:146)
08-22 17:43:02.664 W/System.err( 2230): ... 9 more
08-22 17:43:02.656 I/Avrcp_ext( 1892): Exit updatePlayStatusForDevice
08-22 17:43:02.664 D/HeadsetService( 1892): isAudioOn: The number of audio connected devices 0
08-22 17:43:02.665 D/HeadsetService( 1892): isScoOrCallActive(): Call Active:falseCall is Ringing:falseSCO is Active:false
08-22 17:43:02.665 D/HeadsetService( 1892): isAudioOn: The number of audio connected devices 0
08-22 17:43:02.665 I/Avrcp_ext( 1892): updatePlayStatusForDevice: device: null
08-22 17:43:02.665 V/Avrcp_ext( 1892): updatePlaybackState (1): old=PlaybackState {state=2, position=-1, buffered position=0, speed=0.0, updated=118502, actions=0, custom actions=[], active item id=-1, error=null}(2), new=PlaybackState {state=2, position=-1, buffered position=0, speed=0.0, updated=125827, actions=0, custom actions=[], active item id=-1, error=null}(2)
08-22 17:43:02.665 I/Avrcp_ext( 1892): Exit updatePlayStatusForDevice
08-22 17:43:02.665 D/HeadsetService( 1892): isAudioOn: The number of audio connected devices 0
08-22 17:43:02.665 D/HeadsetService( 1892): isScoOrCallActive(): Call Active:falseCall is Ringing:falseSCO is Active:false
08-22 17:43:02.665 D/HeadsetService( 1892): isAudioOn: The number of audio connected devices 0
08-22 17:43:02.665 I/Avrcp_ext( 1892): updatePlayStatusForDevice: device: null
08-22 17:43:02.665 V/Avrcp_ext( 1892): updatePlaybackState (1): old=PlaybackState {state=2, position=-1, buffered position=0, speed=0.0, updated=118502, actions=0, custom actions=[], active item id=-1, error=null}(2), new=PlaybackState {state=2, position=-1, buffered position=0, speed=0.0, updated=125827, actions=0, custom actions=[], active item id=-1, error=null}(2)
08-22 17:43:02.665 I/Avrcp_ext( 1892): Exit updatePlayStatusForDevice
08-22 17:43:02.665 D/Avrcp_ext( 1892): Enter sendPlayPosNotificationRsp
08-22 17:43:02.665 D/Avrcp_ext( 1892): sendPlayPosNotificationRsp: Not registered or requesting.
08-22 17:43:02.665 D/Avrcp_ext( 1892): Enter sendPlayPosNotificationRsp
08-22 17:43:02.665 D/Avrcp_ext( 1892): sendPlayPosNotificationRsp: Not registered or requesting.
08-22 17:43:02.665 D/Avrcp_ext( 1892): Enter sendPlayPosNotificationRsp
08-22 17:43:02.665 D/Avrcp_ext( 1892): sendPlayPosNotificationRsp: Not registered or requesting.
08-22 17:43:02.665 D/Avrcp_ext( 1892): Enter sendPlayPosNotificationRsp
08-22 17:43:02.665 D/Avrcp_ext( 1892): sendPlayPosNotificationRsp: Not registered or requesting.
08-22 17:43:02.665 D/Avrcp_ext( 1892): Enter sendPlayPosNotificationRsp
08-22 17:43:02.665 D/Avrcp_ext( 1892): sendPlayPosNotificationRsp: Not registered or requesting.
08-22 17:43:02.665 V/Avrcp_ext( 1892): Exit updatePlayerStateAndPosition
08-22 17:43:02.665 D/Avrcp_ext( 1892): Exit handlePackageModified
08-22 17:43:02.669 I/sysui_multi_action( 1155): [757,803,799,window_time_0,802,1]
08-22 17:43:02.671 W/VoiceInteractionManager( 1155): no available voice recognition services found for user 0
08-22 17:43:02.674 D/SettingsActivity( 2374): Starting onCreate
08-22 17:43:02.677 D/QCCAuthMgr( 2494): SMQContentProvider query uri: content://com.qti.smq.Feedback.provider/smq_settings, selection: key=?, uri_matcher: 1
08-22 17:43:02.677 W/System.err( 2230): java.net.BindException: bind failed: EADDRINUSE (Address already in use)
08-22 17:43:02.677 W/System.err( 2230): at libcore.io.IoBridge.bind(IoBridge.java:150)
08-22 17:43:02.677 W/System.err( 2230): at java.net.PlainSocketImpl.socketBind(PlainSocketImpl.java:162)
08-22 17:43:02.678 W/System.err( 2230): at java.net.AbstractPlainSocketImpl.bind(AbstractPlainSocketImpl.java:427)
08-22 17:43:02.678 W/System.err( 2230): at java.net.ServerSocket.bind(ServerSocket.java:377)
08-22 17:43:02.678 W/System.err( 2230): at java.net.ServerSocket.(ServerSocket.java:237)
08-22 17:43:02.678 W/System.err( 2230): at com.thundercomm.remotecontrolservice.RemoteSocketService.startServer(RemoteSocketService.java:91)
08-22 17:43:02.678 W/System.err( 2230): at com.thundercomm.remotecontrolservice.RemoteSocketService.restartServer(RemoteSocketService.java:119)
08-22 17:43:02.678 W/System.err( 2230): at com.thundercomm.remotecontrolservice.RemoteSocketService.access$100(RemoteSocketService.java:11)
08-22 17:43:02.678 D/QCCAuthMgr( 2494): SMQContentProvider query tableName: smq_settings
08-22 17:43:02.678 W/System.err( 2230): at com.thundercomm.remotecontrolservice.RemoteSocketService$3.run(RemoteSocketService.java:101)
08-22 17:43:02.678 W/System.err( 2230): at java.lang.Thread.run(Thread.java:920)
08-22 17:43:02.678 W/System.err( 2230): Caused by: android.system.ErrnoException: bind failed: EADDRINUSE (Address already in use)
08-22 17:43:02.678 W/System.err( 2230): at libcore.io.Linux.bind(Native Method)
08-22 17:43:02.678 W/System.err( 2230): at libcore.io.ForwardingOs.bind(ForwardingOs.java:141)
08-22 17:43:02.678 W/System.err( 2230): at libcore.io.ForwardingOs.bind(ForwardingOs.java:141)
08-22 17:43:02.678 W/System.err( 2230): at libcore.io.IoBridge.bind(IoBridge.java:146)
08-22 17:43:02.678 W/System.err( 2230): ... 9 more
08-22 17:43:02.682 D/SettingsActivity( 2374): Starting to set activity title
08-22 17:43:02.682 D/SettingsActivity( 2374): Done setting title
08-22 17:43:02.682 D/SettingsActivity( 2374): Switching to fragment com.android.settings.dream.ScreenTimeoutSettings
08-22 17:43:02.682 W/System.err( 2230): java.net.BindException: bind failed: EADDRINUSE (Address already in use)
08-22 17:43:02.682 D/SubSettings( 2374): Launching fragment com.android.settings.dream.ScreenTimeoutSettings
08-22 17:43:02.682 W/System.err( 2230): at libcore.io.IoBridge.bind(IoBridge.java:150)
08-22 17:43:02.682 W/System.err( 2230): at java.net.PlainSocketImpl.socketBind(PlainSocketImpl.java:162)
08-22 17:43:02.683 W/System.err( 2230): at java.net.AbstractPlainSocketImpl.bind(AbstractPlainSocketImpl.java:427)
08-22 17:43:02.683 W/System.err( 2230): at java.net.ServerSocket.bind(ServerSocket.java:377)
08-22 17:43:02.683 W/System.err( 2230): at java.net.ServerSocket.(ServerSocket.java:237)
08-22 17:43:02.683 W/System.err( 2230): at com.thundercomm.remotecontrolservice.RemoteSocketService.startServer(RemoteSocketService.java:91)
08-22 17:43:02.683 W/System.err( 2230): at com.thundercomm.remotecontrolservice.RemoteSocketService.restartServer(RemoteSocketService.java:119)
08-22 17:43:02.683 W/System.err( 2230): at com.thundercomm.remotecontrolservice.RemoteSocketService.access$100(RemoteSocketService.java:11)
08-22 17:43:02.683 W/System.err( 2230): at com.thundercomm.remotecontrolservice.RemoteSocketService$3.run(RemoteSocketService.java:101)
08-22 17:43:02.683 W/System.err( 2230): at java.lang.Thread.run(Thread.java:920)
08-22 17:43:02.683 W/System.err( 2230): Caused by: android.system.ErrnoException: bind failed: EADDRINUSE (Address already in use)
08-22 17:43:02.683 W/System.err( 2230): at libcore.io.Linux.bind(Native Method)
08-22 17:43:02.683 W/System.err( 2230): at libcore.io.ForwardingOs.bind(ForwardingOs.java:141)
08-22 17:43:02.684 W/System.err( 2230): at libcore.io.ForwardingOs.bind(ForwardingOs.java:141)
