08-22 17:43:08.037 W/System.err( 2230): java.net.BindException: bind failed: EADDRINUSE (Address already in use)
08-22 17:43:08.037 W/System.err( 2230): at libcore.io.IoBridge.bind(IoBridge.java:150)
08-22 17:43:08.037 W/System.err( 2230): at java.net.PlainSocketImpl.socketBind(PlainSocketImpl.java:162)
08-22 17:43:08.038 W/System.err( 2230): at java.net.AbstractPlainSocketImpl.bind(AbstractPlainSocketImpl.java:427)
08-22 17:43:08.038 W/System.err( 2230): at java.net.ServerSocket.bind(ServerSocket.java:377)
08-22 17:43:08.038 W/System.err( 2230): at java.net.ServerSocket.(ServerSocket.java:237)
08-22 17:43:08.038 W/System.err( 2230): at com.thundercomm.remotecontrolservice.RemoteSocketService.startServer(RemoteSocketService.java:91)
08-22 17:43:08.038 W/System.err( 2230): at com.thundercomm.remotecontrolservice.RemoteSocketService.restartServer(RemoteSocketService.java:119)
08-22 17:43:08.038 W/System.err( 2230): at com.thundercomm.remotecontrolservice.RemoteSocketService.access$100(RemoteSocketService.java:11)
08-22 17:43:08.038 W/System.err( 2230): at com.thundercomm.remotecontrolservice.RemoteSocketService$3.run(RemoteSocketService.java:101)
08-22 17:43:08.038 W/System.err( 2230): at java.lang.Thread.run(Thread.java:920)
08-22 17:43:08.039 W/System.err( 2230): Caused by: android.system.ErrnoException: bind failed: EADDRINUSE (Address already in use)
08-22 17:43:08.039 W/System.err( 2230): at libcore.io.Linux.bind(Native Method)
08-22 17:43:08.039 W/System.err( 2230): at libcore.io.ForwardingOs.bind(ForwardingOs.java:141)
08-22 17:43:08.039 W/System.err( 2230): at libcore.io.ForwardingOs.bind(ForwardingOs.java:141)
08-22 17:43:08.039 W/System.err( 2230): at libcore.io.IoBridge.bind(IoBridge.java:146)
08-22 17:43:08.039 W/System.err( 2230): ... 9 more
08-22 17:43:08.040 W/System.err( 2230): java.net.BindException: bind failed: EADDRINUSE (Address already in use)
08-22 17:43:08.040 W/System.err( 2230): at libcore.io.IoBridge.bind(IoBridge.java:150)
08-22 17:43:08.040 W/System.err( 2230): at java.net.PlainSocketImpl.socketBind(PlainSocketImpl.java:162)
08-22 17:43:08.040 W/System.err( 2230): at java.net.AbstractPlainSocketImpl.bind(AbstractPlainSocketImpl.java:427)
08-22 17:43:08.041 W/System.err( 2230): at java.net.ServerSocket.bind(ServerSocket.java:377)
08-22 17:43:08.041 W/System.err( 2230): at java.net.ServerSocket.(ServerSocket.java:237)
08-22 17:43:08.041 W/System.err( 2230): at com.thundercomm.remotecontrolservice.RemoteSocketService.startServer(RemoteSocketService.java:91)
08-22 17:43:08.041 W/System.err( 2230): at com.thundercomm.remotecontrolservice.RemoteSocketService.restartServer(RemoteSocketService.java:119)
08-22 17:43:08.041 W/System.err( 2230): at com.thundercomm.remotecontrolservice.RemoteSocketService.access$100(RemoteSocketService.java:11)
08-22 17:43:08.041 W/System.err( 2230): at com.thundercomm.remotecontrolservice.RemoteSocketService$3.run(RemoteSocketService.java:101)
08-22 17:43:08.041 W/System.err( 2230): at java.lang.Thread.run(Thread.java:920)
08-22 17:43:08.041 W/System.err( 2230): Caused by: android.system.ErrnoException: bind failed: EADDRINUSE (Address already in use)
08-22 17:43:08.041 W/System.err( 2230): at libcore.io.Linux.bind(Native Method)
08-22 17:43:08.041 W/System.err( 2230): at libcore.io.ForwardingOs.bind(ForwardingOs.java:141)
08-22 17:43:08.042 W/System.err( 2230): at libcore.io.ForwardingOs.bind(ForwardingOs.java:141)
08-22 17:43:08.042 W/System.err( 2230): at libcore.io.IoBridge.bind(IoBridge.java:146)
08-22 17:43:08.042 W/System.err( 2230): ... 9 more
08-22 17:43:08.042 W/System.err( 2230): java.net.BindException: bind failed: EADDRINUSE (Address already in use)
08-22 17:43:08.042 W/System.err( 2230): at libcore.io.IoBridge.bind(IoBridge.java:150)
08-22 17:43:08.042 W/System.err( 2230): at java.net.PlainSocketImpl.socketBind(PlainSocketImpl.java:162)
08-22 17:43:08.042 W/System.err( 2230): at java.net.AbstractPlainSocketImpl.bind(AbstractPlainSocketImpl.java:427)
08-22 17:43:08.042 W/System.err( 2230): at java.net.ServerSocket.bind(ServerSocket.java:377)
08-22 17:43:08.042 W/System.err( 2230): at java.net.ServerSocket.(ServerSocket.java:237)
08-22 17:43:08.042 W/System.err( 2230): at com.thundercomm.remotecontrolservice.RemoteSocketService.startServer(RemoteSocketService.java:91)
08-22 17:43:08.042 W/System.err( 2230): at com.thundercomm.remotecontrolservice.RemoteSocketService.restartServer(RemoteSocketService.java:119)
08-22 17:43:08.043 W/System.err( 2230): at com.thundercomm.remotecontrolservice.RemoteSocketService.access$100(RemoteSocketService.java:11)
08-22 17:43:08.043 W/System.err( 2230): at com.thundercomm.remotecontrolservice.RemoteSocketService$3.run(RemoteSocketService.java:101)
08-22 17:43:08.043 W/System.err( 2230): at java.lang.Thread.run(Thread.java:920)
08-22 17:43:08.043 W/System.err( 2230): Caused by: android.system.ErrnoException: bind failed: EADDRINUSE (Address already in use)
08-22 17:43:08.043 W/System.err( 2230): at libcore.io.Linux.bind(Native Method)
08-22 17:43:08.043 W/System.err( 2230): at libcore.io.ForwardingOs.bind(ForwardingOs.java:141)
08-22 17:43:08.043 W/System.err( 2230): at libcore.io.ForwardingOs.bind(ForwardingOs.java:141)
08-22 17:43:08.043 W/System.err( 2230): at libcore.io.IoBridge.bind(IoBridge.java:146)
08-22 17:43:08.043 W/System.err( 2230): ... 9 more
08-22 17:43:08.046 D/RemoteControlService( 2230): start reader thread, mServerIp = 192.168.4.16, mServerPort = 12600
08-22 17:43:08.049 W/System.err( 2230): java.net.BindException: bind failed: EADDRINUSE (Address already in use)
08-22 17:43:08.049 W/System.err( 2230): at libcore.io.IoBridge.bind(IoBridge.java:150)
08-22 17:43:08.049 W/System.err( 2230): at java.net.PlainSocketImpl.socketBind(PlainSocketImpl.java:162)
08-22 17:43:08.049 W/System.err( 2230): at java.net.AbstractPlainSocketImpl.bind(AbstractPlainSocketImpl.java:427)
08-22 17:43:08.049 W/System.err( 2230): at java.net.ServerSocket.bind(ServerSocket.java:377)
08-22 17:43:08.049 W/System.err( 2230): at java.net.ServerSocket.(ServerSocket.java:237)
08-22 17:43:08.049 W/System.err( 2230): at com.thundercomm.remotecontrolservice.RemoteSocketService.startServer(RemoteSocketService.java:91)
08-22 17:43:08.049 W/System.err( 2230): at com.thundercomm.remotecontrolservice.RemoteSocketService.access$400(RemoteSocketService.java:11)
08-22 17:43:08.049 W/System.err( 2230): at com.thundercomm.remotecontrolservice.RemoteSocketService$2.run(RemoteSocketService.java:62)
08-22 17:43:08.050 W/System.err( 2230): Caused by: android.system.ErrnoException: bind failed: EADDRINUSE (Address already in use)
08-22 17:43:08.050 W/System.err( 2230): at libcore.io.Linux.bind(Native Method)
08-22 17:43:08.050 W/System.err( 2230): at libcore.io.ForwardingOs.bind(ForwardingOs.java:141)
08-22 17:43:08.050 W/System.err( 2230): at libcore.io.ForwardingOs.bind(ForwardingOs.java:141)
08-22 17:43:08.050 W/System.err( 2230): at libcore.io.IoBridge.bind(IoBridge.java:146)
08-22 17:43:08.060 W/System.err( 2230): ... 7 more
08-22 17:43:08.060 D/RemoteControlService( 2230): start reader thread, mServerIp = 192.168.8.16, mServerPort = 12600
08-22 17:43:08.061 D/RemoteControlService( 2230): start reader thread, mServerIp = 192.168.11.16, mServerPort = 12600
08-22 17:43:08.063 W/System.err( 2230): java.net.BindException: bind failed: EADDRINUSE (Address already in use)
01-01 01:39:00.318 I/init ( 0): starting service 'sxrd'...
08-22 17:43:08.063 W/System.err( 2230): at libcore.io.IoBridge.bind(IoBridge.java:150)
08-22 17:43:08.063 W/System.err( 2230): at java.net.PlainSocketImpl.socketBind(PlainSocketImpl.java:162)
08-22 17:43:08.063 W/System.err( 2230): at java.net.AbstractPlainSocketImpl.bind(AbstractPlainSocketImpl.java:427)
08-22 17:43:08.063 W/System.err( 2230): at java.net.ServerSocket.bind(ServerSocket.java:377)
08-22 17:43:08.064 W/System.err( 2230): at java.net.ServerSocket.(ServerSocket.java:237)
08-22 17:43:08.064 W/System.err( 2230): at com.thundercomm.remotecontrolservice.RemoteSocketService.startServer(RemoteSocketService.java:91)
08-22 17:43:08.064 W/System.err( 2230): at com.thundercomm.remotecontrolservice.RemoteSocketService.access$400(RemoteSocketService.java:11)
08-22 17:43:08.064 W/System.err( 2230): at com.thundercomm.remotecontrolservice.RemoteSocketService$2.run(RemoteSocketService.java:62)
08-22 17:43:08.064 W/System.err( 2230): Caused by: android.system.ErrnoException: bind failed: EADDRINUSE (Address already in use)
08-22 17:43:08.064 W/System.err( 2230): at libcore.io.Linux.bind(Native Method)
08-22 17:43:08.064 W/System.err( 2230): at libcore.io.ForwardingOs.bind(ForwardingOs.java:141)
08-22 17:43:08.065 W/System.err( 2230): at libcore.io.ForwardingOs.bind(ForwardingOs.java:141)
08-22 17:43:08.065 W/System.err( 2230): at libcore.io.IoBridge.bind(IoBridge.java:146)
08-22 17:43:08.065 W/System.err( 2230): ... 7 more
08-22 17:43:08.065 W/System.err( 2230): java.net.BindException: bind failed: EADDRINUSE (Address already in use)
08-22 17:43:08.065 W/System.err( 2230): at libcore.io.IoBridge.bind(IoBridge.java:150)
08-22 17:43:08.065 W/System.err( 2230): at java.net.PlainSocketImpl.socketBind(PlainSocketImpl.java:162)
08-22 17:43:08.065 W/System.err( 2230): at java.net.AbstractPlainSocketImpl.bind(AbstractPlainSocketImpl.java:427)
08-22 17:43:08.065 W/System.err( 2230): at java.net.ServerSocket.bind(ServerSocket.java:377)
08-22 17:43:08.066 W/System.err( 2230): at java.net.ServerSocket.(ServerSocket.java:237)
08-22 17:43:08.066 W/System.err( 2230): at com.thundercomm.remotecontrolservice.RemoteSocketService.startServer(RemoteSocketService.java:91)
08-22 17:43:08.066 W/System.err( 2230): at com.thundercomm.remotecontrolservice.RemoteSocketService.access$400(RemoteSocketService.java:11)
08-22 17:43:08.066 W/System.err( 2230): at com.thundercomm.remotecontrolservice.RemoteSocketService$2.run(RemoteSocketService.java:62)
08-22 17:43:08.066 W/System.err( 2230): Caused by: android.system.ErrnoException: bind failed: EADDRINUSE (Address already in use)
08-22 17:43:08.067 W/System.err( 2230): at libcore.io.Linux.bind(Native Method)
08-22 17:43:08.067 W/System.err( 2230): at libcore.io.ForwardingOs.bind(ForwardingOs.java:141)
08-22 17:43:08.067 W/System.err( 2230): at libcore.io.ForwardingOs.bind(ForwardingOs.java:141)
08-22 17:43:08.067 W/System.err( 2230): at libcore.io.IoBridge.bind(IoBridge.java:146)
08-22 17:43:08.067 W/System.err( 2230): ... 7 more
08-22 17:43:08.067 D/RemoteControlService( 2230): start reader thread, mServerIp = 192.168.0.16, mServerPort = 12600
08-22 17:43:08.070 W/System.err( 2230): java.net.BindException: bind failed: EADDRINUSE (Address already in use)
08-22 17:43:08.070 W/System.err( 2230): at libcore.io.IoBridge.bind(IoBridge.java:150)
08-22 17:43:08.070 W/System.err( 2230): at java.net.PlainSocketImpl.socketBind(PlainSocketImpl.java:162)
08-22 17:43:08.070 W/System.err( 2230): at java.net.AbstractPlainSocketImpl.bind(AbstractPlainSocketImpl.java:427)
08-22 17:43:08.071 W/System.err( 2230): at java.net.ServerSocket.bind(ServerSocket.java:377)
08-22 17:43:08.071 W/System.err( 2230): at java.net.ServerSocket.(ServerSocket.java:237)
08-22 17:43:08.071 W/System.err( 2230): at com.thundercomm.remotecontrolservice.RemoteSocketService.startServer(RemoteSocketService.java:91)
08-22 17:43:08.071 W/System.err( 2230): at com.thundercomm.remotecontrolservice.RemoteSocketService.access$400(RemoteSocketService.java:11)
08-22 17:43:08.071 W/System.err( 2230): at com.thundercomm.remotecontrolservice.RemoteSocketService$2.run(RemoteSocketService.java:62)
08-22 17:43:08.071 W/System.err( 2230): Caused by: android.system.ErrnoException: bind failed: EADDRINUSE (Address already in use)
08-22 17:43:08.071 W/System.err( 2230): at libcore.io.Linux.bind(Native Method)
08-22 17:43:08.071 W/System.err( 2230): at libcore.io.ForwardingOs.bind(ForwardingOs.java:141)
08-22 17:43:08.071 W/System.err( 2230): at libcore.io.ForwardingOs.bind(ForwardingOs.java:141)
08-22 17:43:08.071 W/System.err( 2230): at libcore.io.IoBridge.bind(IoBridge.java:146)
08-22 17:43:08.071 W/System.err( 2230): ... 7 more
08-22 17:43:08.072 D/RemoteControlService( 2230): start reader thread, mServerIp = 192.168.2.16, mServerPort = 12600
08-22 17:43:08.075 D/RemoteControlService( 2230): start reader thread, mServerIp = 192.168.1.16, mServerPort = 12600
08-22 17:43:08.075 W/System.err( 2230): java.net.BindException: bind failed: EADDRINUSE (Address already in use)
08-22 17:43:08.076 W/System.err( 2230): at libcore.io.IoBridge.bind(IoBridge.java:150)
08-22 17:43:08.076 W/System.err( 2230): at java.net.PlainSocketImpl.socketBind(PlainSocketImpl.java:162)
08-22 17:43:08.076 W/System.err( 2230): at java.net.AbstractPlainSocketImpl.bind(AbstractPlainSocketImpl.java:427)
08-22 17:43:08.076 W/System.err( 2230): at java.net.ServerSocket.bind(ServerSocket.java:377)
08-22 17:43:08.076 W/System.err( 2230): at java.net.ServerSocket.(ServerSocket.java:237)
08-22 17:43:08.076 W/System.err( 2230): at com.thundercomm.remotecontrolservice.RemoteSocketService.startServer(RemoteSocketService.java:91)
08-22 17:43:08.076 W/System.err( 2230): at com.thundercomm.remotecontrolservice.RemoteSocketService.access$400(RemoteSocketService.java:11)
01-01 01:39:00.343 I/init ( 0): Service 'qvrd_vndr' (pid 4882) exited with status 1
08-22 17:43:08.076 W/System.err( 2230): at com.thundercomm.remotecontrolservice.RemoteSocketService$2.run(RemoteSocketService.java:62)
08-22 17:43:08.076 W/System.err( 2230): Caused by: android.system.ErrnoException: bind failed: EADDRINUSE (Address already in use)
08-22 17:43:08.076 W/System.err( 2230): at libcore.io.Linux.bind(Native Method)
08-22 17:43:08.076 W/System.err( 2230): at libcore.io.ForwardingOs.bind(ForwardingOs.java:141)
08-22 17:43:08.076 W/System.err( 2230): at libcore.io.ForwardingOs.bind(ForwardingOs.java:141)
08-22 17:43:08.077 W/System.err( 2230): at libcore.io.IoBridge.bind(IoBridge.java:146)
08-22 17:43:08.077 W/System.err( 2230): ... 7 more
08-22 17:43:08.077 W/System.err( 2230): java.net.BindException: bind failed: EADDRINUSE (Address already in use)
08-22 17:43:08.077 W/System.err( 2230): at libcore.io.IoBridge.bind(IoBridge.java:150)
08-22 17:43:08.078 W/System.err( 2230): at java.net.PlainSocketImpl.socketBind(PlainSocketImpl.java:162)
01-01 01:39:00.343 I/init ( 0): Sending signal 9 to service 'qvrd_vndr' (pid 4882) process group...
08-22 17:43:08.078 W/System.err( 2230): at java.net.AbstractPlainSocketImpl.bind(AbstractPlainSocketImpl.java:427)
01-01 01:39:00.343 I/libprocessgroup( 0): Successfully killed process cgroup uid 1000 pid 4882 in 0ms
08-22 17:43:08.078 W/System.err( 2230): at java.net.ServerSocket.bind(ServerSocket.java:377)
08-22 17:43:08.078 W/System.err( 2230): at java.net.ServerSocket.(ServerSocket.java:237)
08-22 17:43:08.078 W/System.err( 2230): at com.thundercomm.remotecontrolservice.RemoteSocketService.startServer(RemoteSocketService.java:91)
08-22 17:43:08.078 W/System.err( 2230): at com.thundercomm.remotecontrolservice.RemoteSocketService.access$400(RemoteSocketService.java:11)
08-22 17:43:08.078 W/System.err( 2230): at com.thundercomm.remotecontrolservice.RemoteSocketService$2.run(RemoteSocketService.java:62)
08-22 17:43:08.079 W/System.err( 2230): Caused by: android.system.ErrnoException: bind failed: EADDRINUSE (Address already in use)
08-22 17:43:08.079 W/System.err( 2230): at libcore.io.Linux.bind(Native Method)
08-22 17:43:08.079 W/System.err( 2230): at libcore.io.ForwardingOs.bind(ForwardingOs.java:141)
08-22 17:43:08.079 W/System.err( 2230): at libcore.io.ForwardingOs.bind(ForwardingOs.java:141)
08-22 17:43:08.079 W/System.err( 2230): at libcore.io.IoBridge.bind(IoBridge.java:146)
08-22 17:43:08.080 W/System.err( 2230): ... 7 more
08-22 17:43:08.178 F/linker ( 4882): CANNOT LINK EXECUTABLE "/vendor/bin/hw/qvrservice": library "vendor.qti.hardware.qxr-V1-ndk_platform.so" not found: needed by /vendor/lib64/libqvrservice.so in namespace (default)
08-22 17:43:08.194 F/linker ( 4883): CANNOT LINK EXECUTABLE "/vendor/bin/hw/sxrservice": library "vendor.qti.hardware.qxr-V1-ndk_platform.so" not found: needed by main executable
01-01 01:39:00.359 I/init ( 0): Service 'sxrd' (pid 4883) exited with status 1
01-01 01:39:00.359 I/init ( 0): Sending signal 9 to service 'sxrd' (pid 4883) process group...
01-01 01:39:00.359 I/libprocessgroup( 0): Successfully killed process cgroup uid 1000 pid 4883 in 0ms
08-22 17:43:08.455 D/audio_hw_primary( 819): out_set_parameters: enter: usecase(1: low-latency-playback) kvpairs: suspend_playback=false
08-22 17:43:08.455 D/audio_hw_extn( 819): audio_extn_fm_set_parameters: Enter
08-22 17:43:08.457 W/audio_hw_primary( 819): out_write: underrun(13) frames_by_time(48448) > out->last_fifo_frames_remaining(384)
08-22 17:43:08.497 D/audio_hw_primary( 819): out_set_parameters: enter: usecase(1: low-latency-playback) kvpairs: suspend_playback=true
08-22 17:43:08.497 D/audio_hw_extn( 819): audio_extn_fm_set_parameters: Enter
08-22 17:43:08.982 I/am_uid_idle( 1155): 10022
08-22 17:43:08.996 I/mpu_uart( 664): [MSG-P:RECV]:No message received in 1000 ms
01-01 01:39:01.213 D/ ( 0): mv2112_read_status
01-01 01:39:01.213 D/mv2112_update_link( 0): 3.0x901(1G): 0x80
01-01 01:39:01.213 D/mv2112_update_link( 0): 3.0x8109(100M): 0x0
01-01 01:39:01.213 D/mv2112_update_link( 0): link 0x0
01-01 01:39:01.213 D/mv2112_read_status( 0): autoneg is disabled
08-22 17:43:09.252 E/TaskPersister( 1155): File error accessing recents directory (directory doesn't exist?).
08-22 17:43:09.499 D/audio_hw_primary( 819): out_set_parameters: enter: usecase(1: low-latency-playback) kvpairs: suspend_playback=false
08-22 17:43:09.499 D/audio_hw_extn( 819): audio_extn_fm_set_parameters: Enter
08-22 17:43:09.501 D/audio_hw_primary( 819): out_standby: enter: stream (0xeb1c0010) usecase(1: low-latency-playback)
01-01 01:39:01.681 I/afe_close( 0): port_id = 0x9000
08-22 17:43:09.530 D/audio_hw_primary( 819): disable_audio_route: reset and update mixer path: low-latency-playback
08-22 17:43:09.533 E/soundtrigger( 819): audio_extn_sound_trigger_update_stream_status: invalid input device 0x0, for event 2
08-22 17:43:09.533 D/soundtrigger( 819): audio_extn_sound_trigger_update_stream_status: uc_info->id 1 of type 0 for Event 2, with Raise=0
08-22 17:43:09.533 D/msm8974_platform( 819): platform_split_snd_device: snd_device(2) num devices(0) new_snd_devices(0)
08-22 17:43:09.533 I/msm8974_platform( 819): platform_get_custom_mtmx_params: no matching param with id 0 ip_ch 2 op_ch 2 uc_id 1 snd_dev 2
08-22 17:43:09.534 D/hardware_info( 819): hw_info_append_hw_type : device_name = speaker
08-22 17:43:09.534 D/audio_hw_primary( 819): disable_snd_device: snd_device(2: speaker)
08-22 17:43:09.534 D/msm8974_platform( 819): platform_split_snd_device: snd_device(2) num devices(0) new_snd_devices(0)
08-22 17:43:09.534 I/soundtrigger( 819): audio_extn_sound_trigger_update_device_status: device 0x2 of type 0 for Event 0, with Raise=0
08-22 17:43:09.534 D/audio_hw_primary( 819): out_standby: exit
08-22 17:43:09.997 I/mpu_uart( 664): [MSG-P:RECV]:No message received in 1000 ms
01-01 01:39:02.237 D/ ( 0): mv2112_read_status
01-01 01:39:02.237 D/mv2112_update_link( 0): 3.0x901(1G): 0x80
01-01 01:39:02.237 D/mv2112_update_link( 0): 3.0x8109(100M): 0x0
01-01 01:39:02.237 D/mv2112_update_link( 0): link 0x0
01-01 01:39:02.237 D/mv2112_read_status( 0): autoneg is disabled
08-22 17:43:10.998 I/mpu_uart( 664): [MSG-P:RECV]:No message received in 1000 ms
08-22 17:43:11.019 I/mpu_uart( 664): [MSG-P:R]:recv sync frame timeout
01-01 01:39:03.261 D/ ( 0): mv2112_read_status
01-01 01:39:03.261 D/mv2112_update_link( 0): 3.0x901(1G): 0x80
01-01 01:39:03.261 D/mv2112_update_link( 0): 3.0x8109(100M): 0x0
01-01 01:39:03.261 D/mv2112_update_link( 0): link 0x0
01-01 01:39:03.261 D/mv2112_read_status( 0): autoneg is disabled
01-01 01:39:03.538 I/logd ( 0): logdr: UID=2000 GID=2000 PID=4884 b tail=0 logMask=bf pid=0 start=0ns deadline=0ns
08-22 17:43:11.999 I/mpu_uart( 664): [MSG-P:RECV]:No message received in 1000 ms
01-01 01:39:04.285 D/ ( 0): mv2112_read_status
01-01 01:39:04.285 D/mv2112_update_link( 0): 3.0x901(1G): 0x80
01-01 01:39:04.285 D/mv2112_update_link( 0): 3.0x8109(100M): 0x0
01-01 01:39:04.285 D/mv2112_update_link( 0): link 0x0
01-01 01:39:04.285 D/mv2112_read_status( 0): autoneg is disabled
08-22 17:43:12.172 I/hwservicemanager( 520): getTransport: Cannot find entry android.hardware.light@2.0::ILight/default in either framework or device VINTF manifest.
08-22 17:43:12.178 E/light ( 4887): light_open lights keyboard failed: -22
08-22 17:43:12.178 E/light ( 4887): Light passthrough failed to load legacy HAL.
08-22 17:43:12.179 E/light ( 4887): light_open lights buttons failed: -22
08-22 17:43:12.179 E/light ( 4887): Light passthrough failed to load legacy HAL.
08-22 17:43:12.182 E/light ( 4887): light_open lights bluetooth failed: -22
08-22 17:43:12.182 E/light ( 4887): Light passthrough failed to load legacy HAL.
08-22 17:43:12.183 E/light ( 4887): light_open lights wifi failed: -22
08-22 17:43:12.183 E/light ( 4887): Light passthrough failed to load legacy HAL.
08-22 17:43:12.186 I/hwservicemanager( 520): getTransport: Cannot find entry android.hardware.light@2.0::ILight/default in either framework or device VINTF manifest.
08-22 17:43:12.188 E/HidlServiceManagement( 4887): Service android.hardware.light@2.0::ILight/default must be in VINTF manifest in order to register/get.
08-22 17:43:12.188 E/LegacySupport( 4887): Could not register service android.hardware.light@2.0::ILight/default (-2147483648).
08-22 17:43:12.566 W/System.err( 2230): java.net.BindException: bind failed: EADDRINUSE (Address already in use)
08-22 17:43:12.566 W/System.err( 2230): at libcore.io.IoBridge.bind(IoBridge.java:150)
08-22 17:43:12.568 W/System.err( 2230): at java.net.PlainSocketImpl.socketBind(PlainSocketImpl.java:162)
08-22 17:43:12.569 W/System.err( 2230): at java.net.AbstractPlainSocketImpl.bind(AbstractPlainSocketImpl.java:427)
08-22 17:43:12.569 W/System.err( 2230): at java.net.ServerSocket.bind(ServerSocket.java:377)
08-22 17:43:12.569 W/System.err( 2230): at java.net.ServerSocket.(ServerSocket.java:237)
08-22 17:43:12.569 W/System.err( 2230): at com.thundercomm.remotecontrolservice.RemoteSocketService.startServer(RemoteSocketService.java:91)
08-22 17:43:12.569 W/System.err( 2230): at com.thundercomm.remotecontrolservice.RemoteSocketService.restartServer(RemoteSocketService.java:119)
08-22 17:43:12.570 W/System.err( 2230): at com.thundercomm.remotecontrolservice.RemoteSocketService.access$100(RemoteSocketService.java:11)
08-22 17:43:12.570 W/System.err( 2230): at com.thundercomm.remotecontrolservice.RemoteSocketService$3.run(RemoteSocketService.java:101)
08-22 17:43:12.570 W/System.err( 2230): at java.lang.Thread.run(Thread.java:920)
08-22 17:43:12.570 W/System.err( 2230): Caused by: android.system.ErrnoException: bind failed: EADDRINUSE (Address already in use)
08-22 17:43:12.571 W/System.err( 2230): at libcore.io.Linux.bind(Native Method)
08-22 17:43:12.571 W/System.err( 2230): at libcore.io.ForwardingOs.bind(ForwardingOs.java:141)
08-22 17:43:12.571 W/System.err( 2230): at libcore.io.ForwardingOs.bind(ForwardingOs.java:141)
08-22 17:43:12.571 W/System.err( 2230): at libcore.io.IoBridge.bind(IoBridge.java:146)
08-22 17:43:12.571 W/System.err( 2230): ... 9 more
08-22 17:43:12.572 W/System.err( 2230): java.net.BindException: bind failed: EADDRINUSE (Address already in use)
08-22 17:43:12.572 W/System.err( 2230): at libcore.io.IoBridge.bind(IoBridge.java:150)
08-22 17:43:12.572 W/System.err( 2230): at java.net.PlainSocketImpl.socketBind(PlainSocketImpl.java:162)
08-22 17:43:12.573 W/System.err( 2230): at java.net.AbstractPlainSocketImpl.bind(AbstractPlainSocketImpl.java:427)
08-22 17:43:12.573 W/System.err( 2230): at java.net.ServerSocket.bind(ServerSocket.java:377)
08-22 17:43:12.573 W/System.err( 2230): at java.net.ServerSocket.(ServerSocket.java:237)
08-22 17:43:12.573 W/System.err( 2230): at com.thundercomm.remotecontrolservice.RemoteSocketService.startServer(RemoteSocketService.java:91)
08-22 17:43:12.573 W/System.err( 2230): at com.thundercomm.remotecontrolservice.RemoteSocketService.restartServer(RemoteSocketService.java:119)
08-22 17:43:12.574 W/System.err( 2230): at com.thundercomm.remotecontrolservice.RemoteSocketService.access$100(RemoteSocketService.java:11)
08-22 17:43:12.574 W/System.err( 2230): at com.thundercomm.remotecontrolservice.RemoteSocketService$3.run(RemoteSocketService.java:101)
08-22 17:43:12.574 W/System.err( 2230): at java.lang.Thread.run(Thread.java:920)
08-22 17:43:12.574 W/System.err( 2230): Caused by: android.system.ErrnoException: bind failed: EADDRINUSE (Address already in use)
08-22 17:43:12.574 W/System.err( 2230): at libcore.io.Linux.bind(Native Method)
08-22 17:43:12.574 W/System.err( 2230): at libcore.io.ForwardingOs.bind(ForwardingOs.java:141)
08-22 17:43:12.575 W/System.err( 2230): at libcore.io.ForwardingOs.bind(ForwardingOs.java:141)
08-22 17:43:12.575 W/System.err( 2230): at libcore.io.IoBridge.bind(IoBridge.java:146)
08-22 17:43:12.575 W/System.err( 2230): ... 9 more
08-22 17:43:12.575 W/System.err( 2230): java.net.BindException: bind failed: EADDRINUSE (Address already in use)
08-22 17:43:12.576 W/System.err( 2230): at libcore.io.IoBridge.bind(IoBridge.java:150)
08-22 17:43:12.576 W/System.err( 2230): at java.net.PlainSocketImpl.socketBind(PlainSocketImpl.java:162)
08-22 17:43:12.577 W/System.err( 2230): at java.net.AbstractPlainSocketImpl.bind(AbstractPlainSocketImpl.java:427)
08-22 17:43:12.577 W/System.err( 2230): at java.net.ServerSocket.bind(ServerSocket.java:377)
08-22 17:43:12.577 W/System.err( 2230): at java.net.ServerSocket.(ServerSocket.java:237)
08-22 17:43:12.577 W/System.err( 2230): at com.thundercomm.remotecontrolservice.RemoteSocketService.startServer(RemoteSocketService.java:91)
08-22 17:43:12.577 W/System.err( 2230): at com.thundercomm.remotecontrolservice.RemoteSocketService.restartServer(RemoteSocketService.java:119)
08-22 17:43:12.577 W/System.err( 2230): at com.thundercomm.remotecontrolservice.RemoteSocketService.access$100(RemoteSocketService.java:11)
08-22 17:43:12.578 W/System.err( 2230): at com.thundercomm.remotecontrolservice.RemoteSocketService$3.run(RemoteSocketService.java:101)
08-22 17:43:12.578 W/System.err( 2230): at java.lang.Thread.run(Thread.java:920)
08-22 17:43:12.578 W/System.err( 2230): Caused by: android.system.ErrnoException: bind failed: EADDRINUSE (Address already in use)
08-22 17:43:12.578 W/System.err( 2230): at libcore.io.Linux.bind(Native Method)
08-22 17:43:12.578 W/System.err( 2230): at libcore.io.ForwardingOs.bind(ForwardingOs.java:141)
08-22 17:43:12.579 W/System.err( 2230): at libcore.io.ForwardingOs.bind(ForwardingOs.java:141)
08-22 17:43:12.579 W/System.err( 2230): at libcore.io.IoBridge.bind(IoBridge.java:146)
08-22 17:43:12.579 W/System.err( 2230): ... 9 more
08-22 17:43:12.580 W/System.err( 2230): java.net.BindException: bind failed: EADDRINUSE (Address already in use)
08-22 17:43:12.580 W/System.err( 2230): at libcore.io.IoBridge.bind(IoBridge.java:150)
08-22 17:43:12.580 W/System.err( 2230): at java.net.PlainSocketImpl.socketBind(PlainSocketImpl.java:162)
08-22 17:43:12.581 W/System.err( 2230): at java.net.AbstractPlainSocketImpl.bind(AbstractPlainSocketImpl.java:427)
08-22 17:43:12.581 W/System.err( 2230): at java.net.ServerSocket.bind(ServerSocket.java:377)
08-22 17:43:12.582 W/System.err( 2230): at java.net.ServerSocket.(ServerSocket.java:237)
08-22 17:43:12.582 W/System.err( 2230): at com.thundercomm.remotecontrolservice.RemoteSocketService.startServer(RemoteSocketService.java:91)
08-22 17:43:12.582 W/System.err( 2230): at com.thundercomm.remotecontrolservice.RemoteSocketService.restartServer(RemoteSocketService.java:119)
08-22 17:43:12.582 W/System.err( 2230): at com.thundercomm.remotecontrolservice.RemoteSocketService.access$100(RemoteSocketService.java:11)
08-22 17:43:12.582 W/System.err( 2230): at com.thundercomm.remotecontrolservice.RemoteSocketService$3.run(RemoteSocketService.java:101)
08-22 17:43:12.582 W/System.err( 2230): at java.lang.Thread.run(Thread.java:920)
08-22 17:43:12.583 W/System.err( 2230): Caused by: android.system.ErrnoException: bind failed: EADDRINUSE (Address already in use)
08-22 17:43:12.583 W/System.err( 2230): at libcore.io.Linux.bind(Native Method)
08-22 17:43:12.583 W/System.err( 2230): at libcore.io.ForwardingOs.bind(ForwardingOs.java:141)
08-22 17:43:12.583 W/System.err( 2230): at libcore.io.ForwardingOs.bind(ForwardingOs.java:141)
08-22 17:43:12.583 W/System.err( 2230): at libcore.io.IoBridge.bind(IoBridge.java:146)
08-22 17:43:12.583 W/System.err( 2230): ... 9 more
08-22 17:43:12.584 W/System.err( 2230): java.net.BindException: bind failed: EADDRINUSE (Address already in use)
08-22 17:43:12.584 W/System.err( 2230): at libcore.io.IoBridge.bind(IoBridge.java:150)
08-22 17:43:12.584 W/System.err( 2230): at java.net.PlainSocketImpl.socketBind(PlainSocketImpl.java:162)
08-22 17:43:12.585 W/System.err( 2230): at java.net.AbstractPlainSocketImpl.bind(AbstractPlainSocketImpl.java:427)
08-22 17:43:12.585 W/System.err( 2230): at java.net.ServerSocket.bind(ServerSocket.java:377)
08-22 17:43:12.585 W/System.err( 2230): at java.net.ServerSocket.(ServerSocket.java:237)
08-22 17:43:12.585 W/System.err( 2230): at com.thundercomm.remotecontrolservice.RemoteSocketService.startServer(RemoteSocketService.java:91)
08-22 17:43:12.585 W/System.err( 2230): at com.thundercomm.remotecontrolservice.RemoteSocketService.restartServer(RemoteSocketService.java:119)
08-22 17:43:12.585 W/System.err( 2230): at com.thundercomm.remotecontrolservice.RemoteSocketService.access$100(RemoteSocketService.java:11)
08-22 17:43:12.585 W/System.err( 2230): at com.thundercomm.remotecontrolservice.RemoteSocketService$3.run(RemoteSocketService.java:101)
08-22 17:43:12.585 W/System.err( 2230): at java.lang.Thread.run(Thread.java:920)
08-22 17:43:12.585 W/System.err( 2230): Caused by: android.system.ErrnoException: bind failed: EADDRINUSE (Address already in use)
08-22 17:43:12.585 W/System.err( 2230): at libcore.io.Linux.bind(Native Method)
08-22 17:43:12.585 W/System.err( 2230): at libcore.io.ForwardingOs.bind(ForwardingOs.java:141)
08-22 17:43:12.585 W/System.err( 2230): at libcore.io.ForwardingOs.bind(ForwardingOs.java:141)
08-22 17:43:12.585 W/System.err( 2230): at libcore.io.IoBridge.bind(IoBridge.java:146)
08-22 17:43:12.585 W/System.err( 2230): ... 9 more
08-22 17:43:12.586 W/System.err( 2230): java.net.BindException: bind failed: EADDRINUSE (Address already in use)
08-22 17:43:12.587 W/System.err( 2230): at libcore.io.IoBridge.bind(IoBridge.java:150)
08-22 17:43:12.587 W/System.err( 2230): at java.net.PlainSocketImpl.socketBind(PlainSocketImpl.java:162)
08-22 17:43:12.587 W/System.err( 2230): at java.net.AbstractPlainSocketImpl.bind(AbstractPlainSocketImpl.java:427)
08-22 17:43:12.587 W/System.err( 2230): at java.net.ServerSocket.bind(ServerSocket.java:377)
08-22 17:43:12.587 W/System.err( 2230): at java.net.ServerSocket.(ServerSocket.java:237)
08-22 17:43:12.587 W/System.err( 2230): at com.thundercomm.remotecontrolservice.RemoteSocketService.startServer(RemoteSocketService.java:91)
08-22 17:43:12.587 W/System.err( 2230): at com.thundercomm.remotecontrolservice.RemoteSocketService.restartServer(RemoteSocketService.java:119)
08-22 17:43:12.587 W/System.err( 2230): at com.thundercomm.remotecontrolservice.RemoteSocketService.access$100(RemoteSocketService.java:11)
08-22 17:43:12.587 W/System.err( 2230): at com.thundercomm.remotecontrolservice.RemoteSocketService$3.run(RemoteSocketService.java:101)
08-22 17:43:12.587 W/System.err( 2230): at java.lang.Thread.run(Thread.java:920)
08-22 17:43:12.588 W/System.err( 2230): Caused by: android.system.ErrnoException: bind failed: EADDRINUSE (Address already in use)
08-22 17:43:12.588 W/System.err( 2230): at libcore.io.Linux.bind(Native Method)
08-22 17:43:12.588 W/System.err( 2230): at libcore.io.ForwardingOs.bind(ForwardingOs.java:141)
08-22 17:43:12.588 W/System.err( 2230): at libcore.io.ForwardingOs.bind(ForwardingOs.java:141)
08-22 17:43:12.588 W/System.err( 2230): at libcore.io.IoBridge.bind(IoBridge.java:146)
08-22 17:43:12.588 W/System.err( 2230): ... 9 more
08-22 17:43:12.588 W/System.err( 2230): java.net.BindException: bind failed: EADDRINUSE (Address already in use)
08-22 17:43:12.589 W/System.err( 2230): at libcore.io.IoBridge.bind(IoBridge.java:150)
08-22 17:43:12.589 W/System.err( 2230): at java.net.PlainSocketImpl.socketBind(PlainSocketImpl.java:162)
08-22 17:43:12.589 W/System.err( 2230): at java.net.AbstractPlainSocketImpl.bind(AbstractPlainSocketImpl.java:427)
08-22 17:43:12.589 W/System.err( 2230): at java.net.ServerSocket.bind(ServerSocket.java:377)
08-22 17:43:12.589 W/System.err( 2230): at java.net.ServerSocket.(ServerSocket.java:237)
08-22 17:43:12.589 W/System.err( 2230): at com.thundercomm.remotecontrolservice.RemoteSocketService.startServer(RemoteSocketService.java:91)
08-22 17:43:12.589 W/System.err( 2230): at com.thundercomm.remotecontrolservice.RemoteSocketService.restartServer(RemoteSocketService.java:119)
08-22 17:43:12.589 W/System.err( 2230): at com.thundercomm.remotecontrolservice.RemoteSocketService.access$100(RemoteSocketService.java:11)
08-22 17:43:12.589 W/System.err( 2230): at com.thundercomm.remotecontrolservice.RemoteSocketService$3.run(RemoteSocketService.java:101)
08-22 17:43:12.589 W/System.err( 2230): at java.lang.Thread.run(Thread.java:920)
08-22 17:43:12.589 W/System.err( 2230): Caused by: android.system.ErrnoException: bind failed: EADDRINUSE (Address already in use)
08-22 17:43:12.589 W/System.err( 2230): at libcore.io.Linux.bind(Native Method)
08-22 17:43:12.590 W/System.err( 2230): at libcore.io.ForwardingOs.bind(ForwardingOs.java:141)
08-22 17:43:12.590 W/System.err( 2230): at libcore.io.ForwardingOs.bind(ForwardingOs.java:141)
08-22 17:43:12.590 W/System.err( 2230): at libcore.io.IoBridge.bind(IoBridge.java:146)
08-22 17:43:12.590 W/System.err( 2230): ... 9 more
08-22 17:43:12.592 W/System.err( 2230): java.net.BindException: bind failed: EADDRINUSE (Address already in use)
08-22 17:43:12.592 W/System.err( 2230): at libcore.io.IoBridge.bind(IoBridge.java:150)
08-22 17:43:12.592 W/System.err( 2230): at java.net.PlainSocketImpl.socketBind(PlainSocketImpl.java:162)
08-22 17:43:12.592 W/System.err( 2230): at java.net.AbstractPlainSocketImpl.bind(AbstractPlainSocketImpl.java:427)
08-22 17:43:12.593 W/System.err( 2230): at java.net.ServerSocket.bind(ServerSocket.java:377)
08-22 17:43:12.593 W/System.err( 2230): at java.net.ServerSocket.(ServerSocket.java:237)
08-22 17:43:12.593 W/System.err( 2230): at com.thundercomm.remotecontrolservice.RemoteSocketService.startServer(RemoteSocketService.java:91)
08-22 17:43:12.593 W/System.err( 2230): at com.thundercomm.remotecontrolservice.RemoteSocketService.restartServer(RemoteSocketService.java:119)
08-22 17:43:12.593 W/System.err( 2230): at com.thundercomm.remotecontrolservice.RemoteSocketService.access$100(RemoteSocketService.java:11)
08-22 17:43:12.593 W/System.err( 2230): at com.thundercomm.remotecontrolservice.RemoteSocketService$3.run(RemoteSocketService.java:101)
08-22 17:43:12.593 W/System.err( 2230): at java.lang.Thread.run(Thread.java:920)
08-22 17:43:12.593 W/System.err( 2230): Caused by: android.system.ErrnoException: bind failed: EADDRINUSE (Address already in use)
08-22 17:43:12.593 W/System.err( 2230): at libcore.io.Linux.bind(Native Method)
08-22 17:43:12.593 W/System.err( 2230): at libcore.io.ForwardingOs.bind(ForwardingOs.java:141)
08-22 17:43:12.593 W/System.err( 2230): at libcore.io.ForwardingOs.bind(ForwardingOs.java:141)
08-22 17:43:12.593 W/System.err( 2230): at libcore.io.IoBridge.bind(IoBridge.java:146)
08-22 17:43:12.593 W/System.err( 2230): ... 9 more
08-22 17:43:12.599 W/System.err( 2230): java.net.BindException: bind failed: EADDRINUSE (Address already in use)
08-22 17:43:12.599 W/System.err( 2230): at libcore.io.IoBridge.bind(IoBridge.java:150)
08-22 17:43:12.599 W/System.err( 2230): at java.net.PlainSocketImpl.socketBind(PlainSocketImpl.java:162)
08-22 17:43:12.599 W/System.err( 2230): at java.net.AbstractPlainSocketImpl.bind(AbstractPlainSocketImpl.java:427)
08-22 17:43:12.599 W/System.err( 2230): at java.net.ServerSocket.bind(ServerSocket.java:377)
08-22 17:43:12.599 W/System.err( 2230): at java.net.ServerSocket.(ServerSocket.java:237)
08-22 17:43:12.600 W/System.err( 2230): at com.thundercomm.remotecontrolservice.RemoteSocketService.startServer(RemoteSocketService.java:91)
08-22 17:43:12.600 W/System.err( 2230): at com.thundercomm.remotecontrolservice.RemoteSocketService.restartServer(RemoteSocketService.java:119)
08-22 17:43:12.600 W/System.err( 2230): at com.thundercomm.remotecontrolservice.RemoteSocketService.access$100(RemoteSocketService.java:11)
08-22 17:43:12.600 W/System.err( 2230): at com.thundercomm.remotecontrolservice.RemoteSocketService$3.run(RemoteSocketService.java:101)
08-22 17:43:12.600 W/System.err( 2230): at java.lang.Thread.run(Thread.java:920)
08-22 17:43:12.600 W/System.err( 2230): Caused by: android.system.ErrnoException: bind failed: EADDRINUSE (Address already in use)
08-22 17:43:12.600 W/System.err( 2230): at libcore.io.Linux.bind(Native Method)
08-22 17:43:12.601 W/System.err( 2230): at libcore.io.ForwardingOs.bind(ForwardingOs.java:141)
08-22 17:43:12.601 W/System.err( 2230): at libcore.io.ForwardingOs.bind(ForwardingOs.java:141)
08-22 17:43:12.601 W/System.err( 2230): at libcore.io.IoBridge.bind(IoBridge.java:146)
08-22 17:43:12.601 W/System.err( 2230): ... 9 more
08-22 17:43:12.613 W/System.err( 2230): java.net.BindException: bind failed: EADDRINUSE (Address already in use)
08-22 17:43:12.614 W/System.err( 2230): at libcore.io.IoBridge.bind(IoBridge.java:150)
08-22 17:43:12.614 W/System.err( 2230): at java.net.PlainSocketImpl.socketBind(PlainSocketImpl.java:162)
08-22 17:43:12.614 W/System.err( 2230): at java.net.AbstractPlainSocketImpl.bind(AbstractPlainSocketImpl.java:427)
08-22 17:43:12.614 W/System.err( 2230): at java.net.ServerSocket.bind(ServerSocket.java:377)
08-22 17:43:12.614 W/System.err( 2230): at java.net.ServerSocket.(ServerSocket.java:237)
08-22 17:43:12.614 W/System.err( 2230): at com.thundercomm.remotecontrolservice.RemoteSocketService.startServer(RemoteSocketService.java:91)
08-22 17:43:12.614 W/System.err( 2230): at com.thundercomm.remotecontrolservice.RemoteSocketService.restartServer(RemoteSocketService.java:119)
08-22 17:43:12.614 W/System.err( 2230): at com.thundercomm.remotecontrolservice.RemoteSocketService.access$100(RemoteSocketService.java:11)
08-22 17:43:12.614 W/System.err( 2230): at com.thundercomm.remotecontrolservice.RemoteSocketService$3.run(RemoteSocketService.java:101)
08-22 17:43:12.614 W/System.err( 2230): at java.lang.Thread.run(Thread.java:920)
08-22 17:43:12.614 W/System.err( 2230): Caused by: android.system.ErrnoException: bind failed: EADDRINUSE (Address already in use)
08-22 17:43:12.614 W/System.err( 2230): at libcore.io.Linux.bind(Native Method)
08-22 17:43:12.615 W/System.err( 2230): at libcore.io.ForwardingOs.bind(ForwardingOs.java:141)
08-22 17:43:12.616 W/System.err( 2230): at libcore.io.ForwardingOs.bind(ForwardingOs.java:141)
08-22 17:43:12.616 W/System.err( 2230): at libcore.io.IoBridge.bind(IoBridge.java:146)
08-22 17:43:12.616 W/System.err( 2230): ... 9 more
08-22 17:43:12.617 W/System.err( 2230): java.net.BindException: bind failed: EADDRINUSE (Address already in use)
08-22 17:43:12.617 W/System.err( 2230): at libcore.io.IoBridge.bind(IoBridge.java:150)
08-22 17:43:12.617 W/System.err( 2230): at java.net.PlainSocketImpl.socketBind(PlainSocketImpl.java:162)
08-22 17:43:12.617 W/System.err( 2230): at java.net.AbstractPlainSocketImpl.bind(AbstractPlainSocketImpl.java:427)
08-22 17:43:12.617 W/System.err( 2230): at java.net.ServerSocket.bind(ServerSocket.java:377)
08-22 17:43:12.617 W/System.err( 2230): at java.net.ServerSocket.(ServerSocket.java:237)
08-22 17:43:12.617 W/System.err( 2230): at com.thundercomm.remotecontrolservice.RemoteSocketService.startServer(RemoteSocketService.java:91)
08-22 17:43:12.618 W/System.err( 2230): at com.thundercomm.remotecontrolservice.RemoteSocketService.restartServer(RemoteSocketService.java:119)
08-22 17:43:12.618 W/System.err( 2230): at com.thundercomm.remotecontrolservice.RemoteSocketService.access$100(RemoteSocketService.java:11)
08-22 17:43:12.618 W/System.err( 2230): at com.thundercomm.remotecontrolservice.RemoteSocketService$3.run(RemoteSocketService.java:101)
08-22 17:43:12.618 W/System.err( 2230): at java.lang.Thread.run(Thread.java:920)
08-22 17:43:12.618 W/System.err( 2230): Caused by: android.system.ErrnoException: bind failed: EADDRINUSE (Address already in use)
08-22 17:43:12.618 W/System.err( 2230): at libcore.io.Linux.bind(Native Method)
08-22 17:43:12.618 W/System.err( 2230): at libcore.io.ForwardingOs.bind(ForwardingOs.java:141)
08-22 17:43:12.618 W/System.err( 2230): at libcore.io.ForwardingOs.bind(ForwardingOs.java:141)
08-22 17:43:12.618 W/System.err( 2230): at libcore.io.IoBridge.bind(IoBridge.java:146)
08-22 17:43:12.618 W/System.err( 2230): ... 9 more
08-22 17:43:12.620 W/System.err( 2230): java.net.BindException: bind failed: EADDRINUSE (Address already in use)
08-22 17:43:12.620 W/System.err( 2230): at libcore.io.IoBridge.bind(IoBridge.java:150)
08-22 17:43:12.620 W/System.err( 2230): at java.net.PlainSocketImpl.socketBind(PlainSocketImpl.java:162)
08-22 17:43:12.620 W/System.err( 2230): at java.net.AbstractPlainSocketImpl.bind(AbstractPlainSocketImpl.java:427)
08-22 17:43:12.620 W/System.err( 2230): at java.net.ServerSocket.bind(ServerSocket.java:377)
08-22 17:43:12.620 W/System.err( 2230): at java.net.ServerSocket.(ServerSocket.java:237)
08-22 17:43:12.621 W/System.err( 2230): at com.thundercomm.remotecontrolservice.RemoteSocketService.startServer(RemoteSocketService.java:91)
08-22 17:43:12.621 W/System.err( 2230): at com.thundercomm.remotecontrolservice.RemoteSocketService.restartServer(RemoteSocketService.java:119)
08-22 17:43:12.621 W/System.err( 2230): at com.thundercomm.remotecontrolservice.RemoteSocketService.access$100(RemoteSocketService.java:11)
08-22 17:43:12.621 W/System.err( 2230): at com.thundercomm.remotecontrolservice.RemoteSocketService$3.run(RemoteSocketService.java:101)
08-22 17:43:12.621 W/System.err( 2230): at java.lang.Thread.run(Thread.java:920)
08-22 17:43:12.621 W/System.err( 2230): Caused by: android.system.ErrnoException: bind failed: EADDRINUSE (Address already in use)
08-22 17:43:12.621 W/System.err( 2230): at libcore.io.Linux.bind(Native Method)
08-22 17:43:12.621 W/System.err( 2230): at libcore.io.ForwardingOs.bind(ForwardingOs.java:141)
08-22 17:43:12.621 W/System.err( 2230): at libcore.io.ForwardingOs.bind(ForwardingOs.java:141)
08-22 17:43:12.621 W/System.err( 2230): at libcore.io.IoBridge.bind(IoBridge.java:146)
08-22 17:43:12.621 W/System.err( 2230): ... 9 more
08-22 17:43:12.622 W/System.err( 2230): java.net.BindException: bind failed: EADDRINUSE (Address already in use)
08-22 17:43:12.622 W/System.err( 2230): at libcore.io.IoBridge.bind(IoBridge.java:150)
08-22 17:43:12.622 W/System.err( 2230): at java.net.PlainSocketImpl.socketBind(PlainSocketImpl.java:162)
08-22 17:43:12.622 W/System.err( 2230): at java.net.AbstractPlainSocketImpl.bind(AbstractPlainSocketImpl.java:427)
08-22 17:43:12.622 W/System.err( 2230): at java.net.ServerSocket.bind(ServerSocket.java:377)
08-22 17:43:12.622 W/System.err( 2230): at java.net.ServerSocket.(ServerSocket.java:237)
08-22 17:43:12.622 W/System.err( 2230): at com.thundercomm.remotecontrolservice.RemoteSocketService.startServer(RemoteSocketService.java:91)
08-22 17:43:12.622 W/System.err( 2230): at com.thundercomm.remotecontrolservice.RemoteSocketService.restartServer(RemoteSocketService.java:119)
08-22 17:43:12.622 W/System.err( 2230): at com.thundercomm.remotecontrolservice.RemoteSocketService.access$100(RemoteSocketService.java:11)
08-22 17:43:12.622 W/System.err( 2230): at com.thundercomm.remotecontrolservice.RemoteSocketService$3.run(RemoteSocketService.java:101)
08-22 17:43:12.622 W/System.err( 2230): at java.lang.Thread.run(Thread.java:920)
08-22 17:43:12.622 W/System.err( 2230): Caused by: android.system.ErrnoException: bind failed: EADDRINUSE (Address already in use)
08-22 17:43:12.623 W/System.err( 2230): at libcore.io.Linux.bind(Native Method)
08-22 17:43:12.623 W/System.err( 2230): at libcore.io.ForwardingOs.bind(ForwardingOs.java:141)
08-22 17:43:12.623 W/System.err( 2230): at libcore.io.ForwardingOs.bind(ForwardingOs.java:141)
08-22 17:43:12.623 W/System.err( 2230): at libcore.io.IoBridge.bind(IoBridge.java:146)
08-22 17:43:12.623 W/System.err( 2230): ... 9 more
08-22 17:43:12.624 W/System.err( 2230): java.net.BindException: bind failed: EADDRINUSE (Address already in use)
08-22 17:43:12.624 W/System.err( 2230): at libcore.io.IoBridge.bind(IoBridge.java:150)
08-22 17:43:12.624 W/System.err( 2230): at java.net.PlainSocketImpl.socketBind(PlainSocketImpl.java:162)
08-22 17:43:12.624 W/System.err( 2230): at java.net.AbstractPlainSocketImpl.bind(AbstractPlainSocketImpl.java:427)
08-22 17:43:12.624 W/System.err( 2230): at java.net.ServerSocket.bind(ServerSocket.java:377)
08-22 17:43:12.625 W/System.err( 2230): at java.net.ServerSocket.(ServerSocket.java:237)
08-22 17:43:12.625 W/System.err( 2230): at com.thundercomm.remotecontrolservice.RemoteSocketService.startServer(RemoteSocketService.java:91)
08-22 17:43:12.625 W/System.err( 2230): at com.thundercomm.remotecontrolservice.RemoteSocketService.restartServer(RemoteSocketService.java:119)
08-22 17:43:12.625 W/System.err( 2230): at com.thundercomm.remotecontrolservice.RemoteSocketService.access$100(RemoteSocketService.java:11)
08-22 17:43:12.625 W/System.err( 2230): at com.thundercomm.remotecontrolservice.RemoteSocketService$3.run(RemoteSocketService.java:101)
08-22 17:43:12.626 W/System.err( 2230): at java.lang.Thread.run(Thread.java:920)
08-22 17:43:12.626 W/System.err( 2230): Caused by: android.system.ErrnoException: bind failed: EADDRINUSE (Address already in use)
08-22 17:43:12.626 W/System.err( 2230): at libcore.io.Linux.bind(Native Method)
08-22 17:43:12.626 W/System.err( 2230): at libcore.io.ForwardingOs.bind(ForwardingOs.java:141)
08-22 17:43:12.626 W/System.err( 2230): at libcore.io.ForwardingOs.bind(ForwardingOs.java:141)
08-22 17:43:12.626 W/System.err( 2230): at libcore.io.IoBridge.bind(IoBridge.java:146)
08-22 17:43:12.627 W/System.err( 2230): ... 9 more
08-22 17:43:12.627 W/System.err( 2230): java.net.BindException: bind failed: EADDRINUSE (Address already in use)
08-22 17:43:12.627 W/System.err( 2230): at libcore.io.IoBridge.bind(IoBridge.java:150)
08-22 17:43:12.627 W/System.err( 2230): at java.net.PlainSocketImpl.socketBind(PlainSocketImpl.java:162)
08-22 17:43:12.627 W/System.err( 2230): at java.net.AbstractPlainSocketImpl.bind(AbstractPlainSocketImpl.java:427)
08-22 17:43:12.628 W/System.err( 2230): at java.net.ServerSocket.bind(ServerSocket.java:377)
08-22 17:43:12.628 W/System.err( 2230): at java.net.ServerSocket.(ServerSocket.java:237)
08-22 17:43:12.628 W/System.err( 2230): at com.thundercomm.remotecontrolservice.RemoteSocketService.startServer(RemoteSocketService.java:91)
08-22 17:43:12.628 W/System.err( 2230): at com.thundercomm.remotecontrolservice.RemoteSocketService.restartServer(RemoteSocketService.java:119)
08-22 17:43:12.628 W/System.err( 2230): at com.thundercomm.remotecontrolservice.RemoteSocketService.access$100(RemoteSocketService.java:11)
08-22 17:43:12.628 W/System.err( 2230): at com.thundercomm.remotecontrolservice.RemoteSocketService$3.run(RemoteSocketService.java:101)
08-22 17:43:12.628 W/System.err( 2230): at java.lang.Thread.run(Thread.java:920)
08-22 17:43:12.628 W/System.err( 2230): Caused by: android.system.ErrnoException: bind failed: EADDRINUSE (Address already in use)
08-22 17:43:12.628 W/System.err( 2230): at libcore.io.Linux.bind(Native Method)
08-22 17:43:12.628 W/System.err( 2230): at libcore.io.ForwardingOs.bind(ForwardingOs.java:141)
08-22 17:43:12.629 W/System.err( 2230): at libcore.io.ForwardingOs.bind(ForwardingOs.java:141)
08-22 17:43:12.629 W/System.err( 2230): at libcore.io.IoBridge.bind(IoBridge.java:146)
08-22 17:43:12.629 W/System.err( 2230): ... 9 more
08-22 17:43:12.629 W/System.err( 2230): java.net.BindException: bind failed: EADDRINUSE (Address already in use)
08-22 17:43:12.629 W/System.err( 2230): at libcore.io.IoBridge.bind(IoBridge.java:150)
08-22 17:43:12.629 W/System.err( 2230): at java.net.PlainSocketImpl.socketBind(PlainSocketImpl.java:162)
08-22 17:43:12.629 W/System.err( 2230): at java.net.AbstractPlainSocketImpl.bind(AbstractPlainSocketImpl.java:427)
08-22 17:43:12.629 W/System.err( 2230): at java.net.ServerSocket.bind(ServerSocket.java:377)
08-22 17:43:12.629 W/System.err( 2230): at java.net.ServerSocket.(ServerSocket.java:237)
08-22 17:43:12.629 W/System.err( 2230): at com.thundercomm.remotecontrolservice.RemoteSocketService.startServer(RemoteSocketService.java:91)
08-22 17:43:12.630 W/System.err( 2230): at com.thundercomm.remotecontrolservice.RemoteSocketService.restartServer(RemoteSocketService.java:119)
08-22 17:43:12.630 W/System.err( 2230): at com.thundercomm.remotecontrolservice.RemoteSocketService.access$100(RemoteSocketService.java:11)
08-22 17:43:12.630 W/System.err( 2230): at com.thundercomm.remotecontrolservice.RemoteSocketService$3.run(RemoteSocketService.java:101)
08-22 17:43:12.630 W/System.err( 2230): at java.lang.Thread.run(Thread.java:920)
08-22 17:43:12.630 W/System.err( 2230): Caused by: android.system.ErrnoException: bind failed: EADDRINUSE (Address already in use)
08-22 17:43:12.630 W/System.err( 2230): at libcore.io.Linux.bind(Native Method)
08-22 17:43:12.630 W/System.err( 2230): at libcore.io.ForwardingOs.bind(ForwardingOs.java:141)
08-22 17:43:12.630 W/System.err( 2230): at libcore.io.ForwardingOs.bind(ForwardingOs.java:141)
