08-22 17:43:31.103 V/Avrcp_ext( 1892): updateCurrentMediaState: mMediaController: null
08-22 17:43:31.103 W/Avrcp_ext( 1892): isMusicActive: false getBluetoothPlayState: 2 A2dp State: 11 mAudioPlaybackIsActive: false
08-22 17:43:31.103 W/Avrcp_ext( 1892): updateCurrentMediaState: isPlaying = false
08-22 17:43:31.104 V/Avrcp_ext( 1892): Media update: id -1➡-1? [MediaAttributes: none] : [MediaAttributes: none]
08-22 17:43:31.104 D/Avrcp_ext( 1892): isPackageNameValid: browsedPackage = isValid = false
08-22 17:43:31.104 V/Avrcp_ext( 1892): updatePlaybackState, state: PlaybackState {state=2, position=-1, buffered position=0, speed=0.0, updated=154279, actions=0, custom actions=[], active item id=-1, error=null} device: null
08-22 17:43:31.104 V/Avrcp_ext( 1892): Device: no name:
08-22 17:43:31.104 V/Avrcp_ext( 1892): Device: no name:
08-22 17:43:31.104 V/Avrcp_ext( 1892): Device: no name:
08-22 17:43:31.104 V/Avrcp_ext( 1892): Device: no name:
08-22 17:43:31.104 V/Avrcp_ext( 1892): Device: no name:
08-22 17:43:31.104 V/Avrcp_ext( 1892): updatePlayerStateAndPosition, old=PlaybackState {state=2, position=-1, buffered position=0, speed=0.0, updated=126952, actions=0, custom actions=[], active item id=-1, error=null}, state=PlaybackState {state=2, position=-1, buffered position=0, speed=0.0, updated=154279, actions=0, custom actions=[], active item id=-1, error=null}
08-22 17:43:31.105 V/Avrcp_ext( 1892): old state = PlaybackState {state=2, position=-1, buffered position=0, speed=0.0, updated=126952, actions=0, custom actions=[], active item id=-1, error=null}, new state= PlaybackState {state=2, position=-1, buffered position=0, speed=0.0, updated=154279, actions=0, custom actions=[], active item id=-1, error=null}
08-22 17:43:31.105 D/HeadsetService( 1892): getHeadsetService(): returning com.android.bluetooth.hfp.HeadsetService@b224fb1
08-22 17:43:31.105 D/HeadsetService( 1892): isAudioOn: The number of audio connected devices 0
08-22 17:43:31.105 D/HeadsetService( 1892): isScoOrCallActive(): Call Active:falseCall is Ringing:falseSCO is Active:false
08-22 17:43:31.105 D/HeadsetService( 1892): isAudioOn: The number of audio connected devices 0
08-22 17:43:31.105 I/Avrcp_ext( 1892): updatePlayStatusForDevice: device: null
08-22 17:43:31.105 V/Avrcp_ext( 1892): updatePlaybackState (1): old=PlaybackState {state=2, position=-1, buffered position=0, speed=0.0, updated=126952, actions=0, custom actions=[], active item id=-1, error=null}(2), new=PlaybackState {state=2, position=-1, buffered position=0, speed=0.0, updated=154279, actions=0, custom actions=[], active item id=-1, error=null}(2)
08-22 17:43:31.105 I/Avrcp_ext( 1892): Exit updatePlayStatusForDevice
08-22 17:43:31.105 D/HeadsetService( 1892): isAudioOn: The number of audio connected devices 0
08-22 17:43:31.105 D/HeadsetService( 1892): isScoOrCallActive(): Call Active:falseCall is Ringing:falseSCO is Active:false
08-22 17:43:31.106 D/HeadsetService( 1892): isAudioOn: The number of audio connected devices 0
08-22 17:43:31.106 I/Avrcp_ext( 1892): updatePlayStatusForDevice: device: null
08-22 17:43:31.106 V/Avrcp_ext( 1892): updatePlaybackState (1): old=PlaybackState {state=2, position=-1, buffered position=0, speed=0.0, updated=126952, actions=0, custom actions=[], active item id=-1, error=null}(2), new=PlaybackState {state=2, position=-1, buffered position=0, speed=0.0, updated=154279, actions=0, custom actions=[], active item id=-1, error=null}(2)
08-22 17:43:31.106 I/Avrcp_ext( 1892): Exit updatePlayStatusForDevice
08-22 17:43:31.106 D/HeadsetService( 1892): isAudioOn: The number of audio connected devices 0
08-22 17:43:31.106 D/HeadsetService( 1892): isScoOrCallActive(): Call Active:falseCall is Ringing:falseSCO is Active:false
08-22 17:43:31.106 D/HeadsetService( 1892): isAudioOn: The number of audio connected devices 0
08-22 17:43:31.106 I/Avrcp_ext( 1892): updatePlayStatusForDevice: device: null
08-22 17:43:31.106 V/Avrcp_ext( 1892): updatePlaybackState (1): old=PlaybackState {state=2, position=-1, buffered position=0, speed=0.0, updated=126952, actions=0, custom actions=[], active item id=-1, error=null}(2), new=PlaybackState {state=2, position=-1, buffered position=0, speed=0.0, updated=154279, actions=0, custom actions=[], active item id=-1, error=null}(2)
08-22 17:43:31.106 I/Avrcp_ext( 1892): Exit updatePlayStatusForDevice
08-22 17:43:31.106 D/HeadsetService( 1892): isAudioOn: The number of audio connected devices 0
08-22 17:43:31.107 D/HeadsetService( 1892): isScoOrCallActive(): Call Active:falseCall is Ringing:falseSCO is Active:false
08-22 17:43:31.107 D/HeadsetService( 1892): isAudioOn: The number of audio connected devices 0
08-22 17:43:31.107 I/Avrcp_ext( 1892): updatePlayStatusForDevice: device: null
08-22 17:43:31.107 V/Avrcp_ext( 1892): updatePlaybackState (1): old=PlaybackState {state=2, position=-1, buffered position=0, speed=0.0, updated=126952, actions=0, custom actions=[], active item id=-1, error=null}(2), new=PlaybackState {state=2, position=-1, buffered position=0, speed=0.0, updated=154279, actions=0, custom actions=[], active item id=-1, error=null}(2)
08-22 17:43:31.107 I/Avrcp_ext( 1892): Exit updatePlayStatusForDevice
08-22 17:43:31.107 D/HeadsetService( 1892): isAudioOn: The number of audio connected devices 0
08-22 17:43:31.107 D/HeadsetService( 1892): isScoOrCallActive(): Call Active:falseCall is Ringing:falseSCO is Active:false
08-22 17:43:31.107 D/HeadsetService( 1892): isAudioOn: The number of audio connected devices 0
08-22 17:43:31.107 I/Avrcp_ext( 1892): updatePlayStatusForDevice: device: null
08-22 17:43:31.107 V/Avrcp_ext( 1892): updatePlaybackState (1): old=PlaybackState {state=2, position=-1, buffered position=0, speed=0.0, updated=126952, actions=0, custom actions=[], active item id=-1, error=null}(2), new=PlaybackState {state=2, position=-1, buffered position=0, speed=0.0, updated=154279, actions=0, custom actions=[], active item id=-1, error=null}(2)
08-22 17:43:31.108 I/Avrcp_ext( 1892): Exit updatePlayStatusForDevice
08-22 17:43:31.108 D/Avrcp_ext( 1892): Enter sendPlayPosNotificationRsp
08-22 17:43:31.108 D/Avrcp_ext( 1892): sendPlayPosNotificationRsp: Not registered or requesting.
08-22 17:43:31.108 D/Avrcp_ext( 1892): Enter sendPlayPosNotificationRsp
08-22 17:43:31.108 D/Avrcp_ext( 1892): sendPlayPosNotificationRsp: Not registered or requesting.
08-22 17:43:31.110 D/Avrcp_ext( 1892): Enter sendPlayPosNotificationRsp
08-22 17:43:31.110 D/Avrcp_ext( 1892): sendPlayPosNotificationRsp: Not registered or requesting.
08-22 17:43:31.110 D/Avrcp_ext( 1892): Enter sendPlayPosNotificationRsp
08-22 17:43:31.110 D/Avrcp_ext( 1892): sendPlayPosNotificationRsp: Not registered or requesting.
08-22 17:43:31.110 D/Avrcp_ext( 1892): Enter sendPlayPosNotificationRsp
08-22 17:43:31.110 D/Avrcp_ext( 1892): sendPlayPosNotificationRsp: Not registered or requesting.
08-22 17:43:31.110 V/Avrcp_ext( 1892): Exit updatePlayerStateAndPosition
08-22 17:43:31.110 D/Avrcp_ext( 1892): Exit handlePackageModified
08-22 17:43:31.118 D/CompatibilityInfo( 1155): mCompatibilityFlags - 4
08-22 17:43:31.118 D/CompatibilityInfo( 1155): applicationDensity - 240
08-22 17:43:31.118 D/CompatibilityInfo( 1155): applicationScale - 1.0
08-22 17:43:31.129 I/PermissionControllerServiceImpl( 3715): Updating user sensitive for uid 1000
08-22 17:43:31.145 I/service_manager_stats( 1155): [100,164,38633]
08-22 17:43:31.146 W/VoiceInteractionManager( 1155): no available voice recognition services found for user 0
08-22 17:43:31.173 D/ProcessState( 5360): Binder ioctl to enable oneway spam detection failed: Invalid argument
01-01 01:39:23.337 I/binder ( 0): 5360:5360 ioctl 40046210 7ff064c6f4 returned -22
08-22 17:43:31.187 D/audio_hw_primary( 819): out_set_parameters: enter: usecase(1: low-latency-playback) kvpairs: suspend_playback=false
08-22 17:43:31.187 D/audio_hw_extn( 819): audio_extn_fm_set_parameters: Enter
08-22 17:43:31.191 W/audio_hw_primary( 819): out_write: underrun(16) frames_by_time(48484) > out->last_fifo_frames_remaining(384)
08-22 17:43:31.230 D/audio_hw_primary( 819): out_set_parameters: enter: usecase(1: low-latency-playback) kvpairs: suspend_playback=true
08-22 17:43:31.230 D/audio_hw_extn( 819): audio_extn_fm_set_parameters: Enter
08-22 17:43:31.390 I/am_uid_idle( 1155): 10113
01-01 01:39:23.740 D/ ( 0): mv2112_read_status
01-01 01:39:23.740 D/mv2112_update_link( 0): 3.0x901(1G): 0x80
01-01 01:39:23.740 D/mv2112_update_link( 0): 3.0x8109(100M): 0x0
01-01 01:39:23.740 D/mv2112_update_link( 0): link 0x0
01-01 01:39:23.740 D/mv2112_read_status( 0): autoneg is disabled
08-22 17:43:32.021 I/mpu_uart( 664): [MSG-P:RECV]:No message received in 1000 ms
08-22 17:43:32.053 I/mpu_uart( 664): [MSG-P:R]:recv sync frame timeout
08-22 17:43:32.189 I/am_uid_idle( 1155): 10059
08-22 17:43:32.210 I/am_uid_idle( 1155): 10074
08-22 17:43:32.232 D/audio_hw_primary( 819): out_set_parameters: enter: usecase(1: low-latency-playback) kvpairs: suspend_playback=false
08-22 17:43:32.233 D/audio_hw_extn( 819): audio_extn_fm_set_parameters: Enter
08-22 17:43:32.235 W/audio_hw_primary( 819): out_write: underrun(17) frames_by_time(48352) > out->last_fifo_frames_remaining(384)
08-22 17:43:32.264 I/OpenGLRenderer( 2374): Davey! duration=9223371881454ms; Flags=0, FrameTimelineVsyncId=5031, IntendedVsync=155399716832, Vsync=155399716832, InputEventId=0, HandleInputStart=155402050251, AnimationStart=155402054157, PerformTraversalsStart=155402057334, DrawStart=155402395668, FrameDeadline=155416383498, FrameInterval=155402041345, FrameStartTime=16666666, SyncQueued=155403784574, SyncStart=155403910668, IssueDrawCommandsStart=155404677543, SwapBuffers=155407308636, FrameCompleted=9223372036854775807, DequeueBufferDuration=47239, QueueBufferDuration=5182864, GpuCompleted=9223372036854775807, SwapBuffersCompleted=155415775668, DisplayPresentTime=-16381224314024616,
08-22 17:43:32.276 D/audio_hw_primary( 819): out_set_parameters: enter: usecase(1: low-latency-playback) kvpairs: suspend_playback=true
08-22 17:43:32.277 D/audio_hw_extn( 819): audio_extn_fm_set_parameters: Enter
08-22 17:43:32.337 I/hwservicemanager( 520): getTransport: Cannot find entry android.hardware.light@2.0::ILight/default in either framework or device VINTF manifest.
08-22 17:43:32.341 E/light ( 5363): light_open lights keyboard failed: -22
08-22 17:43:32.341 E/light ( 5363): Light passthrough failed to load legacy HAL.
08-22 17:43:32.342 E/light ( 5363): light_open lights buttons failed: -22
08-22 17:43:32.342 E/light ( 5363): Light passthrough failed to load legacy HAL.
08-22 17:43:32.345 E/light ( 5363): light_open lights bluetooth failed: -22
08-22 17:43:32.345 E/light ( 5363): Light passthrough failed to load legacy HAL.
08-22 17:43:32.345 E/light ( 5363): light_open lights wifi failed: -22
08-22 17:43:32.345 E/light ( 5363): Light passthrough failed to load legacy HAL.
08-22 17:43:32.359 I/hwservicemanager( 520): getTransport: Cannot find entry android.hardware.light@2.0::ILight/default in either framework or device VINTF manifest.
08-22 17:43:32.360 E/HidlServiceManagement( 5363): Service android.hardware.light@2.0::ILight/default must be in VINTF manifest in order to register/get.
08-22 17:43:32.360 E/LegacySupport( 5363): Could not register service android.hardware.light@2.0::ILight/default (-2147483648).
08-22 17:43:32.452 I/am_uid_idle( 1155): 10110
08-22 17:43:32.493 I/am_uid_idle( 1155): 10066
01-01 01:39:24.765 D/ ( 0): mv2112_read_status
01-01 01:39:24.765 D/mv2112_update_link( 0): 3.0x901(1G): 0x80
01-01 01:39:24.765 D/mv2112_update_link( 0): 3.0x8109(100M): 0x0
01-01 01:39:24.765 D/mv2112_update_link( 0): link 0x0
01-01 01:39:24.765 D/mv2112_read_status( 0): autoneg is disabled
08-22 17:43:32.627 I/liblog ( 2230): 6
08-22 17:43:32.627 W/System.err( 2230): java.net.BindException: bind failed: EADDRINUSE (Address already in use)
08-22 17:43:32.629 W/System.err( 2230): at libcore.io.IoBridge.bind(IoBridge.java:150)
08-22 17:43:32.629 W/System.err( 2230): at java.net.PlainSocketImpl.socketBind(PlainSocketImpl.java:162)
08-22 17:43:32.629 W/System.err( 2230): at java.net.AbstractPlainSocketImpl.bind(AbstractPlainSocketImpl.java:427)
08-22 17:43:32.629 W/System.err( 2230): at java.net.ServerSocket.bind(ServerSocket.java:377)
08-22 17:43:32.629 W/System.err( 2230): at java.net.ServerSocket.(ServerSocket.java:237)
08-22 17:43:32.630 W/System.err( 2230): at com.thundercomm.remotecontrolservice.RemoteSocketService.startServer(RemoteSocketService.java:91)
08-22 17:43:32.630 W/System.err( 2230): at com.thundercomm.remotecontrolservice.RemoteSocketService.restartServer(RemoteSocketService.java:119)
08-22 17:43:32.630 W/System.err( 2230): at com.thundercomm.remotecontrolservice.RemoteSocketService.access$100(RemoteSocketService.java:11)
08-22 17:43:32.630 W/System.err( 2230): at com.thundercomm.remotecontrolservice.RemoteSocketService$3.run(RemoteSocketService.java:101)
08-22 17:43:32.630 W/System.err( 2230): at java.lang.Thread.run(Thread.java:920)
08-22 17:43:32.631 W/System.err( 2230): Caused by: android.system.ErrnoException: bind failed: EADDRINUSE (Address already in use)
08-22 17:43:32.631 W/System.err( 2230): at libcore.io.Linux.bind(Native Method)
08-22 17:43:32.631 W/System.err( 2230): at libcore.io.ForwardingOs.bind(ForwardingOs.java:141)
08-22 17:43:32.631 W/System.err( 2230): at libcore.io.ForwardingOs.bind(ForwardingOs.java:141)
08-22 17:43:32.631 W/System.err( 2230): at libcore.io.IoBridge.bind(IoBridge.java:146)
08-22 17:43:32.632 W/System.err( 2230): ... 9 more
08-22 17:43:32.637 W/System.err( 2230): java.net.BindException: bind failed: EADDRINUSE (Address already in use)
08-22 17:43:32.637 W/System.err( 2230): at libcore.io.IoBridge.bind(IoBridge.java:150)
08-22 17:43:32.637 W/System.err( 2230): at java.net.PlainSocketImpl.socketBind(PlainSocketImpl.java:162)
08-22 17:43:32.637 W/System.err( 2230): at java.net.AbstractPlainSocketImpl.bind(AbstractPlainSocketImpl.java:427)
08-22 17:43:32.638 W/System.err( 2230): at java.net.ServerSocket.bind(ServerSocket.java:377)
08-22 17:43:32.638 W/System.err( 2230): at java.net.ServerSocket.(ServerSocket.java:237)
08-22 17:43:32.638 W/System.err( 2230): at com.thundercomm.remotecontrolservice.RemoteSocketService.startServer(RemoteSocketService.java:91)
08-22 17:43:32.638 W/System.err( 2230): at com.thundercomm.remotecontrolservice.RemoteSocketService.restartServer(RemoteSocketService.java:119)
08-22 17:43:32.638 W/System.err( 2230): at com.thundercomm.remotecontrolservice.RemoteSocketService.access$100(RemoteSocketService.java:11)
08-22 17:43:32.638 W/System.err( 2230): at com.thundercomm.remotecontrolservice.RemoteSocketService$3.run(RemoteSocketService.java:101)
08-22 17:43:32.639 W/System.err( 2230): at java.lang.Thread.run(Thread.java:920)
08-22 17:43:32.639 W/System.err( 2230): Caused by: android.system.ErrnoException: bind failed: EADDRINUSE (Address already in use)
08-22 17:43:32.639 W/System.err( 2230): at libcore.io.Linux.bind(Native Method)
08-22 17:43:32.639 W/System.err( 2230): at libcore.io.ForwardingOs.bind(ForwardingOs.java:141)
08-22 17:43:32.639 W/System.err( 2230): at libcore.io.ForwardingOs.bind(ForwardingOs.java:141)
08-22 17:43:32.640 W/System.err( 2230): at libcore.io.IoBridge.bind(IoBridge.java:146)
08-22 17:43:32.640 W/System.err( 2230): ... 9 more
08-22 17:43:32.640 W/System.err( 2230): java.net.BindException: bind failed: EADDRINUSE (Address already in use)
08-22 17:43:32.640 W/System.err( 2230): at libcore.io.IoBridge.bind(IoBridge.java:150)
08-22 17:43:32.641 W/System.err( 2230): at java.net.PlainSocketImpl.socketBind(PlainSocketImpl.java:162)
08-22 17:43:32.641 W/System.err( 2230): at java.net.AbstractPlainSocketImpl.bind(AbstractPlainSocketImpl.java:427)
08-22 17:43:32.641 W/System.err( 2230): at java.net.ServerSocket.bind(ServerSocket.java:377)
08-22 17:43:32.641 W/System.err( 2230): at java.net.ServerSocket.(ServerSocket.java:237)
08-22 17:43:32.641 W/System.err( 2230): at com.thundercomm.remotecontrolservice.RemoteSocketService.startServer(RemoteSocketService.java:91)
08-22 17:43:32.642 W/System.err( 2230): at com.thundercomm.remotecontrolservice.RemoteSocketService.restartServer(RemoteSocketService.java:119)
08-22 17:43:32.642 W/System.err( 2230): at com.thundercomm.remotecontrolservice.RemoteSocketService.access$100(RemoteSocketService.java:11)
08-22 17:43:32.642 W/System.err( 2230): at com.thundercomm.remotecontrolservice.RemoteSocketService$3.run(RemoteSocketService.java:101)
08-22 17:43:32.642 W/System.err( 2230): at java.lang.Thread.run(Thread.java:920)
08-22 17:43:32.643 W/System.err( 2230): Caused by: android.system.ErrnoException: bind failed: EADDRINUSE (Address already in use)
08-22 17:43:32.643 W/System.err( 2230): at libcore.io.Linux.bind(Native Method)
08-22 17:43:32.643 W/System.err( 2230): at libcore.io.ForwardingOs.bind(ForwardingOs.java:141)
08-22 17:43:32.643 W/System.err( 2230): at libcore.io.ForwardingOs.bind(ForwardingOs.java:141)
08-22 17:43:32.643 W/System.err( 2230): at libcore.io.IoBridge.bind(IoBridge.java:146)
08-22 17:43:32.644 W/System.err( 2230): ... 9 more
08-22 17:43:32.645 W/System.err( 2230): java.net.BindException: bind failed: EADDRINUSE (Address already in use)
08-22 17:43:32.645 W/System.err( 2230): at libcore.io.IoBridge.bind(IoBridge.java:150)
08-22 17:43:32.645 W/System.err( 2230): at java.net.PlainSocketImpl.socketBind(PlainSocketImpl.java:162)
08-22 17:43:32.646 W/System.err( 2230): at java.net.AbstractPlainSocketImpl.bind(AbstractPlainSocketImpl.java:427)
08-22 17:43:32.646 W/System.err( 2230): at java.net.ServerSocket.bind(ServerSocket.java:377)
08-22 17:43:32.646 W/System.err( 2230): at java.net.ServerSocket.(ServerSocket.java:237)
08-22 17:43:32.646 W/System.err( 2230): at com.thundercomm.remotecontrolservice.RemoteSocketService.startServer(RemoteSocketService.java:91)
08-22 17:43:32.646 W/System.err( 2230): at com.thundercomm.remotecontrolservice.RemoteSocketService.restartServer(RemoteSocketService.java:119)
08-22 17:43:32.646 W/System.err( 2230): at com.thundercomm.remotecontrolservice.RemoteSocketService.access$100(RemoteSocketService.java:11)
08-22 17:43:32.646 W/System.err( 2230): at com.thundercomm.remotecontrolservice.RemoteSocketService$3.run(RemoteSocketService.java:101)
08-22 17:43:32.646 W/System.err( 2230): at java.lang.Thread.run(Thread.java:920)
08-22 17:43:32.647 W/System.err( 2230): Caused by: android.system.ErrnoException: bind failed: EADDRINUSE (Address already in use)
08-22 17:43:32.647 W/System.err( 2230): at libcore.io.Linux.bind(Native Method)
08-22 17:43:32.647 W/System.err( 2230): at libcore.io.ForwardingOs.bind(ForwardingOs.java:141)
08-22 17:43:32.647 W/System.err( 2230): at libcore.io.ForwardingOs.bind(ForwardingOs.java:141)
08-22 17:43:32.647 W/System.err( 2230): at libcore.io.IoBridge.bind(IoBridge.java:146)
08-22 17:43:32.647 W/System.err( 2230): ... 9 more
08-22 17:43:32.647 W/System.err( 2230): java.net.BindException: bind failed: EADDRINUSE (Address already in use)
08-22 17:43:32.648 W/System.err( 2230): at libcore.io.IoBridge.bind(IoBridge.java:150)
08-22 17:43:32.648 W/System.err( 2230): at java.net.PlainSocketImpl.socketBind(PlainSocketImpl.java:162)
08-22 17:43:32.648 W/System.err( 2230): at java.net.AbstractPlainSocketImpl.bind(AbstractPlainSocketImpl.java:427)
08-22 17:43:32.648 W/System.err( 2230): at java.net.ServerSocket.bind(ServerSocket.java:377)
08-22 17:43:32.648 W/System.err( 2230): at java.net.ServerSocket.(ServerSocket.java:237)
08-22 17:43:32.648 W/System.err( 2230): at com.thundercomm.remotecontrolservice.RemoteSocketService.startServer(RemoteSocketService.java:91)
08-22 17:43:32.649 W/System.err( 2230): at com.thundercomm.remotecontrolservice.RemoteSocketService.restartServer(RemoteSocketService.java:119)
08-22 17:43:32.649 W/System.err( 2230): at com.thundercomm.remotecontrolservice.RemoteSocketService.access$100(RemoteSocketService.java:11)
08-22 17:43:32.649 W/System.err( 2230): at com.thundercomm.remotecontrolservice.RemoteSocketService$3.run(RemoteSocketService.java:101)
08-22 17:43:32.649 W/System.err( 2230): at java.lang.Thread.run(Thread.java:920)
08-22 17:43:32.649 W/System.err( 2230): Caused by: android.system.ErrnoException: bind failed: EADDRINUSE (Address already in use)
08-22 17:43:32.649 W/System.err( 2230): at libcore.io.Linux.bind(Native Method)
08-22 17:43:32.649 W/System.err( 2230): at libcore.io.ForwardingOs.bind(ForwardingOs.java:141)
08-22 17:43:32.649 W/System.err( 2230): at libcore.io.ForwardingOs.bind(ForwardingOs.java:141)
08-22 17:43:32.649 W/System.err( 2230): at libcore.io.IoBridge.bind(IoBridge.java:146)
08-22 17:43:32.650 W/System.err( 2230): ... 9 more
08-22 17:43:32.657 W/System.err( 2230): java.net.BindException: bind failed: EADDRINUSE (Address already in use)
08-22 17:43:32.657 W/System.err( 2230): at libcore.io.IoBridge.bind(IoBridge.java:150)
08-22 17:43:32.657 W/System.err( 2230): at java.net.PlainSocketImpl.socketBind(PlainSocketImpl.java:162)
08-22 17:43:32.657 W/System.err( 2230): at java.net.AbstractPlainSocketImpl.bind(AbstractPlainSocketImpl.java:427)
08-22 17:43:32.657 W/System.err( 2230): at java.net.ServerSocket.bind(ServerSocket.java:377)
08-22 17:43:32.657 W/System.err( 2230): at java.net.ServerSocket.(ServerSocket.java:237)
08-22 17:43:32.658 W/System.err( 2230): at com.thundercomm.remotecontrolservice.RemoteSocketService.startServer(RemoteSocketService.java:91)
08-22 17:43:32.658 W/System.err( 2230): at com.thundercomm.remotecontrolservice.RemoteSocketService.restartServer(RemoteSocketService.java:119)
08-22 17:43:32.658 W/System.err( 2230): at com.thundercomm.remotecontrolservice.RemoteSocketService.access$100(RemoteSocketService.java:11)
08-22 17:43:32.658 W/System.err( 2230): at com.thundercomm.remotecontrolservice.RemoteSocketService$3.run(RemoteSocketService.java:101)
08-22 17:43:32.658 W/System.err( 2230): at java.lang.Thread.run(Thread.java:920)
08-22 17:43:32.658 W/System.err( 2230): Caused by: android.system.ErrnoException: bind failed: EADDRINUSE (Address already in use)
08-22 17:43:32.658 W/System.err( 2230): at libcore.io.Linux.bind(Native Method)
08-22 17:43:32.658 W/System.err( 2230): at libcore.io.ForwardingOs.bind(ForwardingOs.java:141)
08-22 17:43:32.658 W/System.err( 2230): at libcore.io.ForwardingOs.bind(ForwardingOs.java:141)
08-22 17:43:32.658 W/System.err( 2230): at libcore.io.IoBridge.bind(IoBridge.java:146)
08-22 17:43:32.659 W/System.err( 2230): ... 9 more
08-22 17:43:32.660 W/System.err( 2230): java.net.BindException: bind failed: EADDRINUSE (Address already in use)
08-22 17:43:32.660 W/System.err( 2230): at libcore.io.IoBridge.bind(IoBridge.java:150)
08-22 17:43:32.660 W/System.err( 2230): at java.net.PlainSocketImpl.socketBind(PlainSocketImpl.java:162)
08-22 17:43:32.660 W/System.err( 2230): at java.net.AbstractPlainSocketImpl.bind(AbstractPlainSocketImpl.java:427)
08-22 17:43:32.660 W/System.err( 2230): at java.net.ServerSocket.bind(ServerSocket.java:377)
08-22 17:43:32.661 W/System.err( 2230): at java.net.ServerSocket.(ServerSocket.java:237)
08-22 17:43:32.661 W/System.err( 2230): at com.thundercomm.remotecontrolservice.RemoteSocketService.startServer(RemoteSocketService.java:91)
08-22 17:43:32.661 W/System.err( 2230): at com.thundercomm.remotecontrolservice.RemoteSocketService.restartServer(RemoteSocketService.java:119)
08-22 17:43:32.661 W/System.err( 2230): at com.thundercomm.remotecontrolservice.RemoteSocketService.access$100(RemoteSocketService.java:11)
08-22 17:43:32.661 W/System.err( 2230): at com.thundercomm.remotecontrolservice.RemoteSocketService$3.run(RemoteSocketService.java:101)
08-22 17:43:32.661 W/System.err( 2230): at java.lang.Thread.run(Thread.java:920)
08-22 17:43:32.661 W/System.err( 2230): Caused by: android.system.ErrnoException: bind failed: EADDRINUSE (Address already in use)
08-22 17:43:32.662 W/System.err( 2230): at libcore.io.Linux.bind(Native Method)
08-22 17:43:32.662 W/System.err( 2230): at libcore.io.ForwardingOs.bind(ForwardingOs.java:141)
08-22 17:43:32.662 W/System.err( 2230): at libcore.io.ForwardingOs.bind(ForwardingOs.java:141)
08-22 17:43:32.662 W/System.err( 2230): at libcore.io.IoBridge.bind(IoBridge.java:146)
08-22 17:43:32.662 W/System.err( 2230): ... 9 more
08-22 17:43:32.663 W/System.err( 2230): java.net.BindException: bind failed: EADDRINUSE (Address already in use)
08-22 17:43:32.663 W/System.err( 2230): at libcore.io.IoBridge.bind(IoBridge.java:150)
08-22 17:43:32.663 W/System.err( 2230): at java.net.PlainSocketImpl.socketBind(PlainSocketImpl.java:162)
08-22 17:43:32.664 W/System.err( 2230): at java.net.AbstractPlainSocketImpl.bind(AbstractPlainSocketImpl.java:427)
08-22 17:43:32.664 W/System.err( 2230): at java.net.ServerSocket.bind(ServerSocket.java:377)
08-22 17:43:32.664 W/System.err( 2230): at java.net.ServerSocket.(ServerSocket.java:237)
08-22 17:43:32.664 W/System.err( 2230): at com.thundercomm.remotecontrolservice.RemoteSocketService.startServer(RemoteSocketService.java:91)
08-22 17:43:32.664 W/System.err( 2230): at com.thundercomm.remotecontrolservice.RemoteSocketService.restartServer(RemoteSocketService.java:119)
08-22 17:43:32.664 W/System.err( 2230): at com.thundercomm.remotecontrolservice.RemoteSocketService.access$100(RemoteSocketService.java:11)
08-22 17:43:32.664 W/System.err( 2230): at com.thundercomm.remotecontrolservice.RemoteSocketService$3.run(RemoteSocketService.java:101)
08-22 17:43:32.664 W/System.err( 2230): at java.lang.Thread.run(Thread.java:920)
08-22 17:43:32.665 W/System.err( 2230): Caused by: android.system.ErrnoException: bind failed: EADDRINUSE (Address already in use)
08-22 17:43:32.665 W/System.err( 2230): at libcore.io.Linux.bind(Native Method)
08-22 17:43:32.665 W/System.err( 2230): at libcore.io.ForwardingOs.bind(ForwardingOs.java:141)
08-22 17:43:32.665 W/System.err( 2230): at libcore.io.ForwardingOs.bind(ForwardingOs.java:141)
08-22 17:43:32.665 W/System.err( 2230): at libcore.io.IoBridge.bind(IoBridge.java:146)
08-22 17:43:32.665 W/System.err( 2230): ... 9 more
08-22 17:43:32.666 W/System.err( 2230): java.net.BindException: bind failed: EADDRINUSE (Address already in use)
08-22 17:43:32.666 W/System.err( 2230): at libcore.io.IoBridge.bind(IoBridge.java:150)
08-22 17:43:32.666 W/System.err( 2230): at java.net.PlainSocketImpl.socketBind(PlainSocketImpl.java:162)
08-22 17:43:32.666 W/System.err( 2230): at java.net.AbstractPlainSocketImpl.bind(AbstractPlainSocketImpl.java:427)
08-22 17:43:32.666 W/System.err( 2230): at java.net.ServerSocket.bind(ServerSocket.java:377)
08-22 17:43:32.666 W/System.err( 2230): at java.net.ServerSocket.(ServerSocket.java:237)
08-22 17:43:32.667 W/System.err( 2230): at com.thundercomm.remotecontrolservice.RemoteSocketService.startServer(RemoteSocketService.java:91)
08-22 17:43:32.667 W/System.err( 2230): at com.thundercomm.remotecontrolservice.RemoteSocketService.restartServer(RemoteSocketService.java:119)
08-22 17:43:32.667 W/System.err( 2230): at com.thundercomm.remotecontrolservice.RemoteSocketService.access$100(RemoteSocketService.java:11)
08-22 17:43:32.667 W/System.err( 2230): at com.thundercomm.remotecontrolservice.RemoteSocketService$3.run(RemoteSocketService.java:101)
08-22 17:43:32.667 W/System.err( 2230): at java.lang.Thread.run(Thread.java:920)
08-22 17:43:32.667 W/System.err( 2230): Caused by: android.system.ErrnoException: bind failed: EADDRINUSE (Address already in use)
08-22 17:43:32.668 W/System.err( 2230): at libcore.io.Linux.bind(Native Method)
08-22 17:43:32.668 W/System.err( 2230): at libcore.io.ForwardingOs.bind(ForwardingOs.java:141)
08-22 17:43:32.668 W/System.err( 2230): at libcore.io.ForwardingOs.bind(ForwardingOs.java:141)
08-22 17:43:32.668 W/System.err( 2230): at libcore.io.IoBridge.bind(IoBridge.java:146)
08-22 17:43:32.668 W/System.err( 2230): ... 9 more
08-22 17:43:32.668 W/System.err( 2230): java.net.BindException: bind failed: EADDRINUSE (Address already in use)
08-22 17:43:32.669 W/System.err( 2230): at libcore.io.IoBridge.bind(IoBridge.java:150)
08-22 17:43:32.669 W/System.err( 2230): at java.net.PlainSocketImpl.socketBind(PlainSocketImpl.java:162)
08-22 17:43:32.669 W/System.err( 2230): at java.net.AbstractPlainSocketImpl.bind(AbstractPlainSocketImpl.java:427)
08-22 17:43:32.670 W/System.err( 2230): at java.net.ServerSocket.bind(ServerSocket.java:377)
08-22 17:43:32.670 W/System.err( 2230): at java.net.ServerSocket.(ServerSocket.java:237)
08-22 17:43:32.670 W/System.err( 2230): at com.thundercomm.remotecontrolservice.RemoteSocketService.startServer(RemoteSocketService.java:91)
08-22 17:43:32.670 W/System.err( 2230): at com.thundercomm.remotecontrolservice.RemoteSocketService.restartServer(RemoteSocketService.java:119)
08-22 17:43:32.671 W/System.err( 2230): at com.thundercomm.remotecontrolservice.RemoteSocketService.access$100(RemoteSocketService.java:11)
08-22 17:43:32.671 W/System.err( 2230): at com.thundercomm.remotecontrolservice.RemoteSocketService$3.run(RemoteSocketService.java:101)
08-22 17:43:32.671 W/System.err( 2230): at java.lang.Thread.run(Thread.java:920)
08-22 17:43:32.671 W/System.err( 2230): Caused by: android.system.ErrnoException: bind failed: EADDRINUSE (Address already in use)
08-22 17:43:32.671 W/System.err( 2230): at libcore.io.Linux.bind(Native Method)
08-22 17:43:32.671 W/System.err( 2230): at libcore.io.ForwardingOs.bind(ForwardingOs.java:141)
08-22 17:43:32.671 W/System.err( 2230): at libcore.io.ForwardingOs.bind(ForwardingOs.java:141)
08-22 17:43:32.671 W/System.err( 2230): at libcore.io.IoBridge.bind(IoBridge.java:146)
08-22 17:43:32.671 W/System.err( 2230): ... 9 more
08-22 17:43:32.682 W/System.err( 2230): java.net.BindException: bind failed: EADDRINUSE (Address already in use)
08-22 17:43:32.682 W/System.err( 2230): at libcore.io.IoBridge.bind(IoBridge.java:150)
08-22 17:43:32.682 W/System.err( 2230): at java.net.PlainSocketImpl.socketBind(PlainSocketImpl.java:162)
08-22 17:43:32.682 W/System.err( 2230): at java.net.AbstractPlainSocketImpl.bind(AbstractPlainSocketImpl.java:427)
08-22 17:43:32.682 W/System.err( 2230): at java.net.ServerSocket.bind(ServerSocket.java:377)
08-22 17:43:32.682 W/System.err( 2230): at java.net.ServerSocket.(ServerSocket.java:237)
08-22 17:43:32.682 W/System.err( 2230): at com.thundercomm.remotecontrolservice.RemoteSocketService.startServer(RemoteSocketService.java:91)
08-22 17:43:32.682 W/System.err( 2230): at com.thundercomm.remotecontrolservice.RemoteSocketService.restartServer(RemoteSocketService.java:119)
08-22 17:43:32.682 W/System.err( 2230): at com.thundercomm.remotecontrolservice.RemoteSocketService.access$100(RemoteSocketService.java:11)
08-22 17:43:32.682 W/System.err( 2230): at com.thundercomm.remotecontrolservice.RemoteSocketService$3.run(RemoteSocketService.java:101)
08-22 17:43:32.682 W/System.err( 2230): at java.lang.Thread.run(Thread.java:920)
08-22 17:43:32.683 W/System.err( 2230): Caused by: android.system.ErrnoException: bind failed: EADDRINUSE (Address already in use)
08-22 17:43:32.683 W/System.err( 2230): at libcore.io.Linux.bind(Native Method)
08-22 17:43:32.683 W/System.err( 2230): at libcore.io.ForwardingOs.bind(ForwardingOs.java:141)
08-22 17:43:32.683 W/System.err( 2230): at libcore.io.ForwardingOs.bind(ForwardingOs.java:141)
08-22 17:43:32.683 W/System.err( 2230): at libcore.io.IoBridge.bind(IoBridge.java:146)
08-22 17:43:32.683 W/System.err( 2230): ... 9 more
08-22 17:43:32.690 W/System.err( 2230): java.net.BindException: bind failed: EADDRINUSE (Address already in use)
08-22 17:43:32.690 W/System.err( 2230): at libcore.io.IoBridge.bind(IoBridge.java:150)
08-22 17:43:32.690 W/System.err( 2230): at java.net.PlainSocketImpl.socketBind(PlainSocketImpl.java:162)
08-22 17:43:32.690 W/System.err( 2230): at java.net.AbstractPlainSocketImpl.bind(AbstractPlainSocketImpl.java:427)
08-22 17:43:32.690 W/System.err( 2230): at java.net.ServerSocket.bind(ServerSocket.java:377)
08-22 17:43:32.690 W/System.err( 2230): at java.net.ServerSocket.(ServerSocket.java:237)
08-22 17:43:32.690 W/System.err( 2230): at com.thundercomm.remotecontrolservice.RemoteSocketService.startServer(RemoteSocketService.java:91)
08-22 17:43:32.690 W/System.err( 2230): at com.thundercomm.remotecontrolservice.RemoteSocketService.restartServer(RemoteSocketService.java:119)
08-22 17:43:32.690 W/System.err( 2230): at com.thundercomm.remotecontrolservice.RemoteSocketService.access$100(RemoteSocketService.java:11)
08-22 17:43:32.690 W/System.err( 2230): at com.thundercomm.remotecontrolservice.RemoteSocketService$3.run(RemoteSocketService.java:101)
08-22 17:43:32.690 W/System.err( 2230): at java.lang.Thread.run(Thread.java:920)
08-22 17:43:32.691 W/System.err( 2230): Caused by: android.system.ErrnoException: bind failed: EADDRINUSE (Address already in use)
08-22 17:43:32.691 W/System.err( 2230): at libcore.io.Linux.bind(Native Method)
08-22 17:43:32.691 W/System.err( 2230): at libcore.io.ForwardingOs.bind(ForwardingOs.java:141)
08-22 17:43:32.691 W/System.err( 2230): at libcore.io.ForwardingOs.bind(ForwardingOs.java:141)
08-22 17:43:32.691 W/System.err( 2230): at libcore.io.IoBridge.bind(IoBridge.java:146)
08-22 17:43:32.691 W/System.err( 2230): ... 9 more
08-22 17:43:32.691 W/System.err( 2230): java.net.BindException: bind failed: EADDRINUSE (Address already in use)
08-22 17:43:32.691 W/System.err( 2230): at libcore.io.IoBridge.bind(IoBridge.java:150)
08-22 17:43:32.691 W/System.err( 2230): at java.net.PlainSocketImpl.socketBind(PlainSocketImpl.java:162)
08-22 17:43:32.692 W/System.err( 2230): at java.net.AbstractPlainSocketImpl.bind(AbstractPlainSocketImpl.java:427)
08-22 17:43:32.692 W/System.err( 2230): at java.net.ServerSocket.bind(ServerSocket.java:377)
08-22 17:43:32.692 W/System.err( 2230): at java.net.ServerSocket.(ServerSocket.java:237)
08-22 17:43:32.692 W/System.err( 2230): at com.thundercomm.remotecontrolservice.RemoteSocketService.startServer(RemoteSocketService.java:91)
08-22 17:43:32.692 W/System.err( 2230): at com.thundercomm.remotecontrolservice.RemoteSocketService.restartServer(RemoteSocketService.java:119)
08-22 17:43:32.693 W/System.err( 2230): at com.thundercomm.remotecontrolservice.RemoteSocketService.access$100(RemoteSocketService.java:11)
08-22 17:43:32.693 W/System.err( 2230): at com.thundercomm.remotecontrolservice.RemoteSocketService$3.run(RemoteSocketService.java:101)
08-22 17:43:32.693 W/System.err( 2230): at java.lang.Thread.run(Thread.java:920)
08-22 17:43:32.693 W/System.err( 2230): Caused by: android.system.ErrnoException: bind failed: EADDRINUSE (Address already in use)
08-22 17:43:32.693 W/System.err( 2230): at libcore.io.Linux.bind(Native Method)
08-22 17:43:32.693 W/System.err( 2230): at libcore.io.ForwardingOs.bind(ForwardingOs.java:141)
08-22 17:43:32.693 W/System.err( 2230): at libcore.io.ForwardingOs.bind(ForwardingOs.java:141)
08-22 17:43:32.693 W/System.err( 2230): at libcore.io.IoBridge.bind(IoBridge.java:146)
08-22 17:43:32.693 W/System.err( 2230): ... 9 more
08-22 17:43:32.699 W/System.err( 2230): java.net.BindException: bind failed: EADDRINUSE (Address already in use)
08-22 17:43:32.699 W/System.err( 2230): at libcore.io.IoBridge.bind(IoBridge.java:150)
08-22 17:43:32.699 W/System.err( 2230): at java.net.PlainSocketImpl.socketBind(PlainSocketImpl.java:162)
08-22 17:43:32.699 W/System.err( 2230): at java.net.AbstractPlainSocketImpl.bind(AbstractPlainSocketImpl.java:427)
08-22 17:43:32.699 W/System.err( 2230): at java.net.ServerSocket.bind(ServerSocket.java:377)
08-22 17:43:32.699 W/System.err( 2230): at java.net.ServerSocket.(ServerSocket.java:237)
08-22 17:43:32.699 W/System.err( 2230): at com.thundercomm.remotecontrolservice.RemoteSocketService.startServer(RemoteSocketService.java:91)
08-22 17:43:32.700 W/System.err( 2230): at com.thundercomm.remotecontrolservice.RemoteSocketService.restartServer(RemoteSocketService.java:119)
08-22 17:43:32.700 W/System.err( 2230): at com.thundercomm.remotecontrolservice.RemoteSocketService.access$100(RemoteSocketService.java:11)
08-22 17:43:32.700 W/System.err( 2230): at com.thundercomm.remotecontrolservice.RemoteSocketService$3.run(RemoteSocketService.java:101)
08-22 17:43:32.700 W/System.err( 2230): at java.lang.Thread.run(Thread.java:920)
08-22 17:43:32.700 W/System.err( 2230): Caused by: android.system.ErrnoException: bind failed: EADDRINUSE (Address already in use)
08-22 17:43:32.700 W/System.err( 2230): at libcore.io.Linux.bind(Native Method)
08-22 17:43:32.700 W/System.err( 2230): at libcore.io.ForwardingOs.bind(ForwardingOs.java:141)
08-22 17:43:32.704 W/System.err( 2230): at libcore.io.ForwardingOs.bind(ForwardingOs.java:141)
08-22 17:43:32.704 W/System.err( 2230): at libcore.io.IoBridge.bind(IoBridge.java:146)
08-22 17:43:32.704 W/System.err( 2230): ... 9 more
08-22 17:43:32.706 W/System.err( 2230): java.net.BindException: bind failed: EADDRINUSE (Address already in use)
08-22 17:43:32.706 W/System.err( 2230): at libcore.io.IoBridge.bind(IoBridge.java:150)
08-22 17:43:32.706 W/System.err( 2230): at java.net.PlainSocketImpl.socketBind(PlainSocketImpl.java:162)
08-22 17:43:32.706 W/System.err( 2230): at java.net.AbstractPlainSocketImpl.bind(AbstractPlainSocketImpl.java:427)
08-22 17:43:32.707 W/System.err( 2230): at java.net.ServerSocket.bind(ServerSocket.java:377)
08-22 17:43:32.707 W/System.err( 2230): at java.net.ServerSocket.(ServerSocket.java:237)
08-22 17:43:32.707 W/System.err( 2230): at com.thundercomm.remotecontrolservice.RemoteSocketService.startServer(RemoteSocketService.java:91)
08-22 17:43:32.707 W/System.err( 2230): at com.thundercomm.remotecontrolservice.RemoteSocketService.restartServer(RemoteSocketService.java:119)
08-22 17:43:32.707 W/System.err( 2230): at com.thundercomm.remotecontrolservice.RemoteSocketService.access$100(RemoteSocketService.java:11)
08-22 17:43:32.707 W/System.err( 2230): at com.thundercomm.remotecontrolservice.RemoteSocketService$3.run(RemoteSocketService.java:101)
08-22 17:43:32.707 W/System.err( 2230): at java.lang.Thread.run(Thread.java:920)
08-22 17:43:32.707 W/System.err( 2230): Caused by: android.system.ErrnoException: bind failed: EADDRINUSE (Address already in use)
08-22 17:43:32.707 W/System.err( 2230): at libcore.io.Linux.bind(Native Method)
08-22 17:43:32.708 W/System.err( 2230): at libcore.io.ForwardingOs.bind(ForwardingOs.java:141)
08-22 17:43:32.708 W/System.err( 2230): at libcore.io.ForwardingOs.bind(ForwardingOs.java:141)
08-22 17:43:32.708 W/System.err( 2230): at libcore.io.IoBridge.bind(IoBridge.java:146)
08-22 17:43:32.708 W/System.err( 2230): ... 9 more
08-22 17:43:32.708 W/System.err( 2230): java.net.BindException: bind failed: EADDRINUSE (Address already in use)
08-22 17:43:32.709 W/System.err( 2230): at libcore.io.IoBridge.bind(IoBridge.java:150)
08-22 17:43:32.709 W/System.err( 2230): at java.net.PlainSocketImpl.socketBind(PlainSocketImpl.java:162)
08-22 17:43:32.709 W/System.err( 2230): at java.net.AbstractPlainSocketImpl.bind(AbstractPlainSocketImpl.java:427)
08-22 17:43:32.709 W/System.err( 2230): at java.net.ServerSocket.bind(ServerSocket.java:377)
08-22 17:43:32.709 W/System.err( 2230): at java.net.ServerSocket.(ServerSocket.java:237)
08-22 17:43:32.709 W/System.err( 2230): at com.thundercomm.remotecontrolservice.RemoteSocketService.startServer(RemoteSocketService.java:91)
08-22 17:43:32.709 W/System.err( 2230): at com.thundercomm.remotecontrolservice.RemoteSocketService.restartServer(RemoteSocketService.java:119)
08-22 17:43:32.709 W/System.err( 2230): at com.thundercomm.remotecontrolservice.RemoteSocketService.access$100(RemoteSocketService.java:11)
08-22 17:43:32.710 W/System.err( 2230): at com.thundercomm.remotecontrolservice.RemoteSocketService$3.run(RemoteSocketService.java:101)
08-22 17:43:32.710 W/System.err( 2230): at java.lang.Thread.run(Thread.java:920)
08-22 17:43:32.711 W/System.err( 2230): Caused by: android.system.ErrnoException: bind failed: EADDRINUSE (Address already in use)
08-22 17:43:32.711 W/System.err( 2230): at libcore.io.Linux.bind(Native Method)
08-22 17:43:32.711 W/System.err( 2230): at libcore.io.ForwardingOs.bind(ForwardingOs.java:141)
08-22 17:43:32.711 W/System.err( 2230): at libcore.io.ForwardingOs.bind(ForwardingOs.java:141)
08-22 17:43:32.711 W/System.err( 2230): at libcore.io.IoBridge.bind(IoBridge.java:146)
08-22 17:43:32.711 W/System.err( 2230): ... 9 more
08-22 17:43:32.714 W/System.err( 2230): java.net.BindException: bind failed: EADDRINUSE (Address already in use)
08-22 17:43:32.714 W/System.err( 2230): at libcore.io.IoBridge.bind(IoBridge.java:150)
08-22 17:43:32.714 W/System.err( 2230): at java.net.PlainSocketImpl.socketBind(PlainSocketImpl.java:162)
08-22 17:43:32.715 W/System.err( 2230): at java.net.AbstractPlainSocketImpl.bind(AbstractPlainSocketImpl.java:427)
08-22 17:43:32.715 W/System.err( 2230): at java.net.ServerSocket.bind(ServerSocket.java:377)
08-22 17:43:32.715 W/System.err( 2230): at java.net.ServerSocket.(ServerSocket.java:237)
08-22 17:43:32.715 W/System.err( 2230): at com.thundercomm.remotecontrolservice.RemoteSocketService.startServer(RemoteSocketService.java:91)
08-22 17:43:32.715 W/System.err( 2230): at com.thundercomm.remotecontrolservice.RemoteSocketService.restartServer(RemoteSocketService.java:119)
08-22 17:43:32.715 W/System.err( 2230): at com.thundercomm.remotecontrolservice.RemoteSocketService.access$100(RemoteSocketService.java:11)
08-22 17:43:32.715 W/System.err( 2230): at com.thundercomm.remotecontrolservice.RemoteSocketService$3.run(RemoteSocketService.java:101)
08-22 17:43:32.715 W/System.err( 2230): at java.lang.Thread.run(Thread.java:920)
08-22 17:43:32.715 W/System.err( 2230): Caused by: android.system.ErrnoException: bind failed: EADDRINUSE (Address already in use)
08-22 17:43:32.715 W/System.err( 2230): at libcore.io.Linux.bind(Native Method)
08-22 17:43:32.715 W/System.err( 2230): at libcore.io.ForwardingOs.bind(ForwardingOs.java:141)
08-22 17:43:32.715 W/System.err( 2230): at libcore.io.ForwardingOs.bind(ForwardingOs.java:141)
08-22 17:43:32.715 W/System.err( 2230): at libcore.io.IoBridge.bind(IoBridge.java:146)
08-22 17:43:32.715 W/System.err( 2230): ... 9 more
08-22 17:43:32.716 W/System.err( 2230): java.net.BindException: bind failed: EADDRINUSE (Address already in use)
08-22 17:43:32.716 W/System.err( 2230): at libcore.io.IoBridge.bind(IoBridge.java:150)
08-22 17:43:32.716 W/System.err( 2230): at java.net.PlainSocketImpl.socketBind(PlainSocketImpl.java:162)
08-22 17:43:32.716 W/System.err( 2230): at java.net.AbstractPlainSocketImpl.bind(AbstractPlainSocketImpl.java:427)
08-22 17:43:32.716 W/System.err( 2230): at java.net.ServerSocket.bind(ServerSocket.java:377)
08-22 17:43:32.716 W/System.err( 2230): at java.net.ServerSocket.(ServerSocket.java:237)
08-22 17:43:32.716 W/System.err( 2230): at com.thundercomm.remotecontrolservice.RemoteSocketService.startServer(RemoteSocketService.java:91)
08-22 17:43:32.716 W/System.err( 2230): at com.thundercomm.remotecontrolservice.RemoteSocketService.restartServer(RemoteSocketService.java:119)
08-22 17:43:32.717 W/System.err( 2230): at com.thundercomm.remotecontrolservice.RemoteSocketService.access$100(RemoteSocketService.java:11)
08-22 17:43:32.717 W/System.err( 2230): at com.thundercomm.remotecontrolservice.RemoteSocketService$3.run(RemoteSocketService.java:101)
08-22 17:43:32.717 W/System.err( 2230): at java.lang.Thread.run(Thread.java:920)
08-22 17:43:32.717 W/System.err( 2230): Caused by: android.system.ErrnoException: bind failed: EADDRINUSE (Address already in use)
08-22 17:43:32.717 W/System.err( 2230): at libcore.io.Linux.bind(Native Method)
08-22 17:43:32.717 W/System.err( 2230): at libcore.io.ForwardingOs.bind(ForwardingOs.java:141)
08-22 17:43:32.717 W/System.err( 2230): at libcore.io.ForwardingOs.bind(ForwardingOs.java:141)
08-22 17:43:32.717 W/System.err( 2230): at libcore.io.IoBridge.bind(IoBridge.java:146)
08-22 17:43:32.717 W/System.err( 2230): ... 9 more
08-22 17:43:32.727 W/System.err( 2230): java.net.BindException: bind failed: EADDRINUSE (Address already in use)
08-22 17:43:32.727 W/System.err( 2230): at libcore.io.IoBridge.bind(IoBridge.java:150)
08-22 17:43:32.727 W/System.err( 2230): at java.net.PlainSocketImpl.socketBind(PlainSocketImpl.java:162)
08-22 17:43:32.727 W/System.err( 2230): at java.net.AbstractPlainSocketImpl.bind(AbstractPlainSocketImpl.java:427)
08-22 17:43:32.727 W/System.err( 2230): at java.net.ServerSocket.bind(ServerSocket.java:377)
08-22 17:43:32.727 W/System.err( 2230): at java.net.ServerSocket.(ServerSocket.java:237)
08-22 17:43:32.727 W/System.err( 2230): at com.thundercomm.remotecontrolservice.RemoteSocketService.startServer(RemoteSocketService.java:91)
08-22 17:43:32.727 W/System.err( 2230): at com.thundercomm.remotecontrolservice.RemoteSocketService.restartServer(RemoteSocketService.java:119)
08-22 17:43:32.727 W/System.err( 2230): at com.thundercomm.remotecontrolservice.RemoteSocketService.access$100(RemoteSocketService.java:11)
08-22 17:43:32.727 W/System.err( 2230): at com.thundercomm.remotecontrolservice.RemoteSocketService$3.run(RemoteSocketService.java:101)
08-22 17:43:32.728 W/System.err( 2230): at java.lang.Thread.run(Thread.java:920)
08-22 17:43:32.728 W/System.err( 2230): Caused by: android.system.ErrnoException: bind failed: EADDRINUSE (Address already in use)
08-22 17:43:32.728 W/System.err( 2230): at libcore.io.Linux.bind(Native Method)
08-22 17:43:32.728 W/System.err( 2230): at libcore.io.ForwardingOs.bind(ForwardingOs.java:141)
08-22 17:43:32.731 W/System.err( 2230): at libcore.io.ForwardingOs.bind(ForwardingOs.java:141)
08-22 17:43:32.731 W/System.err( 2230): at libcore.io.IoBridge.bind(IoBridge.java:146)
08-22 17:43:32.731 W/System.err( 2230): ... 9 more
08-22 17:43:32.732 W/System.err( 2230): java.net.BindException: bind failed: EADDRINUSE (Address already in use)
08-22 17:43:32.733 W/System.err( 2230): at libcore.io.IoBridge.bind(IoBridge.java:150)
08-22 17:43:32.733 W/System.err( 2230): at java.net.PlainSocketImpl.socketBind(PlainSocketImpl.java:162)
08-22 17:43:32.733 W/System.err( 2230): at java.net.AbstractPlainSocketImpl.bind(AbstractPlainSocketImpl.java:427)
08-22 17:43:32.733 W/System.err( 2230): at java.net.ServerSocket.bind(ServerSocket.java:377)
08-22 17:43:32.733 W/System.err( 2230): at java.net.ServerSocket.(ServerSocket.java:237)
08-22 17:43:32.733 W/System.err( 2230): at com.thundercomm.remotecontrolservice.RemoteSocketService.startServer(RemoteSocketService.java:91)
08-22 17:43:32.734 W/System.err( 2230): at com.thundercomm.remotecontrolservice.RemoteSocketService.restartServer(RemoteSocketService.java:119)
08-22 17:43:32.734 W/System.err( 2230): at com.thundercomm.remotecontrolservice.RemoteSocketService.access$100(RemoteSocketService.java:11)
08-22 17:43:32.734 W/System.err( 2230): at com.thundercomm.remotecontrolservice.RemoteSocketService$3.run(RemoteSocketService.java:101)
08-22 17:43:32.734 W/System.err( 2230): at java.lang.Thread.run(Thread.java:920)
08-22 17:43:32.734 W/System.err( 2230): Caused by: android.system.ErrnoException: bind failed: EADDRINUSE (Address already in use)
08-22 17:43:32.734 W/System.err( 2230): at libcore.io.Linux.bind(Native Method)
08-22 17:43:32.735 W/System.err( 2230): at libcore.io.ForwardingOs.bind(ForwardingOs.java:141)
08-22 17:43:32.735 W/System.err( 2230): at libcore.io.ForwardingOs.bind(ForwardingOs.java:141)
08-22 17:43:32.735 W/System.err( 2230): at libcore.io.IoBridge.bind(IoBridge.java:146)
08-22 17:43:32.735 W/System.err( 2230): ... 9 more
08-22 17:43:32.735 W/System.err( 2230): java.net.BindException: bind failed: EADDRINUSE (Address already in use)
08-22 17:43:32.736 W/System.err( 2230): at libcore.io.IoBridge.bind(IoBridge.java:150)
08-22 17:43:32.736 W/System.err( 2230): at java.net.PlainSocketImpl.socketBind(PlainSocketImpl.java:162)
08-22 17:43:32.736 W/System.err( 2230): at java.net.AbstractPlainSocketImpl.bind(AbstractPlainSocketImpl.java:427)
08-22 17:43:32.736 W/System.err( 2230): at java.net.ServerSocket.bind(ServerSocket.java:377)
08-22 17:43:32.736 W/System.err( 2230): at java.net.ServerSocket.(ServerSocket.java:237)
08-22 17:43:32.736 W/System.err( 2230): at com.thundercomm.remotecontrolservice.RemoteSocketService.startServer(RemoteSocketService.java:91)
08-22 17:43:32.736 W/System.err( 2230): at com.thundercomm.remotecontrolservice.RemoteSocketService.restartServer(RemoteSocketService.java:119)
08-22 17:43:32.736 W/System.err( 2230): at com.thundercomm.remotecontrolservice.RemoteSocketService.access$100(RemoteSocketService.java:11)
08-22 17:43:32.736 W/System.err( 2230): at com.thundercomm.remotecontrolservice.RemoteSocketService$3.run(RemoteSocketService.java:101)
08-22 17:43:32.736 W/System.err( 2230): at java.lang.Thread.run(Thread.java:920)
08-22 17:43:32.736 W/System.err( 2230): Caused by: android.system.ErrnoException: bind failed: EADDRINUSE (Address already in use)
08-22 17:43:32.737 W/System.err( 2230): at libcore.io.Linux.bind(Native Method)
08-22 17:43:32.737 W/System.err( 2230): at libcore.io.ForwardingOs.bind(ForwardingOs.java:141)
08-22 17:43:32.737 W/System.err( 2230): at libcore.io.ForwardingOs.bind(ForwardingOs.java:141)
08-22 17:43:32.737 W/System.err( 2230): at libcore.io.IoBridge.bind(IoBridge.java:146)
08-22 17:43:32.737 W/System.err( 2230): ... 9 more
08-22 17:43:32.737 W/System.err( 2230): java.net.BindException: bind failed: EADDRINUSE (Address already in use)
08-22 17:43:32.737 W/System.err( 2230): at libcore.io.IoBridge.bind(IoBridge.java:150)
08-22 17:43:32.737 W/System.err( 2230): at java.net.PlainSocketImpl.socketBind(PlainSocketImpl.java:162)
08-22 17:43:32.737 W/System.err( 2230): at java.net.AbstractPlainSocketImpl.bind(AbstractPlainSocketImpl.java:427)
08-22 17:43:32.737 W/System.err( 2230): at java.net.ServerSocket.bind(ServerSocket.java:377)
08-22 17:43:32.738 W/System.err( 2230): at java.net.ServerSocket.(ServerSocket.java:237)
08-22 17:43:32.738 W/System.err( 2230): at com.thundercomm.remotecontrolservice.RemoteSocketService.startServer(RemoteSocketService.java:91)
