08-22 17:43:13.048 W/System.err( 2230): at libcore.io.IoBridge.bind(IoBridge.java:150)
08-22 17:43:13.048 W/System.err( 2230): at java.net.PlainSocketImpl.socketBind(PlainSocketImpl.java:162)
08-22 17:43:13.048 W/System.err( 2230): at java.net.AbstractPlainSocketImpl.bind(AbstractPlainSocketImpl.java:427)
08-22 17:43:13.049 W/System.err( 2230): at java.net.ServerSocket.bind(ServerSocket.java:377)
08-22 17:43:13.049 W/System.err( 2230): at java.net.ServerSocket.(ServerSocket.java:237)
08-22 17:43:13.049 W/System.err( 2230): at com.thundercomm.remotecontrolservice.RemoteSocketService.startServer(RemoteSocketService.java:91)
08-22 17:43:13.049 W/System.err( 2230): at com.thundercomm.remotecontrolservice.RemoteSocketService.restartServer(RemoteSocketService.java:119)
08-22 17:43:13.049 W/System.err( 2230): at com.thundercomm.remotecontrolservice.RemoteSocketService.access$100(RemoteSocketService.java:11)
08-22 17:43:13.049 W/System.err( 2230): at com.thundercomm.remotecontrolservice.RemoteSocketService$3.run(RemoteSocketService.java:101)
08-22 17:43:13.049 W/System.err( 2230): at java.lang.Thread.run(Thread.java:920)
08-22 17:43:13.049 W/System.err( 2230): Caused by: android.system.ErrnoException: bind failed: EADDRINUSE (Address already in use)
08-22 17:43:13.049 W/System.err( 2230): at libcore.io.Linux.bind(Native Method)
08-22 17:43:13.049 W/System.err( 2230): at libcore.io.ForwardingOs.bind(ForwardingOs.java:141)
08-22 17:43:13.049 W/System.err( 2230): at libcore.io.ForwardingOs.bind(ForwardingOs.java:141)
08-22 17:43:13.050 W/System.err( 2230): at libcore.io.IoBridge.bind(IoBridge.java:146)
08-22 17:43:13.050 W/System.err( 2230): ... 9 more
08-22 17:43:13.050 W/System.err( 2230): java.net.BindException: bind failed: EADDRINUSE (Address already in use)
08-22 17:43:13.050 W/System.err( 2230): at libcore.io.IoBridge.bind(IoBridge.java:150)
01-01 01:39:05.355 I/init ( 0): starting service 'sxrd'...
08-22 17:43:13.050 W/System.err( 2230): at java.net.PlainSocketImpl.socketBind(PlainSocketImpl.java:162)
08-22 17:43:13.051 W/System.err( 2230): at java.net.AbstractPlainSocketImpl.bind(AbstractPlainSocketImpl.java:427)
08-22 17:43:13.051 W/System.err( 2230): at java.net.ServerSocket.bind(ServerSocket.java:377)
08-22 17:43:13.051 W/System.err( 2230): at java.net.ServerSocket.(ServerSocket.java:237)
08-22 17:43:13.051 W/System.err( 2230): at com.thundercomm.remotecontrolservice.RemoteSocketService.startServer(RemoteSocketService.java:91)
08-22 17:43:13.051 W/System.err( 2230): at com.thundercomm.remotecontrolservice.RemoteSocketService.restartServer(RemoteSocketService.java:119)
08-22 17:43:13.051 W/System.err( 2230): at com.thundercomm.remotecontrolservice.RemoteSocketService.access$100(RemoteSocketService.java:11)
08-22 17:43:13.051 W/System.err( 2230): at com.thundercomm.remotecontrolservice.RemoteSocketService$3.run(RemoteSocketService.java:101)
08-22 17:43:13.051 W/System.err( 2230): at java.lang.Thread.run(Thread.java:920)
08-22 17:43:13.051 W/System.err( 2230): Caused by: android.system.ErrnoException: bind failed: EADDRINUSE (Address already in use)
08-22 17:43:13.051 W/System.err( 2230): at libcore.io.Linux.bind(Native Method)
08-22 17:43:13.051 W/System.err( 2230): at libcore.io.ForwardingOs.bind(ForwardingOs.java:141)
08-22 17:43:13.051 W/System.err( 2230): at libcore.io.ForwardingOs.bind(ForwardingOs.java:141)
08-22 17:43:13.051 W/System.err( 2230): at libcore.io.IoBridge.bind(IoBridge.java:146)
08-22 17:43:13.052 W/System.err( 2230): ... 9 more
08-22 17:43:13.052 W/System.err( 2230): java.net.BindException: bind failed: EADDRINUSE (Address already in use)
08-22 17:43:13.053 I/liblog ( 2230): 5
08-22 17:43:13.053 I/liblog ( 2230): 5
08-22 17:43:13.063 I/liblog ( 2230): 6
08-22 17:43:13.063 W/System.err( 2230): java.net.BindException: bind failed: EADDRINUSE (Address already in use)
08-22 17:43:13.063 W/System.err( 2230): at libcore.io.IoBridge.bind(IoBridge.java:150)
08-22 17:43:13.063 W/System.err( 2230): at java.net.PlainSocketImpl.socketBind(PlainSocketImpl.java:162)
08-22 17:43:13.067 W/System.err( 2230): at java.net.AbstractPlainSocketImpl.bind(AbstractPlainSocketImpl.java:427)
08-22 17:43:13.067 W/System.err( 2230): at java.net.ServerSocket.bind(ServerSocket.java:377)
08-22 17:43:13.067 W/System.err( 2230): at java.net.ServerSocket.(ServerSocket.java:237)
08-22 17:43:13.067 W/System.err( 2230): at com.thundercomm.remotecontrolservice.RemoteSocketService.startServer(RemoteSocketService.java:91)
08-22 17:43:13.067 W/System.err( 2230): at com.thundercomm.remotecontrolservice.RemoteSocketService.restartServer(RemoteSocketService.java:119)
08-22 17:43:13.068 W/System.err( 2230): at com.thundercomm.remotecontrolservice.RemoteSocketService.access$100(RemoteSocketService.java:11)
08-22 17:43:13.068 W/System.err( 2230): at com.thundercomm.remotecontrolservice.RemoteSocketService$3.run(RemoteSocketService.java:101)
08-22 17:43:13.068 W/System.err( 2230): at java.lang.Thread.run(Thread.java:920)
08-22 17:43:13.068 W/System.err( 2230): Caused by: android.system.ErrnoException: bind failed: EADDRINUSE (Address already in use)
08-22 17:43:13.068 W/System.err( 2230): at libcore.io.Linux.bind(Native Method)
08-22 17:43:13.068 W/System.err( 2230): at libcore.io.ForwardingOs.bind(ForwardingOs.java:141)
08-22 17:43:13.069 W/System.err( 2230): at libcore.io.ForwardingOs.bind(ForwardingOs.java:141)
08-22 17:43:13.069 W/System.err( 2230): at libcore.io.IoBridge.bind(IoBridge.java:146)
08-22 17:43:13.069 W/System.err( 2230): ... 9 more
08-22 17:43:13.069 W/System.err( 2230): java.net.BindException: bind failed: EADDRINUSE (Address already in use)
08-22 17:43:13.069 W/System.err( 2230): at libcore.io.IoBridge.bind(IoBridge.java:150)
08-22 17:43:13.069 W/System.err( 2230): at java.net.PlainSocketImpl.socketBind(PlainSocketImpl.java:162)
08-22 17:43:13.069 W/System.err( 2230): at java.net.AbstractPlainSocketImpl.bind(AbstractPlainSocketImpl.java:427)
08-22 17:43:13.069 W/System.err( 2230): at java.net.ServerSocket.bind(ServerSocket.java:377)
08-22 17:43:13.070 W/System.err( 2230): at java.net.ServerSocket.(ServerSocket.java:237)
08-22 17:43:13.070 W/System.err( 2230): at com.thundercomm.remotecontrolservice.RemoteSocketService.startServer(RemoteSocketService.java:91)
08-22 17:43:13.070 W/System.err( 2230): at com.thundercomm.remotecontrolservice.RemoteSocketService.restartServer(RemoteSocketService.java:119)
08-22 17:43:13.070 W/System.err( 2230): at com.thundercomm.remotecontrolservice.RemoteSocketService.access$100(RemoteSocketService.java:11)
08-22 17:43:13.070 W/System.err( 2230): at com.thundercomm.remotecontrolservice.RemoteSocketService$3.run(RemoteSocketService.java:101)
08-22 17:43:13.070 W/System.err( 2230): at java.lang.Thread.run(Thread.java:920)
08-22 17:43:13.070 W/System.err( 2230): Caused by: android.system.ErrnoException: bind failed: EADDRINUSE (Address already in use)
01-01 01:39:05.380 I/init ( 0): Service 'sxrd' (pid 4992) exited with status 1
01-01 01:39:05.380 I/init ( 0): Sending signal 9 to service 'sxrd' (pid 4992) process group...
01-01 01:39:05.380 I/libprocessgroup( 0): Successfully killed process cgroup uid 1000 pid 4992 in 0ms
08-22 17:43:13.073 I/liblog ( 2230): 5
08-22 17:43:13.073 W/System.err( 2230): java.net.BindException: bind failed: EADDRINUSE (Address already in use)
08-22 17:43:13.074 W/System.err( 2230): at libcore.io.IoBridge.bind(IoBridge.java:150)
08-22 17:43:13.074 W/System.err( 2230): at java.net.PlainSocketImpl.socketBind(PlainSocketImpl.java:162)
08-22 17:43:13.074 W/System.err( 2230): at java.net.AbstractPlainSocketImpl.bind(AbstractPlainSocketImpl.java:427)
08-22 17:43:13.074 W/System.err( 2230): at java.net.ServerSocket.bind(ServerSocket.java:377)
08-22 17:43:13.074 W/System.err( 2230): at java.net.ServerSocket.(ServerSocket.java:237)
08-22 17:43:13.074 W/System.err( 2230): at com.thundercomm.remotecontrolservice.RemoteSocketService.startServer(RemoteSocketService.java:91)
08-22 17:43:13.074 W/System.err( 2230): at com.thundercomm.remotecontrolservice.RemoteSocketService.restartServer(RemoteSocketService.java:119)
08-22 17:43:13.074 W/System.err( 2230): at com.thundercomm.remotecontrolservice.RemoteSocketService.access$100(RemoteSocketService.java:11)
08-22 17:43:13.074 I/liblog ( 2230): 4
08-22 17:43:13.076 I/liblog ( 2230): 4
08-22 17:43:13.076 W/System.err( 2230): java.net.BindException: bind failed: EADDRINUSE (Address already in use)
01-01 01:39:05.386 I/init ( 0): Service 'qvrd_vndr' (pid 4991) exited with status 1
08-22 17:43:13.077 W/System.err( 2230): at libcore.io.IoBridge.bind(IoBridge.java:150)
08-22 17:43:13.077 W/System.err( 2230): at java.net.PlainSocketImpl.socketBind(PlainSocketImpl.java:162)
08-22 17:43:13.077 W/System.err( 2230): at java.net.AbstractPlainSocketImpl.bind(AbstractPlainSocketImpl.java:427)
08-22 17:43:13.077 W/System.err( 2230): at java.net.ServerSocket.bind(ServerSocket.java:377)
01-01 01:39:05.386 I/init ( 0): Sending signal 9 to service 'qvrd_vndr' (pid 4991) process group...
08-22 17:43:13.077 I/liblog ( 2230): 6
08-22 17:43:13.079 I/liblog ( 2230): 6
01-01 01:39:05.386 I/libprocessgroup( 0): Successfully killed process cgroup uid 1000 pid 4991 in 0ms
08-22 17:43:13.079 W/System.err( 2230): java.net.BindException: bind failed: EADDRINUSE (Address already in use)
08-22 17:43:13.079 W/System.err( 2230): at libcore.io.IoBridge.bind(IoBridge.java:150)
08-22 17:43:13.079 W/System.err( 2230): at java.net.PlainSocketImpl.socketBind(PlainSocketImpl.java:162)
08-22 17:43:13.079 I/liblog ( 2230): 3
08-22 17:43:13.080 W/System.err( 2230): at libcore.io.Linux.bind(Native Method)
08-22 17:43:13.081 I/liblog ( 2230): 11
08-22 17:43:13.081 I/liblog ( 2230): 11
08-22 17:43:13.083 I/liblog ( 2230): 5
08-22 17:43:13.083 W/System.err( 2230): java.net.BindException: bind failed: EADDRINUSE (Address already in use)
08-22 17:43:13.084 W/System.err( 2230): at libcore.io.IoBridge.bind(IoBridge.java:150)
08-22 17:43:13.084 W/System.err( 2230): at java.net.PlainSocketImpl.socketBind(PlainSocketImpl.java:162)
08-22 17:43:13.084 I/liblog ( 2230): 2
08-22 17:43:13.084 I/liblog ( 2230): 3
08-22 17:43:13.084 W/System.err( 2230): at com.thundercomm.remotecontrolservice.RemoteSocketService.access$100(RemoteSocketService.java:11)
08-22 17:43:13.087 W/System.err( 2230): at com.thundercomm.remotecontrolservice.RemoteSocketService$3.run(RemoteSocketService.java:101)
08-22 17:43:13.087 W/System.err( 2230): at java.lang.Thread.run(Thread.java:920)
08-22 17:43:13.087 W/System.err( 2230): Caused by: android.system.ErrnoException: bind failed: EADDRINUSE (Address already in use)
08-22 17:43:13.087 W/System.err( 2230): at libcore.io.Linux.bind(Native Method)
08-22 17:43:13.088 W/System.err( 2230): at libcore.io.ForwardingOs.bind(ForwardingOs.java:141)
08-22 17:43:13.089 I/liblog ( 2230): 4
08-22 17:43:13.089 I/liblog ( 2230): 2
08-22 17:43:13.089 I/liblog ( 2230): 3
08-22 17:43:13.090 I/liblog ( 2230): 4
08-22 17:43:13.090 I/liblog ( 2230): 3
08-22 17:43:13.091 W/System.err( 2230): ... 9 more
08-22 17:43:13.095 I/liblog ( 2230): 3
08-22 17:43:13.095 W/System.err( 2230): java.net.BindException: bind failed: EADDRINUSE (Address already in use)
08-22 17:43:13.095 W/System.err( 2230): at libcore.io.IoBridge.bind(IoBridge.java:150)
08-22 17:43:13.095 W/System.err( 2230): at java.net.PlainSocketImpl.socketBind(PlainSocketImpl.java:162)
08-22 17:43:13.095 W/System.err( 2230): at java.net.AbstractPlainSocketImpl.bind(AbstractPlainSocketImpl.java:427)
08-22 17:43:13.095 W/System.err( 2230): at java.net.ServerSocket.bind(ServerSocket.java:377)
08-22 17:43:13.095 W/System.err( 2230): at java.net.ServerSocket.(ServerSocket.java:237)
08-22 17:43:13.095 W/System.err( 2230): at com.thundercomm.remotecontrolservice.RemoteSocketService.startServer(RemoteSocketService.java:91)
08-22 17:43:13.095 W/System.err( 2230): at com.thundercomm.remotecontrolservice.RemoteSocketService.restartServer(RemoteSocketService.java:119)
08-22 17:43:13.095 W/System.err( 2230): at com.thundercomm.remotecontrolservice.RemoteSocketService.access$100(RemoteSocketService.java:11)
08-22 17:43:13.096 I/liblog ( 2230): 6
08-22 17:43:13.096 I/liblog ( 2230): 3
08-22 17:43:13.097 D/RemoteControlService( 2230): start reader thread, mServerIp = 192.168.4.16, mServerPort = 12600
08-22 17:43:13.097 I/liblog ( 2230): 2
08-22 17:43:13.098 I/liblog ( 2230): 6
08-22 17:43:13.098 I/liblog ( 2230): 4
08-22 17:43:13.100 I/liblog ( 2230): 4
08-22 17:43:13.100 W/System.err( 2230): java.net.BindException: bind failed: EADDRINUSE (Address already in use)
08-22 17:43:13.100 I/liblog ( 2230): 3
08-22 17:43:13.101 I/liblog ( 2230): 3
08-22 17:43:13.101 I/liblog ( 2230): 3
08-22 17:43:13.111 I/liblog ( 2230): 5
08-22 17:43:13.111 D/RemoteControlService( 2230): start reader thread, mServerIp = 192.168.8.16, mServerPort = 12600
08-22 17:43:13.112 W/System.err( 2230): java.net.BindException: bind failed: EADDRINUSE (Address already in use)
08-22 17:43:13.112 W/System.err( 2230): at libcore.io.IoBridge.bind(IoBridge.java:150)
08-22 17:43:13.112 W/System.err( 2230): at java.net.PlainSocketImpl.socketBind(PlainSocketImpl.java:162)
08-22 17:43:13.113 W/System.err( 2230): at java.net.AbstractPlainSocketImpl.bind(AbstractPlainSocketImpl.java:427)
08-22 17:43:13.113 W/System.err( 2230): at java.net.ServerSocket.bind(ServerSocket.java:377)
08-22 17:43:13.113 W/System.err( 2230): at java.net.ServerSocket.(ServerSocket.java:237)
08-22 17:43:13.113 W/System.err( 2230): at com.thundercomm.remotecontrolservice.RemoteSocketService.startServer(RemoteSocketService.java:91)
08-22 17:43:13.113 W/System.err( 2230): at com.thundercomm.remotecontrolservice.RemoteSocketService.access$400(RemoteSocketService.java:11)
08-22 17:43:13.113 W/System.err( 2230): at com.thundercomm.remotecontrolservice.RemoteSocketService$2.run(RemoteSocketService.java:62)
08-22 17:43:13.113 W/System.err( 2230): Caused by: android.system.ErrnoException: bind failed: EADDRINUSE (Address already in use)
08-22 17:43:13.113 W/System.err( 2230): at libcore.io.Linux.bind(Native Method)
08-22 17:43:13.113 W/System.err( 2230): at libcore.io.ForwardingOs.bind(ForwardingOs.java:141)
08-22 17:43:13.113 W/System.err( 2230): at libcore.io.ForwardingOs.bind(ForwardingOs.java:141)
08-22 17:43:13.113 W/System.err( 2230): at libcore.io.IoBridge.bind(IoBridge.java:146)
08-22 17:43:13.113 W/System.err( 2230): ... 7 more
08-22 17:43:13.116 D/RemoteControlService( 2230): start reader thread, mServerIp = 192.168.11.16, mServerPort = 12600
08-22 17:43:13.117 D/RemoteControlService( 2230): start reader thread, mServerIp = 192.168.0.16, mServerPort = 12600
08-22 17:43:13.119 D/RemoteControlService( 2230): start reader thread, mServerIp = 192.168.1.16, mServerPort = 12600
08-22 17:43:13.120 D/RemoteControlService( 2230): start reader thread, mServerIp = 192.168.2.16, mServerPort = 12600
08-22 17:43:13.121 W/System.err( 2230): java.net.BindException: bind failed: EADDRINUSE (Address already in use)
08-22 17:43:13.122 W/System.err( 2230): at libcore.io.IoBridge.bind(IoBridge.java:150)
08-22 17:43:13.122 W/System.err( 2230): at java.net.PlainSocketImpl.socketBind(PlainSocketImpl.java:162)
08-22 17:43:13.122 W/System.err( 2230): at java.net.AbstractPlainSocketImpl.bind(AbstractPlainSocketImpl.java:427)
08-22 17:43:13.122 W/System.err( 2230): at java.net.ServerSocket.bind(ServerSocket.java:377)
08-22 17:43:13.122 W/System.err( 2230): at java.net.ServerSocket.(ServerSocket.java:237)
08-22 17:43:13.122 W/System.err( 2230): at com.thundercomm.remotecontrolservice.RemoteSocketService.startServer(RemoteSocketService.java:91)
08-22 17:43:13.122 W/System.err( 2230): at com.thundercomm.remotecontrolservice.RemoteSocketService.access$400(RemoteSocketService.java:11)
08-22 17:43:13.122 W/System.err( 2230): at com.thundercomm.remotecontrolservice.RemoteSocketService$2.run(RemoteSocketService.java:62)
08-22 17:43:13.122 W/System.err( 2230): Caused by: android.system.ErrnoException: bind failed: EADDRINUSE (Address already in use)
08-22 17:43:13.122 W/System.err( 2230): at libcore.io.Linux.bind(Native Method)
08-22 17:43:13.122 W/System.err( 2230): at libcore.io.ForwardingOs.bind(ForwardingOs.java:141)
08-22 17:43:13.122 W/System.err( 2230): at libcore.io.ForwardingOs.bind(ForwardingOs.java:141)
08-22 17:43:13.122 W/System.err( 2230): at libcore.io.IoBridge.bind(IoBridge.java:146)
08-22 17:43:13.123 I/liblog ( 2230): 13
08-22 17:43:13.124 I/liblog ( 2230): 3
08-22 17:43:13.124 W/System.err( 2230): at libcore.io.IoBridge.bind(IoBridge.java:150)
08-22 17:43:13.125 W/System.err( 2230): at com.thundercomm.remotecontrolservice.RemoteSocketService.startServer(RemoteSocketService.java:91)
08-22 17:43:13.125 I/liblog ( 2230): 8
08-22 17:43:13.126 I/liblog ( 2230): 5
08-22 17:43:13.126 W/System.err( 2230): at com.thundercomm.remotecontrolservice.RemoteSocketService.startServer(RemoteSocketService.java:91)
08-22 17:43:13.215 F/linker ( 4992): CANNOT LINK EXECUTABLE "/vendor/bin/hw/sxrservice": library "vendor.qti.hardware.qxr-V1-ndk_platform.so" not found: needed by main executable
08-22 17:43:13.221 F/linker ( 4991): CANNOT LINK EXECUTABLE "/vendor/bin/hw/qvrservice": library "vendor.qti.hardware.qxr-V1-ndk_platform.so" not found: needed by /vendor/lib64/libqvrservice.so in namespace (default)
08-22 17:43:13.820 W/OverlayManager( 1155): service 'idmap' died
08-22 17:43:13.921 I/am_pss ( 1155): [2411,10106,com.android.launcher3,49971200,40894464,0,176644096,0,5,21]
08-22 17:43:14.002 I/mpu_uart( 664): [MSG-P:RECV]:No message received in 1000 ms
08-22 17:43:14.023 I/mpu_uart( 664): [MSG-P:R]:recv sync frame timeout
01-01 01:39:06.333 D/ ( 0): mv2112_read_status
01-01 01:39:06.333 D/mv2112_update_link( 0): 3.0x901(1G): 0x80
01-01 01:39:06.333 D/mv2112_update_link( 0): 3.0x8109(100M): 0x0
01-01 01:39:06.333 D/mv2112_update_link( 0): link 0x0
01-01 01:39:06.333 D/mv2112_read_status( 0): autoneg is disabled
08-22 17:43:15.003 I/mpu_uart( 664): [MSG-P:RECV]:No message received in 1000 ms
01-01 01:39:07.357 D/ ( 0): mv2112_read_status
01-01 01:39:07.357 D/mv2112_update_link( 0): 3.0x901(1G): 0x80
01-01 01:39:07.357 D/mv2112_update_link( 0): 3.0x8109(100M): 0x0
01-01 01:39:07.357 D/mv2112_update_link( 0): link 0x0
01-01 01:39:07.357 D/mv2112_read_status( 0): autoneg is disabled
08-22 17:43:16.004 I/mpu_uart( 664): [MSG-P:RECV]:No message received in 1000 ms
01-01 01:39:08.381 D/ ( 0): mv2112_read_status
01-01 01:39:08.381 D/mv2112_update_link( 0): 3.0x901(1G): 0x80
01-01 01:39:08.381 D/mv2112_update_link( 0): 3.0x8109(100M): 0x0
01-01 01:39:08.381 D/mv2112_update_link( 0): link 0x0
01-01 01:39:08.381 D/mv2112_read_status( 0): autoneg is disabled
08-22 17:43:17.005 I/mpu_uart( 664): [MSG-P:RECV]:No message received in 1000 ms
08-22 17:43:17.027 I/mpu_uart( 664): [MSG-P:R]:recv sync frame timeout
08-22 17:43:17.167 I/input_interaction( 1155): Interaction with: 2287e5 com.android.settings/com.android.settings.SubSettings (server), edge-swipe (server), swipe-up (server), PointerEventDispatcher0 (server),
08-22 17:43:17.182 I/InputDispatcher( 1155): Monitor edge-swipe (server) is stealing touch from [2287e5 com.android.settings/com.android.settings.SubSettings (server), ]
08-22 17:43:17.182 I/view_enqueue_input_event( 2374): [Motion - Cancel,com.android.settings/com.android.settings.SubSettings]
08-22 17:43:17.192 I/input_interaction( 1155): Interaction with: edge-swipe (server), swipe-up (server), PointerEventDispatcher0 (server),
08-22 17:43:17.197 D/vendor.qti.vibrator( 995): Vibrator perform effect 2
08-22 17:43:17.198 D/vendor.qti.vibrator( 995): QTI Vibrator off
08-22 17:43:17.206 I/hwservicemanager( 520): getTransport: Cannot find entry android.hardware.light@2.0::ILight/default in either framework or device VINTF manifest.
08-22 17:43:17.210 E/light ( 4994): light_open lights keyboard failed: -22
08-22 17:43:17.211 E/light ( 4994): Light passthrough failed to load legacy HAL.
08-22 17:43:17.211 E/light ( 4994): light_open lights buttons failed: -22
08-22 17:43:17.211 E/light ( 4994): Light passthrough failed to load legacy HAL.
08-22 17:43:17.213 E/light ( 4994): light_open lights bluetooth failed: -22
08-22 17:43:17.213 E/light ( 4994): Light passthrough failed to load legacy HAL.
08-22 17:43:17.214 E/light ( 4994): light_open lights wifi failed: -22
08-22 17:43:17.214 E/light ( 4994): Light passthrough failed to load legacy HAL.
08-22 17:43:17.217 I/hwservicemanager( 520): getTransport: Cannot find entry android.hardware.light@2.0::ILight/default in either framework or device VINTF manifest.
08-22 17:43:17.217 E/HidlServiceManagement( 4994): Service android.hardware.light@2.0::ILight/default must be in VINTF manifest in order to register/get.
08-22 17:43:17.217 E/LegacySupport( 4994): Could not register service android.hardware.light@2.0::ILight/default (-2147483648).
01-01 01:39:09.405 D/ ( 0): mv2112_read_status
01-01 01:39:09.405 D/mv2112_update_link( 0): 3.0x901(1G): 0x80
01-01 01:39:09.405 D/mv2112_update_link( 0): 3.0x8109(100M): 0x0
01-01 01:39:09.405 D/mv2112_update_link( 0): link 0x0
01-01 01:39:09.405 D/mv2112_read_status( 0): autoneg is disabled
08-22 17:43:17.583 I/liblog ( 2230): 14
08-22 17:43:17.583 W/System.err( 2230): java.net.BindException: bind failed: EADDRINUSE (Address already in use)
08-22 17:43:17.585 W/System.err( 2230): at libcore.io.IoBridge.bind(IoBridge.java:150)
08-22 17:43:17.586 W/System.err( 2230): at java.net.PlainSocketImpl.socketBind(PlainSocketImpl.java:162)
08-22 17:43:17.586 W/System.err( 2230): at java.net.AbstractPlainSocketImpl.bind(AbstractPlainSocketImpl.java:427)
08-22 17:43:17.586 W/System.err( 2230): at java.net.ServerSocket.bind(ServerSocket.java:377)
08-22 17:43:17.586 W/System.err( 2230): at java.net.ServerSocket.(ServerSocket.java:237)
08-22 17:43:17.586 W/System.err( 2230): at com.thundercomm.remotecontrolservice.RemoteSocketService.startServer(RemoteSocketService.java:91)
08-22 17:43:17.587 W/System.err( 2230): at com.thundercomm.remotecontrolservice.RemoteSocketService.restartServer(RemoteSocketService.java:119)
08-22 17:43:17.587 W/System.err( 2230): at com.thundercomm.remotecontrolservice.RemoteSocketService.access$100(RemoteSocketService.java:11)
08-22 17:43:17.587 W/System.err( 2230): at com.thundercomm.remotecontrolservice.RemoteSocketService$3.run(RemoteSocketService.java:101)
08-22 17:43:17.587 W/System.err( 2230): at java.lang.Thread.run(Thread.java:920)
08-22 17:43:17.588 W/System.err( 2230): Caused by: android.system.ErrnoException: bind failed: EADDRINUSE (Address already in use)
08-22 17:43:17.588 W/System.err( 2230): at libcore.io.Linux.bind(Native Method)
08-22 17:43:17.588 W/System.err( 2230): at libcore.io.ForwardingOs.bind(ForwardingOs.java:141)
08-22 17:43:17.588 W/System.err( 2230): at libcore.io.ForwardingOs.bind(ForwardingOs.java:141)
08-22 17:43:17.588 W/System.err( 2230): at libcore.io.IoBridge.bind(IoBridge.java:146)
08-22 17:43:17.589 W/System.err( 2230): ... 9 more
08-22 17:43:17.589 W/System.err( 2230): java.net.BindException: bind failed: EADDRINUSE (Address already in use)
08-22 17:43:17.590 W/System.err( 2230): at libcore.io.IoBridge.bind(IoBridge.java:150)
08-22 17:43:17.590 W/System.err( 2230): at java.net.PlainSocketImpl.socketBind(PlainSocketImpl.java:162)
08-22 17:43:17.590 W/System.err( 2230): at java.net.AbstractPlainSocketImpl.bind(AbstractPlainSocketImpl.java:427)
08-22 17:43:17.590 W/System.err( 2230): at java.net.ServerSocket.bind(ServerSocket.java:377)
08-22 17:43:17.590 W/System.err( 2230): at java.net.ServerSocket.(ServerSocket.java:237)
08-22 17:43:17.591 W/System.err( 2230): at com.thundercomm.remotecontrolservice.RemoteSocketService.startServer(RemoteSocketService.java:91)
08-22 17:43:17.591 W/System.err( 2230): at com.thundercomm.remotecontrolservice.RemoteSocketService.restartServer(RemoteSocketService.java:119)
08-22 17:43:17.591 W/System.err( 2230): at com.thundercomm.remotecontrolservice.RemoteSocketService.access$100(RemoteSocketService.java:11)
08-22 17:43:17.591 W/System.err( 2230): at com.thundercomm.remotecontrolservice.RemoteSocketService$3.run(RemoteSocketService.java:101)
08-22 17:43:17.591 W/System.err( 2230): at java.lang.Thread.run(Thread.java:920)
08-22 17:43:17.591 W/System.err( 2230): Caused by: android.system.ErrnoException: bind failed: EADDRINUSE (Address already in use)
08-22 17:43:17.592 W/System.err( 2230): at libcore.io.Linux.bind(Native Method)
08-22 17:43:17.592 W/System.err( 2230): at libcore.io.ForwardingOs.bind(ForwardingOs.java:141)
08-22 17:43:17.592 W/System.err( 2230): at libcore.io.ForwardingOs.bind(ForwardingOs.java:141)
08-22 17:43:17.592 W/System.err( 2230): at libcore.io.IoBridge.bind(IoBridge.java:146)
08-22 17:43:17.592 W/System.err( 2230): ... 9 more
08-22 17:43:17.594 W/System.err( 2230): java.net.BindException: bind failed: EADDRINUSE (Address already in use)
08-22 17:43:17.594 W/System.err( 2230): at libcore.io.IoBridge.bind(IoBridge.java:150)
08-22 17:43:17.594 W/System.err( 2230): at java.net.PlainSocketImpl.socketBind(PlainSocketImpl.java:162)
08-22 17:43:17.594 W/System.err( 2230): at java.net.AbstractPlainSocketImpl.bind(AbstractPlainSocketImpl.java:427)
08-22 17:43:17.594 W/System.err( 2230): at java.net.ServerSocket.bind(ServerSocket.java:377)
08-22 17:43:17.594 W/System.err( 2230): at java.net.ServerSocket.(ServerSocket.java:237)
08-22 17:43:17.595 W/System.err( 2230): at com.thundercomm.remotecontrolservice.RemoteSocketService.startServer(RemoteSocketService.java:91)
08-22 17:43:17.595 W/System.err( 2230): at com.thundercomm.remotecontrolservice.RemoteSocketService.restartServer(RemoteSocketService.java:119)
08-22 17:43:17.596 W/System.err( 2230): at com.thundercomm.remotecontrolservice.RemoteSocketService.access$100(RemoteSocketService.java:11)
08-22 17:43:17.596 W/System.err( 2230): at com.thundercomm.remotecontrolservice.RemoteSocketService$3.run(RemoteSocketService.java:101)
08-22 17:43:17.596 W/System.err( 2230): at java.lang.Thread.run(Thread.java:920)
08-22 17:43:17.597 W/System.err( 2230): Caused by: android.system.ErrnoException: bind failed: EADDRINUSE (Address already in use)
08-22 17:43:17.597 W/System.err( 2230): at libcore.io.Linux.bind(Native Method)
08-22 17:43:17.597 W/System.err( 2230): at libcore.io.ForwardingOs.bind(ForwardingOs.java:141)
08-22 17:43:17.597 W/System.err( 2230): at libcore.io.ForwardingOs.bind(ForwardingOs.java:141)
08-22 17:43:17.597 W/System.err( 2230): at libcore.io.IoBridge.bind(IoBridge.java:146)
08-22 17:43:17.597 W/System.err( 2230): ... 9 more
08-22 17:43:17.606 W/System.err( 2230): java.net.BindException: bind failed: EADDRINUSE (Address already in use)
08-22 17:43:17.606 W/System.err( 2230): at libcore.io.IoBridge.bind(IoBridge.java:150)
08-22 17:43:17.606 W/System.err( 2230): at java.net.PlainSocketImpl.socketBind(PlainSocketImpl.java:162)
08-22 17:43:17.606 W/System.err( 2230): at java.net.AbstractPlainSocketImpl.bind(AbstractPlainSocketImpl.java:427)
08-22 17:43:17.606 W/System.err( 2230): at java.net.ServerSocket.bind(ServerSocket.java:377)
08-22 17:43:17.606 W/System.err( 2230): at java.net.ServerSocket.(ServerSocket.java:237)
08-22 17:43:17.606 W/System.err( 2230): at com.thundercomm.remotecontrolservice.RemoteSocketService.startServer(RemoteSocketService.java:91)
08-22 17:43:17.606 W/System.err( 2230): at com.thundercomm.remotecontrolservice.RemoteSocketService.restartServer(RemoteSocketService.java:119)
08-22 17:43:17.607 W/System.err( 2230): at com.thundercomm.remotecontrolservice.RemoteSocketService.access$100(RemoteSocketService.java:11)
08-22 17:43:17.607 W/System.err( 2230): at com.thundercomm.remotecontrolservice.RemoteSocketService$3.run(RemoteSocketService.java:101)
08-22 17:43:17.607 W/System.err( 2230): at java.lang.Thread.run(Thread.java:920)
08-22 17:43:17.607 W/System.err( 2230): Caused by: android.system.ErrnoException: bind failed: EADDRINUSE (Address already in use)
08-22 17:43:17.607 W/System.err( 2230): at libcore.io.Linux.bind(Native Method)
08-22 17:43:17.607 W/System.err( 2230): at libcore.io.ForwardingOs.bind(ForwardingOs.java:141)
08-22 17:43:17.607 W/System.err( 2230): at libcore.io.ForwardingOs.bind(ForwardingOs.java:141)
08-22 17:43:17.608 W/System.err( 2230): at libcore.io.IoBridge.bind(IoBridge.java:146)
08-22 17:43:17.608 W/System.err( 2230): ... 9 more
08-22 17:43:17.609 W/System.err( 2230): java.net.BindException: bind failed: EADDRINUSE (Address already in use)
08-22 17:43:17.609 W/System.err( 2230): at libcore.io.IoBridge.bind(IoBridge.java:150)
08-22 17:43:17.609 W/System.err( 2230): at java.net.PlainSocketImpl.socketBind(PlainSocketImpl.java:162)
08-22 17:43:17.609 W/System.err( 2230): at java.net.AbstractPlainSocketImpl.bind(AbstractPlainSocketImpl.java:427)
08-22 17:43:17.609 W/System.err( 2230): at java.net.ServerSocket.bind(ServerSocket.java:377)
08-22 17:43:17.609 W/System.err( 2230): at java.net.ServerSocket.(ServerSocket.java:237)
08-22 17:43:17.609 W/System.err( 2230): at com.thundercomm.remotecontrolservice.RemoteSocketService.startServer(RemoteSocketService.java:91)
08-22 17:43:17.609 W/System.err( 2230): at com.thundercomm.remotecontrolservice.RemoteSocketService.restartServer(RemoteSocketService.java:119)
08-22 17:43:17.610 W/System.err( 2230): at com.thundercomm.remotecontrolservice.RemoteSocketService.access$100(RemoteSocketService.java:11)
08-22 17:43:17.610 W/System.err( 2230): at com.thundercomm.remotecontrolservice.RemoteSocketService$3.run(RemoteSocketService.java:101)
08-22 17:43:17.610 W/System.err( 2230): at java.lang.Thread.run(Thread.java:920)
08-22 17:43:17.610 W/System.err( 2230): Caused by: android.system.ErrnoException: bind failed: EADDRINUSE (Address already in use)
08-22 17:43:17.610 W/System.err( 2230): at libcore.io.Linux.bind(Native Method)
08-22 17:43:17.610 W/System.err( 2230): at libcore.io.ForwardingOs.bind(ForwardingOs.java:141)
08-22 17:43:17.610 W/System.err( 2230): at libcore.io.ForwardingOs.bind(ForwardingOs.java:141)
08-22 17:43:17.610 W/System.err( 2230): at libcore.io.IoBridge.bind(IoBridge.java:146)
08-22 17:43:17.610 W/System.err( 2230): ... 9 more
08-22 17:43:17.616 W/System.err( 2230): java.net.BindException: bind failed: EADDRINUSE (Address already in use)
08-22 17:43:17.616 W/System.err( 2230): at libcore.io.IoBridge.bind(IoBridge.java:150)
08-22 17:43:17.616 W/System.err( 2230): at java.net.PlainSocketImpl.socketBind(PlainSocketImpl.java:162)
08-22 17:43:17.616 W/System.err( 2230): at java.net.AbstractPlainSocketImpl.bind(AbstractPlainSocketImpl.java:427)
08-22 17:43:17.616 W/System.err( 2230): at java.net.ServerSocket.bind(ServerSocket.java:377)
08-22 17:43:17.616 W/System.err( 2230): at java.net.ServerSocket.(ServerSocket.java:237)
08-22 17:43:17.616 W/System.err( 2230): at com.thundercomm.remotecontrolservice.RemoteSocketService.startServer(RemoteSocketService.java:91)
08-22 17:43:17.616 W/System.err( 2230): at com.thundercomm.remotecontrolservice.RemoteSocketService.restartServer(RemoteSocketService.java:119)
08-22 17:43:17.616 W/System.err( 2230): at com.thundercomm.remotecontrolservice.RemoteSocketService.access$100(RemoteSocketService.java:11)
08-22 17:43:17.616 W/System.err( 2230): at com.thundercomm.remotecontrolservice.RemoteSocketService$3.run(RemoteSocketService.java:101)
08-22 17:43:17.617 W/System.err( 2230): at java.lang.Thread.run(Thread.java:920)
08-22 17:43:17.617 W/System.err( 2230): Caused by: android.system.ErrnoException: bind failed: EADDRINUSE (Address already in use)
08-22 17:43:17.617 W/System.err( 2230): at libcore.io.Linux.bind(Native Method)
08-22 17:43:17.617 W/System.err( 2230): at libcore.io.ForwardingOs.bind(ForwardingOs.java:141)
08-22 17:43:17.617 W/System.err( 2230): at libcore.io.ForwardingOs.bind(ForwardingOs.java:141)
08-22 17:43:17.617 W/System.err( 2230): at libcore.io.IoBridge.bind(IoBridge.java:146)
08-22 17:43:17.617 W/System.err( 2230): ... 9 more
08-22 17:43:17.618 W/System.err( 2230): java.net.BindException: bind failed: EADDRINUSE (Address already in use)
08-22 17:43:17.618 W/System.err( 2230): at libcore.io.IoBridge.bind(IoBridge.java:150)
08-22 17:43:17.618 W/System.err( 2230): at java.net.PlainSocketImpl.socketBind(PlainSocketImpl.java:162)
08-22 17:43:17.618 W/System.err( 2230): at java.net.AbstractPlainSocketImpl.bind(AbstractPlainSocketImpl.java:427)
08-22 17:43:17.618 W/System.err( 2230): at java.net.ServerSocket.bind(ServerSocket.java:377)
08-22 17:43:17.618 W/System.err( 2230): at java.net.ServerSocket.(ServerSocket.java:237)
08-22 17:43:17.618 W/System.err( 2230): at com.thundercomm.remotecontrolservice.RemoteSocketService.startServer(RemoteSocketService.java:91)
08-22 17:43:17.618 W/System.err( 2230): at com.thundercomm.remotecontrolservice.RemoteSocketService.restartServer(RemoteSocketService.java:119)
08-22 17:43:17.618 W/System.err( 2230): at com.thundercomm.remotecontrolservice.RemoteSocketService.access$100(RemoteSocketService.java:11)
08-22 17:43:17.618 W/System.err( 2230): at com.thundercomm.remotecontrolservice.RemoteSocketService$3.run(RemoteSocketService.java:101)
08-22 17:43:17.618 W/System.err( 2230): at java.lang.Thread.run(Thread.java:920)
08-22 17:43:17.619 W/System.err( 2230): Caused by: android.system.ErrnoException: bind failed: EADDRINUSE (Address already in use)
08-22 17:43:17.619 W/System.err( 2230): at libcore.io.Linux.bind(Native Method)
08-22 17:43:17.619 W/System.err( 2230): at libcore.io.ForwardingOs.bind(ForwardingOs.java:141)
08-22 17:43:17.619 W/System.err( 2230): at libcore.io.ForwardingOs.bind(ForwardingOs.java:141)
08-22 17:43:17.619 W/System.err( 2230): at libcore.io.IoBridge.bind(IoBridge.java:146)
08-22 17:43:17.619 W/System.err( 2230): ... 9 more
08-22 17:43:17.619 W/System.err( 2230): java.net.BindException: bind failed: EADDRINUSE (Address already in use)
08-22 17:43:17.619 W/System.err( 2230): at libcore.io.IoBridge.bind(IoBridge.java:150)
08-22 17:43:17.619 W/System.err( 2230): at java.net.PlainSocketImpl.socketBind(PlainSocketImpl.java:162)
08-22 17:43:17.620 W/System.err( 2230): at java.net.AbstractPlainSocketImpl.bind(AbstractPlainSocketImpl.java:427)
08-22 17:43:17.620 W/System.err( 2230): at java.net.ServerSocket.bind(ServerSocket.java:377)
08-22 17:43:17.620 W/System.err( 2230): at java.net.ServerSocket.(ServerSocket.java:237)
08-22 17:43:17.620 W/System.err( 2230): at com.thundercomm.remotecontrolservice.RemoteSocketService.startServer(RemoteSocketService.java:91)
08-22 17:43:17.620 W/System.err( 2230): at com.thundercomm.remotecontrolservice.RemoteSocketService.restartServer(RemoteSocketService.java:119)
08-22 17:43:17.620 W/System.err( 2230): at com.thundercomm.remotecontrolservice.RemoteSocketService.access$100(RemoteSocketService.java:11)
08-22 17:43:17.622 W/System.err( 2230): at com.thundercomm.remotecontrolservice.RemoteSocketService$3.run(RemoteSocketService.java:101)
08-22 17:43:17.622 W/System.err( 2230): at java.lang.Thread.run(Thread.java:920)
08-22 17:43:17.622 W/System.err( 2230): Caused by: android.system.ErrnoException: bind failed: EADDRINUSE (Address already in use)
08-22 17:43:17.622 W/System.err( 2230): at libcore.io.Linux.bind(Native Method)
08-22 17:43:17.622 W/System.err( 2230): at libcore.io.ForwardingOs.bind(ForwardingOs.java:141)
08-22 17:43:17.622 W/System.err( 2230): at libcore.io.ForwardingOs.bind(ForwardingOs.java:141)
08-22 17:43:17.622 W/System.err( 2230): at libcore.io.IoBridge.bind(IoBridge.java:146)
08-22 17:43:17.622 W/System.err( 2230): ... 9 more
08-22 17:43:17.623 W/System.err( 2230): java.net.BindException: bind failed: EADDRINUSE (Address already in use)
08-22 17:43:17.623 W/System.err( 2230): at libcore.io.IoBridge.bind(IoBridge.java:150)
08-22 17:43:17.623 W/System.err( 2230): at java.net.PlainSocketImpl.socketBind(PlainSocketImpl.java:162)
08-22 17:43:17.623 W/System.err( 2230): at java.net.AbstractPlainSocketImpl.bind(AbstractPlainSocketImpl.java:427)
08-22 17:43:17.623 W/System.err( 2230): at java.net.ServerSocket.bind(ServerSocket.java:377)
08-22 17:43:17.623 W/System.err( 2230): at java.net.ServerSocket.(ServerSocket.java:237)
08-22 17:43:17.623 W/System.err( 2230): at com.thundercomm.remotecontrolservice.RemoteSocketService.startServer(RemoteSocketService.java:91)
08-22 17:43:17.623 W/System.err( 2230): at com.thundercomm.remotecontrolservice.RemoteSocketService.restartServer(RemoteSocketService.java:119)
08-22 17:43:17.624 W/System.err( 2230): at com.thundercomm.remotecontrolservice.RemoteSocketService.access$100(RemoteSocketService.java:11)
08-22 17:43:17.624 W/System.err( 2230): at com.thundercomm.remotecontrolservice.RemoteSocketService$3.run(RemoteSocketService.java:101)
08-22 17:43:17.624 W/System.err( 2230): at java.lang.Thread.run(Thread.java:920)
08-22 17:43:17.624 W/System.err( 2230): Caused by: android.system.ErrnoException: bind failed: EADDRINUSE (Address already in use)
08-22 17:43:17.624 W/System.err( 2230): at libcore.io.Linux.bind(Native Method)
08-22 17:43:17.626 W/System.err( 2230): at libcore.io.ForwardingOs.bind(ForwardingOs.java:141)
08-22 17:43:17.626 W/System.err( 2230): at libcore.io.ForwardingOs.bind(ForwardingOs.java:141)
08-22 17:43:17.626 W/System.err( 2230): at libcore.io.IoBridge.bind(IoBridge.java:146)
08-22 17:43:17.627 W/System.err( 2230): ... 9 more
08-22 17:43:17.627 W/System.err( 2230): java.net.BindException: bind failed: EADDRINUSE (Address already in use)
08-22 17:43:17.627 W/System.err( 2230): at libcore.io.IoBridge.bind(IoBridge.java:150)
08-22 17:43:17.627 W/System.err( 2230): at java.net.PlainSocketImpl.socketBind(PlainSocketImpl.java:162)
08-22 17:43:17.627 W/System.err( 2230): at java.net.AbstractPlainSocketImpl.bind(AbstractPlainSocketImpl.java:427)
08-22 17:43:17.627 W/System.err( 2230): at java.net.ServerSocket.bind(ServerSocket.java:377)
08-22 17:43:17.627 W/System.err( 2230): at java.net.ServerSocket.(ServerSocket.java:237)
08-22 17:43:17.627 W/System.err( 2230): at com.thundercomm.remotecontrolservice.RemoteSocketService.startServer(RemoteSocketService.java:91)
08-22 17:43:17.627 W/System.err( 2230): at com.thundercomm.remotecontrolservice.RemoteSocketService.restartServer(RemoteSocketService.java:119)
08-22 17:43:17.627 W/System.err( 2230): at com.thundercomm.remotecontrolservice.RemoteSocketService.access$100(RemoteSocketService.java:11)
08-22 17:43:17.628 W/System.err( 2230): at com.thundercomm.remotecontrolservice.RemoteSocketService$3.run(RemoteSocketService.java:101)
08-22 17:43:17.628 W/System.err( 2230): at java.lang.Thread.run(Thread.java:920)
08-22 17:43:17.628 W/System.err( 2230): Caused by: android.system.ErrnoException: bind failed: EADDRINUSE (Address already in use)
08-22 17:43:17.628 W/System.err( 2230): at libcore.io.Linux.bind(Native Method)
08-22 17:43:17.628 W/System.err( 2230): at libcore.io.ForwardingOs.bind(ForwardingOs.java:141)
08-22 17:43:17.628 W/System.err( 2230): at libcore.io.ForwardingOs.bind(ForwardingOs.java:141)
08-22 17:43:17.628 W/System.err( 2230): at libcore.io.IoBridge.bind(IoBridge.java:146)
08-22 17:43:17.628 W/System.err( 2230): ... 9 more
08-22 17:43:17.628 W/System.err( 2230): java.net.BindException: bind failed: EADDRINUSE (Address already in use)
08-22 17:43:17.629 W/System.err( 2230): at libcore.io.IoBridge.bind(IoBridge.java:150)
08-22 17:43:17.629 W/System.err( 2230): at java.net.PlainSocketImpl.socketBind(PlainSocketImpl.java:162)
08-22 17:43:17.629 W/System.err( 2230): at java.net.AbstractPlainSocketImpl.bind(AbstractPlainSocketImpl.java:427)
08-22 17:43:17.629 W/System.err( 2230): at java.net.ServerSocket.bind(ServerSocket.java:377)
08-22 17:43:17.629 W/System.err( 2230): at java.net.ServerSocket.(ServerSocket.java:237)
08-22 17:43:17.629 W/System.err( 2230): at com.thundercomm.remotecontrolservice.RemoteSocketService.startServer(RemoteSocketService.java:91)
08-22 17:43:17.629 W/System.err( 2230): at com.thundercomm.remotecontrolservice.RemoteSocketService.restartServer(RemoteSocketService.java:119)
08-22 17:43:17.629 W/System.err( 2230): at com.thundercomm.remotecontrolservice.RemoteSocketService.access$100(RemoteSocketService.java:11)
08-22 17:43:17.629 W/System.err( 2230): at com.thundercomm.remotecontrolservice.RemoteSocketService$3.run(RemoteSocketService.java:101)
08-22 17:43:17.630 W/System.err( 2230): at java.lang.Thread.run(Thread.java:920)
08-22 17:43:17.630 W/System.err( 2230): Caused by: android.system.ErrnoException: bind failed: EADDRINUSE (Address already in use)
08-22 17:43:17.631 W/System.err( 2230): at libcore.io.Linux.bind(Native Method)
08-22 17:43:17.631 W/System.err( 2230): at libcore.io.ForwardingOs.bind(ForwardingOs.java:141)
08-22 17:43:17.631 W/System.err( 2230): at libcore.io.ForwardingOs.bind(ForwardingOs.java:141)
08-22 17:43:17.631 W/System.err( 2230): at libcore.io.IoBridge.bind(IoBridge.java:146)
08-22 17:43:17.631 W/System.err( 2230): ... 9 more
08-22 17:43:17.632 W/System.err( 2230): java.net.BindException: bind failed: EADDRINUSE (Address already in use)
08-22 17:43:17.632 W/System.err( 2230): at libcore.io.IoBridge.bind(IoBridge.java:150)
08-22 17:43:17.632 W/System.err( 2230): at java.net.PlainSocketImpl.socketBind(PlainSocketImpl.java:162)
08-22 17:43:17.632 W/System.err( 2230): at java.net.AbstractPlainSocketImpl.bind(AbstractPlainSocketImpl.java:427)
08-22 17:43:17.632 W/System.err( 2230): at java.net.ServerSocket.bind(ServerSocket.java:377)
08-22 17:43:17.632 W/System.err( 2230): at java.net.ServerSocket.(ServerSocket.java:237)
08-22 17:43:17.632 W/System.err( 2230): at com.thundercomm.remotecontrolservice.RemoteSocketService.startServer(RemoteSocketService.java:91)
08-22 17:43:17.632 W/System.err( 2230): at com.thundercomm.remotecontrolservice.RemoteSocketService.restartServer(RemoteSocketService.java:119)
08-22 17:43:17.632 W/System.err( 2230): at com.thundercomm.remotecontrolservice.RemoteSocketService.access$100(RemoteSocketService.java:11)
08-22 17:43:17.633 W/System.err( 2230): at com.thundercomm.remotecontrolservice.RemoteSocketService$3.run(RemoteSocketService.java:101)
08-22 17:43:17.633 W/System.err( 2230): at java.lang.Thread.run(Thread.java:920)
08-22 17:43:17.633 W/System.err( 2230): Caused by: android.system.ErrnoException: bind failed: EADDRINUSE (Address already in use)
08-22 17:43:17.633 W/System.err( 2230): at libcore.io.Linux.bind(Native Method)
08-22 17:43:17.633 W/System.err( 2230): at libcore.io.ForwardingOs.bind(ForwardingOs.java:141)
08-22 17:43:17.633 W/System.err( 2230): at libcore.io.ForwardingOs.bind(ForwardingOs.java:141)
08-22 17:43:17.633 W/System.err( 2230): at libcore.io.IoBridge.bind(IoBridge.java:146)
08-22 17:43:17.633 W/System.err( 2230): ... 9 more
08-22 17:43:17.633 W/System.err( 2230): java.net.BindException: bind failed: EADDRINUSE (Address already in use)
08-22 17:43:17.634 W/System.err( 2230): at libcore.io.IoBridge.bind(IoBridge.java:150)
08-22 17:43:17.634 W/System.err( 2230): at java.net.PlainSocketImpl.socketBind(PlainSocketImpl.java:162)
08-22 17:43:17.634 W/System.err( 2230): at java.net.AbstractPlainSocketImpl.bind(AbstractPlainSocketImpl.java:427)
08-22 17:43:17.634 W/System.err( 2230): at java.net.ServerSocket.bind(ServerSocket.java:377)
08-22 17:43:17.634 W/System.err( 2230): at java.net.ServerSocket.(ServerSocket.java:237)
08-22 17:43:17.634 W/System.err( 2230): at com.thundercomm.remotecontrolservice.RemoteSocketService.startServer(RemoteSocketService.java:91)
08-22 17:43:17.634 W/System.err( 2230): at com.thundercomm.remotecontrolservice.RemoteSocketService.restartServer(RemoteSocketService.java:119)
08-22 17:43:17.634 W/System.err( 2230): at com.thundercomm.remotecontrolservice.RemoteSocketService.access$100(RemoteSocketService.java:11)
08-22 17:43:17.634 W/System.err( 2230): at com.thundercomm.remotecontrolservice.RemoteSocketService$3.run(RemoteSocketService.java:101)
08-22 17:43:17.634 W/System.err( 2230): at java.lang.Thread.run(Thread.java:920)
08-22 17:43:17.634 W/System.err( 2230): Caused by: android.system.ErrnoException: bind failed: EADDRINUSE (Address already in use)
08-22 17:43:17.635 W/System.err( 2230): at libcore.io.Linux.bind(Native Method)
08-22 17:43:17.635 W/System.err( 2230): at libcore.io.ForwardingOs.bind(ForwardingOs.java:141)
08-22 17:43:17.635 W/System.err( 2230): at libcore.io.ForwardingOs.bind(ForwardingOs.java:141)
08-22 17:43:17.635 W/System.err( 2230): at libcore.io.IoBridge.bind(IoBridge.java:146)
08-22 17:43:17.635 W/System.err( 2230): ... 9 more
08-22 17:43:17.637 W/System.err( 2230): java.net.BindException: bind failed: EADDRINUSE (Address already in use)
08-22 17:43:17.637 W/System.err( 2230): at libcore.io.IoBridge.bind(IoBridge.java:150)
08-22 17:43:17.637 W/System.err( 2230): at java.net.PlainSocketImpl.socketBind(PlainSocketImpl.java:162)
08-22 17:43:17.637 W/System.err( 2230): at java.net.AbstractPlainSocketImpl.bind(AbstractPlainSocketImpl.java:427)
08-22 17:43:17.637 W/System.err( 2230): at java.net.ServerSocket.bind(ServerSocket.java:377)
08-22 17:43:17.637 W/System.err( 2230): at java.net.ServerSocket.(ServerSocket.java:237)
08-22 17:43:17.637 W/System.err( 2230): at com.thundercomm.remotecontrolservice.RemoteSocketService.startServer(RemoteSocketService.java:91)
08-22 17:43:17.637 W/System.err( 2230): at com.thundercomm.remotecontrolservice.RemoteSocketService.restartServer(RemoteSocketService.java:119)
08-22 17:43:17.637 W/System.err( 2230): at com.thundercomm.remotecontrolservice.RemoteSocketService.access$100(RemoteSocketService.java:11)
08-22 17:43:17.637 W/System.err( 2230): at com.thundercomm.remotecontrolservice.RemoteSocketService$3.run(RemoteSocketService.java:101)
08-22 17:43:17.638 W/System.err( 2230): at java.lang.Thread.run(Thread.java:920)
08-22 17:43:17.638 W/System.err( 2230): Caused by: android.system.ErrnoException: bind failed: EADDRINUSE (Address already in use)
08-22 17:43:17.638 W/System.err( 2230): at libcore.io.Linux.bind(Native Method)
08-22 17:43:17.638 W/System.err( 2230): at libcore.io.ForwardingOs.bind(ForwardingOs.java:141)
08-22 17:43:17.638 W/System.err( 2230): at libcore.io.ForwardingOs.bind(ForwardingOs.java:141)
08-22 17:43:17.638 W/System.err( 2230): at libcore.io.IoBridge.bind(IoBridge.java:146)
08-22 17:43:17.638 W/System.err( 2230): ... 9 more
08-22 17:43:17.640 W/System.err( 2230): java.net.BindException: bind failed: EADDRINUSE (Address already in use)
08-22 17:43:17.640 W/System.err( 2230): at libcore.io.IoBridge.bind(IoBridge.java:150)
08-22 17:43:17.640 W/System.err( 2230): at java.net.PlainSocketImpl.socketBind(PlainSocketImpl.java:162)
08-22 17:43:17.640 W/System.err( 2230): at java.net.AbstractPlainSocketImpl.bind(AbstractPlainSocketImpl.java:427)
08-22 17:43:17.640 W/System.err( 2230): at java.net.ServerSocket.bind(ServerSocket.java:377)
08-22 17:43:17.640 W/System.err( 2230): at java.net.ServerSocket.(ServerSocket.java:237)
08-22 17:43:17.640 W/System.err( 2230): at com.thundercomm.remotecontrolservice.RemoteSocketService.startServer(RemoteSocketService.java:91)
08-22 17:43:17.640 W/System.err( 2230): at com.thundercomm.remotecontrolservice.RemoteSocketService.restartServer(RemoteSocketService.java:119)
08-22 17:43:17.640 W/System.err( 2230): at com.thundercomm.remotecontrolservice.RemoteSocketService.access$100(RemoteSocketService.java:11)
08-22 17:43:17.640 W/System.err( 2230): at com.thundercomm.remotecontrolservice.RemoteSocketService$3.run(RemoteSocketService.java:101)
08-22 17:43:17.640 W/System.err( 2230): at java.lang.Thread.run(Thread.java:920)
08-22 17:43:17.641 W/System.err( 2230): Caused by: android.system.ErrnoException: bind failed: EADDRINUSE (Address already in use)
08-22 17:43:17.641 W/System.err( 2230): at libcore.io.Linux.bind(Native Method)
08-22 17:43:17.641 W/System.err( 2230): at libcore.io.ForwardingOs.bind(ForwardingOs.java:141)
08-22 17:43:17.641 W/System.err( 2230): at libcore.io.ForwardingOs.bind(ForwardingOs.java:141)
08-22 17:43:17.641 W/System.err( 2230): at libcore.io.IoBridge.bind(IoBridge.java:146)
08-22 17:43:17.641 W/System.err( 2230): ... 9 more
08-22 17:43:17.650 W/System.err( 2230): java.net.BindException: bind failed: EADDRINUSE (Address already in use)
08-22 17:43:17.650 W/System.err( 2230): at libcore.io.IoBridge.bind(IoBridge.java:150)
08-22 17:43:17.650 W/System.err( 2230): at java.net.PlainSocketImpl.socketBind(PlainSocketImpl.java:162)
08-22 17:43:17.650 W/System.err( 2230): at java.net.AbstractPlainSocketImpl.bind(AbstractPlainSocketImpl.java:427)
08-22 17:43:17.650 W/System.err( 2230): at java.net.ServerSocket.bind(ServerSocket.java:377)
08-22 17:43:17.650 W/System.err( 2230): at java.net.ServerSocket.(ServerSocket.java:237)
08-22 17:43:17.650 W/System.err( 2230): at com.thundercomm.remotecontrolservice.RemoteSocketService.startServer(RemoteSocketService.java:91)
08-22 17:43:17.650 W/System.err( 2230): at com.thundercomm.remotecontrolservice.RemoteSocketService.restartServer(RemoteSocketService.java:119)
08-22 17:43:17.651 W/System.err( 2230): at com.thundercomm.remotecontrolservice.RemoteSocketService.access$100(RemoteSocketService.java:11)
08-22 17:43:17.651 W/System.err( 2230): at com.thundercomm.remotecontrolservice.RemoteSocketService$3.run(RemoteSocketService.java:101)
08-22 17:43:17.651 W/System.err( 2230): at java.lang.Thread.run(Thread.java:920)
08-22 17:43:17.651 W/System.err( 2230): Caused by: android.system.ErrnoException: bind failed: EADDRINUSE (Address already in use)
08-22 17:43:17.651 W/System.err( 2230): at libcore.io.Linux.bind(Native Method)
08-22 17:43:17.651 W/System.err( 2230): at libcore.io.ForwardingOs.bind(ForwardingOs.java:141)
08-22 17:43:17.651 W/System.err( 2230): at libcore.io.ForwardingOs.bind(ForwardingOs.java:141)
08-22 17:43:17.651 W/System.err( 2230): at libcore.io.IoBridge.bind(IoBridge.java:146)
08-22 17:43:17.651 W/System.err( 2230): ... 9 more
08-22 17:43:17.652 W/System.err( 2230): java.net.BindException: bind failed: EADDRINUSE (Address already in use)
08-22 17:43:17.652 W/System.err( 2230): at libcore.io.IoBridge.bind(IoBridge.java:150)
08-22 17:43:17.652 W/System.err( 2230): at java.net.PlainSocketImpl.socketBind(PlainSocketImpl.java:162)
