08-22 17:42:50.116 D/ACDB-LOADER( 819): ACDB -> ACDB_CMD_GET_AFE_INSTANCE_COMMON_TABLE_SIZE
08-22 17:42:50.116 D/android.hardware.audio.service( 819): Failed to fetch the lookup information of the device 0000000F
08-22 17:42:50.116 D/ACDB-LOADER( 819): Error: ACDB_CMD_GET_AFE_INSTANCE_COMMON_TABLE_SIZE Returned = -19
08-22 17:42:50.116 D/ACDB-LOADER( 819): ACDB -> ACDB_CMD_GET_AFE_INSTANCE_COMMON_TABLE
08-22 17:42:50.117 D/android.hardware.audio.service( 819): Failed to fetch the lookup information of the device 0000000F
08-22 17:42:50.117 D/ACDB-LOADER( 819): Error: ACDB AFE returned = -19
08-22 17:42:50.117 D/ACDB-LOADER( 819): ACDB -> AUDIO_SET_AFE_CAL cal_type[16] acdb_id[15]
08-22 17:42:50.117 D/ACDB-LOADER( 819): ACDB -> send_hw_delay : acdb_id = 15 path = 0
08-22 17:42:50.117 D/ACDB-LOADER( 819): ACDB -> ACDB_AVSYNC_INFO: ACDB_CMD_GET_DEVICE_PROPERTY
08-22 17:42:50.117 D/msm8974_platform( 819): platform_split_snd_device: snd_device(2) num devices(0) new_snd_devices(0)
08-22 17:42:50.117 I/msm8974_platform( 819): platform_get_custom_mtmx_params: no matching param with id 0 ip_ch 2 op_ch 2 uc_id 1 snd_dev 2
08-22 17:42:50.117 D/audio_hw_primary( 819): enable_audio_route: apply mixer and update path: low-latency-playback
08-22 17:42:50.117 D/audio_route( 819): Apply path: low-latency-playback
08-22 17:42:50.118 D/audio_hw_primary( 819): select_devices: done
08-22 17:42:50.124 D/StartingSurfaceDrawer( 1912): window attributes color: 0 icon null duration 0 brandImage null
08-22 17:42:50.130 I/ActivityTaskManager( 1155): The Process com.android.settings Already Exists in BG. So sending its PID: 2374
08-22 17:42:50.131 W/ActivityTaskManager( 1155): Tried to set launchTime (0) < mLastActivityLaunchTime (57293)
08-22 17:42:50.131 I/wm_add_to_stopping( 1155): [0,204102949,com.android.launcher3/.uioverrides.QuickstepLauncher,makeInvisible]
08-22 17:42:50.131 I/wm_restart_activity( 1155): [0,246948937,71,com.android.settings/.Settings]
08-22 17:42:50.132 D/CompatibilityInfo( 1155): mCompatibilityFlags - 4
08-22 17:42:50.132 D/CompatibilityInfo( 1155): applicationDensity - 240
08-22 17:42:50.132 D/CompatibilityInfo( 1155): applicationScale - 1.0
08-22 17:42:50.133 I/wm_set_resumed_activity( 1155): [0,com.android.settings/.Settings,minimalResumeActivityLocked]
08-22 17:42:50.137 D/CompatibilityChangeReporter( 1155): Compat change id reported: 181136395; UID 1000; state: DISABLED
08-22 17:42:50.138 D/CompatibilityChangeReporter( 1155): Compat change id reported: 174042936; UID 1000; state: DISABLED
08-22 17:42:50.139 D/StartingSurfaceDrawer( 1912): FgMainColor=fff5f5f5 BgMainColor=ff00668b IsBgComplex=false FromCache=false ThemeColor=fff0f0f3
08-22 17:42:50.139 D/StartingSurfaceDrawer( 1912): isRgbSimilarInHsv a: fff0f0f3 b ff00668b contrast ratio: 5.6404657
08-22 17:42:50.139 D/StartingSurfaceDrawer( 1912): hsvDiff 44 ah 240.0 bh 195.97124 as 0.012345679 bs 1.0 av 0.9529412 bv 0.54509807 sqH 0.059753086581642245 sqS 0.975461072301087 sqV 0.16633600477712207 root 0.6328639041847389
08-22 17:42:50.139 D/StartingSurfaceDrawer( 1912): makeSplashScreenContentView: draw whole icon
08-22 17:42:50.142 W/System ( 1912): ClassLoader referenced unknown path:
08-22 17:42:50.146 D/SplashScreenView( 1912): Build android.window.SplashScreenView{5872a46 V.E...... ......ID 0,0-0,0}
08-22 17:42:50.146 D/SplashScreenView( 1912): Icon: view: android.widget.ImageView{1928407 V.ED..... ......I. 0,0-0,0 #10204a7 android:id/splashscreen_icon_view} drawable: com.android.wm.shell.startingsurface.SplashscreenIconDrawableFactory$ImmobileIconDrawable@4068934 size: 240
08-22 17:42:50.146 D/SplashScreenView( 1912): Branding: view: android.view.View{6ce735d G.ED..... ......I. 0,0-0,0 #10204a6 android:id/splashscreen_branding_view} drawable: null size w: 0 h: 0
08-22 17:42:50.146 D/StartingSurfaceDrawer( 1912): fillViewWithIcon surfaceWindowView android.window.SplashScreenView{5872a46 V.E...... ......ID 0,0-0,0}
08-22 17:42:50.157 I/sysui_multi_action( 1155): [757,803,799,window_time_0,802,2]
08-22 17:42:50.161 I/BpBinder( 1068): onLastStrongRef automatically unlinking death recipients:
08-22 17:42:50.164 I/input_focus( 1155): [Focus leaving 6ba7389 com.android.launcher3/com.android.launcher3.uioverrides.QuickstepLauncher (server),reason=NO_WINDOW]
08-22 17:42:50.175 D/CompatibilityChangeReporter( 2374): Compat change id reported: 171228096; UID 1000; state: ENABLED
08-22 17:42:50.181 D/msm8974_platform( 819): platform_set_channel_map mixer_ctl_name:Playback Channel Map9
08-22 17:42:50.182 D/msm8974_platform( 819): platform_set_channel_map: set mapping(1 2 0 0 0 0 0 0) for channel:2
08-22 17:42:50.183 E/audio_hw_extn( 819): audio_extn_perf_lock_release: Perf lock release error
08-22 17:42:50.183 D/audio_hw_primary( 819): start_output_stream: exit
08-22 17:42:50.183 D/audio_hw_primary( 819): out_write: retry previous failed cal level set
08-22 17:42:50.183 D/msm8974_platform( 819): platform_split_snd_device: snd_device(2) num devices(1) new_snd_devices(0)
08-22 17:42:50.209 D/AvatarViewMixin( 2374): Feature disabled by config. Skipping
08-22 17:42:50.216 I/wm_on_create_called( 2374): [246948937,com.android.settings.Settings,performCreate]
08-22 17:42:50.229 D/PrefCtrlListHelper( 2374): Could not find Context-only controller for pref: com.android.settings.network.TopLevelNetworkEntryPreferenceController
08-22 17:42:50.230 D/PrefCtrlListHelper( 2374): Could not find Context-only controller for pref: com.android.settings.connecteddevice.TopLevelConnectedDevicesPreferenceController
08-22 17:42:50.230 D/PrefCtrlListHelper( 2374): Could not find Context-only controller for pref: com.android.settings.fuelgauge.TopLevelBatteryPreferenceController
08-22 17:42:50.230 D/PrefCtrlListHelper( 2374): Could not find Context-only controller for pref: com.android.settings.deviceinfo.TopLevelStoragePreferenceController
08-22 17:42:50.231 D/PrefCtrlListHelper( 2374): Could not find Context-only controller for pref: com.android.settings.display.TopLevelDisplayPreferenceController
08-22 17:42:50.231 D/PrefCtrlListHelper( 2374): Could not find Context-only controller for pref: com.android.settings.display.TopLevelWallpaperPreferenceController
08-22 17:42:50.232 D/PrefCtrlListHelper( 2374): Could not find Context-only controller for pref: com.android.settings.accessibility.TopLevelAccessibilityPreferenceController
08-22 17:42:50.232 D/PrefCtrlListHelper( 2374): Could not find Context-only controller for pref: com.android.settings.security.TopLevelSecurityEntryPreferenceController
08-22 17:42:50.232 D/PrefCtrlListHelper( 2374): Could not find Context-only controller for pref: com.android.settings.location.TopLevelLocationPreferenceController
08-22 17:42:50.234 D/PrefCtrlListHelper( 2374): Could not find Context-only controller for pref: com.android.settings.accounts.TopLevelAccountEntryPreferenceController
08-22 17:42:50.235 D/PrefCtrlListHelper( 2374): Could not find Context-only controller for pref: com.android.settings.deviceinfo.aboutphone.TopLevelAboutDevicePreferenceController
08-22 17:42:50.235 D/PrefCtrlListHelper( 2374): Could not find Context-only controller for pref: com.android.settings.support.SupportPreferenceController
08-22 17:42:50.242 E/UserRestrictionsUtils( 1155): Unknown restriction queried by uid 1000 (com.qti.snapdragon.qdcm_ff et al): null
08-22 17:42:50.244 W/InstrumentedPrefFrag( 2374): Screen title missing for fragment com.android.settings.homepage.TopLevelSettings
08-22 17:42:50.253 I/OpenGLRenderer( 1912): Davey! duration=9223371923508ms; Flags=1, FrameTimelineVsyncId=2348, IntendedVsync=113331449939, Vsync=113331449939, InputEventId=0, HandleInputStart=113346494225, AnimationStart=113346495892, PerformTraversalsStart=113346600423, DrawStart=113397415267, FrameDeadline=113348116605, FrameInterval=113346489694, FrameStartTime=16666666, SyncQueued=113397844277, SyncStart=113412504225, IssueDrawCommandsStart=113413151830, SwapBuffers=113413582611, FrameCompleted=9223372036854775807, DequeueBufferDuration=8802, QueueBufferDuration=768698, GpuCompleted=9223372036854775807, SwapBuffersCompleted=113414662246, DisplayPresentTime=0,
08-22 17:42:50.259 D/TopLevelSettings( 2374): NO dashboard tiles for TopLevelSettings
08-22 17:42:50.259 D/TopLevelSettings( 2374): All preferences added, reporting fully drawn
08-22 17:42:50.299 W/BatteryBroadcastRcvr( 2374): Problem reading the battery meter.
08-22 17:42:50.301 I/wm_on_start_called( 2374): [246948937,com.android.settings.Settings,handleStartActivity]
08-22 17:42:50.303 I/snet_event_log( 2374): [120484087,-1,]
08-22 17:42:50.303 I/wm_on_resume_called( 2374): [246948937,com.android.settings.Settings,RESUME_ACTIVITY]
08-22 17:42:50.306 I/sysui_multi_action( 2374): [757,35,758,1,833,0,1089,85]
08-22 17:42:50.309 W/UnsafeUtil( 2374): platform method missing - proto runtime falling back to safer methods: java.lang.NoSuchMethodException: sun.misc.Unsafe.copyMemory [class java.lang.Object, long, class java.lang.Object, long, long]
08-22 17:42:50.317 I/sysui_multi_action( 2374): [757,1729,758,4,854,isParalleledControllers:false,1089,97]
08-22 17:42:50.327 I/wm_on_top_resumed_gained_called( 2374): [246948937,com.android.settings.Settings,topStateChangedWhenResumed]
08-22 17:42:50.329 W/BatteryBroadcastRcvr( 2374): Problem reading the battery meter.
08-22 17:42:50.330 D/BatteryInfo( 2374): time for getStats: 0ms
08-22 17:42:50.332 D/AudioFlinger( 1037): mixer(0xb400006fa022b010) throttle end: throttle time(7)
08-22 17:42:50.333 D/BatteryInfo( 2374): time for regular BatteryInfo: 3ms
08-22 17:42:50.334 D/BatteryInfo( 2374): time for getBatteryInfo: 0ms
08-22 17:42:50.366 D/BatteryInfo( 2374): time for getStats: 1ms
08-22 17:42:50.368 D/BatteryInfo( 2374): time for regular BatteryInfo: 2ms
08-22 17:42:50.370 D/BatteryInfo( 2374): time for getBatteryInfo: 2ms
08-22 17:42:50.374 D/audio_hw_primary( 819): out_set_parameters: enter: usecase(1: low-latency-playback) kvpairs: suspend_playback=true
08-22 17:42:50.374 D/audio_hw_extn( 819): audio_extn_fm_set_parameters: Enter
08-22 17:42:50.374 I/input_focus( 1155): [Focus request 844e0b0 com.android.settings/com.android.settings.Settings,reason=UpdateInputWindows]
08-22 17:42:50.385 D/BatteryTipLoader( 2374): BatteryInfoLoader post query: 2ms
08-22 17:42:50.385 D/BatteryInfo( 2374): time for getBatteryInfo: 0ms
08-22 17:42:50.385 D/BatteryTipLoader( 2374): BatteryInfoLoader.loadInBackground: 2ms
08-22 17:42:50.400 D/BatteryTipLoader( 2374): BatteryInfoLoader post query: 1ms
08-22 17:42:50.400 D/BatteryInfo( 2374): time for getBatteryInfo: 0ms
08-22 17:42:50.400 D/BatteryTipLoader( 2374): BatteryInfoLoader.loadInBackground: 1ms
08-22 17:42:50.412 I/sysui_multi_action( 1155): [324,1,757,1090,758,12,806,com.android.settings,871,com.android.settings.Settings,1091,349]
08-22 17:42:50.413 D/BatteryInfo( 2374): time for callback: 0ms
08-22 17:42:50.413 D/BatteryInfo( 2374): time for callback: 0ms
08-22 17:42:50.421 I/EventSequenceValidator( 1155): Transition from ACTIVITY_LAUNCHED to ACTIVITY_FINISHED
08-22 17:42:50.421 I/EventSequenceValidator( 1155): Transition from ACTIVITY_FINISHED to REPORT_FULLY_DRAWN
08-22 17:42:50.422 I/sysui_multi_action( 1155): [319,199,321,194,322,349,325,113,757,761,758,8,759,1,806,com.android.settings,871,com.android.settings.Settings,904,com.android.launcher3,905,0,1320,4,1321,1]
08-22 17:42:50.427 I/input_focus( 1155): [Focus entering 844e0b0 com.android.settings/com.android.settings.Settings (server),reason=setFocusedWindow]
08-22 17:42:50.428 I/wm_activity_launch_time( 1155): [0,246948937,com.android.settings/.Settings,349]
08-22 17:42:50.432 I/ActivityTaskManager( 1155): Displayed com.android.settings/.Settings: +349ms
08-22 17:42:50.446 I/ActivityTaskManager( 1155): Fully drawn com.android.settings/.Settings: +349ms
08-22 17:42:50.452 D/StartingSurfaceDrawer( 1912): Task start finish, remove starting surface for task 71
08-22 17:42:50.453 V/StartingSurfaceDrawer( 1912): Removing splash screen window for task: 71
01-01 01:38:42.780 D/ ( 0): mv2112_read_status
01-01 01:38:42.780 D/mv2112_update_link( 0): 3.0x901(1G): 0x80
01-01 01:38:42.780 D/mv2112_update_link( 0): 3.0x8109(100M): 0x0
01-01 01:38:42.780 D/mv2112_update_link( 0): link 0x0
01-01 01:38:42.780 D/mv2112_read_status( 0): autoneg is disabled
08-22 17:42:50.838 I/wm_stop_activity( 1155): [0,204102949,com.android.launcher3/.uioverrides.QuickstepLauncher]
08-22 17:42:50.874 I/am_pss ( 1155): [4170,10057,com.qualcomm.qti.qms.service.trustzoneaccess,5456896,3768320,0,91869184,0,19,13]
08-22 17:42:50.895 I/am_pss ( 1155): [3494,10023,android.process.media,9652224,7647232,0,101621760,0,19,13]
08-22 17:42:50.896 I/wm_on_stop_called( 2411): [204102949,com.android.launcher3.uioverrides.QuickstepLauncher,STOP_ACTIVITY_ITEM]
08-22 17:42:50.913 I/am_pss ( 1155): [2494,10120,com.qualcomm.qti.qccauthmgr,6120448,4304896,0,95727616,0,19,12]
08-22 17:42:50.918 W/InputManager-JNI( 1155): Input channel object '255bc05 Splash Screen com.android.settings (client)' was disposed without first being removed with the input manager!
08-22 17:42:50.931 I/am_pss ( 1155): [3773,1001,com.android.phone,7580672,5689344,0,93536256,0,19,13]
08-22 17:42:50.938 W/FrameTracker( 2411): Missed SF frame:2
08-22 17:42:50.938 W/FrameTracker( 2411): Missed SF frame:2
08-22 17:42:50.938 W/FrameTracker( 2411): Missed SF frame:66
08-22 17:42:50.938 W/FrameTracker( 2411): Missed SF frame:66
08-22 17:42:50.938 W/FrameTracker( 2411): Missed SF frame:66
08-22 17:42:50.938 W/FrameTracker( 2411): Missed SF frame:66
08-22 17:42:50.938 W/FrameTracker( 2411): Missed SF frame:66
08-22 17:42:50.940 W/FrameTracker( 2411): Missed SF frame:66
08-22 17:42:50.940 W/FrameTracker( 2411): Missed SF frame:66
08-22 17:42:50.940 W/FrameTracker( 2411): Missed SF frame:66
08-22 17:42:50.940 W/FrameTracker( 2411): Missed SF frame:66
08-22 17:42:50.940 W/FrameTracker( 2411): Missed SF frame:66
08-22 17:42:50.940 W/FrameTracker( 2411): Missed SF frame:66
08-22 17:42:50.940 W/FrameTracker( 2411): Missed SF frame:66
08-22 17:42:50.941 W/FrameTracker( 2411): Missed SF frame:66
08-22 17:42:50.941 W/FrameTracker( 2411): Missed SF frame:66
08-22 17:42:50.941 W/FrameTracker( 2411): Missed SF frame:66
08-22 17:42:50.941 W/FrameTracker( 2411): Missing HWUI jank callback for vsyncId: 2438
08-22 17:42:50.943 V/PerfettoTrigger( 2411): Triggering /system/bin/trigger_perfetto com.android.telemetry.interaction-jank-monitor-8
08-22 17:42:50.948 I/am_pss ( 1155): [3756,2000,com.android.shell,5684224,4202496,0,90533888,0,19,12]
08-22 17:42:50.967 I/am_pss ( 1155): [3256,10022,android.process.acore,12571648,8896512,0,116674560,0,19,15]
08-22 17:42:50.981 I/mpu_uart( 664): [MSG-P:RECV]:No message received in 1000 ms
08-22 17:42:51.378 D/audio_hw_primary( 819): out_set_parameters: enter: usecase(1: low-latency-playback) kvpairs: suspend_playback=false
08-22 17:42:51.378 D/audio_hw_extn( 819): audio_extn_fm_set_parameters: Enter
08-22 17:42:51.380 W/audio_hw_primary( 819): out_write: underrun(3) frames_by_time(48738) > out->last_fifo_frames_remaining(384)
08-22 17:42:51.421 D/audio_hw_primary( 819): out_set_parameters: enter: usecase(1: low-latency-playback) kvpairs: suspend_playback=true
08-22 17:42:51.421 D/audio_hw_extn( 819): audio_extn_fm_set_parameters: Enter
08-22 17:42:51.576 D/CompatibilityChangeReporter( 1155): Compat change id reported: 168419799; UID 10127; state: DISABLED
08-22 17:42:51.576 D/CompatibilityInfo( 1155): mCompatibilityFlags - 4
08-22 17:42:51.577 D/CompatibilityInfo( 1155): applicationDensity - 240
08-22 17:42:51.577 D/CompatibilityInfo( 1155): applicationScale - 1.0
08-22 17:42:51.586 I/PermissionControllerServiceImpl( 3715): Updating user sensitive for user 0
01-01 01:38:43.805 D/ ( 0): mv2112_read_status
01-01 01:38:43.805 D/mv2112_update_link( 0): 3.0x901(1G): 0x80
01-01 01:38:43.805 D/mv2112_update_link( 0): 3.0x8109(100M): 0x0
01-01 01:38:43.805 D/mv2112_update_link( 0): link 0x0
01-01 01:38:43.805 D/mv2112_read_status( 0): autoneg is disabled
08-22 17:42:51.741 I/input_interaction( 1155): Interaction with: 844e0b0 com.android.settings/com.android.settings.Settings (server), edge-swipe (server), swipe-up (server), PointerEventDispatcher0 (server),
08-22 17:42:51.891 I/OpenGLRenderer( 2374): Davey! duration=9223371921819ms; Flags=0, FrameTimelineVsyncId=2503, IntendedVsync=115035265587, Vsync=115035265587, InputEventId=864395001, HandleInputStart=115035972037, AnimationStart=115039533391, PerformTraversalsStart=115039542662, DrawStart=115039794537, FrameDeadline=115051932253, FrameInterval=115035970318, FrameStartTime=16666666, SyncQueued=115041756985, SyncStart=115041927089, IssueDrawCommandsStart=115042477818, SwapBuffers=115045315631, FrameCompleted=9223372036854775807, DequeueBufferDuration=44844, QueueBufferDuration=2045000, GpuCompleted=9223372036854775807, SwapBuffersCompleted=115048734954, DisplayPresentTime=0,
08-22 17:42:51.971 I/hwservicemanager( 520): getTransport: Cannot find entry android.hardware.light@2.0::ILight/default in either framework or device VINTF manifest.
08-22 17:42:51.975 E/light ( 4500): light_open lights keyboard failed: -22
08-22 17:42:51.975 E/light ( 4500): Light passthrough failed to load legacy HAL.
08-22 17:42:51.976 E/light ( 4500): light_open lights buttons failed: -22
08-22 17:42:51.976 E/light ( 4500): Light passthrough failed to load legacy HAL.
08-22 17:42:51.979 E/light ( 4500): light_open lights bluetooth failed: -22
08-22 17:42:51.979 E/light ( 4500): Light passthrough failed to load legacy HAL.
08-22 17:42:51.979 E/light ( 4500): light_open lights wifi failed: -22
08-22 17:42:51.979 E/light ( 4500): Light passthrough failed to load legacy HAL.
08-22 17:42:51.980 I/hwservicemanager( 520): getTransport: Cannot find entry android.hardware.light@2.0::ILight/default in either framework or device VINTF manifest.
08-22 17:42:51.981 E/HidlServiceManagement( 4500): Service android.hardware.light@2.0::ILight/default must be in VINTF manifest in order to register/get.
08-22 17:42:51.981 E/LegacySupport( 4500): Could not register service android.hardware.light@2.0::ILight/default (-2147483648).
08-22 17:42:51.981 I/mpu_uart( 664): [MSG-P:RECV]:No message received in 1000 ms
08-22 17:42:52.423 D/audio_hw_primary( 819): out_set_parameters: enter: usecase(1: low-latency-playback) kvpairs: suspend_playback=false
08-22 17:42:52.423 D/audio_hw_extn( 819): audio_extn_fm_set_parameters: Enter
08-22 17:42:52.425 W/audio_hw_primary( 819): out_write: underrun(4) frames_by_time(48276) > out->last_fifo_frames_remaining(384)
08-22 17:42:52.465 D/audio_hw_primary( 819): out_set_parameters: enter: usecase(1: low-latency-playback) kvpairs: suspend_playback=true
08-22 17:42:52.465 D/audio_hw_extn( 819): audio_extn_fm_set_parameters: Enter
08-22 17:42:52.493 I/liblog ( 2230): 20
08-22 17:42:52.493 W/System.err( 2230): java.net.BindException: bind failed: EADDRINUSE (Address already in use)
08-22 17:42:52.496 W/System.err( 2230): at libcore.io.IoBridge.bind(IoBridge.java:150)
08-22 17:42:52.496 W/System.err( 2230): at java.net.PlainSocketImpl.socketBind(PlainSocketImpl.java:162)
08-22 17:42:52.496 W/System.err( 2230): at java.net.AbstractPlainSocketImpl.bind(AbstractPlainSocketImpl.java:427)
08-22 17:42:52.496 W/System.err( 2230): at java.net.ServerSocket.bind(ServerSocket.java:377)
08-22 17:42:52.496 W/System.err( 2230): at java.net.ServerSocket.(ServerSocket.java:237)
08-22 17:42:52.496 W/System.err( 2230): at com.thundercomm.remotecontrolservice.RemoteSocketService.startServer(RemoteSocketService.java:91)
08-22 17:42:52.496 W/System.err( 2230): at com.thundercomm.remotecontrolservice.RemoteSocketService.restartServer(RemoteSocketService.java:119)
08-22 17:42:52.496 W/System.err( 2230): at com.thundercomm.remotecontrolservice.RemoteSocketService.access$100(RemoteSocketService.java:11)
08-22 17:42:52.496 W/System.err( 2230): at com.thundercomm.remotecontrolservice.RemoteSocketService$3.run(RemoteSocketService.java:101)
08-22 17:42:52.496 W/System.err( 2230): at java.lang.Thread.run(Thread.java:920)
08-22 17:42:52.497 W/System.err( 2230): Caused by: android.system.ErrnoException: bind failed: EADDRINUSE (Address already in use)
08-22 17:42:52.497 W/System.err( 2230): at libcore.io.Linux.bind(Native Method)
08-22 17:42:52.498 W/System.err( 2230): at libcore.io.ForwardingOs.bind(ForwardingOs.java:141)
08-22 17:42:52.500 W/System.err( 2230): at libcore.io.ForwardingOs.bind(ForwardingOs.java:141)
08-22 17:42:52.500 W/System.err( 2230): at libcore.io.IoBridge.bind(IoBridge.java:146)
08-22 17:42:52.500 W/System.err( 2230): ... 9 more
08-22 17:42:52.501 W/System.err( 2230): java.net.BindException: bind failed: EADDRINUSE (Address already in use)
08-22 17:42:52.501 W/System.err( 2230): at libcore.io.IoBridge.bind(IoBridge.java:150)
08-22 17:42:52.501 W/System.err( 2230): at java.net.PlainSocketImpl.socketBind(PlainSocketImpl.java:162)
08-22 17:42:52.501 W/System.err( 2230): at java.net.AbstractPlainSocketImpl.bind(AbstractPlainSocketImpl.java:427)
08-22 17:42:52.502 W/System.err( 2230): at java.net.ServerSocket.bind(ServerSocket.java:377)
08-22 17:42:52.502 W/System.err( 2230): at java.net.ServerSocket.(ServerSocket.java:237)
08-22 17:42:52.502 W/System.err( 2230): at com.thundercomm.remotecontrolservice.RemoteSocketService.startServer(RemoteSocketService.java:91)
08-22 17:42:52.502 W/System.err( 2230): at com.thundercomm.remotecontrolservice.RemoteSocketService.restartServer(RemoteSocketService.java:119)
08-22 17:42:52.502 W/System.err( 2230): at com.thundercomm.remotecontrolservice.RemoteSocketService.access$100(RemoteSocketService.java:11)
08-22 17:42:52.502 W/System.err( 2230): at com.thundercomm.remotecontrolservice.RemoteSocketService$3.run(RemoteSocketService.java:101)
08-22 17:42:52.502 W/System.err( 2230): at java.lang.Thread.run(Thread.java:920)
08-22 17:42:52.503 W/System.err( 2230): Caused by: android.system.ErrnoException: bind failed: EADDRINUSE (Address already in use)
08-22 17:42:52.503 W/System.err( 2230): at libcore.io.Linux.bind(Native Method)
08-22 17:42:52.503 W/System.err( 2230): at libcore.io.ForwardingOs.bind(ForwardingOs.java:141)
08-22 17:42:52.503 W/System.err( 2230): at libcore.io.ForwardingOs.bind(ForwardingOs.java:141)
08-22 17:42:52.503 W/System.err( 2230): at libcore.io.IoBridge.bind(IoBridge.java:146)
08-22 17:42:52.504 W/System.err( 2230): ... 9 more
08-22 17:42:52.504 W/System.err( 2230): java.net.BindException: bind failed: EADDRINUSE (Address already in use)
08-22 17:42:52.504 W/System.err( 2230): at libcore.io.IoBridge.bind(IoBridge.java:150)
08-22 17:42:52.504 W/System.err( 2230): at java.net.PlainSocketImpl.socketBind(PlainSocketImpl.java:162)
08-22 17:42:52.504 W/System.err( 2230): at java.net.AbstractPlainSocketImpl.bind(AbstractPlainSocketImpl.java:427)
08-22 17:42:52.504 W/System.err( 2230): at java.net.ServerSocket.bind(ServerSocket.java:377)
08-22 17:42:52.504 W/System.err( 2230): at java.net.ServerSocket.(ServerSocket.java:237)
08-22 17:42:52.505 W/System.err( 2230): at com.thundercomm.remotecontrolservice.RemoteSocketService.startServer(RemoteSocketService.java:91)
08-22 17:42:52.505 W/System.err( 2230): at com.thundercomm.remotecontrolservice.RemoteSocketService.restartServer(RemoteSocketService.java:119)
08-22 17:42:52.505 W/System.err( 2230): at com.thundercomm.remotecontrolservice.RemoteSocketService.access$100(RemoteSocketService.java:11)
08-22 17:42:52.505 W/System.err( 2230): at com.thundercomm.remotecontrolservice.RemoteSocketService$3.run(RemoteSocketService.java:101)
08-22 17:42:52.505 W/System.err( 2230): at java.lang.Thread.run(Thread.java:920)
08-22 17:42:52.505 W/System.err( 2230): Caused by: android.system.ErrnoException: bind failed: EADDRINUSE (Address already in use)
08-22 17:42:52.505 W/System.err( 2230): at libcore.io.Linux.bind(Native Method)
08-22 17:42:52.505 W/System.err( 2230): at libcore.io.ForwardingOs.bind(ForwardingOs.java:141)
08-22 17:42:52.505 W/System.err( 2230): at libcore.io.ForwardingOs.bind(ForwardingOs.java:141)
08-22 17:42:52.505 W/System.err( 2230): at libcore.io.IoBridge.bind(IoBridge.java:146)
08-22 17:42:52.505 W/System.err( 2230): ... 9 more
08-22 17:42:52.506 W/System.err( 2230): java.net.BindException: bind failed: EADDRINUSE (Address already in use)
08-22 17:42:52.506 W/System.err( 2230): at libcore.io.IoBridge.bind(IoBridge.java:150)
08-22 17:42:52.506 W/System.err( 2230): at java.net.PlainSocketImpl.socketBind(PlainSocketImpl.java:162)
08-22 17:42:52.506 W/System.err( 2230): at java.net.AbstractPlainSocketImpl.bind(AbstractPlainSocketImpl.java:427)
08-22 17:42:52.506 W/System.err( 2230): at java.net.ServerSocket.bind(ServerSocket.java:377)
08-22 17:42:52.506 W/System.err( 2230): at java.net.ServerSocket.(ServerSocket.java:237)
08-22 17:42:52.507 W/System.err( 2230): at com.thundercomm.remotecontrolservice.RemoteSocketService.startServer(RemoteSocketService.java:91)
08-22 17:42:52.507 W/System.err( 2230): at com.thundercomm.remotecontrolservice.RemoteSocketService.restartServer(RemoteSocketService.java:119)
08-22 17:42:52.507 W/System.err( 2230): at com.thundercomm.remotecontrolservice.RemoteSocketService.access$100(RemoteSocketService.java:11)
08-22 17:42:52.507 W/System.err( 2230): at com.thundercomm.remotecontrolservice.RemoteSocketService$3.run(RemoteSocketService.java:101)
08-22 17:42:52.507 W/System.err( 2230): at java.lang.Thread.run(Thread.java:920)
08-22 17:42:52.507 W/System.err( 2230): Caused by: android.system.ErrnoException: bind failed: EADDRINUSE (Address already in use)
08-22 17:42:52.507 W/System.err( 2230): at libcore.io.Linux.bind(Native Method)
08-22 17:42:52.508 W/System.err( 2230): at libcore.io.ForwardingOs.bind(ForwardingOs.java:141)
08-22 17:42:52.508 W/System.err( 2230): at libcore.io.ForwardingOs.bind(ForwardingOs.java:141)
08-22 17:42:52.508 W/System.err( 2230): at libcore.io.IoBridge.bind(IoBridge.java:146)
08-22 17:42:52.508 W/System.err( 2230): ... 9 more
08-22 17:42:52.509 W/System.err( 2230): java.net.BindException: bind failed: EADDRINUSE (Address already in use)
08-22 17:42:52.510 W/System.err( 2230): at libcore.io.IoBridge.bind(IoBridge.java:150)
08-22 17:42:52.510 W/System.err( 2230): at java.net.PlainSocketImpl.socketBind(PlainSocketImpl.java:162)
08-22 17:42:52.510 W/System.err( 2230): at java.net.AbstractPlainSocketImpl.bind(AbstractPlainSocketImpl.java:427)
08-22 17:42:52.511 W/System.err( 2230): at java.net.ServerSocket.bind(ServerSocket.java:377)
08-22 17:42:52.511 W/System.err( 2230): at java.net.ServerSocket.(ServerSocket.java:237)
08-22 17:42:52.511 W/System.err( 2230): at com.thundercomm.remotecontrolservice.RemoteSocketService.startServer(RemoteSocketService.java:91)
08-22 17:42:52.511 W/System.err( 2230): at com.thundercomm.remotecontrolservice.RemoteSocketService.restartServer(RemoteSocketService.java:119)
08-22 17:42:52.511 W/System.err( 2230): at com.thundercomm.remotecontrolservice.RemoteSocketService.access$100(RemoteSocketService.java:11)
08-22 17:42:52.511 W/System.err( 2230): at com.thundercomm.remotecontrolservice.RemoteSocketService$3.run(RemoteSocketService.java:101)
08-22 17:42:52.511 W/System.err( 2230): at java.lang.Thread.run(Thread.java:920)
08-22 17:42:52.511 W/System.err( 2230): Caused by: android.system.ErrnoException: bind failed: EADDRINUSE (Address already in use)
08-22 17:42:52.511 W/System.err( 2230): at libcore.io.Linux.bind(Native Method)
08-22 17:42:52.511 W/System.err( 2230): at libcore.io.ForwardingOs.bind(ForwardingOs.java:141)
08-22 17:42:52.511 W/System.err( 2230): at libcore.io.ForwardingOs.bind(ForwardingOs.java:141)
08-22 17:42:52.511 W/System.err( 2230): at libcore.io.IoBridge.bind(IoBridge.java:146)
08-22 17:42:52.511 W/System.err( 2230): ... 9 more
08-22 17:42:52.512 I/service_manager_stats( 1155): [100,147,10439]
08-22 17:42:52.526 W/System.err( 2230): java.net.BindException: bind failed: EADDRINUSE (Address already in use)
08-22 17:42:52.526 W/System.err( 2230): at libcore.io.IoBridge.bind(IoBridge.java:150)
08-22 17:42:52.526 W/System.err( 2230): at java.net.PlainSocketImpl.socketBind(PlainSocketImpl.java:162)
08-22 17:42:52.526 W/System.err( 2230): at java.net.AbstractPlainSocketImpl.bind(AbstractPlainSocketImpl.java:427)
08-22 17:42:52.527 W/System.err( 2230): at java.net.ServerSocket.bind(ServerSocket.java:377)
08-22 17:42:52.527 W/System.err( 2230): at java.net.ServerSocket.(ServerSocket.java:237)
08-22 17:42:52.527 W/System.err( 2230): at com.thundercomm.remotecontrolservice.RemoteSocketService.startServer(RemoteSocketService.java:91)
08-22 17:42:52.527 W/System.err( 2230): at com.thundercomm.remotecontrolservice.RemoteSocketService.restartServer(RemoteSocketService.java:119)
08-22 17:42:52.527 W/System.err( 2230): at com.thundercomm.remotecontrolservice.RemoteSocketService.access$100(RemoteSocketService.java:11)
08-22 17:42:52.527 W/System.err( 2230): at com.thundercomm.remotecontrolservice.RemoteSocketService$3.run(RemoteSocketService.java:101)
08-22 17:42:52.527 W/System.err( 2230): at java.lang.Thread.run(Thread.java:920)
08-22 17:42:52.527 W/System.err( 2230): Caused by: android.system.ErrnoException: bind failed: EADDRINUSE (Address already in use)
08-22 17:42:52.527 W/System.err( 2230): at libcore.io.Linux.bind(Native Method)
08-22 17:42:52.527 W/System.err( 2230): at libcore.io.ForwardingOs.bind(ForwardingOs.java:141)
08-22 17:42:52.527 W/System.err( 2230): at libcore.io.ForwardingOs.bind(ForwardingOs.java:141)
08-22 17:42:52.527 W/System.err( 2230): at libcore.io.IoBridge.bind(IoBridge.java:146)
08-22 17:42:52.528 W/System.err( 2230): ... 9 more
08-22 17:42:52.530 W/System.err( 2230): java.net.BindException: bind failed: EADDRINUSE (Address already in use)
08-22 17:42:52.530 W/System.err( 2230): at libcore.io.IoBridge.bind(IoBridge.java:150)
08-22 17:42:52.531 W/System.err( 2230): at java.net.PlainSocketImpl.socketBind(PlainSocketImpl.java:162)
08-22 17:42:52.531 W/System.err( 2230): at java.net.AbstractPlainSocketImpl.bind(AbstractPlainSocketImpl.java:427)
08-22 17:42:52.531 W/System.err( 2230): at java.net.ServerSocket.bind(ServerSocket.java:377)
08-22 17:42:52.531 W/System.err( 2230): at java.net.ServerSocket.(ServerSocket.java:237)
08-22 17:42:52.531 W/System.err( 2230): at com.thundercomm.remotecontrolservice.RemoteSocketService.startServer(RemoteSocketService.java:91)
08-22 17:42:52.531 W/System.err( 2230): at com.thundercomm.remotecontrolservice.RemoteSocketService.restartServer(RemoteSocketService.java:119)
08-22 17:42:52.531 W/System.err( 2230): at com.thundercomm.remotecontrolservice.RemoteSocketService.access$100(RemoteSocketService.java:11)
08-22 17:42:52.532 W/System.err( 2230): at com.thundercomm.remotecontrolservice.RemoteSocketService$3.run(RemoteSocketService.java:101)
08-22 17:42:52.532 W/System.err( 2230): at java.lang.Thread.run(Thread.java:920)
08-22 17:42:52.532 W/System.err( 2230): Caused by: android.system.ErrnoException: bind failed: EADDRINUSE (Address already in use)
08-22 17:42:52.532 W/System.err( 2230): at libcore.io.Linux.bind(Native Method)
08-22 17:42:52.532 W/System.err( 2230): at libcore.io.ForwardingOs.bind(ForwardingOs.java:141)
08-22 17:42:52.533 W/System.err( 2230): at libcore.io.ForwardingOs.bind(ForwardingOs.java:141)
08-22 17:42:52.533 W/System.err( 2230): at libcore.io.IoBridge.bind(IoBridge.java:146)
08-22 17:42:52.533 W/System.err( 2230): ... 9 more
08-22 17:42:52.533 W/System.err( 2230): java.net.BindException: bind failed: EADDRINUSE (Address already in use)
08-22 17:42:52.533 W/System.err( 2230): at libcore.io.IoBridge.bind(IoBridge.java:150)
08-22 17:42:52.534 W/System.err( 2230): at java.net.PlainSocketImpl.socketBind(PlainSocketImpl.java:162)
08-22 17:42:52.534 W/System.err( 2230): at java.net.AbstractPlainSocketImpl.bind(AbstractPlainSocketImpl.java:427)
08-22 17:42:52.534 W/System.err( 2230): at java.net.ServerSocket.bind(ServerSocket.java:377)
08-22 17:42:52.534 W/System.err( 2230): at java.net.ServerSocket.(ServerSocket.java:237)
08-22 17:42:52.534 W/System.err( 2230): at com.thundercomm.remotecontrolservice.RemoteSocketService.startServer(RemoteSocketService.java:91)
08-22 17:42:52.534 W/System.err( 2230): at com.thundercomm.remotecontrolservice.RemoteSocketService.restartServer(RemoteSocketService.java:119)
08-22 17:42:52.534 W/System.err( 2230): at com.thundercomm.remotecontrolservice.RemoteSocketService.access$100(RemoteSocketService.java:11)
08-22 17:42:52.534 W/System.err( 2230): at com.thundercomm.remotecontrolservice.RemoteSocketService$3.run(RemoteSocketService.java:101)
08-22 17:42:52.535 W/System.err( 2230): at java.lang.Thread.run(Thread.java:920)
08-22 17:42:52.535 W/System.err( 2230): Caused by: android.system.ErrnoException: bind failed: EADDRINUSE (Address already in use)
08-22 17:42:52.535 W/System.err( 2230): at libcore.io.Linux.bind(Native Method)
08-22 17:42:52.535 W/System.err( 2230): at libcore.io.ForwardingOs.bind(ForwardingOs.java:141)
08-22 17:42:52.535 W/System.err( 2230): at libcore.io.ForwardingOs.bind(ForwardingOs.java:141)
08-22 17:42:52.535 W/System.err( 2230): at libcore.io.IoBridge.bind(IoBridge.java:146)
08-22 17:42:52.536 W/System.err( 2230): ... 9 more
08-22 17:42:52.537 W/System.err( 2230): java.net.BindException: bind failed: EADDRINUSE (Address already in use)
08-22 17:42:52.538 W/System.err( 2230): at libcore.io.IoBridge.bind(IoBridge.java:150)
08-22 17:42:52.538 W/System.err( 2230): at java.net.PlainSocketImpl.socketBind(PlainSocketImpl.java:162)
08-22 17:42:52.538 W/System.err( 2230): at java.net.AbstractPlainSocketImpl.bind(AbstractPlainSocketImpl.java:427)
08-22 17:42:52.538 W/System.err( 2230): at java.net.ServerSocket.bind(ServerSocket.java:377)
08-22 17:42:52.538 W/System.err( 2230): at java.net.ServerSocket.(ServerSocket.java:237)
08-22 17:42:52.539 W/System.err( 2230): at com.thundercomm.remotecontrolservice.RemoteSocketService.startServer(RemoteSocketService.java:91)
08-22 17:42:52.539 W/System.err( 2230): at com.thundercomm.remotecontrolservice.RemoteSocketService.restartServer(RemoteSocketService.java:119)
08-22 17:42:52.539 W/System.err( 2230): at com.thundercomm.remotecontrolservice.RemoteSocketService.access$100(RemoteSocketService.java:11)
08-22 17:42:52.539 W/System.err( 2230): at com.thundercomm.remotecontrolservice.RemoteSocketService$3.run(RemoteSocketService.java:101)
08-22 17:42:52.539 W/System.err( 2230): at java.lang.Thread.run(Thread.java:920)
08-22 17:42:52.539 W/System.err( 2230): Caused by: android.system.ErrnoException: bind failed: EADDRINUSE (Address already in use)
08-22 17:42:52.540 W/System.err( 2230): at libcore.io.Linux.bind(Native Method)
08-22 17:42:52.540 W/System.err( 2230): at libcore.io.ForwardingOs.bind(ForwardingOs.java:141)
08-22 17:42:52.540 W/System.err( 2230): at libcore.io.ForwardingOs.bind(ForwardingOs.java:141)
08-22 17:42:52.540 W/System.err( 2230): at libcore.io.IoBridge.bind(IoBridge.java:146)
08-22 17:42:52.540 W/System.err( 2230): ... 9 more
08-22 17:42:52.541 W/System.err( 2230): java.net.BindException: bind failed: EADDRINUSE (Address already in use)
08-22 17:42:52.541 W/System.err( 2230): at libcore.io.IoBridge.bind(IoBridge.java:150)
08-22 17:42:52.541 W/System.err( 2230): at java.net.PlainSocketImpl.socketBind(PlainSocketImpl.java:162)
08-22 17:42:52.541 W/System.err( 2230): at java.net.AbstractPlainSocketImpl.bind(AbstractPlainSocketImpl.java:427)
08-22 17:42:52.542 W/System.err( 2230): at java.net.ServerSocket.bind(ServerSocket.java:377)
08-22 17:42:52.542 W/System.err( 2230): at java.net.ServerSocket.(ServerSocket.java:237)
08-22 17:42:52.542 W/System.err( 2230): at com.thundercomm.remotecontrolservice.RemoteSocketService.startServer(RemoteSocketService.java:91)
08-22 17:42:52.542 W/System.err( 2230): at com.thundercomm.remotecontrolservice.RemoteSocketService.restartServer(RemoteSocketService.java:119)
08-22 17:42:52.542 W/System.err( 2230): at com.thundercomm.remotecontrolservice.RemoteSocketService.access$100(RemoteSocketService.java:11)
08-22 17:42:52.542 W/System.err( 2230): at com.thundercomm.remotecontrolservice.RemoteSocketService$3.run(RemoteSocketService.java:101)
08-22 17:42:52.542 W/System.err( 2230): at java.lang.Thread.run(Thread.java:920)
08-22 17:42:52.542 W/System.err( 2230): Caused by: android.system.ErrnoException: bind failed: EADDRINUSE (Address already in use)
08-22 17:42:52.542 W/System.err( 2230): at libcore.io.Linux.bind(Native Method)
08-22 17:42:52.542 W/System.err( 2230): at libcore.io.ForwardingOs.bind(ForwardingOs.java:141)
08-22 17:42:52.542 W/System.err( 2230): at libcore.io.ForwardingOs.bind(ForwardingOs.java:141)
08-22 17:42:52.542 W/System.err( 2230): at libcore.io.IoBridge.bind(IoBridge.java:146)
08-22 17:42:52.542 W/System.err( 2230): ... 9 more
08-22 17:42:52.543 W/System.err( 2230): java.net.BindException: bind failed: EADDRINUSE (Address already in use)
08-22 17:42:52.543 W/System.err( 2230): at libcore.io.IoBridge.bind(IoBridge.java:150)
08-22 17:42:52.543 W/System.err( 2230): at java.net.PlainSocketImpl.socketBind(PlainSocketImpl.java:162)
08-22 17:42:52.543 W/System.err( 2230): at java.net.AbstractPlainSocketImpl.bind(AbstractPlainSocketImpl.java:427)
08-22 17:42:52.543 W/System.err( 2230): at java.net.ServerSocket.bind(ServerSocket.java:377)
08-22 17:42:52.543 W/System.err( 2230): at java.net.ServerSocket.(ServerSocket.java:237)
08-22 17:42:52.543 W/System.err( 2230): at com.thundercomm.remotecontrolservice.RemoteSocketService.startServer(RemoteSocketService.java:91)
08-22 17:42:52.543 W/System.err( 2230): at com.thundercomm.remotecontrolservice.RemoteSocketService.restartServer(RemoteSocketService.java:119)
08-22 17:42:52.543 W/System.err( 2230): at com.thundercomm.remotecontrolservice.RemoteSocketService.access$100(RemoteSocketService.java:11)
08-22 17:42:52.543 W/System.err( 2230): at com.thundercomm.remotecontrolservice.RemoteSocketService$3.run(RemoteSocketService.java:101)
08-22 17:42:52.544 W/System.err( 2230): at java.lang.Thread.run(Thread.java:920)
08-22 17:42:52.544 W/System.err( 2230): Caused by: android.system.ErrnoException: bind failed: EADDRINUSE (Address already in use)
08-22 17:42:52.545 W/System.err( 2230): at libcore.io.Linux.bind(Native Method)
08-22 17:42:52.545 W/System.err( 2230): at libcore.io.ForwardingOs.bind(ForwardingOs.java:141)
08-22 17:42:52.545 W/System.err( 2230): at libcore.io.ForwardingOs.bind(ForwardingOs.java:141)
08-22 17:42:52.545 W/System.err( 2230): at libcore.io.IoBridge.bind(IoBridge.java:146)
08-22 17:42:52.545 W/System.err( 2230): ... 9 more
08-22 17:42:52.545 W/System.err( 2230): java.net.BindException: bind failed: EADDRINUSE (Address already in use)
08-22 17:42:52.545 W/System.err( 2230): at libcore.io.IoBridge.bind(IoBridge.java:150)
08-22 17:42:52.545 W/System.err( 2230): at java.net.PlainSocketImpl.socketBind(PlainSocketImpl.java:162)
08-22 17:42:52.545 W/System.err( 2230): at java.net.AbstractPlainSocketImpl.bind(AbstractPlainSocketImpl.java:427)
08-22 17:42:52.546 W/System.err( 2230): at java.net.ServerSocket.bind(ServerSocket.java:377)
08-22 17:42:52.546 W/System.err( 2230): at java.net.ServerSocket.(ServerSocket.java:237)
08-22 17:42:52.546 W/System.err( 2230): at com.thundercomm.remotecontrolservice.RemoteSocketService.startServer(RemoteSocketService.java:91)
08-22 17:42:52.546 W/System.err( 2230): at com.thundercomm.remotecontrolservice.RemoteSocketService.restartServer(RemoteSocketService.java:119)
08-22 17:42:52.546 W/System.err( 2230): at com.thundercomm.remotecontrolservice.RemoteSocketService.access$100(RemoteSocketService.java:11)
08-22 17:42:52.546 W/System.err( 2230): at com.thundercomm.remotecontrolservice.RemoteSocketService$3.run(RemoteSocketService.java:101)
08-22 17:42:52.546 W/System.err( 2230): at java.lang.Thread.run(Thread.java:920)
08-22 17:42:52.546 W/System.err( 2230): Caused by: android.system.ErrnoException: bind failed: EADDRINUSE (Address already in use)
08-22 17:42:52.546 W/System.err( 2230): at libcore.io.Linux.bind(Native Method)
08-22 17:42:52.546 W/System.err( 2230): at libcore.io.ForwardingOs.bind(ForwardingOs.java:141)
08-22 17:42:52.546 W/System.err( 2230): at libcore.io.ForwardingOs.bind(ForwardingOs.java:141)
08-22 17:42:52.546 W/System.err( 2230): at libcore.io.IoBridge.bind(IoBridge.java:146)
08-22 17:42:52.547 W/System.err( 2230): ... 9 more
08-22 17:42:52.549 W/System.err( 2230): java.net.BindException: bind failed: EADDRINUSE (Address already in use)
08-22 17:42:52.549 W/System.err( 2230): at libcore.io.IoBridge.bind(IoBridge.java:150)
08-22 17:42:52.549 W/System.err( 2230): at java.net.PlainSocketImpl.socketBind(PlainSocketImpl.java:162)
08-22 17:42:52.549 W/System.err( 2230): at java.net.AbstractPlainSocketImpl.bind(AbstractPlainSocketImpl.java:427)
08-22 17:42:52.549 W/System.err( 2230): at java.net.ServerSocket.bind(ServerSocket.java:377)
08-22 17:42:52.550 W/System.err( 2230): at java.net.ServerSocket.(ServerSocket.java:237)
08-22 17:42:52.550 W/System.err( 2230): at com.thundercomm.remotecontrolservice.RemoteSocketService.startServer(RemoteSocketService.java:91)
08-22 17:42:52.550 W/System.err( 2230): at com.thundercomm.remotecontrolservice.RemoteSocketService.restartServer(RemoteSocketService.java:119)
08-22 17:42:52.550 W/System.err( 2230): at com.thundercomm.remotecontrolservice.RemoteSocketService.access$100(RemoteSocketService.java:11)
08-22 17:42:52.550 W/System.err( 2230): at com.thundercomm.remotecontrolservice.RemoteSocketService$3.run(RemoteSocketService.java:101)
08-22 17:42:52.550 W/System.err( 2230): at java.lang.Thread.run(Thread.java:920)
08-22 17:42:52.551 W/System.err( 2230): Caused by: android.system.ErrnoException: bind failed: EADDRINUSE (Address already in use)
08-22 17:42:52.551 W/System.err( 2230): at libcore.io.Linux.bind(Native Method)
08-22 17:42:52.551 W/System.err( 2230): at libcore.io.ForwardingOs.bind(ForwardingOs.java:141)
08-22 17:42:52.551 W/System.err( 2230): at libcore.io.ForwardingOs.bind(ForwardingOs.java:141)
08-22 17:42:52.551 W/System.err( 2230): at libcore.io.IoBridge.bind(IoBridge.java:146)
08-22 17:42:52.551 W/System.err( 2230): ... 9 more
08-22 17:42:52.552 W/System.err( 2230): java.net.BindException: bind failed: EADDRINUSE (Address already in use)
08-22 17:42:52.552 W/System.err( 2230): at libcore.io.IoBridge.bind(IoBridge.java:150)
08-22 17:42:52.553 W/System.err( 2230): at java.net.PlainSocketImpl.socketBind(PlainSocketImpl.java:162)
08-22 17:42:52.553 W/System.err( 2230): at java.net.AbstractPlainSocketImpl.bind(AbstractPlainSocketImpl.java:427)
08-22 17:42:52.553 W/System.err( 2230): at java.net.ServerSocket.bind(ServerSocket.java:377)
08-22 17:42:52.553 W/System.err( 2230): at java.net.ServerSocket.(ServerSocket.java:237)
08-22 17:42:52.553 W/System.err( 2230): at com.thundercomm.remotecontrolservice.RemoteSocketService.startServer(RemoteSocketService.java:91)
08-22 17:42:52.553 W/System.err( 2230): at com.thundercomm.remotecontrolservice.RemoteSocketService.restartServer(RemoteSocketService.java:119)
08-22 17:42:52.553 W/System.err( 2230): at com.thundercomm.remotecontrolservice.RemoteSocketService.access$100(RemoteSocketService.java:11)
08-22 17:42:52.553 W/System.err( 2230): at com.thundercomm.remotecontrolservice.RemoteSocketService$3.run(RemoteSocketService.java:101)
08-22 17:42:52.553 W/System.err( 2230): at java.lang.Thread.run(Thread.java:920)
08-22 17:42:52.553 W/System.err( 2230): Caused by: android.system.ErrnoException: bind failed: EADDRINUSE (Address already in use)
08-22 17:42:52.553 W/System.err( 2230): at libcore.io.Linux.bind(Native Method)
08-22 17:42:52.553 W/System.err( 2230): at libcore.io.ForwardingOs.bind(ForwardingOs.java:141)
08-22 17:42:52.554 W/System.err( 2230): at libcore.io.ForwardingOs.bind(ForwardingOs.java:141)
08-22 17:42:52.554 W/System.err( 2230): at libcore.io.IoBridge.bind(IoBridge.java:146)
08-22 17:42:52.554 W/System.err( 2230): ... 9 more
08-22 17:42:52.554 W/System.err( 2230): java.net.BindException: bind failed: EADDRINUSE (Address already in use)
08-22 17:42:52.554 W/System.err( 2230): at libcore.io.IoBridge.bind(IoBridge.java:150)
08-22 17:42:52.554 W/System.err( 2230): at java.net.PlainSocketImpl.socketBind(PlainSocketImpl.java:162)
08-22 17:42:52.554 W/System.err( 2230): at java.net.AbstractPlainSocketImpl.bind(AbstractPlainSocketImpl.java:427)
08-22 17:42:52.554 W/System.err( 2230): at java.net.ServerSocket.bind(ServerSocket.java:377)
08-22 17:42:52.554 W/System.err( 2230): at java.net.ServerSocket.(ServerSocket.java:237)
08-22 17:42:52.554 W/System.err( 2230): at com.thundercomm.remotecontrolservice.RemoteSocketService.startServer(RemoteSocketService.java:91)
08-22 17:42:52.555 W/System.err( 2230): at com.thundercomm.remotecontrolservice.RemoteSocketService.restartServer(RemoteSocketService.java:119)
08-22 17:42:52.555 W/System.err( 2230): at com.thundercomm.remotecontrolservice.RemoteSocketService.access$100(RemoteSocketService.java:11)
08-22 17:42:52.555 W/System.err( 2230): at com.thundercomm.remotecontrolservice.RemoteSocketService$3.run(RemoteSocketService.java:101)
08-22 17:42:52.555 W/System.err( 2230): at java.lang.Thread.run(Thread.java:920)
08-22 17:42:52.555 W/System.err( 2230): Caused by: android.system.ErrnoException: bind failed: EADDRINUSE (Address already in use)
08-22 17:42:52.555 W/System.err( 2230): at libcore.io.Linux.bind(Native Method)
08-22 17:42:52.555 W/System.err( 2230): at libcore.io.ForwardingOs.bind(ForwardingOs.java:141)
08-22 17:42:52.555 W/System.err( 2230): at libcore.io.ForwardingOs.bind(ForwardingOs.java:141)
08-22 17:42:52.555 W/System.err( 2230): at libcore.io.IoBridge.bind(IoBridge.java:146)
08-22 17:42:52.555 W/System.err( 2230): ... 9 more
08-22 17:42:52.559 W/System.err( 2230): java.net.BindException: bind failed: EADDRINUSE (Address already in use)
08-22 17:42:52.559 W/System.err( 2230): at libcore.io.IoBridge.bind(IoBridge.java:150)
08-22 17:42:52.559 W/System.err( 2230): at java.net.PlainSocketImpl.socketBind(PlainSocketImpl.java:162)
08-22 17:42:52.559 W/System.err( 2230): at java.net.AbstractPlainSocketImpl.bind(AbstractPlainSocketImpl.java:427)
08-22 17:42:52.559 W/System.err( 2230): at java.net.ServerSocket.bind(ServerSocket.java:377)
08-22 17:42:52.559 W/System.err( 2230): at java.net.ServerSocket.(ServerSocket.java:237)
08-22 17:42:52.559 W/System.err( 2230): at com.thundercomm.remotecontrolservice.RemoteSocketService.startServer(RemoteSocketService.java:91)
08-22 17:42:52.559 W/System.err( 2230): at com.thundercomm.remotecontrolservice.RemoteSocketService.restartServer(RemoteSocketService.java:119)
08-22 17:42:52.559 W/System.err( 2230): at com.thundercomm.remotecontrolservice.RemoteSocketService.access$100(RemoteSocketService.java:11)
08-22 17:42:52.559 W/System.err( 2230): at com.thundercomm.remotecontrolservice.RemoteSocketService$3.run(RemoteSocketService.java:101)
08-22 17:42:52.559 W/System.err( 2230): at java.lang.Thread.run(Thread.java:920)
08-22 17:42:52.560 W/System.err( 2230): Caused by: android.system.ErrnoException: bind failed: EADDRINUSE (Address already in use)
08-22 17:42:52.560 W/System.err( 2230): at libcore.io.Linux.bind(Native Method)
08-22 17:42:52.560 W/System.err( 2230): at libcore.io.ForwardingOs.bind(ForwardingOs.java:141)
08-22 17:42:52.560 W/System.err( 2230): at libcore.io.ForwardingOs.bind(ForwardingOs.java:141)
08-22 17:42:52.560 W/System.err( 2230): at libcore.io.IoBridge.bind(IoBridge.java:146)
08-22 17:42:52.560 W/System.err( 2230): ... 9 more
08-22 17:42:52.573 W/System.err( 2230): java.net.BindException: bind failed: EADDRINUSE (Address already in use)
08-22 17:42:52.574 W/System.err( 2230): at libcore.io.IoBridge.bind(IoBridge.java:150)
08-22 17:42:52.574 W/System.err( 2230): at java.net.PlainSocketImpl.socketBind(PlainSocketImpl.java:162)
08-22 17:42:52.574 W/System.err( 2230): at java.net.AbstractPlainSocketImpl.bind(AbstractPlainSocketImpl.java:427)
08-22 17:42:52.574 W/System.err( 2230): at java.net.ServerSocket.bind(ServerSocket.java:377)
08-22 17:42:52.574 W/System.err( 2230): at java.net.ServerSocket.(ServerSocket.java:237)
08-22 17:42:52.574 W/System.err( 2230): at com.thundercomm.remotecontrolservice.RemoteSocketService.startServer(RemoteSocketService.java:91)
08-22 17:42:52.574 W/System.err( 2230): at com.thundercomm.remotecontrolservice.RemoteSocketService.restartServer(RemoteSocketService.java:119)
08-22 17:42:52.574 W/System.err( 2230): at com.thundercomm.remotecontrolservice.RemoteSocketService.access$100(RemoteSocketService.java:11)
08-22 17:42:52.574 W/System.err( 2230): at com.thundercomm.remotecontrolservice.RemoteSocketService$3.run(RemoteSocketService.java:101)
08-22 17:42:52.574 W/System.err( 2230): at java.lang.Thread.run(Thread.java:920)
08-22 17:42:52.574 W/System.err( 2230): Caused by: android.system.ErrnoException: bind failed: EADDRINUSE (Address already in use)
08-22 17:42:52.574 W/System.err( 2230): at libcore.io.Linux.bind(Native Method)
08-22 17:42:52.575 W/System.err( 2230): at libcore.io.ForwardingOs.bind(ForwardingOs.java:141)
08-22 17:42:52.575 W/System.err( 2230): at libcore.io.ForwardingOs.bind(ForwardingOs.java:141)
08-22 17:42:52.575 W/System.err( 2230): at libcore.io.IoBridge.bind(IoBridge.java:146)
08-22 17:42:52.575 W/System.err( 2230): ... 9 more
08-22 17:42:52.577 W/System.err( 2230): java.net.BindException: bind failed: EADDRINUSE (Address already in use)
08-22 17:42:52.577 W/System.err( 2230): at libcore.io.IoBridge.bind(IoBridge.java:150)
08-22 17:42:52.577 W/System.err( 2230): at java.net.PlainSocketImpl.socketBind(PlainSocketImpl.java:162)
08-22 17:42:52.577 W/System.err( 2230): at java.net.AbstractPlainSocketImpl.bind(AbstractPlainSocketImpl.java:427)
08-22 17:42:52.582 W/System.err( 2230): at java.net.ServerSocket.bind(ServerSocket.java:377)
08-22 17:42:52.583 W/System.err( 2230): at java.net.ServerSocket.(ServerSocket.java:237)
08-22 17:42:52.583 W/System.err( 2230): at com.thundercomm.remotecontrolservice.RemoteSocketService.startServer(RemoteSocketService.java:91)
