08-22 17:43:36.665 D/CompatibilityInfo( 1155): applicationScale - 1.0
08-22 17:43:36.668 I/am_uid_active( 1155): 10106
08-22 17:43:36.671 D/CompatibilityInfo( 1155): mCompatibilityFlags - 4
08-22 17:43:36.671 D/CompatibilityInfo( 1155): applicationDensity - 240
08-22 17:43:36.672 D/CompatibilityInfo( 1155): applicationScale - 1.0
08-22 17:43:36.676 D/CompatibilityChangeReporter( 5498): Compat change id reported: 171979766; UID 10106; state: ENABLED
01-01 01:39:28.860 D/ ( 0): mv2112_read_status
01-01 01:39:28.860 D/mv2112_update_link( 0): 3.0x901(1G): 0x80
01-01 01:39:28.860 D/mv2112_update_link( 0): 3.0x8109(100M): 0x0
01-01 01:39:28.860 D/mv2112_update_link( 0): link 0x0
01-01 01:39:28.860 D/mv2112_read_status( 0): autoneg is disabled
08-22 17:43:36.709 I/Perf ( 5498): Connecting to perf service.
08-22 17:43:36.716 V/GraphicsEnvironment( 5498): ANGLE Developer option for 'com.android.launcher3' set to: 'default'
08-22 17:43:36.717 V/GraphicsEnvironment( 5498): ANGLE GameManagerService for com.android.launcher3: false
08-22 17:43:36.720 D/NetworkSecurityConfig( 5498): No Network Security Config specified, using platform default
08-22 17:43:36.720 D/NetworkSecurityConfig( 5498): No Network Security Config specified, using platform default
08-22 17:43:36.764 W/ServiceManager( 1155): Permission failure: android.permission.HIGH_SAMPLING_RATE_SENSORS from uid=10106 pid=5498
08-22 17:43:36.797 D/CompatibilityChangeReporter( 5498): Compat change id reported: 160794467; UID 10106; state: ENABLED
08-22 17:43:36.799 I/InputDispatcher( 1155): Created monitor swipe-up for display 0, gesture=true, pid=5498
08-22 17:43:36.800 I/InputDispatcher( 1155): Erasing monitor swipe-up (server) on display 0, pid=5498
08-22 17:43:36.801 I/InputDispatcher( 1155): Created monitor swipe-up for display 0, gesture=true, pid=5498
08-22 17:43:36.806 D/TouchInteractionService( 5498): Touch service connected: user=0
08-22 17:43:36.814 I/InputDispatcher( 1155): Erasing monitor swipe-up (server) on display 0, pid=5498
08-22 17:43:36.815 I/InputDispatcher( 1155): Created monitor swipe-up for display 0, gesture=true, pid=5498
08-22 17:43:36.818 I/ActivityTaskManager( 1155): The Process com.android.launcher3 Already Exists in BG. So sending its PID: 5498
08-22 17:43:36.825 I/wm_restart_activity( 1155): [0,204102949,68,com.android.launcher3/.uioverrides.QuickstepLauncher]
08-22 17:43:36.825 D/CompatibilityInfo( 1155): mCompatibilityFlags - 4
08-22 17:43:36.825 D/CompatibilityInfo( 1155): applicationDensity - 240
08-22 17:43:36.825 D/CompatibilityInfo( 1155): applicationScale - 1.0
08-22 17:43:36.827 I/wm_add_to_stopping( 1155): [0,204102949,com.android.launcher3/.uioverrides.QuickstepLauncher,preloadRecents]
08-22 17:43:36.852 I/AdrenoGLES-0( 5498): QUALCOMM build : 47421dbee6, I139f36ad46
08-22 17:43:36.852 I/AdrenoGLES-0( 5498): Build Date : 02/18/22
08-22 17:43:36.852 I/AdrenoGLES-0( 5498): OpenGL ES Shader Compiler Version: EV031.32.02.17
08-22 17:43:36.852 I/AdrenoGLES-0( 5498): Local Branch :
08-22 17:43:36.852 I/AdrenoGLES-0( 5498): Remote Branch :
08-22 17:43:36.852 I/AdrenoGLES-0( 5498): Remote Branch :
08-22 17:43:36.852 I/AdrenoGLES-0( 5498): Reconstruct Branch :
08-22 17:43:36.853 I/AdrenoGLES-0( 5498): Build Config : S P 10.0.7 AArch64
08-22 17:43:36.853 I/AdrenoGLES-0( 5498): Driver Path : /vendor/lib64/egl/libGLESv2_adreno.so
08-22 17:43:36.857 I/hwservicemanager( 520): getTransport: Cannot find entry android.hardware.graphics.mapper@4.0::IMapper/default in either framework or device VINTF manifest.
08-22 17:43:36.882 I/AdrenoGLES-0( 5498): PFP: 0x016dd093, ME: 0x00000000
08-22 17:43:36.961 I/SDM ( 971): HWCDisplay::GetColorModeCount: Supported color mode count = 1
08-22 17:43:36.962 I/SDM ( 971): HWCDisplay::GetColorModes: Color mode = 0 is supported
08-22 17:43:36.962 E/HWComposer( 1068): getSupportedContentTypes: getSupportedContentTypes failed for display 4630946370410392961: Unsupported (8)
01-01 01:39:29.128 I/binder ( 0): 5498:5523 ioctl 40046210 7a4f35e254 returned -22
08-22 17:43:36.964 D/hw-ProcessState( 5498): Binder ioctl to enable oneway spam detection failed: Invalid argument
08-22 17:43:36.967 I/hwservicemanager( 520): getTransport: Cannot find entry android.hardware.graphics.mapper@4.0::IMapper/default in either framework or device VINTF manifest.
08-22 17:43:36.968 I/Gralloc4( 5498): mapper 4.x is not supported
08-22 17:43:36.975 I/hwservicemanager( 520): getTransport: Cannot find entry android.hardware.graphics.allocator@4.0::IAllocator/default in either framework or device VINTF manifest.
08-22 17:43:36.976 W/Gralloc4( 5498): allocator 4.x is not supported
08-22 17:43:37.002 E/FrameEvents( 5498): updateAcquireFence: Did not find frame.
08-22 17:43:37.021 E/FrameEvents( 5498): updateAcquireFence: Did not find frame.
08-22 17:43:37.025 I/mpu_uart( 664): [MSG-P:RECV]:No message received in 1000 ms
08-22 17:43:37.082 V/Launcher( 5498): LauncherAppState initiated
08-22 17:43:37.134 D/CompatibilityChangeReporter( 5498): Compat change id reported: 171228096; UID 10106; state: ENABLED
08-22 17:43:37.229 I/wm_on_create_called( 5498): [204102949,com.android.launcher3.uioverrides.QuickstepLauncher,performCreate]
08-22 17:43:37.230 I/wm_on_start_called( 5498): [204102949,com.android.launcher3.uioverrides.QuickstepLauncher,handleStartActivity]
08-22 17:43:37.231 I/wm_on_resume_called( 5498): [204102949,com.android.launcher3.uioverrides.QuickstepLauncher,LIFECYCLER_RESUME_ACTIVITY]
08-22 17:43:37.236 W/UnsafeUtil( 5498): platform method missing - proto runtime falling back to safer methods: java.lang.NoSuchMethodException: sun.misc.Unsafe.copyMemory [class java.lang.Object, long, class java.lang.Object, long, long]
08-22 17:43:37.248 I/wm_on_paused_called( 5498): [204102949,com.android.launcher3.uioverrides.QuickstepLauncher,performPause]
08-22 17:43:37.253 D/LoaderTask( 5498): loadWorkspace: loading default favorites
08-22 17:43:37.334 D/TouchInteractionService( 5498): Touch service connected: user=0
08-22 17:43:37.358 I/hwservicemanager( 520): getTransport: Cannot find entry android.hardware.light@2.0::ILight/default in either framework or device VINTF manifest.
08-22 17:43:37.363 E/light ( 5533): light_open lights keyboard failed: -22
08-22 17:43:37.363 E/light ( 5533): Light passthrough failed to load legacy HAL.
08-22 17:43:37.364 E/light ( 5533): light_open lights buttons failed: -22
08-22 17:43:37.364 E/light ( 5533): Light passthrough failed to load legacy HAL.
08-22 17:43:37.366 E/light ( 5533): light_open lights bluetooth failed: -22
08-22 17:43:37.366 E/light ( 5533): Light passthrough failed to load legacy HAL.
08-22 17:43:37.367 E/light ( 5533): light_open lights wifi failed: -22
08-22 17:43:37.367 E/light ( 5533): Light passthrough failed to load legacy HAL.
08-22 17:43:37.367 D/LoaderTask( 5498): loadWorkspace
08-22 17:43:37.368 I/wm_stop_activity( 1155): [0,204102949,com.android.launcher3/.uioverrides.QuickstepLauncher]
08-22 17:43:37.370 D/LoaderTask( 5498): sanitizeData
08-22 17:43:37.368 I/hwservicemanager( 520): getTransport: Cannot find entry android.hardware.light@2.0::ILight/default in either framework or device VINTF manifest.
08-22 17:43:37.371 D/LoaderTask( 5498): bindWorkspace
08-22 17:43:37.371 E/HidlServiceManagement( 5533): Service android.hardware.light@2.0::ILight/default must be in VINTF manifest in order to register/get.
08-22 17:43:37.371 E/LegacySupport( 5533): Could not register service android.hardware.light@2.0::ILight/default (-2147483648).
08-22 17:43:37.373 D/LoaderTask( 5498): sendFirstScreenActiveInstallsBroadcast
08-22 17:43:37.388 I/wm_on_stop_called( 5498): [204102949,com.android.launcher3.uioverrides.QuickstepLauncher,STOP_ACTIVITY_ITEM]
08-22 17:43:37.416 D/LoaderTask( 5498): step 1 complete
08-22 17:43:37.535 D/LoaderTask( 5498): loadAllApps
08-22 17:43:37.536 D/LoaderTask( 5498): bindAllApps
08-22 17:43:37.553 D/LoaderTask( 5498): update icon cache
08-22 17:43:37.553 D/LoaderTask( 5498): save shortcuts in icon cache
08-22 17:43:37.553 D/LoaderTask( 5498): step 2 complete
08-22 17:43:37.554 D/LoaderTask( 5498): loadDeepShortcuts
08-22 17:43:37.555 D/LoaderTask( 5498): bindDeepShortcuts
08-22 17:43:37.555 D/LoaderTask( 5498): save deep shortcuts in icon cache
08-22 17:43:37.557 D/LoaderTask( 5498): step 3 complete
08-22 17:43:37.585 D/LoaderTask( 5498): load widgets
08-22 17:43:37.591 D/audio_hw_primary( 819): out_set_parameters: enter: usecase(1: low-latency-playback) kvpairs: suspend_playback=false
08-22 17:43:37.592 D/audio_hw_extn( 819): audio_extn_fm_set_parameters: Enter
08-22 17:43:37.592 D/LoaderTask( 5498): bindWidgets
08-22 17:43:37.592 W/audio_hw_primary( 819): out_write: underrun(19) frames_by_time(48371) > out->last_fifo_frames_remaining(384)
08-22 17:43:37.593 D/LoaderTask( 5498): save widgets in icon cache
08-22 17:43:37.606 D/LoaderTask( 5498): finish icon update
08-22 17:43:37.631 D/audio_hw_primary( 819): out_set_parameters: enter: usecase(1: low-latency-playback) kvpairs: suspend_playback=true
08-22 17:43:37.632 D/audio_hw_extn( 819): audio_extn_fm_set_parameters: Enter
08-22 17:43:37.657 I/liblog ( 2230): 56
08-22 17:43:37.657 W/System.err( 2230): java.net.BindException: bind failed: EADDRINUSE (Address already in use)
08-22 17:43:37.658 W/System.err( 2230): at libcore.io.IoBridge.bind(IoBridge.java:150)
08-22 17:43:37.658 W/System.err( 2230): at java.net.PlainSocketImpl.socketBind(PlainSocketImpl.java:162)
08-22 17:43:37.658 W/System.err( 2230): at java.net.AbstractPlainSocketImpl.bind(AbstractPlainSocketImpl.java:427)
08-22 17:43:37.658 W/System.err( 2230): at java.net.ServerSocket.bind(ServerSocket.java:377)
08-22 17:43:37.658 W/System.err( 2230): at java.net.ServerSocket.(ServerSocket.java:237)
08-22 17:43:37.658 W/System.err( 2230): at com.thundercomm.remotecontrolservice.RemoteSocketService.startServer(RemoteSocketService.java:91)
08-22 17:43:37.659 W/System.err( 2230): at com.thundercomm.remotecontrolservice.RemoteSocketService.restartServer(RemoteSocketService.java:119)
08-22 17:43:37.659 W/System.err( 2230): at com.thundercomm.remotecontrolservice.RemoteSocketService.access$100(RemoteSocketService.java:11)
08-22 17:43:37.659 W/System.err( 2230): at com.thundercomm.remotecontrolservice.RemoteSocketService$3.run(RemoteSocketService.java:101)
08-22 17:43:37.659 W/System.err( 2230): at java.lang.Thread.run(Thread.java:920)
08-22 17:43:37.659 W/System.err( 2230): Caused by: android.system.ErrnoException: bind failed: EADDRINUSE (Address already in use)
08-22 17:43:37.659 W/System.err( 2230): at libcore.io.Linux.bind(Native Method)
08-22 17:43:37.659 W/System.err( 2230): at libcore.io.ForwardingOs.bind(ForwardingOs.java:141)
08-22 17:43:37.659 W/System.err( 2230): at libcore.io.ForwardingOs.bind(ForwardingOs.java:141)
08-22 17:43:37.659 W/System.err( 2230): at libcore.io.IoBridge.bind(IoBridge.java:146)
08-22 17:43:37.659 W/System.err( 2230): ... 9 more
08-22 17:43:37.661 W/System.err( 2230): java.net.BindException: bind failed: EADDRINUSE (Address already in use)
08-22 17:43:37.661 W/System.err( 2230): at libcore.io.IoBridge.bind(IoBridge.java:150)
08-22 17:43:37.661 W/System.err( 2230): at java.net.PlainSocketImpl.socketBind(PlainSocketImpl.java:162)
08-22 17:43:37.661 W/System.err( 2230): at java.net.AbstractPlainSocketImpl.bind(AbstractPlainSocketImpl.java:427)
08-22 17:43:37.661 W/System.err( 2230): at java.net.ServerSocket.bind(ServerSocket.java:377)
08-22 17:43:37.661 W/System.err( 2230): at java.net.ServerSocket.(ServerSocket.java:237)
08-22 17:43:37.661 W/System.err( 2230): at com.thundercomm.remotecontrolservice.RemoteSocketService.startServer(RemoteSocketService.java:91)
08-22 17:43:37.661 W/System.err( 2230): at com.thundercomm.remotecontrolservice.RemoteSocketService.restartServer(RemoteSocketService.java:119)
08-22 17:43:37.662 W/System.err( 2230): at com.thundercomm.remotecontrolservice.RemoteSocketService.access$100(RemoteSocketService.java:11)
08-22 17:43:37.662 W/System.err( 2230): at com.thundercomm.remotecontrolservice.RemoteSocketService$3.run(RemoteSocketService.java:101)
08-22 17:43:37.662 W/System.err( 2230): at java.lang.Thread.run(Thread.java:920)
08-22 17:43:37.662 W/System.err( 2230): Caused by: android.system.ErrnoException: bind failed: EADDRINUSE (Address already in use)
08-22 17:43:37.662 W/System.err( 2230): at libcore.io.Linux.bind(Native Method)
08-22 17:43:37.662 W/System.err( 2230): at libcore.io.ForwardingOs.bind(ForwardingOs.java:141)
08-22 17:43:37.662 W/System.err( 2230): at libcore.io.ForwardingOs.bind(ForwardingOs.java:141)
08-22 17:43:37.662 W/System.err( 2230): at libcore.io.IoBridge.bind(IoBridge.java:146)
08-22 17:43:37.662 W/System.err( 2230): ... 9 more
08-22 17:43:37.663 W/System.err( 2230): java.net.BindException: bind failed: EADDRINUSE (Address already in use)
08-22 17:43:37.663 W/System.err( 2230): at libcore.io.IoBridge.bind(IoBridge.java:150)
08-22 17:43:37.663 W/System.err( 2230): at java.net.PlainSocketImpl.socketBind(PlainSocketImpl.java:162)
08-22 17:43:37.663 W/System.err( 2230): at java.net.AbstractPlainSocketImpl.bind(AbstractPlainSocketImpl.java:427)
08-22 17:43:37.663 W/System.err( 2230): at java.net.ServerSocket.bind(ServerSocket.java:377)
08-22 17:43:37.663 W/System.err( 2230): at java.net.ServerSocket.(ServerSocket.java:237)
08-22 17:43:37.664 W/System.err( 2230): at com.thundercomm.remotecontrolservice.RemoteSocketService.startServer(RemoteSocketService.java:91)
08-22 17:43:37.664 W/System.err( 2230): at com.thundercomm.remotecontrolservice.RemoteSocketService.restartServer(RemoteSocketService.java:119)
08-22 17:43:37.667 W/System.err( 2230): at com.thundercomm.remotecontrolservice.RemoteSocketService.access$100(RemoteSocketService.java:11)
08-22 17:43:37.667 W/System.err( 2230): at com.thundercomm.remotecontrolservice.RemoteSocketService$3.run(RemoteSocketService.java:101)
08-22 17:43:37.667 W/System.err( 2230): at java.lang.Thread.run(Thread.java:920)
08-22 17:43:37.668 W/System.err( 2230): Caused by: android.system.ErrnoException: bind failed: EADDRINUSE (Address already in use)
08-22 17:43:37.668 W/System.err( 2230): at libcore.io.Linux.bind(Native Method)
08-22 17:43:37.668 W/System.err( 2230): at libcore.io.ForwardingOs.bind(ForwardingOs.java:141)
08-22 17:43:37.668 W/System.err( 2230): at libcore.io.ForwardingOs.bind(ForwardingOs.java:141)
08-22 17:43:37.668 W/System.err( 2230): at libcore.io.IoBridge.bind(IoBridge.java:146)
08-22 17:43:37.668 W/System.err( 2230): ... 9 more
08-22 17:43:37.671 W/System.err( 2230): java.net.BindException: bind failed: EADDRINUSE (Address already in use)
08-22 17:43:37.671 W/System.err( 2230): at libcore.io.IoBridge.bind(IoBridge.java:150)
08-22 17:43:37.671 W/System.err( 2230): at java.net.PlainSocketImpl.socketBind(PlainSocketImpl.java:162)
08-22 17:43:37.671 W/System.err( 2230): at java.net.AbstractPlainSocketImpl.bind(AbstractPlainSocketImpl.java:427)
08-22 17:43:37.671 W/System.err( 2230): at java.net.ServerSocket.bind(ServerSocket.java:377)
08-22 17:43:37.671 W/System.err( 2230): at java.net.ServerSocket.(ServerSocket.java:237)
08-22 17:43:37.671 W/System.err( 2230): at com.thundercomm.remotecontrolservice.RemoteSocketService.startServer(RemoteSocketService.java:91)
08-22 17:43:37.671 W/System.err( 2230): at com.thundercomm.remotecontrolservice.RemoteSocketService.restartServer(RemoteSocketService.java:119)
08-22 17:43:37.672 W/System.err( 2230): at com.thundercomm.remotecontrolservice.RemoteSocketService.access$100(RemoteSocketService.java:11)
08-22 17:43:37.672 W/System.err( 2230): at com.thundercomm.remotecontrolservice.RemoteSocketService$3.run(RemoteSocketService.java:101)
08-22 17:43:37.672 W/System.err( 2230): at java.lang.Thread.run(Thread.java:920)
08-22 17:43:37.672 W/System.err( 2230): Caused by: android.system.ErrnoException: bind failed: EADDRINUSE (Address already in use)
08-22 17:43:37.672 W/System.err( 2230): at libcore.io.Linux.bind(Native Method)
08-22 17:43:37.672 W/System.err( 2230): at libcore.io.ForwardingOs.bind(ForwardingOs.java:141)
08-22 17:43:37.672 W/System.err( 2230): at libcore.io.ForwardingOs.bind(ForwardingOs.java:141)
08-22 17:43:37.672 W/System.err( 2230): at libcore.io.IoBridge.bind(IoBridge.java:146)
08-22 17:43:37.672 W/System.err( 2230): ... 9 more
08-22 17:43:37.675 W/System.err( 2230): java.net.BindException: bind failed: EADDRINUSE (Address already in use)
08-22 17:43:37.675 W/System.err( 2230): at libcore.io.IoBridge.bind(IoBridge.java:150)
08-22 17:43:37.675 W/System.err( 2230): at java.net.PlainSocketImpl.socketBind(PlainSocketImpl.java:162)
08-22 17:43:37.675 W/System.err( 2230): at java.net.AbstractPlainSocketImpl.bind(AbstractPlainSocketImpl.java:427)
08-22 17:43:37.675 W/System.err( 2230): at java.net.ServerSocket.bind(ServerSocket.java:377)
08-22 17:43:37.676 W/System.err( 2230): at java.net.ServerSocket.(ServerSocket.java:237)
08-22 17:43:37.676 W/System.err( 2230): at com.thundercomm.remotecontrolservice.RemoteSocketService.startServer(RemoteSocketService.java:91)
08-22 17:43:37.676 W/System.err( 2230): at com.thundercomm.remotecontrolservice.RemoteSocketService.restartServer(RemoteSocketService.java:119)
08-22 17:43:37.676 W/System.err( 2230): at com.thundercomm.remotecontrolservice.RemoteSocketService.access$100(RemoteSocketService.java:11)
08-22 17:43:37.676 W/System.err( 2230): at com.thundercomm.remotecontrolservice.RemoteSocketService$3.run(RemoteSocketService.java:101)
08-22 17:43:37.676 W/System.err( 2230): at java.lang.Thread.run(Thread.java:920)
08-22 17:43:37.679 W/System.err( 2230): Caused by: android.system.ErrnoException: bind failed: EADDRINUSE (Address already in use)
08-22 17:43:37.679 W/System.err( 2230): at libcore.io.Linux.bind(Native Method)
08-22 17:43:37.679 W/System.err( 2230): at libcore.io.ForwardingOs.bind(ForwardingOs.java:141)
08-22 17:43:37.681 W/System.err( 2230): at libcore.io.ForwardingOs.bind(ForwardingOs.java:141)
08-22 17:43:37.682 W/System.err( 2230): at libcore.io.IoBridge.bind(IoBridge.java:146)
08-22 17:43:37.682 W/System.err( 2230): ... 9 more
08-22 17:43:37.682 W/System.err( 2230): java.net.BindException: bind failed: EADDRINUSE (Address already in use)
08-22 17:43:37.682 W/System.err( 2230): at libcore.io.IoBridge.bind(IoBridge.java:150)
08-22 17:43:37.682 W/System.err( 2230): at java.net.PlainSocketImpl.socketBind(PlainSocketImpl.java:162)
08-22 17:43:37.682 W/System.err( 2230): at java.net.AbstractPlainSocketImpl.bind(AbstractPlainSocketImpl.java:427)
08-22 17:43:37.682 W/System.err( 2230): at java.net.ServerSocket.bind(ServerSocket.java:377)
08-22 17:43:37.682 W/System.err( 2230): at java.net.ServerSocket.(ServerSocket.java:237)
08-22 17:43:37.682 W/System.err( 2230): at com.thundercomm.remotecontrolservice.RemoteSocketService.startServer(RemoteSocketService.java:91)
08-22 17:43:37.683 W/System.err( 2230): at com.thundercomm.remotecontrolservice.RemoteSocketService.restartServer(RemoteSocketService.java:119)
08-22 17:43:37.683 W/System.err( 2230): at com.thundercomm.remotecontrolservice.RemoteSocketService.access$100(RemoteSocketService.java:11)
08-22 17:43:37.683 W/System.err( 2230): at com.thundercomm.remotecontrolservice.RemoteSocketService$3.run(RemoteSocketService.java:101)
08-22 17:43:37.683 W/System.err( 2230): at java.lang.Thread.run(Thread.java:920)
08-22 17:43:37.683 W/System.err( 2230): Caused by: android.system.ErrnoException: bind failed: EADDRINUSE (Address already in use)
08-22 17:43:37.683 W/System.err( 2230): at libcore.io.Linux.bind(Native Method)
08-22 17:43:37.683 W/System.err( 2230): at libcore.io.ForwardingOs.bind(ForwardingOs.java:141)
08-22 17:43:37.683 W/System.err( 2230): at libcore.io.ForwardingOs.bind(ForwardingOs.java:141)
08-22 17:43:37.683 W/System.err( 2230): at libcore.io.IoBridge.bind(IoBridge.java:146)
08-22 17:43:37.683 W/System.err( 2230): ... 9 more
08-22 17:43:37.683 W/System.err( 2230): java.net.BindException: bind failed: EADDRINUSE (Address already in use)
08-22 17:43:37.684 W/System.err( 2230): at libcore.io.IoBridge.bind(IoBridge.java:150)
08-22 17:43:37.684 W/System.err( 2230): at java.net.PlainSocketImpl.socketBind(PlainSocketImpl.java:162)
08-22 17:43:37.684 W/System.err( 2230): at java.net.AbstractPlainSocketImpl.bind(AbstractPlainSocketImpl.java:427)
08-22 17:43:37.684 W/System.err( 2230): at java.net.ServerSocket.bind(ServerSocket.java:377)
08-22 17:43:37.685 W/System.err( 2230): at java.net.ServerSocket.(ServerSocket.java:237)
08-22 17:43:37.685 W/System.err( 2230): at com.thundercomm.remotecontrolservice.RemoteSocketService.startServer(RemoteSocketService.java:91)
08-22 17:43:37.685 W/System.err( 2230): at com.thundercomm.remotecontrolservice.RemoteSocketService.restartServer(RemoteSocketService.java:119)
08-22 17:43:37.685 W/System.err( 2230): at com.thundercomm.remotecontrolservice.RemoteSocketService.access$100(RemoteSocketService.java:11)
08-22 17:43:37.685 W/System.err( 2230): at com.thundercomm.remotecontrolservice.RemoteSocketService$3.run(RemoteSocketService.java:101)
08-22 17:43:37.685 W/System.err( 2230): at java.lang.Thread.run(Thread.java:920)
08-22 17:43:37.685 W/System.err( 2230): Caused by: android.system.ErrnoException: bind failed: EADDRINUSE (Address already in use)
08-22 17:43:37.685 W/System.err( 2230): at libcore.io.Linux.bind(Native Method)
08-22 17:43:37.685 W/System.err( 2230): at libcore.io.ForwardingOs.bind(ForwardingOs.java:141)
01-01 01:39:29.884 D/ ( 0): mv2112_read_status
08-22 17:43:37.689 W/System.err( 2230): at libcore.io.ForwardingOs.bind(ForwardingOs.java:141)
08-22 17:43:37.689 W/System.err( 2230): at libcore.io.IoBridge.bind(IoBridge.java:146)
01-01 01:39:29.884 D/mv2112_update_link( 0): 3.0x901(1G): 0x80
01-01 01:39:29.884 D/mv2112_update_link( 0): 3.0x8109(100M): 0x0
01-01 01:39:29.884 D/mv2112_update_link( 0): link 0x0
01-01 01:39:29.884 D/mv2112_read_status( 0): autoneg is disabled
08-22 17:43:37.689 W/System.err( 2230): ... 9 more
08-22 17:43:37.689 W/System.err( 2230): java.net.BindException: bind failed: EADDRINUSE (Address already in use)
08-22 17:43:37.689 W/System.err( 2230): at libcore.io.IoBridge.bind(IoBridge.java:150)
08-22 17:43:37.690 W/System.err( 2230): at java.net.PlainSocketImpl.socketBind(PlainSocketImpl.java:162)
08-22 17:43:37.690 W/System.err( 2230): at java.net.AbstractPlainSocketImpl.bind(AbstractPlainSocketImpl.java:427)
08-22 17:43:37.690 W/System.err( 2230): at java.net.ServerSocket.bind(ServerSocket.java:377)
08-22 17:43:37.690 W/System.err( 2230): at java.net.ServerSocket.(ServerSocket.java:237)
08-22 17:43:37.690 W/System.err( 2230): at com.thundercomm.remotecontrolservice.RemoteSocketService.startServer(RemoteSocketService.java:91)
08-22 17:43:37.690 W/System.err( 2230): at com.thundercomm.remotecontrolservice.RemoteSocketService.restartServer(RemoteSocketService.java:119)
08-22 17:43:37.690 W/System.err( 2230): at com.thundercomm.remotecontrolservice.RemoteSocketService.access$100(RemoteSocketService.java:11)
08-22 17:43:37.690 W/System.err( 2230): at com.thundercomm.remotecontrolservice.RemoteSocketService$3.run(RemoteSocketService.java:101)
08-22 17:43:37.690 W/System.err( 2230): at java.lang.Thread.run(Thread.java:920)
08-22 17:43:37.690 W/System.err( 2230): Caused by: android.system.ErrnoException: bind failed: EADDRINUSE (Address already in use)
08-22 17:43:37.690 W/System.err( 2230): at libcore.io.Linux.bind(Native Method)
08-22 17:43:37.690 W/System.err( 2230): at libcore.io.ForwardingOs.bind(ForwardingOs.java:141)
08-22 17:43:37.691 W/System.err( 2230): at libcore.io.ForwardingOs.bind(ForwardingOs.java:141)
08-22 17:43:37.691 W/System.err( 2230): at libcore.io.IoBridge.bind(IoBridge.java:146)
08-22 17:43:37.691 W/System.err( 2230): ... 9 more
08-22 17:43:37.691 W/System.err( 2230): java.net.BindException: bind failed: EADDRINUSE (Address already in use)
08-22 17:43:37.691 W/System.err( 2230): at libcore.io.IoBridge.bind(IoBridge.java:150)
08-22 17:43:37.691 W/System.err( 2230): at java.net.PlainSocketImpl.socketBind(PlainSocketImpl.java:162)
08-22 17:43:37.691 W/System.err( 2230): at java.net.AbstractPlainSocketImpl.bind(AbstractPlainSocketImpl.java:427)
08-22 17:43:37.691 W/System.err( 2230): at java.net.ServerSocket.bind(ServerSocket.java:377)
08-22 17:43:37.691 W/System.err( 2230): at java.net.ServerSocket.(ServerSocket.java:237)
08-22 17:43:37.691 W/System.err( 2230): at com.thundercomm.remotecontrolservice.RemoteSocketService.startServer(RemoteSocketService.java:91)
08-22 17:43:37.691 W/System.err( 2230): at com.thundercomm.remotecontrolservice.RemoteSocketService.restartServer(RemoteSocketService.java:119)
08-22 17:43:37.691 W/System.err( 2230): at com.thundercomm.remotecontrolservice.RemoteSocketService.access$100(RemoteSocketService.java:11)
08-22 17:43:37.691 W/System.err( 2230): at com.thundercomm.remotecontrolservice.RemoteSocketService$3.run(RemoteSocketService.java:101)
08-22 17:43:37.691 W/System.err( 2230): at java.lang.Thread.run(Thread.java:920)
08-22 17:43:37.691 W/System.err( 2230): Caused by: android.system.ErrnoException: bind failed: EADDRINUSE (Address already in use)
08-22 17:43:37.691 W/System.err( 2230): at libcore.io.Linux.bind(Native Method)
08-22 17:43:37.691 W/System.err( 2230): at libcore.io.ForwardingOs.bind(ForwardingOs.java:141)
08-22 17:43:37.692 W/System.err( 2230): at libcore.io.ForwardingOs.bind(ForwardingOs.java:141)
08-22 17:43:37.692 W/System.err( 2230): at libcore.io.IoBridge.bind(IoBridge.java:146)
08-22 17:43:37.692 W/System.err( 2230): ... 9 more
08-22 17:43:37.692 W/System.err( 2230): java.net.BindException: bind failed: EADDRINUSE (Address already in use)
08-22 17:43:37.692 W/System.err( 2230): at libcore.io.IoBridge.bind(IoBridge.java:150)
08-22 17:43:37.692 W/System.err( 2230): at java.net.PlainSocketImpl.socketBind(PlainSocketImpl.java:162)
08-22 17:43:37.692 W/System.err( 2230): at java.net.AbstractPlainSocketImpl.bind(AbstractPlainSocketImpl.java:427)
08-22 17:43:37.693 W/System.err( 2230): at java.net.ServerSocket.bind(ServerSocket.java:377)
08-22 17:43:37.693 W/System.err( 2230): at java.net.ServerSocket.(ServerSocket.java:237)
08-22 17:43:37.693 W/System.err( 2230): at com.thundercomm.remotecontrolservice.RemoteSocketService.startServer(RemoteSocketService.java:91)
08-22 17:43:37.693 W/System.err( 2230): at com.thundercomm.remotecontrolservice.RemoteSocketService.restartServer(RemoteSocketService.java:119)
08-22 17:43:37.693 W/System.err( 2230): at com.thundercomm.remotecontrolservice.RemoteSocketService.access$100(RemoteSocketService.java:11)
08-22 17:43:37.693 W/System.err( 2230): at com.thundercomm.remotecontrolservice.RemoteSocketService$3.run(RemoteSocketService.java:101)
08-22 17:43:37.693 W/System.err( 2230): at java.lang.Thread.run(Thread.java:920)
08-22 17:43:37.693 W/System.err( 2230): Caused by: android.system.ErrnoException: bind failed: EADDRINUSE (Address already in use)
08-22 17:43:37.693 W/System.err( 2230): at libcore.io.Linux.bind(Native Method)
08-22 17:43:37.693 W/System.err( 2230): at libcore.io.ForwardingOs.bind(ForwardingOs.java:141)
08-22 17:43:37.694 W/System.err( 2230): at libcore.io.ForwardingOs.bind(ForwardingOs.java:141)
08-22 17:43:37.694 W/System.err( 2230): at libcore.io.IoBridge.bind(IoBridge.java:146)
08-22 17:43:37.694 W/System.err( 2230): ... 9 more
08-22 17:43:37.694 W/System.err( 2230): java.net.BindException: bind failed: EADDRINUSE (Address already in use)
08-22 17:43:37.694 W/System.err( 2230): at libcore.io.IoBridge.bind(IoBridge.java:150)
08-22 17:43:37.694 W/System.err( 2230): at java.net.PlainSocketImpl.socketBind(PlainSocketImpl.java:162)
08-22 17:43:37.694 W/System.err( 2230): at java.net.AbstractPlainSocketImpl.bind(AbstractPlainSocketImpl.java:427)
08-22 17:43:37.694 W/System.err( 2230): at java.net.ServerSocket.bind(ServerSocket.java:377)
08-22 17:43:37.694 W/System.err( 2230): at java.net.ServerSocket.(ServerSocket.java:237)
08-22 17:43:37.694 W/System.err( 2230): at com.thundercomm.remotecontrolservice.RemoteSocketService.startServer(RemoteSocketService.java:91)
08-22 17:43:37.694 W/System.err( 2230): at com.thundercomm.remotecontrolservice.RemoteSocketService.restartServer(RemoteSocketService.java:119)
08-22 17:43:37.694 W/System.err( 2230): at com.thundercomm.remotecontrolservice.RemoteSocketService.access$100(RemoteSocketService.java:11)
08-22 17:43:37.695 W/System.err( 2230): at com.thundercomm.remotecontrolservice.RemoteSocketService$3.run(RemoteSocketService.java:101)
08-22 17:43:37.695 W/System.err( 2230): at java.lang.Thread.run(Thread.java:920)
08-22 17:43:37.695 W/System.err( 2230): Caused by: android.system.ErrnoException: bind failed: EADDRINUSE (Address already in use)
08-22 17:43:37.695 W/System.err( 2230): at libcore.io.Linux.bind(Native Method)
08-22 17:43:37.695 W/System.err( 2230): at libcore.io.ForwardingOs.bind(ForwardingOs.java:141)
08-22 17:43:37.695 W/System.err( 2230): at libcore.io.ForwardingOs.bind(ForwardingOs.java:141)
08-22 17:43:37.695 W/System.err( 2230): at libcore.io.IoBridge.bind(IoBridge.java:146)
08-22 17:43:37.695 W/System.err( 2230): ... 9 more
08-22 17:43:37.699 W/System.err( 2230): java.net.BindException: bind failed: EADDRINUSE (Address already in use)
08-22 17:43:37.699 W/System.err( 2230): at libcore.io.IoBridge.bind(IoBridge.java:150)
08-22 17:43:37.699 W/System.err( 2230): at java.net.PlainSocketImpl.socketBind(PlainSocketImpl.java:162)
08-22 17:43:37.699 W/System.err( 2230): at java.net.AbstractPlainSocketImpl.bind(AbstractPlainSocketImpl.java:427)
08-22 17:43:37.699 W/System.err( 2230): at java.net.ServerSocket.bind(ServerSocket.java:377)
08-22 17:43:37.699 W/System.err( 2230): at java.net.ServerSocket.(ServerSocket.java:237)
08-22 17:43:37.699 W/System.err( 2230): at com.thundercomm.remotecontrolservice.RemoteSocketService.startServer(RemoteSocketService.java:91)
08-22 17:43:37.699 W/System.err( 2230): at com.thundercomm.remotecontrolservice.RemoteSocketService.restartServer(RemoteSocketService.java:119)
08-22 17:43:37.700 W/System.err( 2230): at com.thundercomm.remotecontrolservice.RemoteSocketService.access$100(RemoteSocketService.java:11)
08-22 17:43:37.700 W/System.err( 2230): at com.thundercomm.remotecontrolservice.RemoteSocketService$3.run(RemoteSocketService.java:101)
08-22 17:43:37.700 W/System.err( 2230): at java.lang.Thread.run(Thread.java:920)
08-22 17:43:37.700 W/System.err( 2230): Caused by: android.system.ErrnoException: bind failed: EADDRINUSE (Address already in use)
08-22 17:43:37.700 W/System.err( 2230): at libcore.io.Linux.bind(Native Method)
08-22 17:43:37.700 W/System.err( 2230): at libcore.io.ForwardingOs.bind(ForwardingOs.java:141)
08-22 17:43:37.700 W/System.err( 2230): at libcore.io.ForwardingOs.bind(ForwardingOs.java:141)
08-22 17:43:37.700 W/System.err( 2230): at libcore.io.IoBridge.bind(IoBridge.java:146)
08-22 17:43:37.700 W/System.err( 2230): ... 9 more
08-22 17:43:37.700 W/System.err( 2230): java.net.BindException: bind failed: EADDRINUSE (Address already in use)
08-22 17:43:37.700 W/System.err( 2230): at libcore.io.IoBridge.bind(IoBridge.java:150)
08-22 17:43:37.701 W/System.err( 2230): at java.net.PlainSocketImpl.socketBind(PlainSocketImpl.java:162)
08-22 17:43:37.701 W/System.err( 2230): at java.net.AbstractPlainSocketImpl.bind(AbstractPlainSocketImpl.java:427)
08-22 17:43:37.701 W/System.err( 2230): at java.net.ServerSocket.bind(ServerSocket.java:377)
08-22 17:43:37.701 W/System.err( 2230): at java.net.ServerSocket.(ServerSocket.java:237)
08-22 17:43:37.701 W/System.err( 2230): at com.thundercomm.remotecontrolservice.RemoteSocketService.startServer(RemoteSocketService.java:91)
08-22 17:43:37.701 W/System.err( 2230): at com.thundercomm.remotecontrolservice.RemoteSocketService.restartServer(RemoteSocketService.java:119)
08-22 17:43:37.701 W/System.err( 2230): at com.thundercomm.remotecontrolservice.RemoteSocketService.access$100(RemoteSocketService.java:11)
08-22 17:43:37.701 W/System.err( 2230): at com.thundercomm.remotecontrolservice.RemoteSocketService$3.run(RemoteSocketService.java:101)
08-22 17:43:37.701 W/System.err( 2230): at java.lang.Thread.run(Thread.java:920)
08-22 17:43:37.702 W/System.err( 2230): Caused by: android.system.ErrnoException: bind failed: EADDRINUSE (Address already in use)
08-22 17:43:37.702 W/System.err( 2230): at libcore.io.Linux.bind(Native Method)
08-22 17:43:37.702 W/System.err( 2230): at libcore.io.ForwardingOs.bind(ForwardingOs.java:141)
08-22 17:43:37.702 W/System.err( 2230): at libcore.io.ForwardingOs.bind(ForwardingOs.java:141)
08-22 17:43:37.702 W/System.err( 2230): at libcore.io.IoBridge.bind(IoBridge.java:146)
08-22 17:43:37.702 W/System.err( 2230): ... 9 more
08-22 17:43:37.713 W/System.err( 2230): java.net.BindException: bind failed: EADDRINUSE (Address already in use)
08-22 17:43:37.713 W/System.err( 2230): at libcore.io.IoBridge.bind(IoBridge.java:150)
08-22 17:43:37.713 W/System.err( 2230): at java.net.PlainSocketImpl.socketBind(PlainSocketImpl.java:162)
08-22 17:43:37.713 W/System.err( 2230): at java.net.AbstractPlainSocketImpl.bind(AbstractPlainSocketImpl.java:427)
08-22 17:43:37.713 W/System.err( 2230): at java.net.ServerSocket.bind(ServerSocket.java:377)
08-22 17:43:37.713 W/System.err( 2230): at java.net.ServerSocket.(ServerSocket.java:237)
08-22 17:43:37.713 W/System.err( 2230): at com.thundercomm.remotecontrolservice.RemoteSocketService.startServer(RemoteSocketService.java:91)
08-22 17:43:37.713 W/System.err( 2230): at com.thundercomm.remotecontrolservice.RemoteSocketService.restartServer(RemoteSocketService.java:119)
08-22 17:43:37.713 W/System.err( 2230): at com.thundercomm.remotecontrolservice.RemoteSocketService.access$100(RemoteSocketService.java:11)
08-22 17:43:37.713 W/System.err( 2230): at com.thundercomm.remotecontrolservice.RemoteSocketService$3.run(RemoteSocketService.java:101)
08-22 17:43:37.713 W/System.err( 2230): at java.lang.Thread.run(Thread.java:920)
08-22 17:43:37.714 W/System.err( 2230): Caused by: android.system.ErrnoException: bind failed: EADDRINUSE (Address already in use)
08-22 17:43:37.714 W/System.err( 2230): at libcore.io.Linux.bind(Native Method)
08-22 17:43:37.714 W/System.err( 2230): at libcore.io.ForwardingOs.bind(ForwardingOs.java:141)
08-22 17:43:37.714 W/System.err( 2230): at libcore.io.ForwardingOs.bind(ForwardingOs.java:141)
08-22 17:43:37.714 W/System.err( 2230): at libcore.io.IoBridge.bind(IoBridge.java:146)
08-22 17:43:37.714 W/System.err( 2230): ... 9 more
08-22 17:43:37.714 W/System.err( 2230): java.net.BindException: bind failed: EADDRINUSE (Address already in use)
08-22 17:43:37.714 W/System.err( 2230): at libcore.io.IoBridge.bind(IoBridge.java:150)
08-22 17:43:37.714 W/System.err( 2230): at java.net.PlainSocketImpl.socketBind(PlainSocketImpl.java:162)
08-22 17:43:37.714 W/System.err( 2230): at java.net.AbstractPlainSocketImpl.bind(AbstractPlainSocketImpl.java:427)
08-22 17:43:37.714 W/System.err( 2230): at java.net.ServerSocket.bind(ServerSocket.java:377)
08-22 17:43:37.714 W/System.err( 2230): at java.net.ServerSocket.(ServerSocket.java:237)
08-22 17:43:37.715 W/System.err( 2230): at com.thundercomm.remotecontrolservice.RemoteSocketService.startServer(RemoteSocketService.java:91)
08-22 17:43:37.715 W/System.err( 2230): at com.thundercomm.remotecontrolservice.RemoteSocketService.restartServer(RemoteSocketService.java:119)
08-22 17:43:37.715 W/System.err( 2230): at com.thundercomm.remotecontrolservice.RemoteSocketService.access$100(RemoteSocketService.java:11)
08-22 17:43:37.715 W/System.err( 2230): at com.thundercomm.remotecontrolservice.RemoteSocketService$3.run(RemoteSocketService.java:101)
08-22 17:43:37.715 W/System.err( 2230): at java.lang.Thread.run(Thread.java:920)
08-22 17:43:37.715 W/System.err( 2230): Caused by: android.system.ErrnoException: bind failed: EADDRINUSE (Address already in use)
08-22 17:43:37.716 W/System.err( 2230): at libcore.io.Linux.bind(Native Method)
08-22 17:43:37.717 W/System.err( 2230): at libcore.io.ForwardingOs.bind(ForwardingOs.java:141)
08-22 17:43:37.717 W/System.err( 2230): at libcore.io.ForwardingOs.bind(ForwardingOs.java:141)
08-22 17:43:37.717 W/System.err( 2230): at libcore.io.IoBridge.bind(IoBridge.java:146)
08-22 17:43:37.717 W/System.err( 2230): ... 9 more
08-22 17:43:37.723 W/System.err( 2230): java.net.BindException: bind failed: EADDRINUSE (Address already in use)
08-22 17:43:37.724 W/System.err( 2230): at libcore.io.IoBridge.bind(IoBridge.java:150)
08-22 17:43:37.724 W/System.err( 2230): at java.net.PlainSocketImpl.socketBind(PlainSocketImpl.java:162)
08-22 17:43:37.724 W/System.err( 2230): at java.net.AbstractPlainSocketImpl.bind(AbstractPlainSocketImpl.java:427)
08-22 17:43:37.724 W/System.err( 2230): at java.net.ServerSocket.bind(ServerSocket.java:377)
08-22 17:43:37.724 W/System.err( 2230): at java.net.ServerSocket.(ServerSocket.java:237)
08-22 17:43:37.724 W/System.err( 2230): at com.thundercomm.remotecontrolservice.RemoteSocketService.startServer(RemoteSocketService.java:91)
08-22 17:43:37.724 W/System.err( 2230): at com.thundercomm.remotecontrolservice.RemoteSocketService.restartServer(RemoteSocketService.java:119)
08-22 17:43:37.724 W/System.err( 2230): at com.thundercomm.remotecontrolservice.RemoteSocketService.access$100(RemoteSocketService.java:11)
08-22 17:43:37.724 W/System.err( 2230): at com.thundercomm.remotecontrolservice.RemoteSocketService$3.run(RemoteSocketService.java:101)
08-22 17:43:37.724 W/System.err( 2230): at java.lang.Thread.run(Thread.java:920)
08-22 17:43:37.725 W/System.err( 2230): Caused by: android.system.ErrnoException: bind failed: EADDRINUSE (Address already in use)
08-22 17:43:37.725 W/System.err( 2230): at libcore.io.Linux.bind(Native Method)
08-22 17:43:37.725 W/System.err( 2230): at libcore.io.ForwardingOs.bind(ForwardingOs.java:141)
08-22 17:43:37.725 W/System.err( 2230): at libcore.io.ForwardingOs.bind(ForwardingOs.java:141)
08-22 17:43:37.725 W/System.err( 2230): at libcore.io.IoBridge.bind(IoBridge.java:146)
08-22 17:43:37.725 W/System.err( 2230): ... 9 more
08-22 17:43:37.725 W/System.err( 2230): java.net.BindException: bind failed: EADDRINUSE (Address already in use)
08-22 17:43:37.726 W/System.err( 2230): at libcore.io.IoBridge.bind(IoBridge.java:150)
08-22 17:43:37.726 W/System.err( 2230): at java.net.PlainSocketImpl.socketBind(PlainSocketImpl.java:162)
08-22 17:43:37.726 W/System.err( 2230): at java.net.AbstractPlainSocketImpl.bind(AbstractPlainSocketImpl.java:427)
08-22 17:43:37.726 W/System.err( 2230): at java.net.ServerSocket.bind(ServerSocket.java:377)
08-22 17:43:37.726 W/System.err( 2230): at java.net.ServerSocket.(ServerSocket.java:237)
08-22 17:43:37.726 W/System.err( 2230): at com.thundercomm.remotecontrolservice.RemoteSocketService.startServer(RemoteSocketService.java:91)
08-22 17:43:37.726 W/System.err( 2230): at com.thundercomm.remotecontrolservice.RemoteSocketService.restartServer(RemoteSocketService.java:119)
08-22 17:43:37.726 W/System.err( 2230): at com.thundercomm.remotecontrolservice.RemoteSocketService.access$100(RemoteSocketService.java:11)
08-22 17:43:37.726 W/System.err( 2230): at com.thundercomm.remotecontrolservice.RemoteSocketService$3.run(RemoteSocketService.java:101)
08-22 17:43:37.726 W/System.err( 2230): at java.lang.Thread.run(Thread.java:920)
08-22 17:43:37.727 W/System.err( 2230): Caused by: android.system.ErrnoException: bind failed: EADDRINUSE (Address already in use)
08-22 17:43:37.727 W/System.err( 2230): at libcore.io.Linux.bind(Native Method)
08-22 17:43:37.727 W/System.err( 2230): at libcore.io.ForwardingOs.bind(ForwardingOs.java:141)
08-22 17:43:37.727 W/System.err( 2230): at libcore.io.ForwardingOs.bind(ForwardingOs.java:141)
08-22 17:43:37.727 W/System.err( 2230): at libcore.io.IoBridge.bind(IoBridge.java:146)
08-22 17:43:37.727 W/System.err( 2230): ... 9 more
08-22 17:43:37.727 W/System.err( 2230): java.net.BindException: bind failed: EADDRINUSE (Address already in use)
08-22 17:43:37.728 W/System.err( 2230): at libcore.io.IoBridge.bind(IoBridge.java:150)
08-22 17:43:37.728 W/System.err( 2230): at java.net.PlainSocketImpl.socketBind(PlainSocketImpl.java:162)
08-22 17:43:37.728 W/System.err( 2230): at java.net.AbstractPlainSocketImpl.bind(AbstractPlainSocketImpl.java:427)
08-22 17:43:37.728 W/System.err( 2230): at java.net.ServerSocket.bind(ServerSocket.java:377)
08-22 17:43:37.728 W/System.err( 2230): at java.net.ServerSocket.(ServerSocket.java:237)
08-22 17:43:37.729 W/System.err( 2230): at com.thundercomm.remotecontrolservice.RemoteSocketService.startServer(RemoteSocketService.java:91)
08-22 17:43:37.729 W/System.err( 2230): at com.thundercomm.remotecontrolservice.RemoteSocketService.restartServer(RemoteSocketService.java:119)
08-22 17:43:37.729 W/System.err( 2230): at com.thundercomm.remotecontrolservice.RemoteSocketService.access$100(RemoteSocketService.java:11)
08-22 17:43:37.729 W/System.err( 2230): at com.thundercomm.remotecontrolservice.RemoteSocketService$3.run(RemoteSocketService.java:101)
08-22 17:43:37.729 W/System.err( 2230): at java.lang.Thread.run(Thread.java:920)
08-22 17:43:37.729 W/System.err( 2230): Caused by: android.system.ErrnoException: bind failed: EADDRINUSE (Address already in use)
08-22 17:43:37.730 W/System.err( 2230): at libcore.io.Linux.bind(Native Method)
08-22 17:43:37.730 W/System.err( 2230): at libcore.io.ForwardingOs.bind(ForwardingOs.java:141)
08-22 17:43:37.730 W/System.err( 2230): at libcore.io.ForwardingOs.bind(ForwardingOs.java:141)
08-22 17:43:37.730 W/System.err( 2230): at libcore.io.IoBridge.bind(IoBridge.java:146)
08-22 17:43:37.730 W/System.err( 2230): ... 9 more
08-22 17:43:37.737 W/System.err( 2230): java.net.BindException: bind failed: EADDRINUSE (Address already in use)
08-22 17:43:37.737 W/System.err( 2230): at libcore.io.IoBridge.bind(IoBridge.java:150)
08-22 17:43:37.738 W/System.err( 2230): at java.net.PlainSocketImpl.socketBind(PlainSocketImpl.java:162)
08-22 17:43:37.738 W/System.err( 2230): at java.net.AbstractPlainSocketImpl.bind(AbstractPlainSocketImpl.java:427)
08-22 17:43:37.738 W/System.err( 2230): at java.net.ServerSocket.bind(ServerSocket.java:377)
08-22 17:43:37.738 W/System.err( 2230): at java.net.ServerSocket.(ServerSocket.java:237)
08-22 17:43:37.738 W/System.err( 2230): at com.thundercomm.remotecontrolservice.RemoteSocketService.startServer(RemoteSocketService.java:91)
08-22 17:43:37.738 W/System.err( 2230): at com.thundercomm.remotecontrolservice.RemoteSocketService.restartServer(RemoteSocketService.java:119)
08-22 17:43:37.738 W/System.err( 2230): at com.thundercomm.remotecontrolservice.RemoteSocketService.access$100(RemoteSocketService.java:11)
08-22 17:43:37.738 W/System.err( 2230): at com.thundercomm.remotecontrolservice.RemoteSocketService$3.run(RemoteSocketService.java:101)
08-22 17:43:37.738 W/System.err( 2230): at java.lang.Thread.run(Thread.java:920)
08-22 17:43:37.738 W/System.err( 2230): Caused by: android.system.ErrnoException: bind failed: EADDRINUSE (Address already in use)
08-22 17:43:37.738 W/System.err( 2230): at libcore.io.Linux.bind(Native Method)
08-22 17:43:37.738 W/System.err( 2230): at libcore.io.ForwardingOs.bind(ForwardingOs.java:141)
08-22 17:43:37.738 W/System.err( 2230): at libcore.io.ForwardingOs.bind(ForwardingOs.java:141)
08-22 17:43:37.738 W/System.err( 2230): at libcore.io.IoBridge.bind(IoBridge.java:146)
08-22 17:43:37.739 W/System.err( 2230): ... 9 more
08-22 17:43:37.741 W/System.err( 2230): java.net.BindException: bind failed: EADDRINUSE (Address already in use)
08-22 17:43:37.742 W/System.err( 2230): at libcore.io.IoBridge.bind(IoBridge.java:150)
08-22 17:43:37.742 W/System.err( 2230): at java.net.PlainSocketImpl.socketBind(PlainSocketImpl.java:162)
08-22 17:43:37.742 W/System.err( 2230): at java.net.AbstractPlainSocketImpl.bind(AbstractPlainSocketImpl.java:427)
08-22 17:43:37.742 W/System.err( 2230): at java.net.ServerSocket.bind(ServerSocket.java:377)
08-22 17:43:37.742 W/System.err( 2230): at java.net.ServerSocket.(ServerSocket.java:237)
08-22 17:43:37.742 W/System.err( 2230): at com.thundercomm.remotecontrolservice.RemoteSocketService.startServer(RemoteSocketService.java:91)
08-22 17:43:37.742 W/System.err( 2230): at com.thundercomm.remotecontrolservice.RemoteSocketService.restartServer(RemoteSocketService.java:119)
08-22 17:43:37.742 W/System.err( 2230): at com.thundercomm.remotecontrolservice.RemoteSocketService.access$100(RemoteSocketService.java:11)
08-22 17:43:37.742 W/System.err( 2230): at com.thundercomm.remotecontrolservice.RemoteSocketService$3.run(RemoteSocketService.java:101)
08-22 17:43:37.743 W/System.err( 2230): at java.lang.Thread.run(Thread.java:920)
08-22 17:43:37.743 W/System.err( 2230): Caused by: android.system.ErrnoException: bind failed: EADDRINUSE (Address already in use)
08-22 17:43:37.743 W/System.err( 2230): at libcore.io.Linux.bind(Native Method)
08-22 17:43:37.743 W/System.err( 2230): at libcore.io.ForwardingOs.bind(ForwardingOs.java:141)
08-22 17:43:37.743 W/System.err( 2230): at libcore.io.ForwardingOs.bind(ForwardingOs.java:141)
08-22 17:43:37.743 W/System.err( 2230): at libcore.io.IoBridge.bind(IoBridge.java:146)
08-22 17:43:37.743 W/System.err( 2230): ... 9 more
08-22 17:43:37.747 W/System.err( 2230): java.net.BindException: bind failed: EADDRINUSE (Address already in use)
08-22 17:43:37.747 W/System.err( 2230): at libcore.io.IoBridge.bind(IoBridge.java:150)
08-22 17:43:37.747 W/System.err( 2230): at java.net.PlainSocketImpl.socketBind(PlainSocketImpl.java:162)
08-22 17:43:37.747 W/System.err( 2230): at java.net.AbstractPlainSocketImpl.bind(AbstractPlainSocketImpl.java:427)
08-22 17:43:37.748 W/System.err( 2230): at java.net.ServerSocket.bind(ServerSocket.java:377)
08-22 17:43:37.748 W/System.err( 2230): at java.net.ServerSocket.(ServerSocket.java:237)
08-22 17:43:37.748 W/System.err( 2230): at com.thundercomm.remotecontrolservice.RemoteSocketService.startServer(RemoteSocketService.java:91)
08-22 17:43:37.748 W/System.err( 2230): at com.thundercomm.remotecontrolservice.RemoteSocketService.restartServer(RemoteSocketService.java:119)
08-22 17:43:37.749 W/System.err( 2230): at com.thundercomm.remotecontrolservice.RemoteSocketService.access$100(RemoteSocketService.java:11)
08-22 17:43:37.749 W/System.err( 2230): at com.thundercomm.remotecontrolservice.RemoteSocketService$3.run(RemoteSocketService.java:101)
08-22 17:43:37.749 W/System.err( 2230): at java.lang.Thread.run(Thread.java:920)
08-22 17:43:37.750 W/System.err( 2230): Caused by: android.system.ErrnoException: bind failed: EADDRINUSE (Address already in use)
08-22 17:43:37.750 W/System.err( 2230): at libcore.io.Linux.bind(Native Method)
08-22 17:43:37.750 W/System.err( 2230): at libcore.io.ForwardingOs.bind(ForwardingOs.java:141)
08-22 17:43:37.750 W/System.err( 2230): at libcore.io.ForwardingOs.bind(ForwardingOs.java:141)
08-22 17:43:37.750 W/System.err( 2230): at libcore.io.IoBridge.bind(IoBridge.java:146)
08-22 17:43:37.750 W/System.err( 2230): ... 9 more
08-22 17:43:37.751 W/System.err( 2230): java.net.BindException: bind failed: EADDRINUSE (Address already in use)
08-22 17:43:37.751 W/System.err( 2230): at libcore.io.IoBridge.bind(IoBridge.java:150)
08-22 17:43:37.751 W/System.err( 2230): at java.net.PlainSocketImpl.socketBind(PlainSocketImpl.java:162)
08-22 17:43:37.751 W/System.err( 2230): at java.net.AbstractPlainSocketImpl.bind(AbstractPlainSocketImpl.java:427)
08-22 17:43:37.751 W/System.err( 2230): at java.net.ServerSocket.bind(ServerSocket.java:377)
08-22 17:43:37.751 W/System.err( 2230): at java.net.ServerSocket.(ServerSocket.java:237)
08-22 17:43:37.752 W/System.err( 2230): at com.thundercomm.remotecontrolservice.RemoteSocketService.startServer(RemoteSocketService.java:91)
08-22 17:43:37.752 W/System.err( 2230): at com.thundercomm.remotecontrolservice.RemoteSocketService.restartServer(RemoteSocketService.java:119)
08-22 17:43:37.752 W/System.err( 2230): at com.thundercomm.remotecontrolservice.RemoteSocketService.access$100(RemoteSocketService.java:11)
08-22 17:43:37.752 W/System.err( 2230): at com.thundercomm.remotecontrolservice.RemoteSocketService$3.run(RemoteSocketService.java:101)
08-22 17:43:37.752 W/System.err( 2230): at java.lang.Thread.run(Thread.java:920)
08-22 17:43:37.752 W/System.err( 2230): Caused by: android.system.ErrnoException: bind failed: EADDRINUSE (Address already in use)
08-22 17:43:37.753 W/System.err( 2230): at libcore.io.Linux.bind(Native Method)
08-22 17:43:37.753 W/System.err( 2230): at libcore.io.ForwardingOs.bind(ForwardingOs.java:141)
08-22 17:43:37.753 W/System.err( 2230): at libcore.io.ForwardingOs.bind(ForwardingOs.java:141)
08-22 17:43:37.753 W/System.err( 2230): at libcore.io.IoBridge.bind(IoBridge.java:146)
08-22 17:43:37.753 W/System.err( 2230): ... 9 more
08-22 17:43:37.754 W/System.err( 2230): java.net.BindException: bind failed: EADDRINUSE (Address already in use)
08-22 17:43:37.754 W/System.err( 2230): at libcore.io.IoBridge.bind(IoBridge.java:150)
08-22 17:43:37.754 W/System.err( 2230): at java.net.PlainSocketImpl.socketBind(PlainSocketImpl.java:162)
08-22 17:43:37.754 W/System.err( 2230): at java.net.AbstractPlainSocketImpl.bind(AbstractPlainSocketImpl.java:427)
08-22 17:43:37.754 W/System.err( 2230): at java.net.ServerSocket.bind(ServerSocket.java:377)
08-22 17:43:37.754 W/System.err( 2230): at java.net.ServerSocket.(ServerSocket.java:237)
08-22 17:43:37.755 W/System.err( 2230): at com.thundercomm.remotecontrolservice.RemoteSocketService.startServer(RemoteSocketService.java:91)
08-22 17:43:37.755 W/System.err( 2230): at com.thundercomm.remotecontrolservice.RemoteSocketService.restartServer(RemoteSocketService.java:119)
08-22 17:43:37.755 W/System.err( 2230): at com.thundercomm.remotecontrolservice.RemoteSocketService.access$100(RemoteSocketService.java:11)
08-22 17:43:37.755 W/System.err( 2230): at com.thundercomm.remotecontrolservice.RemoteSocketService$3.run(RemoteSocketService.java:101)
08-22 17:43:37.755 W/System.err( 2230): at java.lang.Thread.run(Thread.java:920)
