08-22 17:42:55.331 D/Avrcp_ext( 1892): sendPlayPosNotificationRsp: Not registered or requesting.
08-22 17:42:55.331 D/Avrcp_ext( 1892): Enter sendPlayPosNotificationRsp
08-22 17:42:55.331 D/Avrcp_ext( 1892): sendPlayPosNotificationRsp: Not registered or requesting.
08-22 17:42:55.331 V/Avrcp_ext( 1892): Exit updatePlayerStateAndPosition
08-22 17:42:55.331 D/Avrcp_ext( 1892): Exit handlePackageModified
08-22 17:42:55.354 W/VoiceInteractionManager( 1155): no available voice recognition services found for user 0
08-22 17:42:55.371 D/audio_hw_primary( 819): out_set_parameters: enter: usecase(1: low-latency-playback) kvpairs: suspend_playback=false
08-22 17:42:55.371 D/audio_hw_extn( 819): audio_extn_fm_set_parameters: Enter
08-22 17:42:55.372 W/audio_hw_primary( 819): out_write: underrun(5) frames_by_time(48326) > out->last_fifo_frames_remaining(384)
08-22 17:42:55.380 D/ProcessState( 4588): Binder ioctl to enable oneway spam detection failed: Invalid argument
01-01 01:38:47.544 I/binder ( 0): 4588:4588 ioctl 40046210 7fe3f4e514 returned -22
08-22 17:42:55.416 D/audio_hw_primary( 819): out_set_parameters: enter: usecase(1: low-latency-playback) kvpairs: suspend_playback=true
08-22 17:42:55.416 D/audio_hw_extn( 819): audio_extn_fm_set_parameters: Enter
01-01 01:38:47.901 D/ ( 0): mv2112_read_status
01-01 01:38:47.901 D/mv2112_update_link( 0): 3.0x901(1G): 0x80
01-01 01:38:47.901 D/mv2112_update_link( 0): 3.0x8109(100M): 0x0
01-01 01:38:47.901 D/mv2112_update_link( 0): link 0x0
01-01 01:38:47.901 D/mv2112_read_status( 0): autoneg is disabled
08-22 17:42:55.986 I/mpu_uart( 664): [MSG-P:RECV]:No message received in 1000 ms
08-22 17:42:56.003 I/mpu_uart( 664): [MSG-P:R]:recv sync frame timeout
08-22 17:42:56.418 D/audio_hw_primary( 819): out_set_parameters: enter: usecase(1: low-latency-playback) kvpairs: suspend_playback=false
08-22 17:42:56.418 D/audio_hw_extn( 819): audio_extn_fm_set_parameters: Enter
08-22 17:42:56.419 W/audio_hw_primary( 819): out_write: underrun(6) frames_by_time(48244) > out->last_fifo_frames_remaining(384)
08-22 17:42:56.461 D/audio_hw_primary( 819): out_set_parameters: enter: usecase(1: low-latency-playback) kvpairs: suspend_playback=true
08-22 17:42:56.461 D/audio_hw_extn( 819): audio_extn_fm_set_parameters: Enter
01-01 01:38:48.924 D/ ( 0): mv2112_read_status
01-01 01:38:48.924 D/mv2112_update_link( 0): 3.0x901(1G): 0x80
01-01 01:38:48.924 D/mv2112_update_link( 0): 3.0x8109(100M): 0x0
01-01 01:38:48.924 D/mv2112_update_link( 0): link 0x0
01-01 01:38:48.924 D/mv2112_read_status( 0): autoneg is disabled
01-01 01:38:49.053 I/perf ( 0): interrupt took too long (2517 > 2500), lowering kernel.perf_event_max_sample_rate to 79250
08-22 17:42:56.988 I/mpu_uart( 664): [MSG-P:RECV]:No message received in 1000 ms
08-22 17:42:56.994 I/hwservicemanager( 520): getTransport: Cannot find entry android.hardware.light@2.0::ILight/default in either framework or device VINTF manifest.
08-22 17:42:56.999 E/light ( 4591): light_open lights keyboard failed: -22
08-22 17:42:56.999 E/light ( 4591): Light passthrough failed to load legacy HAL.
08-22 17:42:57.000 E/light ( 4591): light_open lights buttons failed: -22
08-22 17:42:57.000 E/light ( 4591): Light passthrough failed to load legacy HAL.
08-22 17:42:57.002 E/light ( 4591): light_open lights bluetooth failed: -22
08-22 17:42:57.002 E/light ( 4591): Light passthrough failed to load legacy HAL.
08-22 17:42:57.003 E/light ( 4591): light_open lights wifi failed: -22
08-22 17:42:57.003 E/light ( 4591): Light passthrough failed to load legacy HAL.
08-22 17:42:57.007 I/hwservicemanager( 520): getTransport: Cannot find entry android.hardware.light@2.0::ILight/default in either framework or device VINTF manifest.
08-22 17:42:57.007 E/HidlServiceManagement( 4591): Service android.hardware.light@2.0::ILight/default must be in VINTF manifest in order to register/get.
08-22 17:42:57.007 E/LegacySupport( 4591): Could not register service android.hardware.light@2.0::ILight/default (-2147483648).
08-22 17:42:57.467 D/audio_hw_primary( 819): out_set_parameters: enter: usecase(1: low-latency-playback) kvpairs: suspend_playback=false
08-22 17:42:57.467 D/audio_hw_extn( 819): audio_extn_fm_set_parameters: Enter
08-22 17:42:57.468 D/audio_hw_primary( 819): out_standby: enter: stream (0xeb1c0010) usecase(1: low-latency-playback)
01-01 01:38:49.652 I/afe_close( 0): port_id = 0x9000
08-22 17:42:57.495 D/audio_hw_primary( 819): disable_audio_route: reset and update mixer path: low-latency-playback
08-22 17:42:57.497 E/soundtrigger( 819): audio_extn_sound_trigger_update_stream_status: invalid input device 0x0, for event 2
08-22 17:42:57.497 D/soundtrigger( 819): audio_extn_sound_trigger_update_stream_status: uc_info->id 1 of type 0 for Event 2, with Raise=0
08-22 17:42:57.497 D/msm8974_platform( 819): platform_split_snd_device: snd_device(2) num devices(0) new_snd_devices(0)
08-22 17:42:57.497 I/msm8974_platform( 819): platform_get_custom_mtmx_params: no matching param with id 0 ip_ch 2 op_ch 2 uc_id 1 snd_dev 2
08-22 17:42:57.497 D/hardware_info( 819): hw_info_append_hw_type : device_name = speaker
08-22 17:42:57.497 D/audio_hw_primary( 819): disable_snd_device: snd_device(2: speaker)
08-22 17:42:57.497 D/msm8974_platform( 819): platform_split_snd_device: snd_device(2) num devices(0) new_snd_devices(0)
08-22 17:42:57.497 I/soundtrigger( 819): audio_extn_sound_trigger_update_device_status: device 0x2 of type 0 for Event 0, with Raise=0
08-22 17:42:57.497 D/audio_hw_primary( 819): out_standby: exit
08-22 17:42:57.508 W/System.err( 2230): java.net.BindException: bind failed: EADDRINUSE (Address already in use)
08-22 17:42:57.509 W/System.err( 2230): at libcore.io.IoBridge.bind(IoBridge.java:150)
08-22 17:42:57.509 W/System.err( 2230): at java.net.PlainSocketImpl.socketBind(PlainSocketImpl.java:162)
08-22 17:42:57.509 W/System.err( 2230): at java.net.AbstractPlainSocketImpl.bind(AbstractPlainSocketImpl.java:427)
08-22 17:42:57.509 W/System.err( 2230): at java.net.ServerSocket.bind(ServerSocket.java:377)
08-22 17:42:57.509 W/System.err( 2230): at java.net.ServerSocket.(ServerSocket.java:237)
08-22 17:42:57.509 W/System.err( 2230): at com.thundercomm.remotecontrolservice.RemoteSocketService.startServer(RemoteSocketService.java:91)
08-22 17:42:57.509 W/System.err( 2230): at com.thundercomm.remotecontrolservice.RemoteSocketService.restartServer(RemoteSocketService.java:119)
08-22 17:42:57.509 W/System.err( 2230): at com.thundercomm.remotecontrolservice.RemoteSocketService.access$100(RemoteSocketService.java:11)
08-22 17:42:57.509 W/System.err( 2230): at com.thundercomm.remotecontrolservice.RemoteSocketService$3.run(RemoteSocketService.java:101)
08-22 17:42:57.509 W/System.err( 2230): at java.lang.Thread.run(Thread.java:920)
08-22 17:42:57.509 W/System.err( 2230): Caused by: android.system.ErrnoException: bind failed: EADDRINUSE (Address already in use)
08-22 17:42:57.509 W/System.err( 2230): at libcore.io.Linux.bind(Native Method)
08-22 17:42:57.510 W/System.err( 2230): at libcore.io.ForwardingOs.bind(ForwardingOs.java:141)
08-22 17:42:57.510 W/System.err( 2230): at libcore.io.ForwardingOs.bind(ForwardingOs.java:141)
08-22 17:42:57.510 W/System.err( 2230): at libcore.io.IoBridge.bind(IoBridge.java:146)
08-22 17:42:57.510 W/System.err( 2230): ... 9 more
08-22 17:42:57.513 W/System.err( 2230): java.net.BindException: bind failed: EADDRINUSE (Address already in use)
08-22 17:42:57.513 W/System.err( 2230): at libcore.io.IoBridge.bind(IoBridge.java:150)
08-22 17:42:57.513 W/System.err( 2230): at java.net.PlainSocketImpl.socketBind(PlainSocketImpl.java:162)
08-22 17:42:57.513 W/System.err( 2230): at java.net.AbstractPlainSocketImpl.bind(AbstractPlainSocketImpl.java:427)
08-22 17:42:57.513 W/System.err( 2230): at java.net.ServerSocket.bind(ServerSocket.java:377)
08-22 17:42:57.513 W/System.err( 2230): at java.net.ServerSocket.(ServerSocket.java:237)
08-22 17:42:57.513 W/System.err( 2230): at com.thundercomm.remotecontrolservice.RemoteSocketService.startServer(RemoteSocketService.java:91)
08-22 17:42:57.513 W/System.err( 2230): at com.thundercomm.remotecontrolservice.RemoteSocketService.restartServer(RemoteSocketService.java:119)
08-22 17:42:57.513 W/System.err( 2230): at com.thundercomm.remotecontrolservice.RemoteSocketService.access$100(RemoteSocketService.java:11)
08-22 17:42:57.513 W/System.err( 2230): at com.thundercomm.remotecontrolservice.RemoteSocketService$3.run(RemoteSocketService.java:101)
08-22 17:42:57.514 W/System.err( 2230): at java.lang.Thread.run(Thread.java:920)
08-22 17:42:57.514 W/System.err( 2230): Caused by: android.system.ErrnoException: bind failed: EADDRINUSE (Address already in use)
08-22 17:42:57.514 W/System.err( 2230): at libcore.io.Linux.bind(Native Method)
08-22 17:42:57.514 W/System.err( 2230): at libcore.io.ForwardingOs.bind(ForwardingOs.java:141)
08-22 17:42:57.514 W/System.err( 2230): at libcore.io.ForwardingOs.bind(ForwardingOs.java:141)
08-22 17:42:57.514 W/System.err( 2230): at libcore.io.IoBridge.bind(IoBridge.java:146)
08-22 17:42:57.514 W/System.err( 2230): ... 9 more
08-22 17:42:57.515 W/System.err( 2230): java.net.BindException: bind failed: EADDRINUSE (Address already in use)
08-22 17:42:57.515 W/System.err( 2230): at libcore.io.IoBridge.bind(IoBridge.java:150)
08-22 17:42:57.515 W/System.err( 2230): at java.net.PlainSocketImpl.socketBind(PlainSocketImpl.java:162)
08-22 17:42:57.516 W/System.err( 2230): at java.net.AbstractPlainSocketImpl.bind(AbstractPlainSocketImpl.java:427)
08-22 17:42:57.516 W/System.err( 2230): at java.net.ServerSocket.bind(ServerSocket.java:377)
08-22 17:42:57.516 W/System.err( 2230): at java.net.ServerSocket.(ServerSocket.java:237)
08-22 17:42:57.516 W/System.err( 2230): at com.thundercomm.remotecontrolservice.RemoteSocketService.startServer(RemoteSocketService.java:91)
08-22 17:42:57.517 W/System.err( 2230): at com.thundercomm.remotecontrolservice.RemoteSocketService.restartServer(RemoteSocketService.java:119)
08-22 17:42:57.517 W/System.err( 2230): at com.thundercomm.remotecontrolservice.RemoteSocketService.access$100(RemoteSocketService.java:11)
08-22 17:42:57.517 W/System.err( 2230): at com.thundercomm.remotecontrolservice.RemoteSocketService$3.run(RemoteSocketService.java:101)
08-22 17:42:57.517 W/System.err( 2230): at java.lang.Thread.run(Thread.java:920)
08-22 17:42:57.517 W/System.err( 2230): Caused by: android.system.ErrnoException: bind failed: EADDRINUSE (Address already in use)
08-22 17:42:57.517 W/System.err( 2230): at libcore.io.Linux.bind(Native Method)
08-22 17:42:57.518 W/System.err( 2230): at libcore.io.ForwardingOs.bind(ForwardingOs.java:141)
08-22 17:42:57.518 W/System.err( 2230): at libcore.io.ForwardingOs.bind(ForwardingOs.java:141)
08-22 17:42:57.518 W/System.err( 2230): at libcore.io.IoBridge.bind(IoBridge.java:146)
08-22 17:42:57.518 W/System.err( 2230): ... 9 more
08-22 17:42:57.519 W/System.err( 2230): java.net.BindException: bind failed: EADDRINUSE (Address already in use)
08-22 17:42:57.519 W/System.err( 2230): at libcore.io.IoBridge.bind(IoBridge.java:150)
08-22 17:42:57.519 W/System.err( 2230): at java.net.PlainSocketImpl.socketBind(PlainSocketImpl.java:162)
08-22 17:42:57.519 W/System.err( 2230): at java.net.AbstractPlainSocketImpl.bind(AbstractPlainSocketImpl.java:427)
08-22 17:42:57.519 W/System.err( 2230): at java.net.ServerSocket.bind(ServerSocket.java:377)
08-22 17:42:57.519 W/System.err( 2230): at java.net.ServerSocket.(ServerSocket.java:237)
08-22 17:42:57.519 W/System.err( 2230): at com.thundercomm.remotecontrolservice.RemoteSocketService.startServer(RemoteSocketService.java:91)
08-22 17:42:57.519 W/System.err( 2230): at com.thundercomm.remotecontrolservice.RemoteSocketService.restartServer(RemoteSocketService.java:119)
08-22 17:42:57.519 W/System.err( 2230): at com.thundercomm.remotecontrolservice.RemoteSocketService.access$100(RemoteSocketService.java:11)
08-22 17:42:57.519 W/System.err( 2230): at com.thundercomm.remotecontrolservice.RemoteSocketService$3.run(RemoteSocketService.java:101)
08-22 17:42:57.519 W/System.err( 2230): at java.lang.Thread.run(Thread.java:920)
08-22 17:42:57.520 W/System.err( 2230): Caused by: android.system.ErrnoException: bind failed: EADDRINUSE (Address already in use)
08-22 17:42:57.520 W/System.err( 2230): at libcore.io.Linux.bind(Native Method)
08-22 17:42:57.520 W/System.err( 2230): at libcore.io.ForwardingOs.bind(ForwardingOs.java:141)
08-22 17:42:57.520 W/System.err( 2230): at libcore.io.ForwardingOs.bind(ForwardingOs.java:141)
08-22 17:42:57.520 W/System.err( 2230): at libcore.io.IoBridge.bind(IoBridge.java:146)
08-22 17:42:57.520 W/System.err( 2230): ... 9 more
08-22 17:42:57.522 W/System.err( 2230): java.net.BindException: bind failed: EADDRINUSE (Address already in use)
08-22 17:42:57.522 W/System.err( 2230): at libcore.io.IoBridge.bind(IoBridge.java:150)
08-22 17:42:57.522 W/System.err( 2230): at java.net.PlainSocketImpl.socketBind(PlainSocketImpl.java:162)
08-22 17:42:57.522 W/System.err( 2230): at java.net.AbstractPlainSocketImpl.bind(AbstractPlainSocketImpl.java:427)
08-22 17:42:57.522 W/System.err( 2230): at java.net.ServerSocket.bind(ServerSocket.java:377)
08-22 17:42:57.522 W/System.err( 2230): at java.net.ServerSocket.(ServerSocket.java:237)
08-22 17:42:57.522 W/System.err( 2230): at com.thundercomm.remotecontrolservice.RemoteSocketService.startServer(RemoteSocketService.java:91)
08-22 17:42:57.522 W/System.err( 2230): at com.thundercomm.remotecontrolservice.RemoteSocketService.restartServer(RemoteSocketService.java:119)
08-22 17:42:57.523 W/System.err( 2230): at com.thundercomm.remotecontrolservice.RemoteSocketService.access$100(RemoteSocketService.java:11)
08-22 17:42:57.523 W/System.err( 2230): at com.thundercomm.remotecontrolservice.RemoteSocketService$3.run(RemoteSocketService.java:101)
08-22 17:42:57.523 W/System.err( 2230): at java.lang.Thread.run(Thread.java:920)
08-22 17:42:57.523 W/System.err( 2230): Caused by: android.system.ErrnoException: bind failed: EADDRINUSE (Address already in use)
08-22 17:42:57.524 W/System.err( 2230): at libcore.io.Linux.bind(Native Method)
08-22 17:42:57.524 W/System.err( 2230): at libcore.io.ForwardingOs.bind(ForwardingOs.java:141)
08-22 17:42:57.524 W/System.err( 2230): at libcore.io.ForwardingOs.bind(ForwardingOs.java:141)
08-22 17:42:57.524 W/System.err( 2230): at libcore.io.IoBridge.bind(IoBridge.java:146)
08-22 17:42:57.525 W/System.err( 2230): ... 9 more
08-22 17:42:57.535 W/System.err( 2230): java.net.BindException: bind failed: EADDRINUSE (Address already in use)
08-22 17:42:57.535 W/System.err( 2230): at libcore.io.IoBridge.bind(IoBridge.java:150)
08-22 17:42:57.535 W/System.err( 2230): at java.net.PlainSocketImpl.socketBind(PlainSocketImpl.java:162)
08-22 17:42:57.535 W/System.err( 2230): at java.net.AbstractPlainSocketImpl.bind(AbstractPlainSocketImpl.java:427)
08-22 17:42:57.535 W/System.err( 2230): at java.net.ServerSocket.bind(ServerSocket.java:377)
08-22 17:42:57.535 W/System.err( 2230): at java.net.ServerSocket.(ServerSocket.java:237)
08-22 17:42:57.536 W/System.err( 2230): at com.thundercomm.remotecontrolservice.RemoteSocketService.startServer(RemoteSocketService.java:91)
08-22 17:42:57.536 W/System.err( 2230): at com.thundercomm.remotecontrolservice.RemoteSocketService.restartServer(RemoteSocketService.java:119)
08-22 17:42:57.536 W/System.err( 2230): at com.thundercomm.remotecontrolservice.RemoteSocketService.access$100(RemoteSocketService.java:11)
08-22 17:42:57.536 W/System.err( 2230): at com.thundercomm.remotecontrolservice.RemoteSocketService$3.run(RemoteSocketService.java:101)
08-22 17:42:57.536 W/System.err( 2230): at java.lang.Thread.run(Thread.java:920)
08-22 17:42:57.536 W/System.err( 2230): Caused by: android.system.ErrnoException: bind failed: EADDRINUSE (Address already in use)
08-22 17:42:57.537 W/System.err( 2230): at libcore.io.Linux.bind(Native Method)
08-22 17:42:57.538 W/System.err( 2230): at libcore.io.ForwardingOs.bind(ForwardingOs.java:141)
08-22 17:42:57.538 W/System.err( 2230): at libcore.io.ForwardingOs.bind(ForwardingOs.java:141)
08-22 17:42:57.538 W/System.err( 2230): at libcore.io.IoBridge.bind(IoBridge.java:146)
08-22 17:42:57.538 W/System.err( 2230): ... 9 more
08-22 17:42:57.540 W/System.err( 2230): java.net.BindException: bind failed: EADDRINUSE (Address already in use)
08-22 17:42:57.540 W/System.err( 2230): at libcore.io.IoBridge.bind(IoBridge.java:150)
08-22 17:42:57.540 W/System.err( 2230): at java.net.PlainSocketImpl.socketBind(PlainSocketImpl.java:162)
08-22 17:42:57.540 W/System.err( 2230): at java.net.AbstractPlainSocketImpl.bind(AbstractPlainSocketImpl.java:427)
08-22 17:42:57.542 W/System.err( 2230): at java.net.ServerSocket.bind(ServerSocket.java:377)
08-22 17:42:57.544 W/System.err( 2230): at java.net.ServerSocket.(ServerSocket.java:237)
08-22 17:42:57.544 W/System.err( 2230): at com.thundercomm.remotecontrolservice.RemoteSocketService.startServer(RemoteSocketService.java:91)
08-22 17:42:57.544 W/System.err( 2230): at com.thundercomm.remotecontrolservice.RemoteSocketService.restartServer(RemoteSocketService.java:119)
08-22 17:42:57.544 W/System.err( 2230): at com.thundercomm.remotecontrolservice.RemoteSocketService.access$100(RemoteSocketService.java:11)
08-22 17:42:57.544 W/System.err( 2230): at com.thundercomm.remotecontrolservice.RemoteSocketService$3.run(RemoteSocketService.java:101)
08-22 17:42:57.544 W/System.err( 2230): at java.lang.Thread.run(Thread.java:920)
08-22 17:42:57.544 W/System.err( 2230): Caused by: android.system.ErrnoException: bind failed: EADDRINUSE (Address already in use)
08-22 17:42:57.545 W/System.err( 2230): at libcore.io.Linux.bind(Native Method)
08-22 17:42:57.545 W/System.err( 2230): at libcore.io.ForwardingOs.bind(ForwardingOs.java:141)
08-22 17:42:57.545 W/System.err( 2230): at libcore.io.ForwardingOs.bind(ForwardingOs.java:141)
08-22 17:42:57.545 W/System.err( 2230): at libcore.io.IoBridge.bind(IoBridge.java:146)
08-22 17:42:57.545 W/System.err( 2230): ... 9 more
08-22 17:42:57.546 W/System.err( 2230): java.net.BindException: bind failed: EADDRINUSE (Address already in use)
08-22 17:42:57.546 W/System.err( 2230): at libcore.io.IoBridge.bind(IoBridge.java:150)
08-22 17:42:57.546 W/System.err( 2230): at java.net.PlainSocketImpl.socketBind(PlainSocketImpl.java:162)
08-22 17:42:57.546 W/System.err( 2230): at java.net.AbstractPlainSocketImpl.bind(AbstractPlainSocketImpl.java:427)
08-22 17:42:57.546 W/System.err( 2230): at java.net.ServerSocket.bind(ServerSocket.java:377)
08-22 17:42:57.546 W/System.err( 2230): at java.net.ServerSocket.(ServerSocket.java:237)
08-22 17:42:57.546 W/System.err( 2230): at com.thundercomm.remotecontrolservice.RemoteSocketService.startServer(RemoteSocketService.java:91)
08-22 17:42:57.547 W/System.err( 2230): at com.thundercomm.remotecontrolservice.RemoteSocketService.restartServer(RemoteSocketService.java:119)
08-22 17:42:57.547 W/System.err( 2230): at com.thundercomm.remotecontrolservice.RemoteSocketService.access$100(RemoteSocketService.java:11)
08-22 17:42:57.547 W/System.err( 2230): at com.thundercomm.remotecontrolservice.RemoteSocketService$3.run(RemoteSocketService.java:101)
08-22 17:42:57.547 W/System.err( 2230): at java.lang.Thread.run(Thread.java:920)
08-22 17:42:57.547 W/System.err( 2230): Caused by: android.system.ErrnoException: bind failed: EADDRINUSE (Address already in use)
08-22 17:42:57.547 W/System.err( 2230): at libcore.io.Linux.bind(Native Method)
08-22 17:42:57.547 W/System.err( 2230): at libcore.io.ForwardingOs.bind(ForwardingOs.java:141)
08-22 17:42:57.547 W/System.err( 2230): at libcore.io.ForwardingOs.bind(ForwardingOs.java:141)
08-22 17:42:57.547 W/System.err( 2230): at libcore.io.IoBridge.bind(IoBridge.java:146)
08-22 17:42:57.547 W/System.err( 2230): ... 9 more
08-22 17:42:57.547 W/System.err( 2230): java.net.BindException: bind failed: EADDRINUSE (Address already in use)
08-22 17:42:57.548 W/System.err( 2230): at libcore.io.IoBridge.bind(IoBridge.java:150)
08-22 17:42:57.548 W/System.err( 2230): at java.net.PlainSocketImpl.socketBind(PlainSocketImpl.java:162)
08-22 17:42:57.548 W/System.err( 2230): at java.net.AbstractPlainSocketImpl.bind(AbstractPlainSocketImpl.java:427)
08-22 17:42:57.548 W/System.err( 2230): at java.net.ServerSocket.bind(ServerSocket.java:377)
08-22 17:42:57.548 W/System.err( 2230): at java.net.ServerSocket.(ServerSocket.java:237)
08-22 17:42:57.548 W/System.err( 2230): at com.thundercomm.remotecontrolservice.RemoteSocketService.startServer(RemoteSocketService.java:91)
08-22 17:42:57.548 W/System.err( 2230): at com.thundercomm.remotecontrolservice.RemoteSocketService.restartServer(RemoteSocketService.java:119)
08-22 17:42:57.548 W/System.err( 2230): at com.thundercomm.remotecontrolservice.RemoteSocketService.access$100(RemoteSocketService.java:11)
08-22 17:42:57.548 W/System.err( 2230): at com.thundercomm.remotecontrolservice.RemoteSocketService$3.run(RemoteSocketService.java:101)
08-22 17:42:57.549 W/System.err( 2230): at java.lang.Thread.run(Thread.java:920)
08-22 17:42:57.549 W/System.err( 2230): Caused by: android.system.ErrnoException: bind failed: EADDRINUSE (Address already in use)
08-22 17:42:57.549 W/System.err( 2230): at libcore.io.Linux.bind(Native Method)
08-22 17:42:57.549 W/System.err( 2230): at libcore.io.ForwardingOs.bind(ForwardingOs.java:141)
08-22 17:42:57.549 W/System.err( 2230): at libcore.io.ForwardingOs.bind(ForwardingOs.java:141)
08-22 17:42:57.549 W/System.err( 2230): at libcore.io.IoBridge.bind(IoBridge.java:146)
08-22 17:42:57.549 W/System.err( 2230): ... 9 more
08-22 17:42:57.551 W/System.err( 2230): java.net.BindException: bind failed: EADDRINUSE (Address already in use)
08-22 17:42:57.551 W/System.err( 2230): at libcore.io.IoBridge.bind(IoBridge.java:150)
08-22 17:42:57.552 W/System.err( 2230): at java.net.PlainSocketImpl.socketBind(PlainSocketImpl.java:162)
08-22 17:42:57.552 W/System.err( 2230): at java.net.AbstractPlainSocketImpl.bind(AbstractPlainSocketImpl.java:427)
08-22 17:42:57.552 W/System.err( 2230): at java.net.ServerSocket.bind(ServerSocket.java:377)
08-22 17:42:57.552 W/System.err( 2230): at java.net.ServerSocket.(ServerSocket.java:237)
08-22 17:42:57.552 W/System.err( 2230): at com.thundercomm.remotecontrolservice.RemoteSocketService.startServer(RemoteSocketService.java:91)
08-22 17:42:57.552 W/System.err( 2230): at com.thundercomm.remotecontrolservice.RemoteSocketService.restartServer(RemoteSocketService.java:119)
08-22 17:42:57.552 W/System.err( 2230): at com.thundercomm.remotecontrolservice.RemoteSocketService.access$100(RemoteSocketService.java:11)
08-22 17:42:57.552 W/System.err( 2230): at com.thundercomm.remotecontrolservice.RemoteSocketService$3.run(RemoteSocketService.java:101)
08-22 17:42:57.552 W/System.err( 2230): at java.lang.Thread.run(Thread.java:920)
08-22 17:42:57.552 W/System.err( 2230): Caused by: android.system.ErrnoException: bind failed: EADDRINUSE (Address already in use)
08-22 17:42:57.553 W/System.err( 2230): at libcore.io.Linux.bind(Native Method)
08-22 17:42:57.553 W/System.err( 2230): at libcore.io.ForwardingOs.bind(ForwardingOs.java:141)
08-22 17:42:57.553 W/System.err( 2230): at libcore.io.ForwardingOs.bind(ForwardingOs.java:141)
08-22 17:42:57.553 W/System.err( 2230): at libcore.io.IoBridge.bind(IoBridge.java:146)
08-22 17:42:57.553 W/System.err( 2230): ... 9 more
08-22 17:42:57.565 W/System.err( 2230): java.net.BindException: bind failed: EADDRINUSE (Address already in use)
08-22 17:42:57.566 W/System.err( 2230): at libcore.io.IoBridge.bind(IoBridge.java:150)
08-22 17:42:57.566 W/System.err( 2230): at java.net.PlainSocketImpl.socketBind(PlainSocketImpl.java:162)
08-22 17:42:57.566 W/System.err( 2230): at java.net.AbstractPlainSocketImpl.bind(AbstractPlainSocketImpl.java:427)
08-22 17:42:57.566 W/System.err( 2230): at java.net.ServerSocket.bind(ServerSocket.java:377)
08-22 17:42:57.567 W/System.err( 2230): at java.net.ServerSocket.(ServerSocket.java:237)
08-22 17:42:57.567 W/System.err( 2230): at com.thundercomm.remotecontrolservice.RemoteSocketService.startServer(RemoteSocketService.java:91)
08-22 17:42:57.567 W/System.err( 2230): at com.thundercomm.remotecontrolservice.RemoteSocketService.restartServer(RemoteSocketService.java:119)
08-22 17:42:57.567 W/System.err( 2230): at com.thundercomm.remotecontrolservice.RemoteSocketService.access$100(RemoteSocketService.java:11)
08-22 17:42:57.568 W/System.err( 2230): at com.thundercomm.remotecontrolservice.RemoteSocketService$3.run(RemoteSocketService.java:101)
08-22 17:42:57.568 W/System.err( 2230): at java.lang.Thread.run(Thread.java:920)
08-22 17:42:57.568 W/System.err( 2230): Caused by: android.system.ErrnoException: bind failed: EADDRINUSE (Address already in use)
08-22 17:42:57.568 W/System.err( 2230): at libcore.io.Linux.bind(Native Method)
08-22 17:42:57.569 W/System.err( 2230): at libcore.io.ForwardingOs.bind(ForwardingOs.java:141)
08-22 17:42:57.569 W/System.err( 2230): at libcore.io.ForwardingOs.bind(ForwardingOs.java:141)
08-22 17:42:57.569 W/System.err( 2230): at libcore.io.IoBridge.bind(IoBridge.java:146)
08-22 17:42:57.569 W/System.err( 2230): ... 9 more
08-22 17:42:57.571 W/System.err( 2230): java.net.BindException: bind failed: EADDRINUSE (Address already in use)
08-22 17:42:57.572 W/System.err( 2230): at libcore.io.IoBridge.bind(IoBridge.java:150)
08-22 17:42:57.572 W/System.err( 2230): at java.net.PlainSocketImpl.socketBind(PlainSocketImpl.java:162)
08-22 17:42:57.572 W/System.err( 2230): at java.net.AbstractPlainSocketImpl.bind(AbstractPlainSocketImpl.java:427)
08-22 17:42:57.573 W/System.err( 2230): at java.net.ServerSocket.bind(ServerSocket.java:377)
08-22 17:42:57.573 W/System.err( 2230): at java.net.ServerSocket.(ServerSocket.java:237)
08-22 17:42:57.573 W/System.err( 2230): at com.thundercomm.remotecontrolservice.RemoteSocketService.startServer(RemoteSocketService.java:91)
08-22 17:42:57.573 W/System.err( 2230): at com.thundercomm.remotecontrolservice.RemoteSocketService.restartServer(RemoteSocketService.java:119)
08-22 17:42:57.573 W/System.err( 2230): at com.thundercomm.remotecontrolservice.RemoteSocketService.access$100(RemoteSocketService.java:11)
08-22 17:42:57.573 W/System.err( 2230): at com.thundercomm.remotecontrolservice.RemoteSocketService$3.run(RemoteSocketService.java:101)
08-22 17:42:57.574 W/System.err( 2230): at java.lang.Thread.run(Thread.java:920)
08-22 17:42:57.574 W/System.err( 2230): Caused by: android.system.ErrnoException: bind failed: EADDRINUSE (Address already in use)
08-22 17:42:57.574 W/System.err( 2230): at libcore.io.Linux.bind(Native Method)
08-22 17:42:57.574 W/System.err( 2230): at libcore.io.ForwardingOs.bind(ForwardingOs.java:141)
08-22 17:42:57.574 W/System.err( 2230): at libcore.io.ForwardingOs.bind(ForwardingOs.java:141)
08-22 17:42:57.574 W/System.err( 2230): at libcore.io.IoBridge.bind(IoBridge.java:146)
08-22 17:42:57.574 W/System.err( 2230): ... 9 more
08-22 17:42:57.575 W/System.err( 2230): java.net.BindException: bind failed: EADDRINUSE (Address already in use)
08-22 17:42:57.575 W/System.err( 2230): at libcore.io.IoBridge.bind(IoBridge.java:150)
08-22 17:42:57.575 W/System.err( 2230): at java.net.PlainSocketImpl.socketBind(PlainSocketImpl.java:162)
08-22 17:42:57.575 W/System.err( 2230): at java.net.AbstractPlainSocketImpl.bind(AbstractPlainSocketImpl.java:427)
08-22 17:42:57.575 W/System.err( 2230): at java.net.ServerSocket.bind(ServerSocket.java:377)
08-22 17:42:57.575 W/System.err( 2230): at java.net.ServerSocket.(ServerSocket.java:237)
08-22 17:42:57.575 W/System.err( 2230): at com.thundercomm.remotecontrolservice.RemoteSocketService.startServer(RemoteSocketService.java:91)
08-22 17:42:57.576 W/System.err( 2230): at com.thundercomm.remotecontrolservice.RemoteSocketService.restartServer(RemoteSocketService.java:119)
08-22 17:42:57.576 W/System.err( 2230): at com.thundercomm.remotecontrolservice.RemoteSocketService.access$100(RemoteSocketService.java:11)
08-22 17:42:57.576 W/System.err( 2230): at com.thundercomm.remotecontrolservice.RemoteSocketService$3.run(RemoteSocketService.java:101)
08-22 17:42:57.576 W/System.err( 2230): at java.lang.Thread.run(Thread.java:920)
08-22 17:42:57.576 W/System.err( 2230): Caused by: android.system.ErrnoException: bind failed: EADDRINUSE (Address already in use)
08-22 17:42:57.576 W/System.err( 2230): at libcore.io.Linux.bind(Native Method)
08-22 17:42:57.576 W/System.err( 2230): at libcore.io.ForwardingOs.bind(ForwardingOs.java:141)
08-22 17:42:57.577 W/System.err( 2230): at libcore.io.ForwardingOs.bind(ForwardingOs.java:141)
08-22 17:42:57.577 W/System.err( 2230): at libcore.io.IoBridge.bind(IoBridge.java:146)
08-22 17:42:57.577 W/System.err( 2230): ... 9 more
08-22 17:42:57.578 W/System.err( 2230): java.net.BindException: bind failed: EADDRINUSE (Address already in use)
08-22 17:42:57.578 W/System.err( 2230): at libcore.io.IoBridge.bind(IoBridge.java:150)
08-22 17:42:57.578 W/System.err( 2230): at java.net.PlainSocketImpl.socketBind(PlainSocketImpl.java:162)
08-22 17:42:57.579 W/System.err( 2230): at java.net.AbstractPlainSocketImpl.bind(AbstractPlainSocketImpl.java:427)
08-22 17:42:57.579 W/System.err( 2230): at java.net.ServerSocket.bind(ServerSocket.java:377)
08-22 17:42:57.579 W/System.err( 2230): at java.net.ServerSocket.(ServerSocket.java:237)
08-22 17:42:57.579 W/System.err( 2230): at com.thundercomm.remotecontrolservice.RemoteSocketService.startServer(RemoteSocketService.java:91)
08-22 17:42:57.579 W/System.err( 2230): at com.thundercomm.remotecontrolservice.RemoteSocketService.restartServer(RemoteSocketService.java:119)
08-22 17:42:57.579 W/System.err( 2230): at com.thundercomm.remotecontrolservice.RemoteSocketService.access$100(RemoteSocketService.java:11)
08-22 17:42:57.579 W/System.err( 2230): at com.thundercomm.remotecontrolservice.RemoteSocketService$3.run(RemoteSocketService.java:101)
08-22 17:42:57.579 W/System.err( 2230): at java.lang.Thread.run(Thread.java:920)
08-22 17:42:57.579 W/System.err( 2230): Caused by: android.system.ErrnoException: bind failed: EADDRINUSE (Address already in use)
08-22 17:42:57.579 W/System.err( 2230): at libcore.io.Linux.bind(Native Method)
08-22 17:42:57.579 W/System.err( 2230): at libcore.io.ForwardingOs.bind(ForwardingOs.java:141)
08-22 17:42:57.579 W/System.err( 2230): at libcore.io.ForwardingOs.bind(ForwardingOs.java:141)
08-22 17:42:57.580 W/System.err( 2230): at libcore.io.IoBridge.bind(IoBridge.java:146)
08-22 17:42:57.580 W/System.err( 2230): ... 9 more
08-22 17:42:57.580 W/System.err( 2230): java.net.BindException: bind failed: EADDRINUSE (Address already in use)
08-22 17:42:57.581 W/System.err( 2230): at libcore.io.IoBridge.bind(IoBridge.java:150)
08-22 17:42:57.581 W/System.err( 2230): at java.net.PlainSocketImpl.socketBind(PlainSocketImpl.java:162)
08-22 17:42:57.581 W/System.err( 2230): at java.net.AbstractPlainSocketImpl.bind(AbstractPlainSocketImpl.java:427)
08-22 17:42:57.581 W/System.err( 2230): at java.net.ServerSocket.bind(ServerSocket.java:377)
08-22 17:42:57.581 W/System.err( 2230): at java.net.ServerSocket.(ServerSocket.java:237)
08-22 17:42:57.581 W/System.err( 2230): at com.thundercomm.remotecontrolservice.RemoteSocketService.startServer(RemoteSocketService.java:91)
08-22 17:42:57.581 W/System.err( 2230): at com.thundercomm.remotecontrolservice.RemoteSocketService.restartServer(RemoteSocketService.java:119)
08-22 17:42:57.581 W/System.err( 2230): at com.thundercomm.remotecontrolservice.RemoteSocketService.access$100(RemoteSocketService.java:11)
08-22 17:42:57.581 W/System.err( 2230): at com.thundercomm.remotecontrolservice.RemoteSocketService$3.run(RemoteSocketService.java:101)
08-22 17:42:57.581 W/System.err( 2230): at java.lang.Thread.run(Thread.java:920)
08-22 17:42:57.582 W/System.err( 2230): Caused by: android.system.ErrnoException: bind failed: EADDRINUSE (Address already in use)
08-22 17:42:57.582 W/System.err( 2230): at libcore.io.Linux.bind(Native Method)
08-22 17:42:57.582 W/System.err( 2230): at libcore.io.ForwardingOs.bind(ForwardingOs.java:141)
08-22 17:42:57.582 W/System.err( 2230): at libcore.io.ForwardingOs.bind(ForwardingOs.java:141)
08-22 17:42:57.582 W/System.err( 2230): at libcore.io.IoBridge.bind(IoBridge.java:146)
08-22 17:42:57.582 W/System.err( 2230): ... 9 more
08-22 17:42:57.583 W/System.err( 2230): java.net.BindException: bind failed: EADDRINUSE (Address already in use)
08-22 17:42:57.584 W/System.err( 2230): at libcore.io.IoBridge.bind(IoBridge.java:150)
08-22 17:42:57.584 W/System.err( 2230): at java.net.PlainSocketImpl.socketBind(PlainSocketImpl.java:162)
08-22 17:42:57.584 W/System.err( 2230): at java.net.AbstractPlainSocketImpl.bind(AbstractPlainSocketImpl.java:427)
08-22 17:42:57.584 W/System.err( 2230): at java.net.ServerSocket.bind(ServerSocket.java:377)
08-22 17:42:57.585 W/System.err( 2230): at java.net.ServerSocket.(ServerSocket.java:237)
08-22 17:42:57.585 W/System.err( 2230): at com.thundercomm.remotecontrolservice.RemoteSocketService.startServer(RemoteSocketService.java:91)
08-22 17:42:57.585 W/System.err( 2230): at com.thundercomm.remotecontrolservice.RemoteSocketService.restartServer(RemoteSocketService.java:119)
08-22 17:42:57.585 W/System.err( 2230): at com.thundercomm.remotecontrolservice.RemoteSocketService.access$100(RemoteSocketService.java:11)
08-22 17:42:57.586 W/System.err( 2230): at com.thundercomm.remotecontrolservice.RemoteSocketService$3.run(RemoteSocketService.java:101)
08-22 17:42:57.586 W/System.err( 2230): at java.lang.Thread.run(Thread.java:920)
08-22 17:42:57.586 W/System.err( 2230): Caused by: android.system.ErrnoException: bind failed: EADDRINUSE (Address already in use)
08-22 17:42:57.586 W/System.err( 2230): at libcore.io.Linux.bind(Native Method)
08-22 17:42:57.586 W/System.err( 2230): at libcore.io.ForwardingOs.bind(ForwardingOs.java:141)
08-22 17:42:57.586 W/System.err( 2230): at libcore.io.ForwardingOs.bind(ForwardingOs.java:141)
08-22 17:42:57.586 W/System.err( 2230): at libcore.io.IoBridge.bind(IoBridge.java:146)
08-22 17:42:57.587 W/System.err( 2230): ... 9 more
08-22 17:42:57.600 W/System.err( 2230): java.net.BindException: bind failed: EADDRINUSE (Address already in use)
08-22 17:42:57.600 W/System.err( 2230): at libcore.io.IoBridge.bind(IoBridge.java:150)
08-22 17:42:57.600 W/System.err( 2230): at java.net.PlainSocketImpl.socketBind(PlainSocketImpl.java:162)
08-22 17:42:57.600 W/System.err( 2230): at java.net.AbstractPlainSocketImpl.bind(AbstractPlainSocketImpl.java:427)
08-22 17:42:57.600 W/System.err( 2230): at java.net.ServerSocket.bind(ServerSocket.java:377)
08-22 17:42:57.600 W/System.err( 2230): at java.net.ServerSocket.(ServerSocket.java:237)
08-22 17:42:57.601 W/System.err( 2230): at com.thundercomm.remotecontrolservice.RemoteSocketService.startServer(RemoteSocketService.java:91)
08-22 17:42:57.601 W/System.err( 2230): at com.thundercomm.remotecontrolservice.RemoteSocketService.restartServer(RemoteSocketService.java:119)
08-22 17:42:57.601 W/System.err( 2230): at com.thundercomm.remotecontrolservice.RemoteSocketService.access$100(RemoteSocketService.java:11)
08-22 17:42:57.601 W/System.err( 2230): at com.thundercomm.remotecontrolservice.RemoteSocketService$3.run(RemoteSocketService.java:101)
08-22 17:42:57.601 W/System.err( 2230): at java.lang.Thread.run(Thread.java:920)
08-22 17:42:57.601 W/System.err( 2230): Caused by: android.system.ErrnoException: bind failed: EADDRINUSE (Address already in use)
08-22 17:42:57.601 W/System.err( 2230): at libcore.io.Linux.bind(Native Method)
08-22 17:42:57.601 W/System.err( 2230): at libcore.io.ForwardingOs.bind(ForwardingOs.java:141)
08-22 17:42:57.601 W/System.err( 2230): at libcore.io.ForwardingOs.bind(ForwardingOs.java:141)
08-22 17:42:57.601 W/System.err( 2230): at libcore.io.IoBridge.bind(IoBridge.java:146)
08-22 17:42:57.601 W/System.err( 2230): ... 9 more
08-22 17:42:57.605 W/System.err( 2230): java.net.BindException: bind failed: EADDRINUSE (Address already in use)
08-22 17:42:57.605 W/System.err( 2230): at libcore.io.IoBridge.bind(IoBridge.java:150)
08-22 17:42:57.605 W/System.err( 2230): at java.net.PlainSocketImpl.socketBind(PlainSocketImpl.java:162)
08-22 17:42:57.605 W/System.err( 2230): at java.net.AbstractPlainSocketImpl.bind(AbstractPlainSocketImpl.java:427)
08-22 17:42:57.605 W/System.err( 2230): at java.net.ServerSocket.bind(ServerSocket.java:377)
08-22 17:42:57.605 W/System.err( 2230): at java.net.ServerSocket.(ServerSocket.java:237)
08-22 17:42:57.606 W/System.err( 2230): at com.thundercomm.remotecontrolservice.RemoteSocketService.startServer(RemoteSocketService.java:91)
08-22 17:42:57.606 W/System.err( 2230): at com.thundercomm.remotecontrolservice.RemoteSocketService.restartServer(RemoteSocketService.java:119)
08-22 17:42:57.606 W/System.err( 2230): at com.thundercomm.remotecontrolservice.RemoteSocketService.access$100(RemoteSocketService.java:11)
08-22 17:42:57.606 W/System.err( 2230): at com.thundercomm.remotecontrolservice.RemoteSocketService$3.run(RemoteSocketService.java:101)
08-22 17:42:57.606 W/System.err( 2230): at java.lang.Thread.run(Thread.java:920)
08-22 17:42:57.606 W/System.err( 2230): Caused by: android.system.ErrnoException: bind failed: EADDRINUSE (Address already in use)
08-22 17:42:57.606 W/System.err( 2230): at libcore.io.Linux.bind(Native Method)
08-22 17:42:57.606 W/System.err( 2230): at libcore.io.ForwardingOs.bind(ForwardingOs.java:141)
08-22 17:42:57.607 W/System.err( 2230): at libcore.io.ForwardingOs.bind(ForwardingOs.java:141)
08-22 17:42:57.607 W/System.err( 2230): at libcore.io.IoBridge.bind(IoBridge.java:146)
08-22 17:42:57.607 W/System.err( 2230): ... 9 more
08-22 17:42:57.610 W/System.err( 2230): java.net.BindException: bind failed: EADDRINUSE (Address already in use)
08-22 17:42:57.611 W/System.err( 2230): at libcore.io.IoBridge.bind(IoBridge.java:150)
08-22 17:42:57.611 W/System.err( 2230): at java.net.PlainSocketImpl.socketBind(PlainSocketImpl.java:162)
08-22 17:42:57.611 W/System.err( 2230): at java.net.AbstractPlainSocketImpl.bind(AbstractPlainSocketImpl.java:427)
08-22 17:42:57.611 W/System.err( 2230): at java.net.ServerSocket.bind(ServerSocket.java:377)
08-22 17:42:57.611 W/System.err( 2230): at java.net.ServerSocket.(ServerSocket.java:237)
08-22 17:42:57.611 W/System.err( 2230): at com.thundercomm.remotecontrolservice.RemoteSocketService.startServer(RemoteSocketService.java:91)
08-22 17:42:57.612 W/System.err( 2230): at com.thundercomm.remotecontrolservice.RemoteSocketService.restartServer(RemoteSocketService.java:119)
08-22 17:42:57.612 W/System.err( 2230): at com.thundercomm.remotecontrolservice.RemoteSocketService.access$100(RemoteSocketService.java:11)
08-22 17:42:57.612 W/System.err( 2230): at com.thundercomm.remotecontrolservice.RemoteSocketService$3.run(RemoteSocketService.java:101)
08-22 17:42:57.613 W/System.err( 2230): at java.lang.Thread.run(Thread.java:920)
08-22 17:42:57.613 W/System.err( 2230): Caused by: android.system.ErrnoException: bind failed: EADDRINUSE (Address already in use)
08-22 17:42:57.613 W/System.err( 2230): at libcore.io.Linux.bind(Native Method)
08-22 17:42:57.613 W/System.err( 2230): at libcore.io.ForwardingOs.bind(ForwardingOs.java:141)
08-22 17:42:57.614 W/System.err( 2230): at libcore.io.ForwardingOs.bind(ForwardingOs.java:141)
08-22 17:42:57.614 W/System.err( 2230): at libcore.io.IoBridge.bind(IoBridge.java:146)
08-22 17:42:57.614 W/System.err( 2230): ... 9 more
08-22 17:42:57.614 W/System.err( 2230): java.net.BindException: bind failed: EADDRINUSE (Address already in use)
08-22 17:42:57.614 W/System.err( 2230): at libcore.io.IoBridge.bind(IoBridge.java:150)
08-22 17:42:57.614 W/System.err( 2230): at java.net.PlainSocketImpl.socketBind(PlainSocketImpl.java:162)
08-22 17:42:57.615 W/System.err( 2230): at java.net.AbstractPlainSocketImpl.bind(AbstractPlainSocketImpl.java:427)
08-22 17:42:57.615 W/System.err( 2230): at java.net.ServerSocket.bind(ServerSocket.java:377)
08-22 17:42:57.615 W/System.err( 2230): at java.net.ServerSocket.(ServerSocket.java:237)
08-22 17:42:57.615 W/System.err( 2230): at com.thundercomm.remotecontrolservice.RemoteSocketService.startServer(RemoteSocketService.java:91)
08-22 17:42:57.615 W/System.err( 2230): at com.thundercomm.remotecontrolservice.RemoteSocketService.restartServer(RemoteSocketService.java:119)
08-22 17:42:57.615 W/System.err( 2230): at com.thundercomm.remotecontrolservice.RemoteSocketService.access$100(RemoteSocketService.java:11)
08-22 17:42:57.615 W/System.err( 2230): at com.thundercomm.remotecontrolservice.RemoteSocketService$3.run(RemoteSocketService.java:101)
08-22 17:42:57.615 W/System.err( 2230): at java.lang.Thread.run(Thread.java:920)
08-22 17:42:57.615 W/System.err( 2230): Caused by: android.system.ErrnoException: bind failed: EADDRINUSE (Address already in use)
08-22 17:42:57.615 W/System.err( 2230): at libcore.io.Linux.bind(Native Method)
08-22 17:42:57.615 W/System.err( 2230): at libcore.io.ForwardingOs.bind(ForwardingOs.java:141)
08-22 17:42:57.616 W/System.err( 2230): at libcore.io.ForwardingOs.bind(ForwardingOs.java:141)
08-22 17:42:57.616 W/System.err( 2230): at libcore.io.IoBridge.bind(IoBridge.java:146)
08-22 17:42:57.616 W/System.err( 2230): ... 9 more
08-22 17:42:57.617 W/System.err( 2230): java.net.BindException: bind failed: EADDRINUSE (Address already in use)
08-22 17:42:57.617 W/System.err( 2230): at libcore.io.IoBridge.bind(IoBridge.java:150)
08-22 17:42:57.617 W/System.err( 2230): at java.net.PlainSocketImpl.socketBind(PlainSocketImpl.java:162)
08-22 17:42:57.617 W/System.err( 2230): at java.net.AbstractPlainSocketImpl.bind(AbstractPlainSocketImpl.java:427)
08-22 17:42:57.617 W/System.err( 2230): at java.net.ServerSocket.bind(ServerSocket.java:377)
08-22 17:42:57.617 W/System.err( 2230): at java.net.ServerSocket.(ServerSocket.java:237)
08-22 17:42:57.617 W/System.err( 2230): at com.thundercomm.remotecontrolservice.RemoteSocketService.startServer(RemoteSocketService.java:91)
08-22 17:42:57.618 W/System.err( 2230): at com.thundercomm.remotecontrolservice.RemoteSocketService.restartServer(RemoteSocketService.java:119)
08-22 17:42:57.618 W/System.err( 2230): at com.thundercomm.remotecontrolservice.RemoteSocketService.access$100(RemoteSocketService.java:11)
08-22 17:42:57.618 W/System.err( 2230): at com.thundercomm.remotecontrolservice.RemoteSocketService$3.run(RemoteSocketService.java:101)
08-22 17:42:57.618 W/System.err( 2230): at java.lang.Thread.run(Thread.java:920)
08-22 17:42:57.618 W/System.err( 2230): Caused by: android.system.ErrnoException: bind failed: EADDRINUSE (Address already in use)
08-22 17:42:57.618 W/System.err( 2230): at libcore.io.Linux.bind(Native Method)
08-22 17:42:57.618 W/System.err( 2230): at libcore.io.ForwardingOs.bind(ForwardingOs.java:141)
08-22 17:42:57.619 W/System.err( 2230): at libcore.io.ForwardingOs.bind(ForwardingOs.java:141)
08-22 17:42:57.619 W/System.err( 2230): at libcore.io.IoBridge.bind(IoBridge.java:146)
08-22 17:42:57.619 W/System.err( 2230): ... 9 more
08-22 17:42:57.619 W/System.err( 2230): java.net.BindException: bind failed: EADDRINUSE (Address already in use)
08-22 17:42:57.619 W/System.err( 2230): at libcore.io.IoBridge.bind(IoBridge.java:150)
08-22 17:42:57.619 W/System.err( 2230): at java.net.PlainSocketImpl.socketBind(PlainSocketImpl.java:162)
08-22 17:42:57.620 W/System.err( 2230): at java.net.AbstractPlainSocketImpl.bind(AbstractPlainSocketImpl.java:427)
08-22 17:42:57.620 W/System.err( 2230): at java.net.ServerSocket.bind(ServerSocket.java:377)
08-22 17:42:57.620 W/System.err( 2230): at java.net.ServerSocket.(ServerSocket.java:237)
08-22 17:42:57.620 W/System.err( 2230): at com.thundercomm.remotecontrolservice.RemoteSocketService.startServer(RemoteSocketService.java:91)
08-22 17:42:57.620 W/System.err( 2230): at com.thundercomm.remotecontrolservice.RemoteSocketService.restartServer(RemoteSocketService.java:119)
08-22 17:42:57.620 W/System.err( 2230): at com.thundercomm.remotecontrolservice.RemoteSocketService.access$100(RemoteSocketService.java:11)
08-22 17:42:57.620 W/System.err( 2230): at com.thundercomm.remotecontrolservice.RemoteSocketService$3.run(RemoteSocketService.java:101)
08-22 17:42:57.620 W/System.err( 2230): at java.lang.Thread.run(Thread.java:920)
08-22 17:42:57.620 W/System.err( 2230): Caused by: android.system.ErrnoException: bind failed: EADDRINUSE (Address already in use)
08-22 17:42:57.620 W/System.err( 2230): at libcore.io.Linux.bind(Native Method)
08-22 17:42:57.621 W/System.err( 2230): at libcore.io.ForwardingOs.bind(ForwardingOs.java:141)
08-22 17:42:57.621 W/System.err( 2230): at libcore.io.ForwardingOs.bind(ForwardingOs.java:141)
08-22 17:42:57.621 W/System.err( 2230): at libcore.io.IoBridge.bind(IoBridge.java:146)
08-22 17:42:57.621 W/System.err( 2230): ... 9 more
08-22 17:42:57.621 W/System.err( 2230): java.net.BindException: bind failed: EADDRINUSE (Address already in use)
08-22 17:42:57.621 W/System.err( 2230): at libcore.io.IoBridge.bind(IoBridge.java:150)
08-22 17:42:57.621 W/System.err( 2230): at java.net.PlainSocketImpl.socketBind(PlainSocketImpl.java:162)
08-22 17:42:57.622 W/System.err( 2230): at java.net.AbstractPlainSocketImpl.bind(AbstractPlainSocketImpl.java:427)
08-22 17:42:57.622 W/System.err( 2230): at java.net.ServerSocket.bind(ServerSocket.java:377)
08-22 17:42:57.622 W/System.err( 2230): at java.net.ServerSocket.(ServerSocket.java:237)
08-22 17:42:57.622 W/System.err( 2230): at com.thundercomm.remotecontrolservice.RemoteSocketService.startServer(RemoteSocketService.java:91)
08-22 17:42:57.622 W/System.err( 2230): at com.thundercomm.remotecontrolservice.RemoteSocketService.restartServer(RemoteSocketService.java:119)
08-22 17:42:57.622 W/System.err( 2230): at com.thundercomm.remotecontrolservice.RemoteSocketService.access$100(RemoteSocketService.java:11)
08-22 17:42:57.622 W/System.err( 2230): at com.thundercomm.remotecontrolservice.RemoteSocketService$3.run(RemoteSocketService.java:101)
08-22 17:42:57.622 W/System.err( 2230): at java.lang.Thread.run(Thread.java:920)
08-22 17:42:57.622 W/System.err( 2230): Caused by: android.system.ErrnoException: bind failed: EADDRINUSE (Address already in use)
08-22 17:42:57.622 W/System.err( 2230): at libcore.io.Linux.bind(Native Method)
08-22 17:42:57.622 W/System.err( 2230): at libcore.io.ForwardingOs.bind(ForwardingOs.java:141)
08-22 17:42:57.622 W/System.err( 2230): at libcore.io.ForwardingOs.bind(ForwardingOs.java:141)
08-22 17:42:57.622 W/System.err( 2230): at libcore.io.IoBridge.bind(IoBridge.java:146)
08-22 17:42:57.623 W/System.err( 2230): ... 9 more
08-22 17:42:57.627 W/System.err( 2230): java.net.BindException: bind failed: EADDRINUSE (Address already in use)
08-22 17:42:57.628 W/System.err( 2230): at libcore.io.IoBridge.bind(IoBridge.java:150)
08-22 17:42:57.628 W/System.err( 2230): at java.net.PlainSocketImpl.socketBind(PlainSocketImpl.java:162)
08-22 17:42:57.628 W/System.err( 2230): at java.net.AbstractPlainSocketImpl.bind(AbstractPlainSocketImpl.java:427)
08-22 17:42:57.629 W/System.err( 2230): at java.net.ServerSocket.bind(ServerSocket.java:377)
08-22 17:42:57.629 W/System.err( 2230): at java.net.ServerSocket.(ServerSocket.java:237)
08-22 17:42:57.629 W/System.err( 2230): at com.thundercomm.remotecontrolservice.RemoteSocketService.startServer(RemoteSocketService.java:91)
08-22 17:42:57.629 W/System.err( 2230): at com.thundercomm.remotecontrolservice.RemoteSocketService.restartServer(RemoteSocketService.java:119)
08-22 17:42:57.629 W/System.err( 2230): at com.thundercomm.remotecontrolservice.RemoteSocketService.access$100(RemoteSocketService.java:11)
08-22 17:42:57.629 W/System.err( 2230): at com.thundercomm.remotecontrolservice.RemoteSocketService$3.run(RemoteSocketService.java:101)
08-22 17:42:57.629 W/System.err( 2230): at java.lang.Thread.run(Thread.java:920)
08-22 17:42:57.629 W/System.err( 2230): Caused by: android.system.ErrnoException: bind failed: EADDRINUSE (Address already in use)
08-22 17:42:57.629 W/System.err( 2230): at libcore.io.Linux.bind(Native Method)
08-22 17:42:57.629 W/System.err( 2230): at libcore.io.ForwardingOs.bind(ForwardingOs.java:141)
08-22 17:42:57.629 W/System.err( 2230): at libcore.io.ForwardingOs.bind(ForwardingOs.java:141)
08-22 17:42:57.629 W/System.err( 2230): at libcore.io.IoBridge.bind(IoBridge.java:146)
08-22 17:42:57.629 W/System.err( 2230): ... 9 more
08-22 17:42:57.630 W/System.err( 2230): java.net.BindException: bind failed: EADDRINUSE (Address already in use)
08-22 17:42:57.630 W/System.err( 2230): at libcore.io.IoBridge.bind(IoBridge.java:150)
08-22 17:42:57.630 W/System.err( 2230): at java.net.PlainSocketImpl.socketBind(PlainSocketImpl.java:162)
08-22 17:42:57.630 W/System.err( 2230): at java.net.AbstractPlainSocketImpl.bind(AbstractPlainSocketImpl.java:427)
08-22 17:42:57.630 W/System.err( 2230): at java.net.ServerSocket.bind(ServerSocket.java:377)
08-22 17:42:57.630 W/System.err( 2230): at java.net.ServerSocket.(ServerSocket.java:237)
08-22 17:42:57.630 W/System.err( 2230): at com.thundercomm.remotecontrolservice.RemoteSocketService.startServer(RemoteSocketService.java:91)
08-22 17:42:57.631 W/System.err( 2230): at com.thundercomm.remotecontrolservice.RemoteSocketService.restartServer(RemoteSocketService.java:119)
08-22 17:42:57.631 W/System.err( 2230): at com.thundercomm.remotecontrolservice.RemoteSocketService.access$100(RemoteSocketService.java:11)
08-22 17:42:57.631 W/System.err( 2230): at com.thundercomm.remotecontrolservice.RemoteSocketService$3.run(RemoteSocketService.java:101)
08-22 17:42:57.631 W/System.err( 2230): at java.lang.Thread.run(Thread.java:920)
08-22 17:42:57.634 W/System.err( 2230): Caused by: android.system.ErrnoException: bind failed: EADDRINUSE (Address already in use)
08-22 17:42:57.634 W/System.err( 2230): at libcore.io.Linux.bind(Native Method)
08-22 17:42:57.634 W/System.err( 2230): at libcore.io.ForwardingOs.bind(ForwardingOs.java:141)
08-22 17:42:57.634 W/System.err( 2230): at libcore.io.ForwardingOs.bind(ForwardingOs.java:141)
