08-22 17:43:28.127 W/System.err( 2230): at com.thundercomm.remotecontrolservice.RemoteSocketService.access$100(RemoteSocketService.java:11)
08-22 17:43:28.127 W/System.err( 2230): at com.thundercomm.remotecontrolservice.RemoteSocketService$3.run(RemoteSocketService.java:101)
08-22 17:43:28.127 W/System.err( 2230): at java.lang.Thread.run(Thread.java:920)
01-01 01:39:20.415 I/init ( 0): Created socket '/dev/socket/qvrservice_vndr', mode 660, user 1000, group 1000
08-22 17:43:28.128 W/System.err( 2230): Caused by: android.system.ErrnoException: bind failed: EADDRINUSE (Address already in use)
08-22 17:43:28.128 W/System.err( 2230): at libcore.io.Linux.bind(Native Method)
08-22 17:43:28.128 W/System.err( 2230): at libcore.io.ForwardingOs.bind(ForwardingOs.java:141)
08-22 17:43:28.128 W/System.err( 2230): at libcore.io.ForwardingOs.bind(ForwardingOs.java:141)
08-22 17:43:28.129 I/liblog ( 2230): 2
08-22 17:43:28.129 I/liblog ( 2230): 1
08-22 17:43:28.129 I/liblog ( 2230): 4
08-22 17:43:28.130 W/System.err( 2230): Caused by: android.system.ErrnoException: bind failed: EADDRINUSE (Address already in use)
08-22 17:43:28.138 I/liblog ( 2230): 11
08-22 17:43:28.138 W/System.err( 2230): java.net.BindException: bind failed: EADDRINUSE (Address already in use)
08-22 17:43:28.139 W/System.err( 2230): at libcore.io.IoBridge.bind(IoBridge.java:150)
01-01 01:39:20.418 I/init ( 0): Created socket '/dev/socket/qvrservice_vndr_camera', mode 660, user 1000, group 1000
08-22 17:43:28.139 W/System.err( 2230): at java.net.PlainSocketImpl.socketBind(PlainSocketImpl.java:162)
08-22 17:43:28.139 W/System.err( 2230): at java.net.AbstractPlainSocketImpl.bind(AbstractPlainSocketImpl.java:427)
08-22 17:43:28.139 W/System.err( 2230): at java.net.ServerSocket.bind(ServerSocket.java:377)
08-22 17:43:28.139 W/System.err( 2230): at java.net.ServerSocket.(ServerSocket.java:237)
08-22 17:43:28.139 W/System.err( 2230): at com.thundercomm.remotecontrolservice.RemoteSocketService.startServer(RemoteSocketService.java:91)
08-22 17:43:28.139 W/System.err( 2230): at com.thundercomm.remotecontrolservice.RemoteSocketService.restartServer(RemoteSocketService.java:119)
08-22 17:43:28.139 W/System.err( 2230): at com.thundercomm.remotecontrolservice.RemoteSocketService.access$100(RemoteSocketService.java:11)
08-22 17:43:28.139 W/System.err( 2230): at com.thundercomm.remotecontrolservice.RemoteSocketService$3.run(RemoteSocketService.java:101)
08-22 17:43:28.139 W/System.err( 2230): at java.lang.Thread.run(Thread.java:920)
08-22 17:43:28.139 W/System.err( 2230): Caused by: android.system.ErrnoException: bind failed: EADDRINUSE (Address already in use)
08-22 17:43:28.139 W/System.err( 2230): at libcore.io.Linux.bind(Native Method)
08-22 17:43:28.140 W/System.err( 2230): at libcore.io.ForwardingOs.bind(ForwardingOs.java:141)
08-22 17:43:28.140 W/System.err( 2230): at libcore.io.ForwardingOs.bind(ForwardingOs.java:141)
08-22 17:43:28.140 W/System.err( 2230): at libcore.io.IoBridge.bind(IoBridge.java:146)
08-22 17:43:28.140 W/System.err( 2230): ... 9 more
08-22 17:43:28.147 W/System.err( 2230): java.net.BindException: bind failed: EADDRINUSE (Address already in use)
08-22 17:43:28.147 W/System.err( 2230): at libcore.io.IoBridge.bind(IoBridge.java:150)
08-22 17:43:28.147 W/System.err( 2230): at java.net.PlainSocketImpl.socketBind(PlainSocketImpl.java:162)
08-22 17:43:28.147 W/System.err( 2230): at java.net.AbstractPlainSocketImpl.bind(AbstractPlainSocketImpl.java:427)
08-22 17:43:28.147 W/System.err( 2230): at java.net.ServerSocket.bind(ServerSocket.java:377)
08-22 17:43:28.147 W/System.err( 2230): at java.net.ServerSocket.(ServerSocket.java:237)
08-22 17:43:28.148 W/System.err( 2230): at com.thundercomm.remotecontrolservice.RemoteSocketService.startServer(RemoteSocketService.java:91)
08-22 17:43:28.149 W/System.err( 2230): at com.thundercomm.remotecontrolservice.RemoteSocketService.restartServer(RemoteSocketService.java:119)
08-22 17:43:28.149 W/System.err( 2230): at com.thundercomm.remotecontrolservice.RemoteSocketService.access$100(RemoteSocketService.java:11)
08-22 17:43:28.149 W/System.err( 2230): at com.thundercomm.remotecontrolservice.RemoteSocketService$3.run(RemoteSocketService.java:101)
08-22 17:43:28.149 W/System.err( 2230): at java.lang.Thread.run(Thread.java:920)
08-22 17:43:28.149 W/System.err( 2230): Caused by: android.system.ErrnoException: bind failed: EADDRINUSE (Address already in use)
08-22 17:43:28.149 W/System.err( 2230): at libcore.io.Linux.bind(Native Method)
08-22 17:43:28.149 W/System.err( 2230): at libcore.io.ForwardingOs.bind(ForwardingOs.java:141)
08-22 17:43:28.149 W/System.err( 2230): at libcore.io.ForwardingOs.bind(ForwardingOs.java:141)
08-22 17:43:28.149 W/System.err( 2230): at libcore.io.IoBridge.bind(IoBridge.java:146)
08-22 17:43:28.149 W/System.err( 2230): ... 9 more
08-22 17:43:28.157 W/System.err( 2230): java.net.BindException: bind failed: EADDRINUSE (Address already in use)
08-22 17:43:28.157 W/System.err( 2230): at libcore.io.IoBridge.bind(IoBridge.java:150)
08-22 17:43:28.157 W/System.err( 2230): at java.net.PlainSocketImpl.socketBind(PlainSocketImpl.java:162)
08-22 17:43:28.157 W/System.err( 2230): at java.net.AbstractPlainSocketImpl.bind(AbstractPlainSocketImpl.java:427)
08-22 17:43:28.157 W/System.err( 2230): at java.net.ServerSocket.bind(ServerSocket.java:377)
08-22 17:43:28.157 W/System.err( 2230): at java.net.ServerSocket.(ServerSocket.java:237)
08-22 17:43:28.157 W/System.err( 2230): at com.thundercomm.remotecontrolservice.RemoteSocketService.startServer(RemoteSocketService.java:91)
08-22 17:43:28.157 W/System.err( 2230): at com.thundercomm.remotecontrolservice.RemoteSocketService.restartServer(RemoteSocketService.java:119)
08-22 17:43:28.157 W/System.err( 2230): at com.thundercomm.remotecontrolservice.RemoteSocketService.access$100(RemoteSocketService.java:11)
08-22 17:43:28.157 W/System.err( 2230): at com.thundercomm.remotecontrolservice.RemoteSocketService$3.run(RemoteSocketService.java:101)
08-22 17:43:28.158 W/System.err( 2230): at java.lang.Thread.run(Thread.java:920)
08-22 17:43:28.158 W/System.err( 2230): Caused by: android.system.ErrnoException: bind failed: EADDRINUSE (Address already in use)
08-22 17:43:28.158 W/System.err( 2230): at libcore.io.Linux.bind(Native Method)
08-22 17:43:28.158 W/System.err( 2230): at libcore.io.ForwardingOs.bind(ForwardingOs.java:141)
08-22 17:43:28.158 W/System.err( 2230): at libcore.io.ForwardingOs.bind(ForwardingOs.java:141)
08-22 17:43:28.158 W/System.err( 2230): at libcore.io.IoBridge.bind(IoBridge.java:146)
08-22 17:43:28.158 W/System.err( 2230): ... 9 more
08-22 17:43:28.164 W/System.err( 2230): java.net.BindException: bind failed: EADDRINUSE (Address already in use)
08-22 17:43:28.164 W/System.err( 2230): at libcore.io.IoBridge.bind(IoBridge.java:150)
08-22 17:43:28.164 W/System.err( 2230): at java.net.PlainSocketImpl.socketBind(PlainSocketImpl.java:162)
08-22 17:43:28.164 W/System.err( 2230): at java.net.AbstractPlainSocketImpl.bind(AbstractPlainSocketImpl.java:427)
08-22 17:43:28.164 W/System.err( 2230): at java.net.ServerSocket.bind(ServerSocket.java:377)
08-22 17:43:28.164 W/System.err( 2230): at java.net.ServerSocket.(ServerSocket.java:237)
08-22 17:43:28.167 W/System.err( 2230): at com.thundercomm.remotecontrolservice.RemoteSocketService.startServer(RemoteSocketService.java:91)
01-01 01:39:20.450 I/init ( 0): starting service 'sxrd'...
08-22 17:43:28.167 W/System.err( 2230): at com.thundercomm.remotecontrolservice.RemoteSocketService.restartServer(RemoteSocketService.java:119)
08-22 17:43:28.167 W/System.err( 2230): at com.thundercomm.remotecontrolservice.RemoteSocketService.access$100(RemoteSocketService.java:11)
08-22 17:43:28.167 W/System.err( 2230): at com.thundercomm.remotecontrolservice.RemoteSocketService$3.run(RemoteSocketService.java:101)
08-22 17:43:28.167 W/System.err( 2230): at java.lang.Thread.run(Thread.java:920)
08-22 17:43:28.167 W/System.err( 2230): Caused by: android.system.ErrnoException: bind failed: EADDRINUSE (Address already in use)
08-22 17:43:28.168 W/System.err( 2230): at libcore.io.Linux.bind(Native Method)
08-22 17:43:28.168 W/System.err( 2230): at libcore.io.ForwardingOs.bind(ForwardingOs.java:141)
08-22 17:43:28.168 W/System.err( 2230): at libcore.io.ForwardingOs.bind(ForwardingOs.java:141)
08-22 17:43:28.168 W/System.err( 2230): at libcore.io.IoBridge.bind(IoBridge.java:146)
08-22 17:43:28.168 W/System.err( 2230): ... 9 more
08-22 17:43:28.176 W/System.err( 2230): java.net.BindException: bind failed: EADDRINUSE (Address already in use)
08-22 17:43:28.176 W/System.err( 2230): at libcore.io.IoBridge.bind(IoBridge.java:150)
08-22 17:43:28.176 W/System.err( 2230): at java.net.PlainSocketImpl.socketBind(PlainSocketImpl.java:162)
08-22 17:43:28.176 W/System.err( 2230): at java.net.AbstractPlainSocketImpl.bind(AbstractPlainSocketImpl.java:427)
08-22 17:43:28.176 W/System.err( 2230): at java.net.ServerSocket.bind(ServerSocket.java:377)
08-22 17:43:28.176 W/System.err( 2230): at java.net.ServerSocket.(ServerSocket.java:237)
08-22 17:43:28.176 W/System.err( 2230): at com.thundercomm.remotecontrolservice.RemoteSocketService.startServer(RemoteSocketService.java:91)
08-22 17:43:28.176 W/System.err( 2230): at com.thundercomm.remotecontrolservice.RemoteSocketService.restartServer(RemoteSocketService.java:119)
08-22 17:43:28.176 W/System.err( 2230): at com.thundercomm.remotecontrolservice.RemoteSocketService.access$100(RemoteSocketService.java:11)
08-22 17:43:28.176 W/System.err( 2230): at com.thundercomm.remotecontrolservice.RemoteSocketService$3.run(RemoteSocketService.java:101)
08-22 17:43:28.177 W/System.err( 2230): at java.lang.Thread.run(Thread.java:920)
08-22 17:43:28.177 W/System.err( 2230): Caused by: android.system.ErrnoException: bind failed: EADDRINUSE (Address already in use)
08-22 17:43:28.177 W/System.err( 2230): at libcore.io.Linux.bind(Native Method)
08-22 17:43:28.177 W/System.err( 2230): at libcore.io.ForwardingOs.bind(ForwardingOs.java:141)
08-22 17:43:28.177 W/System.err( 2230): at libcore.io.ForwardingOs.bind(ForwardingOs.java:141)
08-22 17:43:28.177 W/System.err( 2230): at libcore.io.IoBridge.bind(IoBridge.java:146)
08-22 17:43:28.177 W/System.err( 2230): ... 9 more
08-22 17:43:28.178 W/System.err( 2230): java.net.BindException: bind failed: EADDRINUSE (Address already in use)
08-22 17:43:28.178 W/System.err( 2230): at libcore.io.IoBridge.bind(IoBridge.java:150)
01-01 01:39:20.464 I/init ( 0): Service 'qvrd_vndr' (pid 5354) exited with status 1
08-22 17:43:28.178 W/System.err( 2230): at java.net.PlainSocketImpl.socketBind(PlainSocketImpl.java:162)
08-22 17:43:28.178 W/System.err( 2230): at java.net.AbstractPlainSocketImpl.bind(AbstractPlainSocketImpl.java:427)
08-22 17:43:28.178 W/System.err( 2230): at java.net.ServerSocket.bind(ServerSocket.java:377)
08-22 17:43:28.178 W/System.err( 2230): at java.net.ServerSocket.(ServerSocket.java:237)
08-22 17:43:28.179 W/System.err( 2230): at com.thundercomm.remotecontrolservice.RemoteSocketService.startServer(RemoteSocketService.java:91)
08-22 17:43:28.179 W/System.err( 2230): at com.thundercomm.remotecontrolservice.RemoteSocketService.restartServer(RemoteSocketService.java:119)
08-22 17:43:28.179 W/System.err( 2230): at com.thundercomm.remotecontrolservice.RemoteSocketService.access$100(RemoteSocketService.java:11)
01-01 01:39:20.464 I/init ( 0): Sending signal 9 to service 'qvrd_vndr' (pid 5354) process group...
08-22 17:43:28.179 W/System.err( 2230): at com.thundercomm.remotecontrolservice.RemoteSocketService$3.run(RemoteSocketService.java:101)
08-22 17:43:28.179 W/System.err( 2230): at java.lang.Thread.run(Thread.java:920)
08-22 17:43:28.179 W/System.err( 2230): Caused by: android.system.ErrnoException: bind failed: EADDRINUSE (Address already in use)
08-22 17:43:28.179 W/System.err( 2230): at libcore.io.Linux.bind(Native Method)
08-22 17:43:28.179 W/System.err( 2230): at libcore.io.ForwardingOs.bind(ForwardingOs.java:141)
08-22 17:43:28.179 W/System.err( 2230): at libcore.io.ForwardingOs.bind(ForwardingOs.java:141)
08-22 17:43:28.179 W/System.err( 2230): at libcore.io.IoBridge.bind(IoBridge.java:146)
08-22 17:43:28.180 W/System.err( 2230): ... 9 more
08-22 17:43:28.180 W/System.err( 2230): java.net.BindException: bind failed: EADDRINUSE (Address already in use)
08-22 17:43:28.180 W/System.err( 2230): at libcore.io.IoBridge.bind(IoBridge.java:150)
01-01 01:39:20.464 I/libprocessgroup( 0): Successfully killed process cgroup uid 1000 pid 5354 in 0ms
08-22 17:43:28.180 W/System.err( 2230): at java.net.PlainSocketImpl.socketBind(PlainSocketImpl.java:162)
08-22 17:43:28.180 W/System.err( 2230): at java.net.AbstractPlainSocketImpl.bind(AbstractPlainSocketImpl.java:427)
08-22 17:43:28.180 W/System.err( 2230): at java.net.ServerSocket.bind(ServerSocket.java:377)
08-22 17:43:28.180 W/System.err( 2230): at java.net.ServerSocket.(ServerSocket.java:237)
08-22 17:43:28.185 I/liblog ( 2230): 11
08-22 17:43:28.185 W/System.err( 2230): java.net.BindException: bind failed: EADDRINUSE (Address already in use)
08-22 17:43:28.185 W/System.err( 2230): at libcore.io.IoBridge.bind(IoBridge.java:150)
01-01 01:39:20.476 I/init ( 0): Service 'sxrd' (pid 5355) exited with status 1
01-01 01:39:20.476 I/init ( 0): Sending signal 9 to service 'sxrd' (pid 5355) process group...
01-01 01:39:20.477 I/libprocessgroup( 0): Successfully killed process cgroup uid 1000 pid 5355 in 0ms
08-22 17:43:28.185 W/System.err( 2230): at java.net.PlainSocketImpl.socketBind(PlainSocketImpl.java:162)
08-22 17:43:28.185 W/System.err( 2230): at java.net.AbstractPlainSocketImpl.bind(AbstractPlainSocketImpl.java:427)
08-22 17:43:28.185 I/liblog ( 2230): 7
08-22 17:43:28.187 I/liblog ( 2230): 6
08-22 17:43:28.187 W/System.err( 2230): java.net.BindException: bind failed: EADDRINUSE (Address already in use)
08-22 17:43:28.188 W/System.err( 2230): at libcore.io.IoBridge.bind(IoBridge.java:150)
08-22 17:43:28.188 W/System.err( 2230): at java.net.PlainSocketImpl.socketBind(PlainSocketImpl.java:162)
08-22 17:43:28.188 W/System.err( 2230): at java.net.AbstractPlainSocketImpl.bind(AbstractPlainSocketImpl.java:427)
08-22 17:43:28.188 W/System.err( 2230): at java.net.ServerSocket.bind(ServerSocket.java:377)
08-22 17:43:28.189 I/liblog ( 2230): 8
08-22 17:43:28.189 W/System.err( 2230): at libcore.io.ForwardingOs.bind(ForwardingOs.java:141)
08-22 17:43:28.189 W/System.err( 2230): at libcore.io.ForwardingOs.bind(ForwardingOs.java:141)
08-22 17:43:28.192 I/liblog ( 2230): 2
08-22 17:43:28.192 W/System.err( 2230): java.net.BindException: bind failed: EADDRINUSE (Address already in use)
08-22 17:43:28.193 W/System.err( 2230): at libcore.io.IoBridge.bind(IoBridge.java:150)
08-22 17:43:28.193 W/System.err( 2230): at java.net.PlainSocketImpl.socketBind(PlainSocketImpl.java:162)
08-22 17:43:28.193 W/System.err( 2230): at java.net.AbstractPlainSocketImpl.bind(AbstractPlainSocketImpl.java:427)
08-22 17:43:28.193 W/System.err( 2230): at java.net.ServerSocket.bind(ServerSocket.java:377)
08-22 17:43:28.193 W/System.err( 2230): at java.net.ServerSocket.(ServerSocket.java:237)
08-22 17:43:28.193 W/System.err( 2230): at com.thundercomm.remotecontrolservice.RemoteSocketService.startServer(RemoteSocketService.java:91)
08-22 17:43:28.193 I/liblog ( 2230): 2
08-22 17:43:28.194 I/liblog ( 2230): 2
08-22 17:43:28.195 I/liblog ( 2230): 6
08-22 17:43:28.195 W/System.err( 2230): java.net.BindException: bind failed: EADDRINUSE (Address already in use)
08-22 17:43:28.195 W/System.err( 2230): at libcore.io.IoBridge.bind(IoBridge.java:150)
08-22 17:43:28.196 W/System.err( 2230): at java.net.PlainSocketImpl.socketBind(PlainSocketImpl.java:162)
08-22 17:43:28.197 I/liblog ( 2230): 7
08-22 17:43:28.197 W/System.err( 2230): at java.lang.Thread.run(Thread.java:920)
08-22 17:43:28.198 W/System.err( 2230): Caused by: android.system.ErrnoException: bind failed: EADDRINUSE (Address already in use)
08-22 17:43:28.198 W/System.err( 2230): at libcore.io.Linux.bind(Native Method)
08-22 17:43:28.198 W/System.err( 2230): at libcore.io.ForwardingOs.bind(ForwardingOs.java:141)
08-22 17:43:28.198 W/System.err( 2230): at libcore.io.ForwardingOs.bind(ForwardingOs.java:141)
08-22 17:43:28.200 I/liblog ( 2230): 2
08-22 17:43:28.200 W/System.err( 2230): java.net.BindException: bind failed: EADDRINUSE (Address already in use)
08-22 17:43:28.200 W/System.err( 2230): at libcore.io.IoBridge.bind(IoBridge.java:150)
08-22 17:43:28.201 W/System.err( 2230): at java.net.PlainSocketImpl.socketBind(PlainSocketImpl.java:162)
08-22 17:43:28.201 W/System.err( 2230): at java.net.AbstractPlainSocketImpl.bind(AbstractPlainSocketImpl.java:427)
08-22 17:43:28.201 I/liblog ( 2230): 5
08-22 17:43:28.201 I/liblog ( 2230): 5
08-22 17:43:28.202 W/System.err( 2230): at java.net.PlainSocketImpl.socketBind(PlainSocketImpl.java:162)
08-22 17:43:28.203 I/liblog ( 2230): 6
08-22 17:43:28.203 W/System.err( 2230): at java.net.ServerSocket.bind(ServerSocket.java:377)
08-22 17:43:28.204 W/System.err( 2230): at java.net.ServerSocket.(ServerSocket.java:237)
08-22 17:43:28.204 I/liblog ( 2230): 2
08-22 17:43:28.206 I/liblog ( 2230): 9
08-22 17:43:28.206 W/System.err( 2230): java.net.BindException: bind failed: EADDRINUSE (Address already in use)
08-22 17:43:28.206 W/System.err( 2230): at libcore.io.IoBridge.bind(IoBridge.java:150)
08-22 17:43:28.206 W/System.err( 2230): at java.net.PlainSocketImpl.socketBind(PlainSocketImpl.java:162)
08-22 17:43:28.207 I/liblog ( 2230): 3
08-22 17:43:28.207 I/liblog ( 2230): 11
08-22 17:43:28.208 I/liblog ( 2230): 5
08-22 17:43:28.211 I/liblog ( 2230): 12
08-22 17:43:28.211 W/System.err( 2230): java.net.BindException: bind failed: EADDRINUSE (Address already in use)
08-22 17:43:28.211 W/System.err( 2230): at libcore.io.IoBridge.bind(IoBridge.java:150)
08-22 17:43:28.211 W/System.err( 2230): at java.net.PlainSocketImpl.socketBind(PlainSocketImpl.java:162)
08-22 17:43:28.211 W/System.err( 2230): at java.net.AbstractPlainSocketImpl.bind(AbstractPlainSocketImpl.java:427)
08-22 17:43:28.211 W/System.err( 2230): at java.net.ServerSocket.bind(ServerSocket.java:377)
08-22 17:43:28.212 I/liblog ( 2230): 5
08-22 17:43:28.212 W/System.err( 2230): Caused by: android.system.ErrnoException: bind failed: EADDRINUSE (Address already in use)
08-22 17:43:28.213 I/liblog ( 2230): 6
08-22 17:43:28.213 W/System.err( 2230): java.net.BindException: bind failed: EADDRINUSE (Address already in use)
08-22 17:43:28.215 W/System.err( 2230): at libcore.io.IoBridge.bind(IoBridge.java:150)
08-22 17:43:28.215 W/System.err( 2230): at java.net.PlainSocketImpl.socketBind(PlainSocketImpl.java:162)
08-22 17:43:28.215 I/liblog ( 2230): 1
08-22 17:43:28.215 I/liblog ( 2230): 4
08-22 17:43:28.216 I/liblog ( 2230): 5
08-22 17:43:28.216 I/liblog ( 2230): 3
08-22 17:43:28.216 W/System.err( 2230): ... 9 more
08-22 17:43:28.217 I/liblog ( 2230): 1
08-22 17:43:28.217 I/liblog ( 2230): 5
08-22 17:43:28.218 I/liblog ( 2230): 5
08-22 17:43:28.220 I/liblog ( 2230): 6
08-22 17:43:28.220 W/System.err( 2230): java.net.BindException: bind failed: EADDRINUSE (Address already in use)
08-22 17:43:28.220 W/System.err( 2230): at libcore.io.IoBridge.bind(IoBridge.java:150)
08-22 17:43:28.220 W/System.err( 2230): at java.net.PlainSocketImpl.socketBind(PlainSocketImpl.java:162)
08-22 17:43:28.220 W/System.err( 2230): at java.net.AbstractPlainSocketImpl.bind(AbstractPlainSocketImpl.java:427)
08-22 17:43:28.221 I/liblog ( 2230): 3
08-22 17:43:28.221 I/liblog ( 2230): 7
08-22 17:43:28.222 I/liblog ( 2230): 3
08-22 17:43:28.222 I/liblog ( 2230): 4
08-22 17:43:28.223 I/liblog ( 2230): 7
08-22 17:43:28.223 W/System.err( 2230): ... 9 more
08-22 17:43:28.226 I/liblog ( 2230): 5
08-22 17:43:28.226 W/System.err( 2230): java.net.BindException: bind failed: EADDRINUSE (Address already in use)
08-22 17:43:28.226 W/System.err( 2230): at libcore.io.IoBridge.bind(IoBridge.java:150)
08-22 17:43:28.226 W/System.err( 2230): at java.net.PlainSocketImpl.socketBind(PlainSocketImpl.java:162)
08-22 17:43:28.226 W/System.err( 2230): at java.net.AbstractPlainSocketImpl.bind(AbstractPlainSocketImpl.java:427)
08-22 17:43:28.226 W/System.err( 2230): at java.net.ServerSocket.bind(ServerSocket.java:377)
08-22 17:43:28.227 W/System.err( 2230): at java.net.ServerSocket.(ServerSocket.java:237)
08-22 17:43:28.227 W/System.err( 2230): at libcore.io.Linux.bind(Native Method)
08-22 17:43:28.229 I/liblog ( 2230): 10
08-22 17:43:28.229 W/System.err( 2230): java.net.BindException: bind failed: EADDRINUSE (Address already in use)
08-22 17:43:28.229 W/System.err( 2230): at libcore.io.IoBridge.bind(IoBridge.java:150)
08-22 17:43:28.229 W/System.err( 2230): at java.net.PlainSocketImpl.socketBind(PlainSocketImpl.java:162)
08-22 17:43:28.229 W/System.err( 2230): at java.net.AbstractPlainSocketImpl.bind(AbstractPlainSocketImpl.java:427)
08-22 17:43:28.229 W/System.err( 2230): at java.net.ServerSocket.bind(ServerSocket.java:377)
08-22 17:43:28.229 W/System.err( 2230): at java.net.ServerSocket.(ServerSocket.java:237)
08-22 17:43:28.230 I/liblog ( 2230): 2
08-22 17:43:28.230 W/System.err( 2230): at com.thundercomm.remotecontrolservice.RemoteSocketService.access$100(RemoteSocketService.java:11)
08-22 17:43:28.231 I/liblog ( 2230): 5
08-22 17:43:28.251 I/liblog ( 2230): 3
08-22 17:43:28.251 D/RemoteControlService( 2230): start reader thread, mServerIp = 192.168.4.16, mServerPort = 12600
08-22 17:43:28.251 D/RemoteControlService( 2230): start reader thread, mServerIp = 192.168.11.16, mServerPort = 12600
08-22 17:43:28.252 D/RemoteControlService( 2230): start reader thread, mServerIp = 192.168.2.16, mServerPort = 12600
08-22 17:43:28.252 D/RemoteControlService( 2230): start reader thread, mServerIp = 192.168.8.16, mServerPort = 12600
08-22 17:43:28.253 W/System.err( 2230): java.net.BindException: bind failed: EADDRINUSE (Address already in use)
08-22 17:43:28.253 W/System.err( 2230): at libcore.io.IoBridge.bind(IoBridge.java:150)
08-22 17:43:28.253 W/System.err( 2230): at java.net.PlainSocketImpl.socketBind(PlainSocketImpl.java:162)
08-22 17:43:28.253 W/System.err( 2230): at java.net.AbstractPlainSocketImpl.bind(AbstractPlainSocketImpl.java:427)
08-22 17:43:28.253 W/System.err( 2230): at java.net.ServerSocket.bind(ServerSocket.java:377)
08-22 17:43:28.253 W/System.err( 2230): at java.net.ServerSocket.(ServerSocket.java:237)
08-22 17:43:28.253 W/System.err( 2230): at com.thundercomm.remotecontrolservice.RemoteSocketService.startServer(RemoteSocketService.java:91)
08-22 17:43:28.253 D/RemoteControlService( 2230): start reader thread, mServerIp = 192.168.1.16, mServerPort = 12600
08-22 17:43:28.254 W/System.err( 2230): at com.thundercomm.remotecontrolservice.RemoteSocketService.access$400(RemoteSocketService.java:11)
08-22 17:43:28.254 W/System.err( 2230): at com.thundercomm.remotecontrolservice.RemoteSocketService$2.run(RemoteSocketService.java:62)
08-22 17:43:28.254 W/System.err( 2230): Caused by: android.system.ErrnoException: bind failed: EADDRINUSE (Address already in use)
08-22 17:43:28.254 W/System.err( 2230): at libcore.io.Linux.bind(Native Method)
08-22 17:43:28.254 W/System.err( 2230): at libcore.io.ForwardingOs.bind(ForwardingOs.java:141)
08-22 17:43:28.254 W/System.err( 2230): at libcore.io.ForwardingOs.bind(ForwardingOs.java:141)
08-22 17:43:28.254 W/System.err( 2230): at libcore.io.IoBridge.bind(IoBridge.java:146)
08-22 17:43:28.254 W/System.err( 2230): ... 7 more
08-22 17:43:28.255 D/RemoteControlService( 2230): start reader thread, mServerIp = 192.168.0.16, mServerPort = 12600
08-22 17:43:28.255 W/System.err( 2230): java.net.BindException: bind failed: EADDRINUSE (Address already in use)
08-22 17:43:28.255 W/System.err( 2230): at libcore.io.IoBridge.bind(IoBridge.java:150)
08-22 17:43:28.255 W/System.err( 2230): at java.net.PlainSocketImpl.socketBind(PlainSocketImpl.java:162)
08-22 17:43:28.255 W/System.err( 2230): at java.net.AbstractPlainSocketImpl.bind(AbstractPlainSocketImpl.java:427)
08-22 17:43:28.255 W/System.err( 2230): at java.net.ServerSocket.bind(ServerSocket.java:377)
08-22 17:43:28.255 W/System.err( 2230): at java.net.ServerSocket.(ServerSocket.java:237)
08-22 17:43:28.255 W/System.err( 2230): at com.thundercomm.remotecontrolservice.RemoteSocketService.startServer(RemoteSocketService.java:91)
08-22 17:43:28.255 W/System.err( 2230): at com.thundercomm.remotecontrolservice.RemoteSocketService.access$400(RemoteSocketService.java:11)
08-22 17:43:28.255 W/System.err( 2230): at com.thundercomm.remotecontrolservice.RemoteSocketService$2.run(RemoteSocketService.java:62)
08-22 17:43:28.255 W/System.err( 2230): Caused by: android.system.ErrnoException: bind failed: EADDRINUSE (Address already in use)
08-22 17:43:28.255 W/System.err( 2230): at libcore.io.Linux.bind(Native Method)
08-22 17:43:28.256 W/System.err( 2230): at libcore.io.ForwardingOs.bind(ForwardingOs.java:141)
08-22 17:43:28.256 W/System.err( 2230): at libcore.io.ForwardingOs.bind(ForwardingOs.java:141)
08-22 17:43:28.256 W/System.err( 2230): at libcore.io.IoBridge.bind(IoBridge.java:146)
08-22 17:43:28.256 W/System.err( 2230): ... 7 more
08-22 17:43:28.256 W/System.err( 2230): java.net.BindException: bind failed: EADDRINUSE (Address already in use)
08-22 17:43:28.256 W/System.err( 2230): at libcore.io.IoBridge.bind(IoBridge.java:150)
08-22 17:43:28.257 W/System.err( 2230): at java.net.PlainSocketImpl.socketBind(PlainSocketImpl.java:162)
08-22 17:43:28.257 W/System.err( 2230): at java.net.AbstractPlainSocketImpl.bind(AbstractPlainSocketImpl.java:427)
08-22 17:43:28.257 W/System.err( 2230): at java.net.ServerSocket.bind(ServerSocket.java:377)
08-22 17:43:28.257 W/System.err( 2230): at java.net.ServerSocket.(ServerSocket.java:237)
08-22 17:43:28.257 W/System.err( 2230): at com.thundercomm.remotecontrolservice.RemoteSocketService.startServer(RemoteSocketService.java:91)
08-22 17:43:28.257 W/System.err( 2230): at com.thundercomm.remotecontrolservice.RemoteSocketService.access$400(RemoteSocketService.java:11)
08-22 17:43:28.257 W/System.err( 2230): at com.thundercomm.remotecontrolservice.RemoteSocketService$2.run(RemoteSocketService.java:62)
08-22 17:43:28.257 W/System.err( 2230): Caused by: android.system.ErrnoException: bind failed: EADDRINUSE (Address already in use)
08-22 17:43:28.257 W/System.err( 2230): at libcore.io.Linux.bind(Native Method)
08-22 17:43:28.257 W/System.err( 2230): at libcore.io.ForwardingOs.bind(ForwardingOs.java:141)
08-22 17:43:28.257 W/System.err( 2230): at libcore.io.ForwardingOs.bind(ForwardingOs.java:141)
08-22 17:43:28.260 W/System.err( 2230): at libcore.io.IoBridge.bind(IoBridge.java:146)
08-22 17:43:28.260 W/System.err( 2230): ... 7 more
08-22 17:43:28.260 W/System.err( 2230): java.net.BindException: bind failed: EADDRINUSE (Address already in use)
08-22 17:43:28.261 W/System.err( 2230): at libcore.io.IoBridge.bind(IoBridge.java:150)
08-22 17:43:28.262 W/System.err( 2230): at java.net.PlainSocketImpl.socketBind(PlainSocketImpl.java:162)
08-22 17:43:28.262 W/System.err( 2230): at java.net.AbstractPlainSocketImpl.bind(AbstractPlainSocketImpl.java:427)
08-22 17:43:28.262 W/System.err( 2230): at java.net.ServerSocket.bind(ServerSocket.java:377)
08-22 17:43:28.262 W/System.err( 2230): at java.net.ServerSocket.(ServerSocket.java:237)
08-22 17:43:28.262 W/System.err( 2230): at com.thundercomm.remotecontrolservice.RemoteSocketService.startServer(RemoteSocketService.java:91)
08-22 17:43:28.262 W/System.err( 2230): at com.thundercomm.remotecontrolservice.RemoteSocketService.access$400(RemoteSocketService.java:11)
08-22 17:43:28.262 W/System.err( 2230): at com.thundercomm.remotecontrolservice.RemoteSocketService$2.run(RemoteSocketService.java:62)
08-22 17:43:28.262 W/System.err( 2230): Caused by: android.system.ErrnoException: bind failed: EADDRINUSE (Address already in use)
08-22 17:43:28.262 W/System.err( 2230): at libcore.io.Linux.bind(Native Method)
08-22 17:43:28.262 W/System.err( 2230): at libcore.io.ForwardingOs.bind(ForwardingOs.java:141)
08-22 17:43:28.262 W/System.err( 2230): at libcore.io.ForwardingOs.bind(ForwardingOs.java:141)
08-22 17:43:28.262 W/System.err( 2230): at libcore.io.IoBridge.bind(IoBridge.java:146)
08-22 17:43:28.262 W/System.err( 2230): ... 7 more
08-22 17:43:28.263 W/System.err( 2230): java.net.BindException: bind failed: EADDRINUSE (Address already in use)
08-22 17:43:28.263 W/System.err( 2230): at libcore.io.IoBridge.bind(IoBridge.java:150)
08-22 17:43:28.263 W/System.err( 2230): at java.net.PlainSocketImpl.socketBind(PlainSocketImpl.java:162)
08-22 17:43:28.263 I/liblog ( 2230): 4
08-22 17:43:28.264 I/liblog ( 2230): 7
08-22 17:43:28.264 I/liblog ( 2230): 2
08-22 17:43:28.265 I/liblog ( 2230): 8
08-22 17:43:28.295 F/linker ( 5354): CANNOT LINK EXECUTABLE "/vendor/bin/hw/qvrservice": library "vendor.qti.hardware.qxr-V1-ndk_platform.so" not found: needed by /vendor/lib64/libqvrservice.so in namespace (default)
08-22 17:43:28.312 F/linker ( 5355): CANNOT LINK EXECUTABLE "/vendor/bin/hw/sxrservice": library "vendor.qti.hardware.qxr-V1-ndk_platform.so" not found: needed by main executable
01-01 01:39:20.668 D/ ( 0): mv2112_read_status
01-01 01:39:20.669 D/mv2112_update_link( 0): 3.0x901(1G): 0x80
01-01 01:39:20.669 D/mv2112_update_link( 0): 3.0x8109(100M): 0x0
01-01 01:39:20.669 D/mv2112_update_link( 0): link 0x0
01-01 01:39:20.669 D/mv2112_read_status( 0): autoneg is disabled
08-22 17:43:28.868 I/OpenGLRenderer( 2374): Davey! duration=9223371884846ms; Flags=0, FrameTimelineVsyncId=4755, IntendedVsync=152008234673, Vsync=152008234673, InputEventId=0, HandleInputStart=152010328898, AnimationStart=152010333794, PerformTraversalsStart=152010336815, DrawStart=152010780773, FrameDeadline=152024901339, FrameInterval=152010317596, FrameStartTime=16666666, SyncQueued=152012514419, SyncStart=152012925513, IssueDrawCommandsStart=152013762023, SwapBuffers=152018752023, FrameCompleted=9223372036854775807, DequeueBufferDuration=67448, QueueBufferDuration=3751198, GpuCompleted=9223372036854775807, SwapBuffersCompleted=152025229211, DisplayPresentTime=147295848431,
08-22 17:43:29.014 I/mpu_uart( 664): [MSG-P:RECV]:No message received in 1000 ms
08-22 17:43:29.049 I/mpu_uart( 664): [MSG-P:R]:recv sync frame timeout
01-01 01:39:21.693 D/ ( 0): mv2112_read_status
01-01 01:39:21.693 D/mv2112_update_link( 0): 3.0x901(1G): 0x80
01-01 01:39:21.693 D/mv2112_update_link( 0): 3.0x8109(100M): 0x0
01-01 01:39:21.693 D/mv2112_update_link( 0): link 0x0
01-01 01:39:21.693 D/mv2112_read_status( 0): autoneg is disabled
08-22 17:43:29.901 I/sysui_multi_action( 2374): [757,830,758,4,833,0,854,top_level_display,1089,0]
08-22 17:43:29.907 I/ActivityTaskManager( 1155): START u0 {act=android.intent.action.MAIN cmp=com.android.settings/.SubSettings (has extras)} from uid 1000
08-22 17:43:29.908 I/EventSequenceValidator( 1155): Transition from INTENT_FAILED to INTENT_STARTED
08-22 17:43:29.916 I/wm_task_moved( 1155): [71,1,6]
08-22 17:43:29.916 I/wm_set_resumed_activity( 1155): [0,com.android.settings/.Settings,positionChildAt]
08-22 17:43:29.917 I/wm_create_activity( 1155): [0,96748947,71,com.android.settings/.SubSettings,android.intent.action.MAIN,NULL,NULL,0]
08-22 17:43:29.920 D/CompatibilityInfo( 1155): mCompatibilityFlags - 4
08-22 17:43:29.920 D/CompatibilityInfo( 1155): applicationDensity - 240
08-22 17:43:29.920 D/CompatibilityInfo( 1155): applicationScale - 1.0
08-22 17:43:29.921 D/ActivityTrigger( 1155): ActivityTrigger activityPauseTrigger
08-22 17:43:29.922 D/audio_hw_primary( 819): start_output_stream: enter: stream(0xeb1c0010)usecase(1: low-latency-playback) devices(0x2) is_haptic_usecase(0)
08-22 17:43:29.922 I/wm_pause_activity( 1155): [0,246948937,com.android.settings/.Settings,userLeaving=true,resumeTopActivityInnerLocked]
08-22 17:43:29.925 E/ANDR-PERF-TARGET( 981): Error: Invalid logical cluster id 0
08-22 17:43:29.925 E/ANDR-PERF-REQUEST( 981): invalid request
08-22 17:43:29.925 E/ANDR-PERF-MPCTL( 981): invalid request, no optimizations performed
08-22 17:43:29.926 E/audio_hw_extn( 819): audio_extn_perf_lock_acquire: Failed to acquire perf lock, err: -1
08-22 17:43:29.926 D/audio_hw_primary( 819): select_devices for use case (low-latency-playback)
08-22 17:43:29.926 I/msm8974_platform( 819): platform_check_and_set_codec_backend_cfg:becf: afe: bitwidth 16, samplerate 48000 channels 2, backend_idx 0 usecase = 1 device (speaker)
08-22 17:43:29.926 D/msm8974_platform( 819): platform_split_snd_device: snd_device(2) num devices(1) new_snd_devices(0)
08-22 17:43:29.926 I/msm8974_platform( 819): platform_check_and_set_codec_backend_cfg: new_snd_devices[0] is 2
08-22 17:43:29.926 I/msm8974_platform( 819): platform_check_codec_backend_cfg:becf: afe: bitwidth 16, samplerate 48000 channels 2, backend_idx 0 usecase = 1 device (speaker)
08-22 17:43:29.928 D/audio_hw_extn( 819): audio_extn_enable_hifi_filter: mixer_value set 0
08-22 17:43:29.928 D/msm8974_platform( 819): platform_check_codec_backend_cfg:becf: updated afe: bitwidth 16, samplerate 48000 channels 2,backend_idx 0 usecase = 1 device (speaker)
08-22 17:43:29.928 D/msm8974_platform( 819): platform_check_codec_backend_cfg:becf: afe: playback on codec device not supporting native playback set default Sample Rate(48k)
08-22 17:43:29.928 I/msm8974_platform( 819): platform_check_codec_backend_cfg:becf: afe: Codec selected backend: 0 updated bit width: 16 and sample rate: 48000
08-22 17:43:29.928 D/audio_hw_primary( 819): check_usecases_codec_backend:becf: force routing 0
08-22 17:43:29.928 E/msm8974_platform( 819): platform_check_backends_match: Invalid snd_device =
08-22 17:43:29.928 D/audio_hw_primary( 819): check_usecases_codec_backend:becf: (78) check_usecases curr device: speaker, usecase device: backends match 0
08-22 17:43:29.928 D/audio_hw_primary( 819): check_usecases_codec_backend:becf: check_usecases num.of Usecases to switch 0
08-22 17:43:29.928 D/hardware_info( 819): hw_info_append_hw_type : device_name = speaker
08-22 17:43:29.929 D/msm8974_platform( 819): platform_split_snd_device: snd_device(2) num devices(0) new_snd_devices(0)
08-22 17:43:29.929 D/audio_hw_primary( 819): enable_snd_device: snd_device(2: speaker)
08-22 17:43:29.929 D/msm8974_platform( 819): platform_get_island_cfg_on_device:island cfg status on snd_device = (speaker 0)
08-22 17:43:29.929 I/soundtrigger( 819): audio_extn_sound_trigger_update_device_status: device 0x2 of type 0 for Event 1, with Raise=0
08-22 17:43:29.929 D/audio_route( 819): Apply path: speaker
08-22 17:43:29.929 I/audio_hw_utils( 819): audio_extn_utils_update_stream_output_app_type_cfg Allowing 24 and above bits playback on speaker ONLY at default sampling rate
08-22 17:43:29.929 E/soundtrigger( 819): audio_extn_sound_trigger_update_stream_status: invalid input device 0x0, for event 3
08-22 17:43:29.929 D/soundtrigger( 819): audio_extn_sound_trigger_update_stream_status: uc_info->id 1 of type 0 for Event 3, with Raise=0
08-22 17:43:29.929 D/audio_hw_utils( 819): audio_extn_utils_send_app_type_cfg: usecase->out_snd_device speaker
08-22 17:43:29.929 D/msm8974_platform( 819): platform_split_snd_device: snd_device(2) num devices(0) new_snd_devices(0)
08-22 17:43:29.929 D/audio_hw_utils( 819): audio_extn_btsco_get_sample_rate:Not a BT SCO device, need not update sampling rate
08-22 17:43:29.929 I/audio_hw_utils( 819): send_app_type_cfg_for_device PLAYBACK app_type 69937, acdb_dev_id 15, sample_rate 48000, snd_device_be_idx 179
08-22 17:43:29.930 D/msm8974_platform( 819): platform_split_snd_device: snd_device(2) num devices(1) new_snd_devices(0)
08-22 17:43:29.930 D/audio_hw_utils( 819): audio_extn_btsco_get_sample_rate:Not a BT SCO device, need not update sampling rate
08-22 17:43:29.930 D/ACDB-LOADER( 819): ACDB -> send_audio_cal, acdb_id = 15, path = 0, app id = 0x11131, sample rate = 48000, afe_sample_rate = 48000
08-22 17:43:29.930 D/ACDB-LOADER( 819): ACDB -> send_asm_topology
08-22 17:43:29.930 D/ACDB-LOADER( 819): ACDB -> ACDB_CMD_GET_AUDPROC_STREAM_TOPOLOGY_ID
08-22 17:43:29.930 D/ACDB-LOADER( 819): ACDB -> send_adm_topology
08-22 17:43:29.931 D/ACDB-LOADER( 819): ACDB -> ACDB_CMD_GET_AUDPROC_COMMON_TOPOLOGY_ID
08-22 17:43:29.931 D/ACDB-LOADER( 819): ACDB -> send_audtable
08-22 17:43:29.931 D/ACDB-LOADER( 819): ACDB -> ACDB_CMD_GET_AUDPROC_INSTANCE_COMMON_TABLE_SIZE
08-22 17:43:29.931 D/ACDB-LOADER( 819): ACDB -> ACDB_CMD_GET_AUDPROC_INSTANCE_COMMON_TABLE
08-22 17:43:29.931 D/ACDB-LOADER( 819): ACDB -> AUDIO_SET_AUDPROC_CAL cal_type[11] acdb_id[15] app_type[69937]
08-22 17:43:29.931 D/ACDB-LOADER( 819): ACDB -> send_audvoltable
08-22 17:43:29.931 D/ACDB-LOADER( 819): ACDB -> ACDB_CMD_GET_AUDPROC_INSTANCE_GAIN_DEP_STEP_TABLE_SIZE
08-22 17:43:29.931 D/ACDB-LOADER( 819): ACDB -> ACDB_CMD_GET_AUDPROC_INSTANCE_GAIN_DEP_STEP_TABLE, vol index 0
01-01 01:39:22.105 I/afe_find_cal_topo_id_by_port( 0): port id: 0x9000, dev_acdb_id: 0
01-01 01:39:22.105 I/afe_find_cal_topo_id_by_port( 0): top_id:112fc acdb_id:15 afe_port:0x9000
01-01 01:39:22.105 I/afe_get_cal_topology_id( 0): port_id = 0x9000 acdb_id = 15 topology_id = 0x112fc cal_type_index=8 ret=0
01-01 01:39:22.106 I/afe_send_port_topology_id( 0): AFE set topology id 0x112fc enable for port 0x9000 ret 0
01-01 01:39:22.106 I/send_afe_cal_type( 0): cal_index is 0
01-01 01:39:22.106 I/send_afe_cal_type( 0): dev_acdb_id[55] is 0
01-01 01:39:22.106 I/send_afe_cal_type( 0): Sending cal_index cal 0
01-01 01:39:22.106 E/send_afe_cal_type( 0): No cal sent for cal_index 0, port_id = 0x9000! ret -22
08-22 17:43:29.931 D/ACDB-LOADER( 819): ACDB -> AUDIO_SET_VOL_CAL cal type = 12
08-22 17:43:29.931 D/ACDB-LOADER( 819): ACDB -> ACDB_CMD_GET_AUDPROC_INSTANCE_STREAM_TABLE_SIZE
08-22 17:43:29.931 D/ACDB-LOADER( 819): ACDB -> send_audstrmtable
08-22 17:43:29.932 D/ACDB-LOADER( 819): ACDB -> ACDB_CMD_GET_AUDPROC_INSTANCE_STREAM_TABLE
08-22 17:43:29.932 D/ACDB-LOADER( 819): ACDB -> audstrm_cal->cal_type.cal_data.cal_size = 20
08-22 17:43:29.932 D/ACDB-LOADER( 819): ACDB -> send_afe_topology
08-22 17:43:29.932 D/ACDB-LOADER( 819): ACDB -> ACDB_CMD_GET_AFE_TOPOLOGY_ID
08-22 17:43:29.932 D/ACDB-LOADER( 819): ACDB -> GET_AFE_TOPOLOGY_ID for adcd_id 15, Topology Id 112fc
08-22 17:43:29.932 D/ACDB-LOADER( 819): ACDB -> send_afe_cal
08-22 17:43:29.932 D/ACDB-LOADER( 819): ACDB -> ACDB_CMD_GET_AFE_INSTANCE_COMMON_TABLE_SIZE
08-22 17:43:29.932 D/android.hardware.audio.service( 819): Failed to fetch the lookup information of the device 0000000F
08-22 17:43:29.932 D/ACDB-LOADER( 819): Error: ACDB_CMD_GET_AFE_INSTANCE_COMMON_TABLE_SIZE Returned = -19
08-22 17:43:29.932 D/ACDB-LOADER( 819): ACDB -> ACDB_CMD_GET_AFE_INSTANCE_COMMON_TABLE
08-22 17:43:29.932 D/android.hardware.audio.service( 819): Failed to fetch the lookup information of the device 0000000F
08-22 17:43:29.933 D/ACDB-LOADER( 819): Error: ACDB AFE returned = -19
08-22 17:43:29.933 D/ACDB-LOADER( 819): ACDB -> AUDIO_SET_AFE_CAL cal_type[16] acdb_id[15]
08-22 17:43:29.933 D/ACDB-LOADER( 819): ACDB -> send_hw_delay : acdb_id = 15 path = 0
08-22 17:43:29.933 D/ACDB-LOADER( 819): ACDB -> ACDB_AVSYNC_INFO: ACDB_CMD_GET_DEVICE_PROPERTY
08-22 17:43:29.933 D/msm8974_platform( 819): platform_split_snd_device: snd_device(2) num devices(0) new_snd_devices(0)
08-22 17:43:29.933 I/msm8974_platform( 819): platform_get_custom_mtmx_params: no matching param with id 0 ip_ch 2 op_ch 2 uc_id 1 snd_dev 2
01-01 01:39:22.116 I/afe_send_hw_delay( 0): port_id 0x9000 rate 48000 delay_usec 474 status 0
08-22 17:43:29.933 D/audio_hw_primary( 819): enable_audio_route: apply mixer and update path: low-latency-playback
08-22 17:43:29.933 D/audio_route( 819): Apply path: low-latency-playback
08-22 17:43:29.935 D/audio_hw_primary( 819): select_devices: done
08-22 17:43:29.946 I/EventSequenceValidator( 1155): Transition from INTENT_STARTED to INTENT_FAILED
08-22 17:43:29.954 I/wm_on_top_resumed_lost_called( 2374): [246948937,com.android.settings.Settings,topStateChangedWhenResumed]
08-22 17:43:29.957 I/sysui_multi_action( 2374): [757,35,758,2,1089,11087]
08-22 17:43:29.959 I/wm_on_paused_called( 2374): [246948937,com.android.settings.Settings,performPause]
08-22 17:43:29.961 I/ActivityTaskManager( 1155): The Process com.android.settings Already Exists in BG. So sending its PID: 2374
08-22 17:43:29.965 W/ActivityTaskManager( 1155): Tried to set launchTime (0) < mLastActivityLaunchTime (125837)
08-22 17:43:29.966 I/wm_add_to_stopping( 1155): [0,246948937,com.android.settings/.Settings,makeInvisible]
08-22 17:43:29.966 I/wm_restart_activity( 1155): [0,96748947,71,com.android.settings/.SubSettings]
08-22 17:43:29.966 D/CompatibilityInfo( 1155): mCompatibilityFlags - 4
08-22 17:43:29.966 D/CompatibilityInfo( 1155): applicationDensity - 240
08-22 17:43:29.967 D/CompatibilityInfo( 1155): applicationScale - 1.0
08-22 17:43:29.968 I/wm_set_resumed_activity( 1155): [0,com.android.settings/.SubSettings,minimalResumeActivityLocked]
08-22 17:43:29.979 I/sysui_multi_action( 1155): [757,803,799,window_time_0,802,11]
08-22 17:43:29.981 D/msm8974_platform( 819): platform_set_channel_map mixer_ctl_name:Playback Channel Map9
08-22 17:43:29.982 D/msm8974_platform( 819): platform_set_channel_map: set mapping(1 2 0 0 0 0 0 0) for channel:2
08-22 17:43:29.984 E/audio_hw_extn( 819): audio_extn_perf_lock_release: Perf lock release error
08-22 17:43:29.984 D/audio_hw_primary( 819): start_output_stream: exit
08-22 17:43:29.988 D/SettingsActivity( 2374): Starting onCreate
08-22 17:43:30.002 I/service_manager_slow( 2374): [10,autofill]
08-22 17:43:30.002 I/BpBinder( 1068): onLastStrongRef automatically unlinking death recipients:
08-22 17:43:30.004 D/SettingsActivity( 2374): Starting to set activity title
08-22 17:43:30.004 D/SettingsActivity( 2374): Done setting title
08-22 17:43:30.004 I/input_focus( 1155): [Focus leaving 844e0b0 com.android.settings/com.android.settings.Settings (server),reason=NO_WINDOW]
08-22 17:43:30.004 D/SettingsActivity( 2374): Switching to fragment com.android.settings.DisplaySettings
08-22 17:43:30.004 D/SubSettings( 2374): Launching fragment com.android.settings.DisplaySettings
08-22 17:43:30.006 D/QCCAuthMgr( 2494): SMQContentProvider query uri: content://com.qti.smq.Feedback.provider/smq_settings, selection: key=?, uri_matcher: 1
08-22 17:43:30.006 D/QCCAuthMgr( 2494): SMQContentProvider query tableName: smq_settings
08-22 17:43:30.008 D/PrefCtrlListHelper( 2374): Could not find Context-only controller for pref: com.android.settings.display.AutoBrightnessPreferenceController
08-22 17:43:30.008 D/PrefCtrlListHelper( 2374): Could not find Context-only controller for pref: com.android.settings.security.screenlock.LockScreenPreferenceController
08-22 17:43:30.009 D/PrefCtrlListHelper( 2374): Could not find Context-only controller for pref: com.android.settings.display.DarkUIPreferenceController
08-22 17:43:30.010 D/PrefCtrlListHelper( 2374): Could not find Context-only controller for pref: com.android.settings.display.FontSizePreferenceController
08-22 17:43:30.011 D/PrefCtrlListHelper( 2374): Could not find Context-only controller for pref: com.android.settings.display.NightDisplayPreferenceController
08-22 17:43:30.013 D/PrefCtrlListHelper( 2374): Could not find Context-only controller for pref: com.android.settings.display.ColorModePreferenceController
08-22 17:43:30.013 D/PrefCtrlListHelper( 2374): Could not find Context-only controller for pref: com.android.settings.display.AutoRotatePreferenceController
08-22 17:43:30.013 D/PrefCtrlListHelper( 2374): Could not find Context-only controller for pref: com.android.settings.display.DisplayWhiteBalancePreferenceController
08-22 17:43:30.013 D/PrefCtrlListHelper( 2374): Could not find Context-only controller for pref: com.android.settings.display.PeakRefreshRatePreferenceController
08-22 17:43:30.013 D/RefreshRatePrefCtr( 2374): DEFAULT_REFRESH_RATE : 60.0 mPeakRefreshRate : 60.0
08-22 17:43:30.014 I/mpu_uart( 664): [MSG-P:RECV]:No message received in 1000 ms
08-22 17:43:30.016 E/UserRestrictionsUtils( 1155): Unknown restriction queried by uid 1000 (com.qti.snapdragon.qdcm_ff et al): null
08-22 17:43:30.017 E/UserRestrictionsUtils( 1155): Unknown restriction queried by uid 1000 (com.qti.snapdragon.qdcm_ff et al): null
08-22 17:43:30.021 E/UserRestrictionsUtils( 1155): Unknown restriction queried by uid 1000 (com.qti.snapdragon.qdcm_ff et al): null
08-22 17:43:30.029 D/DisplaySettings( 2374): NO dashboard tiles for DisplaySettings
08-22 17:43:30.030 D/DisplaySettings( 2374): All preferences added, reporting fully drawn
08-22 17:43:30.030 D/SettingsActivity( 2374): Executed frag manager pendingTransactions
08-22 17:43:30.031 I/wm_on_create_called( 2374): [96748947,com.android.settings.SubSettings,performCreate]
08-22 17:43:30.039 W/ActivityManager( 1155): Receiver with filter android.content.IntentFilter@592a5e7 already registered for pid 2374, callerPackage is com.android.settings
08-22 17:43:30.045 I/wm_on_start_called( 2374): [96748947,com.android.settings.SubSettings,handleStartActivity]
08-22 17:43:30.045 I/snet_event_log( 2374): [120484087,-1,]
08-22 17:43:30.047 I/wm_on_resume_called( 2374): [96748947,com.android.settings.SubSettings,RESUME_ACTIVITY]
08-22 17:43:30.048 I/sysui_multi_action( 2374): [757,46,758,1,833,35,1089,42]
08-22 17:43:30.059 I/sysui_multi_action( 2374): [757,853,758,4,854,DisplaySettings/hot_seat_dir,1089,0]
08-22 17:43:30.066 I/sysui_multi_action( 2374): [757,1729,758,4,854,isParalleledControllers:false,1089,60]
08-22 17:43:30.070 D/PackageManager( 1155): Instant App installer not found with android.intent.action.INSTALL_INSTANT_APP_PACKAGE
08-22 17:43:30.070 D/PackageManager( 1155): Clear ephemeral installer activity
08-22 17:43:30.075 D/SettingsActivity( 2374): Enabled state changed for some tiles, reloading all categories {com.android.settings/com.android.settings.Settings$PowerUsageSummaryActivity},
08-22 17:43:30.108 I/input_focus( 1155): [Focus request 4e42f5c com.android.settings/com.android.settings.SubSettings,reason=UpdateInputWindows]
08-22 17:43:30.122 I/wm_on_top_resumed_gained_called( 2374): [96748947,com.android.settings.SubSettings,topStateChangedWhenResumed]
08-22 17:43:30.129 I/wm_activity_launch_time( 1155): [0,96748947,com.android.settings/.SubSettings,222]
08-22 17:43:30.129 D/PackageManager( 1155): Instant App installer not found with android.intent.action.INSTALL_INSTANT_APP_PACKAGE
08-22 17:43:30.130 D/PackageManager( 1155): Clear ephemeral installer activity
08-22 17:43:30.136 I/ActivityTaskManager( 1155): Displayed com.android.settings/.SubSettings: +222ms
08-22 17:43:30.138 I/ActivityTaskManager( 1155): Fully drawn com.android.settings/.SubSettings: +222ms
08-22 17:43:30.139 D/SettingsActivity( 2374): Enabled state changed for some tiles, reloading all categories {com.android.settings/com.android.settings.Settings$PowerUsageSummaryActivity},
08-22 17:43:30.140 I/input_focus( 1155): [Focus entering 4e42f5c com.android.settings/com.android.settings.SubSettings (server),reason=Window became focusable. Previous reason: NOT_VISIBLE]
08-22 17:43:30.183 D/audio_hw_primary( 819): out_set_parameters: enter: usecase(1: low-latency-playback) kvpairs: suspend_playback=true
08-22 17:43:30.183 D/audio_hw_extn( 819): audio_extn_fm_set_parameters: Enter
08-22 17:43:30.533 I/wm_stop_activity( 1155): [0,246948937,com.android.settings/.Settings]
08-22 17:43:30.541 D/OpenGLRenderer( 2374): endAllActiveAnimators on 0xb400007be2ea9fa0 (RippleDrawable) with handle 0xb400007af2ed7900
01-01 01:39:22.716 D/ ( 0): mv2112_read_status
01-01 01:39:22.716 D/mv2112_update_link( 0): 3.0x901(1G): 0x80
01-01 01:39:22.717 D/mv2112_update_link( 0): 3.0x8109(100M): 0x0
01-01 01:39:22.717 D/mv2112_update_link( 0): link 0x0
01-01 01:39:22.717 D/mv2112_read_status( 0): autoneg is disabled
08-22 17:43:30.557 I/wm_on_stop_called( 2374): [246948937,com.android.settings.Settings,STOP_ACTIVITY_ITEM]
08-22 17:43:31.015 I/mpu_uart( 664): [MSG-P:RECV]:No message received in 1000 ms
08-22 17:43:31.057 I/input_interaction( 1155): Interaction with: 4e42f5c com.android.settings/com.android.settings.SubSettings (server), edge-swipe (server), swipe-up (server), PointerEventDispatcher0 (server),
08-22 17:43:31.085 D/CompanionDeviceManagerService( 1155): onPackageModified(packageName = com.android.settings)
08-22 17:43:31.092 D/Avrcp_ext( 1892): AvrcpServiceBroadcastReceiver-> Action: android.intent.action.PACKAGE_CHANGED
08-22 17:43:31.092 D/Avrcp_ext( 1892): AvrcpServiceBroadcastReceiver-> packageName: com.android.settings
08-22 17:43:31.092 D/Avrcp_ext( 1892): packageName: com.android.settings removed: false
08-22 17:43:31.094 I/Telecom ( 1155): DefaultDialerCache: Refreshing default dialer for user 0: now null: DDC.oR@ABk
08-22 17:43:31.094 E/system_server( 1155): No package ID 7f found for ID 0x7f0802c4.
08-22 17:43:31.094 E/system_server( 1155): No package ID 7f found for ID 0x7f121641.
08-22 17:43:31.095 I/InputReader( 1155): Reconfiguring input devices, changes=KEYBOARD_LAYOUTS |
08-22 17:43:31.095 E/system_server( 1155): No package ID 7f found for ID 0x7f0802c3.
08-22 17:43:31.095 E/system_server( 1155): No package ID 7f found for ID 0x7f1206c1.
08-22 17:43:31.095 E/system_server( 1155): No package ID 7f found for ID 0x7f0802c2.
08-22 17:43:31.095 E/system_server( 1155): No package ID 7f found for ID 0x7f120e8d.
08-22 17:43:31.096 D/Avrcp_ext( 1892): isBrowsableListUpdated: browsable list size mismatch, true
08-22 17:43:31.096 D/Avrcp_ext( 1892): buildBrowsablePlayerList
08-22 17:43:31.098 V/Avrcp_ext( 1892): getMediaPlayerInfo: Found com.android.bluetooth
08-22 17:43:31.098 V/Avrcp_ext( 1892): isBrowseSupported for com.android.bluetooth: false
08-22 17:43:31.101 D/Avrcp_ext( 1892): Adding media player info for com.android.bluetooth with id 1
08-22 17:43:31.101 D/Avrcp_ext( 1892): update #1:MediaPlayerInfo com.android.bluetooth (as '蓝牙') Type = 1, SubType = 0, Status = 0 Feature Bits [40 41 42 44 45 47 48 58] Controller: null
08-22 17:43:31.101 D/Avrcp_ext( 1892): Added MediaPlayerController/MediaPlayerPackage
