08-23 17:43:00.263 1155 1155 D SystemServerTiming: ssm.onStartUser-0_com.android.server.midi.MidiService$Lifecycle took to complete: 0ms
08-23 17:43:00.263 1155 1155 I SystemServerTiming: ssm.onStartUser-0_com.android.server.adb.AdbService$Lifecycle
08-23 17:43:00.263 1155 1155 D SystemServerTiming: ssm.onStartUser-0_com.android.server.adb.AdbService$Lifecycle took to complete: 0ms
08-23 17:43:00.263 1155 1155 I SystemServerTiming: ssm.onStartUser-0_com.android.server.usb.UsbService$Lifecycle
08-23 17:43:00.263 1155 1155 D SystemServerTiming: ssm.onStartUser-0_com.android.server.usb.UsbService$Lifecycle took to complete: 0ms
08-23 17:43:00.263 1155 1155 I SystemServerTiming: ssm.onStartUser-0_com.android.server.twilight.TwilightService
08-23 17:43:00.263 1155 1155 D SystemServerTiming: ssm.onStartUser-0_com.android.server.twilight.TwilightService took to complete: 0ms
08-23 17:43:00.263 1155 1155 I SystemServerTiming: ssm.onStartUser-0_com.android.server.display.color.ColorDisplayService
08-23 17:43:00.263 1155 1155 D SystemServerTiming: ssm.onStartUser-0_com.android.server.display.color.ColorDisplayService took to complete: 0ms
08-23 17:43:00.264 1155 1155 I SystemServerTiming: ssm.onStartUser-0_com.android.server.job.JobSchedulerService
08-23 17:43:00.264 1155 1155 D SystemServerTiming: ssm.onStartUser-0_com.android.server.job.JobSchedulerService took to complete: 0ms
08-23 17:43:00.264 1155 1155 I SystemServerTiming: ssm.onStartUser-0_com.android.server.soundtrigger.SoundTriggerService
08-23 17:43:00.264 1155 1155 D SystemServerTiming: ssm.onStartUser-0_com.android.server.soundtrigger.SoundTriggerService took to complete: 0ms
08-23 17:43:00.264 1155 1155 I SystemServerTiming: ssm.onStartUser-0_com.android.server.trust.TrustManagerService
08-23 17:43:00.264 1155 1155 D SystemServerTiming: ssm.onStartUser-0_com.android.server.trust.TrustManagerService took to complete: 0ms
08-23 17:43:00.264 1155 1155 I SystemServerTiming: ssm.onStartUser-0_com.android.server.backup.BackupManagerService$Lifecycle
08-23 17:43:00.264 1155 1155 D SystemServerTiming: ssm.onStartUser-0_com.android.server.backup.BackupManagerService$Lifecycle took to complete: 0ms
08-23 17:43:00.264 1155 1155 I SystemServerTiming: ssm.onStartUser-0_com.android.server.appwidget.AppWidgetService
08-23 17:43:00.264 1155 1155 D SystemServerTiming: ssm.onStartUser-0_com.android.server.appwidget.AppWidgetService took to complete: 0ms
08-23 17:43:00.264 1155 1155 I SystemServerTiming: ssm.onStartUser-0_com.android.server.voiceinteraction.VoiceInteractionManagerService
08-23 17:43:00.265 1155 1155 W VoiceInteractionManager: no available voice recognition services found for user 0
08-23 17:43:00.265 1155 1155 D SystemServerTiming: ssm.onStartUser-0_com.android.server.voiceinteraction.VoiceInteractionManagerService took to complete: 0ms
08-23 17:43:00.265 1155 1155 I SystemServerTiming: ssm.onStartUser-0_com.android.server.apphibernation.AppHibernationService
08-23 17:43:00.265 1155 1155 D SystemServerTiming: ssm.onStartUser-0_com.android.server.apphibernation.AppHibernationService took to complete: 0ms
08-23 17:43:00.265 1155 1155 I SystemServerTiming: ssm.onStartUser-0_com.android.server.GestureLauncherService
08-23 17:43:00.265 1155 1155 D SystemServerTiming: ssm.onStartUser-0_com.android.server.GestureLauncherService took to complete: 1ms
08-23 17:43:00.265 1155 1155 I SystemServerTiming: ssm.onStartUser-0_com.android.server.SensorNotificationService
08-23 17:43:00.265 1155 1155 D SystemServerTiming: ssm.onStartUser-0_com.android.server.SensorNotificationService took to complete: 0ms
08-23 17:43:00.265 1155 1155 I SystemServerTiming: ssm.onStartUser-0_com.android.server.emergency.EmergencyAffordanceService
08-23 17:43:00.265 1155 1155 D SystemServerTiming: ssm.onStartUser-0_com.android.server.emergency.EmergencyAffordanceService took to complete: 0ms
08-23 17:43:00.265 1155 1155 I SystemServerTiming: ssm.onStartUser-0_com.android.server.blob.BlobStoreManagerService
08-23 17:43:00.265 1155 1155 D SystemServerTiming: ssm.onStartUser-0_com.android.server.blob.BlobStoreManagerService took to complete: 0ms
08-23 17:43:00.265 1155 1155 I SystemServerTiming: ssm.onStartUser-0_com.android.server.dreams.DreamManagerService
08-23 17:43:00.265 1155 1155 D SystemServerTiming: ssm.onStartUser-0_com.android.server.dreams.DreamManagerService took to complete: 0ms
08-23 17:43:00.265 1155 1155 I SystemServerTiming: ssm.onStartUser-0_com.android.server.companion.CompanionDeviceManagerService
08-23 17:43:00.265 1155 1155 D SystemServerTiming: ssm.onStartUser-0_com.android.server.companion.CompanionDeviceManagerService took to complete: 0ms
08-23 17:43:00.265 1155 1155 I SystemServerTiming: ssm.onStartUser-0_com.android.server.restrictions.RestrictionsManagerService
08-23 17:43:00.266 1155 1155 D SystemServerTiming: ssm.onStartUser-0_com.android.server.restrictions.RestrictionsManagerService took to complete: 0ms
08-23 17:43:00.266 1155 1155 I SystemServerTiming: ssm.onStartUser-0_com.android.server.media.MediaSessionService
08-23 17:43:00.266 1155 1155 D SystemServerTiming: ssm.onStartUser-0_com.android.server.media.MediaSessionService took to complete: 0ms
08-23 17:43:00.266 1155 1155 I SystemServerTiming: ssm.onStartUser-0_com.android.server.media.MediaResourceMonitorService
08-23 17:43:00.266 1155 1155 D SystemServerTiming: ssm.onStartUser-0_com.android.server.media.MediaResourceMonitorService took to complete: 0ms
08-23 17:43:00.266 1155 1155 I SystemServerTiming: ssm.onStartUser-0_com.android.server.biometrics.sensors.fingerprint.FingerprintService
08-23 17:43:00.266 1155 1155 D SystemServerTiming: ssm.onStartUser-0_com.android.server.biometrics.sensors.fingerprint.FingerprintService took to complete: 0ms
08-23 17:43:00.266 1155 1155 I SystemServerTiming: ssm.onStartUser-0_com.android.server.biometrics.BiometricService
08-23 17:43:00.266 1155 1155 D SystemServerTiming: ssm.onStartUser-0_com.android.server.biometrics.BiometricService took to complete: 0ms
08-23 17:43:00.266 1155 1155 I SystemServerTiming: ssm.onStartUser-0_com.android.server.biometrics.AuthService
08-23 17:43:00.266 1155 1155 D SystemServerTiming: ssm.onStartUser-0_com.android.server.biometrics.AuthService took to complete: 0ms
08-23 17:43:00.266 1155 1155 I SystemServerTiming: ssm.onStartUser-0_com.android.server.pm.ShortcutService$Lifecycle
08-23 17:43:00.266 1155 1155 D SystemServerTiming: ssm.onStartUser-0_com.android.server.pm.ShortcutService$Lifecycle took to complete: 0ms
08-23 17:43:00.266 1155 1155 I SystemServerTiming: ssm.onStartUser-0_com.android.server.pm.LauncherAppsService
08-23 17:43:00.267 1155 1155 D SystemServerTiming: ssm.onStartUser-0_com.android.server.pm.LauncherAppsService took to complete: 0ms
08-23 17:43:00.267 1155 1155 I SystemServerTiming: ssm.onStartUser-0_com.android.server.pm.CrossProfileAppsService
08-23 17:43:00.267 1155 1155 D SystemServerTiming: ssm.onStartUser-0_com.android.server.pm.CrossProfileAppsService took to complete: 0ms
08-23 17:43:00.267 1155 1155 I SystemServerTiming: ssm.onStartUser-0_com.android.server.people.PeopleService
08-23 17:43:00.267 1155 1155 D SystemServerTiming: ssm.onStartUser-0_com.android.server.people.PeopleService took to complete: 0ms
08-23 17:43:00.267 1155 1155 I SystemServerTiming: ssm.onStartUser-0_com.android.server.media.metrics.MediaMetricsManagerService
08-23 17:43:00.267 1155 1155 D SystemServerTiming: ssm.onStartUser-0_com.android.server.media.metrics.MediaMetricsManagerService took to complete: 0ms
08-23 17:43:00.267 1155 1155 I SystemServerTiming: ssm.onStartUser-0_com.android.server.media.projection.MediaProjectionManagerService
08-23 17:43:00.267 1155 1155 D SystemServerTiming: ssm.onStartUser-0_com.android.server.media.projection.MediaProjectionManagerService took to complete: 0ms
08-23 17:43:00.267 1155 1155 I SystemServerTiming: ssm.onStartUser-0_com.android.server.slice.SliceManagerService$Lifecycle
08-23 17:43:00.267 1155 1155 D SystemServerTiming: ssm.onStartUser-0_com.android.server.slice.SliceManagerService$Lifecycle took to complete: 0ms
08-23 17:43:00.267 1155 1155 I SystemServerTiming: ssm.onStartUser-0_com.android.server.stats.StatsCompanion$Lifecycle
08-23 17:43:00.267 1155 1155 D SystemServerTiming: ssm.onStartUser-0_com.android.server.stats.StatsCompanion$Lifecycle took to complete: 0ms
08-23 17:43:00.267 1155 1155 I SystemServerTiming: ssm.onStartUser-0_com.android.server.scheduling.RebootReadinessManagerService$Lifecycle
08-23 17:43:00.267 1155 1155 D SystemServerTiming: ssm.onStartUser-0_com.android.server.scheduling.RebootReadinessManagerService$Lifecycle took to complete: 0ms
08-23 17:43:00.268 1155 1155 I SystemServerTiming: ssm.onStartUser-0_com.android.server.stats.pull.StatsPullAtomService
08-23 17:43:00.268 1155 1155 D SystemServerTiming: ssm.onStartUser-0_com.android.server.stats.pull.StatsPullAtomService took to complete: 0ms
08-23 17:43:00.268 1155 1155 I SystemServerTiming: ssm.onStartUser-0_com.android.server.incident.IncidentCompanionService
08-23 17:43:00.268 1155 1155 D SystemServerTiming: ssm.onStartUser-0_com.android.server.incident.IncidentCompanionService took to complete: 0ms
08-23 17:43:00.268 1155 1155 I SystemServerTiming: ssm.onStartUser-0_com.android.server.MmsServiceBroker
08-23 17:43:00.268 1155 1155 D SystemServerTiming: ssm.onStartUser-0_com.android.server.MmsServiceBroker took to complete: 0ms
08-23 17:43:00.268 1155 1155 I SystemServerTiming: ssm.onStartUser-0_com.android.server.autofill.AutofillManagerService
08-23 17:43:00.268 1155 1155 D SystemServerTiming: ssm.onStartUser-0_com.android.server.autofill.AutofillManagerService took to complete: 0ms
08-23 17:43:00.268 1155 1155 I SystemServerTiming: ssm.onStartUser-0_com.android.server.clipboard.ClipboardService
08-23 17:43:00.268 1155 1155 D SystemServerTiming: ssm.onStartUser-0_com.android.server.clipboard.ClipboardService took to complete: 0ms
08-23 17:43:00.268 1155 1155 I SystemServerTiming: ssm.onStartUser-0_com.android.server.appbinding.AppBindingService$Lifecycle
08-23 17:43:00.268 1155 1155 W AppBindingService: [Default SMS app] u0 Target package not found
08-23 17:43:00.268 1155 1155 D SystemServerTiming: ssm.onStartUser-0_com.android.server.appbinding.AppBindingService$Lifecycle took to complete: 0ms
01-01 00:01:08.508 0 0 I msm_vidc: high: 00000001: ....e: Opening video instance: ffffffd6dde00000, 0
08-23 17:43:00.269 1155 1155 I SystemServerTiming: ssm.onStartUser-0_com.android.server.tracing.TracingServiceProxy
08-23 17:43:00.274 1155 1155 D SystemServerTiming: ssm.onStartUser-0_com.android.server.tracing.TracingServiceProxy took to complete: 0ms
08-23 17:43:00.274 1155 1155 I SystemServerTiming: ssm.onStartUser-0_com.android.server.policy.PermissionPolicyService
08-23 17:43:00.275 1155 1155 D SystemServerTiming: ssm.onStartUser-0_com.android.server.policy.PermissionPolicyService took to complete: 0ms
08-23 17:43:00.275 1155 1155 I SystemServerTiming: ssm.onStartUser-0_com.android.server.pm.StagingManager$Lifecycle
08-23 17:43:00.275 1155 1155 D SystemServerTiming: ssm.onStartUser-0_com.android.server.pm.StagingManager$Lifecycle took to complete: 0ms
08-23 17:43:00.275 1155 1155 I SystemServerTiming: ssm.onStartUser-0_com.android.server.app.GameManagerService$Lifecycle
08-23 17:43:00.277 1155 1155 V GameManagerService: Settings file doesn't exists, skip reading
08-23 17:43:00.278 1155 1155 D SystemServerTiming: ssm.onStartUser-0_com.android.server.app.GameManagerService$Lifecycle took to complete: 2ms
08-23 17:43:00.278 1155 1155 I SystemServerTiming: ssm.onStartUser-0_com.android.server.appsearch.AppSearchManagerService
08-23 17:43:00.278 1155 1155 D SystemServerTiming: ssm.onStartUser-0_com.android.server.appsearch.AppSearchManagerService took to complete: 0ms
08-23 17:43:00.278 1155 1155 I SystemServerTiming: ssm.onStartUser-0_com.android.server.media.MediaCommunicationService
08-23 17:43:00.278 1155 1155 D SystemServerTiming: ssm.onStartUser-0_com.android.server.media.MediaCommunicationService took to complete: 0ms
08-23 17:43:00.278 1155 1155 D SystemServerTiming: ssm.StartUser-0 took to complete: 52ms
08-23 17:43:00.280 1155 1155 I SystemServerTiming: startPersistentApps
08-23 17:43:00.281 1155 1155 D CompatibilityChangeReporter: Compat change id reported: 135634846; UID 1001; state: DISABLED
08-23 17:43:00.281 1155 1155 D CompatibilityChangeReporter: Compat change id reported: 177438394; UID 1001; state: DISABLED
08-23 17:43:00.281 1155 1155 D CompatibilityChangeReporter: Compat change id reported: 135772972; UID 1001; state: DISABLED
08-23 17:43:00.283 1155 1155 D CompatibilityChangeReporter: Compat change id reported: 135754954; UID 1001; state: ENABLED
08-23 17:43:00.284 1155 1232 W ActivityManager: Slow operation: 85ms so far, now at startProcess: returned from zygote!
08-23 17:43:00.290 1155 1155 D CompatibilityChangeReporter: Compat change id reported: 135634846; UID 10056; state: DISABLED
08-23 17:43:00.290 1155 1155 D CompatibilityChangeReporter: Compat change id reported: 177438394; UID 10056; state: DISABLED
08-23 17:43:00.290 1155 1155 D CompatibilityChangeReporter: Compat change id reported: 135772972; UID 10056; state: DISABLED
08-23 17:43:00.290 1155 1155 D CompatibilityChangeReporter: Compat change id reported: 135754954; UID 10056; state: DISABLED
08-23 17:43:00.291 1155 1155 D CompatibilityChangeReporter: Compat change id reported: 135634846; UID 1000; state: DISABLED
08-23 17:43:00.291 1155 1155 D CompatibilityChangeReporter: Compat change id reported: 177438394; UID 1000; state: DISABLED
08-23 17:43:00.291 1155 1155 D CompatibilityChangeReporter: Compat change id reported: 135772972; UID 1000; state: DISABLED
08-23 17:43:00.292 1155 1155 D CompatibilityChangeReporter: Compat change id reported: 135754954; UID 1000; state: ENABLED
08-23 17:43:00.293 1155 1155 D CompatibilityChangeReporter: Compat change id reported: 135634846; UID 10090; state: DISABLED
08-23 17:43:00.296 1155 1155 D CompatibilityChangeReporter: Compat change id reported: 177438394; UID 10090; state: DISABLED
08-23 17:43:00.296 1155 1155 D CompatibilityChangeReporter: Compat change id reported: 135772972; UID 10090; state: DISABLED
08-23 17:43:00.296 1155 1155 D CompatibilityChangeReporter: Compat change id reported: 135754954; UID 10090; state: DISABLED
01-01 00:01:08.530 0 0 D cnss : Assert WLAN_EN GPIO successfully
01-01 00:01:08.531 0 0 D cnss : Resuming PCI link
01-01 00:01:08.531 0 0 I msm_pcie_enable: PCIe: Assert the reset of endpoint of RC0.
01-01 00:01:08.538 0 0 I msm_pcie_enable: PCIe: RC0: PCIE20_PARF_INT_ALL_MASK: 0x7f80d202
01-01 00:01:08.541 0 0 I pcie_phy_init: PCIe RC0 PHY is ready!
08-23 17:43:00.300 1155 1155 D CompatibilityChangeReporter: Compat change id reported: 135634846; UID 1068; state: DISABLED
08-23 17:43:00.301 1155 1155 D CompatibilityChangeReporter: Compat change id reported: 135634846; UID 10065; state: DISABLED
08-23 17:43:00.301 1155 1155 D CompatibilityChangeReporter: Compat change id reported: 177438394; UID 10065; state: DISABLED
08-23 17:43:00.302 1155 1155 D CompatibilityChangeReporter: Compat change id reported: 135772972; UID 10065; state: DISABLED
08-23 17:43:00.302 1155 1155 D CompatibilityChangeReporter: Compat change id reported: 135754954; UID 10065; state: ENABLED
08-23 17:43:00.303 1155 1155 D SystemServerTiming: startPersistentApps took to complete: 23ms
08-23 17:43:00.304 1155 1155 I SystemServerTiming: startHomeOnAllDisplays
08-23 17:43:00.309 1155 1155 I ActivityTaskManager: START u0 {act=android.intent.action.MAIN cat=[android.intent.category.HOME] flg=0x10000100 cmp=com.android.settings/.FallbackHome (has extras)} from uid 0
08-23 17:43:00.312 1155 1741 W PackageManager: Loading a package that does not exist for the calling user. package=null, user=0
01-01 00:01:08.551 0 0 I msm_pcie_enable: PCIe: Release the reset of endpoint of RC0.
01-01 00:01:08.552 0 0 I msm_vidc: high: 00000001: h265e: Closed video instance: ffffffd6dde00000
08-23 17:43:00.314 1155 1741 W PackageManager: Loading a package that does not exist for the calling user. package=null, user=0
01-01 00:01:08.565 0 0 I msm_pcie_link_train: PCIe RC0 link initialized
08-23 17:43:00.341 1155 1155 D CompatibilityChangeReporter: Compat change id reported: 174042980; UID 1000; state: DISABLED
01-01 00:01:08.581 0 0 I cnss_pci 0000: 01:00.0: enabling device (0000 -> 0002)
01-01 00:01:08.582 0 0 D cnss : Config PCIe remap window register to 0x4000003f
01-01 00:01:08.583 0 0 D cnss : Read register offset 0x1f8031c, val = 0x6
01-01 00:01:08.583 0 0 D cnss : Write val 0x2 to register offset 0x1f8031c
01-01 00:01:08.583 0 0 D cnss : Setting MHI state: INIT(0)
01-01 00:01:08.584 0 0 D cnss : Setting MHI state: POWER_ON(2)
01-01 00:01:08.589 0 0 W cnss_pci 0000: 01:00.0: Falling back to syfs fallback for: qca6390/amss20.bin
01-01 00:01:08.615 0 0 I ueventd : firmware: loading 'qca6390/amss20.bin' for '/devices/platform/soc/1c00000.qcom,pcie/pci0000:00/0000:00:00.0/0000:01:00.0/firmware/qca6390!amss20.bin'
01-01 00:01:08.657 0 0 I msm_vidc: high: 00000001: ....d: Opening video instance: ffffffd6dab38000, 1
01-01 00:01:08.668 0 0 I binder : 2004:2004 ioctl 40046210 7fd97147c4 returned -22
01-01 00:01:08.675 0 0 I ueventd : loading /devices/platform/soc/1c00000.qcom,pcie/pci0000:00/0000:00:00.0/0000:01:00.0/firmware/qca6390!amss20.bin took 62ms
01-01 00:01:08.679 0 0 I msm_vidc: high: 00000001: h264d: Closed video instance: ffffffd6dab38000
08-23 17:43:00.486 1155 2032 W ContextImpl: Calling a method in the system process without a qualified user: android.app.ContextImpl.bindService:1895 android.content.ContextWrapper.bindService:810 com.qualcomm.qti.activityextension.ActivityNotifier.bindToDynamicDDSService:103 com.qualcomm.qti.activityextension.ActivityNotifier.handleSendActivityInvokeNotification:184 com.qualcomm.qti.activityextension.ActivityNotifier.access$300:26
08-23 17:43:00.487 1155 1155 D CompatibilityChangeReporter: Compat change id reported: 168419799; UID 1000; state: DISABLED
08-23 17:43:00.490 1155 1155 D SystemServerTiming: startHomeOnAllDisplays took to complete: 186ms
08-23 17:43:00.490 1155 1155 I SystemServerTiming: showSystemReadyErrorDialogs
01-01 00:01:08.736 0 0 I msm_vidc: high: 00000001: ....d: Opening video instance: ffffffd6da754000, 1
01-01 00:01:08.743 0 0 E : INFO: trying to register non-static key.
01-01 00:01:08.748 0 0 E : the code is fine but needs lockdep annotation.
01-01 00:01:08.753 0 0 I : CPU: 2 PID: 2045 Comm: VideoDecMsgThre Tainted: G S W O 4.19.157+ #1
01-01 00:01:08.753 0 0 I Hardware name: Qualcomm Technologies, Inc. kona MTP-RmPM8150b (DT)
01-01 00:01:08.753 0 0 I Call trace:
01-01 00:01:08.754 0 0 I : dump_backtrace+0x0/0x258
01-01 00:01:08.754 0 0 I : show_stack+0x20/0x30
01-01 00:01:08.754 0 0 I : dump_stack+0xd8/0x12c
01-01 00:01:08.754 0 0 I : register_lock_class+0x4d0/0x5c8
01-01 00:01:08.754 0 0 I : __lock_acquire+0xbc/0x1e58
01-01 00:01:08.754 0 0 I : lock_acquire+0x1cc/0x218
01-01 00:01:08.754 0 0 I : _raw_spin_lock_irqsave+0x54/0x98
01-01 00:01:08.754 0 0 I : __ion_system_secure_heap_resize+0x768/0x8c0
01-01 00:01:08.754 0 0 I : ion_system_secure_heap_prefetch+0x28/0x38
01-01 00:01:08.754 0 0 I : ion_walk_heaps+0x88/0xb8
01-01 00:01:08.754 0 0 I : ion_ioctl+0x1b0/0x2a8
01-01 00:01:08.754 0 0 I : __arm64_compat_sys_ioctl+0xf4/0x240
01-01 00:01:08.754 0 0 I : el0_svc_common+0xa4/0x190
01-01 00:01:08.754 0 0 I : el0_svc_compat_handler+0x28/0x38
01-01 00:01:08.754 0 0 I : el0_svc_compat+0x8/0x34
01-01 00:01:08.756 0 0 E : INFO: trying to register non-static key.
01-01 00:01:08.761 0 0 E : the code is fine but needs lockdep annotation.
01-01 00:01:08.767 0 0 I : CPU: 6 PID: 337 Comm: kworker/u16:14 Tainted: G S W O 4.19.157+ #1
01-01 00:01:08.767 0 0 I Hardware name: Qualcomm Technologies, Inc. kona MTP-RmPM8150b (DT)
01-01 00:01:08.767 0 0 I Workqueue: events_unbound ion_system_secure_heap_prefetch_work
01-01 00:01:08.767 0 0 I Call trace:
01-01 00:01:08.767 0 0 I : dump_backtrace+0x0/0x258
01-01 00:01:08.767 0 0 I : show_stack+0x20/0x30
01-01 00:01:08.767 0 0 I : dump_stack+0xd8/0x12c
01-01 00:01:08.767 0 0 I : register_lock_class+0x4d0/0x5c8
01-01 00:01:08.767 0 0 I : __lock_acquire+0xbc/0x1e58
01-01 00:01:08.767 0 0 I : lock_acquire+0x1cc/0x218
01-01 00:01:08.767 0 0 I : _raw_spin_lock_irqsave+0x54/0x98
01-01 00:01:08.767 0 0 I : ion_system_secure_heap_prefetch_work+0x48/0x2c0
01-01 00:01:08.767 0 0 I : process_one_work+0x38c/0x660
01-01 00:01:08.767 0 0 I : worker_thread+0x268/0x4b8
01-01 00:01:08.767 0 0 I : kthread+0x140/0x150
01-01 00:01:08.767 0 0 I : ret_from_fork+0x10/0x1c
01-01 00:01:08.768 0 0 E : INFO: trying to register non-static key.
01-01 00:01:08.773 0 0 E : the code is fine but needs lockdep annotation.
01-01 00:01:08.778 0 0 E : INFO: trying to register non-static key.
01-01 00:01:08.779 0 0 I : CPU: 5 PID: 1339 Comm: omx@1.0-service Tainted: G S W O 4.19.157+ #1
01-01 00:01:08.784 0 0 E : the code is fine but needs lockdep annotation.
01-01 00:01:08.784 0 0 I Hardware name: Qualcomm Technologies, Inc. kona MTP-RmPM8150b (DT)
01-01 00:01:08.784 0 0 I Call trace:
01-01 00:01:08.790 0 0 I : dump_backtrace+0x0/0x258
01-01 00:01:08.790 0 0 I : show_stack+0x20/0x30
01-01 00:01:08.790 0 0 I : dump_stack+0xd8/0x12c
01-01 00:01:08.790 0 0 I : register_lock_class+0x4d0/0x5c8
01-01 00:01:08.790 0 0 I : __lock_acquire+0xbc/0x1e58
01-01 00:01:08.790 0 0 I : lock_acquire+0x1cc/0x218
01-01 00:01:08.790 0 0 I : _raw_spin_lock_irqsave+0x54/0x98
01-01 00:01:08.790 0 0 I : __ion_system_secure_heap_resize+0x768/0x8c0
01-01 00:01:08.790 0 0 I : ion_system_secure_heap_drain+0x28/0x38
01-01 00:01:08.790 0 0 I : ion_walk_heaps+0x88/0xb8
01-01 00:01:08.790 0 0 I : ion_ioctl+0x1b0/0x2a8
01-01 00:01:08.790 0 0 I : __arm64_compat_sys_ioctl+0xf4/0x240
01-01 00:01:08.790 0 0 I : el0_svc_common+0xa4/0x190
01-01 00:01:08.790 0 0 I : el0_svc_compat_handler+0x28/0x38
01-01 00:01:08.790 0 0 I : el0_svc_compat+0x8/0x34
01-01 00:01:08.790 0 0 I : CPU: 6 PID: 337 Comm: kworker/u16:14 Tainted: G S W O 4.19.157+ #1
01-01 00:01:08.790 0 0 I Hardware name: Qualcomm Technologies, Inc. kona MTP-RmPM8150b (DT)
01-01 00:01:08.790 0 0 I Workqueue: events_unbound ion_system_secure_heap_prefetch_work
01-01 00:01:08.790 0 0 I Call trace:
01-01 00:01:08.790 0 0 I : dump_backtrace+0x0/0x258
01-01 00:01:08.790 0 0 I : show_stack+0x20/0x30
01-01 00:01:08.790 0 0 I : dump_stack+0xd8/0x12c
01-01 00:01:08.790 0 0 I : register_lock_class+0x4d0/0x5c8
01-01 00:01:08.790 0 0 I : __lock_acquire+0xbc/0x1e58
01-01 00:01:08.790 0 0 I : lock_acquire+0x1cc/0x218
01-01 00:01:08.790 0 0 I : _raw_spin_lock_irqsave+0x54/0x98
01-01 00:01:08.790 0 0 I : ion_system_secure_heap_prefetch_work+0x94/0x2c0
01-01 00:01:08.790 0 0 I : process_one_work+0x38c/0x660
01-01 00:01:08.790 0 0 I : worker_thread+0x268/0x4b8
01-01 00:01:08.790 0 0 I : kthread+0x140/0x150
01-01 00:01:08.790 0 0 I : ret_from_fork+0x10/0x1c
01-01 00:01:08.793 0 0 I msm_vidc: high: 00000001: h264d: Closed video instance: ffffffd6da754000
08-23 17:43:00.559 1155 1155 D SystemServerTiming: showSystemReadyErrorDialogs took to complete: 69ms
08-23 17:43:00.559 1155 1155 I SystemServerTiming: sendUserStartBroadcast
08-23 17:43:00.560 1155 1155 D SystemServerTiming: sendUserStartBroadcast took to complete: 0ms
08-23 17:43:00.560 1155 1155 I SystemServerTiming: resumeTopActivities
08-23 17:43:00.565 1155 1155 D SystemServerTiming: resumeTopActivities took to complete: 6ms
08-23 17:43:00.565 1155 1155 I SystemServerTiming: sendUserSwitchBroadcasts
01-01 00:01:08.795 0 0 E : INFO: trying to register non-static key.
01-01 00:01:08.800 0 0 E : the code is fine but needs lockdep annotation.
01-01 00:01:08.806 0 0 I : CPU: 5 PID: 337 Comm: kworker/u16:14 Tainted: G S W O 4.19.157+ #1
01-01 00:01:08.806 0 0 I Hardware name: Qualcomm Technologies, Inc. kona MTP-RmPM8150b (DT)
01-01 00:01:08.806 0 0 I Workqueue: events_unbound ion_system_secure_heap_prefetch_work
01-01 00:01:08.806 0 0 I Call trace:
01-01 00:01:08.806 0 0 I : dump_backtrace+0x0/0x258
01-01 00:01:08.806 0 0 I : show_stack+0x20/0x30
01-01 00:01:08.806 0 0 I : dump_stack+0xd8/0x12c
01-01 00:01:08.806 0 0 I : register_lock_class+0x4d0/0x5c8
01-01 00:01:08.806 0 0 I : __lock_acquire+0xbc/0x1e58
01-01 00:01:08.806 0 0 I : lock_acquire+0x1cc/0x218
01-01 00:01:08.806 0 0 I : _raw_spin_lock_irqsave+0x54/0x98
01-01 00:01:08.806 0 0 I : ion_system_secure_heap_prefetch_work+0x94/0x2c0
01-01 00:01:08.806 0 0 I : process_one_work+0x38c/0x660
01-01 00:01:08.806 0 0 I : worker_thread+0x268/0x4b8
01-01 00:01:08.806 0 0 I : kthread+0x140/0x150
01-01 00:01:08.806 0 0 I : ret_from_fork+0x10/0x1c
08-23 17:43:00.566 1155 1155 D SystemServerTiming: sendUserSwitchBroadcasts took to complete: 1ms
08-23 17:43:00.566 1155 1155 I SystemServerTiming: setBinderProxies
08-23 17:43:00.567 1155 1155 D SystemServerTiming: setBinderProxies took to complete: 1ms
08-23 17:43:00.567 1155 1155 D SystemServerTiming: ActivityManagerStartApps took to complete: 341ms
08-23 17:43:00.567 1155 1155 D SystemServerTiming: PhaseActivityManagerReady took to complete: 924ms
08-23 17:43:00.567 1155 1155 I SystemServerTiming: StartSystemUI
08-23 17:43:00.573 1155 1155 D SystemServerTiming: StartSystemUI took to complete: 5ms
08-23 17:43:00.573 1155 1155 I SystemServerTiming: startRemoteControlService
08-23 17:43:00.574 1155 1227 D CountryDetector: Using custom country detector class: com.android.server.location.ComprehensiveCountryDetector
08-23 17:43:00.574 1155 1227 E CountryDetector: Could not instantiate the custom country detector class
08-23 17:43:00.574 1155 1227 D CountryDetector: Using default country detector
01-01 00:01:08.811 0 0 E : INFO: trying to register non-static key.
01-01 00:01:08.816 0 0 E : the code is fine but needs lockdep annotation.
01-01 00:01:08.822 0 0 I : CPU: 5 PID: 337 Comm: kworker/u16:14 Tainted: G S W O 4.19.157+ #1
01-01 00:01:08.822 0 0 I Hardware name: Qualcomm Technologies, Inc. kona MTP-RmPM8150b (DT)
01-01 00:01:08.822 0 0 I Workqueue: events_unbound ion_system_secure_heap_prefetch_work
01-01 00:01:08.822 0 0 I Call trace:
01-01 00:01:08.822 0 0 I : dump_backtrace+0x0/0x258
01-01 00:01:08.822 0 0 I : show_stack+0x20/0x30
01-01 00:01:08.822 0 0 I : dump_stack+0xd8/0x12c
01-01 00:01:08.822 0 0 I : register_lock_class+0x4d0/0x5c8
01-01 00:01:08.822 0 0 I : __lock_acquire+0xbc/0x1e58
01-01 00:01:08.822 0 0 I : lock_acquire+0x1cc/0x218
01-01 00:01:08.822 0 0 I : _raw_spin_lock_irqsave+0x54/0x98
01-01 00:01:08.822 0 0 I : ion_system_secure_heap_prefetch_work+0x94/0x2c0
01-01 00:01:08.822 0 0 I : process_one_work+0x38c/0x660
01-01 00:01:08.822 0 0 I : worker_thread+0x268/0x4b8
01-01 00:01:08.822 0 0 I : kthread+0x140/0x150
01-01 00:01:08.822 0 0 I : ret_from_fork+0x10/0x1c
01-01 00:01:08.826 0 0 E : INFO: trying to register non-static key.
08-23 17:43:00.584 1155 1741 W ActivityManager: Slow operation: 384ms so far, now at startProcess: done updating battery stats
08-23 17:43:00.584 1155 1741 W ActivityManager: Slow operation: 385ms so far, now at startProcess: building log message
08-23 17:43:00.584 1155 1741 I ActivityManager: Start proc 2004:com.android.networkstack.process/1073 for service {com.android.networkstack/com.android.server.NetworkStackService}
08-23 17:43:00.584 1155 1741 W ActivityManager: Slow operation: 385ms so far, now at startProcess: starting to update pids map
08-23 17:43:00.585 1155 1741 W ActivityManager: Slow operation: 385ms so far, now at startProcess: done updating pids map
08-23 17:43:00.587 1155 1741 D CompatibilityChangeReporter: Compat change id reported: 168419799; UID 1073; state: DISABLED
01-01 00:01:08.830 0 0 I binder : 1334:1334 ioctl 40046210 7fc5f5b2a4 returned -22
01-01 00:01:08.831 0 0 E : the code is fine but needs lockdep annotation.
01-01 00:01:08.831 0 0 I : CPU: 1 PID: 337 Comm: kworker/u16:14 Tainted: G S W O 4.19.157+ #1
01-01 00:01:08.831 0 0 I Hardware name: Qualcomm Technologies, Inc. kona MTP-RmPM8150b (DT)
01-01 00:01:08.831 0 0 I Workqueue: events_unbound ion_system_secure_heap_prefetch_work
01-01 00:01:08.831 0 0 I Call trace:
01-01 00:01:08.831 0 0 I : dump_backtrace+0x0/0x258
01-01 00:01:08.831 0 0 I : show_stack+0x20/0x30
01-01 00:01:08.831 0 0 I : dump_stack+0xd8/0x12c
01-01 00:01:08.836 0 0 I : register_lock_class+0x4d0/0x5c8
01-01 00:01:08.836 0 0 I : __lock_acquire+0xbc/0x1e58
01-01 00:01:08.836 0 0 I : lock_acquire+0x1cc/0x218
01-01 00:01:08.836 0 0 I : _raw_spin_lock_irqsave+0x54/0x98
01-01 00:01:08.836 0 0 I : ion_system_secure_heap_prefetch_work+0x94/0x2c0
01-01 00:01:08.836 0 0 I : process_one_work+0x38c/0x660
01-01 00:01:08.836 0 0 I : worker_thread+0x268/0x4b8
01-01 00:01:08.836 0 0 I : kthread+0x140/0x150
01-01 00:01:08.836 0 0 I : ret_from_fork+0x10/0x1c
08-23 17:43:00.606 1155 1741 D CompatibilityChangeReporter: Compat change id reported: 168419799; UID 1073; state: DISABLED
01-01 00:01:08.841 0 0 E : INFO: trying to register non-static key.
01-01 00:01:08.846 0 0 E : the code is fine but needs lockdep annotation.
01-01 00:01:08.852 0 0 I : CPU: 5 PID: 337 Comm: kworker/u16:14 Tainted: G S W O 4.19.157+ #1
01-01 00:01:08.852 0 0 I Hardware name: Qualcomm Technologies, Inc. kona MTP-RmPM8150b (DT)
01-01 00:01:08.852 0 0 I Workqueue: events_unbound ion_system_secure_heap_prefetch_work
01-01 00:01:08.852 0 0 I Call trace:
01-01 00:01:08.852 0 0 I : dump_backtrace+0x0/0x258
01-01 00:01:08.852 0 0 I : show_stack+0x20/0x30
01-01 00:01:08.852 0 0 I : dump_stack+0xd8/0x12c
01-01 00:01:08.852 0 0 I : register_lock_class+0x4d0/0x5c8
01-01 00:01:08.852 0 0 I : __lock_acquire+0xbc/0x1e58
01-01 00:01:08.852 0 0 I : lock_acquire+0x1cc/0x218
01-01 00:01:08.852 0 0 I : _raw_spin_lock_irqsave+0x54/0x98
01-01 00:01:08.852 0 0 I : ion_system_secure_heap_prefetch_work+0x94/0x2c0
01-01 00:01:08.852 0 0 I : process_one_work+0x38c/0x660
01-01 00:01:08.852 0 0 I : worker_thread+0x268/0x4b8
01-01 00:01:08.852 0 0 I : kthread+0x140/0x150
01-01 00:01:08.852 0 0 I : ret_from_fork+0x10/0x1c
08-23 17:43:00.618 1155 2032 W ContextImpl: Calling a method in the system process without a qualified user: android.app.ContextImpl.bindService:1895 android.content.ContextWrapper.bindService:810 com.qualcomm.qti.activityextension.ActivityNotifier.bindToDynamicDDSService:103 com.qualcomm.qti.activityextension.ActivityNotifier.handleSendActivityInvokeNotification:184 com.qualcomm.qti.activityextension.ActivityNotifier.access$300:26
08-23 17:43:00.620 1155 2032 W ContextImpl: Calling a method in the system process without a qualified user: android.app.ContextImpl.bindService:1895 android.content.ContextWrapper.bindService:810 com.qualcomm.qti.activityextension.ActivityNotifier.bindToDynamicDDSService:103 com.qualcomm.qti.activityextension.ActivityNotifier.handleSendActivityInvokeNotification:184 com.qualcomm.qti.activityextension.ActivityNotifier.access$300:26
08-23 17:43:00.622 1155 1155 D SystemServerTiming: startRemoteControlService took to complete: 50ms
08-23 17:43:00.622 1155 1155 D SystemServerTiming: startOtherServices took to complete: 2907ms
08-23 17:43:00.622 1155 1155 D SystemServerTiming: StartServices took to complete: 7774ms
08-23 17:43:00.623 1155 1182 I ActivityManager: Process WebViewLoader-armeabi-v7a (pid 1952) has died: psvc PER
08-23 17:43:00.625 1155 1232 W ActivityManager: Slow operation: 341ms so far, now at startProcess: asking zygote to start proc
01-01 00:01:08.856 0 0 E : INFO: trying to register non-static key.
01-01 00:01:08.861 0 0 E : the code is fine but needs lockdep annotation.
01-01 00:01:08.867 0 0 I : CPU: 5 PID: 337 Comm: kworker/u16:14 Tainted: G S W O 4.19.157+ #1
01-01 00:01:08.867 0 0 I Hardware name: Qualcomm Technologies, Inc. kona MTP-RmPM8150b (DT)
01-01 00:01:08.867 0 0 I Workqueue: events_unbound ion_system_secure_heap_prefetch_work
01-01 00:01:08.867 0 0 I Call trace:
01-01 00:01:08.867 0 0 I : dump_backtrace+0x0/0x258
01-01 00:01:08.867 0 0 I : show_stack+0x20/0x30
01-01 00:01:08.867 0 0 I : dump_stack+0xd8/0x12c
01-01 00:01:08.867 0 0 I : register_lock_class+0x4d0/0x5c8
01-01 00:01:08.867 0 0 I : __lock_acquire+0xbc/0x1e58
01-01 00:01:08.867 0 0 I : lock_acquire+0x1cc/0x218
01-01 00:01:08.867 0 0 I : _raw_spin_lock_irqsave+0x54/0x98
01-01 00:01:08.867 0 0 I : ion_system_secure_heap_prefetch_work+0x94/0x2c0
01-01 00:01:08.867 0 0 I : process_one_work+0x38c/0x660
01-01 00:01:08.867 0 0 I : worker_thread+0x268/0x4b8
01-01 00:01:08.867 0 0 I : kthread+0x140/0x150
01-01 00:01:08.867 0 0 I : ret_from_fork+0x10/0x1c
01-01 00:01:08.875 0 0 E : INFO: trying to register non-static key.
08-23 17:43:00.631 1155 1155 W Looper : Slow delivery took 6905ms main h=android.app.PropertyInvalidatedCache$AutoCorker$1 c=null m=0
08-23 17:43:00.639 1155 1855 I ActivityManager: Process WebViewLoader-arm64-v8a (pid 1969) has died: psvc PER
08-23 17:43:00.670 1155 1232 W ActivityManager: Slow operation: 390ms so far, now at startProcess: returned from zygote!
08-23 17:43:00.671 1155 1232 W ActivityManager: Slow operation: 390ms so far, now at startProcess: done updating battery stats
08-23 17:43:00.671 1155 1232 W ActivityManager: Slow operation: 390ms so far, now at startProcess: building log message
08-23 17:43:00.671 1155 1232 I ActivityManager: Start proc 2075:.dataservices/1001 for added application .dataservices
08-23 17:43:00.671 1155 1232 W ActivityManager: Slow operation: 390ms so far, now at startProcess: starting to update pids map
08-23 17:43:00.671 1155 1232 W ActivityManager: Slow operation: 391ms so far, now at startProcess: done updating pids map
08-23 17:43:00.671 1155 1232 W ActivityManager: Slow operation: 385ms so far, now at startProcess: asking zygote to start proc
08-23 17:43:00.672 1155 1232 D CompatibilityChangeReporter: Compat change id reported: 143937733; UID 10056; state: DISABLED
01-01 00:01:08.880 0 0 E : the code is fine but needs lockdep annotation.
01-01 00:01:08.886 0 0 I : CPU: 7 PID: 337 Comm: kworker/u16:14 Tainted: G S W O 4.19.157+ #1
01-01 00:01:08.886 0 0 I Hardware name: Qualcomm Technologies, Inc. kona MTP-RmPM8150b (DT)
01-01 00:01:08.886 0 0 I Workqueue: events_unbound ion_system_secure_heap_prefetch_work
01-01 00:01:08.886 0 0 I Call trace:
01-01 00:01:08.886 0 0 I : dump_backtrace+0x0/0x258
01-01 00:01:08.886 0 0 I : show_stack+0x20/0x30
01-01 00:01:08.886 0 0 I : dump_stack+0xd8/0x12c
01-01 00:01:08.886 0 0 I : register_lock_class+0x4d0/0x5c8
01-01 00:01:08.886 0 0 I : __lock_acquire+0xbc/0x1e58
01-01 00:01:08.886 0 0 I : lock_acquire+0x1cc/0x218
01-01 00:01:08.886 0 0 I : _raw_spin_lock_irqsave+0x54/0x98
01-01 00:01:08.886 0 0 I : ion_system_secure_heap_prefetch_work+0x94/0x2c0
01-01 00:01:08.886 0 0 I : process_one_work+0x38c/0x660
01-01 00:01:08.886 0 0 I : worker_thread+0x268/0x4b8
01-01 00:01:08.886 0 0 I : kthread+0x140/0x150
01-01 00:01:08.886 0 0 I : ret_from_fork+0x10/0x1c
01-01 00:01:08.890 0 0 E : INFO: trying to register non-static key.
01-01 00:01:08.895 0 0 E : the code is fine but needs lockdep annotation.
01-01 00:01:08.901 0 0 I : CPU: 7 PID: 337 Comm: kworker/u16:14 Tainted: G S W O 4.19.157+ #1
01-01 00:01:08.901 0 0 I Hardware name: Qualcomm Technologies, Inc. kona MTP-RmPM8150b (DT)
01-01 00:01:08.901 0 0 I Workqueue: events_unbound ion_system_secure_heap_prefetch_work
01-01 00:01:08.901 0 0 I Call trace:
01-01 00:01:08.901 0 0 I : dump_backtrace+0x0/0x258
01-01 00:01:08.901 0 0 I : show_stack+0x20/0x30
01-01 00:01:08.901 0 0 I : dump_stack+0xd8/0x12c
01-01 00:01:08.901 0 0 I : register_lock_class+0x4d0/0x5c8
01-01 00:01:08.901 0 0 I : __lock_acquire+0xbc/0x1e58
01-01 00:01:08.901 0 0 I : lock_acquire+0x1cc/0x218
01-01 00:01:08.901 0 0 I : _raw_spin_lock_irqsave+0x54/0x98
01-01 00:01:08.901 0 0 I : ion_system_secure_heap_prefetch_work+0x94/0x2c0
01-01 00:01:08.901 0 0 I : process_one_work+0x38c/0x660
01-01 00:01:08.901 0 0 I : worker_thread+0x268/0x4b8
01-01 00:01:08.901 0 0 I : kthread+0x140/0x150
01-01 00:01:08.901 0 0 I : ret_from_fork+0x10/0x1c
01-01 00:01:08.904 0 0 E : INFO: trying to register non-static key.
01-01 00:01:08.909 0 0 E : the code is fine but needs lockdep annotation.
01-01 00:01:08.915 0 0 I : CPU: 7 PID: 337 Comm: kworker/u16:14 Tainted: G S W O 4.19.157+ #1
01-01 00:01:08.915 0 0 I Hardware name: Qualcomm Technologies, Inc. kona MTP-RmPM8150b (DT)
01-01 00:01:08.915 0 0 I Workqueue: events_unbound ion_system_secure_heap_prefetch_work
01-01 00:01:08.915 0 0 I Call trace:
01-01 00:01:08.915 0 0 I : dump_backtrace+0x0/0x258
01-01 00:01:08.915 0 0 I : show_stack+0x20/0x30
01-01 00:01:08.915 0 0 I : dump_stack+0xd8/0x12c
01-01 00:01:08.915 0 0 I : register_lock_class+0x4d0/0x5c8
01-01 00:01:08.915 0 0 I : __lock_acquire+0xbc/0x1e58
01-01 00:01:08.915 0 0 I : lock_acquire+0x1cc/0x218
01-01 00:01:08.915 0 0 I : _raw_spin_lock_irqsave+0x54/0x98
01-01 00:01:08.915 0 0 I : ion_system_secure_heap_prefetch_work+0x94/0x2c0
01-01 00:01:08.915 0 0 I : process_one_work+0x38c/0x660
01-01 00:01:08.915 0 0 I : worker_thread+0x268/0x4b8
01-01 00:01:08.915 0 0 I : kthread+0x140/0x150
01-01 00:01:08.915 0 0 I : ret_from_fork+0x10/0x1c
01-01 00:01:08.920 0 0 E : INFO: trying to register non-static key.
08-23 17:43:00.687 1155 1155 D ConditionProviders.SCP: onConnected
08-23 17:43:00.689 1155 1155 D ConditionProviders: Subscribing to condition://android/event?userId=-10000&calendar=&reply=1 with ComponentInfo{android/com.android.server.notification.EventConditionProvider}
08-23 17:43:00.689 1155 1155 D ConditionProviders: Subscribing to condition://android/schedule?days=1.2.3.4.5.6.7&start=22.0&end=7.0&exitAtAlarm=true with ComponentInfo{android/com.android.server.notification.ScheduleConditionProvider}
01-01 00:01:08.925 0 0 E : the code is fine but needs lockdep annotation.
08-23 17:43:00.697 1155 1155 D CompatibilityChangeReporter: Compat change id reported: 135634846; UID 10101; state: DISABLED
08-23 17:43:00.697 1155 1155 D CompatibilityChangeReporter: Compat change id reported: 177438394; UID 10101; state: DISABLED
08-23 17:43:00.698 1155 1155 D CompatibilityChangeReporter: Compat change id reported: 135772972; UID 10101; state: DISABLED
08-23 17:43:00.698 1155 1155 D CompatibilityChangeReporter: Compat change id reported: 135754954; UID 10101; state: ENABLED
01-01 00:01:08.931 0 0 I : CPU: 7 PID: 337 Comm: kworker/u16:14 Tainted: G S W O 4.19.157+ #1
01-01 00:01:08.931 0 0 I Hardware name: Qualcomm Technologies, Inc. kona MTP-RmPM8150b (DT)
01-01 00:01:08.931 0 0 I Workqueue: events_unbound ion_system_secure_heap_prefetch_work
01-01 00:01:08.931 0 0 I Call trace:
01-01 00:01:08.931 0 0 I : dump_backtrace+0x0/0x258
01-01 00:01:08.931 0 0 I : show_stack+0x20/0x30
01-01 00:01:08.931 0 0 I : dump_stack+0xd8/0x12c
01-01 00:01:08.931 0 0 I : register_lock_class+0x4d0/0x5c8
01-01 00:01:08.931 0 0 I : __lock_acquire+0xbc/0x1e58
01-01 00:01:08.931 0 0 I : lock_acquire+0x1cc/0x218
01-01 00:01:08.931 0 0 I : _raw_spin_lock_irqsave+0x54/0x98
01-01 00:01:08.931 0 0 I : ion_system_secure_heap_prefetch_work+0x94/0x2c0
01-01 00:01:08.931 0 0 I : process_one_work+0x38c/0x660
01-01 00:01:08.931 0 0 I : worker_thread+0x268/0x4b8
01-01 00:01:08.931 0 0 I : kthread+0x140/0x150
01-01 00:01:08.931 0 0 I : ret_from_fork+0x10/0x1c
01-01 00:01:08.946 0 0 E : INFO: trying to register non-static key.
01-01 00:01:08.951 0 0 E : the code is fine but needs lockdep annotation.
01-01 00:01:08.957 0 0 I : CPU: 7 PID: 337 Comm: kworker/u16:14 Tainted: G S W O 4.19.157+ #1
01-01 00:01:08.957 0 0 I Hardware name: Qualcomm Technologies, Inc. kona MTP-RmPM8150b (DT)
01-01 00:01:08.957 0 0 I Workqueue: events_unbound ion_system_secure_heap_prefetch_work
01-01 00:01:08.957 0 0 I Call trace:
01-01 00:01:08.957 0 0 I : dump_backtrace+0x0/0x258
01-01 00:01:08.957 0 0 I : show_stack+0x20/0x30
01-01 00:01:08.957 0 0 I : dump_stack+0xd8/0x12c
01-01 00:01:08.957 0 0 I : register_lock_class+0x4d0/0x5c8
01-01 00:01:08.957 0 0 I : __lock_acquire+0xbc/0x1e58
01-01 00:01:08.957 0 0 I : lock_acquire+0x1cc/0x218
01-01 00:01:08.957 0 0 I : _raw_spin_lock_irqsave+0x54/0x98
01-01 00:01:08.957 0 0 I : ion_system_secure_heap_prefetch_work+0x94/0x2c0
01-01 00:01:08.957 0 0 I : process_one_work+0x38c/0x660
01-01 00:01:08.957 0 0 I : worker_thread+0x268/0x4b8
01-01 00:01:08.957 0 0 I : kthread+0x140/0x150
01-01 00:01:08.957 0 0 I : ret_from_fork+0x10/0x1c
01-01 00:01:08.966 0 0 I msm_vidc: high: 00000001: ....d: Opening video instance: ffffffd6d1668000, 1
01-01 00:01:08.969 0 0 E : INFO: trying to register non-static key.
01-01 00:01:08.974 0 0 E : the code is fine but needs lockdep annotation.
01-01 00:01:08.980 0 0 I : CPU: 7 PID: 337 Comm: kworker/u16:14 Tainted: G S W O 4.19.157+ #1
01-01 00:01:08.980 0 0 I Hardware name: Qualcomm Technologies, Inc. kona MTP-RmPM8150b (DT)
01-01 00:01:08.980 0 0 I Workqueue: events_unbound ion_system_secure_heap_prefetch_work
01-01 00:01:08.980 0 0 I Call trace:
01-01 00:01:08.980 0 0 I : dump_backtrace+0x0/0x258
01-01 00:01:08.980 0 0 I : show_stack+0x20/0x30
08-23 17:43:00.757 1155 1232 W ActivityManager: Slow operation: 471ms so far, now at startProcess: returned from zygote!
08-23 17:43:00.758 1155 1232 W ActivityManager: Slow operation: 471ms so far, now at startProcess: done updating battery stats
08-23 17:43:00.758 1155 1232 W ActivityManager: Slow operation: 472ms so far, now at startProcess: building log message
08-23 17:43:00.758 1155 1232 I ActivityManager: Start proc 2098:.qtidataservices/u0a56 for added application .qtidataservices
08-23 17:43:00.758 1155 1232 W ActivityManager: Slow operation: 472ms so far, now at startProcess: starting to update pids map
08-23 17:43:00.759 1155 1232 W ActivityManager: Slow operation: 473ms so far, now at startProcess: done updating pids map
08-23 17:43:00.759 1155 1232 W ActivityManager: Slow operation: 469ms so far, now at startProcess: asking zygote to start proc
08-23 17:43:00.815 1155 1183 D CompatibilityChangeReporter: Compat change id reported: 171306433; UID 1000; state: ENABLED
01-01 00:01:08.980 0 0 I : dump_stack+0xd8/0x12c
01-01 00:01:08.980 0 0 I : register_lock_class+0x4d0/0x5c8
01-01 00:01:08.980 0 0 I : __lock_acquire+0xbc/0x1e58
01-01 00:01:08.980 0 0 I : lock_acquire+0x1cc/0x218
01-01 00:01:08.980 0 0 I : _raw_spin_lock_irqsave+0x54/0x98
01-01 00:01:08.980 0 0 I : ion_system_secure_heap_prefetch_work+0x94/0x2c0
01-01 00:01:08.980 0 0 I : process_one_work+0x38c/0x660
01-01 00:01:08.980 0 0 I : worker_thread+0x268/0x4b8
01-01 00:01:08.980 0 0 I : kthread+0x140/0x150
01-01 00:01:08.980 0 0 I : ret_from_fork+0x10/0x1c
01-01 00:01:08.985 0 0 E : INFO: trying to register non-static key.
01-01 00:01:08.990 0 0 E : the code is fine but needs lockdep annotation.
01-01 00:01:08.995 0 0 I : CPU: 7 PID: 337 Comm: kworker/u16:14 Tainted: G S W O 4.19.157+ #1
01-01 00:01:08.995 0 0 I Hardware name: Qualcomm Technologies, Inc. kona MTP-RmPM8150b (DT)
01-01 00:01:08.995 0 0 I Workqueue: events_unbound ion_system_secure_heap_prefetch_work
01-01 00:01:08.995 0 0 I Call trace:
01-01 00:01:08.995 0 0 I : dump_backtrace+0x0/0x258
01-01 00:01:08.995 0 0 I : show_stack+0x20/0x30
01-01 00:01:08.995 0 0 I : dump_stack+0xd8/0x12c
01-01 00:01:08.995 0 0 I : register_lock_class+0x4d0/0x5c8
01-01 00:01:08.995 0 0 I : __lock_acquire+0xbc/0x1e58
01-01 00:01:08.995 0 0 I : lock_acquire+0x1cc/0x218
01-01 00:01:08.995 0 0 I : _raw_spin_lock_irqsave+0x54/0x98
01-01 00:01:08.995 0 0 I : ion_system_secure_heap_prefetch_work+0x94/0x2c0
01-01 00:01:08.995 0 0 I : process_one_work+0x38c/0x660
01-01 00:01:08.995 0 0 I : worker_thread+0x268/0x4b8
01-01 00:01:08.995 0 0 I : kthread+0x140/0x150
01-01 00:01:08.995 0 0 I : ret_from_fork+0x10/0x1c
01-01 00:01:08.996 0 0 I msm_vidc: high: 00000001: h265d: Closed video instance: ffffffd6d1668000
01-01 00:01:09.004 0 0 E : INFO: trying to register non-static key.
01-01 00:01:09.009 0 0 E : the code is fine but needs lockdep annotation.
01-01 00:01:09.014 0 0 I : CPU: 7 PID: 337 Comm: kworker/u16:14 Tainted: G S W O 4.19.157+ #1
01-01 00:01:09.014 0 0 I Hardware name: Qualcomm Technologies, Inc. kona MTP-RmPM8150b (DT)
01-01 00:01:09.014 0 0 I Workqueue: events_unbound ion_system_secure_heap_prefetch_work
01-01 00:01:09.014 0 0 I Call trace:
01-01 00:01:09.014 0 0 I : dump_backtrace+0x0/0x258
01-01 00:01:09.014 0 0 I : show_stack+0x20/0x30
01-01 00:01:09.014 0 0 I : dump_stack+0xd8/0x12c
01-01 00:01:09.014 0 0 I : register_lock_class+0x4d0/0x5c8
01-01 00:01:09.014 0 0 I : __lock_acquire+0xbc/0x1e58
01-01 00:01:09.014 0 0 I : lock_acquire+0x1cc/0x218
01-01 00:01:09.014 0 0 I : _raw_spin_lock_irqsave+0x54/0x98
01-01 00:01:09.014 0 0 I : ion_system_secure_heap_prefetch_work+0x94/0x2c0
01-01 00:01:09.014 0 0 I : process_one_work+0x38c/0x660
01-01 00:01:09.014 0 0 I : worker_thread+0x268/0x4b8
01-01 00:01:09.014 0 0 I : kthread+0x140/0x150
01-01 00:01:09.014 0 0 I : ret_from_fork+0x10/0x1c
01-01 00:01:09.022 0 0 E : INFO: trying to register non-static key.
01-01 00:01:09.027 0 0 E : the code is fine but needs lockdep annotation.
01-01 00:01:09.033 0 0 I : CPU: 7 PID: 337 Comm: kworker/u16:14 Tainted: G S W O 4.19.157+ #1
01-01 00:01:09.033 0 0 I Hardware name: Qualcomm Technologies, Inc. kona MTP-RmPM8150b (DT)
01-01 00:01:09.033 0 0 I Workqueue: events_unbound ion_system_secure_heap_prefetch_work
01-01 00:01:09.033 0 0 I Call trace:
01-01 00:01:09.033 0 0 I : dump_backtrace+0x0/0x258
01-01 00:01:09.033 0 0 I : show_stack+0x20/0x30
01-01 00:01:09.033 0 0 I : dump_stack+0xd8/0x12c
01-01 00:01:09.033 0 0 I : register_lock_class+0x4d0/0x5c8
01-01 00:01:09.033 0 0 I : __lock_acquire+0xbc/0x1e58
01-01 00:01:09.033 0 0 I : lock_acquire+0x1cc/0x218
01-01 00:01:09.033 0 0 I : _raw_spin_lock_irqsave+0x54/0x98
01-01 00:01:09.033 0 0 I : ion_system_secure_heap_prefetch_work+0x94/0x2c0
01-01 00:01:09.033 0 0 I : process_one_work+0x38c/0x660
01-01 00:01:09.033 0 0 I : worker_thread+0x268/0x4b8
01-01 00:01:09.033 0 0 I : kthread+0x140/0x150
01-01 00:01:09.033 0 0 I : ret_from_fork+0x10/0x1c
01-01 00:01:09.036 0 0 E : INFO: trying to register non-static key.
01-01 00:01:09.041 0 0 E : the code is fine but needs lockdep annotation.
01-01 00:01:09.046 0 0 I : CPU: 7 PID: 337 Comm: kworker/u16:14 Tainted: G S W O 4.19.157+ #1
01-01 00:01:09.046 0 0 I Hardware name: Qualcomm Technologies, Inc. kona MTP-RmPM8150b (DT)
01-01 00:01:09.046 0 0 I Workqueue: events_unbound ion_system_secure_heap_prefetch_work
01-01 00:01:09.046 0 0 I Call trace:
01-01 00:01:09.046 0 0 I : dump_backtrace+0x0/0x258
01-01 00:01:09.046 0 0 I : show_stack+0x20/0x30
01-01 00:01:09.046 0 0 I : dump_stack+0xd8/0x12c
01-01 00:01:09.046 0 0 I : register_lock_class+0x4d0/0x5c8
01-01 00:01:09.046 0 0 I : __lock_acquire+0xbc/0x1e58
01-01 00:01:09.046 0 0 I : lock_acquire+0x1cc/0x218
01-01 00:01:09.046 0 0 I : _raw_spin_lock_irqsave+0x54/0x98
01-01 00:01:09.046 0 0 I : ion_system_secure_heap_prefetch_work+0x94/0x2c0
01-01 00:01:09.046 0 0 I : process_one_work+0x38c/0x660
01-01 00:01:09.046 0 0 I : worker_thread+0x268/0x4b8
01-01 00:01:09.046 0 0 I : kthread+0x140/0x150
01-01 00:01:09.046 0 0 I : ret_from_fork+0x10/0x1c
01-01 00:01:09.062 0 0 I msm_vidc: high: 00000001: ....d: Opening video instance: ffffffd6cf1c8000, 1
01-01 00:01:09.078 0 0 E : INFO: trying to register non-static key.
01-01 00:01:09.084 0 0 E : the code is fine but needs lockdep annotation.
01-01 00:01:09.089 0 0 D cnss : MHI status cb is called with reason MISSION_MODE(6)
01-01 00:01:09.089 0 0 I : CPU: 7 PID: 337 Comm: kworker/u16:14 Tainted: G S W O 4.19.157+ #1
01-01 00:01:09.089 0 0 I Hardware name: Qualcomm Technologies, Inc. kona MTP-RmPM8150b (DT)
01-01 00:01:09.089 0 0 I Workqueue: events_unbound ion_system_secure_heap_prefetch_work
01-01 00:01:09.089 0 0 I Call trace:
01-01 00:01:09.089 0 0 I : dump_backtrace+0x0/0x258
01-01 00:01:09.089 0 0 I : show_stack+0x20/0x30
01-01 00:01:09.089 0 0 I : dump_stack+0xd8/0x12c
01-01 00:01:09.089 0 0 I : register_lock_class+0x4d0/0x5c8
01-01 00:01:09.089 0 0 I : __lock_acquire+0xbc/0x1e58
01-01 00:01:09.089 0 0 I : lock_acquire+0x1cc/0x218
01-01 00:01:09.089 0 0 I : _raw_spin_lock_irqsave+0x54/0x98
01-01 00:01:09.089 0 0 I : ion_system_secure_heap_prefetch_work+0x94/0x2c0
01-01 00:01:09.089 0 0 I : process_one_work+0x38c/0x660
01-01 00:01:09.089 0 0 I : worker_thread+0x268/0x4b8
01-01 00:01:09.089 0 0 I : kthread+0x140/0x150
01-01 00:01:09.089 0 0 I : ret_from_fork+0x10/0x1c
01-01 00:01:09.091 0 0 D cnss : Completed event: REGISTER_DRIVER(7), state: 0x10, ret: 0/0
01-01 00:01:09.091 0 0 D cnss : PM relax, state: 0x10, count: 0
01-01 00:01:09.091 0 0 I msm_vidc: high: 00000001: h265d: Closed video instance: ffffffd6cf1c8000
01-01 00:01:09.105 0 0 E : INFO: trying to register non-static key.
01-01 00:01:09.110 0 0 E : the code is fine but needs lockdep annotation.
01-01 00:01:09.115 0 0 I : CPU: 7 PID: 337 Comm: kworker/u16:14 Tainted: G S W O 4.19.157+ #1
01-01 00:01:09.115 0 0 I Hardware name: Qualcomm Technologies, Inc. kona MTP-RmPM8150b (DT)
01-01 00:01:09.115 0 0 I Workqueue: events_unbound ion_system_secure_heap_prefetch_work
01-01 00:01:09.115 0 0 I Call trace:
01-01 00:01:09.115 0 0 I : dump_backtrace+0x0/0x258
01-01 00:01:09.115 0 0 I : show_stack+0x20/0x30
01-01 00:01:09.115 0 0 I : dump_stack+0xd8/0x12c
01-01 00:01:09.115 0 0 I : register_lock_class+0x4d0/0x5c8
01-01 00:01:09.115 0 0 I : __lock_acquire+0xbc/0x1e58
01-01 00:01:09.115 0 0 I : lock_acquire+0x1cc/0x218
01-01 00:01:09.115 0 0 I : _raw_spin_lock_irqsave+0x54/0x98
01-01 00:01:09.115 0 0 I : ion_system_secure_heap_prefetch_work+0x94/0x2c0
01-01 00:01:09.115 0 0 I : process_one_work+0x38c/0x660
01-01 00:01:09.115 0 0 I : worker_thread+0x268/0x4b8
01-01 00:01:09.115 0 0 I : kthread+0x140/0x150
01-01 00:01:09.115 0 0 I : ret_from_fork+0x10/0x1c
01-01 00:01:09.147 0 0 E : [drm:dp_display_init_aux_switch][msm-dp-err][420 ]failed to register notifier (-22)
01-01 00:01:09.157 0 0 E : INFO: trying to register non-static key.
01-01 00:01:09.162 0 0 E : the code is fine but needs lockdep annotation.
