01-01 00:01:09.163 0 0 I binder : 2075:2075 ioctl 40046210 7fd97147c4 returned -22
01-01 00:01:09.168 0 0 I : CPU: 7 PID: 337 Comm: kworker/u16:14 Tainted: G S W O 4.19.157+ #1
01-01 00:01:09.168 0 0 I Hardware name: Qualcomm Technologies, Inc. kona MTP-RmPM8150b (DT)
01-01 00:01:09.168 0 0 I Workqueue: events_unbound ion_system_secure_heap_prefetch_work
01-01 00:01:09.168 0 0 I Call trace:
01-01 00:01:09.168 0 0 I : dump_backtrace+0x0/0x258
01-01 00:01:09.168 0 0 I : show_stack+0x20/0x30
01-01 00:01:09.168 0 0 I : dump_stack+0xd8/0x12c
01-01 00:01:09.168 0 0 I : register_lock_class+0x4d0/0x5c8
01-01 00:01:09.168 0 0 I : __lock_acquire+0xbc/0x1e58
01-01 00:01:09.168 0 0 I : lock_acquire+0x1cc/0x218
01-01 00:01:09.168 0 0 I : _raw_spin_lock_irqsave+0x54/0x98
01-01 00:01:09.168 0 0 I : ion_system_secure_heap_prefetch_work+0x94/0x2c0
01-01 00:01:09.168 0 0 I : process_one_work+0x38c/0x660
01-01 00:01:09.168 0 0 I : worker_thread+0x268/0x4b8
01-01 00:01:09.168 0 0 I : kthread+0x140/0x150
01-01 00:01:09.168 0 0 I : ret_from_fork+0x10/0x1c
08-23 17:43:00.843 1885 1885 W OneHandedController: Device doesn't support OneHanded feature
08-23 17:43:00.849 1155 1155 W Looper : Slow dispatch took 138ms main h=android.app.ActivityThread$H c=null m=114
08-23 17:43:00.862 1155 1155 I PackageWatchdog: Syncing health check requests for packages: {}
08-23 17:43:00.862 1155 1155 I ExplicitHealthCheckController: Service not ready to get health check supported packages. Binding...
08-23 17:43:00.865 1155 1155 I ExplicitHealthCheckController: Explicit health check service is bound
01-01 00:01:09.193 0 0 E : INFO: trying to register non-static key.
08-23 17:43:00.930 1155 1232 W ActivityManager: Slow operation: 640ms so far, now at startProcess: returned from zygote!
08-23 17:43:00.931 1155 1232 W ActivityManager: Slow operation: 640ms so far, now at startProcess: done updating battery stats
08-23 17:43:00.931 1155 1232 W ActivityManager: Slow operation: 641ms so far, now at startProcess: building log message
08-23 17:43:00.931 1155 1232 I ActivityManager: Start proc 2131:vendor.qti.qesdk.sysservice/1000 for added application vendor.qti.qesdk.sysservice
08-23 17:43:00.931 1155 1232 W ActivityManager: Slow operation: 641ms so far, now at startProcess: starting to update pids map
08-23 17:43:00.931 1155 1232 W ActivityManager: Slow operation: 641ms so far, now at startProcess: done updating pids map
08-23 17:43:00.932 1155 1232 W ActivityManager: Slow operation: 639ms so far, now at startProcess: asking zygote to start proc
08-23 17:43:00.932 1155 1232 D CompatibilityChangeReporter: Compat change id reported: 143937733; UID 10090; state: DISABLED
01-01 00:01:09.198 0 0 E : the code is fine but needs lockdep annotation.
01-01 00:01:09.203 0 0 E swr-wcd rx_swr_ctrl: swrm_get_logical_dev_num: device 0xd01170224 is not ready
01-01 00:01:09.204 0 0 I : CPU: 7 PID: 337 Comm: kworker/u16:14 Tainted: G S W O 4.19.157+ #1
01-01 00:01:09.204 0 0 I Hardware name: Qualcomm Technologies, Inc. kona MTP-RmPM8150b (DT)
01-01 00:01:09.204 0 0 I Workqueue: events_unbound ion_system_secure_heap_prefetch_work
01-01 00:01:09.205 0 0 I msm_vidc: high: 00000001: ....d: Opening video instance: ffffffd759004000, 1
01-01 00:01:09.212 0 0 I Call trace:
01-01 00:01:09.212 0 0 I : dump_backtrace+0x0/0x258
01-01 00:01:09.212 0 0 I : show_stack+0x20/0x30
01-01 00:01:09.212 0 0 I : dump_stack+0xd8/0x12c
01-01 00:01:09.212 0 0 I : register_lock_class+0x4d0/0x5c8
01-01 00:01:09.212 0 0 I : __lock_acquire+0xbc/0x1e58
01-01 00:01:09.212 0 0 I : lock_acquire+0x1cc/0x218
01-01 00:01:09.212 0 0 I : _raw_spin_lock_irqsave+0x54/0x98
01-01 00:01:09.212 0 0 I : ion_system_secure_heap_prefetch_work+0x94/0x2c0
01-01 00:01:09.212 0 0 I : process_one_work+0x38c/0x660
01-01 00:01:09.212 0 0 I : worker_thread+0x268/0x4b8
01-01 00:01:09.212 0 0 I : kthread+0x140/0x150
01-01 00:01:09.212 0 0 I : ret_from_fork+0x10/0x1c
01-01 00:01:09.213 0 0 I binder : 2098:2098 ioctl 40046210 7fd97147c4 returned -22
01-01 00:01:09.215 0 0 E swr_get_logical_dev_num: Error -22 to get logical addr for device d01170224
01-01 00:01:09.229 0 0 E swr-wcd rx_swr_ctrl: swrm_get_logical_dev_num: device 0xd01170224 is not ready
01-01 00:01:09.229 0 0 I msm_vidc: high: 00000001: mpg2d: Closed video instance: ffffffd759004000
01-01 00:01:09.238 0 0 E swr_get_logical_dev_num: Error -22 to get logical addr for device d01170224
01-01 00:01:09.243 0 0 E : INFO: trying to register non-static key.
01-01 00:01:09.248 0 0 E swr-wcd rx_swr_ctrl: swrm_get_logical_dev_num: device 0xd01170224 is not ready
01-01 00:01:09.251 0 0 E : the code is fine but needs lockdep annotation.
01-01 00:01:09.251 0 0 I : CPU: 7 PID: 337 Comm: kworker/u16:14 Tainted: G S W O 4.19.157+ #1
01-01 00:01:09.251 0 0 I Hardware name: Qualcomm Technologies, Inc. kona MTP-RmPM8150b (DT)
01-01 00:01:09.251 0 0 I Workqueue: events_unbound ion_system_secure_heap_prefetch_work
01-01 00:01:09.251 0 0 I Call trace:
01-01 00:01:09.251 0 0 I : dump_backtrace+0x0/0x258
01-01 00:01:09.251 0 0 I : show_stack+0x20/0x30
01-01 00:01:09.251 0 0 I : dump_stack+0xd8/0x12c
01-01 00:01:09.251 0 0 I : register_lock_class+0x4d0/0x5c8
01-01 00:01:09.251 0 0 I : __lock_acquire+0xbc/0x1e58
01-01 00:01:09.251 0 0 I : lock_acquire+0x1cc/0x218
01-01 00:01:09.251 0 0 I : _raw_spin_lock_irqsave+0x54/0x98
01-01 00:01:09.251 0 0 I : ion_system_secure_heap_prefetch_work+0x94/0x2c0
01-01 00:01:09.251 0 0 I : process_one_work+0x38c/0x660
01-01 00:01:09.251 0 0 I : worker_thread+0x268/0x4b8
01-01 00:01:09.251 0 0 I : kthread+0x140/0x150
01-01 00:01:09.251 0 0 I : ret_from_fork+0x10/0x1c
01-01 00:01:09.252 0 0 I init : starting service 'qvrd_vndr'...
01-01 00:01:09.260 0 0 E swr_get_logical_dev_num: Error -22 to get logical addr for device d01170224
01-01 00:01:09.273 0 0 E : INFO: trying to register non-static key.
01-01 00:01:09.276 0 0 E swr-wcd rx_swr_ctrl: swrm_get_logical_dev_num: device 0xd01170224 is not ready
01-01 00:01:09.277 0 0 I init : Created socket '/dev/socket/qvrservice_vndr', mode 660, user 1000, group 1000
01-01 00:01:09.278 0 0 I init : Created socket '/dev/socket/qvrservice_vndr_camera', mode 660, user 1000, group 1000
01-01 00:01:09.279 0 0 E : the code is fine but needs lockdep annotation.
01-01 00:01:09.279 0 0 I : CPU: 7 PID: 337 Comm: kworker/u16:14 Tainted: G S W O 4.19.157+ #1
01-01 00:01:09.279 0 0 I Hardware name: Qualcomm Technologies, Inc. kona MTP-RmPM8150b (DT)
01-01 00:01:09.279 0 0 I Workqueue: events_unbound ion_system_secure_heap_prefetch_work
01-01 00:01:09.279 0 0 I Call trace:
01-01 00:01:09.279 0 0 I : dump_backtrace+0x0/0x258
01-01 00:01:09.279 0 0 I : show_stack+0x20/0x30
01-01 00:01:09.279 0 0 I : dump_stack+0xd8/0x12c
01-01 00:01:09.279 0 0 I : register_lock_class+0x4d0/0x5c8
01-01 00:01:09.279 0 0 I : __lock_acquire+0xbc/0x1e58
01-01 00:01:09.279 0 0 I : lock_acquire+0x1cc/0x218
01-01 00:01:09.279 0 0 I : _raw_spin_lock_irqsave+0x54/0x98
01-01 00:01:09.279 0 0 I : ion_system_secure_heap_prefetch_work+0x94/0x2c0
01-01 00:01:09.279 0 0 I : process_one_work+0x38c/0x660
01-01 00:01:09.279 0 0 I : worker_thread+0x268/0x4b8
01-01 00:01:09.279 0 0 I : kthread+0x140/0x150
01-01 00:01:09.279 0 0 I : ret_from_fork+0x10/0x1c
01-01 00:01:09.294 0 0 E swr_get_logical_dev_num: Error -22 to get logical addr for device d01170224
01-01 00:01:09.304 0 0 D cnss : WLFW server arriving: node 7 port 1
01-01 00:01:09.304 0 0 D cnss : Posting event: SERVER_ARRIVE(0), state: 0x10 flags: 0x0
01-01 00:01:09.304 0 0 D cnss : PM stay awake, state: 0x10, count: 1
01-01 00:01:09.304 0 0 D cnss : PM relax, state: 0x10, count: 0
01-01 00:01:09.304 0 0 D cnss : PM stay awake, state: 0x10, count: 1
01-01 00:01:09.304 0 0 D cnss : Processing driver event: SERVER_ARRIVE(0), state: 0x10
01-01 00:01:09.304 0 0 I cnss : QMI WLFW service connected, state: 0x11
01-01 00:01:09.304 0 0 D cnss : Sending indication register message, state: 0x11
01-01 00:01:09.304 0 0 E swr-wcd rx_swr_ctrl: swrm_get_logical_dev_num: device 0xd01170224 is not ready
01-01 00:01:09.304 0 0 E : INFO: trying to register non-static key.
01-01 00:01:09.304 0 0 E : the code is fine but needs lockdep annotation.
01-01 00:01:09.304 0 0 I : CPU: 7 PID: 337 Comm: kworker/u16:14 Tainted: G S W O 4.19.157+ #1
01-01 00:01:09.304 0 0 I Hardware name: Qualcomm Technologies, Inc. kona MTP-RmPM8150b (DT)
01-01 00:01:09.304 0 0 I Workqueue: events_unbound ion_system_secure_heap_prefetch_work
01-01 00:01:09.304 0 0 I Call trace:
01-01 00:01:09.305 0 0 I : dump_backtrace+0x0/0x258
01-01 00:01:09.305 0 0 I : show_stack+0x20/0x30
01-01 00:01:09.305 0 0 I : dump_stack+0xd8/0x12c
01-01 00:01:09.305 0 0 I : register_lock_class+0x4d0/0x5c8
01-01 00:01:09.305 0 0 I : __lock_acquire+0xbc/0x1e58
01-01 00:01:09.305 0 0 I : lock_acquire+0x1cc/0x218
01-01 00:01:09.305 0 0 I : _raw_spin_lock_irqsave+0x54/0x98
01-01 00:01:09.305 0 0 I : ion_system_secure_heap_prefetch_work+0x94/0x2c0
01-01 00:01:09.305 0 0 I : process_one_work+0x38c/0x660
01-01 00:01:09.305 0 0 I : worker_thread+0x268/0x4b8
01-01 00:01:09.305 0 0 I : kthread+0x140/0x150
01-01 00:01:09.305 0 0 I : ret_from_fork+0x10/0x1c
01-01 00:01:09.321 0 0 E : INFO: trying to register non-static key.
01-01 00:01:09.324 0 0 E swr_get_logical_dev_num: Error -22 to get logical addr for device d01170224
01-01 00:01:09.325 0 0 D : mv2112_read_status
01-01 00:01:09.326 0 0 D mv2112_update_link: 3.0x901(1G): 0x80
01-01 00:01:09.326 0 0 D mv2112_update_link: 3.0x8109(100M): 0x0
01-01 00:01:09.326 0 0 D mv2112_update_link: link 0x0
01-01 00:01:09.326 0 0 D mv2112_read_status: autoneg is disabled
01-01 00:01:09.329 0 0 E : the code is fine but needs lockdep annotation.
01-01 00:01:09.329 0 0 I : CPU: 7 PID: 337 Comm: kworker/u16:14 Tainted: G S W O 4.19.157+ #1
01-01 00:01:09.329 0 0 I Hardware name: Qualcomm Technologies, Inc. kona MTP-RmPM8150b (DT)
01-01 00:01:09.329 0 0 I Workqueue: events_unbound ion_system_secure_heap_prefetch_work
01-01 00:01:09.329 0 0 I Call trace:
01-01 00:01:09.329 0 0 I : dump_backtrace+0x0/0x258
01-01 00:01:09.329 0 0 I : show_stack+0x20/0x30
01-01 00:01:09.329 0 0 I : dump_stack+0xd8/0x12c
01-01 00:01:09.329 0 0 I : register_lock_class+0x4d0/0x5c8
01-01 00:01:09.329 0 0 I : __lock_acquire+0xbc/0x1e58
01-01 00:01:09.329 0 0 I : lock_acquire+0x1cc/0x218
01-01 00:01:09.329 0 0 I : _raw_spin_lock_irqsave+0x54/0x98
01-01 00:01:09.329 0 0 I : ion_system_secure_heap_prefetch_work+0x94/0x2c0
01-01 00:01:09.329 0 0 I : process_one_work+0x38c/0x660
01-01 00:01:09.329 0 0 I : worker_thread+0x268/0x4b8
01-01 00:01:09.329 0 0 I : kthread+0x140/0x150
01-01 00:01:09.329 0 0 I : ret_from_fork+0x10/0x1c
01-01 00:01:09.331 0 0 I msm_vidc: high: 00000001: ....d: Opening video instance: ffffffd758fcc000, 1
01-01 00:01:09.335 0 0 D cnss : Sending host capability message, state: 0x11
01-01 00:01:09.338 0 0 D cnss : Number of clients is 2
01-01 00:01:09.338 0 0 E wcd938x_codec wcd938x-codec: wcd938x_bind: Slave bind failed, ret = -517
01-01 00:01:09.345 0 0 E : [drm:dp_display_init_aux_switch][msm-dp-err][420 ]failed to register notifier (-22)
01-01 00:01:09.354 0 0 I init : starting service 'sxrd'...
01-01 00:01:09.361 0 0 D cnss : Assign MSI to user: WAKE, num_vectors: 1, user_base_data: 813, base_vector: 13
01-01 00:01:09.361 0 0 D cnss : WAKE MSI base data is 813
01-01 00:01:09.361 0 0 D cnss : Calibration done is 1
01-01 00:01:09.362 0 0 D cnss : Sending iova starting 0xa0000000 with size 0x10010000
01-01 00:01:09.368 0 0 I binder : 1881:1881 ioctl 40046210 7fd9713e34 returned -22
01-01 00:01:09.372 0 0 D cnss : PM relax, state: 0x11, count: 0
08-23 17:43:00.981 1155 1183 D CompatibilityChangeReporter: Compat change id reported: 168419799; UID 1001; state: DISABLED
08-23 17:43:00.984 1155 1155 I SystemServerTiming: ManagedServices.unbindOtherUserServices_current0
08-23 17:43:00.984 1155 1155 D SystemServerTiming: ManagedServices.unbindOtherUserServices_current0 took to complete: 0ms
08-23 17:43:00.984 1155 1155 I SystemServerTiming: ManagedServices.unbindOtherUserServices_current0
08-23 17:43:00.984 1155 1155 D SystemServerTiming: ManagedServices.unbindOtherUserServices_current0 took to complete: 0ms
08-23 17:43:00.985 1155 1155 I SystemServerTiming: ManagedServices.unbindOtherUserServices_current0
08-23 17:43:00.985 1155 1155 D SystemServerTiming: ManagedServices.unbindOtherUserServices_current0 took to complete: 0ms
08-23 17:43:00.985 1155 1155 V NotificationAssistants: enabling notification assistant for 0: ComponentInfo{android.ext.services/android.ext.services.notification.Assistant}
08-23 17:43:00.985 1155 1155 V NotificationAssistants: binding: Intent { act=android.service.notification.NotificationAssistantService cmp=android.ext.services/.notification.Assistant (has extras) }
08-23 17:43:00.989 1155 1183 D CompatibilityChangeReporter: Compat change id reported: 181136395; UID 1000; state: DISABLED
01-01 00:01:09.379 0 0 I binder : 2131:2131 ioctl 40046210 7fd97147c4 returned -22
01-01 00:01:09.380 0 0 I binder : 1259:1259 ioctl 40046210 7fc0680564 returned -22
08-23 17:43:00.996 1155 1183 D CompatibilityChangeReporter: Compat change id reported: 174042936; UID 1000; state: DISABLED
08-23 17:43:01.003 1155 1183 D CompatibilityChangeReporter: Compat change id reported: 168419799; UID 1001; state: DISABLED
08-23 17:43:01.026 1155 1183 D CompatibilityChangeReporter: Compat change id reported: 182478738; UID 1073; state: DISABLED
08-23 17:43:01.032 1155 2054 D CompatibilityChangeReporter: Compat change id reported: 168419799; UID 10056; state: DISABLED
08-23 17:43:01.076 1155 1183 D CompatibilityChangeReporter: Compat change id reported: 157233955; UID 10088; state: ENABLED
01-01 00:01:09.396 0 0 E : INFO: trying to register non-static key.
08-23 17:43:01.104 1155 1232 W ActivityManager: Slow operation: 812ms so far, now at startProcess: returned from zygote!
08-23 17:43:01.106 1155 1232 W ActivityManager: Slow operation: 814ms so far, now at startProcess: done updating battery stats
08-23 17:43:01.106 1155 1232 W ActivityManager: Slow operation: 814ms so far, now at startProcess: building log message
08-23 17:43:01.106 1155 1232 I ActivityManager: Start proc 2165:com.qti.qualcomm.mstatssystemservice/u0a90 for added application com.qti.qualcomm.mstatssystemservice
08-23 17:43:01.106 1155 1232 W ActivityManager: Slow operation: 814ms so far, now at startProcess: starting to update pids map
08-23 17:43:01.107 1155 1232 W ActivityManager: Slow operation: 814ms so far, now at startProcess: done updating pids map
08-23 17:43:01.107 1155 1232 W ActivityManager: Slow operation: 807ms so far, now at startProcess: asking zygote to start proc
08-23 17:43:01.114 2158 2158 F linker : CANNOT LINK EXECUTABLE "/vendor/bin/hw/qvrservice": library "vendor.qti.hardware.qxr-V1-ndk_platform.so" not found: needed by /vendor/lib64/libqvrservice.so in namespace (default)
01-01 00:01:09.401 0 0 E : the code is fine but needs lockdep annotation.
01-01 00:01:09.407 0 0 I : CPU: 7 PID: 337 Comm: kworker/u16:14 Tainted: G S W O 4.19.157+ #1
01-01 00:01:09.407 0 0 I Hardware name: Qualcomm Technologies, Inc. kona MTP-RmPM8150b (DT)
01-01 00:01:09.407 0 0 I Workqueue: events_unbound ion_system_secure_heap_prefetch_work
01-01 00:01:09.407 0 0 I Call trace:
01-01 00:01:09.407 0 0 I : dump_backtrace+0x0/0x258
01-01 00:01:09.407 0 0 I : show_stack+0x20/0x30
01-01 00:01:09.407 0 0 I : dump_stack+0xd8/0x12c
01-01 00:01:09.407 0 0 I : register_lock_class+0x4d0/0x5c8
01-01 00:01:09.407 0 0 I : __lock_acquire+0xbc/0x1e58
01-01 00:01:09.407 0 0 I : lock_acquire+0x1cc/0x218
01-01 00:01:09.407 0 0 I : _raw_spin_lock_irqsave+0x54/0x98
01-01 00:01:09.407 0 0 I : ion_system_secure_heap_prefetch_work+0x94/0x2c0
01-01 00:01:09.407 0 0 I : process_one_work+0x38c/0x660
01-01 00:01:09.407 0 0 I : worker_thread+0x268/0x4b8
01-01 00:01:09.407 0 0 I : kthread+0x140/0x150
01-01 00:01:09.407 0 0 I : ret_from_fork+0x10/0x1c
01-01 00:01:09.415 0 0 E : INFO: trying to register non-static key.
01-01 00:01:09.421 0 0 E : the code is fine but needs lockdep annotation.
01-01 00:01:09.423 0 0 E : INFO: trying to register non-static key.
01-01 00:01:09.426 0 0 I : CPU: 0 PID: 2186 Comm: VideoDecMsgThre Tainted: G S W O 4.19.157+ #1
01-01 00:01:09.431 0 0 E : the code is fine but needs lockdep annotation.
01-01 00:01:09.432 0 0 I binder : 2165:2165 ioctl 40046210 7fd97147c4 returned -22
01-01 00:01:09.437 0 0 I Hardware name: Qualcomm Technologies, Inc. kona MTP-RmPM8150b (DT)
01-01 00:01:09.437 0 0 I Call trace:
01-01 00:01:09.437 0 0 I : dump_backtrace+0x0/0x258
01-01 00:01:09.437 0 0 I : show_stack+0x20/0x30
01-01 00:01:09.437 0 0 I : dump_stack+0xd8/0x12c
01-01 00:01:09.437 0 0 I : register_lock_class+0x4d0/0x5c8
01-01 00:01:09.437 0 0 I : __lock_acquire+0xbc/0x1e58
01-01 00:01:09.437 0 0 I : lock_acquire+0x1cc/0x218
01-01 00:01:09.437 0 0 I : _raw_spin_lock_irqsave+0x54/0x98
01-01 00:01:09.437 0 0 I : __ion_system_secure_heap_resize+0x768/0x8c0
01-01 00:01:09.437 0 0 I : ion_system_secure_heap_prefetch+0x28/0x38
01-01 00:01:09.437 0 0 I : ion_walk_heaps+0x88/0xb8
01-01 00:01:09.437 0 0 I : ion_ioctl+0x1b0/0x2a8
01-01 00:01:09.437 0 0 I : __arm64_compat_sys_ioctl+0xf4/0x240
01-01 00:01:09.437 0 0 I : el0_svc_common+0xa4/0x190
01-01 00:01:09.437 0 0 I : el0_svc_compat_handler+0x28/0x38
01-01 00:01:09.437 0 0 I : el0_svc_compat+0x8/0x34
01-01 00:01:09.437 0 0 I : CPU: 7 PID: 337 Comm: kworker/u16:14 Tainted: G S W O 4.19.157+ #1
01-01 00:01:09.437 0 0 I Hardware name: Qualcomm Technologies, Inc. kona MTP-RmPM8150b (DT)
01-01 00:01:09.437 0 0 I Workqueue: events_unbound ion_system_secure_heap_prefetch_work
01-01 00:01:09.437 0 0 I Call trace:
01-01 00:01:09.437 0 0 I : dump_backtrace+0x0/0x258
01-01 00:01:09.437 0 0 I : show_stack+0x20/0x30
01-01 00:01:09.437 0 0 I : dump_stack+0xd8/0x12c
01-01 00:01:09.437 0 0 I : register_lock_class+0x4d0/0x5c8
01-01 00:01:09.437 0 0 I : __lock_acquire+0xbc/0x1e58
01-01 00:01:09.437 0 0 I : lock_acquire+0x1cc/0x218
01-01 00:01:09.437 0 0 I : _raw_spin_lock_irqsave+0x54/0x98
01-01 00:01:09.437 0 0 I : ion_system_secure_heap_prefetch_work+0x94/0x2c0
01-01 00:01:09.437 0 0 I : process_one_work+0x38c/0x660
01-01 00:01:09.437 0 0 I : worker_thread+0x268/0x4b8
01-01 00:01:09.437 0 0 I : kthread+0x140/0x150
01-01 00:01:09.437 0 0 I : ret_from_fork+0x10/0x1c
01-01 00:01:09.438 0 0 E : INFO: trying to register non-static key.
01-01 00:01:09.444 0 0 E : the code is fine but needs lockdep annotation.
01-01 00:01:09.449 0 0 E : INFO: trying to register non-static key.
01-01 00:01:09.449 0 0 I : CPU: 0 PID: 2186 Comm: VideoDecMsgThre Tainted: G S W O 4.19.157+ #1
01-01 00:01:09.454 0 0 E : the code is fine but needs lockdep annotation.
01-01 00:01:09.460 0 0 I Hardware name: Qualcomm Technologies, Inc. kona MTP-RmPM8150b (DT)
01-01 00:01:09.460 0 0 I Call trace:
01-01 00:01:09.460 0 0 I : dump_backtrace+0x0/0x258
01-01 00:01:09.460 0 0 I : show_stack+0x20/0x30
01-01 00:01:09.460 0 0 I : dump_stack+0xd8/0x12c
01-01 00:01:09.460 0 0 I : register_lock_class+0x4d0/0x5c8
01-01 00:01:09.460 0 0 I : __lock_acquire+0xbc/0x1e58
01-01 00:01:09.460 0 0 I : lock_acquire+0x1cc/0x218
01-01 00:01:09.460 0 0 I : _raw_spin_lock_irqsave+0x54/0x98
01-01 00:01:09.460 0 0 I : __ion_system_secure_heap_resize+0x768/0x8c0
01-01 00:01:09.460 0 0 I : ion_system_secure_heap_prefetch+0x28/0x38
01-01 00:01:09.460 0 0 I : ion_walk_heaps+0x88/0xb8
01-01 00:01:09.460 0 0 I : ion_ioctl+0x1b0/0x2a8
01-01 00:01:09.460 0 0 I : __arm64_compat_sys_ioctl+0xf4/0x240
01-01 00:01:09.460 0 0 I : el0_svc_common+0xa4/0x190
01-01 00:01:09.460 0 0 I : el0_svc_compat_handler+0x28/0x38
01-01 00:01:09.460 0 0 I : el0_svc_compat+0x8/0x34
01-01 00:01:09.460 0 0 I : CPU: 7 PID: 337 Comm: kworker/u16:14 Tainted: G S W O 4.19.157+ #1
01-01 00:01:09.460 0 0 I Hardware name: Qualcomm Technologies, Inc. kona MTP-RmPM8150b (DT)
01-01 00:01:09.460 0 0 I Workqueue: events_unbound ion_system_secure_heap_prefetch_work
01-01 00:01:09.460 0 0 I Call trace:
01-01 00:01:09.460 0 0 I : dump_backtrace+0x0/0x258
01-01 00:01:09.460 0 0 I : show_stack+0x20/0x30
08-23 17:43:01.230 1155 1182 D CompatibilityChangeReporter: Compat change id reported: 168419799; UID 10090; state: DISABLED
08-23 17:43:01.261 2184 2184 F linker : CANNOT LINK EXECUTABLE "/vendor/bin/hw/sxrservice": library "vendor.qti.hardware.qxr-V1-ndk_platform.so" not found: needed by main executable
01-01 00:01:09.460 0 0 I : dump_stack+0xd8/0x12c
01-01 00:01:09.460 0 0 I : register_lock_class+0x4d0/0x5c8
01-01 00:01:09.460 0 0 I : __lock_acquire+0xbc/0x1e58
01-01 00:01:09.460 0 0 I : lock_acquire+0x1cc/0x218
01-01 00:01:09.460 0 0 I : _raw_spin_lock_irqsave+0x54/0x98
01-01 00:01:09.460 0 0 I : ion_system_secure_heap_prefetch_work+0x94/0x2c0
01-01 00:01:09.460 0 0 I : process_one_work+0x38c/0x660
01-01 00:01:09.460 0 0 I : worker_thread+0x268/0x4b8
01-01 00:01:09.460 0 0 I : kthread+0x140/0x150
01-01 00:01:09.460 0 0 I : ret_from_fork+0x10/0x1c
01-01 00:01:09.464 0 0 I binder : 2075:2203 ioctl 40046210 7019303344 returned -22
01-01 00:01:09.467 0 0 I init : Service 'qvrd_vndr' (pid 2158) exited with status 1
01-01 00:01:09.467 0 0 I init : Sending signal 9 to service 'qvrd_vndr' (pid 2158) process group...
01-01 00:01:09.468 0 0 I libprocessgroup: Successfully killed process cgroup uid 1000 pid 2158 in 0ms
01-01 00:01:09.469 0 0 E : INFO: trying to register non-static key.
01-01 00:01:09.474 0 0 E : the code is fine but needs lockdep annotation.
01-01 00:01:09.479 0 0 E : INFO: trying to register non-static key.
01-01 00:01:09.480 0 0 I : CPU: 0 PID: 1368 Comm: HwBinder:1339_2 Tainted: G S W O 4.19.157+ #1
01-01 00:01:09.485 0 0 E : the code is fine but needs lockdep annotation.
01-01 00:01:09.491 0 0 I Hardware name: Qualcomm Technologies, Inc. kona MTP-RmPM8150b (DT)
01-01 00:01:09.491 0 0 I Call trace:
01-01 00:01:09.491 0 0 I : dump_backtrace+0x0/0x258
01-01 00:01:09.491 0 0 I : show_stack+0x20/0x30
01-01 00:01:09.491 0 0 I : dump_stack+0xd8/0x12c
01-01 00:01:09.491 0 0 I : register_lock_class+0x4d0/0x5c8
01-01 00:01:09.491 0 0 I : __lock_acquire+0xbc/0x1e58
01-01 00:01:09.491 0 0 I : lock_acquire+0x1cc/0x218
01-01 00:01:09.491 0 0 I : _raw_spin_lock_irqsave+0x54/0x98
01-01 00:01:09.491 0 0 I : __ion_system_secure_heap_resize+0x768/0x8c0
08-23 17:43:01.306 1155 1232 W ActivityManager: Slow operation: 1007ms so far, now at startProcess: returned from zygote!
08-23 17:43:01.307 1155 1232 W ActivityManager: Slow operation: 1007ms so far, now at startProcess: done updating battery stats
08-23 17:43:01.307 1155 1232 W ActivityManager: Slow operation: 1008ms so far, now at startProcess: building log message
08-23 17:43:01.307 1155 1232 I ActivityManager: Start proc 2224:com.android.se/1068 for added application com.android.se
08-23 17:43:01.307 1155 1232 W ActivityManager: Slow operation: 1008ms so far, now at startProcess: starting to update pids map
08-23 17:43:01.308 1155 1232 W ActivityManager: Slow operation: 1008ms so far, now at startProcess: done updating pids map
08-23 17:43:01.308 1155 1232 W ActivityManager: Slow operation: 1008ms so far, now at startProcess: asking zygote to start proc
08-23 17:43:01.310 1885 1885 D SystemUIBootTiming: DependencyInjection took to complete: 0ms
08-23 17:43:01.352 1885 1885 D SystemUIBootTiming: StartServicescom.android.systemui.util.NotificationChannels took to complete: 7ms
01-01 00:01:09.491 0 0 I : ion_system_secure_heap_drain+0x28/0x38
01-01 00:01:09.491 0 0 I : ion_walk_heaps+0x88/0xb8
01-01 00:01:09.491 0 0 I : ion_ioctl+0x1b0/0x2a8
01-01 00:01:09.491 0 0 I : __arm64_compat_sys_ioctl+0xf4/0x240
01-01 00:01:09.491 0 0 I : el0_svc_common+0xa4/0x190
01-01 00:01:09.491 0 0 I : el0_svc_compat_handler+0x28/0x38
01-01 00:01:09.491 0 0 I : el0_svc_compat+0x8/0x34
01-01 00:01:09.491 0 0 I : CPU: 7 PID: 337 Comm: kworker/u16:14 Tainted: G S W O 4.19.157+ #1
01-01 00:01:09.491 0 0 I Hardware name: Qualcomm Technologies, Inc. kona MTP-RmPM8150b (DT)
01-01 00:01:09.491 0 0 I Workqueue: events_unbound ion_system_secure_heap_prefetch_work
01-01 00:01:09.491 0 0 I Call trace:
01-01 00:01:09.491 0 0 I : dump_backtrace+0x0/0x258
01-01 00:01:09.491 0 0 I : show_stack+0x20/0x30
01-01 00:01:09.491 0 0 I : dump_stack+0xd8/0x12c
01-01 00:01:09.491 0 0 I : register_lock_class+0x4d0/0x5c8
01-01 00:01:09.491 0 0 I : __lock_acquire+0xbc/0x1e58
01-01 00:01:09.491 0 0 I : lock_acquire+0x1cc/0x218
01-01 00:01:09.491 0 0 I : _raw_spin_lock_irqsave+0x54/0x98
01-01 00:01:09.491 0 0 I : ion_system_secure_heap_prefetch_work+0x94/0x2c0
01-01 00:01:09.491 0 0 I : process_one_work+0x38c/0x660
01-01 00:01:09.491 0 0 I : worker_thread+0x268/0x4b8
01-01 00:01:09.491 0 0 I : kthread+0x140/0x150
01-01 00:01:09.491 0 0 I : ret_from_fork+0x10/0x1c
01-01 00:01:09.493 0 0 E : INFO: trying to register non-static key.
01-01 00:01:09.494 0 0 E init : Control message: Could not find 'vendor.qti.hardware.iop@2.0::IIop/default' for ctl.interface_start from pid: 516 (/system/bin/hwservicemanager)
01-01 00:01:09.498 0 0 E : the code is fine but needs lockdep annotation.
01-01 00:01:09.498 0 0 I : CPU: 0 PID: 1368 Comm: HwBinder:1339_2 Tainted: G S W O 4.19.157+ #1
01-01 00:01:09.498 0 0 I Hardware name: Qualcomm Technologies, Inc. kona MTP-RmPM8150b (DT)
01-01 00:01:09.498 0 0 I Call trace:
01-01 00:01:09.498 0 0 I : dump_backtrace+0x0/0x258
01-01 00:01:09.498 0 0 I : show_stack+0x20/0x30
01-01 00:01:09.514 0 0 I init : Service 'sxrd' (pid 2184) exited with status 1
01-01 00:01:09.519 0 0 I : dump_stack+0xd8/0x12c
01-01 00:01:09.519 0 0 I : register_lock_class+0x4d0/0x5c8
01-01 00:01:09.519 0 0 I : __lock_acquire+0xbc/0x1e58
01-01 00:01:09.519 0 0 I : lock_acquire+0x1cc/0x218
01-01 00:01:09.519 0 0 I : _raw_spin_lock_irqsave+0x54/0x98
01-01 00:01:09.519 0 0 I : __ion_system_secure_heap_resize+0x768/0x8c0
01-01 00:01:09.519 0 0 I : ion_system_secure_heap_drain+0x28/0x38
01-01 00:01:09.519 0 0 I : ion_walk_heaps+0x88/0xb8
01-01 00:01:09.519 0 0 I : ion_ioctl+0x1b0/0x2a8
01-01 00:01:09.519 0 0 I : __arm64_compat_sys_ioctl+0xf4/0x240
01-01 00:01:09.519 0 0 I : el0_svc_common+0xa4/0x190
01-01 00:01:09.519 0 0 I : el0_svc_compat_handler+0x28/0x38
01-01 00:01:09.519 0 0 I : el0_svc_compat+0x8/0x34
01-01 00:01:09.522 0 0 E : INFO: trying to register non-static key.
01-01 00:01:09.522 0 0 I init : Sending signal 9 to service 'sxrd' (pid 2184) process group...
01-01 00:01:09.527 0 0 E : the code is fine but needs lockdep annotation.
01-01 00:01:09.527 0 0 I : CPU: 4 PID: 337 Comm: kworker/u16:14 Tainted: G S W O 4.19.157+ #1
01-01 00:01:09.527 0 0 I Hardware name: Qualcomm Technologies, Inc. kona MTP-RmPM8150b (DT)
01-01 00:01:09.527 0 0 I Workqueue: events_unbound ion_system_secure_heap_prefetch_work
01-01 00:01:09.527 0 0 I Call trace:
01-01 00:01:09.527 0 0 I : dump_backtrace+0x0/0x258
01-01 00:01:09.527 0 0 I : show_stack+0x20/0x30
01-01 00:01:09.527 0 0 I : dump_stack+0xd8/0x12c
01-01 00:01:09.527 0 0 I : register_lock_class+0x4d0/0x5c8
01-01 00:01:09.527 0 0 I : __lock_acquire+0xbc/0x1e58
01-01 00:01:09.527 0 0 I : lock_acquire+0x1cc/0x218
01-01 00:01:09.527 0 0 I : _raw_spin_lock_irqsave+0x54/0x98
01-01 00:01:09.527 0 0 I : ion_system_secure_heap_prefetch_work+0x94/0x2c0
01-01 00:01:09.527 0 0 I : process_one_work+0x38c/0x660
01-01 00:01:09.527 0 0 I : worker_thread+0x268/0x4b8
01-01 00:01:09.527 0 0 I : kthread+0x140/0x150
01-01 00:01:09.527 0 0 I : ret_from_fork+0x10/0x1c
01-01 00:01:09.530 0 0 I msm_vidc: high: 00000001: mpg2d: Closed video instance: ffffffd758fcc000
01-01 00:01:09.536 0 0 E : INFO: trying to register non-static key.
01-01 00:01:09.541 0 0 E : the code is fine but needs lockdep annotation.
01-01 00:01:09.547 0 0 I : CPU: 4 PID: 337 Comm: kworker/u16:14 Tainted: G S W O 4.19.157+ #1
01-01 00:01:09.547 0 0 I Hardware name: Qualcomm Technologies, Inc. kona MTP-RmPM8150b (DT)
01-01 00:01:09.547 0 0 I Workqueue: events_unbound ion_system_secure_heap_prefetch_work
01-01 00:01:09.547 0 0 I Call trace:
01-01 00:01:09.547 0 0 I : dump_backtrace+0x0/0x258
01-01 00:01:09.547 0 0 I : show_stack+0x20/0x30
01-01 00:01:09.547 0 0 I : dump_stack+0xd8/0x12c
01-01 00:01:09.547 0 0 I : register_lock_class+0x4d0/0x5c8
01-01 00:01:09.547 0 0 I : __lock_acquire+0xbc/0x1e58
01-01 00:01:09.547 0 0 I : lock_acquire+0x1cc/0x218
01-01 00:01:09.547 0 0 I : _raw_spin_lock_irqsave+0x54/0x98
01-01 00:01:09.547 0 0 I : ion_system_secure_heap_prefetch_work+0x94/0x2c0
01-01 00:01:09.547 0 0 I : process_one_work+0x38c/0x660
01-01 00:01:09.547 0 0 I : worker_thread+0x268/0x4b8
01-01 00:01:09.547 0 0 I : kthread+0x140/0x150
01-01 00:01:09.547 0 0 I : ret_from_fork+0x10/0x1c
01-01 00:01:09.564 0 0 E : INFO: trying to register non-static key.
01-01 00:01:09.569 0 0 E : the code is fine but needs lockdep annotation.
01-01 00:01:09.574 0 0 I : CPU: 4 PID: 337 Comm: kworker/u16:14 Tainted: G S W O 4.19.157+ #1
01-01 00:01:09.574 0 0 I Hardware name: Qualcomm Technologies, Inc. kona MTP-RmPM8150b (DT)
01-01 00:01:09.574 0 0 I Workqueue: events_unbound ion_system_secure_heap_prefetch_work
01-01 00:01:09.574 0 0 I Call trace:
01-01 00:01:09.574 0 0 I : dump_backtrace+0x0/0x258
01-01 00:01:09.574 0 0 I : show_stack+0x20/0x30
01-01 00:01:09.574 0 0 I : dump_stack+0xd8/0x12c
01-01 00:01:09.574 0 0 I : register_lock_class+0x4d0/0x5c8
01-01 00:01:09.574 0 0 I : __lock_acquire+0xbc/0x1e58
01-01 00:01:09.574 0 0 I : lock_acquire+0x1cc/0x218
01-01 00:01:09.574 0 0 I : _raw_spin_lock_irqsave+0x54/0x98
01-01 00:01:09.574 0 0 I : ion_system_secure_heap_prefetch_work+0x94/0x2c0
01-01 00:01:09.574 0 0 I : process_one_work+0x38c/0x660
01-01 00:01:09.574 0 0 I : worker_thread+0x268/0x4b8
01-01 00:01:09.574 0 0 I : kthread+0x140/0x150
01-01 00:01:09.574 0 0 I : ret_from_fork+0x10/0x1c
01-01 00:01:09.595 0 0 E : INFO: trying to register non-static key.
01-01 00:01:09.600 0 0 E : the code is fine but needs lockdep annotation.
01-01 00:01:09.606 0 0 I : CPU: 4 PID: 337 Comm: kworker/u16:14 Tainted: G S W O 4.19.157+ #1
01-01 00:01:09.606 0 0 I Hardware name: Qualcomm Technologies, Inc. kona MTP-RmPM8150b (DT)
01-01 00:01:09.606 0 0 I Workqueue: events_unbound ion_system_secure_heap_prefetch_work
01-01 00:01:09.606 0 0 I Call trace:
01-01 00:01:09.606 0 0 I : dump_backtrace+0x0/0x258
01-01 00:01:09.606 0 0 I : show_stack+0x20/0x30
01-01 00:01:09.606 0 0 I : dump_stack+0xd8/0x12c
01-01 00:01:09.606 0 0 I : register_lock_class+0x4d0/0x5c8
01-01 00:01:09.606 0 0 I : __lock_acquire+0xbc/0x1e58
01-01 00:01:09.606 0 0 I : lock_acquire+0x1cc/0x218
01-01 00:01:09.606 0 0 I : _raw_spin_lock_irqsave+0x54/0x98
01-01 00:01:09.606 0 0 I : ion_system_secure_heap_prefetch_work+0x94/0x2c0
01-01 00:01:09.606 0 0 I : process_one_work+0x38c/0x660
01-01 00:01:09.606 0 0 I : worker_thread+0x268/0x4b8
01-01 00:01:09.606 0 0 I : kthread+0x140/0x150
01-01 00:01:09.606 0 0 I : ret_from_fork+0x10/0x1c
01-01 00:01:09.610 0 0 E : INFO: trying to register non-static key.
01-01 00:01:09.615 0 0 E : the code is fine but needs lockdep annotation.
01-01 00:01:09.620 0 0 I : CPU: 4 PID: 337 Comm: kworker/u16:14 Tainted: G S W O 4.19.157+ #1
01-01 00:01:09.620 0 0 I Hardware name: Qualcomm Technologies, Inc. kona MTP-RmPM8150b (DT)
01-01 00:01:09.620 0 0 I Workqueue: events_unbound ion_system_secure_heap_prefetch_work
01-01 00:01:09.620 0 0 I Call trace:
01-01 00:01:09.620 0 0 I : dump_backtrace+0x0/0x258
01-01 00:01:09.620 0 0 I : show_stack+0x20/0x30
01-01 00:01:09.620 0 0 I : dump_stack+0xd8/0x12c
01-01 00:01:09.620 0 0 I : register_lock_class+0x4d0/0x5c8
01-01 00:01:09.620 0 0 I : __lock_acquire+0xbc/0x1e58
01-01 00:01:09.620 0 0 I : lock_acquire+0x1cc/0x218
01-01 00:01:09.620 0 0 I : _raw_spin_lock_irqsave+0x54/0x98
01-01 00:01:09.620 0 0 I : ion_system_secure_heap_prefetch_work+0x94/0x2c0
01-01 00:01:09.620 0 0 I : process_one_work+0x38c/0x660
01-01 00:01:09.620 0 0 I : worker_thread+0x268/0x4b8
01-01 00:01:09.620 0 0 I : kthread+0x140/0x150
01-01 00:01:09.620 0 0 I : ret_from_fork+0x10/0x1c
01-01 00:01:09.633 0 0 E : INFO: trying to register non-static key.
08-23 17:43:01.373 1155 1232 W ActivityManager: Slow operation: 1072ms so far, now at startProcess: returned from zygote!
08-23 17:43:01.373 1155 1232 W ActivityManager: Slow operation: 1073ms so far, now at startProcess: done updating battery stats
08-23 17:43:01.373 1155 1232 W ActivityManager: Slow operation: 1073ms so far, now at startProcess: building log message
08-23 17:43:01.373 1155 1232 I ActivityManager: Start proc 2235:com.thundercomm.remotecontrolservice/1000 for added application com.thundercomm.remotecontrolservice
08-23 17:43:01.373 1155 1232 W ActivityManager: Slow operation: 1073ms so far, now at startProcess: starting to update pids map
08-23 17:43:01.374 1155 1232 W ActivityManager: Slow operation: 1074ms so far, now at startProcess: done updating pids map
08-23 17:43:01.374 1155 1232 W ActivityManager: Slow operation: 1073ms so far, now at startProcess: asking zygote to start proc
08-23 17:43:01.374 1155 1232 D CompatibilityChangeReporter: Compat change id reported: 143937733; UID 10065; state: ENABLED
08-23 17:43:01.440 1885 1885 D SystemUIBootTiming: StartServicescom.android.systemui.keyguard.KeyguardViewMediator took to complete: 88ms
08-23 17:43:01.455 1155 1182 D CompatibilityChangeReporter: Compat change id reported: 135634846; UID 10087; state: DISABLED
08-23 17:43:01.455 1155 1182 D CompatibilityChangeReporter: Compat change id reported: 177438394; UID 10087; state: DISABLED
08-23 17:43:01.455 1155 1182 D CompatibilityChangeReporter: Compat change id reported: 135772972; UID 10087; state: DISABLED
08-23 17:43:01.456 1155 1182 D CompatibilityChangeReporter: Compat change id reported: 135754954; UID 10087; state: ENABLED
08-23 17:43:01.457 1885 1885 D SystemUIBootTiming: StartServicescom.android.systemui.recents.Recents took to complete: 16ms
08-23 17:43:01.497 1155 1155 W Looper : Slow dispatch took 491ms main h=android.app.ActivityThread$H c=android.app.LoadedApk$ReceiverDispatcher$Args$$ExternalSyntheticLambda0@3f1c894 m=0
08-23 17:43:01.501 1155 1155 D ConditionProviders.SCP: onSubscribe condition://android/schedule?days=1.2.3.4.5.6.7&start=22.0&end=7.0&exitAtAlarm=true
08-23 17:43:01.502 1155 1155 D ConditionProviders.SCP: setRegistered true
08-23 17:43:01.511 1155 1155 D ConditionProviders.SCP: evaluateSubscriptionLocked cal=ScheduleCalendar[mDays={1, 2, 3, 4, 5, 6, 7}, mSchedule=ScheduleInfo{days=[1, 2, 3, 4, 5, 6, 7], startHour=22, startMinute=0, endHour=7, endMinute=0, exitAtAlarm=true, nextAlarm=Thu Jan 01 00:00:00 GMT 1970 (0)}], now=Tue Aug 23 17:43:01 GMT 2022 (1661276581502), nextUserAlarmTime=Thu Jan 01 00:00:00 GMT 1970 (0)
08-23 17:43:01.511 1155 1155 D ConditionProviders.SCP: notifyCondition condition://android/schedule?days=1.2.3.4.5.6.7&start=22.0&end=7.0&exitAtAlarm=true STATE_FALSE reason=!meetsSchedule
08-23 17:43:01.516 1155 1155 D ConditionProviders.SCP: Scheduling evaluate for Tue Aug 23 22:00:00 GMT 2022 (1661292000000), in +4h16m58s498ms, now=Tue Aug 23 17:43:01 GMT 2022 (1661276581502)
08-23 17:43:01.537 1155 1155 I ConnectivityModuleConnector: Networking module service connected
08-23 17:43:01.543 1155 1232 W ActivityManager: Slow operation: 1242ms so far, now at startProcess: returned from zygote!
08-23 17:43:01.543 1155 1814 W ActivityThread: Failed to find provider info for com.android.calendar (user not unlocked)
08-23 17:43:01.544 1155 1232 W ActivityManager: Slow operation: 1242ms so far, now at startProcess: done updating battery stats
08-23 17:43:01.544 1155 1232 W ActivityManager: Slow operation: 1243ms so far, now at startProcess: building log message
08-23 17:43:01.545 1155 1232 I ActivityManager: Start proc 2272:com.qualcomm.qti.devicestatisticsservice/u0a65 for added application com.qualcomm.qti.devicestatisticsservice
08-23 17:43:01.545 1155 1232 W ActivityManager: Slow operation: 1243ms so far, now at startProcess: starting to update pids map
08-23 17:43:01.545 1155 1232 W ActivityManager: Slow operation: 1244ms so far, now at startProcess: done updating pids map
01-01 00:01:09.638 0 0 E : the code is fine but needs lockdep annotation.
08-23 17:43:01.545 1155 1232 W ActivityManager: Slow operation: 1242ms so far, now at startProcess: asking zygote to start proc
01-01 00:01:09.644 0 0 I : CPU: 4 PID: 337 Comm: kworker/u16:14 Tainted: G S W O 4.19.157+ #1
01-01 00:01:09.644 0 0 I Hardware name: Qualcomm Technologies, Inc. kona MTP-RmPM8150b (DT)
08-23 17:43:01.546 1155 1216 D UsbDeviceManager: push notification:正在通过 USB 为此设备充电
01-01 00:01:09.644 0 0 I Workqueue: events_unbound ion_system_secure_heap_prefetch_work
01-01 00:01:09.644 0 0 I Call trace:
08-23 17:43:01.550 1155 1814 W ActivityThread: Failed to find provider info for com.android.calendar (user not unlocked)
01-01 00:01:09.644 0 0 I : dump_backtrace+0x0/0x258
01-01 00:01:09.644 0 0 I : show_stack+0x20/0x30
01-01 00:01:09.644 0 0 I : dump_stack+0xd8/0x12c
01-01 00:01:09.644 0 0 I : register_lock_class+0x4d0/0x5c8
01-01 00:01:09.644 0 0 I : __lock_acquire+0xbc/0x1e58
01-01 00:01:09.644 0 0 I : lock_acquire+0x1cc/0x218
01-01 00:01:09.644 0 0 I : _raw_spin_lock_irqsave+0x54/0x98
01-01 00:01:09.644 0 0 I : ion_system_secure_heap_prefetch_work+0x94/0x2c0
01-01 00:01:09.644 0 0 I : process_one_work+0x38c/0x660
01-01 00:01:09.644 0 0 I : worker_thread+0x268/0x4b8
01-01 00:01:09.644 0 0 I : kthread+0x140/0x150
01-01 00:01:09.644 0 0 I : ret_from_fork+0x10/0x1c
01-01 00:01:09.655 0 0 E : INFO: trying to register non-static key.
01-01 00:01:09.660 0 0 E : the code is fine but needs lockdep annotation.
01-01 00:01:09.666 0 0 I : CPU: 4 PID: 337 Comm: kworker/u16:14 Tainted: G S W O 4.19.157+ #1
01-01 00:01:09.666 0 0 I Hardware name: Qualcomm Technologies, Inc. kona MTP-RmPM8150b (DT)
01-01 00:01:09.666 0 0 I Workqueue: events_unbound ion_system_secure_heap_prefetch_work
01-01 00:01:09.666 0 0 I Call trace:
01-01 00:01:09.666 0 0 I : dump_backtrace+0x0/0x258
01-01 00:01:09.666 0 0 I : show_stack+0x20/0x30
01-01 00:01:09.666 0 0 I : dump_stack+0xd8/0x12c
01-01 00:01:09.666 0 0 I : register_lock_class+0x4d0/0x5c8
01-01 00:01:09.666 0 0 I : __lock_acquire+0xbc/0x1e58
01-01 00:01:09.666 0 0 I : lock_acquire+0x1cc/0x218
01-01 00:01:09.666 0 0 I : _raw_spin_lock_irqsave+0x54/0x98
01-01 00:01:09.666 0 0 I : ion_system_secure_heap_prefetch_work+0x94/0x2c0
01-01 00:01:09.666 0 0 I : process_one_work+0x38c/0x660
01-01 00:01:09.666 0 0 I : worker_thread+0x268/0x4b8
01-01 00:01:09.666 0 0 I : kthread+0x140/0x150
01-01 00:01:09.666 0 0 I : ret_from_fork+0x10/0x1c
01-01 00:01:09.680 0 0 E : INFO: trying to register non-static key.
01-01 00:01:09.685 0 0 E : the code is fine but needs lockdep annotation.
01-01 00:01:09.691 0 0 I : CPU: 4 PID: 337 Comm: kworker/u16:14 Tainted: G S W O 4.19.157+ #1
01-01 00:01:09.691 0 0 I Hardware name: Qualcomm Technologies, Inc. kona MTP-RmPM8150b (DT)
01-01 00:01:09.691 0 0 I Workqueue: events_unbound ion_system_secure_heap_prefetch_work
01-01 00:01:09.691 0 0 I Call trace:
01-01 00:01:09.691 0 0 I : dump_backtrace+0x0/0x258
01-01 00:01:09.691 0 0 I : show_stack+0x20/0x30
01-01 00:01:09.691 0 0 I : dump_stack+0xd8/0x12c
01-01 00:01:09.691 0 0 I : register_lock_class+0x4d0/0x5c8
01-01 00:01:09.691 0 0 I : __lock_acquire+0xbc/0x1e58
01-01 00:01:09.691 0 0 I : lock_acquire+0x1cc/0x218
01-01 00:01:09.691 0 0 I : _raw_spin_lock_irqsave+0x54/0x98
01-01 00:01:09.691 0 0 I : ion_system_secure_heap_prefetch_work+0x94/0x2c0
01-01 00:01:09.691 0 0 I : process_one_work+0x38c/0x660
01-01 00:01:09.691 0 0 I : worker_thread+0x268/0x4b8
01-01 00:01:09.691 0 0 I : kthread+0x140/0x150
01-01 00:01:09.691 0 0 I : ret_from_fork+0x10/0x1c
01-01 00:01:09.705 0 0 I msm_vidc: high: 00000001: ....d: Opening video instance: ffffffd6d1418000, 1
01-01 00:01:09.707 0 0 E : INFO: trying to register non-static key.
01-01 00:01:09.712 0 0 E : the code is fine but needs lockdep annotation.
01-01 00:01:09.718 0 0 I : CPU: 4 PID: 337 Comm: kworker/u16:14 Tainted: G S W O 4.19.157+ #1
01-01 00:01:09.718 0 0 I Hardware name: Qualcomm Technologies, Inc. kona MTP-RmPM8150b (DT)
01-01 00:01:09.718 0 0 I Workqueue: events_unbound ion_system_secure_heap_prefetch_work
01-01 00:01:09.718 0 0 I Call trace:
01-01 00:01:09.718 0 0 I : dump_backtrace+0x0/0x258
01-01 00:01:09.718 0 0 I : show_stack+0x20/0x30
01-01 00:01:09.718 0 0 I : dump_stack+0xd8/0x12c
01-01 00:01:09.718 0 0 I : register_lock_class+0x4d0/0x5c8
01-01 00:01:09.718 0 0 I : __lock_acquire+0xbc/0x1e58
01-01 00:01:09.718 0 0 I : lock_acquire+0x1cc/0x218
01-01 00:01:09.718 0 0 I : _raw_spin_lock_irqsave+0x54/0x98
01-01 00:01:09.718 0 0 I : ion_system_secure_heap_prefetch_work+0x94/0x2c0
01-01 00:01:09.718 0 0 I : process_one_work+0x38c/0x660
01-01 00:01:09.718 0 0 I : worker_thread+0x268/0x4b8
01-01 00:01:09.718 0 0 I : kthread+0x140/0x150
01-01 00:01:09.718 0 0 I : ret_from_fork+0x10/0x1c
01-01 00:01:09.743 0 0 I msm_vidc: high: 00000001: vp8d: Closed video instance: ffffffd6d1418000
01-01 00:01:09.748 0 0 E : INFO: trying to register non-static key.
01-01 00:01:09.754 0 0 E : the code is fine but needs lockdep annotation.
01-01 00:01:09.759 0 0 I : CPU: 4 PID: 337 Comm: kworker/u16:14 Tainted: G S W O 4.19.157+ #1
01-01 00:01:09.759 0 0 I Hardware name: Qualcomm Technologies, Inc. kona MTP-RmPM8150b (DT)
01-01 00:01:09.759 0 0 I Workqueue: events_unbound ion_system_secure_heap_prefetch_work
01-01 00:01:09.759 0 0 I Call trace:
01-01 00:01:09.759 0 0 I : dump_backtrace+0x0/0x258
01-01 00:01:09.759 0 0 I : show_stack+0x20/0x30
01-01 00:01:09.759 0 0 I : dump_stack+0xd8/0x12c
01-01 00:01:09.759 0 0 I : register_lock_class+0x4d0/0x5c8
01-01 00:01:09.759 0 0 I : __lock_acquire+0xbc/0x1e58
01-01 00:01:09.759 0 0 I : lock_acquire+0x1cc/0x218
01-01 00:01:09.759 0 0 I : _raw_spin_lock_irqsave+0x54/0x98
01-01 00:01:09.759 0 0 I : ion_system_secure_heap_prefetch_work+0x94/0x2c0
01-01 00:01:09.759 0 0 I : process_one_work+0x38c/0x660
01-01 00:01:09.759 0 0 I : worker_thread+0x268/0x4b8
01-01 00:01:09.759 0 0 I : kthread+0x140/0x150
01-01 00:01:09.759 0 0 I : ret_from_fork+0x10/0x1c
01-01 00:01:09.762 0 0 I perfetto: enabled ftrace
01-01 00:01:09.768 0 0 E : INFO: trying to register non-static key.
01-01 00:01:09.773 0 0 E : the code is fine but needs lockdep annotation.
01-01 00:01:09.778 0 0 I : CPU: 4 PID: 337 Comm: kworker/u16:14 Tainted: G S W O 4.19.157+ #1
01-01 00:01:09.778 0 0 I Hardware name: Qualcomm Technologies, Inc. kona MTP-RmPM8150b (DT)
01-01 00:01:09.778 0 0 I Workqueue: events_unbound ion_system_secure_heap_prefetch_work
01-01 00:01:09.778 0 0 I Call trace:
01-01 00:01:09.778 0 0 I : dump_backtrace+0x0/0x258
01-01 00:01:09.778 0 0 I : show_stack+0x20/0x30
01-01 00:01:09.778 0 0 I : dump_stack+0xd8/0x12c
01-01 00:01:09.778 0 0 I : register_lock_class+0x4d0/0x5c8
01-01 00:01:09.778 0 0 I : __lock_acquire+0xbc/0x1e58
01-01 00:01:09.778 0 0 I : lock_acquire+0x1cc/0x218
01-01 00:01:09.778 0 0 I : _raw_spin_lock_irqsave+0x54/0x98
01-01 00:01:09.778 0 0 I : ion_system_secure_heap_prefetch_work+0x94/0x2c0
01-01 00:01:09.778 0 0 I : process_one_work+0x38c/0x660
01-01 00:01:09.778 0 0 I : worker_thread+0x268/0x4b8
01-01 00:01:09.778 0 0 I : kthread+0x140/0x150
01-01 00:01:09.778 0 0 I : ret_from_fork+0x10/0x1c
01-01 00:01:09.780 0 0 I cnss-daemon: DMS thread joined succesfully
01-01 00:01:09.780 0 0 I cnss-daemon: wlfw_stop: Stop done: 0
01-01 00:01:09.780 0 0 I cnss-daemon: wlfw_start: Starting
01-01 00:01:09.782 0 0 E : INFO: trying to register non-static key.
01-01 00:01:09.784 0 0 I binder : 2224:2224 ioctl 40046210 7fd97147c4 returned -22
01-01 00:01:09.787 0 0 E : the code is fine but needs lockdep annotation.
01-01 00:01:09.787 0 0 I : CPU: 4 PID: 337 Comm: kworker/u16:14 Tainted: G S W O 4.19.157+ #1
01-01 00:01:09.787 0 0 I Hardware name: Qualcomm Technologies, Inc. kona MTP-RmPM8150b (DT)
01-01 00:01:09.787 0 0 I Workqueue: events_unbound ion_system_secure_heap_prefetch_work
01-01 00:01:09.787 0 0 I Call trace:
01-01 00:01:09.787 0 0 I : dump_backtrace+0x0/0x258
01-01 00:01:09.787 0 0 I : show_stack+0x20/0x30
01-01 00:01:09.787 0 0 I : dump_stack+0xd8/0x12c
01-01 00:01:09.787 0 0 I : register_lock_class+0x4d0/0x5c8
01-01 00:01:09.787 0 0 I : __lock_acquire+0xbc/0x1e58
01-01 00:01:09.787 0 0 I : lock_acquire+0x1cc/0x218
01-01 00:01:09.787 0 0 I : _raw_spin_lock_irqsave+0x54/0x98
01-01 00:01:09.787 0 0 I : ion_system_secure_heap_prefetch_work+0x94/0x2c0
01-01 00:01:09.787 0 0 I : process_one_work+0x38c/0x660
01-01 00:01:09.787 0 0 I : worker_thread+0x268/0x4b8
01-01 00:01:09.787 0 0 I : kthread+0x140/0x150
01-01 00:01:09.787 0 0 I : ret_from_fork+0x10/0x1c
01-01 00:01:09.788 0 0 I cnss-daemon: wlfw_service_request: Start the pthread: 0x0K
01-01 00:01:09.791 0 0 E : INFO: trying to register non-static key.
01-01 00:01:09.798 0 0 E : the code is fine but needs lockdep annotation.
01-01 00:01:09.804 0 0 I : CPU: 4 PID: 337 Comm: kworker/u16:14 Tainted: G S W O 4.19.157+ #1
01-01 00:01:09.804 0 0 I Hardware name: Qualcomm Technologies, Inc. kona MTP-RmPM8150b (DT)
01-01 00:01:09.804 0 0 I Workqueue: events_unbound ion_system_secure_heap_prefetch_work
01-01 00:01:09.804 0 0 I Call trace:
01-01 00:01:09.804 0 0 I : dump_backtrace+0x0/0x258
01-01 00:01:09.804 0 0 I : show_stack+0x20/0x30
01-01 00:01:09.804 0 0 I : dump_stack+0xd8/0x12c
01-01 00:01:09.804 0 0 I : register_lock_class+0x4d0/0x5c8
01-01 00:01:09.804 0 0 I : __lock_acquire+0xbc/0x1e58
01-01 00:01:09.804 0 0 I : lock_acquire+0x1cc/0x218
01-01 00:01:09.804 0 0 I : _raw_spin_lock_irqsave+0x54/0x98
01-01 00:01:09.804 0 0 I : ion_system_secure_heap_prefetch_work+0x94/0x2c0
01-01 00:01:09.804 0 0 I : process_one_work+0x38c/0x660
01-01 00:01:09.804 0 0 I : worker_thread+0x268/0x4b8
01-01 00:01:09.804 0 0 I : kthread+0x140/0x150
01-01 00:01:09.804 0 0 I : ret_from_fork+0x10/0x1c
01-01 00:01:09.804 0 0 I cnss-daemon: ro.baseband : [apq]
01-01 00:01:09.804 0 0 I cnss-daemon: Hardware supports external modem
01-01 00:01:09.827 0 0 I binder : 2235:2235 ioctl 40046210 7fd97147c4 returned -22
01-01 00:01:09.827 0 0 E : INFO: trying to register non-static key.
01-01 00:01:09.832 0 0 E : the code is fine but needs lockdep annotation.
01-01 00:01:09.838 0 0 I : CPU: 4 PID: 337 Comm: kworker/u16:14 Tainted: G S W O 4.19.157+ #1
01-01 00:01:09.838 0 0 I Hardware name: Qualcomm Technologies, Inc. kona MTP-RmPM8150b (DT)
01-01 00:01:09.838 0 0 I Workqueue: events_unbound ion_system_secure_heap_prefetch_work
01-01 00:01:09.838 0 0 I Call trace:
01-01 00:01:09.838 0 0 I : dump_backtrace+0x0/0x258
01-01 00:01:09.838 0 0 I : show_stack+0x20/0x30
01-01 00:01:09.838 0 0 I : dump_stack+0xd8/0x12c
01-01 00:01:09.838 0 0 I : register_lock_class+0x4d0/0x5c8
01-01 00:01:09.838 0 0 I : __lock_acquire+0xbc/0x1e58
01-01 00:01:09.838 0 0 I : lock_acquire+0x1cc/0x218
01-01 00:01:09.838 0 0 I : _raw_spin_lock_irqsave+0x54/0x98
01-01 00:01:09.838 0 0 I : ion_system_secure_heap_prefetch_work+0x94/0x2c0
01-01 00:01:09.838 0 0 I : process_one_work+0x38c/0x660
01-01 00:01:09.838 0 0 I : worker_thread+0x268/0x4b8
01-01 00:01:09.838 0 0 I : kthread+0x140/0x150
01-01 00:01:09.838 0 0 I : ret_from_fork+0x10/0x1c
08-23 17:43:01.599 1155 2029 D CompatibilityChangeReporter: Compat change id reported: 168419799; UID 1068; state: DISABLED
08-23 17:43:01.615 1155 1155 W BluetoothManagerService: bindBluetoothProfileService:Trying to bind to profile: 1, while Bluetooth is disabled
08-23 17:43:01.621 1155 1155 I Telecom : SystemStateHelper: Registering broadcast receiver: android.content.IntentFilter@5509033: TS.init@AAA
08-23 17:43:01.621 1155 1155 I Telecom : SystemStateHelper: Registering broadcast receiver: android.content.IntentFilter@9af1ff0: TS.init@AAA
08-23 17:43:01.621 1155 2294 I Telecom : BluetoothRouteManager: getBluetoothAudioConnectedDevice: no service available.
08-23 17:43:01.627 1885 1885 D SystemUIBootTiming: StartServicescom.android.systemui.volume.VolumeUI took to complete: 170ms
08-23 17:43:01.628 1155 2029 D CompatibilityChangeReporter: Compat change id reported: 168419799; UID 1000; state: DISABLED
01-01 00:01:09.858 0 0 E : INFO: trying to register non-static key.
01-01 00:01:09.863 0 0 E : the code is fine but needs lockdep annotation.
01-01 00:01:09.869 0 0 I : CPU: 4 PID: 337 Comm: kworker/u16:14 Tainted: G S W O 4.19.157+ #1
01-01 00:01:09.869 0 0 I Hardware name: Qualcomm Technologies, Inc. kona MTP-RmPM8150b (DT)
01-01 00:01:09.869 0 0 I Workqueue: events_unbound ion_system_secure_heap_prefetch_work
01-01 00:01:09.869 0 0 I Call trace:
01-01 00:01:09.869 0 0 I : dump_backtrace+0x0/0x258
01-01 00:01:09.869 0 0 I : show_stack+0x20/0x30
01-01 00:01:09.869 0 0 I : dump_stack+0xd8/0x12c
01-01 00:01:09.869 0 0 I : register_lock_class+0x4d0/0x5c8
01-01 00:01:09.869 0 0 I : __lock_acquire+0xbc/0x1e58
01-01 00:01:09.869 0 0 I : lock_acquire+0x1cc/0x218
01-01 00:01:09.869 0 0 I : _raw_spin_lock_irqsave+0x54/0x98
01-01 00:01:09.869 0 0 I : ion_system_secure_heap_prefetch_work+0x94/0x2c0
01-01 00:01:09.869 0 0 I : process_one_work+0x38c/0x660
01-01 00:01:09.869 0 0 I : worker_thread+0x268/0x4b8
01-01 00:01:09.869 0 0 I : kthread+0x140/0x150
01-01 00:01:09.869 0 0 I : ret_from_fork+0x10/0x1c
01-01 00:01:09.876 0 0 I msm_vidc: high: 00000001: ....d: Opening video instance: ffffffd6d11a8000, 1
01-01 00:01:09.889 0 0 I binder : 2272:2272 ioctl 40046210 7fd97147c4 returned -22
01-01 00:01:09.892 0 0 E : INFO: trying to register non-static key.
01-01 00:01:09.897 0 0 E : the code is fine but needs lockdep annotation.
01-01 00:01:09.902 0 0 I : CPU: 4 PID: 337 Comm: kworker/u16:14 Tainted: G S W O 4.19.157+ #1
01-01 00:01:09.902 0 0 I Hardware name: Qualcomm Technologies, Inc. kona MTP-RmPM8150b (DT)
01-01 00:01:09.903 0 0 I Workqueue: events_unbound ion_system_secure_heap_prefetch_work
01-01 00:01:09.903 0 0 I Call trace:
01-01 00:01:09.903 0 0 I : dump_backtrace+0x0/0x258
01-01 00:01:09.903 0 0 I : show_stack+0x20/0x30
01-01 00:01:09.903 0 0 I : dump_stack+0xd8/0x12c
01-01 00:01:09.903 0 0 I : register_lock_class+0x4d0/0x5c8
01-01 00:01:09.903 0 0 I : __lock_acquire+0xbc/0x1e58
