08-23 17:43:05.137 561 561 D vold : Waiting for sdcardfs to spin up...
08-23 17:43:05.166 1155 2055 D CompatibilityChangeReporter: Compat change id reported: 135634846; UID 10029; state: DISABLED
08-23 17:43:05.167 1155 2055 D CompatibilityChangeReporter: Compat change id reported: 177438394; UID 10029; state: DISABLED
08-23 17:43:05.167 1155 2055 D CompatibilityChangeReporter: Compat change id reported: 135772972; UID 10029; state: DISABLED
08-23 17:43:05.167 1155 2055 D CompatibilityChangeReporter: Compat change id reported: 135754954; UID 10029; state: ENABLED
08-23 17:43:05.167 1155 1232 D CompatibilityChangeReporter: Compat change id reported: 143937733; UID 10029; state: ENABLED
08-23 17:43:05.186 1155 1231 W SystemServiceManager: Service com.android.server.StorageManagerService$Lifecycle took 170 ms in onUnlockingUser-0
08-23 17:43:05.186 1155 1231 D SystemServerTimingAsync: ssm.onUnlockingUser-0_com.android.server.StorageManagerService$Lifecycle took to complete: 170ms
08-23 17:43:05.186 1155 1231 I SystemServerTimingAsync: ssm.onUnlockingUser-0_com.android.server.usage.StorageStatsService$Lifecycle
08-23 17:43:05.186 1155 1231 D SystemServerTimingAsync: ssm.onUnlockingUser-0_com.android.server.usage.StorageStatsService$Lifecycle took to complete: 0ms
08-23 17:43:05.186 1155 1231 I SystemServerTimingAsync: ssm.onUnlockingUser-0_com.android.server.UiModeManagerService
08-23 17:43:05.186 1155 1231 D SystemServerTimingAsync: ssm.onUnlockingUser-0_com.android.server.UiModeManagerService took to complete: 0ms
08-23 17:43:05.186 1155 1231 I SystemServerTimingAsync: ssm.onUnlockingUser-0_com.android.server.locksettings.LockSettingsService$Lifecycle
08-23 17:43:05.186 1155 1231 D SystemServerTimingAsync: ssm.onUnlockingUser-0_com.android.server.locksettings.LockSettingsService$Lifecycle took to complete: 0ms
08-23 17:43:05.187 1155 1231 I SystemServerTimingAsync: ssm.onUnlockingUser-0_com.android.server.PersistentDataBlockService
08-23 17:43:05.187 1155 1231 D SystemServerTimingAsync: ssm.onUnlockingUser-0_com.android.server.PersistentDataBlockService took to complete: 0ms
08-23 17:43:05.187 1155 1231 I SystemServerTimingAsync: ssm.onUnlockingUser-0_com.android.server.testharness.TestHarnessModeService
08-23 17:43:05.187 1155 1231 D SystemServerTimingAsync: ssm.onUnlockingUser-0_com.android.server.testharness.TestHarnessModeService took to complete: 0ms
08-23 17:43:05.187 1155 1231 I SystemServerTimingAsync: ssm.onUnlockingUser-0_com.android.server.oemlock.OemLockService
08-23 17:43:05.187 1155 1231 D SystemServerTimingAsync: ssm.onUnlockingUser-0_com.android.server.oemlock.OemLockService took to complete: 0ms
08-23 17:43:05.187 1155 1231 I SystemServerTimingAsync: ssm.onUnlockingUser-0_com.android.server.DeviceIdleController
08-23 17:43:05.187 1155 1231 D SystemServerTimingAsync: ssm.onUnlockingUser-0_com.android.server.DeviceIdleController took to complete: 0ms
08-23 17:43:05.187 1155 1231 I SystemServerTimingAsync: ssm.onUnlockingUser-0_com.android.server.devicepolicy.DevicePolicyManagerService$Lifecycle
08-23 17:43:05.187 1155 1231 D SystemServerTimingAsync: ssm.onUnlockingUser-0_com.android.server.devicepolicy.DevicePolicyManagerService$Lifecycle took to complete: 0ms
08-23 17:43:05.187 1155 1231 I SystemServerTimingAsync: ssm.onUnlockingUser-0_com.android.server.texttospeech.TextToSpeechManagerService
08-23 17:43:05.187 1155 1231 D SystemServerTimingAsync: ssm.onUnlockingUser-0_com.android.server.texttospeech.TextToSpeechManagerService took to complete: 0ms
08-23 17:43:05.187 1155 1231 I SystemServerTimingAsync: ssm.onUnlockingUser-0_com.android.server.speech.SpeechRecognitionManagerService
08-23 17:43:05.188 1155 1231 D SystemServerTimingAsync: ssm.onUnlockingUser-0_com.android.server.speech.SpeechRecognitionManagerService took to complete: 0ms
08-23 17:43:05.188 1155 1231 I SystemServerTimingAsync: ssm.onUnlockingUser-0_com.android.server.searchui.SearchUiManagerService
08-23 17:43:05.188 1155 1231 D SystemServerTimingAsync: ssm.onUnlockingUser-0_com.android.server.searchui.SearchUiManagerService took to complete: 0ms
08-23 17:43:05.188 1155 1231 I SystemServerTimingAsync: ssm.onUnlockingUser-0_com.android.server.smartspace.SmartspaceManagerService
08-23 17:43:05.188 1155 1231 D SystemServerTimingAsync: ssm.onUnlockingUser-0_com.android.server.smartspace.SmartspaceManagerService took to complete: 0ms
08-23 17:43:05.188 1155 1231 I SystemServerTimingAsync: ssm.onUnlockingUser-0_com.android.server.graphics.fonts.FontManagerService$Lifecycle
08-23 17:43:05.188 1155 1231 D SystemServerTimingAsync: ssm.onUnlockingUser-0_com.android.server.graphics.fonts.FontManagerService$Lifecycle took to complete: 0ms
08-23 17:43:05.188 1155 1231 I SystemServerTimingAsync: ssm.onUnlockingUser-0_com.android.server.textservices.TextServicesManagerService$Lifecycle
08-23 17:43:05.190 1155 1231 D SystemServerTimingAsync: ssm.onUnlockingUser-0_com.android.server.textservices.TextServicesManagerService$Lifecycle took to complete: 1ms
08-23 17:43:05.190 1155 1231 I SystemServerTimingAsync: ssm.onUnlockingUser-0_com.android.server.textclassifier.TextClassificationManagerService$Lifecycle
08-23 17:43:05.190 1155 1231 D SystemServerTimingAsync: ssm.onUnlockingUser-0_com.android.server.textclassifier.TextClassificationManagerService$Lifecycle took to complete: 0ms
08-23 17:43:05.190 1155 1231 I SystemServerTimingAsync: ssm.onUnlockingUser-0_com.android.server.NetworkScoreService$Lifecycle
08-23 17:43:05.190 1155 1231 D SystemServerTimingAsync: ssm.onUnlockingUser-0_com.android.server.NetworkScoreService$Lifecycle took to complete: 0ms
08-23 17:43:05.190 1155 1231 I SystemServerTimingAsync: ssm.onUnlockingUser-0_com.android.server.wifi.WifiService
08-23 17:43:05.191 1155 1231 D SystemServerTimingAsync: ssm.onUnlockingUser-0_com.android.server.wifi.WifiService took to complete: 0ms
08-23 17:43:05.191 1155 1231 I SystemServerTimingAsync: ssm.onUnlockingUser-0_com.android.server.wifi.scanner.WifiScanningService
08-23 17:43:05.191 1155 1231 D SystemServerTimingAsync: ssm.onUnlockingUser-0_com.android.server.wifi.scanner.WifiScanningService took to complete: 0ms
08-23 17:43:05.191 1155 1231 I SystemServerTimingAsync: ssm.onUnlockingUser-0_com.android.server.wifi.rtt.RttService
08-23 17:43:05.191 1155 1231 D SystemServerTimingAsync: ssm.onUnlockingUser-0_com.android.server.wifi.rtt.RttService took to complete: 0ms
08-23 17:43:05.191 1155 1231 I SystemServerTimingAsync: ssm.onUnlockingUser-0_com.android.server.wifi.aware.WifiAwareService
08-23 17:43:05.191 1155 1231 D SystemServerTimingAsync: ssm.onUnlockingUser-0_com.android.server.wifi.aware.WifiAwareService took to complete: 0ms
08-23 17:43:05.191 1155 1231 I SystemServerTimingAsync: ssm.onUnlockingUser-0_com.android.server.wifi.p2p.WifiP2pService
08-23 17:43:05.191 1155 1231 D SystemServerTimingAsync: ssm.onUnlockingUser-0_com.android.server.wifi.p2p.WifiP2pService took to complete: 0ms
08-23 17:43:05.191 1155 1231 I SystemServerTimingAsync: ssm.onUnlockingUser-0_com.android.server.ethernet.EthernetService
08-23 17:43:05.191 1155 1231 D SystemServerTimingAsync: ssm.onUnlockingUser-0_com.android.server.ethernet.EthernetService took to complete: 0ms
08-23 17:43:05.191 1155 1231 I SystemServerTimingAsync: ssm.onUnlockingUser-0_com.android.server.ConnectivityServiceInitializer
08-23 17:43:05.191 1155 1231 D SystemServerTimingAsync: ssm.onUnlockingUser-0_com.android.server.ConnectivityServiceInitializer took to complete: 0ms
08-23 17:43:05.191 1155 1231 I SystemServerTimingAsync: ssm.onUnlockingUser-0_com.android.server.notification.NotificationManagerService
08-23 17:43:05.191 1155 1231 D SystemServerTimingAsync: ssm.onUnlockingUser-0_com.android.server.notification.NotificationManagerService took to complete: 0ms
08-23 17:43:05.191 1155 1231 I SystemServerTimingAsync: ssm.onUnlockingUser-0_com.android.server.storage.DeviceStorageMonitorService
08-23 17:43:05.192 1155 1231 D SystemServerTimingAsync: ssm.onUnlockingUser-0_com.android.server.storage.DeviceStorageMonitorService took to complete: 0ms
08-23 17:43:05.192 1155 1231 I SystemServerTimingAsync: ssm.onUnlockingUser-0_com.android.server.location.LocationManagerService$Lifecycle
08-23 17:43:05.192 1155 1231 D SystemServerTimingAsync: ssm.onUnlockingUser-0_com.android.server.location.LocationManagerService$Lifecycle took to complete: 0ms
08-23 17:43:05.192 1155 1231 I SystemServerTimingAsync: ssm.onUnlockingUser-0_com.android.server.timedetector.TimeDetectorService$Lifecycle
08-23 17:43:05.192 1155 1231 D SystemServerTimingAsync: ssm.onUnlockingUser-0_com.android.server.timedetector.TimeDetectorService$Lifecycle took to complete: 0ms
08-23 17:43:05.192 1155 1231 I SystemServerTimingAsync: ssm.onUnlockingUser-0_com.android.server.timezonedetector.TimeZoneDetectorService$Lifecycle
08-23 17:43:05.192 1155 1231 D SystemServerTimingAsync: ssm.onUnlockingUser-0_com.android.server.timezonedetector.TimeZoneDetectorService$Lifecycle took to complete: 0ms
08-23 17:43:05.192 1155 1231 I SystemServerTimingAsync: ssm.onUnlockingUser-0_com.android.server.timezonedetector.location.LocationTimeZoneManagerService$Lifecycle
08-23 17:43:05.192 1155 1231 D SystemServerTimingAsync: ssm.onUnlockingUser-0_com.android.server.timezonedetector.location.LocationTimeZoneManagerService$Lifecycle took to complete: 0ms
08-23 17:43:05.192 1155 1231 I SystemServerTimingAsync: ssm.onUnlockingUser-0_com.android.server.search.SearchManagerService$Lifecycle
08-23 17:43:05.192 1155 1155 I NotificationHistory: Attempted to unlock gone/disabled user 0
08-23 17:43:05.192 1155 1231 D SystemServerTimingAsync: ssm.onUnlockingUser-0_com.android.server.search.SearchManagerService$Lifecycle took to complete: 0ms
08-23 17:43:05.192 1155 1231 I SystemServerTimingAsync: ssm.onUnlockingUser-0_com.android.server.wallpaper.WallpaperManagerService$Lifecycle
08-23 17:43:05.192 1155 1231 I WallpaperManagerService: on-unlock-user-0
08-23 17:43:05.193 1155 1231 D WallpaperManagerService: on-unlock-user-0 took to complete: 0ms
08-23 17:43:05.193 1155 1231 D SystemServerTimingAsync: ssm.onUnlockingUser-0_com.android.server.wallpaper.WallpaperManagerService$Lifecycle took to complete: 0ms
08-23 17:43:05.193 1155 1231 I SystemServerTimingAsync: ssm.onUnlockingUser-0_com.android.server.audio.AudioService$Lifecycle
08-23 17:43:05.193 1155 1231 D SystemServerTimingAsync: ssm.onUnlockingUser-0_com.android.server.audio.AudioService$Lifecycle took to complete: 0ms
08-23 17:43:05.193 1155 1231 I SystemServerTimingAsync: ssm.onUnlockingUser-0_com.android.server.soundtrigger_middleware.SoundTriggerMiddlewareService$Lifecycle
08-23 17:43:05.193 1155 1231 D SystemServerTimingAsync: ssm.onUnlockingUser-0_com.android.server.soundtrigger_middleware.SoundTriggerMiddlewareService$Lifecycle took to complete: 0ms
08-23 17:43:05.193 1155 1231 I SystemServerTimingAsync: ssm.onUnlockingUser-0_com.android.server.DockObserver
08-23 17:43:05.193 1155 1231 D SystemServerTimingAsync: ssm.onUnlockingUser-0_com.android.server.DockObserver took to complete: 0ms
08-23 17:43:05.193 1155 1231 I SystemServerTimingAsync: ssm.onUnlockingUser-0_com.android.server.midi.MidiService$Lifecycle
08-23 17:43:05.193 1155 1231 D SystemServerTimingAsync: ssm.onUnlockingUser-0_com.android.server.midi.MidiService$Lifecycle took to complete: 0ms
08-23 17:43:05.193 1155 1231 I SystemServerTimingAsync: ssm.onUnlockingUser-0_com.android.server.adb.AdbService$Lifecycle
08-23 17:43:05.193 1155 1231 D SystemServerTimingAsync: ssm.onUnlockingUser-0_com.android.server.adb.AdbService$Lifecycle took to complete: 0ms
08-23 17:43:05.193 1155 1231 I SystemServerTimingAsync: ssm.onUnlockingUser-0_com.android.server.usb.UsbService$Lifecycle
08-23 17:43:05.194 1155 1231 D SystemServerTimingAsync: ssm.onUnlockingUser-0_com.android.server.usb.UsbService$Lifecycle took to complete: 0ms
08-23 17:43:05.194 1155 1231 I SystemServerTimingAsync: ssm.onUnlockingUser-0_com.android.server.twilight.TwilightService
08-23 17:43:05.194 1155 1231 D SystemServerTimingAsync: ssm.onUnlockingUser-0_com.android.server.twilight.TwilightService took to complete: 0ms
08-23 17:43:05.194 1155 1231 I SystemServerTimingAsync: ssm.onUnlockingUser-0_com.android.server.display.color.ColorDisplayService
08-23 17:43:05.194 1155 1231 D SystemServerTimingAsync: ssm.onUnlockingUser-0_com.android.server.display.color.ColorDisplayService took to complete: 0ms
08-23 17:43:05.194 1155 1231 I SystemServerTimingAsync: ssm.onUnlockingUser-0_com.android.server.job.JobSchedulerService
08-23 17:43:05.194 1155 1231 D SystemServerTimingAsync: ssm.onUnlockingUser-0_com.android.server.job.JobSchedulerService took to complete: 0ms
08-23 17:43:05.194 1155 1231 I SystemServerTimingAsync: ssm.onUnlockingUser-0_com.android.server.soundtrigger.SoundTriggerService
08-23 17:43:05.194 1155 1231 D SystemServerTimingAsync: ssm.onUnlockingUser-0_com.android.server.soundtrigger.SoundTriggerService took to complete: 0ms
08-23 17:43:05.194 1155 1231 I SystemServerTimingAsync: ssm.onUnlockingUser-0_com.android.server.trust.TrustManagerService
08-23 17:43:05.194 1155 1231 D SystemServerTimingAsync: ssm.onUnlockingUser-0_com.android.server.trust.TrustManagerService took to complete: 0ms
08-23 17:43:05.194 1155 1231 I SystemServerTimingAsync: ssm.onUnlockingUser-0_com.android.server.backup.BackupManagerService$Lifecycle
08-23 17:43:05.195 1155 1231 D SystemServerTimingAsync: ssm.onUnlockingUser-0_com.android.server.backup.BackupManagerService$Lifecycle took to complete: 0ms
08-23 17:43:05.195 1155 1231 I SystemServerTimingAsync: ssm.onUnlockingUser-0_com.android.server.appwidget.AppWidgetService
08-23 17:43:05.195 1155 1231 D SystemServerTimingAsync: ssm.onUnlockingUser-0_com.android.server.appwidget.AppWidgetService took to complete: 0ms
08-23 17:43:05.195 1155 1231 I SystemServerTimingAsync: ssm.onUnlockingUser-0_com.android.server.voiceinteraction.VoiceInteractionManagerService
08-23 17:43:05.210 561 561 I vold : Mounting emulated fuse volume
08-23 17:43:05.210 1155 1231 W VoiceInteractionManager: no available voice recognition services found for user 0
08-23 17:43:05.212 1155 1231 D SystemServerTimingAsync: ssm.onUnlockingUser-0_com.android.server.voiceinteraction.VoiceInteractionManagerService took to complete: 17ms
08-23 17:43:05.219 1155 1231 I SystemServerTimingAsync: ssm.onUnlockingUser-0_com.android.server.apphibernation.AppHibernationService
08-23 17:43:05.219 1155 1833 I BackupManagerService: Starting service for user: 0
08-23 17:43:05.219 1155 1231 D SystemServerTimingAsync: ssm.onUnlockingUser-0_com.android.server.apphibernation.AppHibernationService took to complete: 0ms
08-23 17:43:05.219 1155 1231 I SystemServerTimingAsync: ssm.onUnlockingUser-0_com.android.server.GestureLauncherService
08-23 17:43:05.220 1155 1231 D SystemServerTimingAsync: ssm.onUnlockingUser-0_com.android.server.GestureLauncherService took to complete: 0ms
08-23 17:43:05.220 1155 2583 I HibernationStateDiskStore: No hibernation file on disk for file /data/system_ce/0/hibernation/states
08-23 17:43:05.220 1155 1231 I SystemServerTimingAsync: ssm.onUnlockingUser-0_com.android.server.SensorNotificationService
08-23 17:43:05.220 1155 1231 D SystemServerTimingAsync: ssm.onUnlockingUser-0_com.android.server.SensorNotificationService took to complete: 0ms
08-23 17:43:05.220 1155 1231 I SystemServerTimingAsync: ssm.onUnlockingUser-0_com.android.server.emergency.EmergencyAffordanceService
08-23 17:43:05.221 1155 1231 D SystemServerTimingAsync: ssm.onUnlockingUser-0_com.android.server.emergency.EmergencyAffordanceService took to complete: 0ms
08-23 17:43:05.221 1155 1231 I SystemServerTimingAsync: ssm.onUnlockingUser-0_com.android.server.blob.BlobStoreManagerService
08-23 17:43:05.221 1155 1231 D SystemServerTimingAsync: ssm.onUnlockingUser-0_com.android.server.blob.BlobStoreManagerService took to complete: 0ms
08-23 17:43:05.221 1155 1231 I SystemServerTimingAsync: ssm.onUnlockingUser-0_com.android.server.dreams.DreamManagerService
08-23 17:43:05.221 1155 1231 D SystemServerTimingAsync: ssm.onUnlockingUser-0_com.android.server.dreams.DreamManagerService took to complete: 0ms
08-23 17:43:05.221 1155 1231 I SystemServerTimingAsync: ssm.onUnlockingUser-0_com.android.server.companion.CompanionDeviceManagerService
08-23 17:43:05.221 1155 1231 D SystemServerTimingAsync: ssm.onUnlockingUser-0_com.android.server.companion.CompanionDeviceManagerService took to complete: 0ms
08-23 17:43:05.221 1155 1231 I SystemServerTimingAsync: ssm.onUnlockingUser-0_com.android.server.restrictions.RestrictionsManagerService
08-23 17:43:05.222 1155 1231 D SystemServerTimingAsync: ssm.onUnlockingUser-0_com.android.server.restrictions.RestrictionsManagerService took to complete: 0ms
08-23 17:43:05.222 1155 1231 I SystemServerTimingAsync: ssm.onUnlockingUser-0_com.android.server.media.MediaSessionService
08-23 17:43:05.222 1155 1231 D SystemServerTimingAsync: ssm.onUnlockingUser-0_com.android.server.media.MediaSessionService took to complete: 0ms
08-23 17:43:05.222 1155 1231 I SystemServerTimingAsync: ssm.onUnlockingUser-0_com.android.server.media.MediaResourceMonitorService
08-23 17:43:05.222 1155 1231 D SystemServerTimingAsync: ssm.onUnlockingUser-0_com.android.server.media.MediaResourceMonitorService took to complete: 0ms
08-23 17:43:05.222 1155 1231 I SystemServerTimingAsync: ssm.onUnlockingUser-0_com.android.server.biometrics.sensors.fingerprint.FingerprintService
08-23 17:43:05.222 1155 1231 D SystemServerTimingAsync: ssm.onUnlockingUser-0_com.android.server.biometrics.sensors.fingerprint.FingerprintService took to complete: 0ms
08-23 17:43:05.222 1155 1231 I SystemServerTimingAsync: ssm.onUnlockingUser-0_com.android.server.biometrics.BiometricService
08-23 17:43:05.222 1155 1231 D SystemServerTimingAsync: ssm.onUnlockingUser-0_com.android.server.biometrics.BiometricService took to complete: 0ms
08-23 17:43:05.222 1155 1231 I SystemServerTimingAsync: ssm.onUnlockingUser-0_com.android.server.biometrics.AuthService
08-23 17:43:05.223 1155 1231 D SystemServerTimingAsync: ssm.onUnlockingUser-0_com.android.server.biometrics.AuthService took to complete: 0ms
08-23 17:43:05.223 1155 1231 I SystemServerTimingAsync: ssm.onUnlockingUser-0_com.android.server.pm.ShortcutService$Lifecycle
08-23 17:43:05.223 1155 1231 D SystemServerTimingAsync: ssm.onUnlockingUser-0_com.android.server.pm.ShortcutService$Lifecycle took to complete: 1ms
08-23 17:43:05.223 1155 1231 I SystemServerTimingAsync: ssm.onUnlockingUser-0_com.android.server.pm.LauncherAppsService
08-23 17:43:05.223 1155 1231 D SystemServerTimingAsync: ssm.onUnlockingUser-0_com.android.server.pm.LauncherAppsService took to complete: 0ms
08-23 17:43:05.223 1155 1231 I SystemServerTimingAsync: ssm.onUnlockingUser-0_com.android.server.pm.CrossProfileAppsService
08-23 17:43:05.223 1155 1231 D SystemServerTimingAsync: ssm.onUnlockingUser-0_com.android.server.pm.CrossProfileAppsService took to complete: 0ms
08-23 17:43:05.223 1155 1231 I SystemServerTimingAsync: ssm.onUnlockingUser-0_com.android.server.people.PeopleService
08-23 17:43:05.223 1155 1231 D SystemServerTimingAsync: ssm.onUnlockingUser-0_com.android.server.people.PeopleService took to complete: 0ms
08-23 17:43:05.223 1155 1231 I SystemServerTimingAsync: ssm.onUnlockingUser-0_com.android.server.media.metrics.MediaMetricsManagerService
08-23 17:43:05.223 1155 1231 D SystemServerTimingAsync: ssm.onUnlockingUser-0_com.android.server.media.metrics.MediaMetricsManagerService took to complete: 0ms
08-23 17:43:05.223 1155 1231 I SystemServerTimingAsync: ssm.onUnlockingUser-0_com.android.server.media.projection.MediaProjectionManagerService
08-23 17:43:05.224 1155 1231 D SystemServerTimingAsync: ssm.onUnlockingUser-0_com.android.server.media.projection.MediaProjectionManagerService took to complete: 0ms
08-23 17:43:05.224 1155 1231 I SystemServerTimingAsync: ssm.onUnlockingUser-0_com.android.server.slice.SliceManagerService$Lifecycle
08-23 17:43:05.224 1155 1231 D SystemServerTimingAsync: ssm.onUnlockingUser-0_com.android.server.slice.SliceManagerService$Lifecycle took to complete: 0ms
08-23 17:43:05.224 1155 1231 I SystemServerTimingAsync: ssm.onUnlockingUser-0_com.android.server.stats.StatsCompanion$Lifecycle
08-23 17:43:05.224 1155 1231 D SystemServerTimingAsync: ssm.onUnlockingUser-0_com.android.server.stats.StatsCompanion$Lifecycle took to complete: 0ms
08-23 17:43:05.224 1155 1231 I SystemServerTimingAsync: ssm.onUnlockingUser-0_com.android.server.scheduling.RebootReadinessManagerService$Lifecycle
08-23 17:43:05.224 1155 1231 D SystemServerTimingAsync: ssm.onUnlockingUser-0_com.android.server.scheduling.RebootReadinessManagerService$Lifecycle took to complete: 0ms
08-23 17:43:05.224 1155 1231 I SystemServerTimingAsync: ssm.onUnlockingUser-0_com.android.server.stats.pull.StatsPullAtomService
08-23 17:43:05.224 1155 1231 D SystemServerTimingAsync: ssm.onUnlockingUser-0_com.android.server.stats.pull.StatsPullAtomService took to complete: 0ms
08-23 17:43:05.224 1155 1231 I SystemServerTimingAsync: ssm.onUnlockingUser-0_com.android.server.incident.IncidentCompanionService
08-23 17:43:05.224 1155 1231 D SystemServerTimingAsync: ssm.onUnlockingUser-0_com.android.server.incident.IncidentCompanionService took to complete: 0ms
08-23 17:43:05.224 1155 1231 I SystemServerTimingAsync: ssm.onUnlockingUser-0_com.android.server.MmsServiceBroker
08-23 17:43:05.224 1155 1231 D SystemServerTimingAsync: ssm.onUnlockingUser-0_com.android.server.MmsServiceBroker took to complete: 0ms
08-23 17:43:05.224 1155 1231 I SystemServerTimingAsync: ssm.onUnlockingUser-0_com.android.server.autofill.AutofillManagerService
08-23 17:43:05.224 1155 1217 D AutofillUI: destroySaveUiUiThread(): already destroyed
08-23 17:43:05.224 1155 1231 D AutofillManagerServiceImpl: Reset component for user 0:
08-23 17:43:05.225 1155 1231 D FieldClassificationStrategy: reset(): service is not bound. Do nothing.
08-23 17:43:05.225 1155 1231 D SystemServerTimingAsync: ssm.onUnlockingUser-0_com.android.server.autofill.AutofillManagerService took to complete: 1ms
08-23 17:43:05.225 1155 1231 I SystemServerTimingAsync: ssm.onUnlockingUser-0_com.android.server.clipboard.ClipboardService
08-23 17:43:05.225 1155 1231 D SystemServerTimingAsync: ssm.onUnlockingUser-0_com.android.server.clipboard.ClipboardService took to complete: 0ms
08-23 17:43:05.225 1155 1231 I SystemServerTimingAsync: ssm.onUnlockingUser-0_com.android.server.appbinding.AppBindingService$Lifecycle
08-23 17:43:05.225 1155 1231 W AppBindingService: [Default SMS app] u0 Target package not found
08-23 17:43:05.225 1155 1231 D SystemServerTimingAsync: ssm.onUnlockingUser-0_com.android.server.appbinding.AppBindingService$Lifecycle took to complete: 0ms
08-23 17:43:05.225 1155 1231 I SystemServerTimingAsync: ssm.onUnlockingUser-0_com.android.server.tracing.TracingServiceProxy
08-23 17:43:05.225 1155 1231 D SystemServerTimingAsync: ssm.onUnlockingUser-0_com.android.server.tracing.TracingServiceProxy took to complete: 0ms
08-23 17:43:05.226 1155 1231 I SystemServerTimingAsync: ssm.onUnlockingUser-0_com.android.server.policy.PermissionPolicyService
08-23 17:43:05.226 1155 1231 D SystemServerTimingAsync: ssm.onUnlockingUser-0_com.android.server.policy.PermissionPolicyService took to complete: 0ms
08-23 17:43:05.226 1155 1231 I SystemServerTimingAsync: ssm.onUnlockingUser-0_com.android.server.pm.StagingManager$Lifecycle
08-23 17:43:05.226 1155 1231 D SystemServerTimingAsync: ssm.onUnlockingUser-0_com.android.server.pm.StagingManager$Lifecycle took to complete: 0ms
08-23 17:43:05.226 1155 1231 I SystemServerTimingAsync: ssm.onUnlockingUser-0_com.android.server.app.GameManagerService$Lifecycle
08-23 17:43:05.226 1155 1231 D SystemServerTimingAsync: ssm.onUnlockingUser-0_com.android.server.app.GameManagerService$Lifecycle took to complete: 0ms
08-23 17:43:05.226 1155 1231 I SystemServerTimingAsync: ssm.onUnlockingUser-0_com.android.server.appsearch.AppSearchManagerService
08-23 17:43:05.227 1155 1231 D SystemServerTimingAsync: ssm.onUnlockingUser-0_com.android.server.appsearch.AppSearchManagerService took to complete: 0ms
08-23 17:43:05.227 1155 1231 I SystemServerTimingAsync: ssm.onUnlockingUser-0_com.android.server.media.MediaCommunicationService
08-23 17:43:05.227 1155 1231 D SystemServerTimingAsync: ssm.onUnlockingUser-0_com.android.server.media.MediaCommunicationService took to complete: 0ms
08-23 17:43:05.227 1155 1231 D SystemServerTimingAsync: ssm.UnlockingUser-0 took to complete: 236ms
08-23 17:43:05.227 1155 1231 W ActivityManager: UserLifecycleEvent 5 received without an active userJourneySession.
08-23 17:43:05.227 1155 1231 W ActivityManager: UserLifecycleEvent 6 received without an active userJourneySession.
08-23 17:43:05.227 1155 1216 I ActivityTaskManager: Loading recents for user 0 into memory.
08-23 17:43:05.227 1155 1231 I ActivityManager: User 0 state changed from RUNNING_UNLOCKING to RUNNING_UNLOCKED
08-23 17:43:05.234 1155 1833 V BackupManagerService: [UserID:0] Starting with transport com.android.localtransport/.LocalTransport
08-23 17:43:05.234 1155 1231 D SystemServerTiming: SystemUserUnlock took to complete: 1457ms
08-23 17:43:05.235 1155 1833 D BackupManagerService: [UserID:0] Started thread backup-0
08-23 17:43:05.269 1155 1216 V PackageConfigPersister: loadPackages: empty list files from /data/system_ce/0/package_configs
08-23 17:43:05.273 1155 1231 D CompatibilityChangeReporter: Compat change id reported: 135634846; UID 10060; state: DISABLED
08-23 17:43:05.274 1155 1231 D CompatibilityChangeReporter: Compat change id reported: 177438394; UID 10060; state: DISABLED
08-23 17:43:05.274 1155 1231 D CompatibilityChangeReporter: Compat change id reported: 135772972; UID 10060; state: DISABLED
08-23 17:43:05.274 1155 1231 D CompatibilityChangeReporter: Compat change id reported: 135754954; UID 10060; state: ENABLED
08-23 17:43:05.275 1155 1231 D CompatibilityChangeReporter: Compat change id reported: 135634846; UID 10059; state: DISABLED
08-23 17:43:05.276 1155 1231 D CompatibilityChangeReporter: Compat change id reported: 177438394; UID 10059; state: DISABLED
08-23 17:43:05.276 1155 1231 D CompatibilityChangeReporter: Compat change id reported: 135772972; UID 10059; state: DISABLED
08-23 17:43:05.276 1155 1231 D CompatibilityChangeReporter: Compat change id reported: 135754954; UID 10059; state: ENABLED
08-23 17:43:05.277 1155 1833 E BackupPasswordManager: Unable to read backup pw version
08-23 17:43:05.279 1155 1231 D CompatibilityChangeReporter: Compat change id reported: 135634846; UID 10086; state: DISABLED
08-23 17:43:05.280 1155 1231 D CompatibilityChangeReporter: Compat change id reported: 177438394; UID 10086; state: DISABLED
08-23 17:43:05.280 1155 1231 D CompatibilityChangeReporter: Compat change id reported: 135772972; UID 10086; state: DISABLED
08-23 17:43:05.280 1155 1231 D CompatibilityChangeReporter: Compat change id reported: 135754954; UID 10086; state: DISABLED
08-23 17:43:05.287 1155 1231 D CompatibilityChangeReporter: Compat change id reported: 135634846; UID 10094; state: DISABLED
08-23 17:43:05.288 1155 1833 E BackupPasswordManager: Unable to read saved backup pw hash
08-23 17:43:05.294 1155 1231 D CompatibilityChangeReporter: Compat change id reported: 177438394; UID 10094; state: DISABLED
08-23 17:43:05.294 1155 1231 D CompatibilityChangeReporter: Compat change id reported: 135772972; UID 10094; state: DISABLED
08-23 17:43:05.294 1155 1231 D CompatibilityChangeReporter: Compat change id reported: 135754954; UID 10094; state: ENABLED
08-23 17:43:05.295 1155 1231 D CompatibilityChangeReporter: Compat change id reported: 135634846; UID 10091; state: DISABLED
08-23 17:43:05.295 1155 1231 D CompatibilityChangeReporter: Compat change id reported: 177438394; UID 10091; state: DISABLED
08-23 17:43:05.295 1155 1231 D CompatibilityChangeReporter: Compat change id reported: 135772972; UID 10091; state: DISABLED
08-23 17:43:05.295 1155 1231 D CompatibilityChangeReporter: Compat change id reported: 135754954; UID 10091; state: ENABLED
08-23 17:43:05.362 1155 1231 D SystemServerTimingAsync: ssm.onUnlockedUser-0_com.android.server.telecom.TelecomLoaderService took to complete: 0ms
08-23 17:43:05.364 1155 1231 I SystemServerTimingAsync: ssm.onUnlockedUser-0_com.android.server.accounts.AccountManagerService$Lifecycle
08-23 17:43:05.364 1155 1231 D SystemServerTimingAsync: ssm.onUnlockedUser-0_com.android.server.accounts.AccountManagerService$Lifecycle took to complete: 0ms
08-23 17:43:05.364 1155 1231 I SystemServerTimingAsync: ssm.onUnlockedUser-0_com.android.server.content.ContentService$Lifecycle
08-23 17:43:05.364 1155 1231 D SystemServerTimingAsync: ssm.onUnlockedUser-0_com.android.server.content.ContentService$Lifecycle took to complete: 0ms
08-23 17:43:05.365 1155 1231 I SystemServerTimingAsync: ssm.onUnlockedUser-0_com.android.server.DropBoxManagerService
08-23 17:43:05.365 1155 1231 D SystemServerTimingAsync: ssm.onUnlockedUser-0_com.android.server.DropBoxManagerService took to complete: 0ms
08-23 17:43:05.365 1155 1231 I SystemServerTimingAsync: ssm.onUnlockedUser-0_com.android.role.RoleService
08-23 17:43:05.365 1155 1231 D SystemServerTimingAsync: ssm.onUnlockedUser-0_com.android.role.RoleService took to complete: 0ms
08-23 17:43:05.365 1155 1231 I SystemServerTimingAsync: ssm.onUnlockedUser-0_com.android.server.vibrator.VibratorManagerService$Lifecycle
08-23 17:43:05.365 1155 1231 D SystemServerTimingAsync: ssm.onUnlockedUser-0_com.android.server.vibrator.VibratorManagerService$Lifecycle took to complete: 0ms
08-23 17:43:05.365 1155 1231 I SystemServerTimingAsync: ssm.onUnlockedUser-0_com.android.server.alarm.AlarmManagerService
08-23 17:43:05.365 1155 1231 D SystemServerTimingAsync: ssm.onUnlockedUser-0_com.android.server.alarm.AlarmManagerService took to complete: 0ms
08-23 17:43:05.365 1155 1231 I SystemServerTimingAsync: ssm.onUnlockedUser-0_com.android.server.devicestate.DeviceStateManagerService
08-23 17:43:05.365 1155 1231 D SystemServerTimingAsync: ssm.onUnlockedUser-0_com.android.server.devicestate.DeviceStateManagerService took to complete: 0ms
08-23 17:43:05.365 1155 1231 I SystemServerTimingAsync: ssm.onUnlockedUser-0_com.android.server.camera.CameraServiceProxy
08-23 17:43:05.365 1155 1231 D SystemServerTimingAsync: ssm.onUnlockedUser-0_com.android.server.camera.CameraServiceProxy took to complete: 0ms
08-23 17:43:05.365 1155 1231 I SystemServerTimingAsync: ssm.onUnlockedUser-0_com.android.server.BluetoothService
08-23 17:43:05.365 1155 1231 D SystemServerTimingAsync: ssm.onUnlockedUser-0_com.android.server.BluetoothService took to complete: 0ms
08-23 17:43:05.365 1155 1231 I SystemServerTimingAsync: ssm.onUnlockedUser-0_com.android.server.connectivity.IpConnectivityMetrics
08-23 17:43:05.365 1155 1231 D SystemServerTimingAsync: ssm.onUnlockedUser-0_com.android.server.connectivity.IpConnectivityMetrics took to complete: 0ms
08-23 17:43:05.365 1155 1231 I SystemServerTimingAsync: ssm.onUnlockedUser-0_com.android.server.net.watchlist.NetworkWatchlistService$Lifecycle
08-23 17:43:05.366 1155 1231 D SystemServerTimingAsync: ssm.onUnlockedUser-0_com.android.server.net.watchlist.NetworkWatchlistService$Lifecycle took to complete: 0ms
08-23 17:43:05.366 1155 1231 I SystemServerTimingAsync: ssm.onUnlockedUser-0_com.android.server.PinnerService
08-23 17:43:05.366 1155 1231 D SystemServerTimingAsync: ssm.onUnlockedUser-0_com.android.server.PinnerService took to complete: 0ms
08-23 17:43:05.366 1155 1231 I SystemServerTimingAsync: ssm.onUnlockedUser-0_com.google.android.startop.iorap.IorapForwardingService
08-23 17:43:05.366 1155 1231 D SystemServerTimingAsync: ssm.onUnlockedUser-0_com.google.android.startop.iorap.IorapForwardingService took to complete: 0ms
08-23 17:43:05.366 1155 1231 I SystemServerTimingAsync: ssm.onUnlockedUser-0_com.android.server.ActivityTriggerService
08-23 17:43:05.366 1155 1231 D SystemServerTimingAsync: ssm.onUnlockedUser-0_com.android.server.ActivityTriggerService took to complete: 0ms
08-23 17:43:05.366 1155 1231 I SystemServerTimingAsync: ssm.onUnlockedUser-0_com.android.server.integrity.AppIntegrityManagerService
08-23 17:43:05.366 1155 1231 D SystemServerTimingAsync: ssm.onUnlockedUser-0_com.android.server.integrity.AppIntegrityManagerService took to complete: 0ms
08-23 17:43:05.366 1155 1231 I SystemServerTimingAsync: ssm.onUnlockedUser-0_com.android.server.inputmethod.InputMethodManagerService$Lifecycle
08-23 17:43:05.366 1155 1231 D SystemServerTimingAsync: ssm.onUnlockedUser-0_com.android.server.inputmethod.InputMethodManagerService$Lifecycle took to complete: 0ms
08-23 17:43:05.366 1155 1231 I SystemServerTimingAsync: ssm.onUnlockedUser-0_com.android.server.accessibility.AccessibilityManagerService$Lifecycle
08-23 17:43:05.366 1155 1231 D SystemServerTimingAsync: ssm.onUnlockedUser-0_com.android.server.accessibility.AccessibilityManagerService$Lifecycle took to complete: 0ms
08-23 17:43:05.366 1155 1231 I SystemServerTimingAsync: ssm.onUnlockedUser-0_com.android.server.StorageManagerService$Lifecycle
08-23 17:43:05.366 1155 1231 D SystemServerTimingAsync: ssm.onUnlockedUser-0_com.android.server.StorageManagerService$Lifecycle took to complete: 0ms
08-23 17:43:05.366 1155 1231 I SystemServerTimingAsync: ssm.onUnlockedUser-0_com.android.server.usage.StorageStatsService$Lifecycle
08-23 17:43:05.366 1155 1231 D SystemServerTimingAsync: ssm.onUnlockedUser-0_com.android.server.usage.StorageStatsService$Lifecycle took to complete: 0ms
08-23 17:43:05.366 1155 1231 I SystemServerTimingAsync: ssm.onUnlockedUser-0_com.android.server.UiModeManagerService
08-23 17:43:05.366 1155 1231 D SystemServerTimingAsync: ssm.onUnlockedUser-0_com.android.server.UiModeManagerService took to complete: 0ms
08-23 17:43:05.367 1155 1231 I SystemServerTimingAsync: ssm.onUnlockedUser-0_com.android.server.locksettings.LockSettingsService$Lifecycle
08-23 17:43:05.502 1155 1219 D CompatibilityChangeReporter: Compat change id reported: 174042980; UID 10087; state: DISABLED
08-23 17:43:05.659 1155 1155 W Looper : Slow dispatch took 349ms main h=android.app.ActivityThread$H c=android.app.LoadedApk$ReceiverDispatcher$Args$$ExternalSyntheticLambda0@7d9a66d m=0
08-23 17:43:05.659 1155 1217 W Looper : Slow dispatch took 314ms android.ui h=com.android.server.am.ActivityManagerService$UiHandler c=null m=68
08-23 17:43:05.675 1155 1744 D CompatibilityChangeReporter: Compat change id reported: 135634846; UID 10100; state: DISABLED
08-23 17:43:05.676 1155 1744 D CompatibilityChangeReporter: Compat change id reported: 177438394; UID 10100; state: DISABLED
08-23 17:43:05.682 1155 1744 D CompatibilityChangeReporter: Compat change id reported: 135772972; UID 10100; state: DISABLED
08-23 17:43:05.684 1155 1744 D CompatibilityChangeReporter: Compat change id reported: 135754954; UID 10100; state: ENABLED
08-23 17:43:05.686 1155 1744 I StorageUserConnection: Bound to the ExternalStorageService for user 0
08-23 17:43:05.691 1155 1155 W Looper : Slow delivery took 353ms main h=android.app.ActivityThread$H c=android.app.LoadedApk$ReceiverDispatcher$Args$$ExternalSyntheticLambda0@9410fa1 m=0
01-01 00:01:13.935 0 0 W bimc-bwmon: Zone thres larger than hw limit: hi:67433 med:18391 lo:0
01-01 00:01:14.079 0 0 I perfetto: disabled ftrace
08-23 17:43:05.711 1155 1232 W ActivityManager: Slow operation: 439ms so far, now at startProcess: returned from zygote!
08-23 17:43:05.737 1155 1217 W Looper : Slow delivery took 317ms android.ui h=com.android.server.am.ActivityManagerService$UiHandler c=null m=68
08-23 17:43:05.738 1155 1232 W ActivityManager: Slow operation: 466ms so far, now at startProcess: done updating battery stats
08-23 17:43:05.738 1155 1232 W ActivityManager: Slow operation: 466ms so far, now at startProcess: building log message
08-23 17:43:05.738 1155 1232 I ActivityManager: Start proc 2872:ts.car.uart/u0a60 for added application ts.car.uart
08-23 17:43:05.739 1155 1232 W ActivityManager: Slow operation: 466ms so far, now at startProcess: starting to update pids map
08-23 17:43:05.742 1155 1216 W Looper : Slow dispatch took 331ms android.fg h=android.os.Handler c=com.android.server.am.UserController$$ExternalSyntheticLambda9@d04f27f m=0
08-23 17:43:05.743 1155 1216 W Looper : Slow delivery took 436ms android.fg h=android.os.Handler c=android.app.LoadedApk$ReceiverDispatcher$Args$$ExternalSyntheticLambda0@a38224c m=0
08-23 17:43:05.743 1155 1232 W ActivityManager: Slow operation: 471ms so far, now at startProcess: done updating pids map
08-23 17:43:05.744 1155 1232 W ActivityManager: Slow operation: 468ms so far, now at startProcess: asking zygote to start proc
08-23 17:43:05.744 1155 1232 D CompatibilityChangeReporter: Compat change id reported: 143937733; UID 10059; state: ENABLED
01-01 00:01:14.097 0 0 I binder : 2872:2872 ioctl 40046210 7fd97147c4 returned -22
01-01 00:01:14.186 0 0 I binder : 2708:2908 ioctl 40046210 701930e934 returned -22
08-23 17:43:05.765 1155 2182 D CompatibilityChangeReporter: Compat change id reported: 168419799; UID 10029; state: DISABLED
08-23 17:43:05.789 1155 1217 W Looper : Drained
08-23 17:43:05.828 1155 2796 V BackupManagerConstants: getKeyValueBackupIntervalMilliseconds(...) returns 14400000
08-23 17:43:05.828 1155 2796 V BackupManagerConstants: getKeyValueBackupFuzzMilliseconds(...) returns 600000
08-23 17:43:05.829 1155 2796 V BackupManagerConstants: getKeyValueBackupRequiredNetworkType(...) returns 1
08-23 17:43:05.829 1155 2796 V BackupManagerConstants: getKeyValueBackupRequireCharging(...) returns true
08-23 17:43:05.829 1155 2796 V KeyValueBackupJob: Scheduling k/v pass in 246 minutes
08-23 17:43:05.832 1155 1833 V BackupManagerService: [UserID:0] No ancestral data
08-23 17:43:05.839 1155 1155 W Looper : Slow dispatch took 148ms main h=android.app.ActivityThread$H c=android.app.LoadedApk$ReceiverDispatcher$Args$$ExternalSyntheticLambda0@ee88cfe m=0
08-23 17:43:05.840 1155 2182 D CompatibilityChangeReporter: Compat change id reported: 168419799; UID 10089; state: DISABLED
08-23 17:43:05.927 1155 1216 W Looper : Drained
08-23 17:43:05.927 1155 1216 W Looper : Slow dispatch took 182ms android.fg h=android.os.Handler c=com.android.server.servicewatcher.ServiceWatcherImpl$$ExternalSyntheticLambda1@a80e712 m=0
01-01 00:01:14.230 0 0 I [schedu][0x54f12fd8][17:43:05.991460] wlan: [2484:I:HIF] Deinitializing Runtime PM wakelock &vdev->vdev_set_key_runtime_wakelock
01-01 00:01:14.234 0 0 I [schedu][0x54f266d5][17:43:05.995608] wlan: [2484:I:HIF] Initializing Runtime PM wakelock &vdev->vdev_set_key_runtime_wakelock
08-23 17:43:05.929 1155 2029 D CompatibilityChangeReporter: Compat change id reported: 168419799; UID 1000; state: DISABLED
08-23 17:43:05.934 1155 2182 D CompatibilityChangeReporter: Compat change id reported: 168419799; UID 10060; state: DISABLED
01-01 00:01:14.253 0 0 I [wifi@1][0x54f7d7dc][17:43:06.014181] wlan: [957:I:DP] dp_vdev_attach_wifi3: wlan_cfg_ap_bridge_enabled 0
08-23 17:43:05.948 1155 1217 W Looper : Slow dispatch took 132ms android.ui h=com.android.server.am.ActivityManagerService$UiHandler c=null m=68
08-23 17:43:05.961 1155 1232 W ActivityManager: Slow operation: 686ms so far, now at startProcess: returned from zygote!
08-23 17:43:05.981 1155 1216 W Looper : Slow delivery took 234ms android.fg h=android.os.Handler c=com.android.server.location.injector.SystemAppOpsHelper$$ExternalSyntheticLambda1@8a6bbf8 m=0
08-23 17:43:05.982 1155 1232 W ActivityManager: Slow operation: 706ms so far, now at startProcess: done updating battery stats
08-23 17:43:05.982 1155 1232 W ActivityManager: Slow operation: 706ms so far, now at startProcess: building log message
08-23 17:43:05.982 1155 1232 I ActivityManager: Start proc 2913:.pasr/u0a59 for added application .pasr
08-23 17:43:05.983 1155 1232 W ActivityManager: Slow operation: 707ms so far, now at startProcess: starting to update pids map
08-23 17:43:05.986 1155 1232 W ActivityManager: Slow operation: 710ms so far, now at startProcess: done updating pids map
08-23 17:43:05.986 1155 1232 W ActivityManager: Slow operation: 710ms so far, now at startProcess: asking zygote to start proc
08-23 17:43:05.986 1155 1232 D CompatibilityChangeReporter: Compat change id reported: 143937733; UID 10086; state: DISABLED
01-01 00:01:14.298 0 0 I init : starting service 'qvrd_vndr'...
01-01 00:01:14.299 0 0 I init : Created socket '/dev/socket/qvrservice_vndr', mode 660, user 1000, group 1000
01-01 00:01:14.300 0 0 I init : Created socket '/dev/socket/qvrservice_vndr_camera', mode 660, user 1000, group 1000
01-01 00:01:14.333 0 0 E [wifi@1][0x550f631e][17:43:06.094545] wlan: [2647:E:wifipos] wifi_pos_process_app_reg_req: 608: Received App Req Req pid(2109735869), len(16)
01-01 00:01:14.336 0 0 I binder : 2872:2872 ioctl 40046210 7fd97136b4 returned -22
01-01 00:01:14.386 0 0 I [wifi@1][0x551ed046][17:43:06.147201] wlan: [2647:I:wifipos] wifi_pos_get_ch_info: 461: num channels: 26
01-01 00:01:14.393 0 0 I [wifi@1][0x5520daec][17:43:06.154170] wlan: [2647:I:wifipos] wifi_pos_get_ch_info: 461: num channels: 26
08-23 17:43:06.010 1155 1216 W Looper : Drained
08-23 17:43:06.013 1155 1833 I BackupManagerService: isBackupEnabled() => false due to absent settings file
08-23 17:43:06.013 1155 1833 D BackupManagerService: user:0 readBackupEnableState enabled:false
08-23 17:43:06.013 1155 1833 I BackupManagerService: [UserID:0] Backup enabled => false
08-23 17:43:06.033 1155 1155 W Looper : Slow dispatch took 104ms main h=com.android.server.job.controllers.QuotaController$QcHandler c=null m=3
08-23 17:43:06.035 1155 1876 I SyncManager: Loaded persisted syncs: 0 periodic syncs, 0 oneshot syncs, 16 total system server jobs, JobStats: FirstLoad: 5/4/0 LastSave: -1/-1/-1
08-23 17:43:06.054 1155 2796 V BackupManagerConstants: getKeyValueBackupIntervalMilliseconds(...) returns 14400000
08-23 17:43:06.059 1155 2796 V BackupManagerConstants: getKeyValueBackupFuzzMilliseconds(...) returns 600000
08-23 17:43:06.059 1155 2796 V BackupManagerConstants: getKeyValueBackupRequiredNetworkType(...) returns 1
08-23 17:43:06.060 1155 2796 V BackupManagerConstants: getKeyValueBackupRequireCharging(...) returns true
08-23 17:43:06.060 1155 2796 V KeyValueBackupJob: Scheduling k/v pass in 242 minutes
08-23 17:43:06.084 1155 1227 I UsageStatsService: User[0] Rollover scheduled @ 2022-08-24 16:51:26(1661359886219)
01-01 00:01:14.444 0 0 I binder : 2913:2913 ioctl 40046210 7fd97147c4 returned -22
01-01 00:01:14.445 0 0 D : mv2112_read_status
01-01 00:01:14.446 0 0 D mv2112_update_link: 3.0x901(1G): 0x80
01-01 00:01:14.446 0 0 D mv2112_update_link: 3.0x8109(100M): 0x0
01-01 00:01:14.446 0 0 D mv2112_update_link: link 0x0
01-01 00:01:14.446 0 0 D mv2112_read_status: autoneg is disabled
01-01 00:01:14.461 0 0 I binder : 2397:2924 ioctl 40046210 6fb6c8e254 returned -22
01-01 00:01:14.498 0 0 I init : starting service 'sxrd'...
01-01 00:01:14.524 0 0 I binder : 2950:2950 ioctl 40046210 7fd97147c4 returned -22
01-01 00:01:14.529 0 0 I init : Service 'qvrd_vndr' (pid 2945) exited with status 1
01-01 00:01:14.529 0 0 I init : Sending signal 9 to service 'qvrd_vndr' (pid 2945) process group...
01-01 00:01:14.529 0 0 I libprocessgroup: Successfully killed process cgroup uid 1000 pid 2945 in 0ms
01-01 00:01:14.534 0 0 E init : Control message: Could not find 'vendor.qti.hardware.iop@2.0::IIop/default' for ctl.interface_start from pid: 516 (/system/bin/hwservicemanager)
08-23 17:43:06.157 1155 1232 W ActivityManager: Slow operation: 881ms so far, now at startProcess: returned from zygote!
08-23 17:43:06.187 2945 2945 F linker : CANNOT LINK EXECUTABLE "/vendor/bin/hw/qvrservice": library "vendor.qti.hardware.qxr-V1-ndk_platform.so" not found: needed by /vendor/lib64/libqvrservice.so in namespace (default)
01-01 00:01:14.567 0 0 I init : Service 'sxrd' (pid 2976) exited with status 1
08-23 17:43:06.204 1155 1218 I DropBoxManagerService: add tag=system_app_strictmode isTagEnabled=true flags=0x2
08-23 17:43:06.205 1155 1227 I UsageStatsService: Time changed in by 1661276511 seconds
01-01 00:01:14.567 0 0 I init : Sending signal 9 to service 'sxrd' (pid 2976) process group...
01-01 00:01:14.620 0 0 I binder : 2986:2986 ioctl 40046210 7fd97147c4 returned -22
08-23 17:43:06.210 1155 1232 W ActivityManager: Slow operation: 933ms so far, now at startProcess: done updating battery stats
08-23 17:43:06.210 1155 1232 W ActivityManager: Slow operation: 934ms so far, now at startProcess: building log message
08-23 17:43:06.210 1155 1232 I ActivityManager: Start proc 2950:com.qualcomm.qti.services.systemhelper:systemhelper_service/u0a86 for added application com.qualcomm.qti.services.systemhelper:systemhelper_service
08-23 17:43:06.210 1155 1232 W ActivityManager: Slow operation: 934ms so far, now at startProcess: starting to update pids map
08-23 17:43:06.213 1155 1232 W ActivityManager: Slow operation: 937ms so far, now at startProcess: done updating pids map
08-23 17:43:06.213 1155 1232 W ActivityManager: Slow operation: 927ms so far, now at startProcess: asking zygote to start proc
08-23 17:43:06.214 1155 1232 D CompatibilityChangeReporter: Compat change id reported: 143937733; UID 10094; state: ENABLED
08-23 17:43:06.215 1155 1227 I UsageStatsService: User[0] Flushing usage stats to disk
08-23 17:43:06.226 2316 2316 W ContextImpl: Calling a method in the system process without a qualified user: android.app.ContextImpl.startService:1816 android.content.ContextWrapper.startService:774 android.content.ContextWrapper.startService:774 com.qualcomm.qti.qdma.app.BootReceiver.onBootReceived:115 com.qualcomm.qti.innodme.InnoBootReceiver.onReceive:22
08-23 17:43:06.234 1155 1183 D CompatibilityChangeReporter: Compat change id reported: 168419799; UID 10059; state: DISABLED
08-23 17:43:06.275 1155 2055 D CompatibilityChangeReporter: Compat change id reported: 135634846; UID 10081; state: DISABLED
08-23 17:43:06.275 1155 2055 D CompatibilityChangeReporter: Compat change id reported: 177438394; UID 10081; state: DISABLED
08-23 17:43:06.275 1155 2055 D CompatibilityChangeReporter: Compat change id reported: 135772972; UID 10081; state: DISABLED
08-23 17:43:06.275 1155 2055 D CompatibilityChangeReporter: Compat change id reported: 135754954; UID 10081; state: ENABLED
08-23 17:43:06.289 1155 1218 I DropBoxManagerService: add tag=system_app_strictmode isTagEnabled=true flags=0x2
01-01 00:01:14.687 0 0 I binder : 2999:2999 ioctl 40046210 7fd97147c4 returned -22
08-23 17:43:06.302 1155 1232 W ActivityManager: Slow operation: 1016ms so far, now at startProcess: returned from zygote!
08-23 17:43:06.303 1155 1218 I DropBoxManagerService: add tag=system_app_strictmode isTagEnabled=true flags=0x2
08-23 17:43:06.307 1155 1218 I DropBoxManagerService: add tag=system_app_strictmode isTagEnabled=true flags=0x2
08-23 17:43:06.312 1155 1232 W ActivityManager: Slow operation: 1025ms so far, now at startProcess: done updating battery stats
08-23 17:43:06.312 1155 1232 W ActivityManager: Slow operation: 1025ms so far, now at startProcess: building log message
08-23 17:43:06.312 1155 1232 I ActivityManager: Start proc 2986:com.qualcomm.qti.qccnetstat/u0a94 for added application com.qualcomm.qti.qccnetstat
08-23 17:43:06.312 1155 1232 W ActivityManager: Slow operation: 1026ms so far, now at startProcess: starting to update pids map
08-23 17:43:06.312 1155 1232 W ActivityManager: Slow operation: 1026ms so far, now at startProcess: done updating pids map
08-23 17:43:06.313 1155 1232 W ActivityManager: Slow operation: 1018ms so far, now at startProcess: asking zygote to start proc
08-23 17:43:06.313 1155 1232 D CompatibilityChangeReporter: Compat change id reported: 143937733; UID 10091; state: ENABLED
01-01 00:01:14.796 0 0 I binder : 3032:3032 ioctl 40046210 7fd97147c4 returned -22
08-23 17:43:06.315 1155 2875 D CompatibilityChangeReporter: Compat change id reported: 135634846; UID 10092; state: DISABLED
08-23 17:43:06.315 1155 2875 D CompatibilityChangeReporter: Compat change id reported: 177438394; UID 10092; state: DISABLED
08-23 17:43:06.316 1155 2875 D CompatibilityChangeReporter: Compat change id reported: 135772972; UID 10092; state: DISABLED
08-23 17:43:06.316 1155 2875 D CompatibilityChangeReporter: Compat change id reported: 135754954; UID 10092; state: ENABLED
08-23 17:43:06.317 2976 2976 F linker : CANNOT LINK EXECUTABLE "/vendor/bin/hw/sxrservice": library "vendor.qti.hardware.qxr-V1-ndk_platform.so" not found: needed by main executable
01-01 00:01:14.856 0 0 I [schedu][0x55a89d59][17:43:06.617560] wlan: [2484:I:OSIF] scan start scan id 40961
08-23 17:43:06.352 1155 2029 D CompatibilityChangeReporter: Compat change id reported: 168419799; UID 10086; state: DISABLED
01-01 00:01:14.896 0 0 I display_panel_avdd: disabling
08-23 17:43:06.373 1155 1232 W ActivityManager: Slow operation: 1079ms so far, now at startProcess: returned from zygote!
08-23 17:43:06.374 1155 1232 W ActivityManager: Slow operation: 1080ms so far, now at startProcess: done updating battery stats
08-23 17:43:06.374 1155 1232 W ActivityManager: Slow operation: 1080ms so far, now at startProcess: building log message
08-23 17:43:06.374 1155 1232 I ActivityManager: Start proc 2999:com.qualcomm.qti.workloadclassifier/u0a91 for added application com.qualcomm.qti.workloadclassifier
08-23 17:43:06.374 1155 1232 W ActivityManager: Slow operation: 1080ms so far, now at startProcess: starting to update pids map
08-23 17:43:06.375 1155 1232 W ActivityManager: Slow operation: 1080ms so far, now at startProcess: done updating pids map
01-01 00:01:14.924 0 0 I vdd_tof : disabling
01-01 00:01:14.963 0 0 I binder : 3058:3058 ioctl 40046210 7fd97147c4 returned -22
08-23 17:43:06.375 1155 1232 W ActivityManager: Slow operation: 703ms so far, now at startProcess: asking zygote to start proc
08-23 17:43:06.375 1155 1232 D CompatibilityChangeReporter: Compat change id reported: 143937733; UID 10100; state: ENABLED
01-01 00:01:14.988 0 0 I zram0 : detected capacity change from 0 to 4294967296
