01-01 00:01:00.524 0 0 I qcom,camera ac4f000.qcom,cci: qcom,cam-sensor1: Linked as a consumer to regulator.56
01-01 00:01:00.312 1155 1155 I SystemServer: Entered the Android system server!
01-01 00:01:00.526 0 0 E msm-dai-fe soc: qcom,msm-dai-fe: ASoC: no sink widget found for AUXPCM_DL_HL
01-01 00:01:00.528 0 0 I qcom,camera ac4f000.qcom,cci: qcom,cam-sensor1: Linked as a consumer to regulator.53
01-01 00:01:00.535 0 0 E msm-dai-fe soc: qcom,msm-dai-fe: ASoC: Failed to add route AUXPCM_HOSTLESS Playback -> direct -> AUXPCM_DL_HL
01-01 00:01:00.546 0 0 E msm-dai-fe soc: qcom,msm-dai-fe: ASoC: no source widget found for AUXPCM_UL_HL
01-01 00:01:00.546 0 0 I qcom,camera ac4f000.qcom,cci: qcom,cam-sensor1: Linked as a consumer to regulator.57
01-01 00:01:00.555 0 0 E msm-dai-fe soc: qcom,msm-dai-fe: ASoC: Failed to add route AUXPCM_UL_HL -> direct -> AUXPCM_HOSTLESS Capture
01-01 00:01:00.556 0 0 I qcom,camera ac4f000.qcom,cci: qcom,cam-sensor1: Linked as a consumer to regulator.77
01-01 00:01:00.574 0 0 E msm-auxpcm-dev soc: qcom,msm-pri-auxpcm: ASoC: no source widget found for AUX_PCM_RX
01-01 00:01:00.583 0 0 E msm-auxpcm-dev soc: qcom,msm-pri-auxpcm: ASoC: Failed to add route AUX_PCM_RX -> direct -> AUX PCM Playback
01-01 00:01:00.594 0 0 E msm-auxpcm-dev soc: qcom,msm-pri-auxpcm: ASoC: no sink widget found for AUX_PCM_TX
01-01 00:01:00.598 0 0 I CAM_ERR : CAM-CCI: cam_cci_irq: 264 Base:ffffff801a045000, M1_Q1 NACK ERROR: 0x40000000
01-01 00:01:00.603 0 0 E msm-auxpcm-dev soc: qcom,msm-pri-auxpcm: ASoC: Failed to add route AUX PCM Capture -> direct -> AUX_PCM_TX
01-01 00:01:00.603 0 0 I CAM_ERR : CAM-CCI: cam_cci_read: 1306 ERROR with Slave 0xc0:
01-01 00:01:00.614 0 0 I CAM_ERR : CAM-CCI: cam_cci_read_bytes: 1561 failed to read rc:-22
01-01 00:01:00.614 0 0 I CAM_ERR : CAM-SENSOR: cam_cci_i2c_read: 35 rc = -22
01-01 00:01:00.614 0 0 I CAM_WARN: CAM-SENSOR: cam_sensor_match_id: 769 read id: 0x0 expected id 0x9281:
01-01 00:01:00.614 0 0 E msm-auxpcm-dev soc: qcom,msm-sec-auxpcm: ASoC: no source widget found for SEC_AUX_PCM_RX
01-01 00:01:00.618 0 0 I qcom,camera ac4f000.qcom,cci: qcom,cam-sensor1: Dropping the link to regulator.77
01-01 00:01:00.624 0 0 E msm-auxpcm-dev soc: qcom,msm-sec-auxpcm: ASoC: Failed to add route SEC_AUX_PCM_RX -> direct -> Sec AUX PCM Playback
01-01 00:01:00.624 0 0 E msm-auxpcm-dev soc: qcom,msm-sec-auxpcm: ASoC: no sink widget found for SEC_AUX_PCM_TX
01-01 00:01:00.640 0 0 I qcom,camera ac4f000.qcom,cci: qcom,cam-sensor1: Dropping the link to regulator.57
01-01 00:01:00.645 0 0 E msm-auxpcm-dev soc: qcom,msm-sec-auxpcm: ASoC: Failed to add route Sec AUX PCM Capture -> direct -> SEC_AUX_PCM_TX
01-01 00:01:00.646 0 0 I qcom,camera ac4f000.qcom,cci: qcom,cam-sensor1: Dropping the link to regulator.53
01-01 00:01:00.657 0 0 E msm-auxpcm-dev soc: qcom,msm-tert-auxpcm: ASoC: no source widget found for TERT_AUX_PCM_RX
01-01 00:01:00.658 0 0 I qcom,camera ac4f000.qcom,cci: qcom,cam-sensor1: Dropping the link to regulator.56
01-01 00:01:00.667 0 0 E msm-auxpcm-dev soc: qcom,msm-tert-auxpcm: ASoC: Failed to add route TERT_AUX_PCM_RX -> direct -> Tert AUX PCM Playback
01-01 00:01:00.667 0 0 E msm-dcc 1023000.dcc_v2: DCC is not ready Disabling DCC...
01-01 00:01:00.667 0 0 E msm-auxpcm-dev soc: qcom,msm-tert-auxpcm: ASoC: no sink widget found for TERT_AUX_PCM_TX
01-01 00:01:00.695 0 0 E msm-auxpcm-dev soc: qcom,msm-tert-auxpcm: ASoC: Failed to add route Tert AUX PCM Capture -> direct -> TERT_AUX_PCM_TX
01-01 00:01:00.707 0 0 E msm-auxpcm-dev soc: qcom,msm-quat-auxpcm: ASoC: no source widget found for QUAT_AUX_PCM_RX
01-01 00:01:00.710 0 0 I qcom,camera ac4f000.qcom,cci: qcom,cam-sensor4: Linked as a consumer to regulator.55
01-01 00:01:00.717 0 0 E msm-auxpcm-dev soc: qcom,msm-quat-auxpcm: ASoC: Failed to add route QUAT_AUX_PCM_RX -> direct -> Quat AUX PCM Playback
01-01 00:01:00.719 0 0 I qcom,camera ac4f000.qcom,cci: qcom,cam-sensor4: Linked as a consumer to regulator.52
01-01 00:01:00.729 0 0 E msm-auxpcm-dev soc: qcom,msm-quat-auxpcm: ASoC: no sink widget found for QUAT_AUX_PCM_TX
01-01 00:01:00.729 0 0 I qcom,camera ac4f000.qcom,cci: qcom,cam-sensor4: Linked as a consumer to regulator.57
01-01 00:01:00.738 0 0 E msm-auxpcm-dev soc: qcom,msm-quat-auxpcm: ASoC: Failed to add route Quat AUX PCM Capture -> direct -> QUAT_AUX_PCM_TX
01-01 00:01:00.741 0 0 I qcom,camera ac4f000.qcom,cci: qcom,cam-sensor4: Linked as a consumer to regulator.77
01-01 00:01:00.751 0 0 E msm-auxpcm-dev soc: qcom,msm-quin-auxpcm: ASoC: no source widget found for QUIN_AUX_PCM_RX
01-01 00:01:00.759 0 0 I CAM_ERR : CAM-CCI: cam_cci_irq: 238 Base:ffffff801a045000, M0_Q1 NACK ERROR: 0x10000000
01-01 00:01:00.760 0 0 I CAM_ERR : CAM-CCI: cam_cci_read: 1306 ERROR with Slave 0x34:
01-01 00:01:00.760 0 0 I CAM_ERR : CAM-CCI: cam_cci_read_bytes: 1561 failed to read rc:-22
01-01 00:01:00.760 0 0 I CAM_ERR : CAM-SENSOR: cam_cci_i2c_read: 35 rc = -22
01-01 00:01:00.760 0 0 I CAM_WARN: CAM-SENSOR: cam_sensor_match_id: 769 read id: 0x0 expected id 0x586:
01-01 00:01:00.760 0 0 E msm-auxpcm-dev soc: qcom,msm-quin-auxpcm: ASoC: Failed to add route QUIN_AUX_PCM_RX -> direct -> Quin AUX PCM Playback
01-01 00:01:00.766 0 0 I qcom,camera ac4f000.qcom,cci: qcom,cam-sensor4: Dropping the link to regulator.77
01-01 00:01:00.773 0 0 I qcom,camera ac4f000.qcom,cci: qcom,cam-sensor4: Dropping the link to regulator.57
01-01 00:01:00.773 0 0 E msm-auxpcm-dev soc: qcom,msm-quin-auxpcm: ASoC: no sink widget found for QUIN_AUX_PCM_TX
01-01 00:01:00.773 0 0 I qcom,camera ac4f000.qcom,cci: qcom,cam-sensor4: Dropping the link to regulator.52
01-01 00:01:00.782 0 0 E msm-auxpcm-dev soc: qcom,msm-quin-auxpcm: ASoC: Failed to add route Quin AUX PCM Capture -> direct -> QUIN_AUX_PCM_TX
01-01 00:01:00.783 0 0 I qcom,camera ac4f000.qcom,cci: qcom,cam-sensor4: Dropping the link to regulator.55
01-01 00:01:00.580 1155 1155 I SystemServerInitThreadPool: Creating instance with 8 threads
01-01 00:01:00.794 0 0 E msm-auxpcm-dev soc: qcom,msm-sen-auxpcm: ASoC: no source widget found for SEN_AUX_PCM_RX
01-01 00:01:00.804 0 0 E msm-auxpcm-dev soc: qcom,msm-sen-auxpcm: ASoC: Failed to add route SEN_AUX_PCM_RX -> direct -> Sen AUX PCM Playback
01-01 00:01:00.816 0 0 E msm-auxpcm-dev soc: qcom,msm-sen-auxpcm: ASoC: no sink widget found for SEN_AUX_PCM_TX
01-01 00:01:00.825 0 0 E msm-auxpcm-dev soc: qcom,msm-sen-auxpcm: ASoC: Failed to add route Sen AUX PCM Capture -> direct -> SEN_AUX_PCM_TX
01-01 00:01:00.832 0 0 I qcom,camera ac4f000.qcom,cci: qcom,cam-sensor0: Linked as a consumer to regulator.55
01-01 00:01:00.837 0 0 W msm-dai-q6-hdmi soc: qcom,msm-dai-q6-dp: DAI driver id is not set
01-01 00:01:00.841 0 0 I qcom,camera ac4f000.qcom,cci: qcom,cam-sensor0: Linked as a consumer to regulator.52
01-01 00:01:00.845 0 0 I qcom,camera ac4f000.qcom,cci: qcom,cam-sensor0: Linked as a consumer to regulator.57
01-01 00:01:00.846 0 0 I qcom,camera ac4f000.qcom,cci: qcom,cam-sensor0: Linked as a consumer to regulator.77
01-01 00:01:00.873 0 0 I CAM_ERR : CAM-CCI: cam_cci_irq: 238 Base:ffffff801a045000, M0_Q1 NACK ERROR: 0x10000000
01-01 00:01:00.882 0 0 I CAM_ERR : CAM-CCI: cam_cci_read: 1306 ERROR with Slave 0xc0:
01-01 00:01:00.882 0 0 I CAM_ERR : CAM-CCI: cam_cci_read_bytes: 1561 failed to read rc:-22
01-01 00:01:00.882 0 0 I CAM_ERR : CAM-SENSOR: cam_cci_i2c_read: 35 rc = -22
01-01 00:01:00.882 0 0 I CAM_WARN: CAM-SENSOR: cam_sensor_match_id: 769 read id: 0x0 expected id 0x9281:
01-01 00:01:00.882 0 0 I qcom,camera ac4f000.qcom,cci: qcom,cam-sensor0: Dropping the link to regulator.77
01-01 00:01:00.886 0 0 I qcom,camera ac4f000.qcom,cci: qcom,cam-sensor0: Dropping the link to regulator.57
01-01 00:01:00.886 0 0 I qcom,camera ac4f000.qcom,cci: qcom,cam-sensor0: Dropping the link to regulator.52
01-01 00:01:00.887 0 0 I qcom,camera ac4f000.qcom,cci: qcom,cam-sensor0: Dropping the link to regulator.55
01-01 00:01:00.916 0 0 I qcom,camera ac50000.qcom,cci: qcom,cam-sensor2: Linked as a consumer to regulator.56
01-01 00:01:00.919 0 0 I qcom,camera ac50000.qcom,cci: qcom,cam-sensor2: Linked as a consumer to regulator.54
01-01 00:01:00.922 0 0 I qcom,camera ac50000.qcom,cci: qcom,cam-sensor2: Linked as a consumer to regulator.57
01-01 00:01:00.923 0 0 I qcom,camera ac50000.qcom,cci: qcom,cam-sensor2: Linked as a consumer to regulator.77
01-01 00:01:00.925 0 0 E msm-dcc 1023000.dcc_v2: DCC list passed 3
01-01 00:01:00.931 0 0 I msm-dcc 1023000.dcc_v2: All values written to enable.
01-01 00:01:00.931 0 0 E msm-dcc 1023000.dcc_v2: DCC list passed 4
01-01 00:01:00.937 0 0 I msm-dcc 1023000.dcc_v2: All values written to enable.
01-01 00:01:00.937 0 0 E msm-dcc 1023000.dcc_v2: DCC list passed 6
01-01 00:01:00.943 0 0 I msm-dcc 1023000.dcc_v2: All values written to enable.
01-01 00:01:00.946 0 0 I CAM_ERR : CAM-CCI: cam_cci_irq: 238 Base:ffffff801a04d000, M0_Q1 NACK ERROR: 0x10000000
01-01 00:01:00.946 0 0 I CAM_ERR : CAM-CCI: cam_cci_read: 1306 ERROR with Slave 0x20:
01-01 00:01:00.946 0 0 I CAM_ERR : CAM-CCI: cam_cci_read_bytes: 1561 failed to read rc:-22
01-01 00:01:00.946 0 0 I CAM_ERR : CAM-SENSOR: cam_cci_i2c_read: 35 rc = -22
01-01 00:01:00.946 0 0 I CAM_WARN: CAM-SENSOR: cam_sensor_match_id: 769 read id: 0x0 expected id 0x9281:
01-01 00:01:00.946 0 0 I qcom,camera ac50000.qcom,cci: qcom,cam-sensor2: Dropping the link to regulator.77
01-01 00:01:00.950 0 0 I qcom,camera ac50000.qcom,cci: qcom,cam-sensor2: Dropping the link to regulator.57
01-01 00:01:00.950 0 0 I qcom,camera ac50000.qcom,cci: qcom,cam-sensor2: Dropping the link to regulator.54
01-01 00:01:00.951 0 0 I qcom,camera ac50000.qcom,cci: qcom,cam-sensor2: Dropping the link to regulator.56
01-01 00:01:00.980 0 0 I qcom,camera ac4f000.qcom,cci: qcom,cam-sensor0: Linked as a consumer to regulator.55
01-01 00:01:00.986 0 0 I qcom,camera ac4f000.qcom,cci: qcom,cam-sensor0: Linked as a consumer to regulator.52
01-01 00:01:00.989 0 0 I qcom,camera ac4f000.qcom,cci: qcom,cam-sensor0: Linked as a consumer to regulator.57
01-01 00:01:00.993 0 0 I qcom,camera ac4f000.qcom,cci: qcom,cam-sensor0: Linked as a consumer to regulator.77
01-01 00:01:01.005 0 0 I CAM_ERR : CAM-CCI: cam_cci_irq: 238 Base:ffffff801a045000, M0_Q1 NACK ERROR: 0x10000000
01-01 00:01:01.006 0 0 I CAM_ERR : CAM-CCI: cam_cci_read: 1306 ERROR with Slave 0x34:
01-01 00:01:01.006 0 0 I CAM_ERR : CAM-CCI: cam_cci_read_bytes: 1561 failed to read rc:-22
01-01 00:01:01.006 0 0 I CAM_ERR : CAM-SENSOR: cam_cci_i2c_read: 35 rc = -22
01-01 00:01:01.006 0 0 I CAM_WARN: CAM-SENSOR: cam_sensor_match_id: 769 read id: 0x0 expected id 0x563:
01-01 00:01:01.017 0 0 E bolero-codec soc: qcom,msm-audio-apr:qcom,q6core-audio:bolero-cdc: ASoC: unknown pin WSA AIF VI
01-01 00:01:01.027 0 0 I qcom,camera ac4f000.qcom,cci: qcom,cam-sensor0: Dropping the link to regulator.77
01-01 00:01:01.032 0 0 I qcom,camera ac4f000.qcom,cci: qcom,cam-sensor0: Dropping the link to regulator.57
01-01 00:01:01.032 0 0 I qcom,camera ac4f000.qcom,cci: qcom,cam-sensor0: Dropping the link to regulator.52
01-01 00:01:01.033 0 0 I qcom_rpmh DRV: apps_rsc TCS Busy, retrying RPMH message send: addr=0x41508
01-01 00:01:01.033 0 0 I qcom,camera ac4f000.qcom,cci: qcom,cam-sensor0: Dropping the link to regulator.55
01-01 00:01:01.050 0 0 E kona-asoc-snd soc: qcom,msm-audio-apr:qcom,q6core-audio:sound: ASoC: no source widget found for MIC BIAS1
01-01 00:01:01.061 0 0 E kona-asoc-snd soc: qcom,msm-audio-apr:qcom,q6core-audio:sound: ASoC: Failed to add route MIC BIAS1 -> direct -> AMIC1
01-01 00:01:01.068 0 0 I qcom,camera ac50000.qcom,cci: qcom,cam-sensor6: Linked as a consumer to regulator.56
01-01 00:01:01.074 0 0 E kona-asoc-snd soc: qcom,msm-audio-apr:qcom,q6core-audio:sound: ASoC: no sink widget found for MIC BIAS1
01-01 00:01:01.076 0 0 I qcom,camera ac50000.qcom,cci: qcom,cam-sensor6: Linked as a consumer to regulator.54
01-01 00:01:01.085 0 0 E kona-asoc-snd soc: qcom,msm-audio-apr:qcom,q6core-audio:sound: ASoC: Failed to add route Analog Mic1 -> direct -> MIC BIAS1
01-01 00:01:01.090 0 0 I qcom,camera ac50000.qcom,cci: qcom,cam-sensor6: Linked as a consumer to regulator.57
01-01 00:01:01.098 0 0 E kona-asoc-snd soc: qcom,msm-audio-apr:qcom,q6core-audio:sound: ASoC: no source widget found for MIC BIAS2
01-01 00:01:01.104 0 0 I qcom,camera ac50000.qcom,cci: qcom,cam-sensor6: Linked as a consumer to regulator.77
01-01 00:01:01.109 0 0 E kona-asoc-snd soc: qcom,msm-audio-apr:qcom,q6core-audio:sound: ASoC: Failed to add route MIC BIAS2 -> direct -> AMIC2
01-01 00:01:01.121 0 0 E kona-asoc-snd soc: qcom,msm-audio-apr:qcom,q6core-audio:sound: ASoC: no sink widget found for MIC BIAS2
01-01 00:01:01.132 0 0 E kona-asoc-snd soc: qcom,msm-audio-apr:qcom,q6core-audio:sound: ASoC: Failed to add route Analog Mic2 -> direct -> MIC BIAS2
01-01 00:01:01.134 0 0 I CAM_ERR : CAM-CCI: cam_cci_irq: 238 Base:ffffff801a04d000, M0_Q1 NACK ERROR: 0x10000000
01-01 00:01:01.144 0 0 E kona-asoc-snd soc: qcom,msm-audio-apr:qcom,q6core-audio:sound: ASoC: no source widget found for MIC BIAS3
01-01 00:01:01.144 0 0 I CAM_ERR : CAM-CCI: cam_cci_read: 1306 ERROR with Slave 0xc0:
01-01 00:01:01.155 0 0 E kona-asoc-snd soc: qcom,msm-audio-apr:qcom,q6core-audio:sound: ASoC: Failed to add route MIC BIAS3 -> direct -> AMIC3
01-01 00:01:01.162 0 0 I CAM_ERR : CAM-CCI: cam_cci_read_bytes: 1561 failed to read rc:-22
01-01 00:01:01.167 0 0 I CAM_ERR : CAM-SENSOR: cam_cci_i2c_read: 35 rc = -22
01-01 00:01:01.167 0 0 I CAM_WARN: CAM-SENSOR: cam_sensor_match_id: 769 read id: 0x0 expected id 0x9281:
01-01 00:01:01.167 0 0 I qcom,camera ac50000.qcom,cci: qcom,cam-sensor6: Dropping the link to regulator.77
01-01 00:01:01.167 0 0 E kona-asoc-snd soc: qcom,msm-audio-apr:qcom,q6core-audio:sound: ASoC: no sink widget found for MIC BIAS3
01-01 00:01:01.172 0 0 I qcom,camera ac50000.qcom,cci: qcom,cam-sensor6: Dropping the link to regulator.57
01-01 00:01:01.178 0 0 E kona-asoc-snd soc: qcom,msm-audio-apr:qcom,q6core-audio:sound: ASoC: Failed to add route Analog Mic3 -> direct -> MIC BIAS3
01-01 00:01:01.178 0 0 I qcom,camera ac50000.qcom,cci: qcom,cam-sensor6: Dropping the link to regulator.54
01-01 00:01:01.191 0 0 I qcom,camera ac50000.qcom,cci: qcom,cam-sensor6: Dropping the link to regulator.56
01-01 00:01:01.191 0 0 E kona-asoc-snd soc: qcom,msm-audio-apr:qcom,q6core-audio:sound: ASoC: no source widget found for MIC BIAS3
01-01 00:01:01.202 0 0 E kona-asoc-snd soc: qcom,msm-audio-apr:qcom,q6core-audio:sound: ASoC: Failed to add route MIC BIAS3 -> direct -> AMIC4
01-01 00:01:01.214 0 0 E kona-asoc-snd soc: qcom,msm-audio-apr:qcom,q6core-audio:sound: ASoC: no sink widget found for MIC BIAS3
01-01 00:01:01.225 0 0 E kona-asoc-snd soc: qcom,msm-audio-apr:qcom,q6core-audio:sound: ASoC: Failed to add route Analog Mic4 -> direct -> MIC BIAS3
01-01 00:01:01.226 0 0 I qcom,camera ac50000.qcom,cci: qcom,cam-sensor3: Linked as a consumer to regulator.86
01-01 00:01:01.237 0 0 E kona-asoc-snd soc: qcom,msm-audio-apr:qcom,q6core-audio:sound: ASoC: no source widget found for MIC BIAS4
01-01 00:01:01.243 0 0 I qcom,camera ac50000.qcom,cci: qcom,cam-sensor3: Linked as a consumer to regulator.57
01-01 00:01:01.248 0 0 E kona-asoc-snd soc: qcom,msm-audio-apr:qcom,q6core-audio:sound: ASoC: Failed to add route MIC BIAS4 -> direct -> AMIC5
01-01 00:01:01.248 0 0 E kona-asoc-snd soc: qcom,msm-audio-apr:qcom,q6core-audio:sound: ASoC: no sink widget found for MIC BIAS4
01-01 00:01:01.248 0 0 E kona-asoc-snd soc: qcom,msm-audio-apr:qcom,q6core-audio:sound: ASoC: Failed to add route Analog Mic5 -> direct -> MIC BIAS4
01-01 00:01:01.248 0 0 E kona-asoc-snd soc: qcom,msm-audio-apr:qcom,q6core-audio:sound: ASoC: no source widget found for MIC BIAS3
01-01 00:01:01.248 0 0 E kona-asoc-snd soc: qcom,msm-audio-apr:qcom,q6core-audio:sound: ASoC: Failed to add route MIC BIAS3 -> direct -> TX DMIC0
01-01 00:01:01.249 0 0 E kona-asoc-snd soc: qcom,msm-audio-apr:qcom,q6core-audio:sound: ASoC: no sink widget found for MIC BIAS3
01-01 00:01:01.249 0 0 E kona-asoc-snd soc: qcom,msm-audio-apr:qcom,q6core-audio:sound: ASoC: Failed to add route Digital Mic0 -> direct -> MIC BIAS3
01-01 00:01:01.249 0 0 E kona-asoc-snd soc: qcom,msm-audio-apr:qcom,q6core-audio:sound: ASoC: no source widget found for MIC BIAS3
01-01 00:01:01.249 0 0 E kona-asoc-snd soc: qcom,msm-audio-apr:qcom,q6core-audio:sound: ASoC: Failed to add route MIC BIAS3 -> direct -> TX DMIC1
01-01 00:01:01.249 0 0 E kona-asoc-snd soc: qcom,msm-audio-apr:qcom,q6core-audio:sound: ASoC: no sink widget found for MIC BIAS3
01-01 00:01:01.249 0 0 E kona-asoc-snd soc: qcom,msm-audio-apr:qcom,q6core-audio:sound: ASoC: Failed to add route Digital Mic1 -> direct -> MIC BIAS3
01-01 00:01:01.263 0 0 I qcom,camera ac50000.qcom,cci: qcom,cam-sensor3: Linked as a consumer to regulator.77
01-01 00:01:01.272 0 0 E kona-asoc-snd soc: qcom,msm-audio-apr:qcom,q6core-audio:sound: ASoC: no source widget found for MIC BIAS1
01-01 00:01:01.079 1155 1155 D SystemServerTiming: InitBeforeStartServices took to complete: 776ms
01-01 00:01:01.079 1155 1155 I SystemServerTiming: StartServices
01-01 00:01:01.079 1155 1155 I SystemServerTiming: startBootstrapServices
01-01 00:01:01.079 1155 1155 I SystemServerTiming: StartWatchdog
01-01 00:01:01.088 1155 1155 D SystemServerTiming: StartWatchdog took to complete: 9ms
01-01 00:01:01.088 1155 1155 I SystemServer: Reading configuration...
01-01 00:01:01.088 1155 1155 I SystemServerTiming: ReadingSystemConfig
01-01 00:01:01.089 1155 1155 D SystemServerTiming: ReadingSystemConfig took to complete: 0ms
01-01 00:01:01.089 1155 1155 I SystemServerTiming: PlatformCompat
01-01 00:01:01.089 1155 1223 I SystemServerTimingAsync: InitThreadPoolExec:ReadingSystemConfig
01-01 00:01:01.089 1155 1223 D SystemServerInitThreadPool: Started executing ReadingSystemConfig
01-01 00:01:01.090 1155 1155 D CompatConfig: Found a config file: /system/etc/compatconfig/services-platform-compat-config.xml
01-01 00:01:01.092 1155 1155 D CompatConfig: Adding: com.android.server.compat.config.Change@28207e
01-01 00:01:01.095 1155 1223 I SystemConfig: Reading permissions from /system/etc/sysconfig/qti_whitelist.xml
01-01 00:01:01.095 1155 1155 D CompatConfig: Adding: com.android.server.compat.config.Change@399362c
01-01 00:01:01.095 1155 1155 D CompatConfig: Adding: com.android.server.compat.config.Change@8c5a8f5
01-01 00:01:01.096 1155 1155 D CompatConfig: Adding: com.android.server.compat.config.Change@821c68a
01-01 00:01:01.097 1155 1155 D CompatConfig: Adding: com.android.server.compat.config.Change@99bc4fb
01-01 00:01:01.098 1155 1155 D CompatConfig: Adding: com.android.server.compat.config.Change@2798918
01-01 00:01:01.099 1155 1155 D CompatConfig: Adding: com.android.server.compat.config.Change@614df71
01-01 00:01:01.099 1155 1155 D CompatConfig: Adding: com.android.server.compat.config.Change@55dc156
01-01 00:01:01.100 1155 1155 D CompatConfig: Adding: com.android.server.compat.config.Change@857b5d7
01-01 00:01:01.101 1155 1155 D CompatConfig: Adding: com.android.server.compat.config.Change@20a1ec4
01-01 00:01:01.102 1155 1155 D CompatConfig: Adding: com.android.server.compat.config.Change@34701ad
01-01 00:01:01.102 1155 1223 I SystemConfig: Reading permissions from /system/etc/sysconfig/preinstalled-packages-com.android.providers.media.module.xml
01-01 00:01:01.103 1155 1155 D CompatConfig: Adding: com.android.server.compat.config.Change@c77d873
01-01 00:01:01.111 1155 1155 D CompatConfig: Adding: com.android.server.compat.config.Change@eec6330
01-01 00:01:01.111 1155 1155 D CompatConfig: Adding: com.android.server.compat.config.Change@7ff0ba9
01-01 00:01:01.112 1155 1155 D CompatConfig: Adding: com.android.server.compat.config.Change@adba52e
01-01 00:01:01.113 1155 1155 D CompatConfig: Adding: com.android.server.compat.config.Change@b6d88cf
01-01 00:01:01.113 1155 1155 D CompatConfig: Adding: com.android.server.compat.config.Change@c6c825c
01-01 00:01:01.114 1155 1155 D CompatConfig: Adding: com.android.server.compat.config.Change@913b965
01-01 00:01:01.115 1155 1155 D CompatConfig: Adding: com.android.server.compat.config.Change@900e63a
01-01 00:01:01.115 1155 1155 D CompatConfig: Adding: com.android.server.compat.config.Change@663e2eb
01-01 00:01:01.313 0 0 I CAM_ERR : CAM-CCI: cam_cci_irq: 264 Base:ffffff801a04d000, M1_Q1 NACK ERROR: 0x40000000
01-01 00:01:01.318 0 0 E kona-asoc-snd soc: qcom,msm-audio-apr:qcom,q6core-audio:sound: ASoC: Failed to add route MIC BIAS1 -> direct -> TX DMIC2
01-01 00:01:01.117 1155 1155 D CompatConfig: Adding: com.android.server.compat.config.Change@46d6848
01-01 00:01:01.117 1155 1155 D CompatConfig: Adding: com.android.server.compat.config.Change@80b86e1
01-01 00:01:01.118 1155 1155 D CompatConfig: Adding: com.android.server.compat.config.Change@3072c06
01-01 00:01:01.119 1155 1155 D CompatConfig: Adding: com.android.server.compat.config.Change@c1bc2c7
01-01 00:01:01.120 1155 1155 D CompatConfig: Adding: com.android.server.compat.config.Change@a14c0f4
01-01 00:01:01.120 1155 1155 D CompatConfig: Adding: com.android.server.compat.config.Change@e58b01d
01-01 00:01:01.121 1155 1155 D CompatConfig: Adding: com.android.server.compat.config.Change@4da0292
01-01 00:01:01.122 1155 1155 D CompatConfig: Adding: com.android.server.compat.config.Change@c87c463
01-01 00:01:01.122 1155 1155 D CompatConfig: Adding: com.android.server.compat.config.Change@b36f860
01-01 00:01:01.123 1155 1155 D CompatConfig: Adding: com.android.server.compat.config.Change@553119
01-01 00:01:01.123 1155 1155 D CompatConfig: Adding: com.android.server.compat.config.Change@b91b5de
01-01 00:01:01.124 1155 1155 D CompatConfig: Adding: com.android.server.compat.config.Change@a2843bf
01-01 00:01:01.124 1155 1155 D CompatConfig: Adding: com.android.server.compat.config.Change@c833a8c
01-01 00:01:01.125 1214 1214 I gsid : no DSU: No such file or directory
01-01 00:01:01.125 1155 1155 D CompatConfig: Adding: com.android.server.compat.config.Change@3fec5d5
01-01 00:01:01.126 1155 1155 D CompatConfig: Adding: com.android.server.compat.config.Change@b7f51ea
01-01 00:01:01.126 1155 1155 D CompatConfig: Adding: com.android.server.compat.config.Change@5275cdb
01-01 00:01:01.127 1155 1155 D CompatConfig: Adding: com.android.server.compat.config.Change@c6f7378
01-01 00:01:01.127 1155 1155 D CompatConfig: Adding: com.android.server.compat.config.Change@772ea51
01-01 00:01:01.128 1155 1155 D CompatConfig: Adding: com.android.server.compat.config.Change@af8a2b6
01-01 00:01:01.129 1155 1155 D CompatConfig: Adding: com.android.server.compat.config.Change@c34ebb7
01-01 00:01:01.129 1155 1155 D CompatConfig: Adding: com.android.server.compat.config.Change@8e44f24
01-01 00:01:01.130 1155 1223 I SystemConfig: Reading permissions from /system/etc/sysconfig/hiddenapi-package-whitelist.xml
01-01 00:01:01.131 1155 1155 D CompatConfig: Adding: com.android.server.compat.config.Change@de43442
01-01 00:01:01.131 1155 1155 D CompatConfig: Adding: com.android.server.compat.config.Change@f228c53
01-01 00:01:01.132 1155 1155 D CompatConfig: Adding: com.android.server.compat.config.Change@3a93990
01-01 00:01:01.133 1155 1223 I SystemConfig: Reading permissions from /system/etc/sysconfig/preinstalled-packages-platform-full-base.xml
01-01 00:01:01.133 1155 1155 D CompatConfig: Adding: com.android.server.compat.config.Change@e05528e
01-01 00:01:01.134 1155 1223 I SystemConfig: Reading permissions from /system/etc/sysconfig/preinstalled-packages-platform.xml
01-01 00:01:01.134 1155 1155 D CompatConfig: Adding: com.android.server.compat.config.Change@1905ebc
01-01 00:01:01.135 1155 1223 I SystemConfig: Reading permissions from /system/etc/sysconfig/framework-sysconfig.xml
01-01 00:01:01.136 1155 1155 D CompatConfig: Adding: com.android.server.compat.config.Change@c08099a
01-01 00:01:01.136 1155 1155 D CompatConfig: Adding: com.android.server.compat.config.Change@97532cb
01-01 00:01:01.137 1155 1155 D CompatConfig: Adding: com.android.server.compat.config.Change@62aaa8
01-01 00:01:01.137 1155 1223 I SystemConfig: Reading permissions from /system/etc/permissions/org.apache.http.legacy.xml
01-01 00:01:01.138 1155 1155 D CompatConfig: Adding: com.android.server.compat.config.Change@54d2566
01-01 00:01:01.138 1155 1155 D CompatConfig: Adding: com.android.server.compat.config.Change@62230a7
01-01 00:01:01.139 1155 1223 I SystemConfig: Reading permissions from /system/etc/permissions/privapp-permissions-platform.xml
01-01 00:01:01.332 0 0 I CAM_ERR : CAM-CCI: cam_cci_read: 1306 ERROR with Slave 0x20:
01-01 00:01:01.342 0 0 E kona-asoc-snd soc: qcom,msm-audio-apr:qcom,q6core-audio:sound: ASoC: no sink widget found for MIC BIAS1
01-01 00:01:01.140 1155 1155 D CompatConfig: Adding: com.android.server.compat.config.Change@d480fd
01-01 00:01:01.142 1155 1155 D CompatConfig: Found a config file: /system/etc/compatconfig/calendar-provider-compat-config.xml
01-01 00:01:01.144 1155 1155 D CompatConfig: Adding: com.android.server.compat.config.Change@ab73043
01-01 00:01:01.145 1155 1155 D CompatConfig: Found a config file: /system/etc/compatconfig/framework-platform-compat-config.xml
01-01 00:01:01.148 1155 1155 D CompatConfig: Adding: com.android.server.compat.config.Change@c6d2ff9
01-01 00:01:01.148 1155 1223 I SystemConfig: Reading permissions from /system/etc/permissions/uimremoteclient.xml
01-01 00:01:01.148 1155 1155 D CompatConfig: Adding: com.android.server.compat.config.Change@9128d9f
01-01 00:01:01.149 1155 1155 D CompatConfig: Adding: com.android.server.compat.config.Change@c06eeec
01-01 00:01:01.150 1155 1223 I SystemConfig: Reading permissions from /system/etc/permissions/privapp-permissions-qti.xml
01-01 00:01:01.151 1155 1155 D CompatConfig: Adding: com.android.server.compat.config.Change@7c60d4a
01-01 00:01:01.355 0 0 I CAM_ERR : CAM-CCI: cam_cci_read_bytes: 1561 failed to read rc:-22
01-01 00:01:01.366 0 0 E kona-asoc-snd soc: qcom,msm-audio-apr:qcom,q6core-audio:sound: ASoC: Failed to add route Digital Mic2 -> direct -> MIC BIAS1
01-01 00:01:01.366 0 0 E kona-asoc-snd soc: qcom,msm-audio-apr:qcom,q6core-audio:sound: ASoC: no source widget found for MIC BIAS1
01-01 00:01:01.152 1155 1155 D CompatConfig: Adding: com.android.server.compat.config.Change@89c64bb
01-01 00:01:01.153 1155 1223 I SystemConfig: Reading permissions from /system/etc/permissions/com.android.mediadrm.signer.xml
01-01 00:01:01.154 1155 1155 D CompatConfig: Adding: com.android.server.compat.config.Change@4efe531
01-01 00:01:01.154 1155 1223 I SystemConfig: Reading permissions from /system/etc/permissions/com.android.future.usb.accessory.xml
01-01 00:01:01.155 1155 1155 D CompatConfig: Adding: com.android.server.compat.config.Change@5229197
01-01 00:01:01.156 1155 1155 D CompatConfig: Adding: com.android.server.compat.config.Change@9de2f84
01-01 00:01:01.156 1155 1223 I SystemConfig: Reading permissions from /system/etc/permissions/com.android.documentsui.xml
01-01 00:01:01.157 1155 1155 D CompatConfig: Adding: com.android.server.compat.config.Change@21afba2
01-01 00:01:01.158 1155 1155 D CompatConfig: Adding: com.android.server.compat.config.Change@f74b033
01-01 00:01:01.158 1155 1223 I SystemConfig: Reading permissions from /system/etc/permissions/android.software.live_wallpaper.xml
01-01 00:01:01.160 1155 1223 I SystemConfig: Reading permissions from /system/etc/permissions/com.android.nfc_extras.xml
01-01 00:01:01.162 1155 1223 I SystemConfig: Reading permissions from /system/etc/permissions/android.test.mock.xml
01-01 00:01:01.164 1155 1223 I SystemConfig: Reading permissions from /system/etc/permissions/android.software.freeform_window_management.xml
01-01 00:01:01.165 1155 1155 D CompatConfig: Adding: com.android.server.compat.config.Change@f19eb1c
01-01 00:01:01.166 1155 1223 I SystemConfig: Reading permissions from /system/etc/permissions/android.test.base.xml
01-01 00:01:01.167 1155 1155 D CompatConfig: Adding: com.android.server.compat.config.Change@ca45cfa
01-01 00:01:01.167 1155 1223 I SystemConfig: Reading permissions from /system/etc/permissions/com.android.location.provider.xml
01-01 00:01:01.168 1155 1155 D CompatConfig: Adding: com.android.server.compat.config.Change@d689d08
01-01 00:01:01.169 1155 1223 I SystemConfig: Reading permissions from /system/etc/permissions/android.test.runner.xml
01-01 00:01:01.169 1155 1155 D CompatConfig: Adding: com.android.server.compat.config.Change@14b4ec6
01-01 00:01:01.170 1155 1155 D CompatConfig: Adding: com.android.server.compat.config.Change@2350e87
01-01 00:01:01.170 1155 1223 I SystemConfig: Reading permissions from /system/etc/permissions/uimremoteserver.xml
01-01 00:01:01.171 1155 1155 D CompatConfig: Adding: com.android.server.compat.config.Change@5ca41dd
01-01 00:01:01.171 1155 1223 I SystemConfig: Reading permissions from /system/etc/permissions/com.android.networkstack.tethering.xml
01-01 00:01:01.172 1155 1155 D CompatConfig: Adding: com.android.server.compat.config.Change@74a0c23
01-01 00:01:01.173 1155 1155 D CompatConfig: Adding: com.android.server.compat.config.Change@4c0520
01-01 00:01:01.174 1155 1223 I SystemConfig: Reading permissions from /system/etc/permissions/android.software.webview.xml
01-01 00:01:01.379 0 0 I CAM_ERR : CAM-SENSOR: cam_cci_i2c_read: 35 rc = -22
01-01 00:01:01.390 0 0 E kona-asoc-snd soc: qcom,msm-audio-apr:qcom,q6core-audio:sound: ASoC: Failed to add route MIC BIAS1 -> direct -> TX DMIC3
01-01 00:01:01.175 1155 1155 D CompatConfig: Adding: com.android.server.compat.config.Change@c5f709e
01-01 00:01:01.176 1155 1223 I SystemConfig: Reading permissions from /system/etc/permissions/com.android.media.remotedisplay.xml
01-01 00:01:01.176 1155 1155 D CompatConfig: Adding: com.android.server.compat.config.Change@bc534c
01-01 00:01:01.177 1155 1155 D CompatConfig: Adding: com.android.server.compat.config.Change@a58cf95
01-01 00:01:01.178 1155 1223 I SystemConfig: Reading permissions from /system/etc/permissions/com.android.networkstack.xml
01-01 00:01:01.179 1155 1155 D CompatConfig: Adding: com.android.server.compat.config.Change@572dc9b
01-01 00:01:01.180 1155 1155 D CompatConfig: Adding: com.android.server.compat.config.Change@c015838
01-01 00:01:01.181 1155 1223 I SystemConfig: Reading permissions from /system/etc/permissions/javax.obex.xml
01-01 00:01:01.181 1155 1155 D CompatConfig: Adding: com.android.server.compat.config.Change@2eaf576
01-01 00:01:01.182 1155 1155 D CompatConfig: Adding: com.android.server.compat.config.Change@418a777
01-01 00:01:01.182 1155 1155 D CompatConfig: Adding: com.android.server.compat.config.Change@e045c4d
01-01 00:01:01.183 1155 1223 I SystemConfig: Reading permissions from /system/etc/permissions/platform.xml
01-01 00:01:01.183 1155 1155 D CompatConfig: Adding: com.android.server.compat.config.Change@c88f302
01-01 00:01:01.184 1155 1155 D CompatConfig: Adding: com.android.server.compat.config.Change@5e64413
01-01 00:01:01.184 1155 1155 D CompatConfig: Adding: com.android.server.compat.config.Change@57af650
01-01 00:01:01.185 1155 1155 D CompatConfig: Adding: com.android.server.compat.config.Change@e477049
01-01 00:01:01.186 1155 1155 D CompatConfig: Adding: com.android.server.compat.config.Change@a173d4e
01-01 00:01:01.186 1155 1155 D CompatConfig: Adding: com.android.server.compat.config.Change@8e70e6f
01-01 00:01:01.188 1155 1155 D CompatConfig: Adding: com.android.server.compat.config.Change@9a1277c
01-01 00:01:01.188 1155 1155 D CompatConfig: Adding: com.android.server.compat.config.Change@98dc805
01-01 00:01:01.189 1155 1223 I SystemConfig: Reading permissions from /vendor/etc/permissions/android.hardware.wifi.xml
01-01 00:01:01.190 1155 1155 D CompatConfig: Adding: com.android.server.compat.config.Change@680228b
01-01 00:01:01.191 1155 1155 D CompatConfig: Adding: com.android.server.compat.config.Change@1973f68
01-01 00:01:01.191 1155 1223 I SystemConfig: Reading permissions from /vendor/etc/permissions/vendor-qti-hardware-sensorscalibrate.xml
01-01 00:01:01.192 1155 1155 D CompatConfig: Adding: com.android.server.compat.config.Change@6d9a826
01-01 00:01:01.192 1155 1155 D CompatConfig: Adding: com.android.server.compat.config.Change@f4c5c67
01-01 00:01:01.193 1155 1155 D CompatConfig: Adding: com.android.server.compat.config.Change@654ea14
01-01 00:01:01.193 1155 1223 I SystemConfig: Reading permissions from /vendor/etc/permissions/android.hardware.bluetooth_le.xml
01-01 00:01:01.194 1155 1155 D CompatConfig: Adding: com.android.server.compat.config.Change@a2820b2
01-01 00:01:01.195 1155 1223 I SystemConfig: Reading permissions from /vendor/etc/permissions/android.hardware.se.omapi.uicc.xml
01-01 00:01:01.195 1155 1155 D CompatConfig: Adding: com.android.server.compat.config.Change@6a09380
01-01 00:01:01.196 1155 1155 D CompatConfig: Adding: com.android.server.compat.config.Change@44ffdb9
01-01 00:01:01.196 1155 1223 I SystemConfig: Reading permissions from /vendor/etc/permissions/android.hardware.audio.low_latency.xml
01-01 00:01:01.390 0 0 E kona-asoc-snd soc: qcom,msm-audio-apr:qcom,q6core-audio:sound: ASoC: no sink widget found for MIC BIAS1
01-01 00:01:01.402 0 0 I CAM_WARN: CAM-SENSOR: cam_sensor_match_id: 769 read id: 0x0 expected id 0x9281:
01-01 00:01:01.413 0 0 E kona-asoc-snd soc: qcom,msm-audio-apr:qcom,q6core-audio:sound: ASoC: Failed to add route Digital Mic3 -> direct -> MIC BIAS1
01-01 00:01:01.413 0 0 E kona-asoc-snd soc: qcom,msm-audio-apr:qcom,q6core-audio:sound: ASoC: no source widget found for MIC BIAS4
01-01 00:01:01.197 1155 1223 I SystemConfig: Reading permissions from /vendor/etc/permissions/android.software.verified_boot.xml
01-01 00:01:01.198 1155 1155 D CompatConfig: Adding: com.android.server.compat.config.Change@53b67ac
01-01 00:01:01.199 1155 1223 I SystemConfig: Reading permissions from /vendor/etc/permissions/android.hardware.se.omapi.ese.xml
01-01 00:01:01.200 1155 1155 D CompatConfig: Adding: com.android.server.compat.config.Change@86f140a
01-01 00:01:01.201 1155 1223 I SystemConfig: Reading permissions from /vendor/etc/permissions/handheld_core_hardware.xml
01-01 00:01:01.201 1155 1155 D CompatConfig: Adding: com.android.server.compat.config.Change@dcd5298
01-01 00:01:01.202 1155 1223 I SystemConfig: Reading permissions from /vendor/etc/permissions/android.hardware.wifi.rtt.xml
01-01 00:01:01.203 1155 1155 D CompatConfig: Adding: com.android.server.compat.config.Change@4f266d6
01-01 00:01:01.204 1155 1155 D CompatConfig: Adding: com.android.server.compat.config.Change@60f2d57
01-01 00:01:01.204 1155 1223 I SystemConfig: Reading permissions from /vendor/etc/permissions/android.hardware.fingerprint.xml
01-01 00:01:01.205 1155 1155 D CompatConfig: Adding: com.android.server.compat.config.Change@6a052d
01-01 00:01:01.206 1155 1223 I SystemConfig: Reading permissions from /vendor/etc/permissions/android.hardware.sensor.proximity.xml
01-01 00:01:01.206 1155 1155 D CompatConfig: Adding: com.android.server.compat.config.Change@6ef47f3
01-01 00:01:01.207 1155 1223 I SystemConfig: Reading permissions from /vendor/etc/permissions/android.hardware.wifi.passpoint.xml
01-01 00:01:01.208 1155 1155 D CompatConfig: Adding: com.android.server.compat.config.Change@b0ec729
01-01 00:01:01.208 1155 1223 I SystemConfig: Reading permissions from /vendor/etc/permissions/android.software.device_id_attestation.xml
01-01 00:01:01.209 1155 1155 D CompatConfig: Adding: com.android.server.compat.config.Change@aac704f
01-01 00:01:01.210 1155 1155 D CompatConfig: Adding: com.android.server.compat.config.Change@1be13dc
01-01 00:01:01.210 1155 1223 I SystemConfig: Reading permissions from /vendor/etc/permissions/android.hardware.vulkan.version-1_1.xml
01-01 00:01:01.211 1155 1155 D CompatConfig: Adding: com.android.server.compat.config.Change@bfc93ba
01-01 00:01:01.212 1155 1223 I SystemConfig: Reading permissions from /vendor/etc/permissions/android.hardware.usb.accessory.xml
01-01 00:01:01.212 1155 1155 D CompatConfig: Adding: com.android.server.compat.config.Change@f0691c8
01-01 00:01:01.213 1155 1155 D CompatConfig: Adding: com.android.server.compat.config.Change@ee73261
01-01 00:01:01.214 1155 1223 I SystemConfig: Reading permissions from /vendor/etc/permissions/android.hardware.opengles.aep.xml
01-01 00:01:01.214 1155 1155 D CompatConfig: Adding: com.android.server.compat.config.Change@8601a47
01-01 00:01:01.215 1155 1155 D CompatConfig: Adding: com.android.server.compat.config.Change@2d70274
01-01 00:01:01.216 1155 1223 I SystemConfig: Reading permissions from /vendor/etc/permissions/android.hardware.vulkan.compute-0.xml
01-01 00:01:01.217 1155 1223 I SystemConfig: Reading permissions from /vendor/etc/permissions/android.hardware.location.gps.xml
01-01 00:01:01.219 1155 1223 I SystemConfig: Reading permissions from /vendor/etc/permissions/android.hardware.sensor.hifi_sensors.xml
01-01 00:01:01.220 1155 1223 I SystemConfig: Reading permissions from /vendor/etc/permissions/vendor.qti.hardware.factory.xml
01-01 00:01:01.221 1155 1155 D CompatConfig: Adding: com.android.server.compat.config.Change@a8acc99
01-01 00:01:01.221 1155 1223 I SystemConfig: Reading permissions from /vendor/etc/permissions/android.hardware.sensor.stepdetector.xml
01-01 00:01:01.426 0 0 I qcom,camera ac50000.qcom,cci: qcom,cam-sensor3: Dropping the link to regulator.77
01-01 00:01:01.436 0 0 E kona-asoc-snd soc: qcom,msm-audio-apr:qcom,q6core-audio:sound: ASoC: Failed to add route MIC BIAS4 -> direct -> TX DMIC4
01-01 00:01:01.436 0 0 E kona-asoc-snd soc: qcom,msm-audio-apr:qcom,q6core-audio:sound: ASoC: no sink widget found for MIC BIAS4
01-01 00:01:01.223 1155 1223 I SystemConfig: Reading permissions from /vendor/etc/permissions/android.hardware.sensor.accelerometer.xml
01-01 00:01:01.224 1155 1223 I SystemConfig: Reading permissions from /vendor/etc/permissions/android.hardware.sensor.compass.xml
01-01 00:01:01.224 1155 1223 I SystemConfig: Reading permissions from /vendor/etc/permissions/android.hardware.sensor.barometer.xml
01-01 00:01:01.225 1155 1223 I SystemConfig: Reading permissions from /vendor/etc/permissions/android.hardware.sensor.relative_humidity.xml
01-01 00:01:01.226 1155 1223 I SystemConfig: Reading permissions from /vendor/etc/permissions/android.hardware.wifi.aware.xml
01-01 00:01:01.227 1155 1223 I SystemConfig: Reading permissions from /vendor/etc/permissions/android.hardware.touchscreen.multitouch.jazzhand.xml
01-01 00:01:01.228 1155 1223 I SystemConfig: Reading permissions from /vendor/etc/permissions/android.hardware.wifi.direct.xml
01-01 00:01:01.228 1155 1155 D CompatConfig: Found a config file: /system/etc/compatconfig/icu4j-platform-compat-config.xml
01-01 00:01:01.229 1155 1155 D CompatConfig: Adding: com.android.server.compat.config.Change@3fe2337
01-01 00:01:01.230 1155 1223 I SystemConfig: Reading permissions from /vendor/etc/permissions/android.hardware.sensor.ambient_temperature.xml
01-01 00:01:01.231 1155 1155 D CompatConfig: Found a config file: /system/etc/compatconfig/documents-ui-compat-config.xml
01-01 00:01:01.232 1155 1155 D CompatConfig: Adding: com.android.server.compat.config.Change@d6a71c2
01-01 00:01:01.232 1155 1223 I SystemConfig: Reading permissions from /vendor/etc/permissions/android.hardware.sensor.gyroscope.xml
01-01 00:01:01.235 1155 1155 D CompatConfig: Found a config file: /system/system_ext/etc/compatconfig/settings-platform-compat-config.xml
01-01 00:01:01.238 1155 1155 D CompatConfig: Adding: com.android.server.compat.config.Change@a8b0e09
01-01 00:01:01.238 1155 1223 I SystemConfig: Reading permissions from /vendor/etc/permissions/android.hardware.usb.host.xml
01-01 00:01:01.241 1155 1155 D CompatConfig: No directory /apex/com.android.vndk.v30/etc/compatconfig, skipping
01-01 00:01:01.241 1155 1155 D CompatConfig: No directory /apex/com.android.wifi/etc/compatconfig, skipping
01-01 00:01:01.241 1155 1155 D CompatConfig: No directory /apex/com.android.vndk.v31/etc/compatconfig, skipping
01-01 00:01:01.241 1155 1155 D CompatConfig: No directory /apex/com.android.tzdata/etc/compatconfig, skipping
01-01 00:01:01.242 1155 1155 D CompatConfig: No directory /apex/com.android.tethering/etc/compatconfig, skipping
01-01 00:01:01.242 1155 1155 D CompatConfig: No directory /apex/com.android.sdkext/etc/compatconfig, skipping
01-01 00:01:01.242 1155 1155 D CompatConfig: No directory /apex/com.android.scheduling/etc/compatconfig, skipping
01-01 00:01:01.242 1155 1155 D CompatConfig: No directory /apex/com.android.runtime/etc/compatconfig, skipping
01-01 00:01:01.242 1155 1155 D CompatConfig: No directory /apex/com.android.resolv/etc/compatconfig, skipping
01-01 00:01:01.243 1155 1155 D CompatConfig: No directory /apex/com.android.permission/etc/compatconfig, skipping
01-01 00:01:01.243 1155 1155 D CompatConfig: No directory /apex/com.android.os.statsd/etc/compatconfig, skipping
01-01 00:01:01.243 1155 1155 D CompatConfig: No directory /apex/com.android.neuralnetworks/etc/compatconfig, skipping
01-01 00:01:01.245 1155 1155 D CompatConfig: Found a config file: /apex/com.android.mediaprovider/etc/compatconfig/media-provider-platform-compat-config.xml
01-01 00:01:01.246 1155 1223 I SystemConfig: Reading permissions from /vendor/etc/permissions/android.software.midi.xml
01-01 00:01:01.246 1155 1155 D CompatConfig: Adding: com.android.server.compat.config.Change@7cd81c5
01-01 00:01:01.247 1155 1223 I SystemConfig: Reading permissions from /vendor/etc/permissions/android.hardware.audio.pro.xml
01-01 00:01:01.247 1155 1155 D CompatConfig: Adding: com.android.server.compat.config.Change@fe0d24b
01-01 00:01:01.248 1155 1155 D CompatConfig: Adding: com.android.server.compat.config.Change@3ce9428
01-01 00:01:01.249 1155 1223 I SystemConfig: Reading permissions from /vendor/etc/permissions/android.hardware.sensor.light.xml
01-01 00:01:01.249 1155 1155 D CompatConfig: Adding: com.android.server.compat.config.Change@a06eae6
01-01 00:01:01.250 1155 1155 D CompatConfig: Adding: com.android.server.compat.config.Change@4684827
01-01 00:01:01.251 1155 1223 I SystemConfig: Reading permissions from /vendor/etc/permissions/android.hardware.sensor.stepcounter.xml
01-01 00:01:01.251 1155 1155 D CompatConfig: Adding: com.android.server.compat.config.Change@4b7247d
01-01 00:01:01.252 1155 1155 D CompatConfig: Adding: com.android.server.compat.config.Change@4c6cf72
01-01 00:01:01.252 1155 1223 I SystemConfig: Reading permissions from /vendor/etc/permissions/android.software.vulkan.deqp.level.xml
01-01 00:01:01.254 1155 1155 D CompatConfig: No directory /apex/com.android.media.swcodec/etc/compatconfig, skipping
01-01 00:01:01.255 1155 1155 D CompatConfig: No directory /apex/com.android.media/etc/compatconfig, skipping
01-01 00:01:01.255 1155 1155 D CompatConfig: No directory /apex/com.android.ipsec/etc/compatconfig, skipping
01-01 00:01:01.255 1155 1155 D CompatConfig: No directory /apex/com.android.i18n/etc/compatconfig, skipping
01-01 00:01:01.255 1155 1155 D CompatConfig: No directory /apex/com.android.extservices/etc/compatconfig, skipping
01-01 00:01:01.255 1155 1155 D CompatConfig: No directory /apex/com.android.conscrypt/etc/compatconfig, skipping
01-01 00:01:01.453 0 0 I qcom,camera ac50000.qcom,cci: qcom,cam-sensor3: Dropping the link to regulator.57
01-01 00:01:01.459 0 0 E kona-asoc-snd soc: qcom,msm-audio-apr:qcom,q6core-audio:sound: ASoC: Failed to add route Digital Mic4 -> direct -> MIC BIAS4
01-01 00:01:01.259 1155 1155 D CompatConfig: Found a config file: /apex/com.android.art/etc/compatconfig/libcore-platform-compat-config.xml
01-01 00:01:01.261 1155 1155 D CompatConfig: Adding: com.android.server.compat.config.Change@2968b79
01-01 00:01:01.262 1155 1223 I SystemConfig: Reading permissions from /vendor/etc/permissions/android.hardware.bluetooth.xml
01-01 00:01:01.263 1155 1155 D CompatConfig: Adding: com.android.server.compat.config.Change@814151f
01-01 00:01:01.264 1155 1223 I SystemConfig: Reading permissions from /vendor/etc/permissions/android.hardware.light.xml
01-01 00:01:01.264 1155 1155 D CompatConfig: Adding: com.android.server.compat.config.Change@46b6635
01-01 00:01:01.265 1155 1155 D CompatConfig: Adding: com.android.server.compat.config.Change@cdcdaca
01-01 00:01:01.266 1155 1155 D CompatConfig: Adding: com.android.server.compat.config.Change@6eee43b
01-01 00:01:01.266 1155 1223 I SystemConfig: Reading permissions from /vendor/etc/permissions/android.software.ipsec_tunnels.xml
01-01 00:01:01.473 0 0 I qcom,camera ac50000.qcom,cci: qcom,cam-sensor3: Dropping the link to regulator.86
01-01 00:01:01.483 0 0 E kona-asoc-snd soc: qcom,msm-audio-apr:qcom,q6core-audio:sound: ASoC: no source widget found for MIC BIAS4
01-01 00:01:01.267 1155 1155 D CompatConfig: No directory /apex/com.android.appsearch/etc/compatconfig, skipping
01-01 00:01:01.268 1155 1155 D CompatConfig: No directory /apex/com.android.adbd/etc/compatconfig, skipping
01-01 00:01:01.270 1155 1223 I SystemConfig: Reading permissions from /vendor/etc/permissions/android.hardware.vulkan.level-1.xml
01-01 00:01:01.270 1155 1155 D SystemServerTiming: PlatformCompat took to complete: 182ms
01-01 00:01:01.270 1155 1155 I SystemServerTiming: StartFileIntegrityService
01-01 00:01:01.271 1155 1155 I SystemServiceManager: Starting com.android.server.security.FileIntegrityService
01-01 00:01:01.271 1155 1223 I SystemConfig: Reading permissions from /vendor/etc/permissions/qti_fingerprint_interface.xml
01-01 00:01:01.274 1155 1223 I SystemConfig: Reading permissions from /product/etc/sysconfig/preinstalled-packages-platform-handheld-product.xml
01-01 00:01:01.275 1155 1223 I SystemConfig: Reading permissions from /product/etc/sysconfig/preinstalled-packages-platform-overlays.xml
01-01 00:01:01.276 1155 1155 D SystemServerTiming: StartFileIntegrityService took to complete: 5ms
01-01 00:01:01.276 1155 1155 I SystemServerTiming: StartInstaller
01-01 00:01:01.276 1155 1155 I SystemServiceManager: Starting com.android.server.pm.Installer
01-01 00:01:01.279 1155 1155 W Installer: installd not found; trying again
01-01 00:01:01.280 1155 1155 D SystemServerTiming: StartInstaller took to complete: 5ms
01-01 00:01:01.280 1155 1155 I SystemServerTiming: DeviceIdentifiersPolicyService
01-01 00:01:01.280 1155 1155 I SystemServiceManager: Starting com.android.server.os.DeviceIdentifiersPolicyService
01-01 00:01:01.281 1155 1155 D SystemServerTiming: DeviceIdentifiersPolicyService took to complete: 1ms
01-01 00:01:01.281 1155 1155 I SystemServerTiming: UriGrantsManagerService
01-01 00:01:01.281 1155 1155 I SystemServiceManager: Starting com.android.server.uri.UriGrantsManagerService$Lifecycle
01-01 00:01:01.283 1155 1155 D SystemServerTiming: UriGrantsManagerService took to complete: 2ms
01-01 00:01:01.283 1155 1155 I SystemServerTiming: StartPowerStatsService
01-01 00:01:01.284 1155 1155 I SystemServiceManager: Starting com.android.server.powerstats.PowerStatsService
01-01 00:01:01.286 1155 1223 I SystemConfig: Reading permissions from /product/etc/permissions/com.qti.snapdragon.sdk.display.xml
01-01 00:01:01.288 1155 1223 I SystemConfig: Reading permissions from /product/etc/permissions/vendor.qti.hardware.data.connection-V1.0-java.xml
01-01 00:01:01.290 1155 1223 I SystemConfig: Reading permissions from /product/etc/permissions/ims_ext_common.xml
01-01 00:01:01.292 1155 1223 I SystemConfig: Reading permissions from /product/etc/permissions/privapp-permissions-soundrecorder.xml
01-01 00:01:01.294 1155 1223 I SystemConfig: Reading permissions from /product/etc/permissions/vendor.qti.hardware.data.connection-V1.1-java.xml
01-01 00:01:01.295 1155 1223 I SystemConfig: Reading permissions from /product/etc/permissions/telephony_product_privapp-permissions-qti.xml
01-01 00:01:01.297 1155 1223 I SystemConfig: Reading permissions from /product/etc/permissions/UimService.xml
01-01 00:01:01.299 1155 1223 I SystemConfig: Reading permissions from /product/etc/permissions/com.android.settings.intelligence.xml
01-01 00:01:01.302 1155 1223 I SystemConfig: Reading permissions from /system_ext/etc/sysconfig/qti_telephony_system_packages_config.xml
01-01 00:01:01.501 0 0 I binder : 1155:1155 ioctl 40046210 7fd9714204 returned -22
01-01 00:01:01.506 0 0 E kona-asoc-snd soc: qcom,msm-audio-apr:qcom,q6core-audio:sound: ASoC: Failed to add route MIC BIAS4 -> direct -> TX DMIC5
01-01 00:01:01.305 1155 1223 I SystemConfig: Reading permissions from /system_ext/etc/sysconfig/qti_whitelist_system_ext.xml
01-01 00:01:01.309 1155 1155 D SystemServerTiming: StartPowerStatsService took to complete: 25ms
01-01 00:01:01.309 1155 1155 I SystemServerTiming: StartIStatsService
01-01 00:01:01.310 1155 1223 I SystemConfig: Reading permissions from /system_ext/etc/permissions/com.qualcomm.qti.imscmservice-V2.1-java.xml
01-01 00:01:01.313 1155 1155 D SystemServerTiming: StartIStatsService took to complete: 5ms
01-01 00:01:01.313 1155 1155 I SystemServerTiming: MemtrackProxyService
01-01 00:01:01.315 1155 1223 I SystemConfig: Reading permissions from /system_ext/etc/permissions/com.android.settings.xml
01-01 00:01:01.317 1155 1223 I SystemConfig: Reading permissions from /system_ext/etc/permissions/dpmapi.xml
01-01 00:01:01.317 1155 1155 D SystemServerTiming: MemtrackProxyService took to complete: 4ms
01-01 00:01:01.318 1155 1155 I SystemServerTiming: StartActivityManager
01-01 00:01:01.318 1155 1155 I SystemServiceManager: Starting com.android.server.wm.ActivityTaskManagerService$Lifecycle
01-01 00:01:01.319 1155 1223 I SystemConfig: Reading permissions from /system_ext/etc/permissions/com.qualcomm.location.xml
01-01 00:01:01.321 1155 1223 I SystemConfig: Reading permissions from /system_ext/etc/permissions/embms-noship_product_privapp_permissions_qti.xml
01-01 00:01:01.323 1155 1223 I SystemConfig: Reading permissions from /system_ext/etc/permissions/com.qualcomm.qmapbridge.xml
01-01 00:01:01.323 1155 1155 I SystemServiceManager: Starting com.android.server.am.ActivityManagerService$Lifecycle
01-01 00:01:01.325 1155 1223 I SystemConfig: Reading permissions from /system_ext/etc/permissions/com.qti.media.secureprocessor.xml
