01-01 00:01:10.660 0 0 I : register_lock_class+0x4d0/0x5c8
01-01 00:01:10.660 0 0 I : __lock_acquire+0xbc/0x1e58
01-01 00:01:10.660 0 0 I : lock_acquire+0x1cc/0x218
01-01 00:01:10.660 0 0 I : _raw_spin_lock_irqsave+0x54/0x98
01-01 00:01:10.660 0 0 I : ion_system_secure_heap_prefetch_work+0x94/0x2c0
01-01 00:01:10.660 0 0 I : process_one_work+0x38c/0x660
01-01 00:01:10.660 0 0 I : worker_thread+0x268/0x4b8
01-01 00:01:10.660 0 0 I : kthread+0x140/0x150
01-01 00:01:10.660 0 0 I : ret_from_fork+0x10/0x1c
08-23 17:43:02.427 1885 2222 W ActivityThread: Failed to find provider info for com.android.contacts (user not unlocked)
08-23 17:43:02.429 1885 1885 D SystemUIBootTiming: StartServicescom.android.systemui.power.PowerUI took to complete: 25ms
01-01 00:01:10.672 0 0 D cnss : Assign MSI to user: CE, num_vectors: 10, user_base_data: 803, base_vector: 3
01-01 00:01:10.672 0 0 D cnss : Received QMI WLFW pin connect result indication
01-01 00:01:10.672 0 0 D cnss : Pin connect Result: pwr_pin: 0x1 phy_io_pin: 0x0 rf_io_pin: 0x0
08-23 17:43:02.433 1885 1885 D SystemUIBootTiming: StartServicescom.android.systemui.media.RingtonePlayer took to complete: 3ms
08-23 17:43:02.434 1885 1885 D SystemUIBootTiming: StartServicescom.android.systemui.keyboard.KeyboardUI took to complete: 2ms
08-23 17:43:02.436 1885 1885 D SystemUIBootTiming: StartServicescom.android.systemui.shortcut.ShortcutKeyDispatcher took to complete: 2ms
08-23 17:43:02.436 1885 1885 D SystemUIBootTiming: StartServicescom.android.systemui.VendorServices took to complete: 0ms
08-23 17:43:02.437 1885 1885 D SystemUIBootTiming: StartServicescom.android.systemui.util.leak.GarbageMonitor$Service took to complete: 1ms
08-23 17:43:02.437 1885 1885 D SystemUIBootTiming: StartServicescom.android.systemui.LatencyTester took to complete: 0ms
08-23 17:43:02.439 1885 1885 D SystemUIBootTiming: StartServicescom.android.systemui.globalactions.GlobalActionsComponent took to complete: 2ms
01-01 00:01:10.680 0 0 I [kworke][0x50e11d12][17:43:02.441343] wlan: [8:I:HIF] ce_srng_dest_ring_setup: ce_id 1
01-01 00:01:10.680 0 0 D cnss : Assign MSI to user: CE, num_vectors: 10, user_base_data: 803, base_vector: 3
01-01 00:01:10.681 0 0 I [kworke][0x50e16452][17:43:02.442294] wlan: [8:I:HIF] ce_srng_status_ring_setup: ce_id 1
01-01 00:01:10.681 0 0 D cnss : Assign MSI to user: CE, num_vectors: 10, user_base_data: 803, base_vector: 3
08-23 17:43:02.442 1885 1885 D SystemUIBootTiming: StartServicescom.android.systemui.ScreenDecorations took to complete: 3ms
01-01 00:01:10.682 0 0 I [kworke][0x50e19987][17:43:02.443003] wlan: [8:I:HIF] ce_srng_dest_ring_setup: ce_id 2
01-01 00:01:10.682 0 0 D cnss : Assign MSI to user: CE, num_vectors: 10, user_base_data: 803, base_vector: 3
01-01 00:01:10.682 0 0 I [kworke][0x50e1a75f][17:43:02.443187] wlan: [8:I:HIF] ce_srng_status_ring_setup: ce_id 2
01-01 00:01:10.682 0 0 D cnss : Assign MSI to user: CE, num_vectors: 10, user_base_data: 803, base_vector: 3
01-01 00:01:10.683 0 0 D cnss : Assign MSI to user: CE, num_vectors: 10, user_base_data: 803, base_vector: 3
01-01 00:01:10.687 0 0 I msm_vidc: high: 00000001: ....e: Opening video instance: ffffffd756138000, 0
08-23 17:43:02.445 1885 1885 D SystemUIBootTiming: StartServicescom.android.systemui.biometrics.AuthController took to complete: 3ms
08-23 17:43:02.445 1885 1885 D SystemUIBootTiming: StartServicescom.android.systemui.SliceBroadcastRelayHandler took to complete: 0ms
08-23 17:43:02.448 1885 1885 D SystemUIBootTiming: StartServicescom.android.systemui.statusbar.notification.InstantAppNotifier took to complete: 2ms
08-23 17:43:02.452 1885 1885 D SystemUIBootTiming: StartServicescom.android.systemui.theme.ThemeOverlayController took to complete: 5ms
08-23 17:43:02.452 1885 1885 D SystemUIBootTiming: StartServicescom.android.systemui.accessibility.WindowMagnification took to complete: 0ms
01-01 00:01:10.705 0 0 I [kworke][0x50e87877][17:43:02.466456] wlan: [8:I:HIF] ce_srng_dest_ring_setup: ce_id 5
01-01 00:01:10.705 0 0 D cnss : Assign MSI to user: CE, num_vectors: 10, user_base_data: 803, base_vector: 3
01-01 00:01:10.705 0 0 I [kworke][0x50e886af][17:43:02.466645] wlan: [8:I:HIF] ce_srng_status_ring_setup: ce_id 5
01-01 00:01:10.705 0 0 D cnss : Assign MSI to user: CE, num_vectors: 10, user_base_data: 803, base_vector: 3
01-01 00:01:10.706 0 0 I [kworke][0x50e89606][17:43:02.466849] wlan: [8:I:HIF] hif_configure_irq: E
01-01 00:01:10.706 0 0 D cnss : Assign MSI to user: WAKE, num_vectors: 1, user_base_data: 813, base_vector: 13
01-01 00:01:10.706 0 0 D cnss : Get IRQ number 425 for vector index 13
01-01 00:01:10.706 0 0 D cnss : Assign MSI to user: CE, num_vectors: 10, user_base_data: 803, base_vector: 3
01-01 00:01:10.706 0 0 D cnss : Get IRQ number 415 for vector index 3
01-01 00:01:10.706 0 0 D cnss : Get IRQ number 416 for vector index 4
01-01 00:01:10.708 0 0 D cnss : Get IRQ number 417 for vector index 5
01-01 00:01:10.709 0 0 D cnss : Get IRQ number 418 for vector index 6
01-01 00:01:10.709 0 0 D cnss : Get IRQ number 420 for vector index 8
01-01 00:01:10.709 0 0 D cnss : Get IRQ number 421 for vector index 9
01-01 00:01:10.709 0 0 D cnss : Get IRQ number 423 for vector index 11
01-01 00:01:10.711 0 0 E [kworke][0x50ea0248][17:43:02.471706] wlan: [8:E:mlme] mlme_init_reg_cfg: 2374: null pdev
08-23 17:43:02.467 1885 1885 D SystemUIBootTiming: StartServicescom.android.systemui.accessibility.SystemActions took to complete: 14ms
08-23 17:43:02.467 1885 1885 D SystemUIBootTiming: StartServicescom.android.systemui.toast.ToastUI took to complete: 0ms
08-23 17:43:02.479 1885 1885 D SystemUIBootTiming: StartServicescom.android.systemui.wmshell.WMShell took to complete: 12ms
01-01 00:01:10.717 0 0 I msm_vidc: high: 00000001: h265e: Closed video instance: ffffffd756138000
01-01 00:01:10.721 0 0 E [kworke][0x50ecff9d][17:43:02.481911] wlan: [8:E:WMI] WMI handle is NULL
01-01 00:01:10.729 0 0 I [kworke][0x50ef64d1][17:43:02.490087] wlan: [8:I:HIF] Initializing Runtime PM wakelock &p2p_soc_obj->roc_runtime_lock
01-01 00:01:10.729 0 0 D cnss : Platform cap_flag is 0x4
01-01 00:01:10.729 0 0 E [kworke][0x50ef6828][17:43:02.490131] wlan: [8:E:QDF] cds_get_context: 1486: Module ID 66 context is Null
08-23 17:43:02.495 1885 1885 D SystemUIBootTiming: StartServices took to complete: 1150ms
08-23 17:43:02.495 1155 1218 I DropBoxManagerService: add tag=system_app_strictmode isTagEnabled=true flags=0x2
08-23 17:43:02.499 1155 1218 I DropBoxManagerService: add tag=system_app_strictmode isTagEnabled=true flags=0x2
08-23 17:43:02.502 1155 1218 I DropBoxManagerService: add tag=system_app_strictmode isTagEnabled=true flags=0x2
01-01 00:01:10.793 0 0 E [kworke][0x510221e0][17:43:02.554047] wlan: [8:E:QDF] cds_get_context: 1486: Module ID 66 context is Null
08-23 17:43:02.574 1155 1183 D CompatibilityChangeReporter: Compat change id reported: 135634846; UID 10089; state: DISABLED
08-23 17:43:02.575 1155 1183 D CompatibilityChangeReporter: Compat change id reported: 177438394; UID 10089; state: DISABLED
08-23 17:43:02.575 1155 1183 D CompatibilityChangeReporter: Compat change id reported: 135772972; UID 10089; state: DISABLED
08-23 17:43:02.575 1155 1183 D CompatibilityChangeReporter: Compat change id reported: 135754954; UID 10089; state: ENABLED
08-23 17:43:02.575 1155 1232 D CompatibilityChangeReporter: Compat change id reported: 143937733; UID 10089; state: ENABLED
01-01 00:01:10.809 0 0 E : INFO: trying to register non-static key.
01-01 00:01:10.815 0 0 E : the code is fine but needs lockdep annotation.
01-01 00:01:10.820 0 0 I : CPU: 7 PID: 337 Comm: kworker/u16:14 Tainted: G S W O 4.19.157+ #1
01-01 00:01:10.820 0 0 I Hardware name: Qualcomm Technologies, Inc. kona MTP-RmPM8150b (DT)
01-01 00:01:10.820 0 0 I Workqueue: events_unbound ion_system_secure_heap_prefetch_work
01-01 00:01:10.820 0 0 I Call trace:
01-01 00:01:10.820 0 0 I : dump_backtrace+0x0/0x258
01-01 00:01:10.820 0 0 I : show_stack+0x20/0x30
01-01 00:01:10.820 0 0 I : dump_stack+0xd8/0x12c
01-01 00:01:10.820 0 0 I : register_lock_class+0x4d0/0x5c8
01-01 00:01:10.820 0 0 I : __lock_acquire+0xbc/0x1e58
01-01 00:01:10.820 0 0 I : lock_acquire+0x1cc/0x218
01-01 00:01:10.820 0 0 I : _raw_spin_lock_irqsave+0x54/0x98
01-01 00:01:10.820 0 0 I : ion_system_secure_heap_prefetch_work+0x94/0x2c0
01-01 00:01:10.820 0 0 I : process_one_work+0x38c/0x660
01-01 00:01:10.820 0 0 I : worker_thread+0x268/0x4b8
01-01 00:01:10.820 0 0 I : kthread+0x140/0x150
01-01 00:01:10.820 0 0 I : ret_from_fork+0x10/0x1c
01-01 00:01:10.823 0 0 E : INFO: trying to register non-static key.
01-01 00:01:10.829 0 0 E : the code is fine but needs lockdep annotation.
01-01 00:01:10.832 0 0 I [kworke][0x510db196][17:43:02.593511] wlan: [8:I:HIF] Initializing Runtime PM wakelock &psoc_wakelock->wmi_cmd_rsp_runtime_lock
01-01 00:01:10.834 0 0 I : CPU: 7 PID: 337 Comm: kworker/u16:14 Tainted: G S W O 4.19.157+ #1
01-01 00:01:10.834 0 0 I Hardware name: Qualcomm Technologies, Inc. kona MTP-RmPM8150b (DT)
01-01 00:01:10.834 0 0 I Workqueue: events_unbound ion_system_secure_heap_prefetch_work
01-01 00:01:10.834 0 0 I Call trace:
01-01 00:01:10.834 0 0 I : dump_backtrace+0x0/0x258
01-01 00:01:10.834 0 0 I : show_stack+0x20/0x30
01-01 00:01:10.834 0 0 I : dump_stack+0xd8/0x12c
01-01 00:01:10.834 0 0 I : register_lock_class+0x4d0/0x5c8
01-01 00:01:10.834 0 0 I : __lock_acquire+0xbc/0x1e58
01-01 00:01:10.834 0 0 I : lock_acquire+0x1cc/0x218
01-01 00:01:10.834 0 0 I : _raw_spin_lock_irqsave+0x54/0x98
01-01 00:01:10.834 0 0 I : ion_system_secure_heap_prefetch_work+0x94/0x2c0
01-01 00:01:10.834 0 0 I : process_one_work+0x38c/0x660
01-01 00:01:10.834 0 0 I : worker_thread+0x268/0x4b8
01-01 00:01:10.834 0 0 I : kthread+0x140/0x150
01-01 00:01:10.834 0 0 I : ret_from_fork+0x10/0x1c
01-01 00:01:10.837 0 0 E : INFO: trying to register non-static key.
01-01 00:01:10.839 0 0 F [kworke][0x510faf21][17:43:02.600305] wlan: [8:F:WMA] WMA --> wmi_unified_attach - success
01-01 00:01:10.842 0 0 E : the code is fine but needs lockdep annotation.
01-01 00:01:10.842 0 0 I : CPU: 7 PID: 337 Comm: kworker/u16:14 Tainted: G S W O 4.19.157+ #1
01-01 00:01:10.842 0 0 I Hardware name: Qualcomm Technologies, Inc. kona MTP-RmPM8150b (DT)
01-01 00:01:10.842 0 0 I Workqueue: events_unbound ion_system_secure_heap_prefetch_work
01-01 00:01:10.842 0 0 I Call trace:
01-01 00:01:10.842 0 0 I : dump_backtrace+0x0/0x258
01-01 00:01:10.842 0 0 I : show_stack+0x20/0x30
01-01 00:01:10.842 0 0 I : dump_stack+0xd8/0x12c
01-01 00:01:10.842 0 0 I : register_lock_class+0x4d0/0x5c8
01-01 00:01:10.842 0 0 I : __lock_acquire+0xbc/0x1e58
01-01 00:01:10.842 0 0 I : lock_acquire+0x1cc/0x218
01-01 00:01:10.842 0 0 I : _raw_spin_lock_irqsave+0x54/0x98
01-01 00:01:10.842 0 0 I : ion_system_secure_heap_prefetch_work+0x94/0x2c0
01-01 00:01:10.842 0 0 I : process_one_work+0x38c/0x660
01-01 00:01:10.842 0 0 I : worker_thread+0x268/0x4b8
01-01 00:01:10.842 0 0 I : kthread+0x140/0x150
01-01 00:01:10.842 0 0 I : ret_from_fork+0x10/0x1c
01-01 00:01:10.844 0 0 E : INFO: trying to register non-static key.
01-01 00:01:10.853 0 0 I [kworke][0x5113e477][17:43:02.614671] wlan: [8:I:HIF] Initializing Runtime PM wakelock &vdev->vdev_set_key_runtime_wakelock
01-01 00:01:10.857 0 0 E : the code is fine but needs lockdep annotation.
01-01 00:01:10.857 0 0 I : CPU: 7 PID: 337 Comm: kworker/u16:14 Tainted: G S W O 4.19.157+ #1
01-01 00:01:10.857 0 0 I Hardware name: Qualcomm Technologies, Inc. kona MTP-RmPM8150b (DT)
01-01 00:01:10.857 0 0 I Workqueue: events_unbound ion_system_secure_heap_prefetch_work
01-01 00:01:10.857 0 0 I Call trace:
01-01 00:01:10.857 0 0 I : dump_backtrace+0x0/0x258
01-01 00:01:10.857 0 0 I : show_stack+0x20/0x30
01-01 00:01:10.857 0 0 I : dump_stack+0xd8/0x12c
01-01 00:01:10.857 0 0 I : register_lock_class+0x4d0/0x5c8
01-01 00:01:10.857 0 0 I : __lock_acquire+0xbc/0x1e58
01-01 00:01:10.857 0 0 I : lock_acquire+0x1cc/0x218
01-01 00:01:10.857 0 0 I : _raw_spin_lock_irqsave+0x54/0x98
01-01 00:01:10.857 0 0 I : ion_system_secure_heap_prefetch_work+0x94/0x2c0
01-01 00:01:10.857 0 0 I : process_one_work+0x38c/0x660
01-01 00:01:10.857 0 0 I : worker_thread+0x268/0x4b8
01-01 00:01:10.857 0 0 I : kthread+0x140/0x150
01-01 00:01:10.857 0 0 I : ret_from_fork+0x10/0x1c
01-01 00:01:10.860 0 0 E : INFO: trying to register non-static key.
01-01 00:01:10.866 0 0 I [kworke][0x51177dbf][17:43:02.626955] wlan: [8:I:HIF] Initializing Runtime PM wakelock &vdev->vdev_set_key_runtime_wakelock
01-01 00:01:10.868 0 0 E : the code is fine but needs lockdep annotation.
01-01 00:01:10.868 0 0 I : CPU: 7 PID: 337 Comm: kworker/u16:14 Tainted: G S W O 4.19.157+ #1
01-01 00:01:10.868 0 0 I Hardware name: Qualcomm Technologies, Inc. kona MTP-RmPM8150b (DT)
01-01 00:01:10.868 0 0 I Workqueue: events_unbound ion_system_secure_heap_prefetch_work
08-23 17:43:02.637 1155 1232 W ActivityManager: Slow operation: 63ms so far, now at startProcess: returned from zygote!
08-23 17:43:02.638 1155 1232 W ActivityManager: Slow operation: 63ms so far, now at startProcess: done updating battery stats
08-23 17:43:02.638 1155 1232 W ActivityManager: Slow operation: 63ms so far, now at startProcess: building log message
08-23 17:43:02.638 1155 1232 I ActivityManager: Start proc 2492:com.qualcomm.qti.qccauthmgr/u0a89 for content provider {com.qualcomm.qti.qccauthmgr/com.qualcomm.qti.qccauthmgr.providers.SMQContentProvider}
08-23 17:43:02.638 1155 1232 W ActivityManager: Slow operation: 63ms so far, now at startProcess: starting to update pids map
08-23 17:43:02.638 1155 1232 W ActivityManager: Slow operation: 64ms so far, now at startProcess: done updating pids map
01-01 00:01:10.875 0 0 I [kworke][0x511a1add][17:43:02.635874] wlan: [8:I:HIF] Initializing Runtime PM wakelock &vdev->vdev_set_key_runtime_wakelock
01-01 00:01:10.878 0 0 I Call trace:
01-01 00:01:10.878 0 0 I : dump_backtrace+0x0/0x258
01-01 00:01:10.878 0 0 I : show_stack+0x20/0x30
01-01 00:01:10.878 0 0 I : dump_stack+0xd8/0x12c
01-01 00:01:10.878 0 0 I : register_lock_class+0x4d0/0x5c8
01-01 00:01:10.878 0 0 I : __lock_acquire+0xbc/0x1e58
01-01 00:01:10.878 0 0 I : lock_acquire+0x1cc/0x218
01-01 00:01:10.878 0 0 I : _raw_spin_lock_irqsave+0x54/0x98
01-01 00:01:10.878 0 0 I : ion_system_secure_heap_prefetch_work+0x94/0x2c0
01-01 00:01:10.878 0 0 I : process_one_work+0x38c/0x660
01-01 00:01:10.878 0 0 I : worker_thread+0x268/0x4b8
01-01 00:01:10.878 0 0 I : kthread+0x140/0x150
01-01 00:01:10.878 0 0 I : ret_from_fork+0x10/0x1c
01-01 00:01:10.881 0 0 E : INFO: trying to register non-static key.
01-01 00:01:10.886 0 0 E : the code is fine but needs lockdep annotation.
01-01 00:01:10.888 0 0 I [kworke][0x511e0d79][17:43:02.649349] wlan: [8:I:HIF] Initializing Runtime PM wakelock &vdev->vdev_set_key_runtime_wakelock
01-01 00:01:10.892 0 0 I : CPU: 7 PID: 337 Comm: kworker/u16:14 Tainted: G S W O 4.19.157+ #1
01-01 00:01:10.892 0 0 I Hardware name: Qualcomm Technologies, Inc. kona MTP-RmPM8150b (DT)
01-01 00:01:10.892 0 0 I Workqueue: events_unbound ion_system_secure_heap_prefetch_work
01-01 00:01:10.892 0 0 I Call trace:
01-01 00:01:10.892 0 0 I : dump_backtrace+0x0/0x258
01-01 00:01:10.892 0 0 I : show_stack+0x20/0x30
01-01 00:01:10.892 0 0 I : dump_stack+0xd8/0x12c
01-01 00:01:10.892 0 0 I : register_lock_class+0x4d0/0x5c8
01-01 00:01:10.892 0 0 I : __lock_acquire+0xbc/0x1e58
01-01 00:01:10.892 0 0 I : lock_acquire+0x1cc/0x218
01-01 00:01:10.892 0 0 I : _raw_spin_lock_irqsave+0x54/0x98
01-01 00:01:10.892 0 0 I : ion_system_secure_heap_prefetch_work+0x94/0x2c0
01-01 00:01:10.892 0 0 I : process_one_work+0x38c/0x660
01-01 00:01:10.892 0 0 I : worker_thread+0x268/0x4b8
01-01 00:01:10.892 0 0 I : kthread+0x140/0x150
01-01 00:01:10.892 0 0 I : ret_from_fork+0x10/0x1c
01-01 00:01:10.895 0 0 E : INFO: trying to register non-static key.
01-01 00:01:10.895 0 0 I [kworke][0x51201064][17:43:02.656215] wlan: [8:I:HIF] Initializing Runtime PM wakelock &vdev->vdev_set_key_runtime_wakelock
01-01 00:01:10.900 0 0 E : the code is fine but needs lockdep annotation.
01-01 00:01:10.900 0 0 I : CPU: 7 PID: 337 Comm: kworker/u16:14 Tainted: G S W O 4.19.157+ #1
01-01 00:01:10.900 0 0 I Hardware name: Qualcomm Technologies, Inc. kona MTP-RmPM8150b (DT)
01-01 00:01:10.900 0 0 I Workqueue: events_unbound ion_system_secure_heap_prefetch_work
01-01 00:01:10.900 0 0 I Call trace:
01-01 00:01:10.900 0 0 I : dump_backtrace+0x0/0x258
01-01 00:01:10.900 0 0 I : show_stack+0x20/0x30
01-01 00:01:10.900 0 0 I : dump_stack+0xd8/0x12c
01-01 00:01:10.900 0 0 I : register_lock_class+0x4d0/0x5c8
01-01 00:01:10.900 0 0 I : __lock_acquire+0xbc/0x1e58
01-01 00:01:10.900 0 0 I : lock_acquire+0x1cc/0x218
01-01 00:01:10.900 0 0 I : _raw_spin_lock_irqsave+0x54/0x98
01-01 00:01:10.900 0 0 I : ion_system_secure_heap_prefetch_work+0x94/0x2c0
01-01 00:01:10.900 0 0 I : process_one_work+0x38c/0x660
01-01 00:01:10.900 0 0 I : worker_thread+0x268/0x4b8
01-01 00:01:10.900 0 0 I : kthread+0x140/0x150
01-01 00:01:10.900 0 0 I : ret_from_fork+0x10/0x1c
01-01 00:01:10.901 0 0 I msm_vidc: high: 00000001: ....e: Opening video instance: ffffffd6d6ff4000, 0
01-01 00:01:10.902 0 0 E : INFO: trying to register non-static key.
01-01 00:01:10.902 0 0 E : the code is fine but needs lockdep annotation.
01-01 00:01:10.902 0 0 I : CPU: 7 PID: 337 Comm: kworker/u16:14 Tainted: G S W O 4.19.157+ #1
01-01 00:01:10.902 0 0 I Hardware name: Qualcomm Technologies, Inc. kona MTP-RmPM8150b (DT)
01-01 00:01:10.902 0 0 I Workqueue: events_unbound ion_system_secure_heap_prefetch_work
01-01 00:01:10.902 0 0 I Call trace:
01-01 00:01:10.902 0 0 I : dump_backtrace+0x0/0x258
01-01 00:01:10.902 0 0 I : show_stack+0x20/0x30
01-01 00:01:10.902 0 0 I : dump_stack+0xd8/0x12c
01-01 00:01:10.902 0 0 I : register_lock_class+0x4d0/0x5c8
01-01 00:01:10.902 0 0 I : __lock_acquire+0xbc/0x1e58
01-01 00:01:10.902 0 0 I : lock_acquire+0x1cc/0x218
01-01 00:01:10.902 0 0 I : _raw_spin_lock_irqsave+0x54/0x98
01-01 00:01:10.902 0 0 I : ion_system_secure_heap_prefetch_work+0x94/0x2c0
01-01 00:01:10.902 0 0 I : process_one_work+0x38c/0x660
01-01 00:01:10.902 0 0 I : worker_thread+0x268/0x4b8
01-01 00:01:10.902 0 0 I : kthread+0x140/0x150
01-01 00:01:10.902 0 0 I : ret_from_fork+0x10/0x1c
01-01 00:01:10.904 0 0 E : INFO: trying to register non-static key.
01-01 00:01:10.904 0 0 E : the code is fine but needs lockdep annotation.
01-01 00:01:10.904 0 0 I : CPU: 7 PID: 337 Comm: kworker/u16:14 Tainted: G S W O 4.19.157+ #1
01-01 00:01:10.904 0 0 I Hardware name: Qualcomm Technologies, Inc. kona MTP-RmPM8150b (DT)
01-01 00:01:10.904 0 0 I Workqueue: events_unbound ion_system_secure_heap_prefetch_work
01-01 00:01:10.904 0 0 I Call trace:
01-01 00:01:10.904 0 0 I : dump_backtrace+0x0/0x258
01-01 00:01:10.904 0 0 I : show_stack+0x20/0x30
01-01 00:01:10.904 0 0 I : dump_stack+0xd8/0x12c
01-01 00:01:10.904 0 0 I : register_lock_class+0x4d0/0x5c8
01-01 00:01:10.904 0 0 I : __lock_acquire+0xbc/0x1e58
01-01 00:01:10.904 0 0 I : lock_acquire+0x1cc/0x218
01-01 00:01:10.904 0 0 I : _raw_spin_lock_irqsave+0x54/0x98
01-01 00:01:10.904 0 0 I : ion_system_secure_heap_prefetch_work+0x94/0x2c0
01-01 00:01:10.904 0 0 I : process_one_work+0x38c/0x660
01-01 00:01:10.904 0 0 I : worker_thread+0x268/0x4b8
01-01 00:01:10.904 0 0 I : kthread+0x140/0x150
01-01 00:01:10.904 0 0 I : ret_from_fork+0x10/0x1c
01-01 00:01:10.906 0 0 E : INFO: trying to register non-static key.
01-01 00:01:10.908 0 0 I [kworke][0x5123c4e8][17:43:02.668864] wlan: [8:I:HIF] Initializing Runtime PM wakelock &vdev->vdev_set_key_runtime_wakelock
01-01 00:01:10.912 0 0 I [kworke][0x51252966][17:43:02.673616] wlan: [8:I:HIF] Initializing Runtime PM wakelock &wma_handle->wmi_cmd_rsp_runtime_lock
01-01 00:01:10.913 0 0 I msm_vidc: err : 00000001: ....e: msm_vidc_comm_update_ctrl: failed: control name Ltr Count, min 0, max 0, step 0, default_value 0
01-01 00:01:10.916 0 0 E : the code is fine but needs lockdep annotation.
01-01 00:01:10.916 0 0 I : CPU: 7 PID: 337 Comm: kworker/u16:14 Tainted: G S W O 4.19.157+ #1
01-01 00:01:10.916 0 0 I Hardware name: Qualcomm Technologies, Inc. kona MTP-RmPM8150b (DT)
01-01 00:01:10.916 0 0 I Workqueue: events_unbound ion_system_secure_heap_prefetch_work
01-01 00:01:10.916 0 0 I Call trace:
01-01 00:01:10.916 0 0 I : dump_backtrace+0x0/0x258
01-01 00:01:10.916 0 0 I : show_stack+0x20/0x30
01-01 00:01:10.916 0 0 I : dump_stack+0xd8/0x12c
01-01 00:01:10.916 0 0 I : register_lock_class+0x4d0/0x5c8
01-01 00:01:10.916 0 0 I : __lock_acquire+0xbc/0x1e58
01-01 00:01:10.916 0 0 I : lock_acquire+0x1cc/0x218
01-01 00:01:10.916 0 0 I : _raw_spin_lock_irqsave+0x54/0x98
01-01 00:01:10.916 0 0 I : ion_system_secure_heap_prefetch_work+0x94/0x2c0
01-01 00:01:10.916 0 0 I : process_one_work+0x38c/0x660
01-01 00:01:10.916 0 0 I : worker_thread+0x268/0x4b8
01-01 00:01:10.916 0 0 I : kthread+0x140/0x150
01-01 00:01:10.916 0 0 I : ret_from_fork+0x10/0x1c
01-01 00:01:10.919 0 0 E : INFO: trying to register non-static key.
01-01 00:01:10.922 0 0 I [kworke][0x5127fb3d][17:43:02.683241] wlan: [8:I:HIF] Initializing Runtime PM wakelock &wma_handle->sap_prevent_runtime_pm_lock
01-01 00:01:10.927 0 0 E : the code is fine but needs lockdep annotation.
01-01 00:01:10.927 0 0 I : CPU: 7 PID: 337 Comm: kworker/u16:14 Tainted: G S W O 4.19.157+ #1
01-01 00:01:10.927 0 0 I Hardware name: Qualcomm Technologies, Inc. kona MTP-RmPM8150b (DT)
01-01 00:01:10.927 0 0 I Workqueue: events_unbound ion_system_secure_heap_prefetch_work
01-01 00:01:10.927 0 0 I Call trace:
01-01 00:01:10.927 0 0 I : dump_backtrace+0x0/0x258
01-01 00:01:10.927 0 0 I : show_stack+0x20/0x30
01-01 00:01:10.927 0 0 I : dump_stack+0xd8/0x12c
01-01 00:01:10.927 0 0 I : register_lock_class+0x4d0/0x5c8
01-01 00:01:10.927 0 0 I : __lock_acquire+0xbc/0x1e58
01-01 00:01:10.927 0 0 I : lock_acquire+0x1cc/0x218
01-01 00:01:10.927 0 0 I : _raw_spin_lock_irqsave+0x54/0x98
01-01 00:01:10.927 0 0 I : ion_system_secure_heap_prefetch_work+0x94/0x2c0
01-01 00:01:10.927 0 0 I : process_one_work+0x38c/0x660
01-01 00:01:10.927 0 0 I : worker_thread+0x268/0x4b8
01-01 00:01:10.927 0 0 I : kthread+0x140/0x150
01-01 00:01:10.927 0 0 I : ret_from_fork+0x10/0x1c
01-01 00:01:10.931 0 0 E : INFO: trying to register non-static key.
01-01 00:01:10.933 0 0 I msm_vidc: high: 00000001: vp8e: Closed video instance: ffffffd6d6ff4000
01-01 00:01:10.938 0 0 E : the code is fine but needs lockdep annotation.
01-01 00:01:10.938 0 0 I : CPU: 7 PID: 337 Comm: kworker/u16:14 Tainted: G S W O 4.19.157+ #1
01-01 00:01:10.938 0 0 I Hardware name: Qualcomm Technologies, Inc. kona MTP-RmPM8150b (DT)
01-01 00:01:10.938 0 0 I Workqueue: events_unbound ion_system_secure_heap_prefetch_work
01-01 00:01:10.938 0 0 I Call trace:
01-01 00:01:10.938 0 0 I : dump_backtrace+0x0/0x258
01-01 00:01:10.938 0 0 I : show_stack+0x20/0x30
01-01 00:01:10.938 0 0 I : dump_stack+0xd8/0x12c
01-01 00:01:10.938 0 0 I : register_lock_class+0x4d0/0x5c8
01-01 00:01:10.938 0 0 I : __lock_acquire+0xbc/0x1e58
01-01 00:01:10.938 0 0 I : lock_acquire+0x1cc/0x218
01-01 00:01:10.938 0 0 I : _raw_spin_lock_irqsave+0x54/0x98
01-01 00:01:10.938 0 0 I : ion_system_secure_heap_prefetch_work+0x94/0x2c0
01-01 00:01:10.938 0 0 I : process_one_work+0x38c/0x660
01-01 00:01:10.938 0 0 I : worker_thread+0x268/0x4b8
01-01 00:01:10.938 0 0 I : kthread+0x140/0x150
01-01 00:01:10.938 0 0 I : ret_from_fork+0x10/0x1c
01-01 00:01:10.942 0 0 E : INFO: trying to register non-static key.
01-01 00:01:10.952 0 0 I binder : 1885:2105 ioctl 40046210 6fb6c381f4 returned -22
01-01 00:01:10.955 0 0 E : the code is fine but needs lockdep annotation.
01-01 00:01:10.955 0 0 I : CPU: 7 PID: 337 Comm: kworker/u16:14 Tainted: G S W O 4.19.157+ #1
01-01 00:01:10.955 0 0 I Hardware name: Qualcomm Technologies, Inc. kona MTP-RmPM8150b (DT)
01-01 00:01:10.955 0 0 I Workqueue: events_unbound ion_system_secure_heap_prefetch_work
01-01 00:01:10.955 0 0 I Call trace:
01-01 00:01:10.955 0 0 I : dump_backtrace+0x0/0x258
01-01 00:01:10.955 0 0 I : show_stack+0x20/0x30
01-01 00:01:10.955 0 0 I : dump_stack+0xd8/0x12c
01-01 00:01:10.955 0 0 I : register_lock_class+0x4d0/0x5c8
01-01 00:01:10.955 0 0 I : __lock_acquire+0xbc/0x1e58
01-01 00:01:10.955 0 0 I : lock_acquire+0x1cc/0x218
01-01 00:01:10.955 0 0 I : _raw_spin_lock_irqsave+0x54/0x98
01-01 00:01:10.955 0 0 I : ion_system_secure_heap_prefetch_work+0x94/0x2c0
01-01 00:01:10.955 0 0 I : process_one_work+0x38c/0x660
01-01 00:01:10.955 0 0 I : worker_thread+0x268/0x4b8
01-01 00:01:10.971 0 0 I : kthread+0x140/0x150
01-01 00:01:10.971 0 0 I : ret_from_fork+0x10/0x1c
01-01 00:01:10.974 0 0 E : INFO: trying to register non-static key.
01-01 00:01:10.978 0 0 I binder : 2492:2492 ioctl 40046210 7fd97147c4 returned -22
01-01 00:01:10.979 0 0 E : the code is fine but needs lockdep annotation.
01-01 00:01:10.979 0 0 I : CPU: 7 PID: 337 Comm: kworker/u16:14 Tainted: G S W O 4.19.157+ #1
01-01 00:01:10.979 0 0 I Hardware name: Qualcomm Technologies, Inc. kona MTP-RmPM8150b (DT)
01-01 00:01:10.979 0 0 I Workqueue: events_unbound ion_system_secure_heap_prefetch_work
01-01 00:01:10.985 0 0 I Call trace:
01-01 00:01:10.985 0 0 I : dump_backtrace+0x0/0x258
01-01 00:01:10.985 0 0 I : show_stack+0x20/0x30
01-01 00:01:10.985 0 0 I : dump_stack+0xd8/0x12c
01-01 00:01:10.985 0 0 I : register_lock_class+0x4d0/0x5c8
01-01 00:01:10.985 0 0 I : __lock_acquire+0xbc/0x1e58
01-01 00:01:10.985 0 0 I : lock_acquire+0x1cc/0x218
01-01 00:01:10.985 0 0 I : _raw_spin_lock_irqsave+0x54/0x98
01-01 00:01:10.985 0 0 I : ion_system_secure_heap_prefetch_work+0x94/0x2c0
01-01 00:01:10.985 0 0 I : process_one_work+0x38c/0x660
01-01 00:01:10.985 0 0 I : worker_thread+0x268/0x4b8
01-01 00:01:10.985 0 0 I : kthread+0x140/0x150
01-01 00:01:10.985 0 0 I : ret_from_fork+0x10/0x1c
01-01 00:01:10.987 0 0 E : INFO: trying to register non-static key.
01-01 00:01:10.987 0 0 E [kworke][0x513ae4d6][17:43:02.747794] wlan: [8:E:QDF] htc_wait_target: 684: Target Ready! TX resource : 1 size:2176, MaxMsgsPerHTCBundle = 1
01-01 00:01:10.992 0 0 E : the code is fine but needs lockdep annotation.
01-01 00:01:10.992 0 0 I : CPU: 7 PID: 337 Comm: kworker/u16:14 Tainted: G S W O 4.19.157+ #1
01-01 00:01:10.992 0 0 I Hardware name: Qualcomm Technologies, Inc. kona MTP-RmPM8150b (DT)
01-01 00:01:10.992 0 0 I Workqueue: events_unbound ion_system_secure_heap_prefetch_work
01-01 00:01:10.992 0 0 I Call trace:
01-01 00:01:10.992 0 0 I : dump_backtrace+0x0/0x258
01-01 00:01:10.992 0 0 I : show_stack+0x20/0x30
01-01 00:01:10.992 0 0 I : dump_stack+0xd8/0x12c
01-01 00:01:10.992 0 0 I : register_lock_class+0x4d0/0x5c8
01-01 00:01:10.992 0 0 I : __lock_acquire+0xbc/0x1e58
01-01 00:01:10.992 0 0 I : lock_acquire+0x1cc/0x218
01-01 00:01:10.992 0 0 I : _raw_spin_lock_irqsave+0x54/0x98
01-01 00:01:10.992 0 0 I : ion_system_secure_heap_prefetch_work+0x94/0x2c0
01-01 00:01:10.992 0 0 I : process_one_work+0x38c/0x660
01-01 00:01:10.992 0 0 I : worker_thread+0x268/0x4b8
01-01 00:01:10.992 0 0 I : kthread+0x140/0x150
01-01 00:01:10.992 0 0 I : ret_from_fork+0x10/0x1c
01-01 00:01:10.995 0 0 E : INFO: trying to register non-static key.
01-01 00:01:11.007 0 0 E [kworke][0x5140cbd5][17:43:02.767941] wlan: [8:E:QDF] htc_setup_target_buffer_assignments: 576: SVS Index : 1 TX : 0x100 : alloc:1
01-01 00:01:11.012 0 0 E : the code is fine but needs lockdep annotation.
01-01 00:01:11.012 0 0 I : CPU: 7 PID: 337 Comm: kworker/u16:14 Tainted: G S W O 4.19.157+ #1
01-01 00:01:11.012 0 0 I Hardware name: Qualcomm Technologies, Inc. kona MTP-RmPM8150b (DT)
01-01 00:01:11.012 0 0 I Workqueue: events_unbound ion_system_secure_heap_prefetch_work
01-01 00:01:11.012 0 0 I Call trace:
01-01 00:01:11.012 0 0 I : dump_backtrace+0x0/0x258
01-01 00:01:11.012 0 0 I : show_stack+0x20/0x30
01-01 00:01:11.012 0 0 I : dump_stack+0xd8/0x12c
01-01 00:01:11.012 0 0 I : register_lock_class+0x4d0/0x5c8
01-01 00:01:11.012 0 0 I : __lock_acquire+0xbc/0x1e58
01-01 00:01:11.012 0 0 I : lock_acquire+0x1cc/0x218
01-01 00:01:11.012 0 0 I : _raw_spin_lock_irqsave+0x54/0x98
01-01 00:01:11.012 0 0 I : ion_system_secure_heap_prefetch_work+0x94/0x2c0
01-01 00:01:11.012 0 0 I : process_one_work+0x38c/0x660
01-01 00:01:11.012 0 0 I : worker_thread+0x268/0x4b8
01-01 00:01:11.012 0 0 I : kthread+0x140/0x150
01-01 00:01:11.012 0 0 I : ret_from_fork+0x10/0x1c
08-23 17:43:02.775 1155 1183 D CompatibilityChangeReporter: Compat change id reported: 168419799; UID 10089; state: DISABLED
01-01 00:01:11.014 0 0 E : INFO: trying to register non-static key.
01-01 00:01:11.019 0 0 D cnss : Assign MSI to user: DP, num_vectors: 18, user_base_data: 814, base_vector: 14
01-01 00:01:11.030 0 0 E : the code is fine but needs lockdep annotation.
01-01 00:01:11.030 0 0 I : CPU: 7 PID: 337 Comm: kworker/u16:14 Tainted: G S W O 4.19.157+ #1
01-01 00:01:11.030 0 0 I Hardware name: Qualcomm Technologies, Inc. kona MTP-RmPM8150b (DT)
01-01 00:01:11.030 0 0 I Workqueue: events_unbound ion_system_secure_heap_prefetch_work
01-01 00:01:11.030 0 0 I Call trace:
01-01 00:01:11.030 0 0 I : dump_backtrace+0x0/0x258
01-01 00:01:11.030 0 0 I : show_stack+0x20/0x30
01-01 00:01:11.030 0 0 I : dump_stack+0xd8/0x12c
01-01 00:01:11.030 0 0 I : register_lock_class+0x4d0/0x5c8
01-01 00:01:11.030 0 0 I : __lock_acquire+0xbc/0x1e58
01-01 00:01:11.030 0 0 I : lock_acquire+0x1cc/0x218
01-01 00:01:11.030 0 0 I : _raw_spin_lock_irqsave+0x54/0x98
01-01 00:01:11.030 0 0 I : ion_system_secure_heap_prefetch_work+0x94/0x2c0
01-01 00:01:11.030 0 0 I : process_one_work+0x38c/0x660
01-01 00:01:11.030 0 0 I : worker_thread+0x268/0x4b8
01-01 00:01:11.030 0 0 I : kthread+0x140/0x150
01-01 00:01:11.030 0 0 I : ret_from_fork+0x10/0x1c
01-01 00:01:11.040 0 0 E : INFO: trying to register non-static key.
01-01 00:01:11.044 0 0 I [kworke][0x514bb6de][17:43:02.805207] wlan: [8:I:HIF] +hif_update_pipe_callback pipeid 5
01-01 00:01:11.047 0 0 E : the code is fine but needs lockdep annotation.
01-01 00:01:11.047 0 0 I : CPU: 7 PID: 337 Comm: kworker/u16:14 Tainted: G S W O 4.19.157+ #1
01-01 00:01:11.047 0 0 I Hardware name: Qualcomm Technologies, Inc. kona MTP-RmPM8150b (DT)
01-01 00:01:11.047 0 0 I Workqueue: events_unbound ion_system_secure_heap_prefetch_work
01-01 00:01:11.047 0 0 I Call trace:
01-01 00:01:11.047 0 0 I : dump_backtrace+0x0/0x258
01-01 00:01:11.047 0 0 I : show_stack+0x20/0x30
01-01 00:01:11.047 0 0 I : dump_stack+0xd8/0x12c
01-01 00:01:11.047 0 0 I : register_lock_class+0x4d0/0x5c8
01-01 00:01:11.047 0 0 I : __lock_acquire+0xbc/0x1e58
01-01 00:01:11.047 0 0 I : lock_acquire+0x1cc/0x218
01-01 00:01:11.047 0 0 I : _raw_spin_lock_irqsave+0x54/0x98
01-01 00:01:11.047 0 0 I : ion_system_secure_heap_prefetch_work+0x94/0x2c0
01-01 00:01:11.047 0 0 I : process_one_work+0x38c/0x660
01-01 00:01:11.047 0 0 I : worker_thread+0x268/0x4b8
01-01 00:01:11.047 0 0 I : kthread+0x140/0x150
01-01 00:01:11.047 0 0 I : ret_from_fork+0x10/0x1c
08-23 17:43:02.813 1885 2255 W ActivityThread: Failed to find provider info for com.android.contacts (user not unlocked)
01-01 00:01:11.056 0 0 E : INFO: trying to register non-static key.
01-01 00:01:11.058 0 0 I [kworke][0x514fef76][17:43:02.819616] wlan: [8:I:HIF] -hif_update_pipe_callback
01-01 00:01:11.063 0 0 E : the code is fine but needs lockdep annotation.
01-01 00:01:11.063 0 0 I : CPU: 7 PID: 337 Comm: kworker/u16:14 Tainted: G S W O 4.19.157+ #1
01-01 00:01:11.063 0 0 I Hardware name: Qualcomm Technologies, Inc. kona MTP-RmPM8150b (DT)
01-01 00:01:11.063 0 0 I Workqueue: events_unbound ion_system_secure_heap_prefetch_work
01-01 00:01:11.063 0 0 I Call trace:
01-01 00:01:11.063 0 0 I : dump_backtrace+0x0/0x258
01-01 00:01:11.063 0 0 I : show_stack+0x20/0x30
01-01 00:01:11.063 0 0 I : dump_stack+0xd8/0x12c
01-01 00:01:11.063 0 0 I : register_lock_class+0x4d0/0x5c8
01-01 00:01:11.063 0 0 I : __lock_acquire+0xbc/0x1e58
01-01 00:01:11.063 0 0 I : lock_acquire+0x1cc/0x218
01-01 00:01:11.063 0 0 I : _raw_spin_lock_irqsave+0x54/0x98
01-01 00:01:11.063 0 0 I : ion_system_secure_heap_prefetch_work+0x94/0x2c0
01-01 00:01:11.063 0 0 I : process_one_work+0x38c/0x660
01-01 00:01:11.063 0 0 I : worker_thread+0x268/0x4b8
01-01 00:01:11.063 0 0 I : kthread+0x140/0x150
01-01 00:01:11.063 0 0 I : ret_from_fork+0x10/0x1c
01-01 00:01:11.071 0 0 E : INFO: trying to register non-static key.
01-01 00:01:11.072 0 0 D cnss : Assign MSI to user: DP, num_vectors: 18, user_base_data: 814, base_vector: 14
01-01 00:01:11.077 0 0 E : the code is fine but needs lockdep annotation.
01-01 00:01:11.077 0 0 I : CPU: 7 PID: 337 Comm: kworker/u16:14 Tainted: G S W O 4.19.157+ #1
01-01 00:01:11.077 0 0 I Hardware name: Qualcomm Technologies, Inc. kona MTP-RmPM8150b (DT)
01-01 00:01:11.077 0 0 I Workqueue: events_unbound ion_system_secure_heap_prefetch_work
01-01 00:01:11.077 0 0 I Call trace:
01-01 00:01:11.077 0 0 I : dump_backtrace+0x0/0x258
01-01 00:01:11.077 0 0 I : show_stack+0x20/0x30
01-01 00:01:11.077 0 0 I : dump_stack+0xd8/0x12c
01-01 00:01:11.077 0 0 I : register_lock_class+0x4d0/0x5c8
01-01 00:01:11.077 0 0 I : __lock_acquire+0xbc/0x1e58
01-01 00:01:11.077 0 0 I : lock_acquire+0x1cc/0x218
01-01 00:01:11.077 0 0 I : _raw_spin_lock_irqsave+0x54/0x98
01-01 00:01:11.077 0 0 I : ion_system_secure_heap_prefetch_work+0x94/0x2c0
01-01 00:01:11.077 0 0 I : process_one_work+0x38c/0x660
01-01 00:01:11.077 0 0 I : worker_thread+0x268/0x4b8
01-01 00:01:11.077 0 0 I : kthread+0x140/0x150
01-01 00:01:11.077 0 0 I : ret_from_fork+0x10/0x1c
01-01 00:01:11.086 0 0 E : INFO: trying to register non-static key.
08-23 17:43:02.857 1885 2255 W ActivityThread: Failed to find provider info for com.android.contacts (user not unlocked)
01-01 00:01:11.091 0 0 E : the code is fine but needs lockdep annotation.
01-01 00:01:11.095 0 0 E [kworke][0x515ab9fc][17:43:02.856449] wlan: [8:E:DP] dp_srng_get_str_from_hal_ring_type: 7726: Invalid ring type
01-01 00:01:11.096 0 0 I : CPU: 7 PID: 337 Comm: kworker/u16:14 Tainted: G S W O 4.19.157+ #1
01-01 00:01:11.096 0 0 I Hardware name: Qualcomm Technologies, Inc. kona MTP-RmPM8150b (DT)
01-01 00:01:11.096 0 0 I Workqueue: events_unbound ion_system_secure_heap_prefetch_work
01-01 00:01:11.108 0 0 I Call trace:
01-01 00:01:11.108 0 0 I : dump_backtrace+0x0/0x258
01-01 00:01:11.108 0 0 I : show_stack+0x20/0x30
01-01 00:01:11.108 0 0 I : dump_stack+0xd8/0x12c
01-01 00:01:11.108 0 0 I : register_lock_class+0x4d0/0x5c8
01-01 00:01:11.108 0 0 I : __lock_acquire+0xbc/0x1e58
01-01 00:01:11.108 0 0 I : lock_acquire+0x1cc/0x218
01-01 00:01:11.108 0 0 I : _raw_spin_lock_irqsave+0x54/0x98
01-01 00:01:11.108 0 0 I : ion_system_secure_heap_prefetch_work+0x94/0x2c0
01-01 00:01:11.108 0 0 I : process_one_work+0x38c/0x660
01-01 00:01:11.108 0 0 I : worker_thread+0x268/0x4b8
01-01 00:01:11.108 0 0 I : kthread+0x140/0x150
01-01 00:01:11.108 0 0 I : ret_from_fork+0x10/0x1c
01-01 00:01:11.112 0 0 D cnss : Assign MSI to user: DP, num_vectors: 18, user_base_data: 814, base_vector: 14
01-01 00:01:11.113 0 0 D cnss : Assign MSI to user: DP, num_vectors: 18, user_base_data: 814, base_vector: 14
01-01 00:01:11.113 0 0 D cnss : Assign MSI to user: DP, num_vectors: 18, user_base_data: 814, base_vector: 14
01-01 00:01:11.117 0 0 D cnss : Assign MSI to user: DP, num_vectors: 18, user_base_data: 814, base_vector: 14
01-01 00:01:11.118 0 0 D cnss : Assign MSI to user: DP, num_vectors: 18, user_base_data: 814, base_vector: 14
01-01 00:01:11.118 0 0 D cnss : Assign MSI to user: DP, num_vectors: 18, user_base_data: 814, base_vector: 14
01-01 00:01:11.118 0 0 D cnss : Assign MSI to user: DP, num_vectors: 18, user_base_data: 814, base_vector: 14
01-01 00:01:11.118 0 0 D cnss : Assign MSI to user: DP, num_vectors: 18, user_base_data: 814, base_vector: 14
01-01 00:01:11.118 0 0 I [kworke][0x51617918][17:43:02.879477] wlan: [8:I:DP] dp_tx_soc_attach Tx Desc Alloc num_pool = 4, descs = 4096
01-01 00:01:11.119 0 0 I [kworke][0x51618d8d][17:43:02.879750] wlan: [8:I:DP] dp_tx_soc_attach MSDU Ext Desc Alloc 4, descs = 4096
01-01 00:01:11.119 0 0 I [kworke][0x5161b505][17:43:02.880277] wlan: [8:I:DP] dp_tx_soc_attach HAL Tx init Success
01-01 00:01:11.119 0 0 D cnss : Assign MSI to user: DP, num_vectors: 18, user_base_data: 814, base_vector: 14
01-01 00:01:11.119 0 0 D cnss : Assign MSI to user: DP, num_vectors: 18, user_base_data: 814, base_vector: 14
01-01 00:01:11.119 0 0 I [kworke][0x5161cb64][17:43:02.880574] wlan: [8:I:DP] dp_soc_cmn_setup: 3274: num_reo_dest_rings 4
01-01 00:01:11.119 0 0 D cnss : Assign MSI to user: DP, num_vectors: 18, user_base_data: 814, base_vector: 14
01-01 00:01:11.119 0 0 E : INFO: trying to register non-static key.
01-01 00:01:11.120 0 0 D cnss : Assign MSI to user: DP, num_vectors: 18, user_base_data: 814, base_vector: 14
01-01 00:01:11.124 0 0 E : the code is fine but needs lockdep annotation.
01-01 00:01:11.124 0 0 I : CPU: 7 PID: 337 Comm: kworker/u16:14 Tainted: G S W O 4.19.157+ #1
01-01 00:01:11.124 0 0 I Hardware name: Qualcomm Technologies, Inc. kona MTP-RmPM8150b (DT)
01-01 00:01:11.125 0 0 I Workqueue: events_unbound ion_system_secure_heap_prefetch_work
01-01 00:01:11.125 0 0 I Call trace:
01-01 00:01:11.125 0 0 I : dump_backtrace+0x0/0x258
01-01 00:01:11.125 0 0 I : show_stack+0x20/0x30
01-01 00:01:11.125 0 0 I : dump_stack+0xd8/0x12c
01-01 00:01:11.125 0 0 I : register_lock_class+0x4d0/0x5c8
01-01 00:01:11.125 0 0 I : __lock_acquire+0xbc/0x1e58
01-01 00:01:11.125 0 0 I : lock_acquire+0x1cc/0x218
01-01 00:01:11.125 0 0 I : _raw_spin_lock_irqsave+0x54/0x98
01-01 00:01:11.125 0 0 I : ion_system_secure_heap_prefetch_work+0x94/0x2c0
01-01 00:01:11.125 0 0 I : process_one_work+0x38c/0x660
01-01 00:01:11.125 0 0 I : worker_thread+0x268/0x4b8
01-01 00:01:11.125 0 0 I : kthread+0x140/0x150
01-01 00:01:11.125 0 0 I : ret_from_fork+0x10/0x1c
08-23 17:43:02.893 1885 2255 W ActivityThread: Failed to find provider info for com.android.contacts (user not unlocked)
01-01 00:01:11.131 0 0 D cnss : Assign MSI to user: DP, num_vectors: 18, user_base_data: 814, base_vector: 14
01-01 00:01:11.131 0 0 D cnss : Assign MSI to user: DP, num_vectors: 18, user_base_data: 814, base_vector: 14
01-01 00:01:11.131 0 0 D cnss : Assign MSI to user: DP, num_vectors: 18, user_base_data: 814, base_vector: 14
01-01 00:01:11.131 0 0 D cnss : Assign MSI to user: DP, num_vectors: 18, user_base_data: 814, base_vector: 14
01-01 00:01:11.131 0 0 D cnss : Assign MSI to user: DP, num_vectors: 18, user_base_data: 814, base_vector: 14
01-01 00:01:11.131 0 0 D cnss : Assign MSI to user: DP, num_vectors: 18, user_base_data: 814, base_vector: 14
01-01 00:01:11.132 0 0 D cnss : Assign MSI to user: DP, num_vectors: 18, user_base_data: 814, base_vector: 14
01-01 00:01:11.132 0 0 D cnss : Assign MSI to user: DP, num_vectors: 18, user_base_data: 814, base_vector: 14
01-01 00:01:11.133 0 0 D cnss : Assign MSI to user: DP, num_vectors: 18, user_base_data: 814, base_vector: 14
01-01 00:01:11.133 0 0 I [kworke][0x5165b796][17:43:02.893964] wlan: [8:I:HAL] hal_reo_set_err_dst_remap_6390: 1024: HWIO_REO_R0_ERROR_DESTINATION_MAPPING_IX_0 0x28005b6d
01-01 00:01:11.133 0 0 D cnss : Assign MSI to user: DP, num_vectors: 18, user_base_data: 814, base_vector: 14
01-01 00:01:11.133 0 0 D cnss : Assign MSI to user: DP, num_vectors: 18, user_base_data: 814, base_vector: 14
01-01 00:01:11.133 0 0 D cnss : Assign MSI to user: DP, num_vectors: 18, user_base_data: 814, base_vector: 14
01-01 00:01:11.133 0 0 D cnss : Assign MSI to user: DP, num_vectors: 18, user_base_data: 814, base_vector: 14
01-01 00:01:11.133 0 0 D cnss : Assign MSI to user: DP, num_vectors: 18, user_base_data: 814, base_vector: 14
01-01 00:01:11.133 0 0 E : INFO: trying to register non-static key.
01-01 00:01:11.133 0 0 D cnss : Assign MSI to user: DP, num_vectors: 18, user_base_data: 814, base_vector: 14
01-01 00:01:11.138 0 0 E : the code is fine but needs lockdep annotation.
01-01 00:01:11.138 0 0 I : CPU: 7 PID: 337 Comm: kworker/u16:14 Tainted: G S W O 4.19.157+ #1
01-01 00:01:11.138 0 0 I Hardware name: Qualcomm Technologies, Inc. kona MTP-RmPM8150b (DT)
01-01 00:01:11.138 0 0 I Workqueue: events_unbound ion_system_secure_heap_prefetch_work
01-01 00:01:11.138 0 0 I Call trace:
01-01 00:01:11.138 0 0 I : dump_backtrace+0x0/0x258
01-01 00:01:11.138 0 0 I : show_stack+0x20/0x30
01-01 00:01:11.138 0 0 I : dump_stack+0xd8/0x12c
01-01 00:01:11.138 0 0 I : register_lock_class+0x4d0/0x5c8
01-01 00:01:11.138 0 0 I : __lock_acquire+0xbc/0x1e58
01-01 00:01:11.138 0 0 I : lock_acquire+0x1cc/0x218
01-01 00:01:11.138 0 0 I : _raw_spin_lock_irqsave+0x54/0x98
01-01 00:01:11.138 0 0 I : ion_system_secure_heap_prefetch_work+0x94/0x2c0
01-01 00:01:11.138 0 0 I : process_one_work+0x38c/0x660
01-01 00:01:11.138 0 0 I : worker_thread+0x268/0x4b8
01-01 00:01:11.138 0 0 I : kthread+0x140/0x150
01-01 00:01:11.138 0 0 I : ret_from_fork+0x10/0x1c
01-01 00:01:11.147 0 0 E : INFO: trying to register non-static key.
01-01 00:01:11.152 0 0 E : the code is fine but needs lockdep annotation.
01-01 00:01:11.158 0 0 I : CPU: 7 PID: 337 Comm: kworker/u16:14 Tainted: G S W O 4.19.157+ #1
01-01 00:01:11.158 0 0 I Hardware name: Qualcomm Technologies, Inc. kona MTP-RmPM8150b (DT)
01-01 00:01:11.158 0 0 I Workqueue: events_unbound ion_system_secure_heap_prefetch_work
01-01 00:01:11.158 0 0 I Call trace:
01-01 00:01:11.158 0 0 I : dump_backtrace+0x0/0x258
01-01 00:01:11.158 0 0 I : show_stack+0x20/0x30
01-01 00:01:11.158 0 0 I : dump_stack+0xd8/0x12c
01-01 00:01:11.158 0 0 I : register_lock_class+0x4d0/0x5c8
01-01 00:01:11.158 0 0 I : __lock_acquire+0xbc/0x1e58
01-01 00:01:11.158 0 0 I : lock_acquire+0x1cc/0x218
01-01 00:01:11.158 0 0 I : _raw_spin_lock_irqsave+0x54/0x98
01-01 00:01:11.158 0 0 I : ion_system_secure_heap_prefetch_work+0x94/0x2c0
01-01 00:01:11.158 0 0 I : process_one_work+0x38c/0x660
01-01 00:01:11.158 0 0 I : worker_thread+0x268/0x4b8
01-01 00:01:11.158 0 0 I : kthread+0x140/0x150
01-01 00:01:11.158 0 0 I : ret_from_fork+0x10/0x1c
01-01 00:01:11.167 0 0 E : INFO: trying to register non-static key.
01-01 00:01:11.172 0 0 E : the code is fine but needs lockdep annotation.
01-01 00:01:11.177 0 0 I : CPU: 7 PID: 337 Comm: kworker/u16:14 Tainted: G S W O 4.19.157+ #1
01-01 00:01:11.177 0 0 I Hardware name: Qualcomm Technologies, Inc. kona MTP-RmPM8150b (DT)
01-01 00:01:11.177 0 0 I Workqueue: events_unbound ion_system_secure_heap_prefetch_work
01-01 00:01:11.177 0 0 I Call trace:
01-01 00:01:11.177 0 0 I : dump_backtrace+0x0/0x258
01-01 00:01:11.177 0 0 I : show_stack+0x20/0x30
01-01 00:01:11.177 0 0 I : dump_stack+0xd8/0x12c
01-01 00:01:11.177 0 0 I : register_lock_class+0x4d0/0x5c8
01-01 00:01:11.177 0 0 I : __lock_acquire+0xbc/0x1e58
01-01 00:01:11.177 0 0 I : lock_acquire+0x1cc/0x218
01-01 00:01:11.177 0 0 I : _raw_spin_lock_irqsave+0x54/0x98
01-01 00:01:11.177 0 0 I : ion_system_secure_heap_prefetch_work+0x94/0x2c0
01-01 00:01:11.177 0 0 I : process_one_work+0x38c/0x660
01-01 00:01:11.177 0 0 I : worker_thread+0x268/0x4b8
01-01 00:01:11.177 0 0 I : kthread+0x140/0x150
01-01 00:01:11.177 0 0 I : ret_from_fork+0x10/0x1c
01-01 00:01:11.186 0 0 E : INFO: trying to register non-static key.
01-01 00:01:11.191 0 0 E : the code is fine but needs lockdep annotation.
01-01 00:01:11.197 0 0 I : CPU: 7 PID: 337 Comm: kworker/u16:14 Tainted: G S W O 4.19.157+ #1
01-01 00:01:11.197 0 0 I Hardware name: Qualcomm Technologies, Inc. kona MTP-RmPM8150b (DT)
01-01 00:01:11.197 0 0 I Workqueue: events_unbound ion_system_secure_heap_prefetch_work
01-01 00:01:11.197 0 0 I Call trace:
01-01 00:01:11.197 0 0 I : dump_backtrace+0x0/0x258
01-01 00:01:11.197 0 0 I : show_stack+0x20/0x30
01-01 00:01:11.197 0 0 I : dump_stack+0xd8/0x12c
01-01 00:01:11.197 0 0 I : register_lock_class+0x4d0/0x5c8
01-01 00:01:11.197 0 0 I : __lock_acquire+0xbc/0x1e58
01-01 00:01:11.197 0 0 I : lock_acquire+0x1cc/0x218
01-01 00:01:11.197 0 0 I : _raw_spin_lock_irqsave+0x54/0x98
01-01 00:01:11.197 0 0 I : ion_system_secure_heap_prefetch_work+0x94/0x2c0
01-01 00:01:11.197 0 0 I : process_one_work+0x38c/0x660
01-01 00:01:11.197 0 0 I : worker_thread+0x268/0x4b8
01-01 00:01:11.197 0 0 I : kthread+0x140/0x150
01-01 00:01:11.197 0 0 I : ret_from_fork+0x10/0x1c
01-01 00:01:11.206 0 0 E : INFO: trying to register non-static key.
01-01 00:01:11.211 0 0 E : the code is fine but needs lockdep annotation.
01-01 00:01:11.217 0 0 I : CPU: 7 PID: 337 Comm: kworker/u16:14 Tainted: G S W O 4.19.157+ #1
01-01 00:01:11.217 0 0 I Hardware name: Qualcomm Technologies, Inc. kona MTP-RmPM8150b (DT)
01-01 00:01:11.217 0 0 I Workqueue: events_unbound ion_system_secure_heap_prefetch_work
01-01 00:01:11.217 0 0 I Call trace:
01-01 00:01:11.217 0 0 I : dump_backtrace+0x0/0x258
01-01 00:01:11.217 0 0 I : show_stack+0x20/0x30
01-01 00:01:11.217 0 0 I : dump_stack+0xd8/0x12c
01-01 00:01:11.217 0 0 I : register_lock_class+0x4d0/0x5c8
01-01 00:01:11.217 0 0 I : __lock_acquire+0xbc/0x1e58
01-01 00:01:11.217 0 0 I : lock_acquire+0x1cc/0x218
01-01 00:01:11.217 0 0 I : _raw_spin_lock_irqsave+0x54/0x98
01-01 00:01:11.217 0 0 I : ion_system_secure_heap_prefetch_work+0x94/0x2c0
01-01 00:01:11.217 0 0 I : process_one_work+0x38c/0x660
01-01 00:01:11.217 0 0 I : worker_thread+0x268/0x4b8
01-01 00:01:11.217 0 0 I : kthread+0x140/0x150
01-01 00:01:11.217 0 0 I : ret_from_fork+0x10/0x1c
08-23 17:43:02.985 1155 2029 D CompatibilityChangeReporter: Compat change id reported: 171306433; UID 1000; state: ENABLED
01-01 00:01:11.225 0 0 E : INFO: trying to register non-static key.
01-01 00:01:11.230 0 0 E : the code is fine but needs lockdep annotation.
01-01 00:01:11.236 0 0 I : CPU: 7 PID: 337 Comm: kworker/u16:14 Tainted: G S W O 4.19.157+ #1
01-01 00:01:11.236 0 0 I Hardware name: Qualcomm Technologies, Inc. kona MTP-RmPM8150b (DT)
01-01 00:01:11.236 0 0 I Workqueue: events_unbound ion_system_secure_heap_prefetch_work
01-01 00:01:11.236 0 0 I Call trace:
01-01 00:01:11.236 0 0 I : dump_backtrace+0x0/0x258
01-01 00:01:11.236 0 0 I : show_stack+0x20/0x30
01-01 00:01:11.236 0 0 I : dump_stack+0xd8/0x12c
01-01 00:01:11.236 0 0 I : register_lock_class+0x4d0/0x5c8
01-01 00:01:11.236 0 0 I : __lock_acquire+0xbc/0x1e58
01-01 00:01:11.236 0 0 I : lock_acquire+0x1cc/0x218
01-01 00:01:11.236 0 0 I : _raw_spin_lock_irqsave+0x54/0x98
01-01 00:01:11.236 0 0 I : ion_system_secure_heap_prefetch_work+0x94/0x2c0
01-01 00:01:11.236 0 0 I : process_one_work+0x38c/0x660
01-01 00:01:11.236 0 0 I : worker_thread+0x268/0x4b8
01-01 00:01:11.236 0 0 I : kthread+0x140/0x150
01-01 00:01:11.236 0 0 I : ret_from_fork+0x10/0x1c
01-01 00:01:11.245 0 0 E : INFO: trying to register non-static key.
01-01 00:01:11.250 0 0 E : the code is fine but needs lockdep annotation.
01-01 00:01:11.255 0 0 I : CPU: 7 PID: 337 Comm: kworker/u16:14 Tainted: G S W O 4.19.157+ #1
01-01 00:01:11.255 0 0 I Hardware name: Qualcomm Technologies, Inc. kona MTP-RmPM8150b (DT)
01-01 00:01:11.255 0 0 I Workqueue: events_unbound ion_system_secure_heap_prefetch_work
01-01 00:01:11.255 0 0 I Call trace:
01-01 00:01:11.255 0 0 I : dump_backtrace+0x0/0x258
01-01 00:01:11.255 0 0 I : show_stack+0x20/0x30
01-01 00:01:11.255 0 0 I : dump_stack+0xd8/0x12c
01-01 00:01:11.255 0 0 I : register_lock_class+0x4d0/0x5c8
01-01 00:01:11.255 0 0 I : __lock_acquire+0xbc/0x1e58
01-01 00:01:11.255 0 0 I : lock_acquire+0x1cc/0x218
01-01 00:01:11.255 0 0 I : _raw_spin_lock_irqsave+0x54/0x98
01-01 00:01:11.256 0 0 I : ion_system_secure_heap_prefetch_work+0x94/0x2c0
01-01 00:01:11.256 0 0 I : process_one_work+0x38c/0x660
01-01 00:01:11.256 0 0 I : worker_thread+0x268/0x4b8
01-01 00:01:11.256 0 0 I : kthread+0x140/0x150
01-01 00:01:11.256 0 0 I : ret_from_fork+0x10/0x1c
01-01 00:01:11.264 0 0 E : INFO: trying to register non-static key.
01-01 00:01:11.270 0 0 E : the code is fine but needs lockdep annotation.
01-01 00:01:11.275 0 0 I : CPU: 7 PID: 337 Comm: kworker/u16:14 Tainted: G S W O 4.19.157+ #1
01-01 00:01:11.275 0 0 I Hardware name: Qualcomm Technologies, Inc. kona MTP-RmPM8150b (DT)
01-01 00:01:11.275 0 0 I Workqueue: events_unbound ion_system_secure_heap_prefetch_work
01-01 00:01:11.275 0 0 I Call trace:
01-01 00:01:11.275 0 0 I : dump_backtrace+0x0/0x258
01-01 00:01:11.275 0 0 I : show_stack+0x20/0x30
01-01 00:01:11.275 0 0 I : dump_stack+0xd8/0x12c
01-01 00:01:11.275 0 0 I : register_lock_class+0x4d0/0x5c8
01-01 00:01:11.275 0 0 I : __lock_acquire+0xbc/0x1e58
01-01 00:01:11.275 0 0 I : lock_acquire+0x1cc/0x218
01-01 00:01:11.275 0 0 I : _raw_spin_lock_irqsave+0x54/0x98
01-01 00:01:11.275 0 0 I : ion_system_secure_heap_prefetch_work+0x94/0x2c0
01-01 00:01:11.275 0 0 I : process_one_work+0x38c/0x660
01-01 00:01:11.275 0 0 I : worker_thread+0x268/0x4b8
01-01 00:01:11.275 0 0 I : kthread+0x140/0x150
01-01 00:01:11.275 0 0 I : ret_from_fork+0x10/0x1c
01-01 00:01:11.284 0 0 E : INFO: trying to register non-static key.
01-01 00:01:11.289 0 0 E : the code is fine but needs lockdep annotation.
01-01 00:01:11.295 0 0 I : CPU: 7 PID: 337 Comm: kworker/u16:14 Tainted: G S W O 4.19.157+ #1
01-01 00:01:11.295 0 0 I Hardware name: Qualcomm Technologies, Inc. kona MTP-RmPM8150b (DT)
01-01 00:01:11.295 0 0 I Workqueue: events_unbound ion_system_secure_heap_prefetch_work
01-01 00:01:11.295 0 0 I Call trace:
01-01 00:01:11.295 0 0 I : dump_backtrace+0x0/0x258
01-01 00:01:11.295 0 0 I : show_stack+0x20/0x30
01-01 00:01:11.295 0 0 I : dump_stack+0xd8/0x12c
01-01 00:01:11.295 0 0 I : register_lock_class+0x4d0/0x5c8
01-01 00:01:11.295 0 0 I : __lock_acquire+0xbc/0x1e58
01-01 00:01:11.295 0 0 I : lock_acquire+0x1cc/0x218
01-01 00:01:11.295 0 0 I : _raw_spin_lock_irqsave+0x54/0x98
01-01 00:01:11.295 0 0 I : ion_system_secure_heap_prefetch_work+0x94/0x2c0
01-01 00:01:11.295 0 0 I : process_one_work+0x38c/0x660
01-01 00:01:11.295 0 0 I : worker_thread+0x268/0x4b8
01-01 00:01:11.295 0 0 I : kthread+0x140/0x150
01-01 00:01:11.295 0 0 I : ret_from_fork+0x10/0x1c
01-01 00:01:11.304 0 0 E : INFO: trying to register non-static key.
01-01 00:01:11.309 0 0 E : the code is fine but needs lockdep annotation.
01-01 00:01:11.315 0 0 I : CPU: 7 PID: 337 Comm: kworker/u16:14 Tainted: G S W O 4.19.157+ #1
