01-01 00:01:09.903 0 0 I : lock_acquire+0x1cc/0x218
01-01 00:01:09.903 0 0 I : _raw_spin_lock_irqsave+0x54/0x98
01-01 00:01:09.903 0 0 I : ion_system_secure_heap_prefetch_work+0x94/0x2c0
01-01 00:01:09.903 0 0 I : process_one_work+0x38c/0x660
01-01 00:01:09.903 0 0 I : worker_thread+0x268/0x4b8
01-01 00:01:09.903 0 0 I : kthread+0x140/0x150
01-01 00:01:09.903 0 0 I : ret_from_fork+0x10/0x1c
01-01 00:01:09.903 0 0 I msm_vidc: high: 00000001: vp9d: Closed video instance: ffffffd6d11a8000
08-23 17:43:01.670 1155 1855 D CompatibilityChangeReporter: Compat change id reported: 168419799; UID 10065; state: DISABLED
08-23 17:43:01.677 1155 2306 I Telecom : Logging.Events: Non-call EVENT: AUDIO_ROUTE, Entering state QuiescentEarpieceRoute
08-23 17:43:01.677 1155 2306 I Telecom : BluetoothRouteManager: getBluetoothAudioConnectedDevice: no service available.
01-01 00:01:09.920 0 0 E : INFO: trying to register non-static key.
01-01 00:01:09.925 0 0 E : the code is fine but needs lockdep annotation.
01-01 00:01:09.926 0 0 I cnss-daemon: pm_release_vote: pm_handle is NULL
01-01 00:01:09.926 0 0 I cnss-daemon: pm_release_vote: pm_handle is NULL
01-01 00:01:09.931 0 0 I : CPU: 4 PID: 337 Comm: kworker/u16:14 Tainted: G S W O 4.19.157+ #1
01-01 00:01:09.931 0 0 I Hardware name: Qualcomm Technologies, Inc. kona MTP-RmPM8150b (DT)
01-01 00:01:09.931 0 0 I Workqueue: events_unbound ion_system_secure_heap_prefetch_work
01-01 00:01:09.931 0 0 I Call trace:
01-01 00:01:09.931 0 0 I : dump_backtrace+0x0/0x258
01-01 00:01:09.931 0 0 I : show_stack+0x20/0x30
01-01 00:01:09.931 0 0 I : dump_stack+0xd8/0x12c
01-01 00:01:09.931 0 0 I : register_lock_class+0x4d0/0x5c8
01-01 00:01:09.931 0 0 I : __lock_acquire+0xbc/0x1e58
01-01 00:01:09.931 0 0 I : lock_acquire+0x1cc/0x218
01-01 00:01:09.931 0 0 I : _raw_spin_lock_irqsave+0x54/0x98
01-01 00:01:09.931 0 0 I : ion_system_secure_heap_prefetch_work+0x94/0x2c0
01-01 00:01:09.931 0 0 I : process_one_work+0x38c/0x660
01-01 00:01:09.931 0 0 I : worker_thread+0x268/0x4b8
01-01 00:01:09.931 0 0 I : kthread+0x140/0x150
01-01 00:01:09.931 0 0 I : ret_from_fork+0x10/0x1c
08-23 17:43:01.692 1155 2312 I Telecom : CallAudioModeStateMachine: Message received: null.: TS.init->CAMSM.pM_1@AAA
08-23 17:43:01.699 1155 1155 I Telecom : MissedCallNotifierImpl: reloadFromDatabase: Boot not yet complete -- call log db may not be available. Deferring loading until boot complete for user 0: TS.init@AAA
01-01 00:01:09.931 0 0 I cnss-daemon: wlfw_build_cal_table: not read /data/vendor/wifi/wlfw_cal_00.bin
01-01 00:01:09.940 0 0 E : INFO: trying to register non-static key.
01-01 00:01:09.944 0 0 I cnss-daemon: wlfw_build_cal_table: not read /data/vendor/wifi/wlfw_cal_02.bin
01-01 00:01:09.945 0 0 E : the code is fine but needs lockdep annotation.
01-01 00:01:09.950 0 0 D cnss : Received QMI WLFW request memory indication
01-01 00:01:09.951 0 0 I : CPU: 1 PID: 337 Comm: kworker/u16:14 Tainted: G S W O 4.19.157+ #1
01-01 00:01:09.951 0 0 D cnss : FW requests for memory, size: 0x5e0000, type: 1
01-01 00:01:09.951 0 0 I Hardware name: Qualcomm Technologies, Inc. kona MTP-RmPM8150b (DT)
01-01 00:01:09.951 0 0 D cnss : FW requests for memory, size: 0xd8000, type: 4
01-01 00:01:09.951 0 0 I Workqueue: events_unbound ion_system_secure_heap_prefetch_work
01-01 00:01:09.951 0 0 D cnss : Posting event: REQUEST_MEM(2), state: 0x11 flags: 0x0
01-01 00:01:09.951 0 0 I Call trace:
01-01 00:01:09.951 0 0 I : dump_backtrace+0x0/0x258
01-01 00:01:09.951 0 0 I : show_stack+0x20/0x30
01-01 00:01:09.951 0 0 D cnss : PM stay awake, state: 0x11, count: 1
01-01 00:01:09.951 0 0 I : dump_stack+0xd8/0x12c
01-01 00:01:09.951 0 0 I : register_lock_class+0x4d0/0x5c8
01-01 00:01:09.951 0 0 I : __lock_acquire+0xbc/0x1e58
01-01 00:01:09.951 0 0 I : lock_acquire+0x1cc/0x218
01-01 00:01:09.951 0 0 I : _raw_spin_lock_irqsave+0x54/0x98
01-01 00:01:09.951 0 0 I : ion_system_secure_heap_prefetch_work+0x94/0x2c0
01-01 00:01:09.951 0 0 I : process_one_work+0x38c/0x660
01-01 00:01:09.951 0 0 D cnss : PM relax, state: 0x11, count: 0
01-01 00:01:09.951 0 0 I : worker_thread+0x268/0x4b8
01-01 00:01:09.951 0 0 I : kthread+0x140/0x150
01-01 00:01:09.951 0 0 I : ret_from_fork+0x10/0x1c
01-01 00:01:09.951 0 0 D cnss : PM stay awake, state: 0x11, count: 1
01-01 00:01:09.951 0 0 D cnss : Processing driver event: REQUEST_MEM(2), state: 0x11
01-01 00:01:09.951 0 0 D cnss : Sending respond memory message, state: 0x11
01-01 00:01:09.951 0 0 D cnss : Memory for FW, va: 0xffffff802612c000, pa: 0x00000000a1000000, size: 0x5e0000, type: 1
01-01 00:01:09.951 0 0 D cnss : Memory for FW, va: 0xffffff801e631000, pa: 0x00000000a1600000, size: 0xd8000, type: 4
08-23 17:43:01.711 1155 1155 I Telecom : MissedCallNotifierImpl: reloadFromDatabase: Boot not yet complete -- call log db may not be available. Deferring loading until boot complete for user 0: TS.init@AAA
08-23 17:43:01.718 1155 1155 I Telecom : Class: TelecomSystem.INSTANCE being set
08-23 17:43:01.718 1155 1232 W ActivityManager: Slow operation: 1415ms so far, now at startProcess: returned from zygote!
08-23 17:43:01.719 1155 1232 W ActivityManager: Slow operation: 1416ms so far, now at startProcess: done updating battery stats
08-23 17:43:01.719 1155 1232 W ActivityManager: Slow operation: 1416ms so far, now at startProcess: building log message
08-23 17:43:01.720 1155 1232 I ActivityManager: Start proc 2316:com.qualcomm.qti.qdma/1000 for added application com.qualcomm.qti.qdma
08-23 17:43:01.720 1155 1232 W ActivityManager: Slow operation: 1417ms so far, now at startProcess: starting to update pids map
01-01 00:01:09.961 0 0 D cnss : PM relax, state: 0x11, count: 0
01-01 00:01:09.962 0 0 D cnss : Received QMI WLFW FW memory ready indication
01-01 00:01:09.962 0 0 D cnss : Posting event: FW_MEM_READY(3), state: 0x11 flags: 0x0
01-01 00:01:09.962 0 0 D cnss : PM stay awake, state: 0x11, count: 1
01-01 00:01:09.962 0 0 D cnss : PM relax, state: 0x11, count: 0
01-01 00:01:09.963 0 0 D cnss : PM stay awake, state: 0x11, count: 1
01-01 00:01:09.963 0 0 D cnss : Processing driver event: FW_MEM_READY(3), state: 0x11
01-01 00:01:09.963 0 0 D cnss : Sending target capability message, state: 0x13
01-01 00:01:09.964 0 0 E : INFO: trying to register non-static key.
01-01 00:01:09.969 0 0 E : the code is fine but needs lockdep annotation.
01-01 00:01:09.974 0 0 D cnss : Voltage for CPR: 948mV
01-01 00:01:09.975 0 0 I : CPU: 1 PID: 337 Comm: kworker/u16:14 Tainted: G S W O 4.19.157+ #1
01-01 00:01:09.975 0 0 I Hardware name: Qualcomm Technologies, Inc. kona MTP-RmPM8150b (DT)
01-01 00:01:09.975 0 0 D cnss : Update TCS CMD data address 0x000000000b2e5844 with voltage 950mV
01-01 00:01:09.975 0 0 I Workqueue: events_unbound ion_system_secure_heap_prefetch_work
01-01 00:01:09.975 0 0 D cnss : Device frequency is 24000000 HZ
01-01 00:01:09.975 0 0 I Call trace:
01-01 00:01:09.975 0 0 I : dump_backtrace+0x0/0x258
01-01 00:01:09.975 0 0 D cnss : Target capability: chip_id: 0x0, chip_family: 0xb, board_id: 0xff, soc_id: 0xffffffff, fw_version: 0x101a0521, fw_build_timestamp: 2021-12-20 07:54, fw_build_id: QC_IMAGE_VERSION_STRING=WLAN.HST.1.0.1.r1-01313-QCAHSTSWPL_SILICONZ-1, otp_version: 0x480020
01-01 00:01:09.975 0 0 I : show_stack+0x20/0x30
01-01 00:01:09.975 0 0 I : dump_stack+0xd8/0x12c
01-01 00:01:09.975 0 0 I : register_lock_class+0x4d0/0x5c8
01-01 00:01:09.975 0 0 D cnss : Sending BDF download message, state: 0x13, type: 4
01-01 00:01:09.975 0 0 I : __lock_acquire+0xbc/0x1e58
01-01 00:01:09.975 0 0 I : lock_acquire+0x1cc/0x218
01-01 00:01:09.975 0 0 I : _raw_spin_lock_irqsave+0x54/0x98
01-01 00:01:09.975 0 0 I : ion_system_secure_heap_prefetch_work+0x94/0x2c0
01-01 00:01:09.975 0 0 D cnss : FW name added with prefix: qca6390/regdb.bin
01-01 00:01:09.975 0 0 I : process_one_work+0x38c/0x660
01-01 00:01:09.975 0 0 I : worker_thread+0x268/0x4b8
01-01 00:01:09.975 0 0 I : kthread+0x140/0x150
01-01 00:01:09.975 0 0 I : ret_from_fork+0x10/0x1c
01-01 00:01:09.975 0 0 W cnss2 b0000000.qcom,cnss-qca6390: Falling back to syfs fallback for: qca6390/regdb.bin
08-23 17:43:01.721 1155 1232 W ActivityManager: Slow operation: 1418ms so far, now at startProcess: done updating pids map
08-23 17:43:01.721 1155 1232 W ActivityManager: Slow operation: 1062ms so far, now at startProcess: asking zygote to start proc
08-23 17:43:01.740 1155 1155 W Looper : Slow dispatch took 197ms main h=android.app.ActivityThread$H c=android.app.LoadedApk$ServiceDispatcher$RunConnection@4ebe56e m=0
08-23 17:43:01.741 1155 1155 D BluetoothManagerService: Bluetooth Adapter name changed to QCOM-BTD by android
08-23 17:43:01.741 1155 1155 D BluetoothManagerService: Stored Bluetooth name: QCOM-BTD
08-23 17:43:01.741 1155 1155 D AutofillManagerService: Restriction did not change for user 0
08-23 17:43:01.743 1155 1155 I ConnectivityModuleConnector: Networking module service connected
08-23 17:43:01.743 1155 1155 D BluetoothManagerService: BluetoothServiceConnection: com.android.bluetooth.btservice.AdapterService
08-23 17:43:01.743 1155 1218 D BluetoothManagerService: MESSAGE_BLUETOOTH_SERVICE_CONNECTED: 1
01-01 00:01:09.979 0 0 E : INFO: trying to register non-static key.
01-01 00:01:09.984 0 0 E : the code is fine but needs lockdep annotation.
01-01 00:01:09.990 0 0 I : CPU: 1 PID: 337 Comm: kworker/u16:14 Tainted: G S W O 4.19.157+ #1
01-01 00:01:09.990 0 0 I Hardware name: Qualcomm Technologies, Inc. kona MTP-RmPM8150b (DT)
01-01 00:01:09.990 0 0 I Workqueue: events_unbound ion_system_secure_heap_prefetch_work
01-01 00:01:09.990 0 0 I Call trace:
01-01 00:01:09.990 0 0 I : dump_backtrace+0x0/0x258
01-01 00:01:09.990 0 0 I : show_stack+0x20/0x30
01-01 00:01:09.990 0 0 I : dump_stack+0xd8/0x12c
01-01 00:01:09.990 0 0 I : register_lock_class+0x4d0/0x5c8
01-01 00:01:09.990 0 0 I : __lock_acquire+0xbc/0x1e58
01-01 00:01:09.990 0 0 I : lock_acquire+0x1cc/0x218
01-01 00:01:09.990 0 0 I : _raw_spin_lock_irqsave+0x54/0x98
01-01 00:01:09.990 0 0 I : ion_system_secure_heap_prefetch_work+0x94/0x2c0
01-01 00:01:09.990 0 0 I : process_one_work+0x38c/0x660
01-01 00:01:09.990 0 0 I : worker_thread+0x268/0x4b8
01-01 00:01:09.990 0 0 I : kthread+0x140/0x150
01-01 00:01:09.990 0 0 I : ret_from_fork+0x10/0x1c
01-01 00:01:09.991 0 0 I ueventd : firmware: loading 'qca6390/regdb.bin' for '/devices/platform/soc/b0000000.qcom,cnss-qca6390/firmware/qca6390!regdb.bin'
08-23 17:43:01.751 1155 1218 D BluetoothManagerService: MESSAGE_INFORM_ADAPTER_SERVICE_UP
08-23 17:43:01.751 1155 1218 D BluetoothManagerService: Broadcasting onBluetoothServiceUp() to 3 receivers.
08-23 17:43:01.753 1155 1218 D BluetoothManagerService: MESSAGE_BLUETOOTH_STATE_CHANGE: OFF > BLE_TURNING_ON
08-23 17:43:01.753 1155 1218 D BluetoothManagerService: Sending BLE State Change: OFF > BLE_TURNING_ON
08-23 17:43:01.760 1155 1155 I Telecom : WiredHeadsetManager: ACTION_HEADSET_PLUG event, plugged in: false, : WHC.oADA@AAE
01-01 00:01:10.008 0 0 E ueventd : firmware: could not find firmware for qca6390/regdb.bin
01-01 00:01:10.014 0 0 I msm_vidc: high: 00000001: ....d: Opening video instance: ffffffd759b5c000, 1
01-01 00:01:10.016 0 0 E ueventd : firmware: attempted /etc/firmware/qca6390/regdb.bin, open failed: No such file or directory
08-23 17:43:01.791 1155 1155 D CompanionDeviceManagerService: Received BT state transition broadcast: OFF -> BLE_TURNING_ON
08-23 17:43:01.794 1155 1155 W NotificationHistory: Attempted to add notif for locked/gone/disabled user 0
08-23 17:43:01.795 1155 1155 W Looper : Drained
08-23 17:43:01.799 1155 1218 I DropBoxManagerService: add tag=system_app_strictmode isTagEnabled=true flags=0x2
01-01 00:01:10.031 0 0 E ueventd : firmware: attempted /odm/firmware/qca6390/regdb.bin, open failed: No such file or directory
08-23 17:43:01.807 1155 1232 W ActivityManager: Slow operation: 1148ms so far, now at startProcess: returned from zygote!
08-23 17:43:01.808 1155 1232 W ActivityManager: Slow operation: 1148ms so far, now at startProcess: done updating battery stats
08-23 17:43:01.808 1155 1232 W ActivityManager: Slow operation: 1148ms so far, now at startProcess: building log message
08-23 17:43:01.808 1155 1232 I ActivityManager: Start proc 2327:com.android.settings/1000 for top-activity {com.android.settings/com.android.settings.FallbackHome}
08-23 17:43:01.808 1155 1232 W ActivityManager: Slow operation: 1149ms so far, now at startProcess: starting to update pids map
08-23 17:43:01.808 1155 1232 W ActivityManager: Slow operation: 1149ms so far, now at startProcess: done updating pids map
08-23 17:43:01.808 1155 1232 W ActivityManager: Slow operation: 1115ms so far, now at startProcess: asking zygote to start proc
08-23 17:43:01.809 1155 1232 D CompatibilityChangeReporter: Compat change id reported: 143937733; UID 10101; state: ENABLED
01-01 00:01:10.033 0 0 E : INFO: trying to register non-static key.
01-01 00:01:10.042 0 0 I binder : 2224:2224 ioctl 40046210 7fd9713774 returned -22
01-01 00:01:10.042 0 0 E ueventd : firmware: attempted /vendor/firmware/qca6390/regdb.bin, open failed: No such file or directory
01-01 00:01:10.042 0 0 E ueventd : firmware: attempted /firmware/image/qca6390/regdb.bin, open failed: No such file or directory
01-01 00:01:10.043 0 0 E ueventd : firmware: attempted /vendor/firmware_mnt/image/qca6390/regdb.bin, open failed: No such file or directory
01-01 00:01:10.043 0 0 I ueventd : loading /devices/platform/soc/b0000000.qcom,cnss-qca6390/firmware/qca6390!regdb.bin took 53ms
01-01 00:01:10.045 0 0 E cnss : Failed to load BDF: qca6390/regdb.bin
01-01 00:01:10.045 0 0 D cnss : Sending BDF download message, state: 0x13, type: 1
01-01 00:01:10.045 0 0 D cnss : FW name added with prefix: qca6390/bdwlan.elf
01-01 00:01:10.045 0 0 W cnss2 b0000000.qcom,cnss-qca6390: Falling back to syfs fallback for: qca6390/bdwlan.elf
01-01 00:01:10.047 0 0 E : the code is fine but needs lockdep annotation.
01-01 00:01:10.047 0 0 I : CPU: 3 PID: 2323 Comm: VideoDecMsgThre Tainted: G S W O 4.19.157+ #1
08-23 17:43:01.857 1155 1218 I DropBoxManagerService: add tag=system_app_strictmode isTagEnabled=true flags=0x2
08-23 17:43:01.858 1155 1218 I DropBoxManagerService: add tag=system_app_strictmode isTagEnabled=true flags=0x2
01-01 00:01:10.047 0 0 I Hardware name: Qualcomm Technologies, Inc. kona MTP-RmPM8150b (DT)
01-01 00:01:10.047 0 0 I Call trace:
01-01 00:01:10.047 0 0 I : dump_backtrace+0x0/0x258
01-01 00:01:10.047 0 0 I : show_stack+0x20/0x30
01-01 00:01:10.047 0 0 I : dump_stack+0xd8/0x12c
01-01 00:01:10.047 0 0 I : register_lock_class+0x4d0/0x5c8
01-01 00:01:10.068 0 0 D cnss : Downloading BDF: qca6390/bdwlan.elf, size: 57908
01-01 00:01:10.068 0 0 I : __lock_acquire+0xbc/0x1e58
01-01 00:01:10.091 0 0 I : lock_acquire+0x1cc/0x218
01-01 00:01:10.091 0 0 I : _raw_spin_lock_irqsave+0x54/0x98
01-01 00:01:10.091 0 0 I : __ion_system_secure_heap_resize+0x768/0x8c0
01-01 00:01:10.091 0 0 I : ion_system_secure_heap_prefetch+0x28/0x38
01-01 00:01:10.091 0 0 I : ion_walk_heaps+0x88/0xb8
01-01 00:01:10.091 0 0 I : ion_ioctl+0x1b0/0x2a8
01-01 00:01:10.091 0 0 I : __arm64_compat_sys_ioctl+0xf4/0x240
01-01 00:01:10.091 0 0 I : el0_svc_common+0xa4/0x190
01-01 00:01:10.091 0 0 I : el0_svc_compat_handler+0x28/0x38
01-01 00:01:10.091 0 0 I : el0_svc_compat+0x8/0x34
01-01 00:01:10.097 0 0 E : INFO: trying to register non-static key.
01-01 00:01:10.102 0 0 E : the code is fine but needs lockdep annotation.
01-01 00:01:10.108 0 0 I : CPU: 3 PID: 1368 Comm: HwBinder:1339_2 Tainted: G S W O 4.19.157+ #1
01-01 00:01:10.108 0 0 I Hardware name: Qualcomm Technologies, Inc. kona MTP-RmPM8150b (DT)
01-01 00:01:10.108 0 0 I Call trace:
01-01 00:01:10.108 0 0 I : dump_backtrace+0x0/0x258
01-01 00:01:10.108 0 0 I : show_stack+0x20/0x30
01-01 00:01:10.108 0 0 I : dump_stack+0xd8/0x12c
01-01 00:01:10.108 0 0 I : register_lock_class+0x4d0/0x5c8
01-01 00:01:10.108 0 0 I : __lock_acquire+0xbc/0x1e58
01-01 00:01:10.108 0 0 I : lock_acquire+0x1cc/0x218
01-01 00:01:10.108 0 0 I : _raw_spin_lock_irqsave+0x54/0x98
01-01 00:01:10.108 0 0 I : __ion_system_secure_heap_resize+0x768/0x8c0
01-01 00:01:10.108 0 0 I : ion_system_secure_heap_drain+0x28/0x38
01-01 00:01:10.108 0 0 I : ion_walk_heaps+0x88/0xb8
01-01 00:01:10.108 0 0 I : ion_ioctl+0x1b0/0x2a8
01-01 00:01:10.108 0 0 I : __arm64_compat_sys_ioctl+0xf4/0x240
01-01 00:01:10.108 0 0 I : el0_svc_common+0xa4/0x190
01-01 00:01:10.108 0 0 I : el0_svc_compat_handler+0x28/0x38
01-01 00:01:10.108 0 0 I : el0_svc_compat+0x8/0x34
01-01 00:01:10.119 0 0 I msm_vidc: high: 00000001: vp9d: Closed video instance: ffffffd759b5c000
01-01 00:01:10.158 0 0 D cnss : Sending M3 information message, state: 0x13
01-01 00:01:10.158 0 0 D cnss : M3 memory, va: 0xffffff8020ab0000, pa: 0x00000000a1800000, size: 0x411bc
01-01 00:01:10.159 0 0 I binder : 2327:2327 ioctl 40046210 7fd97147c4 returned -22
01-01 00:01:10.161 0 0 D cnss : PM relax, state: 0x13, count: 0
01-01 00:01:10.162 0 0 D cnss : Received QMI WLFW FW initialization done indication
08-23 17:43:01.868 1155 1218 I DropBoxManagerService: add tag=system_app_strictmode isTagEnabled=true flags=0x2
08-23 17:43:01.879 1155 1183 D CompatibilityChangeReporter: Compat change id reported: 168419799; UID 1002; state: DISABLED
08-23 17:43:01.915 1155 1232 W ActivityManager: Slow operation: 1221ms so far, now at startProcess: returned from zygote!
08-23 17:43:01.915 1155 1232 W ActivityManager: Slow operation: 1222ms so far, now at startProcess: done updating battery stats
08-23 17:43:01.915 1155 1232 W ActivityManager: Slow operation: 1222ms so far, now at startProcess: building log message
08-23 17:43:01.915 1155 1232 I ActivityManager: Start proc 2353:android.ext.services/u0a101 for service {android.ext.services/android.ext.services.autofill.InlineSuggestionRenderServiceImpl}
08-23 17:43:01.915 1155 1232 W ActivityManager: Slow operation: 1222ms so far, now at startProcess: starting to update pids map
08-23 17:43:01.915 1155 1232 W ActivityManager: Slow operation: 1222ms so far, now at startProcess: done updating pids map
08-23 17:43:01.915 1155 1232 W ActivityManager: Slow operation: 461ms so far, now at startProcess: asking zygote to start proc
08-23 17:43:01.916 1155 1232 D CompatibilityChangeReporter: Compat change id reported: 143937733; UID 10087; state: ENABLED
01-01 00:01:10.162 0 0 D cnss : Posting event: FW_READY(4), state: 0x13 flags: 0x0
01-01 00:01:10.162 0 0 D cnss : PM stay awake, state: 0x13, count: 1
01-01 00:01:10.162 0 0 D cnss : PM relax, state: 0x13, count: 0
01-01 00:01:10.162 0 0 D cnss : PM stay awake, state: 0x13, count: 1
01-01 00:01:10.162 0 0 D cnss : Processing driver event: FW_READY(4), state: 0x13
01-01 00:01:10.162 0 0 D cnss : PCIE Gen speed not setup
01-01 00:01:10.178 0 0 E : INFO: trying to register non-static key.
01-01 00:01:10.183 0 0 E : the code is fine but needs lockdep annotation.
01-01 00:01:10.189 0 0 I : CPU: 1 PID: 337 Comm: kworker/u16:14 Tainted: G S W O 4.19.157+ #1
01-01 00:01:10.189 0 0 I Hardware name: Qualcomm Technologies, Inc. kona MTP-RmPM8150b (DT)
01-01 00:01:10.189 0 0 I Workqueue: events_unbound ion_system_secure_heap_prefetch_work
01-01 00:01:10.189 0 0 I Call trace:
01-01 00:01:10.189 0 0 I : dump_backtrace+0x0/0x258
01-01 00:01:10.189 0 0 I : show_stack+0x20/0x30
01-01 00:01:10.189 0 0 I : dump_stack+0xd8/0x12c
01-01 00:01:10.189 0 0 I : register_lock_class+0x4d0/0x5c8
01-01 00:01:10.189 0 0 I : __lock_acquire+0xbc/0x1e58
01-01 00:01:10.189 0 0 I : lock_acquire+0x1cc/0x218
01-01 00:01:10.189 0 0 I : _raw_spin_lock_irqsave+0x54/0x98
01-01 00:01:10.189 0 0 I : ion_system_secure_heap_prefetch_work+0x94/0x2c0
01-01 00:01:10.189 0 0 I : process_one_work+0x38c/0x660
01-01 00:01:10.189 0 0 I : worker_thread+0x268/0x4b8
01-01 00:01:10.189 0 0 I : kthread+0x140/0x150
01-01 00:01:10.189 0 0 I : ret_from_fork+0x10/0x1c
01-01 00:01:10.209 0 0 E : INFO: trying to register non-static key.
01-01 00:01:10.214 0 0 E : the code is fine but needs lockdep annotation.
01-01 00:01:10.220 0 0 I : CPU: 1 PID: 337 Comm: kworker/u16:14 Tainted: G S W O 4.19.157+ #1
01-01 00:01:10.220 0 0 I Hardware name: Qualcomm Technologies, Inc. kona MTP-RmPM8150b (DT)
01-01 00:01:10.220 0 0 I Workqueue: events_unbound ion_system_secure_heap_prefetch_work
01-01 00:01:10.220 0 0 I Call trace:
01-01 00:01:10.220 0 0 I : dump_backtrace+0x0/0x258
01-01 00:01:10.220 0 0 I : show_stack+0x20/0x30
01-01 00:01:10.220 0 0 I : dump_stack+0xd8/0x12c
01-01 00:01:10.220 0 0 I : register_lock_class+0x4d0/0x5c8
01-01 00:01:10.220 0 0 I : __lock_acquire+0xbc/0x1e58
01-01 00:01:10.220 0 0 I : lock_acquire+0x1cc/0x218
01-01 00:01:10.220 0 0 I : _raw_spin_lock_irqsave+0x54/0x98
01-01 00:01:10.220 0 0 I : ion_system_secure_heap_prefetch_work+0x94/0x2c0
01-01 00:01:10.220 0 0 I : process_one_work+0x38c/0x660
01-01 00:01:10.220 0 0 I : worker_thread+0x268/0x4b8
01-01 00:01:10.220 0 0 I : kthread+0x140/0x150
01-01 00:01:10.220 0 0 I : ret_from_fork+0x10/0x1c
01-01 00:01:10.225 0 0 I msm_vidc: high: 00000001: ....e: Opening video instance: ffffffd6d1838000, 0
01-01 00:01:10.241 0 0 E : INFO: trying to register non-static key.
01-01 00:01:10.245 0 0 I binder : 2353:2353 ioctl 40046210 7fd97147c4 returned -22
01-01 00:01:10.246 0 0 E : the code is fine but needs lockdep annotation.
01-01 00:01:10.246 0 0 I : CPU: 1 PID: 337 Comm: kworker/u16:14 Tainted: G S W O 4.19.157+ #1
01-01 00:01:10.246 0 0 I Hardware name: Qualcomm Technologies, Inc. kona MTP-RmPM8150b (DT)
01-01 00:01:10.246 0 0 I Workqueue: events_unbound ion_system_secure_heap_prefetch_work
01-01 00:01:10.246 0 0 I Call trace:
01-01 00:01:10.246 0 0 I : dump_backtrace+0x0/0x258
01-01 00:01:10.246 0 0 I : show_stack+0x20/0x30
01-01 00:01:10.246 0 0 I : dump_stack+0xd8/0x12c
01-01 00:01:10.246 0 0 I : register_lock_class+0x4d0/0x5c8
01-01 00:01:10.246 0 0 I : __lock_acquire+0xbc/0x1e58
01-01 00:01:10.246 0 0 I : lock_acquire+0x1cc/0x218
01-01 00:01:10.246 0 0 I : _raw_spin_lock_irqsave+0x54/0x98
01-01 00:01:10.246 0 0 I : ion_system_secure_heap_prefetch_work+0x94/0x2c0
01-01 00:01:10.246 0 0 I : process_one_work+0x38c/0x660
01-01 00:01:10.246 0 0 I : worker_thread+0x268/0x4b8
01-01 00:01:10.246 0 0 I : kthread+0x140/0x150
01-01 00:01:10.246 0 0 I : ret_from_fork+0x10/0x1c
01-01 00:01:10.251 0 0 I msm_vidc: high: 00000001: h264e: Closed video instance: ffffffd6d1838000
01-01 00:01:10.260 0 0 E bt_ioctl: BT_CMD_PWR_CTRL pwr_cntrl:0
01-01 00:01:10.263 0 0 I binder : 2316:2316 ioctl 40046210 7fd97147c4 returned -22
01-01 00:01:10.266 0 0 E bt_ioctl: BT state already:0 no change done
01-01 00:01:10.270 0 0 E : INFO: trying to register non-static key.
08-23 17:43:01.991 1155 1183 I StatusBarManagerService: registerStatusBar bar=com.android.internal.statusbar.IStatusBar$Stub$Proxy@e9843bb
08-23 17:43:01.999 1155 1232 W ActivityManager: Slow operation: 545ms so far, now at startProcess: returned from zygote!
08-23 17:43:02.000 1155 1232 W ActivityManager: Slow operation: 545ms so far, now at startProcess: done updating battery stats
08-23 17:43:02.000 1155 1232 W ActivityManager: Slow operation: 545ms so far, now at startProcess: building log message
08-23 17:43:02.000 1155 1232 I ActivityManager: Start proc 2397:com.android.launcher3/u0a87 for service {com.android.launcher3/com.android.quickstep.TouchInteractionService}
08-23 17:43:02.000 1155 1232 W ActivityManager: Slow operation: 546ms so far, now at startProcess: starting to update pids map
08-23 17:43:02.000 1155 1232 W ActivityManager: Slow operation: 546ms so far, now at startProcess: done updating pids map
08-23 17:43:02.014 1155 1231 I DropBoxManagerService: add tag=system_server_wtf isTagEnabled=true flags=0x2
08-23 17:43:02.039 1155 2054 D CompatibilityChangeReporter: Compat change id reported: 168419799; UID 10101; state: DISABLED
01-01 00:01:10.275 0 0 E bt_ioctl: BT_CMD_PWR_CTRL pwr_cntrl:1
01-01 00:01:10.278 0 0 E : the code is fine but needs lockdep annotation.
01-01 00:01:10.278 0 0 I : CPU: 1 PID: 337 Comm: kworker/u16:14 Tainted: G S W O 4.19.157+ #1
01-01 00:01:10.278 0 0 I Hardware name: Qualcomm Technologies, Inc. kona MTP-RmPM8150b (DT)
01-01 00:01:10.278 0 0 I Workqueue: events_unbound ion_system_secure_heap_prefetch_work
01-01 00:01:10.278 0 0 I Call trace:
01-01 00:01:10.278 0 0 I : dump_backtrace+0x0/0x258
01-01 00:01:10.278 0 0 I : show_stack+0x20/0x30
01-01 00:01:10.278 0 0 I : dump_stack+0xd8/0x12c
01-01 00:01:10.278 0 0 I : register_lock_class+0x4d0/0x5c8
01-01 00:01:10.278 0 0 I : __lock_acquire+0xbc/0x1e58
01-01 00:01:10.278 0 0 I : lock_acquire+0x1cc/0x218
01-01 00:01:10.278 0 0 I : _raw_spin_lock_irqsave+0x54/0x98
01-01 00:01:10.278 0 0 I : ion_system_secure_heap_prefetch_work+0x94/0x2c0
01-01 00:01:10.278 0 0 I : process_one_work+0x38c/0x660
01-01 00:01:10.278 0 0 I : worker_thread+0x268/0x4b8
01-01 00:01:10.278 0 0 I : kthread+0x140/0x150
01-01 00:01:10.278 0 0 I : ret_from_fork+0x10/0x1c
08-23 17:43:02.050 1155 2054 D CompatibilityChangeReporter: Compat change id reported: 168419799; UID 1000; state: DISABLED
01-01 00:01:10.296 0 0 I bt_power vendor: bt_qca6390: Linked as a consumer to regulator.9
01-01 00:01:10.297 0 0 E bt_vreg_enable: vreg_en successful for : qca,bt-vdd-aon
01-01 00:01:10.299 0 0 E : INFO: trying to register non-static key.
01-01 00:01:10.306 0 0 I bt_power vendor: bt_qca6390: Linked as a consumer to regulator.51
01-01 00:01:10.308 0 0 E : the code is fine but needs lockdep annotation.
01-01 00:01:10.308 0 0 I : CPU: 3 PID: 337 Comm: kworker/u16:14 Tainted: G S W O 4.19.157+ #1
01-01 00:01:10.308 0 0 I Hardware name: Qualcomm Technologies, Inc. kona MTP-RmPM8150b (DT)
01-01 00:01:10.308 0 0 I Workqueue: events_unbound ion_system_secure_heap_prefetch_work
01-01 00:01:10.308 0 0 I Call trace:
01-01 00:01:10.308 0 0 I : dump_backtrace+0x0/0x258
01-01 00:01:10.308 0 0 I : show_stack+0x20/0x30
01-01 00:01:10.308 0 0 I : dump_stack+0xd8/0x12c
01-01 00:01:10.308 0 0 I : register_lock_class+0x4d0/0x5c8
01-01 00:01:10.308 0 0 I : __lock_acquire+0xbc/0x1e58
01-01 00:01:10.308 0 0 I : lock_acquire+0x1cc/0x218
01-01 00:01:10.308 0 0 I : _raw_spin_lock_irqsave+0x54/0x98
01-01 00:01:10.308 0 0 I : ion_system_secure_heap_prefetch_work+0x94/0x2c0
01-01 00:01:10.308 0 0 I : process_one_work+0x38c/0x660
01-01 00:01:10.308 0 0 I : worker_thread+0x268/0x4b8
01-01 00:01:10.308 0 0 I : kthread+0x140/0x150
01-01 00:01:10.308 0 0 I : ret_from_fork+0x10/0x1c
01-01 00:01:10.315 0 0 E bt_vreg_enable: vreg_en successful for : qca,bt-vdd-dig
01-01 00:01:10.331 0 0 I binder : 2397:2397 ioctl 40046210 7fd97147c4 returned -22
01-01 00:01:10.332 0 0 E : INFO: trying to register non-static key.
01-01 00:01:10.333 0 0 I bt_power vendor: bt_qca6390: Linked as a consumer to regulator.8
01-01 00:01:10.337 0 0 E : the code is fine but needs lockdep annotation.
01-01 00:01:10.337 0 0 I : CPU: 3 PID: 337 Comm: kworker/u16:14 Tainted: G S W O 4.19.157+ #1
01-01 00:01:10.337 0 0 I Hardware name: Qualcomm Technologies, Inc. kona MTP-RmPM8150b (DT)
01-01 00:01:10.338 0 0 I Workqueue: events_unbound ion_system_secure_heap_prefetch_work
01-01 00:01:10.338 0 0 I Call trace:
01-01 00:01:10.338 0 0 I : dump_backtrace+0x0/0x258
01-01 00:01:10.338 0 0 I : show_stack+0x20/0x30
01-01 00:01:10.338 0 0 I : dump_stack+0xd8/0x12c
01-01 00:01:10.338 0 0 I : register_lock_class+0x4d0/0x5c8
01-01 00:01:10.338 0 0 I : __lock_acquire+0xbc/0x1e58
01-01 00:01:10.338 0 0 I : lock_acquire+0x1cc/0x218
01-01 00:01:10.338 0 0 I : _raw_spin_lock_irqsave+0x54/0x98
01-01 00:01:10.338 0 0 I : ion_system_secure_heap_prefetch_work+0x94/0x2c0
01-01 00:01:10.338 0 0 I : process_one_work+0x38c/0x660
01-01 00:01:10.338 0 0 I : worker_thread+0x268/0x4b8
01-01 00:01:10.338 0 0 I : kthread+0x140/0x150
01-01 00:01:10.338 0 0 I : ret_from_fork+0x10/0x1c
08-23 17:43:02.113 1155 2029 D CompatibilityChangeReporter: Compat change id reported: 168419799; UID 10087; state: DISABLED
01-01 00:01:10.344 0 0 E bt_vreg_enable: vreg_en successful for : qca,bt-vdd-rfa1
01-01 00:01:10.350 0 0 D : mv2112_read_status
01-01 00:01:10.351 0 0 D mv2112_update_link: 3.0x901(1G): 0x80
01-01 00:01:10.351 0 0 D mv2112_update_link: 3.0x8109(100M): 0x0
01-01 00:01:10.351 0 0 D mv2112_update_link: link 0x0
01-01 00:01:10.351 0 0 D mv2112_read_status: autoneg is disabled
01-01 00:01:10.352 0 0 I bt_power vendor: bt_qca6390: Linked as a consumer to regulator.36
01-01 00:01:10.352 0 0 E bt_vreg_enable: vreg_en successful for : qca,bt-vdd-rfa2
01-01 00:01:10.358 0 0 E : INFO: trying to register non-static key.
01-01 00:01:10.360 0 0 I bt_power vendor: bt_qca6390: Linked as a consumer to regulator.27
01-01 00:01:10.364 0 0 E : the code is fine but needs lockdep annotation.
01-01 00:01:10.364 0 0 I : CPU: 3 PID: 337 Comm: kworker/u16:14 Tainted: G S W O 4.19.157+ #1
01-01 00:01:10.364 0 0 I Hardware name: Qualcomm Technologies, Inc. kona MTP-RmPM8150b (DT)
01-01 00:01:10.364 0 0 I Workqueue: events_unbound ion_system_secure_heap_prefetch_work
01-01 00:01:10.364 0 0 I Call trace:
01-01 00:01:10.364 0 0 I : dump_backtrace+0x0/0x258
01-01 00:01:10.364 0 0 I : show_stack+0x20/0x30
01-01 00:01:10.364 0 0 I : dump_stack+0xd8/0x12c
01-01 00:01:10.364 0 0 I : register_lock_class+0x4d0/0x5c8
01-01 00:01:10.364 0 0 I : __lock_acquire+0xbc/0x1e58
01-01 00:01:10.364 0 0 I : lock_acquire+0x1cc/0x218
01-01 00:01:10.369 0 0 I : _raw_spin_lock_irqsave+0x54/0x98
01-01 00:01:10.369 0 0 I : ion_system_secure_heap_prefetch_work+0x94/0x2c0
01-01 00:01:10.369 0 0 I : process_one_work+0x38c/0x660
01-01 00:01:10.369 0 0 I : worker_thread+0x268/0x4b8
01-01 00:01:10.369 0 0 I : kthread+0x140/0x150
01-01 00:01:10.369 0 0 I : ret_from_fork+0x10/0x1c
01-01 00:01:10.374 0 0 E bt_vreg_enable: vreg_en successful for : qca,bt-vdd-asd
01-01 00:01:10.391 0 0 E : INFO: trying to register non-static key.
01-01 00:01:10.396 0 0 E : the code is fine but needs lockdep annotation.
01-01 00:01:10.401 0 0 I : CPU: 3 PID: 337 Comm: kworker/u16:14 Tainted: G S W O 4.19.157+ #1
01-01 00:01:10.401 0 0 I Hardware name: Qualcomm Technologies, Inc. kona MTP-RmPM8150b (DT)
01-01 00:01:10.401 0 0 I Workqueue: events_unbound ion_system_secure_heap_prefetch_work
01-01 00:01:10.401 0 0 I Call trace:
01-01 00:01:10.401 0 0 I : dump_backtrace+0x0/0x258
01-01 00:01:10.401 0 0 I : show_stack+0x20/0x30
01-01 00:01:10.401 0 0 I : dump_stack+0xd8/0x12c
01-01 00:01:10.401 0 0 I : register_lock_class+0x4d0/0x5c8
01-01 00:01:10.402 0 0 I : __lock_acquire+0xbc/0x1e58
01-01 00:01:10.402 0 0 I : lock_acquire+0x1cc/0x218
01-01 00:01:10.402 0 0 I : _raw_spin_lock_irqsave+0x54/0x98
01-01 00:01:10.402 0 0 I : ion_system_secure_heap_prefetch_work+0x94/0x2c0
01-01 00:01:10.402 0 0 I : process_one_work+0x38c/0x660
01-01 00:01:10.402 0 0 I : worker_thread+0x268/0x4b8
01-01 00:01:10.402 0 0 I : kthread+0x140/0x150
01-01 00:01:10.402 0 0 I : ret_from_fork+0x10/0x1c
08-23 17:43:02.186 1155 1218 I DropBoxManagerService: add tag=system_app_strictmode isTagEnabled=true flags=0x2
08-23 17:43:02.193 1155 1155 I ExplicitHealthCheckController: Explicit health check service is connected ComponentInfo{android.ext.services/android.ext.services.watchdog.ExplicitHealthCheckServiceImpl}
08-23 17:43:02.194 1155 1218 I DropBoxManagerService: add tag=system_app_strictmode isTagEnabled=true flags=0x2
08-23 17:43:02.196 1155 1155 I ExplicitHealthCheckController: Service initialized, syncing requests
01-01 00:01:10.428 0 0 E : INFO: trying to register non-static key.
08-23 17:43:02.196 1155 1155 I PackageWatchdog: Syncing health check requests for packages: {}
08-23 17:43:02.197 1155 1155 D ExplicitHealthCheckController: Getting health check supported packages
01-01 00:01:10.433 0 0 E : the code is fine but needs lockdep annotation.
01-01 00:01:10.433 0 0 I bt_configure_gpios: BTON:Turn Bt Off bt-reset-gpio(1121) value(0)
01-01 00:01:10.439 0 0 I : CPU: 4 PID: 337 Comm: kworker/u16:14 Tainted: G S W O 4.19.157+ #1
01-01 00:01:10.439 0 0 I Hardware name: Qualcomm Technologies, Inc. kona MTP-RmPM8150b (DT)
01-01 00:01:10.439 0 0 I Workqueue: events_unbound ion_system_secure_heap_prefetch_work
01-01 00:01:10.439 0 0 I Call trace:
01-01 00:01:10.439 0 0 I : dump_backtrace+0x0/0x258
01-01 00:01:10.439 0 0 I : show_stack+0x20/0x30
01-01 00:01:10.439 0 0 I : dump_stack+0xd8/0x12c
01-01 00:01:10.439 0 0 I : register_lock_class+0x4d0/0x5c8
01-01 00:01:10.439 0 0 I : __lock_acquire+0xbc/0x1e58
01-01 00:01:10.439 0 0 I : lock_acquire+0x1cc/0x218
01-01 00:01:10.439 0 0 I : _raw_spin_lock_irqsave+0x54/0x98
01-01 00:01:10.439 0 0 I : ion_system_secure_heap_prefetch_work+0x94/0x2c0
01-01 00:01:10.439 0 0 I : process_one_work+0x38c/0x660
01-01 00:01:10.439 0 0 I : worker_thread+0x268/0x4b8
01-01 00:01:10.439 0 0 I : kthread+0x140/0x150
01-01 00:01:10.439 0 0 I : ret_from_fork+0x10/0x1c
01-01 00:01:10.439 0 0 I bt_configure_gpios: BTON:Turn Bt Off
01-01 00:01:10.439 0 0 I bt_configure_gpios: bt-sw-ctrl-gpio(1224) value(1)
01-01 00:01:10.439 0 0 I bt_enable_bt_reset_gpios_safely: bt_enable_bt_reset_gpios_safely: BTON:Turn Bt On
01-01 00:01:10.439 0 0 I bt_enable_bt_reset_gpios_safely: bt_enable_bt_reset_gpios_safely: wl-reset-gpio(1120) value(1)
01-01 00:01:10.439 0 0 I bt_enable_bt_reset_gpios_safely: bt_enable_bt_reset_gpios_safely: BTON: Asserting BT_EN
08-23 17:43:02.204 1155 1218 I DropBoxManagerService: add tag=system_app_strictmode isTagEnabled=true flags=0x2
08-23 17:43:02.206 1155 1218 I DropBoxManagerService: add tag=system_app_strictmode isTagEnabled=true flags=0x2
08-23 17:43:02.218 1155 1155 V NotificationAssistants: 0 notification assistant service connected: ComponentInfo{android.ext.services/android.ext.services.notification.Assistant}
08-23 17:43:02.225 1155 2054 I ExplicitHealthCheckController: Explicit health check supported packages [PackageConfig{com.android.networkstack, 86400000}]
08-23 17:43:02.234 1155 2054 D PackageWatchdog: Received supported packages [PackageConfig{com.android.networkstack, 86400000}]
08-23 17:43:02.234 1155 2054 D ExplicitHealthCheckController: Getting health check requested packages
01-01 00:01:10.463 0 0 E : INFO: trying to register non-static key.
01-01 00:01:10.468 0 0 E : the code is fine but needs lockdep annotation.
01-01 00:01:10.474 0 0 I : CPU: 5 PID: 337 Comm: kworker/u16:14 Tainted: G S W O 4.19.157+ #1
01-01 00:01:10.474 0 0 I Hardware name: Qualcomm Technologies, Inc. kona MTP-RmPM8150b (DT)
01-01 00:01:10.474 0 0 I Workqueue: events_unbound ion_system_secure_heap_prefetch_work
01-01 00:01:10.474 0 0 I Call trace:
01-01 00:01:10.474 0 0 I : dump_backtrace+0x0/0x258
01-01 00:01:10.474 0 0 I : show_stack+0x20/0x30
01-01 00:01:10.474 0 0 I : dump_stack+0xd8/0x12c
01-01 00:01:10.474 0 0 I : register_lock_class+0x4d0/0x5c8
01-01 00:01:10.474 0 0 I : __lock_acquire+0xbc/0x1e58
01-01 00:01:10.474 0 0 I : lock_acquire+0x1cc/0x218
01-01 00:01:10.474 0 0 I : _raw_spin_lock_irqsave+0x54/0x98
01-01 00:01:10.474 0 0 I : ion_system_secure_heap_prefetch_work+0x94/0x2c0
01-01 00:01:10.474 0 0 I : process_one_work+0x38c/0x660
01-01 00:01:10.474 0 0 I : worker_thread+0x268/0x4b8
01-01 00:01:10.474 0 0 I : kthread+0x140/0x150
01-01 00:01:10.474 0 0 I : ret_from_fork+0x10/0x1c
08-23 17:43:02.239 1155 2054 I ExplicitHealthCheckController: Explicit health check requested packages []
08-23 17:43:02.240 1155 2054 I ExplicitHealthCheckController: No more health check requests, unbinding...
08-23 17:43:02.243 1155 2054 I ExplicitHealthCheckController: Explicit health check service is unbound
01-01 00:01:10.489 0 0 E : INFO: trying to register non-static key.
01-01 00:01:10.489 0 0 W : (NULL device *): Falling back to syfs fallback for: wlan/qca_cld/qca6390/WCNSS_qcom_cfg.ini
01-01 00:01:10.494 0 0 E : the code is fine but needs lockdep annotation.
01-01 00:01:10.494 0 0 I : CPU: 6 PID: 337 Comm: kworker/u16:14 Tainted: G S W O 4.19.157+ #1
01-01 00:01:10.494 0 0 I Hardware name: Qualcomm Technologies, Inc. kona MTP-RmPM8150b (DT)
01-01 00:01:10.494 0 0 I Workqueue: events_unbound ion_system_secure_heap_prefetch_work
01-01 00:01:10.494 0 0 I Call trace:
01-01 00:01:10.494 0 0 I : dump_backtrace+0x0/0x258
01-01 00:01:10.494 0 0 I : show_stack+0x20/0x30
01-01 00:01:10.494 0 0 I : dump_stack+0xd8/0x12c
01-01 00:01:10.494 0 0 I : register_lock_class+0x4d0/0x5c8
01-01 00:01:10.494 0 0 I : __lock_acquire+0xbc/0x1e58
01-01 00:01:10.494 0 0 I : lock_acquire+0x1cc/0x218
01-01 00:01:10.494 0 0 I : _raw_spin_lock_irqsave+0x54/0x98
01-01 00:01:10.494 0 0 I : ion_system_secure_heap_prefetch_work+0x94/0x2c0
01-01 00:01:10.494 0 0 I : process_one_work+0x38c/0x660
01-01 00:01:10.494 0 0 I : worker_thread+0x268/0x4b8
01-01 00:01:10.494 0 0 I : kthread+0x140/0x150
01-01 00:01:10.494 0 0 I : ret_from_fork+0x10/0x1c
01-01 00:01:10.498 0 0 I bt_configure_gpios: BTON:Turn Bt On bt-reset-gpio(1121) value(1)
01-01 00:01:10.500 0 0 I bt_configure_gpios: BTON:Turn Bt On
01-01 00:01:10.500 0 0 I bt_configure_gpios: bt-sw-ctrl-gpio(1224) value(1)
01-01 00:01:10.500 0 0 I bt_configure_gpios: bt_gpio= 1121 on: 1 is successful
01-01 00:01:10.509 0 0 E : INFO: trying to register non-static key.
01-01 00:01:10.514 0 0 E : the code is fine but needs lockdep annotation.
01-01 00:01:10.520 0 0 I : CPU: 6 PID: 337 Comm: kworker/u16:14 Tainted: G S W O 4.19.157+ #1
01-01 00:01:10.520 0 0 I Hardware name: Qualcomm Technologies, Inc. kona MTP-RmPM8150b (DT)
01-01 00:01:10.520 0 0 I Workqueue: events_unbound ion_system_secure_heap_prefetch_work
01-01 00:01:10.520 0 0 I Call trace:
01-01 00:01:10.520 0 0 I : dump_backtrace+0x0/0x258
01-01 00:01:10.520 0 0 I : show_stack+0x20/0x30
01-01 00:01:10.520 0 0 I : dump_stack+0xd8/0x12c
01-01 00:01:10.520 0 0 I : register_lock_class+0x4d0/0x5c8
01-01 00:01:10.520 0 0 I : __lock_acquire+0xbc/0x1e58
01-01 00:01:10.520 0 0 I : lock_acquire+0x1cc/0x218
01-01 00:01:10.520 0 0 I : _raw_spin_lock_irqsave+0x54/0x98
01-01 00:01:10.520 0 0 I : ion_system_secure_heap_prefetch_work+0x94/0x2c0
01-01 00:01:10.520 0 0 I : process_one_work+0x38c/0x660
01-01 00:01:10.520 0 0 I : worker_thread+0x268/0x4b8
01-01 00:01:10.520 0 0 I : kthread+0x140/0x150
01-01 00:01:10.520 0 0 I : ret_from_fork+0x10/0x1c
08-23 17:43:02.291 1155 1218 I DropBoxManagerService: add tag=system_app_strictmode isTagEnabled=true flags=0x2
01-01 00:01:10.530 0 0 E : INFO: trying to register non-static key.
01-01 00:01:10.536 0 0 E : the code is fine but needs lockdep annotation.
01-01 00:01:10.541 0 0 I : CPU: 6 PID: 337 Comm: kworker/u16:14 Tainted: G S W O 4.19.157+ #1
01-01 00:01:10.541 0 0 I Hardware name: Qualcomm Technologies, Inc. kona MTP-RmPM8150b (DT)
01-01 00:01:10.541 0 0 I Workqueue: events_unbound ion_system_secure_heap_prefetch_work
01-01 00:01:10.541 0 0 I Call trace:
01-01 00:01:10.541 0 0 I : dump_backtrace+0x0/0x258
01-01 00:01:10.541 0 0 I : show_stack+0x20/0x30
01-01 00:01:10.541 0 0 I : dump_stack+0xd8/0x12c
01-01 00:01:10.541 0 0 I : register_lock_class+0x4d0/0x5c8
01-01 00:01:10.541 0 0 I : __lock_acquire+0xbc/0x1e58
01-01 00:01:10.541 0 0 I : lock_acquire+0x1cc/0x218
01-01 00:01:10.541 0 0 I : _raw_spin_lock_irqsave+0x54/0x98
01-01 00:01:10.541 0 0 I : ion_system_secure_heap_prefetch_work+0x94/0x2c0
01-01 00:01:10.541 0 0 I : process_one_work+0x38c/0x660
01-01 00:01:10.541 0 0 I : worker_thread+0x268/0x4b8
01-01 00:01:10.541 0 0 I : kthread+0x140/0x150
01-01 00:01:10.541 0 0 I : ret_from_fork+0x10/0x1c
01-01 00:01:10.543 0 0 I binder : 2327:2436 ioctl 40046210 701939b1f4 returned -22
08-23 17:43:02.300 1155 1218 I DropBoxManagerService: add tag=system_app_strictmode isTagEnabled=true flags=0x2
08-23 17:43:02.305 1155 1218 I DropBoxManagerService: add tag=system_app_strictmode isTagEnabled=true flags=0x2
01-01 00:01:10.551 0 0 I msm_vidc: high: 00000001: ....e: Opening video instance: ffffffd756b8c000, 0
01-01 00:01:10.552 0 0 E : INFO: trying to register non-static key.
08-23 17:43:02.315 1155 1218 I DropBoxManagerService: add tag=system_app_strictmode isTagEnabled=true flags=0x2
01-01 00:01:10.557 0 0 E : the code is fine but needs lockdep annotation.
01-01 00:01:10.563 0 0 I : CPU: 6 PID: 337 Comm: kworker/u16:14 Tainted: G S W O 4.19.157+ #1
01-01 00:01:10.563 0 0 I Hardware name: Qualcomm Technologies, Inc. kona MTP-RmPM8150b (DT)
01-01 00:01:10.563 0 0 I Workqueue: events_unbound ion_system_secure_heap_prefetch_work
01-01 00:01:10.563 0 0 I Call trace:
01-01 00:01:10.563 0 0 I : dump_backtrace+0x0/0x258
01-01 00:01:10.563 0 0 I : show_stack+0x20/0x30
01-01 00:01:10.563 0 0 I : dump_stack+0xd8/0x12c
01-01 00:01:10.563 0 0 I : register_lock_class+0x4d0/0x5c8
01-01 00:01:10.563 0 0 I : __lock_acquire+0xbc/0x1e58
01-01 00:01:10.563 0 0 I : lock_acquire+0x1cc/0x218
01-01 00:01:10.563 0 0 I : _raw_spin_lock_irqsave+0x54/0x98
01-01 00:01:10.563 0 0 I : ion_system_secure_heap_prefetch_work+0x94/0x2c0
01-01 00:01:10.563 0 0 I : process_one_work+0x38c/0x660
01-01 00:01:10.563 0 0 I : worker_thread+0x268/0x4b8
01-01 00:01:10.563 0 0 I : kthread+0x140/0x150
01-01 00:01:10.563 0 0 I : ret_from_fork+0x10/0x1c
01-01 00:01:10.578 0 0 E : INFO: trying to register non-static key.
01-01 00:01:10.582 0 0 E bt_ioctl: unified Current SOC Version : 400a0200
01-01 00:01:10.583 0 0 E : the code is fine but needs lockdep annotation.
01-01 00:01:10.583 0 0 I : CPU: 6 PID: 337 Comm: kworker/u16:14 Tainted: G S W O 4.19.157+ #1
01-01 00:01:10.594 0 0 I Hardware name: Qualcomm Technologies, Inc. kona MTP-RmPM8150b (DT)
01-01 00:01:10.594 0 0 I Workqueue: events_unbound ion_system_secure_heap_prefetch_work
01-01 00:01:10.594 0 0 I Call trace:
01-01 00:01:10.594 0 0 I : dump_backtrace+0x0/0x258
01-01 00:01:10.594 0 0 I : show_stack+0x20/0x30
01-01 00:01:10.594 0 0 I : dump_stack+0xd8/0x12c
01-01 00:01:10.594 0 0 I : register_lock_class+0x4d0/0x5c8
01-01 00:01:10.594 0 0 I : __lock_acquire+0xbc/0x1e58
01-01 00:01:10.594 0 0 I : lock_acquire+0x1cc/0x218
01-01 00:01:10.594 0 0 I : _raw_spin_lock_irqsave+0x54/0x98
01-01 00:01:10.594 0 0 I : ion_system_secure_heap_prefetch_work+0x94/0x2c0
01-01 00:01:10.594 0 0 I : process_one_work+0x38c/0x660
01-01 00:01:10.594 0 0 I : worker_thread+0x268/0x4b8
01-01 00:01:10.594 0 0 I : kthread+0x140/0x150
01-01 00:01:10.594 0 0 I : ret_from_fork+0x10/0x1c
01-01 00:01:10.598 0 0 I msm_vidc: high: 00000001: h265e: Closed video instance: ffffffd756b8c000
01-01 00:01:10.607 0 0 I [kworke][0x50cb9002][17:43:02.367782] wlan: [8:I:HDD] hdd_pm_qos_add_request: 9360: Set cpu_mask 0f for affine_cores
01-01 00:01:10.607 0 0 I [kworke][0x50cb9103][17:43:02.367796] wlan: [8:I:HDD] hdd_pm_qos_add_request: 9362: Set cpu_mask 0f for affine_cores
01-01 00:01:10.607 0 0 D cnss : Sending ini sync request, state: 0x17, fw_log_mode: 1
01-01 00:01:10.613 0 0 I [kworke][0x50cd8cc4][17:43:02.374567] wlan: [8:I:HIF] Initializing Runtime PM wakelock &sc->prevent_linkdown_lock
01-01 00:01:10.613 0 0 I [kworke][0x50cd9043][17:43:02.374613] wlan: [8:I:HIF] hif_pci_enable_bus: con_mode = 0x0, WLAN_SOC_device_id = 0x1101
01-01 00:01:10.613 0 0 I [kworke][0x50cd9176][17:43:02.374629] wlan: [8:I:HIF] hif_pci_enable_bus: hif_enable_pci done
08-23 17:43:02.386 1885 1885 D SystemUIBootTiming: StartServicescom.android.systemui.statusbar.phone.StatusBar took to complete: 759ms
01-01 00:01:10.614 0 0 I [kworke][0x50cdda8b][17:43:02.375603] wlan: [8:I:HIF] *********** QCA6390 *************
01-01 00:01:10.614 0 0 I [kworke][0x50cddba2][17:43:02.375618] wlan: [8:I:HIF] hif_pci_enable_bus: hif_type = 0x12, target_type = 0x17
01-01 00:01:10.614 0 0 I [kworke][0x50cdde78][17:43:02.375655] wlan: [8:I:HIF] hif_register_tbl_attach: HIF_TYPE_QCA6390
01-01 00:01:10.614 0 0 I [kworke][0x50cddf0f][17:43:02.375663] wlan: [8:I:HIF] hif_target_register_tbl_attach: TARGET_TYPE_QCA6390
01-01 00:01:10.614 0 0 I [kworke][0x50cddf99][17:43:02.375670] wlan: [8:I:HIF] hif_pci_enable_bus:Skip tgt_wake up for srng devices
01-01 00:01:10.615 0 0 E [kworke][0x50cdfd14][17:43:02.376063] wlan: [8:E:TXRX] hif_print_hal_shadow_register_cfg: num_config 28
01-01 00:01:10.622 0 0 E : INFO: trying to register non-static key.
01-01 00:01:10.625 0 0 I binder : 2316:2316 ioctl 40046210 7fd97127a4 returned -22
08-23 17:43:02.390 1155 1219 I ActivityManagerTiming: FinishBooting
08-23 17:43:02.391 1155 1218 I DropBoxManagerService: add tag=system_server_strictmode isTagEnabled=true flags=0x2
08-23 17:43:02.391 1155 1219 W KeyguardServiceDelegate: onScreenTurningOn(): no keyguard service!
08-23 17:43:02.404 1885 1885 D SystemUIBootTiming: StartServicescom.android.systemui.usb.StorageNotification took to complete: 18ms
01-01 00:01:10.631 0 0 E : the code is fine but needs lockdep annotation.
01-01 00:01:10.631 0 0 I [kworke][0x50d2a9ea][17:43:02.392022] wlan: [8:I:TXRX] hif_print_hal_shadow_register_cfg: i 0, val a3b034
01-01 00:01:10.636 0 0 I : CPU: 4 PID: 337 Comm: kworker/u16:14 Tainted: G S W O 4.19.157+ #1
01-01 00:01:10.636 0 0 I Hardware name: Qualcomm Technologies, Inc. kona MTP-RmPM8150b (DT)
01-01 00:01:10.636 0 0 I Workqueue: events_unbound ion_system_secure_heap_prefetch_work
01-01 00:01:10.636 0 0 I Call trace:
01-01 00:01:10.636 0 0 I : dump_backtrace+0x0/0x258
01-01 00:01:10.636 0 0 I : show_stack+0x20/0x30
01-01 00:01:10.636 0 0 I : dump_stack+0xd8/0x12c
01-01 00:01:10.636 0 0 I : register_lock_class+0x4d0/0x5c8
01-01 00:01:10.636 0 0 I : __lock_acquire+0xbc/0x1e58
01-01 00:01:10.636 0 0 I : lock_acquire+0x1cc/0x218
01-01 00:01:10.636 0 0 I : _raw_spin_lock_irqsave+0x54/0x98
01-01 00:01:10.636 0 0 I : ion_system_secure_heap_prefetch_work+0x94/0x2c0
01-01 00:01:10.636 0 0 I : process_one_work+0x38c/0x660
01-01 00:01:10.636 0 0 I : worker_thread+0x268/0x4b8
01-01 00:01:10.636 0 0 I : kthread+0x140/0x150
01-01 00:01:10.636 0 0 I : ret_from_fork+0x10/0x1c
01-01 00:01:10.640 0 0 I [kworke][0x50d54df9][17:43:02.401037] wlan: [8:I:TXRX] hif_print_hal_shadow_register_cfg: i 1, val a3b03c
01-01 00:01:10.640 0 0 I [kworke][0x50d54f28][17:43:02.401051] wlan: [8:I:TXRX] hif_print_hal_shadow_register_cfg: i 2, val a3b044
01-01 00:01:10.640 0 0 I [kworke][0x50d559b0][17:43:02.401192] wlan: [8:I:TXRX] hif_print_hal_shadow_register_cfg: i 3, val a3b04c
01-01 00:01:10.640 0 0 I [kworke][0x50d55a7d][17:43:02.401202] wlan: [8:I:TXRX] hif_print_hal_shadow_register_cfg: i 4, val a3b054
01-01 00:01:10.640 0 0 I [kworke][0x50d55b44][17:43:02.401213] wlan: [8:I:TXRX] hif_print_hal_shadow_register_cfg: i 5, val a3b028
01-01 00:01:10.640 0 0 I [kworke][0x50d55c0b][17:43:02.401223] wlan: [8:I:TXRX] hif_print_hal_shadow_register_cfg: i 6, val a3b020
01-01 00:01:10.640 0 0 I [kworke][0x50d55cd2][17:43:02.401234] wlan: [8:I:TXRX] hif_print_hal_shadow_register_cfg: i 7, val a3b06c
01-01 00:01:10.640 0 0 I [kworke][0x50d55d99][17:43:02.401244] wlan: [8:I:TXRX] hif_print_hal_shadow_register_cfg: i 8, val a46000
01-01 00:01:10.640 0 0 I [kworke][0x50d55e5f][17:43:02.401254] wlan: [8:I:TXRX] hif_print_hal_shadow_register_cfg: i 9, val a46008
01-01 00:01:10.640 0 0 I [kworke][0x50d55f1f][17:43:02.401264] wlan: [8:I:TXRX] hif_print_hal_shadow_register_cfg: i 10, val a46010
01-01 00:01:10.640 0 0 I [kworke][0x50d55fde][17:43:02.401274] wlan: [8:I:TXRX] hif_print_hal_shadow_register_cfg: i 11, val a46018
01-01 00:01:10.640 0 0 I [kworke][0x50d56095][17:43:02.401284] wlan: [8:I:TXRX] hif_print_hal_shadow_register_cfg: i 12, val a46034
01-01 00:01:10.640 0 0 I [kworke][0x50d5614a][17:43:02.401293] wlan: [8:I:TXRX] hif_print_hal_shadow_register_cfg: i 13, val a370b0
01-01 00:01:10.640 0 0 I [kworke][0x50d561ff][17:43:02.401303] wlan: [8:I:TXRX] hif_print_hal_shadow_register_cfg: i 14, val a37018
01-01 00:01:10.640 0 0 I [kworke][0x50d562b5][17:43:02.401312] wlan: [8:I:TXRX] hif_print_hal_shadow_register_cfg: i 15, val a370c4
01-01 00:01:10.640 0 0 I [kworke][0x50d56369][17:43:02.401321] wlan: [8:I:TXRX] hif_print_hal_shadow_register_cfg: i 16, val a370cc
01-01 00:01:10.640 0 0 I [kworke][0x50d5641d][17:43:02.401331] wlan: [8:I:TXRX] hif_print_hal_shadow_register_cfg: i 17, val a370d4
01-01 00:01:10.640 0 0 I [kworke][0x50d564d1][17:43:02.401340] wlan: [8:I:TXRX] hif_print_hal_shadow_register_cfg: i 18, val a370dc
01-01 00:01:10.640 0 0 I [kworke][0x50d56585][17:43:02.401349] wlan: [8:I:TXRX] hif_print_hal_shadow_register_cfg: i 19, val a00400
01-01 00:01:10.640 0 0 I [kworke][0x50d56639][17:43:02.401359] wlan: [8:I:TXRX] hif_print_hal_shadow_register_cfg: i 20, val a03400
01-01 00:01:10.640 0 0 I [kworke][0x50d566eb][17:43:02.401368] wlan: [8:I:TXRX] hif_print_hal_shadow_register_cfg: i 21, val a0340c
01-01 00:01:10.640 0 0 I [kworke][0x50d567c0][17:43:02.401379] wlan: [8:I:TXRX] hif_print_hal_shadow_register_cfg: i 22, val a05400
01-01 00:01:10.640 0 0 I [kworke][0x50d574c6][17:43:02.401553] wlan: [8:I:TXRX] hif_print_hal_shadow_register_cfg: i 23, val a0540c
01-01 00:01:10.640 0 0 I [kworke][0x50d575e6][17:43:02.401568] wlan: [8:I:TXRX] hif_print_hal_shadow_register_cfg: i 24, val a06400
01-01 00:01:10.640 0 0 I [kworke][0x50d580d8][17:43:02.401714] wlan: [8:I:TXRX] hif_print_hal_shadow_register_cfg: i 25, val a08400
01-01 00:01:10.641 0 0 I [kworke][0x50d581db][17:43:02.401727] wlan: [8:I:TXRX] hif_print_hal_shadow_register_cfg: i 26, val a0b400
01-01 00:01:10.641 0 0 I [kworke][0x50d582ce][17:43:02.401740] wlan: [8:I:TXRX] hif_print_hal_shadow_register_cfg: i 27, val a0b40c
01-01 00:01:10.641 0 0 D cnss : Mode: 0, config: ffffff80080cb7b8, host_version: 5.2.022.10G
01-01 00:01:10.641 0 0 D cnss : Sending WLAN config message, state: 0x17
01-01 00:01:10.648 0 0 D cnss : Sending mode message, mode: MISSION(0), state: 0x17
01-01 00:01:10.649 0 0 E : INFO: trying to register non-static key.
01-01 00:01:10.654 0 0 E : the code is fine but needs lockdep annotation.
01-01 00:01:10.660 0 0 I : CPU: 4 PID: 337 Comm: kworker/u16:14 Tainted: G S W O 4.19.157+ #1
01-01 00:01:10.660 0 0 I Hardware name: Qualcomm Technologies, Inc. kona MTP-RmPM8150b (DT)
01-01 00:01:10.660 0 0 I Workqueue: events_unbound ion_system_secure_heap_prefetch_work
01-01 00:01:10.660 0 0 I Call trace:
01-01 00:01:10.660 0 0 I : dump_backtrace+0x0/0x258
01-01 00:01:10.660 0 0 I : show_stack+0x20/0x30
01-01 00:01:10.660 0 0 I : dump_stack+0xd8/0x12c
