01-01 00:01:04.435 1155 1340 I PackageParsing: Parse times for '/system_ext/priv-app/Settings': parse=893ms, update_cache=24 ms
01-01 00:01:04.447 1562 1562 F linker : CANNOT LINK EXECUTABLE "/vendor/bin/hw/sxrservice": library "vendor.qti.hardware.qxr-V1-ndk_platform.so" not found: needed by main executable
01-01 00:01:04.665 0 0 D qbt : qbt_open: entry minor_no=0 fd_available=1
01-01 00:01:04.665 0 0 D qbt : qbt_open: exit : 0 fd_available=0
01-01 00:01:04.665 0 0 D qbt : qbt_open: entry minor_no=1 fd_available=0
01-01 00:01:04.665 0 0 D qbt : qbt_open: exit : 0 fd_available=0
01-01 00:01:04.666 0 0 D qbt : qbt_ioctl: cmd received 102
01-01 00:01:04.666 0 0 D qbt : qbt_ioctl: qbt_ioctl: QBT_ENABLE_IPC
01-01 00:01:04.667 0 0 I init : starting service 'vendor-sensor-sh'...
01-01 00:01:04.677 0 0 D qbt : qbt_ioctl: cmd received 107
01-01 00:01:04.677 0 0 D qbt : qbt_ioctl: Acquiring wakelock
01-01 00:01:04.471 1327 1327 W HidlServiceManagement: Waited one second for android.hardware.health@2.0::IHealth/default
01-01 00:01:04.695 0 0 D cnss : Received QMI WLFW pin connect result indication
01-01 00:01:04.695 0 0 D cnss : Pin connect Result: pwr_pin: 0x1 phy_io_pin: 0x0 rf_io_pin: 0x0
01-01 00:01:04.695 0 0 D cnss : Removing vote for Regulator vdd-wlan-rfa2
01-01 00:01:04.695 0 0 D cnss : Removing vote for Regulator vdd-wlan-rfa1
01-01 00:01:04.695 0 0 D cnss : Removing vote for Regulator vdd-wlan-dig
01-01 00:01:04.695 0 0 D cnss : Removing vote for Regulator vdd-wlan-aon
01-01 00:01:04.695 0 0 D cnss : Removing vote for Regulator vdd-wlan-io
01-01 00:01:04.695 0 0 D cnss : PM relax, state: 0xf, count: 0
01-01 00:01:04.720 0 0 I IPv6 : ADDRCONF(NETDEV_UP): vlan0: link is not ready
01-01 00:01:04.725 0 0 I init : Command 'class_start late_start' action=nonencrypted (/system/etc/init/hw/init.rc:1119) took 1091ms and succeeded
01-01 00:01:04.725 0 0 I init : Service 'vendor.light-hal-2-0' (pid 1461) exited with status 0
01-01 00:01:04.725 0 0 I init : Sending signal 9 to service 'vendor.light-hal-2-0' (pid 1461) process group...
01-01 00:01:04.726 0 0 I libprocessgroup: Successfully killed process cgroup uid 1000 pid 1461 in 1ms
01-01 00:01:04.569 1571 1571 I TLOC : [main ]"TLOC DAEMON main thread"
01-01 00:01:04.581 1571 1571 D TLOC : [TLOCDaemon ]"---------- TLOC Daemon Starts ----------"
01-01 00:01:04.586 1571 1571 D TLOC : [TLOCChannel]"The channel was initialized successfully for TLOCD"
01-01 00:01:04.587 1571 1571 D TLOC : [TLOCChannel]"The channel was initialized successfully for TLOCL"
01-01 00:01:04.588 1571 1571 D TLOC : [TLOCChannel]"The channel was initialized successfully for MODEM"
01-01 00:01:04.588 1571 1571 D TLOC : [TLOCChannel]"TLOCChannel was initialized successfully"
01-01 00:01:04.588 1571 1571 D TLOC : [TLOCChannel] "TLOCChannel is already initialized"
01-01 00:01:04.864 0 0 W QSEECOM : qseecom_load_app: App (fingerpr) does'nt exist, loading apps for first time
01-01 00:01:05.031 0 0 I : read descriptors
01-01 00:01:05.032 0 0 I : read strings
01-01 00:01:05.148 0 0 I capability: warning: `msm_irqbalance' uses 32-bit capabilities (legacy support in use)
01-01 00:01:05.164 0 0 W QSEECOM : qseecom_load_app: App with id 6 (fingerpr) now loaded
01-01 00:01:05.168 0 0 E diag : In diag_ioctl_set_buffering_mode, invalid peripheral = -22
01-01 00:01:04.981 1155 1155 I PackageManager: Finished scanning system apps. Time: 2637 ms, packageCount: 136 , timePerPackage: 19 , cached: 0
01-01 00:01:05.204 0 0 I android_work: did not send uevent (0 0 0000000000000000)
01-01 00:01:05.014 1155 1155 W PackageManager: Relax SCAN_REQUIRE_KNOWN requirement for package com.thundercomm.mcuupgrade
01-01 00:01:05.045 1155 1155 D CompatibilityChangeReporter: Compat change id reported: 133396946; UID -1; state: ENABLED
01-01 00:01:05.071 1155 1155 W PackageManager: Skipping provider name com.antutu.ABenchMark.fileprovider (in package com.antutu.ABenchMark): name already used by com.antutu.ABenchMark
01-01 00:01:05.075 1155 1155 I PackageManager: Finished scanning non-system apps. Time: 92 ms, packageCount: 3 , timePerPackage: 30 , cached: 0
01-01 00:01:05.076 1155 1155 E PackageManager: updateAllSharedLibrariesLPw failed: Package com.qualcomm.embms requires unavailable shared library com.qualcomm.qcrilhook; failing!
01-01 00:01:05.076 1155 1155 E PackageManager: updateAllSharedLibrariesLPw failed: Package com.android.systemui requires unavailable shared library com.qti.extphone.extphonelib; failing!
01-01 00:01:05.076 1155 1155 E PackageManager: updateAllSharedLibrariesLPw failed: Package com.android.settings requires unavailable shared library com.qti.extphone.extphonelib; failing!
01-01 00:01:05.076 1155 1155 E PackageManager: updateAllSharedLibrariesLPw failed: Package com.qualcomm.qti.devicestatisticsservice requires unavailable shared library qti-telephony-hidl-wrapper-prd; failing!
01-01 00:01:05.076 1155 1155 E PackageManager: updateAllSharedLibrariesLPw failed: Package com.qti.snapdragon.qdcm_ff requires unavailable shared library vendor.display.color.V1_0.IDisplayColor; failing!
01-01 00:01:05.076 1155 1155 E PackageManager: updateAllSharedLibrariesLPw failed: Package com.qti.pasrservice requires unavailable shared library vendor.qti.power.pasrmanager.V1_0.IPasrManager; failing!
01-01 00:01:05.077 1155 1155 E PackageManager: updateAllSharedLibrariesLPw failed: Package com.qualcomm.wfd.service requires unavailable shared library .WfdService; failing!
01-01 00:01:05.077 1155 1155 E PackageManager: updateAllSharedLibrariesLPw failed: Package com.qualcomm.uimremoteserver requires unavailable shared library qti-telephony-hidl-wrapper-prd; failing!
01-01 00:01:05.077 1155 1155 E PackageManager: updateAllSharedLibrariesLPw failed: Package com.qualcomm.uimremoteclient requires unavailable shared library qti-telephony-hidl-wrapper-prd; failing!
01-01 00:01:05.088 1155 1155 I PackageManager: Time to scan packages: 2.745 seconds
01-01 00:01:05.088 1155 1155 I PackageManager: Permission ownership changed. Updating all permissions.
01-01 00:01:05.315 0 0 W healthd : No battery devices found
01-01 00:01:05.316 0 0 E msm-dwc3 a600000.ssusb: Could not get usb psy
01-01 00:01:05.117 1155 1155 V PackageManager: reconcileAppsData for null u0 0x1 migrateAppData=true
01-01 00:01:05.125 0 0 W healthd : battery none chg=
01-01 00:01:05.130 1327 1327 W storaged: health: invalid battery status
01-01 00:01:05.141 0 0 I binder : 1327:1327 ioctl 40046210 7fdcd64954 returned -22
01-01 00:01:05.168 0 0 E : msm_qti_pp_get_rms_value_control, back not active to query rms be_idx:3
01-01 00:01:05.198 0 0 I core_get_license_status: cmdrsp_license_result.result = 0x15 for module 0x131ff
01-01 00:01:05.199 0 0 E msm_ext_disp_update_audio_ops: Display not found (EXT_DISPLAY_TYPE_DP) ctld (0) stream (0)
01-01 00:01:05.200 0 0 E msm-dwc3 a600000.ssusb: Could not get usb psy
01-01 00:01:05.209 0 0 W QSEECOM : __qseecom_unload_app: App (6) is unloaded
01-01 00:01:05.210 0 0 D qbt : qbt_release: entry minor_no=0 fd_available=0
01-01 00:01:05.211 0 0 E msm_ext_disp_update_audio_ops: Display not found (EXT_DISPLAY_TYPE_HDMI) ctld (0) stream (0)
01-01 00:01:05.211 0 0 E msm_ext_disp_update_audio_ops: Display not found (EXT_DISPLAY_TYPE_DP) ctld (0) stream (0)
01-01 00:01:05.211 0 0 E msm_ext_disp_update_audio_ops: Display not found (EXT_DISPLAY_TYPE_DP) ctld (0) stream (0)
01-01 00:01:05.212 0 0 E msm_ext_disp_update_audio_ops: Display not found (EXT_DISPLAY_TYPE_DP) ctld (0) stream (0)
01-01 00:01:05.212 0 0 E msm-ext-disp-audio-codec-rx soc: qcom,msm-ext-disp:qcom,msm-ext-disp-audio-codec-rx: msm_ext_disp_audio_type_get: get_audio_edid_blk() or get_intf_id is NULL
01-01 00:01:05.213 0 0 E msm_ext_disp_update_audio_ops: Display not found (EXT_DISPLAY_TYPE_DP) ctld (0) stream (0)
01-01 00:01:05.213 0 0 E msm-ext-disp-audio-codec-rx soc: qcom,msm-ext-disp:qcom,msm-ext-disp-audio-codec-rx: msm_ext_disp_audio_type_get: get_audio_edid_blk() or get_intf_id is NULL
01-01 00:01:05.215 0 0 E msm_ext_disp_update_audio_ops: Display not found (EXT_DISPLAY_TYPE_DP) ctld (0) stream (0)
01-01 00:01:05.215 0 0 E msm-ext-disp-audio-codec-rx soc: qcom,msm-ext-disp:qcom,msm-ext-disp-audio-codec-rx: msm_ext_disp_audio_type_get: get_audio_edid_blk() or get_intf_id is NULL
01-01 00:01:05.218 0 0 E msm-ext-disp-audio-codec-rx soc: qcom,msm-ext-disp:qcom,msm-ext-disp-audio-codec-rx: msm_ext_disp_audio_device_get: invalid dai id: 4
01-01 00:01:05.225 0 0 D qbt : qbt_release: Releasing wakelock
01-01 00:01:05.262 0 0 E : msm_qti_pp_get_rms_value_control, back not active to query rms be_idx:3
01-01 00:01:05.271 0 0 D qbt : qbt_release: exit : fd_available=1
01-01 00:01:05.277 0 0 I android_work: sent uevent USB_STATE=CONNECTED
01-01 00:01:05.300 0 0 I core_get_license_status: cmdrsp_license_result.result = 0x15 for module 0x131ff
01-01 00:01:05.305 0 0 D qbt : qbt_release: entry minor_no=1 fd_available=1
01-01 00:01:05.322 0 0 E msm_ext_disp_update_audio_ops: Display not found (EXT_DISPLAY_TYPE_DP) ctld (0) stream (0)
01-01 00:01:05.330 0 0 I configfs-gadget gadget: high-speed config #1: b
01-01 00:01:05.334 0 0 D qbt : qbt_release: exit : fd_available=1
01-01 00:01:05.340 0 0 E : msm_pcm_volume_ctl_get substream not found
01-01 00:01:05.342 0 0 E msm_ext_disp_update_audio_ops: Display not found (EXT_DISPLAY_TYPE_HDMI) ctld (0) stream (0)
01-01 00:01:05.346 0 0 E msm-dwc3 a600000.ssusb: Could not get usb psy
01-01 00:01:05.348 0 0 I android_work: sent uevent USB_STATE=CONFIGURED
01-01 00:01:05.372 0 0 E msm_ext_disp_update_audio_ops: Display not found (EXT_DISPLAY_TYPE_DP) ctld (0) stream (0)
01-01 00:01:05.382 0 0 E msm_ext_disp_update_audio_ops: Display not found (EXT_DISPLAY_TYPE_DP) ctld (0) stream (0)
01-01 00:01:05.389 0 0 E ipa_mpm_vote_unvote_pcie_clk: 1530 MHI not initialized yet
01-01 00:01:05.393 0 0 I qcom_rpmh DRV: apps_rsc TCS Busy, retrying RPMH message send: addr=0x30000
01-01 00:01:05.394 0 0 E msm_ext_disp_update_audio_ops: Display not found (EXT_DISPLAY_TYPE_DP) ctld (0) stream (0)
01-01 00:01:05.394 0 0 E msm-ext-disp-audio-codec-rx soc: qcom,msm-ext-disp:qcom,msm-ext-disp-audio-codec-rx: msm_ext_disp_audio_type_get: get_audio_edid_blk() or get_intf_id is NULL
01-01 00:01:05.395 0 0 E msm_ext_disp_update_audio_ops: Display not found (EXT_DISPLAY_TYPE_DP) ctld (0) stream (0)
01-01 00:01:05.396 0 0 E msm-ext-disp-audio-codec-rx soc: qcom,msm-ext-disp:qcom,msm-ext-disp-audio-codec-rx: msm_ext_disp_audio_type_get: get_audio_edid_blk() or get_intf_id is NULL
01-01 00:01:05.397 0 0 E msm_ext_disp_update_audio_ops: Display not found (EXT_DISPLAY_TYPE_DP) ctld (0) stream (0)
01-01 00:01:05.397 0 0 E msm-ext-disp-audio-codec-rx soc: qcom,msm-ext-disp:qcom,msm-ext-disp-audio-codec-rx: msm_ext_disp_audio_type_get: get_audio_edid_blk() or get_intf_id is NULL
01-01 00:01:05.401 0 0 E msm-ext-disp-audio-codec-rx soc: qcom,msm-ext-disp:qcom,msm-ext-disp-audio-codec-rx: msm_ext_disp_audio_device_get: invalid dai id: 4
01-01 00:01:05.410 0 0 E ipa_mpm_start_stop_remote_mhip_chan: 1644 MHI not initialized yet, probe in progress
01-01 00:01:05.498 0 0 E : msm_pcm_volume_ctl_get substream not found
01-01 00:01:05.509 0 0 I qcom_rpmh DRV: apps_rsc TCS Busy, retrying RPMH message send: addr=0x30080
01-01 00:01:05.510 0 0 E ipa_mpm_start_stop_mhip_chan: 1736 MHIP probe 1 not initialized
01-01 00:01:05.503 1155 1155 V PackageManager: reconcileAppsData finished 27 packages
01-01 00:01:05.503 1155 1155 I PackageManagerTiming: write settings
01-01 00:01:05.507 1155 1654 I SystemServerTimingAsync: InitThreadPoolExec:prepareAppData
01-01 00:01:05.508 1155 1654 D SystemServerInitThreadPool: Started executing prepareAppData
01-01 00:01:05.515 0 0 E : [MAX975X:max96755x_drm_notifier_callback] *ERROR* receives EARLY_BLANK:UNBLANK
01-01 00:01:05.518 0 0 E ipa3_cfg_ep_ctrl: 4812 pipe setting delay is not supported
01-01 00:01:05.526 0 0 I [drm:dsi_display_set_mode] [msm-dsi-info]: mdp_transfer_time_us=0 us
01-01 00:01:05.526 0 0 I [drm:dsi_display_set_mode] [msm-dsi-info]: hactive= 2380,vactive= 1020,fps=60
01-01 00:01:05.527 0 0 I [drm:dsi_ctrl_isr_configure] [msm-dsi-info]: dsi-ctrl-0: IRQ 463 registered
01-01 00:01:05.559 0 0 E ipa_usb_notify_cb: Set net_ready_trigger
01-01 00:01:05.567 0 0 E ipa_mpm_vote_unvote_pcie_clk: 1530 MHI not initialized yet
01-01 00:01:05.580 0 0 E ipa_mpm_start_stop_remote_mhip_chan: 1644 MHI not initialized yet, probe in progress
01-01 00:01:05.604 1155 1155 D PackageManagerTiming: write settings took to complete: 100ms
01-01 00:01:05.604 1155 1155 W PackageManager: Intent filter verifier not found
01-01 00:01:05.604 1155 1155 W PackageManager: Domain verification agent not found
01-01 00:01:05.620 1155 1155 D PackageManager: Ephemeral resolver NOT found; no matching intent filters
01-01 00:01:05.621 1155 1155 D PackageManager: Instant App installer not found with android.intent.action.INSTALL_INSTANT_APP_PACKAGE
01-01 00:01:05.621 1155 1155 D PackageManager: Clear ephemeral installer activity
01-01 00:01:05.595 0 0 E ipa_usb_notify_cb: Set net_ready_trigger
01-01 00:01:05.620 0 0 E : [MAX975X:max96755x_drm_notifier_callback] *ERROR* receives BLANK:UNBLANK
01-01 00:01:05.630 1155 1155 I PackageManagerTiming: GC
01-01 00:01:05.630 1155 1155 D PackageManagerTiming: GC took to complete: 0ms
01-01 00:01:05.630 1155 1155 I PackageManager: Fix for b/169414761 is applied
01-01 00:01:05.631 1155 1155 D PackageManagerTiming: create package manager took to complete: 3753ms
01-01 00:01:05.663 1155 1155 V UserManagerService: Checking that all system packages are whitelisted.
01-01 00:01:05.666 1155 1155 W UserManagerService: checkWhitelistedSystemPackages(mode=ENFORCE|IMPLICIT_WHITELIST|IMPLICIT_WHITELIST_SYSTEM) has 67 warnings:
01-01 00:01:05.666 1155 1155 W UserManagerService: com.android.internal.display.cutout.emulation.corner is allowlisted but not present.
01-01 00:01:05.666 1155 1155 W UserManagerService: com.android.internal.display.cutout.emulation.double is allowlisted but not present.
01-01 00:01:05.666 1155 1155 W UserManagerService: com.android.theme.color.amethyst is allowlisted but not present.
01-01 00:01:05.666 1155 1155 W UserManagerService: com.android.theme.icon.pebble is allowlisted but not present.
01-01 00:01:05.666 1155 1155 W UserManagerService: com.android.theme.color.sand is allowlisted but not present.
01-01 00:01:05.666 1155 1155 W UserManagerService: com.android.theme.icon.vessel is allowlisted but not present.
01-01 00:01:05.666 1155 1155 W UserManagerService: com.android.theme.color.cinnamon is allowlisted but not present.
01-01 00:01:05.666 1155 1155 W UserManagerService: com.android.theme.icon_pack.victor.settings is allowlisted but not present.
01-01 00:01:05.666 1155 1155 W UserManagerService: com.android.theme.icon_pack.rounded.systemui is allowlisted but not present.
01-01 00:01:05.666 1155 1155 W UserManagerService: com.android.theme.icon.taperedrect is allowlisted but not present.
01-01 00:01:05.666 1155 1155 W UserManagerService: com.android.theme.icon_pack.rounded.android is allowlisted but not present.
01-01 00:01:05.666 1155 1155 W UserManagerService: com.qualcomm.qti.euiccresource is allowlisted but not present.
01-01 00:01:05.666 1155 1155 W UserManagerService: com.qualcomm.qti.telephonyservice is allowlisted but not present.
01-01 00:01:05.666 1155 1155 W UserManagerService: com.android.theme.icon_pack.victor.systemui is allowlisted but not present.
01-01 00:01:05.666 1155 1155 W UserManagerService: com.android.theme.icon_pack.circular.themepicker is allowlisted but not present.
01-01 00:01:05.666 1155 1155 W UserManagerService: com.android.theme.color.tangerine is allowlisted but not present.
01-01 00:01:05.666 1155 1155 W UserManagerService: com.android.theme.color.aquamarine is allowlisted but not present.
01-01 00:01:05.666 1155 1155 W UserManagerService: com.android.internal.display.cutout.emulation.hole is allowlisted but not present.
01-01 00:01:05.666 1155 1155 W UserManagerService: com.android.internal.display.cutout.emulation.tall is allowlisted but not present.
01-01 00:01:05.666 1155 1155 W UserManagerService: com.android.theme.color.black is allowlisted but not present.
01-01 00:01:05.666 1155 1155 W UserManagerService: com.android.theme.color.green is allowlisted but not present.
01-01 00:01:05.666 1155 1155 W UserManagerService: com.android.theme.color.ocean is allowlisted but not present.
01-01 00:01:05.666 1155 1155 W UserManagerService: com.android.theme.color.space is allowlisted but not present.
01-01 00:01:05.666 1155 1155 W UserManagerService: com.qti.qualcomm.datastatusnotification is allowlisted but not present.
01-01 00:01:05.666 1155 1155 W UserManagerService: com.qualcomm.qti.callfeaturessetting is allowlisted but not present.
01-01 00:01:05.666 1155 1155 W UserManagerService: com.android.theme.icon_pack.rounded.launcher is allowlisted but not present.
01-01 00:01:05.666 1155 1155 W UserManagerService: com.qti.qualcomm.deviceinfo is allowlisted but not present.
01-01 00:01:05.667 1155 1155 W UserManagerService: com.android.theme.icon_pack.kai.settings is allowlisted but not present.
01-01 00:01:05.667 1155 1155 W UserManagerService: com.android.internal.systemui.navbar.twobutton is allowlisted but not present.
01-01 00:01:05.667 1155 1155 W UserManagerService: org.codeaurora.ims is allowlisted but not present.
01-01 00:01:05.667 1155 1155 W UserManagerService: com.android.theme.icon_pack.sam.settings is allowlisted but not present.
01-01 00:01:05.667 1155 1155 W UserManagerService: com.android.theme.icon_pack.kai.themepicker is allowlisted but not present.
01-01 00:01:05.667 1155 1155 W UserManagerService: com.qualcomm.qcrilmsgtunnel is allowlisted but not present.
01-01 00:01:05.667 1155 1155 W UserManagerService: com.android.theme.icon_pack.victor.launcher is allowlisted but not present.
01-01 00:01:05.667 1155 1155 W UserManagerService: com.android.theme.icon_pack.filled.settings is allowlisted but not present.
01-01 00:01:05.667 1155 1155 W UserManagerService: com.android.theme.icon_pack.kai.systemui is allowlisted but not present.
01-01 00:01:05.667 1155 1155 W UserManagerService: com.android.theme.icon_pack.circular.settings is allowlisted but not present.
01-01 00:01:05.667 1155 1155 W UserManagerService: com.qti.xdivert is allowlisted but not present.
01-01 00:01:05.667 1155 1155 W UserManagerService: com.android.theme.icon_pack.sam.systemui is allowlisted but not present.
01-01 00:01:05.667 1155 1155 W UserManagerService: com.android.theme.icon.teardrop is allowlisted but not present.
01-01 00:01:05.667 1155 1155 W UserManagerService: com.android.theme.icon_pack.rounded.themepicker is allowlisted but not present.
01-01 00:01:05.667 1155 1155 W UserManagerService: com.android.theme.icon_pack.filled.systemui is allowlisted but not present.
01-01 00:01:05.667 1155 1155 W UserManagerService: com.qualcomm.qti.imsiprivacy.tests is allowlisted but not present.
01-01 00:01:05.667 1155 1155 W UserManagerService: com.android.theme.icon_pack.sam.android is allowlisted but not present.
01-01 00:01:05.667 1155 1155 W UserManagerService: com.android.theme.icon_pack.filled.android is allowlisted but not present.
01-01 00:01:05.667 1155 1155 W UserManagerService: com.android.theme.icon_pack.circular.systemui is allowlisted but not present.
01-01 00:01:05.667 1155 1155 W UserManagerService: com.android.theme.icon_pack.kai.android is allowlisted but not present.
01-01 00:01:05.667 1155 1155 W UserManagerService: com.android.theme.icon_pack.kai.launcher is allowlisted but not present.
01-01 00:01:05.667 1155 1155 W UserManagerService: com.qualcomm.qti.sam.service is allowlisted but not present.
01-01 00:01:05.667 1155 1155 W UserManagerService: com.android.theme.icon_pack.sam.launcher is allowlisted but not present.
01-01 00:01:05.667 1155 1155 W UserManagerService: com.android.theme.icon.squircle is allowlisted but not present.
01-01 00:01:05.668 1155 1155 W UserManagerService: com.android.theme.icon_pack.victor.android is allowlisted but not present.
01-01 00:01:05.668 1155 1155 W UserManagerService: com.android.theme.color.palette is allowlisted but not present.
01-01 00:01:05.668 1155 1155 W UserManagerService: com.android.theme.icon_pack.filled.launcher is allowlisted but not present.
01-01 00:01:05.668 1155 1155 W UserManagerService: com.android.theme.color.carbon is allowlisted but not present.
01-01 00:01:05.668 1155 1155 W UserManagerService: com.android.theme.icon_pack.circular.launcher is allowlisted but not present.
01-01 00:01:05.668 1155 1155 W UserManagerService: com.android.theme.icon_pack.filled.themepicker is allowlisted but not present.
01-01 00:01:05.668 1155 1155 W UserManagerService: com.android.theme.icon_pack.victor.themepicker is allowlisted but not present.
01-01 00:01:05.668 1155 1155 W UserManagerService: com.android.theme.color.orchid is allowlisted but not present.
01-01 00:01:05.668 1155 1155 W UserManagerService: com.android.theme.color.purple is allowlisted but not present.
01-01 00:01:05.668 1155 1155 W UserManagerService: com.qualcomm.qti.confdialer is allowlisted but not present.
01-01 00:01:05.668 1155 1155 W UserManagerService: com.android.theme.icon_pack.sam.themepicker is allowlisted but not present.
01-01 00:01:05.668 1155 1155 W UserManagerService: com.qualcomm.atfwd is allowlisted but not present.
01-01 00:01:05.668 1155 1155 W UserManagerService: com.android.theme.icon.roundedrect is allowlisted but not present.
01-01 00:01:05.668 1155 1155 W UserManagerService: com.android.theme.icon_pack.rounded.settings is allowlisted but not present.
01-01 00:01:05.668 1155 1155 W UserManagerService: org.codeaurora.qti.nrNetworkSettingApp is allowlisted but not present.
01-01 00:01:05.668 1155 1155 W UserManagerService: com.android.theme.icon_pack.circular.android is allowlisted but not present.
01-01 00:01:05.670 1155 1155 I Watchdog: Resuming HandlerChecker: main thread for reason: packagemanagermain. Pause count: 0
01-01 00:01:05.670 1155 1155 I SystemServerDexLoadReporter: Configuring system server dex reporter
01-01 00:01:05.678 1155 1155 D SystemServerTiming: StartPackageManagerService took to complete: 3802ms
01-01 00:01:05.679 1155 1155 I SystemServerTiming: StartOtaDexOptService
01-01 00:01:05.679 1155 1155 I Watchdog: Pausing HandlerChecker: main thread for reason: moveab. Pause count: 1
01-01 00:01:05.682 1155 1155 D OTADexopt: No upgrade, skipping A/B artifacts check.
01-01 00:01:05.682 1155 1155 I Watchdog: Resuming HandlerChecker: main thread for reason: moveab. Pause count: 0
01-01 00:01:05.683 1155 1155 D SystemServerTiming: StartOtaDexOptService took to complete: 3ms
01-01 00:01:05.683 1155 1155 I SystemServerTiming: StartUserManagerService
01-01 00:01:05.683 1155 1155 I SystemServiceManager: Starting com.android.server.pm.UserManagerService$LifeCycle
01-01 00:01:05.685 1155 1155 D SystemServerTiming: StartUserManagerService took to complete: 2ms
01-01 00:01:05.685 1155 1155 I SystemServerTiming: InitAttributerCache
01-01 00:01:05.686 1155 1155 D SystemServerTiming: InitAttributerCache took to complete: 0ms
01-01 00:01:05.686 1155 1155 I SystemServerTiming: SetSystemProcess
01-01 00:01:05.714 1155 1183 V HistoricalRegistry: Interaction before persistence initialized
01-01 00:01:05.717 1155 1239 I ActivityManager: Connection with lmkd established
01-01 00:01:05.727 1155 1155 D SystemServerTiming: SetSystemProcess took to complete: 40ms
01-01 00:01:05.727 1155 1155 I SystemServerTiming: InitWatchdog
01-01 00:01:05.727 1155 1155 D SystemServerTiming: InitWatchdog took to complete: 0ms
01-01 00:01:05.738 1155 1155 I SystemServerTiming: StartOverlayManagerService
01-01 00:01:05.746 0 0 I IPv6 : ADDRCONF(NETDEV_UP): vlan1: link is not ready
01-01 00:01:05.766 1327 1668 I storaged: storaged: Start
01-01 00:01:05.842 1155 1155 D SystemServerTiming: StartOverlayManagerService took to complete: 105ms
01-01 00:01:05.842 1155 1155 I SystemServerTiming: StartSensorPrivacyService
01-01 00:01:05.850 1155 1155 D SystemServerTiming: StartSensorPrivacyService took to complete: 8ms
01-01 00:01:05.851 1155 1155 I SystemServerTiming: StartSensorService
01-01 00:01:05.851 1155 1155 I SystemServiceManager: Starting com.android.server.sensors.SensorService
01-01 00:01:05.852 1155 1155 D SystemServerTiming: StartSensorService took to complete: 0ms
01-01 00:01:05.852 1155 1155 D SystemServerTiming: startBootstrapServices took to complete: 4772ms
01-01 00:01:05.852 1155 1155 I SystemServerTiming: startCoreServices
01-01 00:01:05.852 1155 1155 I SystemServerTiming: StartSystemConfigService
01-01 00:01:05.853 1155 1676 I SystemServerTimingAsync: InitThreadPoolExec:StartNativeSensorService
01-01 00:01:05.853 1155 1155 I SystemServiceManager: Starting com.android.server.SystemConfigService
01-01 00:01:05.854 1155 1676 D SystemServerInitThreadPool: Started executing StartNativeSensorService
01-01 00:01:05.854 1155 1155 D SystemServerTiming: StartSystemConfigService took to complete: 2ms
01-01 00:01:05.854 1155 1676 I SystemServerTimingAsync: StartNativeSensorService
01-01 00:01:05.854 1155 1155 I SystemServerTiming: StartBatteryService
01-01 00:01:05.855 1155 1155 I SystemServiceManager: Starting com.android.server.BatteryService
01-01 00:01:05.855 1155 1216 W ActivityTaskManager: Skip updateConfiguration because mWindowManager isn't set
01-01 00:01:05.877 0 0 W healthd : battery none chg=
01-01 00:01:05.879 1155 1155 I HealthServiceWrapper: health: HealthServiceWrapper listening to instance default
01-01 00:01:05.879 1155 1155 I BatteryService: health: Waited 0ms and received the update.
01-01 00:01:05.880 1155 1155 D SystemServerTiming: StartBatteryService took to complete: 26ms
01-01 00:01:05.880 1155 1155 I SystemServerTiming: StartUsageService
01-01 00:01:05.880 1155 1155 I SystemServiceManager: Starting com.android.server.usage.UsageStatsService
01-01 00:01:05.882 1155 1676 D SystemServerTimingAsync: StartNativeSensorService took to complete: 28ms
01-01 00:01:05.882 1155 1676 D SystemServerInitThreadPool: Finished executing StartNativeSensorService
01-01 00:01:05.882 1155 1676 D SystemServerTimingAsync: InitThreadPoolExec:StartNativeSensorService took to complete: 28ms
01-01 00:01:05.901 1155 1155 D SystemServerTiming: StartUsageService took to complete: 20ms
01-01 00:01:05.901 1155 1155 I SystemServerTiming: StartWebViewUpdateService
01-01 00:01:05.901 1155 1155 I SystemServiceManager: Starting com.android.server.webkit.WebViewUpdateService
01-01 00:01:05.907 1155 1155 D SystemServerTiming: StartWebViewUpdateService took to complete: 7ms
01-01 00:01:05.907 1155 1155 I SystemServerTiming: StartCachedDeviceStateService
01-01 00:01:05.907 1155 1155 I SystemServiceManager: Starting com.android.server.CachedDeviceStateService
01-01 00:01:05.907 1155 1155 D SystemServerTiming: StartCachedDeviceStateService took to complete: 0ms
01-01 00:01:05.907 1155 1155 I SystemServerTiming: StartBinderCallsStatsService
01-01 00:01:05.907 1155 1155 I SystemServiceManager: Starting com.android.server.BinderCallsStatsService$LifeCycle
01-01 00:01:05.909 1155 1155 D SystemServerTiming: StartBinderCallsStatsService took to complete: 1ms
01-01 00:01:05.909 1155 1155 I SystemServerTiming: StartLooperStatsService
01-01 00:01:05.909 1155 1155 I SystemServiceManager: Starting com.android.server.LooperStatsService$Lifecycle
01-01 00:01:05.910 1155 1155 D SystemServerTiming: StartLooperStatsService took to complete: 2ms
01-01 00:01:05.910 1155 1155 I SystemServerTiming: StartRollbackManagerService
01-01 00:01:05.910 1155 1155 I SystemServiceManager: Starting com.android.server.rollback.RollbackManagerService
01-01 00:01:05.928 1155 1155 I PackageWatchdog: Syncing state, reason: added new observer
01-01 00:01:05.929 1155 1155 I PackageWatchdog: Not pruning observers, elapsed time: 0ms
01-01 00:01:05.930 1155 1155 I PackageWatchdog: Cancelling state sync, nothing to sync
01-01 00:01:05.930 1155 1227 I PackageWatchdog: Saving observer state to file
01-01 00:01:05.935 1155 1155 D SystemServerTiming: StartRollbackManagerService took to complete: 25ms
01-01 00:01:05.935 1155 1155 I SystemServerTiming: StartNativeTombstoneManagerService
01-01 00:01:05.935 1155 1155 I SystemServiceManager: Starting com.android.server.os.NativeTombstoneManagerService
01-01 00:01:05.941 1155 1155 D SystemServerTiming: StartNativeTombstoneManagerService took to complete: 6ms
01-01 00:01:05.942 1155 1155 I SystemServerTiming: StartBugreportManagerService
01-01 00:01:05.942 1155 1155 I SystemServiceManager: Starting com.android.server.os.BugreportManagerService
01-01 00:01:05.945 1155 1155 D SystemServerTiming: StartBugreportManagerService took to complete: 4ms
01-01 00:01:05.946 1155 1155 I SystemServerTiming: GpuService
01-01 00:01:05.946 1155 1155 I SystemServiceManager: Starting com.android.server.gpu.GpuService
01-01 00:01:05.946 1155 1155 D SystemServerTiming: GpuService took to complete: 1ms
01-01 00:01:05.946 1155 1155 D SystemServerTiming: startCoreServices took to complete: 95ms
01-01 00:01:05.946 1155 1155 I SystemServerTiming: startOtherServices
01-01 00:01:05.947 1155 1155 I SystemServerTiming: StartKeyAttestationApplicationIdProviderService
01-01 00:01:05.952 1155 1155 D SystemServerTiming: StartKeyAttestationApplicationIdProviderService took to complete: 5ms
01-01 00:01:05.952 1155 1155 I SystemServerTiming: StartKeyChainSystemService
01-01 00:01:05.953 1155 1155 I SystemServiceManager: Starting com.android.server.security.KeyChainSystemService
01-01 00:01:05.954 1155 1155 D SystemServerTiming: StartKeyChainSystemService took to complete: 0ms
01-01 00:01:05.955 1155 1155 I SystemServerTiming: StartSchedulingPolicyService
01-01 00:01:05.956 1155 1691 I SystemServerTimingAsync: InitThreadPoolExec:SecondaryZygotePreload
01-01 00:01:05.956 1155 1691 D SystemServerInitThreadPool: Started executing SecondaryZygotePreload
01-01 00:01:05.956 1155 1691 I SystemServer: SecondaryZygotePreload
01-01 00:01:05.957 1155 1691 I SystemServerTimingAsync: SecondaryZygotePreload
01-01 00:01:05.962 1155 1693 I SystemServerTimingAsync: InitThreadPoolExec:SchedulingPolicyService.
01-01 00:01:05.963 1155 1693 D SystemServerInitThreadPool: Started executing SchedulingPolicyService.
01-01 00:01:05.963 1155 1155 D SystemServerTiming: StartSchedulingPolicyService took to complete: 8ms
01-01 00:01:05.963 1155 1155 I SystemServerTiming: StartTelecomLoaderService
01-01 00:01:05.963 1155 1155 I SystemServiceManager: Starting com.android.server.telecom.TelecomLoaderService
01-01 00:01:05.964 1155 1155 D SystemServerTiming: StartTelecomLoaderService took to complete: 0ms
01-01 00:01:05.964 1155 1155 I SystemServerTiming: StartTelephonyRegistry
01-01 00:01:05.970 1155 1155 D SystemServerTiming: StartTelephonyRegistry took to complete: 6ms
01-01 00:01:05.971 1155 1155 I SystemServerTiming: StartEntropyMixer
01-01 00:01:05.987 1155 1155 I EntropyMixer: Writing entropy...
01-01 00:01:05.993 1155 1155 D SystemServerTiming: StartEntropyMixer took to complete: 22ms
01-01 00:01:05.994 1155 1155 I SystemServerTiming: StartAccountManagerService
01-01 00:01:05.994 1155 1155 I SystemServiceManager: Starting com.android.server.accounts.AccountManagerService$Lifecycle
01-01 00:01:06.013 1155 1155 D SystemServerTiming: StartAccountManagerService took to complete: 19ms
01-01 00:01:06.013 1155 1155 I SystemServerTiming: StartContentService
01-01 00:01:06.013 1155 1155 I SystemServiceManager: Starting com.android.server.content.ContentService$Lifecycle
01-01 00:01:06.014 1155 1155 D SystemServerTiming: StartContentService took to complete: 2ms
01-01 00:01:06.014 1155 1155 I SystemServerTiming: InstallSystemProviders
01-01 00:01:06.051 692 692 D ZygoteInitTiming_lazy: BeginPreload took to complete: 87ms
01-01 00:01:06.075 1155 1693 D SystemServerInitThreadPool: Finished executing SchedulingPolicyService.
01-01 00:01:06.075 1155 1693 D SystemServerTimingAsync: InitThreadPoolExec:SchedulingPolicyService. took to complete: 113ms
01-01 00:01:06.096 0 0 E MAIN_MGR: hvdcp_opti Version: 3:0:0
01-01 00:01:06.113 0 0 E MAIN_MGR: set keepcaps failed!
01-01 00:01:06.113 0 0 E CHG_POLICY_PATH: Failed to get IIO path for MAIN_PSY
01-01 00:01:06.131 1155 1155 W SettingsState: No settings state /data/system/users/0/settings_ssaid.xml
01-01 00:01:06.132 1155 1155 I SettingsState: directory info for directory/file /data/system/users/0/settings_ssaid.xml with stacktrace
01-01 00:01:06.132 1155 1155 I SettingsState: java.lang.Exception
01-01 00:01:06.132 1155 1155 I SettingsState: at com.android.providers.settings.SettingsState.logSettingsDirectoryInformation(SettingsState.java:877)
01-01 00:01:06.132 1155 1155 I SettingsState: at com.android.providers.settings.SettingsState.readStateSyncLocked(SettingsState.java:1008)
01-01 00:01:06.132 1155 1155 I SettingsState: at com.android.providers.settings.SettingsState.(SettingsState.java:283)
01-01 00:01:06.132 1155 1155 I SettingsState: at com.android.providers.settings.SettingsProvider$SettingsRegistry.ensureSettingsStateLocked(SettingsProvider.java:2883)
01-01 00:01:06.132 1155 1155 I SettingsState: at com.android.providers.settings.SettingsProvider$SettingsRegistry.ensureSettingsForUserLocked(SettingsProvider.java:2871)
01-01 00:01:06.132 1155 1155 I SettingsState: at com.android.providers.settings.SettingsProvider$SettingsRegistry.peekSettingsStateLocked(SettingsProvider.java:3191)
01-01 00:01:06.132 1155 1155 I SettingsState: at com.android.providers.settings.SettingsProvider$SettingsRegistry.getSettingsNamesLocked(SettingsProvider.java:2813)
01-01 00:01:06.132 1155 1155 I SettingsState: at com.android.providers.settings.SettingsProvider$SettingsRegistry.syncSsaidTableOnStartLocked(SettingsProvider.java:2796)
01-01 00:01:06.132 1155 1155 I SettingsState: at com.android.providers.settings.SettingsProvider$SettingsRegistry.access$100(SettingsProvider.java:2666)
01-01 00:01:06.132 1155 1155 I SettingsState: at com.android.providers.settings.SettingsProvider.onCreate(SettingsProvider.java:396)
01-01 00:01:06.132 1155 1155 I SettingsState: at android.content.ContentProvider.attachInfo(ContentProvider.java:2404)
01-01 00:01:06.132 1155 1155 I SettingsState: at android.content.ContentProvider.attachInfo(ContentProvider.java:2374)
01-01 00:01:06.132 1155 1155 I SettingsState: at android.app.ActivityThread.installProvider(ActivityThread.java:7463)
01-01 00:01:06.132 1155 1155 I SettingsState: at android.app.ActivityThread.installContentProviders(ActivityThread.java:6980)
01-01 00:01:06.132 1155 1155 I SettingsState: at android.app.ActivityThread.installSystemProviders(ActivityThread.java:7650)
01-01 00:01:06.132 1155 1155 I SettingsState: at com.android.server.am.ContentProviderHelper.installSystemProviders(ContentProviderHelper.java:1247)
01-01 00:01:06.132 1155 1155 I SettingsState: at com.android.server.SystemServer.startOtherServices(SystemServer.java:1439)
01-01 00:01:06.132 1155 1155 I SettingsState: at com.android.server.SystemServer.run(SystemServer.java:883)
01-01 00:01:06.132 1155 1155 I SettingsState: at com.android.server.SystemServer.main(SystemServer.java:614)
01-01 00:01:06.132 1155 1155 I SettingsState: at java.lang.reflect.Method.invoke(Native Method)
01-01 00:01:06.132 1155 1155 I SettingsState: at com.android.internal.os.RuntimeInit$MethodAndArgsCaller.run(RuntimeInit.java:548)
01-01 00:01:06.132 1155 1155 I SettingsState: at com.android.internal.os.ZygoteInit.main(ZygoteInit.java:987)
01-01 00:01:06.132 1155 1155 I SettingsState: ancestor directory /data/system/users/0 exists
01-01 00:01:06.132 1155 1155 I SettingsState: ancestor directory /data/system/users/0 permissions: r: true w: true x: true
01-01 00:01:06.132 1155 1155 I SettingsState: ancestor's parent directory /data/system/users permissions: r: true w: true x: true
01-01 00:01:06.153 1155 1231 D ActivityManager: Freezer enabled
01-01 00:01:06.154 1155 1231 D ActivityManager: freezer override set to false
01-01 00:01:06.162 1155 1155 D SystemServerTiming: InstallSystemProviders took to complete: 147ms
01-01 00:01:06.162 1155 1155 I SystemServerTiming: StartDropBoxManager
01-01 00:01:06.162 1155 1155 I SystemServiceManager: Starting com.android.server.DropBoxManagerService
01-01 00:01:06.163 1155 1155 D SystemServerTiming: StartDropBoxManager took to complete: 1ms
01-01 00:01:06.163 1155 1155 I SystemServerTiming: StartRoleManagerService
01-01 00:01:06.165 1155 1155 I SystemServiceManager: Starting com.android.role.RoleService
01-01 00:01:06.170 1155 1155 D SystemServerTiming: StartRoleManagerService took to complete: 6ms
01-01 00:01:06.171 1155 1155 I SystemServerTiming: StartVibratorManagerService
01-01 00:01:06.171 1155 1155 I SystemServiceManager: Starting com.android.server.vibrator.VibratorManagerService$Lifecycle
01-01 00:01:06.198 1155 1155 D SystemServerTiming: StartVibratorManagerService took to complete: 28ms
01-01 00:01:06.198 1155 1155 I SystemServerTiming: StartDynamicSystemService
01-01 00:01:06.199 1155 1155 D SystemServerTiming: StartDynamicSystemService took to complete: 1ms
01-01 00:01:06.199 1155 1155 I SystemServerTiming: StartConsumerIrService
01-01 00:01:06.202 1155 1155 D SystemServerTiming: StartConsumerIrService took to complete: 3ms
01-01 00:01:06.202 1155 1155 I SystemServerTiming: StartAlarmManagerService
01-01 00:01:06.203 1155 1155 I SystemServiceManager: Starting com.android.server.alarm.AlarmManagerService
01-01 00:01:06.230 1155 1155 I AlarmManager: Current time only 66230, advancing to build time 1661276578000
08-23 17:42:58.008 1155 1155 D SystemServerTiming: StartAlarmManagerService took to complete: 36ms
08-23 17:42:58.008 1155 1155 I SystemServerTiming: StartInputManagerService
08-23 17:42:58.009 1155 1155 I InputManager: Initializing input manager, mUseDevInputEventForAudioJack=true
08-23 17:42:58.026 1155 1155 D SystemServerTiming: StartInputManagerService took to complete: 18ms
08-23 17:42:58.026 1155 1155 I SystemServerTiming: DeviceStateManagerService
08-23 17:42:58.026 1155 1155 I SystemServiceManager: Starting com.android.server.devicestate.DeviceStateManagerService
08-23 17:42:58.031 1155 1155 D SystemServerTiming: DeviceStateManagerService took to complete: 4ms
08-23 17:42:58.031 1155 1155 I SystemServerTiming: StartCameraServiceProxy
08-23 17:42:58.031 1155 1155 I SystemServiceManager: Starting com.android.server.camera.CameraServiceProxy
08-23 17:42:58.034 1155 1155 D SystemServerTiming: StartCameraServiceProxy took to complete: 3ms
08-23 17:42:58.034 1155 1155 I SystemServerTiming: StartWindowManagerService
08-23 17:42:58.034 1155 1155 I SystemServiceManager: Starting phase 200
08-23 17:42:58.034 1155 1155 I SystemServerTiming: OnBootPhase_200
08-23 17:42:58.034 1155 1155 I SystemServerTiming: OnBootPhase_200_com.android.server.security.FileIntegrityService
08-23 17:42:58.034 1155 1155 D SystemServerTiming: OnBootPhase_200_com.android.server.security.FileIntegrityService took to complete: 0ms
08-23 17:42:58.034 1155 1155 I SystemServerTiming: OnBootPhase_200_com.android.server.pm.Installer
08-23 17:42:58.034 1155 1155 D SystemServerTiming: OnBootPhase_200_com.android.server.pm.Installer took to complete: 0ms
08-23 17:42:58.034 1155 1155 I SystemServerTiming: OnBootPhase_200_com.android.server.os.DeviceIdentifiersPolicyService
08-23 17:42:58.034 1155 1155 D SystemServerTiming: OnBootPhase_200_com.android.server.os.DeviceIdentifiersPolicyService took to complete: 0ms
08-23 17:42:58.034 1155 1155 I SystemServerTiming: OnBootPhase_200_com.android.server.uri.UriGrantsManagerService$Lifecycle
08-23 17:42:58.034 1155 1155 D SystemServerTiming: OnBootPhase_200_com.android.server.uri.UriGrantsManagerService$Lifecycle took to complete: 0ms
08-23 17:42:58.035 1155 1155 I SystemServerTiming: OnBootPhase_200_com.android.server.powerstats.PowerStatsService
08-23 17:42:58.035 1155 1155 D SystemServerTiming: OnBootPhase_200_com.android.server.powerstats.PowerStatsService took to complete: 0ms
08-23 17:42:58.035 1155 1155 I SystemServerTiming: OnBootPhase_200_com.android.server.wm.ActivityTaskManagerService$Lifecycle
08-23 17:42:58.035 1155 1155 D SystemServerTiming: OnBootPhase_200_com.android.server.wm.ActivityTaskManagerService$Lifecycle took to complete: 0ms
08-23 17:42:58.035 1155 1155 I SystemServerTiming: OnBootPhase_200_com.android.server.am.ActivityManagerService$Lifecycle
08-23 17:42:58.035 1155 1155 D SystemServerTiming: OnBootPhase_200_com.android.server.am.ActivityManagerService$Lifecycle took to complete: 0ms
08-23 17:42:58.035 1155 1155 I SystemServerTiming: OnBootPhase_200_com.android.server.pm.DataLoaderManagerService
08-23 17:42:58.035 1155 1155 D SystemServerTiming: OnBootPhase_200_com.android.server.pm.DataLoaderManagerService took to complete: 0ms
08-23 17:42:58.035 1155 1155 I SystemServerTiming: OnBootPhase_200_com.android.server.power.PowerManagerService
08-23 17:42:58.035 1155 1155 D SystemServerTiming: OnBootPhase_200_com.android.server.power.PowerManagerService took to complete: 0ms
08-23 17:42:58.035 1155 1155 I SystemServerTiming: OnBootPhase_200_com.android.server.power.ThermalManagerService
08-23 17:42:58.035 1155 1155 D SystemServerTiming: OnBootPhase_200_com.android.server.power.ThermalManagerService took to complete: 0ms
08-23 17:42:58.035 1155 1155 I SystemServerTiming: OnBootPhase_200_com.android.server.power.hint.HintManagerService
08-23 17:42:58.035 1155 1155 D SystemServerTiming: OnBootPhase_200_com.android.server.power.hint.HintManagerService took to complete: 0ms
08-23 17:42:58.036 1155 1155 I SystemServerTiming: OnBootPhase_200_com.android.server.recoverysystem.RecoverySystemService$Lifecycle
08-23 17:42:58.036 1155 1155 D SystemServerTiming: OnBootPhase_200_com.android.server.recoverysystem.RecoverySystemService$Lifecycle took to complete: 0ms
08-23 17:42:58.036 1155 1155 I SystemServerTiming: OnBootPhase_200_com.android.server.lights.LightsService
08-23 17:42:58.036 1155 1155 D SystemServerTiming: OnBootPhase_200_com.android.server.lights.LightsService took to complete: 0ms
08-23 17:42:58.036 1155 1155 I SystemServerTiming: OnBootPhase_200_com.android.server.display.DisplayManagerService
08-23 17:42:58.036 1155 1155 D SystemServerTiming: OnBootPhase_200_com.android.server.display.DisplayManagerService took to complete: 0ms
08-23 17:42:58.036 1155 1155 I SystemServerTiming: OnBootPhase_200_com.android.server.pm.verify.domain.DomainVerificationService
08-23 17:42:58.036 1155 1155 D SystemServerTiming: OnBootPhase_200_com.android.server.pm.verify.domain.DomainVerificationService took to complete: 0ms
08-23 17:42:58.036 1155 1155 I SystemServerTiming: OnBootPhase_200_com.android.server.pm.PackageInstallerService$Lifecycle
08-23 17:42:58.036 1155 1155 D SystemServerTiming: OnBootPhase_200_com.android.server.pm.PackageInstallerService$Lifecycle took to complete: 0ms
08-23 17:42:58.036 1155 1155 I SystemServerTiming: OnBootPhase_200_com.android.server.pm.UserManagerService$LifeCycle
08-23 17:42:58.036 1155 1155 D SystemServerTiming: OnBootPhase_200_com.android.server.pm.UserManagerService$LifeCycle took to complete: 0ms
08-23 17:42:58.036 1155 1155 I SystemServerTiming: OnBootPhase_200_com.android.server.om.OverlayManagerService
08-23 17:42:58.036 1155 1155 D SystemServerTiming: OnBootPhase_200_com.android.server.om.OverlayManagerService took to complete: 0ms
08-23 17:42:58.036 1155 1155 I SystemServerTiming: OnBootPhase_200_com.android.server.SensorPrivacyService
08-23 17:42:58.036 1155 1155 D SystemServerTiming: OnBootPhase_200_com.android.server.SensorPrivacyService took to complete: 0ms
08-23 17:42:58.036 1155 1155 I SystemServerTiming: OnBootPhase_200_com.android.server.sensors.SensorService
08-23 17:42:58.037 1155 1155 D SystemServerTiming: OnBootPhase_200_com.android.server.sensors.SensorService took to complete: 0ms
08-23 17:42:58.037 1155 1155 I SystemServerTiming: OnBootPhase_200_com.android.server.SystemConfigService
08-23 17:42:58.037 1155 1155 D SystemServerTiming: OnBootPhase_200_com.android.server.SystemConfigService took to complete: 0ms
08-23 17:42:58.037 1155 1155 I SystemServerTiming: OnBootPhase_200_com.android.server.BatteryService
08-23 17:42:58.037 1155 1155 D SystemServerTiming: OnBootPhase_200_com.android.server.BatteryService took to complete: 0ms
08-23 17:42:58.037 1155 1155 I SystemServerTiming: OnBootPhase_200_com.android.server.usage.UsageStatsService
08-23 17:42:58.037 1155 1155 D SystemServerTiming: OnBootPhase_200_com.android.server.usage.UsageStatsService took to complete: 0ms
08-23 17:42:58.037 1155 1155 I SystemServerTiming: OnBootPhase_200_com.android.server.webkit.WebViewUpdateService
08-23 17:42:58.037 1155 1155 D SystemServerTiming: OnBootPhase_200_com.android.server.webkit.WebViewUpdateService took to complete: 0ms
08-23 17:42:58.037 1155 1155 I SystemServerTiming: OnBootPhase_200_com.android.server.CachedDeviceStateService
08-23 17:42:58.037 1155 1155 D SystemServerTiming: OnBootPhase_200_com.android.server.CachedDeviceStateService took to complete: 0ms
08-23 17:42:58.037 1155 1155 I SystemServerTiming: OnBootPhase_200_com.android.server.BinderCallsStatsService$LifeCycle
08-23 17:42:58.037 1155 1155 D SystemServerTiming: OnBootPhase_200_com.android.server.BinderCallsStatsService$LifeCycle took to complete: 0ms
08-23 17:42:58.037 1155 1155 I SystemServerTiming: OnBootPhase_200_com.android.server.LooperStatsService$Lifecycle
08-23 17:42:58.037 1155 1155 D SystemServerTiming: OnBootPhase_200_com.android.server.LooperStatsService$Lifecycle took to complete: 0ms
08-23 17:42:58.038 1155 1155 I SystemServerTiming: OnBootPhase_200_com.android.server.rollback.RollbackManagerService
08-23 17:42:58.038 1155 1155 D SystemServerTiming: OnBootPhase_200_com.android.server.rollback.RollbackManagerService took to complete: 0ms
08-23 17:42:58.038 1155 1155 I SystemServerTiming: OnBootPhase_200_com.android.server.os.NativeTombstoneManagerService
08-23 17:42:58.038 1155 1155 D SystemServerTiming: OnBootPhase_200_com.android.server.os.NativeTombstoneManagerService took to complete: 0ms
08-23 17:42:58.038 1155 1155 I SystemServerTiming: OnBootPhase_200_com.android.server.os.BugreportManagerService
08-23 17:42:58.038 1155 1155 D SystemServerTiming: OnBootPhase_200_com.android.server.os.BugreportManagerService took to complete: 0ms
08-23 17:42:58.038 1155 1155 I SystemServerTiming: OnBootPhase_200_com.android.server.gpu.GpuService
08-23 17:42:58.038 1155 1155 D SystemServerTiming: OnBootPhase_200_com.android.server.gpu.GpuService took to complete: 0ms
08-23 17:42:58.038 1155 1155 I SystemServerTiming: OnBootPhase_200_com.android.server.security.KeyChainSystemService
08-23 17:42:58.038 1155 1155 D SystemServerTiming: OnBootPhase_200_com.android.server.security.KeyChainSystemService took to complete: 0ms
08-23 17:42:58.038 1155 1155 I SystemServerTiming: OnBootPhase_200_com.android.server.telecom.TelecomLoaderService
08-23 17:42:58.038 1155 1155 D SystemServerTiming: OnBootPhase_200_com.android.server.telecom.TelecomLoaderService took to complete: 0ms
08-23 17:42:58.039 1155 1155 I SystemServerTiming: OnBootPhase_200_com.android.server.accounts.AccountManagerService$Lifecycle
08-23 17:42:58.039 1155 1155 D SystemServerTiming: OnBootPhase_200_com.android.server.accounts.AccountManagerService$Lifecycle took to complete: 0ms
08-23 17:42:58.039 1155 1155 I SystemServerTiming: OnBootPhase_200_com.android.server.content.ContentService$Lifecycle
08-23 17:42:58.039 1155 1155 D SystemServerTiming: OnBootPhase_200_com.android.server.content.ContentService$Lifecycle took to complete: 0ms
08-23 17:42:58.039 1155 1155 I SystemServerTiming: OnBootPhase_200_com.android.server.DropBoxManagerService
08-23 17:42:58.039 1155 1155 D SystemServerTiming: OnBootPhase_200_com.android.server.DropBoxManagerService took to complete: 0ms
08-23 17:42:58.039 1155 1155 I SystemServerTiming: OnBootPhase_200_com.android.role.RoleService
08-23 17:42:58.040 1155 1155 D SystemServerTiming: OnBootPhase_200_com.android.role.RoleService took to complete: 0ms
08-23 17:42:58.041 1155 1155 I SystemServerTiming: OnBootPhase_200_com.android.server.vibrator.VibratorManagerService$Lifecycle
08-23 17:42:58.041 1155 1155 D SystemServerTiming: OnBootPhase_200_com.android.server.vibrator.VibratorManagerService$Lifecycle took to complete: 0ms
08-23 17:42:58.041 1155 1155 I SystemServerTiming: OnBootPhase_200_com.android.server.alarm.AlarmManagerService
08-23 17:42:58.041 1155 1155 D SystemServerTiming: OnBootPhase_200_com.android.server.alarm.AlarmManagerService took to complete: 0ms
08-23 17:42:58.041 1155 1155 I SystemServerTiming: OnBootPhase_200_com.android.server.devicestate.DeviceStateManagerService
08-23 17:42:58.041 1155 1155 D SystemServerTiming: OnBootPhase_200_com.android.server.devicestate.DeviceStateManagerService took to complete: 0ms
08-23 17:42:58.041 1155 1155 I SystemServerTiming: OnBootPhase_200_com.android.server.camera.CameraServiceProxy
08-23 17:42:58.041 1155 1155 D SystemServerTiming: OnBootPhase_200_com.android.server.camera.CameraServiceProxy took to complete: 0ms
08-23 17:42:58.041 1155 1155 D SystemServerTiming: OnBootPhase_200 took to complete: 7ms
08-23 17:42:58.043 1155 1155 I WindowManager: No existing display settings, starting empty
08-23 17:42:58.043 1155 1155 I WindowManager: No existing display settings, starting empty
08-23 17:42:58.067 1155 1155 D SystemServerTiming: StartWindowManagerService took to complete: 34ms
08-23 17:42:58.067 1155 1155 I SystemServerTiming: SetWindowManagerService
08-23 17:42:58.128 1155 1155 I ActivityTaskManager: Loaded persisted task ids for user 0
08-23 17:42:58.131 1155 1155 D SystemServerTiming: SetWindowManagerService took to complete: 64ms
08-23 17:42:58.131 1155 1155 I SystemServerTiming: WindowManagerServiceOnInitReady
08-23 17:42:58.147 1155 1155 D SystemServerTiming: WindowManagerServiceOnInitReady took to complete: 16ms
08-23 17:42:58.149 1155 1155 I SystemServerTiming: StartInputManager
08-23 17:42:58.149 1155 1155 I InputManager: Starting input manager
