08-23 17:42:59.772 1155 1155 I SystemServerTiming: OnBootPhase_550_com.android.server.trust.TrustManagerService
08-23 17:42:59.772 1155 1155 D SystemServerTiming: OnBootPhase_550_com.android.server.trust.TrustManagerService took to complete: 0ms
08-23 17:42:59.772 1155 1155 I SystemServerTiming: OnBootPhase_550_com.android.server.backup.BackupManagerService$Lifecycle
08-23 17:42:59.772 1155 1155 D SystemServerTiming: OnBootPhase_550_com.android.server.backup.BackupManagerService$Lifecycle took to complete: 0ms
08-23 17:42:59.773 1155 1155 I SystemServerTiming: OnBootPhase_550_com.android.server.appwidget.AppWidgetService
08-23 17:42:59.773 1155 1155 D SystemServerTiming: OnBootPhase_550_com.android.server.appwidget.AppWidgetService took to complete: 0ms
08-23 17:42:59.773 1155 1155 I SystemServerTiming: OnBootPhase_550_com.android.server.voiceinteraction.VoiceInteractionManagerService
08-23 17:42:59.773 1155 1155 D SystemServerTiming: OnBootPhase_550_com.android.server.voiceinteraction.VoiceInteractionManagerService took to complete: 0ms
08-23 17:42:59.773 1155 1155 I SystemServerTiming: OnBootPhase_550_com.android.server.apphibernation.AppHibernationService
08-23 17:42:59.773 1155 1155 D SystemServerTiming: OnBootPhase_550_com.android.server.apphibernation.AppHibernationService took to complete: 0ms
08-23 17:42:59.773 1155 1155 I SystemServerTiming: OnBootPhase_550_com.android.server.GestureLauncherService
08-23 17:42:59.773 1155 1155 D SystemServerTiming: OnBootPhase_550_com.android.server.GestureLauncherService took to complete: 0ms
08-23 17:42:59.773 1155 1155 I SystemServerTiming: OnBootPhase_550_com.android.server.SensorNotificationService
08-23 17:42:59.773 1155 1155 D SystemServerTiming: OnBootPhase_550_com.android.server.SensorNotificationService took to complete: 0ms
08-23 17:42:59.773 1155 1155 I SystemServerTiming: OnBootPhase_550_com.android.server.emergency.EmergencyAffordanceService
08-23 17:42:59.773 1155 1155 D SystemServerTiming: OnBootPhase_550_com.android.server.emergency.EmergencyAffordanceService took to complete: 0ms
08-23 17:42:59.773 1155 1155 I SystemServerTiming: OnBootPhase_550_com.android.server.blob.BlobStoreManagerService
08-23 17:42:59.774 1155 1155 D SystemServerTiming: OnBootPhase_550_com.android.server.blob.BlobStoreManagerService took to complete: 0ms
08-23 17:42:59.774 1155 1155 I SystemServerTiming: OnBootPhase_550_com.android.server.dreams.DreamManagerService
08-23 17:42:59.774 1155 1155 D SystemServerTiming: OnBootPhase_550_com.android.server.dreams.DreamManagerService took to complete: 0ms
08-23 17:42:59.774 1155 1155 I SystemServerTiming: OnBootPhase_550_com.android.server.companion.CompanionDeviceManagerService
08-23 17:42:59.774 1155 1155 D SystemServerTiming: OnBootPhase_550_com.android.server.companion.CompanionDeviceManagerService took to complete: 0ms
08-23 17:42:59.774 1155 1155 I SystemServerTiming: OnBootPhase_550_com.android.server.restrictions.RestrictionsManagerService
08-23 17:42:59.774 1155 1155 D SystemServerTiming: OnBootPhase_550_com.android.server.restrictions.RestrictionsManagerService took to complete: 0ms
08-23 17:42:59.774 1155 1155 I SystemServerTiming: OnBootPhase_550_com.android.server.media.MediaSessionService
08-23 17:42:59.774 1155 1691 D SystemServerInitThreadPool: Finished executing UsbService$Lifecycle#onBootPhase
08-23 17:42:59.774 1155 1691 D SystemServerTimingAsync: InitThreadPoolExec:UsbService$Lifecycle#onBootPhase took to complete: 3ms
08-23 17:42:59.774 1155 1155 D SystemServerTiming: OnBootPhase_550_com.android.server.media.MediaSessionService took to complete: 1ms
08-23 17:42:59.774 1155 1155 I SystemServerTiming: OnBootPhase_550_com.android.server.media.MediaResourceMonitorService
08-23 17:42:59.774 1155 1155 D SystemServerTiming: OnBootPhase_550_com.android.server.media.MediaResourceMonitorService took to complete: 0ms
08-23 17:42:59.774 1155 1155 I SystemServerTiming: OnBootPhase_550_com.android.server.biometrics.sensors.fingerprint.FingerprintService
08-23 17:42:59.775 1155 1155 D SystemServerTiming: OnBootPhase_550_com.android.server.biometrics.sensors.fingerprint.FingerprintService took to complete: 0ms
08-23 17:42:59.775 1155 1155 I SystemServerTiming: OnBootPhase_550_com.android.server.biometrics.BiometricService
08-23 17:42:59.775 1155 1729 I UsbPortManager: ClientCallback V1_2:
08-23 17:42:59.775 1155 1155 D SystemServerTiming: OnBootPhase_550_com.android.server.biometrics.BiometricService took to complete: 0ms
08-23 17:42:59.775 1155 1155 I SystemServerTiming: OnBootPhase_550_com.android.server.biometrics.AuthService
08-23 17:42:59.775 1155 1216 I UsbPortManager: USB port added: port=UsbPort{id=, supportedModes=nonesupportedContaminantProtectionModes=0supportsEnableContaminantPresenceProtection=falsesupportsEnableContaminantPresenceDetection=false, status=UsbPortStatus{connected=false, currentMode=none, currentPowerRole=no-power, currentDataRole=no-data, supportedRoleCombinations=[no-power:no-data], contaminantDetectionStatus=0, contaminantProtectionStatus=0}, canChangeMode=false, canChangePowerRole=false, canChangeDataRole=false, connectedAtMillis=0, lastConnectDurationMillis=0
08-23 17:42:59.776 1155 1155 D SystemServerTiming: OnBootPhase_550_com.android.server.biometrics.AuthService took to complete: 0ms
08-23 17:42:59.776 1155 1155 I SystemServerTiming: OnBootPhase_550_com.android.server.pm.ShortcutService$Lifecycle
08-23 17:42:59.776 1155 1155 D SystemServerTiming: OnBootPhase_550_com.android.server.pm.ShortcutService$Lifecycle took to complete: 0ms
08-23 17:42:59.776 1155 1155 I SystemServerTiming: OnBootPhase_550_com.android.server.pm.LauncherAppsService
08-23 17:42:59.776 1155 1155 D SystemServerTiming: OnBootPhase_550_com.android.server.pm.LauncherAppsService took to complete: 0ms
08-23 17:42:59.776 1155 1155 I SystemServerTiming: OnBootPhase_550_com.android.server.pm.CrossProfileAppsService
08-23 17:42:59.776 1155 1155 D SystemServerTiming: OnBootPhase_550_com.android.server.pm.CrossProfileAppsService took to complete: 0ms
08-23 17:42:59.776 1155 1155 I SystemServerTiming: OnBootPhase_550_com.android.server.people.PeopleService
08-23 17:42:59.776 1155 1155 D SystemServerTiming: OnBootPhase_550_com.android.server.people.PeopleService took to complete: 0ms
08-23 17:42:59.776 1155 1155 I SystemServerTiming: OnBootPhase_550_com.android.server.media.metrics.MediaMetricsManagerService
08-23 17:42:59.776 1155 1155 D SystemServerTiming: OnBootPhase_550_com.android.server.media.metrics.MediaMetricsManagerService took to complete: 0ms
08-23 17:42:59.776 1155 1155 I SystemServerTiming: OnBootPhase_550_com.android.server.media.projection.MediaProjectionManagerService
08-23 17:42:59.777 1155 1155 D SystemServerTiming: OnBootPhase_550_com.android.server.media.projection.MediaProjectionManagerService took to complete: 0ms
08-23 17:42:59.777 1155 1155 I SystemServerTiming: OnBootPhase_550_com.android.server.slice.SliceManagerService$Lifecycle
08-23 17:42:59.777 1155 1155 D SystemServerTiming: OnBootPhase_550_com.android.server.slice.SliceManagerService$Lifecycle took to complete: 0ms
08-23 17:42:59.777 1155 1155 I SystemServerTiming: OnBootPhase_550_com.android.server.stats.StatsCompanion$Lifecycle
08-23 17:42:59.777 1155 1155 D SystemServerTiming: OnBootPhase_550_com.android.server.stats.StatsCompanion$Lifecycle took to complete: 0ms
08-23 17:42:59.777 1155 1155 I SystemServerTiming: OnBootPhase_550_com.android.server.scheduling.RebootReadinessManagerService$Lifecycle
08-23 17:42:59.777 1155 1155 D SystemServerTiming: OnBootPhase_550_com.android.server.scheduling.RebootReadinessManagerService$Lifecycle took to complete: 0ms
08-23 17:42:59.777 1155 1155 I SystemServerTiming: OnBootPhase_550_com.android.server.stats.pull.StatsPullAtomService
08-23 17:42:59.777 1155 1155 D SystemServerTiming: OnBootPhase_550_com.android.server.stats.pull.StatsPullAtomService took to complete: 0ms
08-23 17:42:59.777 1155 1155 I SystemServerTiming: OnBootPhase_550_com.android.server.incident.IncidentCompanionService
08-23 17:42:59.777 1155 1155 D SystemServerTiming: OnBootPhase_550_com.android.server.incident.IncidentCompanionService took to complete: 0ms
08-23 17:42:59.777 1155 1155 I SystemServerTiming: OnBootPhase_550_com.android.server.MmsServiceBroker
08-23 17:42:59.778 1155 1155 D SystemServerTiming: OnBootPhase_550_com.android.server.MmsServiceBroker took to complete: 0ms
08-23 17:42:59.778 1155 1155 I SystemServerTiming: OnBootPhase_550_com.android.server.autofill.AutofillManagerService
08-23 17:42:59.778 1155 1155 D SystemServerTiming: OnBootPhase_550_com.android.server.autofill.AutofillManagerService took to complete: 0ms
08-23 17:42:59.778 1155 1155 I SystemServerTiming: OnBootPhase_550_com.android.server.clipboard.ClipboardService
08-23 17:42:59.778 1155 1155 D SystemServerTiming: OnBootPhase_550_com.android.server.clipboard.ClipboardService took to complete: 0ms
08-23 17:42:59.778 1155 1155 I SystemServerTiming: OnBootPhase_550_com.android.server.appbinding.AppBindingService$Lifecycle
08-23 17:42:59.778 1155 1155 I AppBindingService: Updating constants with: null
08-23 17:42:59.778 1155 1155 D SystemServerTiming: OnBootPhase_550_com.android.server.appbinding.AppBindingService$Lifecycle took to complete: 1ms
08-23 17:42:59.778 1155 1155 I SystemServerTiming: OnBootPhase_550_com.android.server.tracing.TracingServiceProxy
08-23 17:42:59.778 1155 1155 D SystemServerTiming: OnBootPhase_550_com.android.server.tracing.TracingServiceProxy took to complete: 0ms
08-23 17:42:59.778 1155 1155 I SystemServerTiming: OnBootPhase_550_com.android.server.policy.PermissionPolicyService
08-23 17:42:59.826 1155 1232 W ActivityManager: Slow operation: 65ms so far, now at startProcess: done updating battery stats
08-23 17:42:59.827 1155 1232 W ActivityManager: Slow operation: 66ms so far, now at startProcess: building log message
08-23 17:42:59.827 1155 1232 I ActivityManager: Start proc 1885:com.android.systemui/u0a88 for service {com.android.systemui/com.android.systemui.ImageWallpaper}
08-23 17:42:59.827 1155 1232 W ActivityManager: Slow operation: 67ms so far, now at startProcess: starting to update pids map
08-23 17:42:59.828 1155 1232 W ActivityManager: Slow operation: 67ms so far, now at startProcess: done updating pids map
08-23 17:42:59.828 1155 1155 I PackageManager: Permission ownership changed. Updating all permissions.
01-01 00:01:08.075 0 0 I binder : 1881:1881 ioctl 40046210 7fd97147c4 returned -22
08-23 17:42:59.845 1155 1155 W SystemServiceManager: Service com.android.server.policy.PermissionPolicyService took 67 ms in onBootPhase
08-23 17:42:59.845 1155 1155 D SystemServerTiming: OnBootPhase_550_com.android.server.policy.PermissionPolicyService took to complete: 67ms
08-23 17:42:59.845 1155 1155 I SystemServerTiming: OnBootPhase_550_com.android.server.pm.StagingManager$Lifecycle
08-23 17:42:59.845 1155 1155 D SystemServerTiming: OnBootPhase_550_com.android.server.pm.StagingManager$Lifecycle took to complete: 0ms
08-23 17:42:59.845 1155 1155 I SystemServerTiming: OnBootPhase_550_com.android.server.app.GameManagerService$Lifecycle
08-23 17:42:59.845 1155 1155 D SystemServerTiming: OnBootPhase_550_com.android.server.app.GameManagerService$Lifecycle took to complete: 0ms
08-23 17:42:59.846 1155 1155 I SystemServerTiming: OnBootPhase_550_com.android.server.appsearch.AppSearchManagerService
08-23 17:42:59.846 1155 1155 D SystemServerTiming: OnBootPhase_550_com.android.server.appsearch.AppSearchManagerService took to complete: 0ms
08-23 17:42:59.846 1155 1155 I SystemServerTiming: OnBootPhase_550_com.android.server.media.MediaCommunicationService
08-23 17:42:59.846 1155 1155 D SystemServerTiming: OnBootPhase_550_com.android.server.media.MediaCommunicationService took to complete: 0ms
08-23 17:42:59.846 1155 1155 D SystemServerTiming: OnBootPhase_550 took to complete: 171ms
08-23 17:42:59.846 1155 1155 D SystemServerTiming: StartActivityManagerReadyPhase took to complete: 171ms
08-23 17:42:59.846 1155 1155 I SystemServerTiming: StartObservingNativeCrashes
08-23 17:42:59.847 1155 1855 D CompatibilityChangeReporter: Compat change id reported: 168419799; UID 1002; state: DISABLED
08-23 17:42:59.852 1155 1155 D SystemServerTiming: StartObservingNativeCrashes took to complete: 7ms
08-23 17:42:59.853 1155 1155 I SystemServerTiming: RegisterAppOpsPolicy
08-23 17:42:59.867 1155 1155 D SystemServerTiming: RegisterAppOpsPolicy took to complete: 15ms
08-23 17:42:59.868 1155 1693 I SystemServerTimingAsync: InitThreadPoolExec:WebViewFactoryPreparation
08-23 17:42:59.868 1155 1693 D SystemServerInitThreadPool: Started executing WebViewFactoryPreparation
08-23 17:42:59.869 1155 1693 I SystemServer: WebViewFactoryPreparation
08-23 17:42:59.869 1155 1693 I SystemServerTimingAsync: WebViewFactoryPreparation
08-23 17:42:59.871 1155 1155 I SystemServerTiming: MakeNetworkManagementServiceReady
08-23 17:42:59.873 1155 1693 D CompatibilityChangeReporter: Compat change id reported: 135634846; UID 1000; state: DISABLED
08-23 17:42:59.875 1155 1693 D CompatibilityChangeReporter: Compat change id reported: 177438394; UID 1000; state: DISABLED
08-23 17:42:59.875 1155 1693 D CompatibilityChangeReporter: Compat change id reported: 135772972; UID 1000; state: DISABLED
08-23 17:42:59.875 1155 1693 D CompatibilityChangeReporter: Compat change id reported: 178038272; UID 1000; state: DISABLED
08-23 17:42:59.876 1155 1693 D SystemServerTimingAsync: WebViewFactoryPreparation took to complete: 8ms
08-23 17:42:59.877 1155 1693 D SystemServerInitThreadPool: Finished executing WebViewFactoryPreparation
08-23 17:42:59.877 1155 1693 D SystemServerTimingAsync: InitThreadPoolExec:WebViewFactoryPreparation took to complete: 8ms
08-23 17:42:59.881 1155 1155 D SystemServerTiming: MakeNetworkManagementServiceReady took to complete: 9ms
08-23 17:42:59.881 1155 1155 I SystemServerTiming: MakeIpSecServiceReady
08-23 17:42:59.883 1155 1155 D IpSecService: IpSecService is ready
08-23 17:42:59.883 1155 1155 D SystemServerTiming: MakeIpSecServiceReady took to complete: 2ms
08-23 17:42:59.883 1155 1155 I SystemServerTiming: MakeNetworkStatsServiceReady
08-23 17:42:59.893 1155 1793 W NetworkPolicy: setRestrictBackgroundUL: already false
01-01 00:01:08.146 0 0 I binder : 1885:1885 ioctl 40046210 7fd97147c4 returned -22
08-23 17:42:59.918 1155 1155 D SystemServerTiming: MakeNetworkStatsServiceReady took to complete: 34ms
08-23 17:42:59.918 1155 1155 I SystemServerTiming: MakeConnectivityServiceReady
08-23 17:42:59.934 1155 1855 D CompatibilityChangeReporter: Compat change id reported: 168419799; UID 10088; state: DISABLED
08-23 17:42:59.945 1155 1155 D SystemServerTiming: MakeConnectivityServiceReady took to complete: 28ms
08-23 17:42:59.947 1155 1155 I SystemServerTiming: MakeVpnManagerServiceReady
08-23 17:42:59.959 1155 1155 D SystemServerTiming: MakeVpnManagerServiceReady took to complete: 12ms
08-23 17:42:59.960 1155 1155 I SystemServerTiming: MakeVcnManagementServiceReady
08-23 17:42:59.964 1155 1155 D SystemServerTiming: MakeVcnManagementServiceReady took to complete: 5ms
08-23 17:42:59.964 1155 1155 I SystemServerTiming: MakeNetworkPolicyServiceReady
08-23 17:42:59.965 1155 1155 D SystemServerTiming: MakeNetworkPolicyServiceReady took to complete: 0ms
08-23 17:42:59.965 1155 1155 I SystemServerTiming: PhaseThirdPartyAppsCanStart
08-23 17:42:59.965 1155 1155 I SystemServiceManager: Starting phase 600
08-23 17:42:59.965 1155 1155 I SystemServerTiming: OnBootPhase_600
08-23 17:42:59.965 1155 1155 I SystemServerTiming: OnBootPhase_600_com.android.server.security.FileIntegrityService
08-23 17:42:59.965 1155 1155 D SystemServerTiming: OnBootPhase_600_com.android.server.security.FileIntegrityService took to complete: 0ms
08-23 17:42:59.965 1155 1155 I SystemServerTiming: OnBootPhase_600_com.android.server.pm.Installer
08-23 17:42:59.965 1155 1155 D SystemServerTiming: OnBootPhase_600_com.android.server.pm.Installer took to complete: 0ms
08-23 17:42:59.965 1155 1155 I SystemServerTiming: OnBootPhase_600_com.android.server.os.DeviceIdentifiersPolicyService
08-23 17:42:59.965 1155 1155 D SystemServerTiming: OnBootPhase_600_com.android.server.os.DeviceIdentifiersPolicyService took to complete: 0ms
08-23 17:42:59.966 1155 1155 I SystemServerTiming: OnBootPhase_600_com.android.server.uri.UriGrantsManagerService$Lifecycle
08-23 17:42:59.966 1155 1155 D SystemServerTiming: OnBootPhase_600_com.android.server.uri.UriGrantsManagerService$Lifecycle took to complete: 0ms
08-23 17:42:59.966 1155 1155 I SystemServerTiming: OnBootPhase_600_com.android.server.powerstats.PowerStatsService
08-23 17:42:59.966 1155 1155 D SystemServerTiming: OnBootPhase_600_com.android.server.powerstats.PowerStatsService took to complete: 0ms
08-23 17:42:59.966 1155 1155 I SystemServerTiming: OnBootPhase_600_com.android.server.wm.ActivityTaskManagerService$Lifecycle
08-23 17:42:59.966 1155 1155 D SystemServerTiming: OnBootPhase_600_com.android.server.wm.ActivityTaskManagerService$Lifecycle took to complete: 0ms
08-23 17:42:59.966 1155 1155 I SystemServerTiming: OnBootPhase_600_com.android.server.am.ActivityManagerService$Lifecycle
08-23 17:42:59.966 1155 1155 I ExplicitHealthCheckController: Explicit health checks enabled.
08-23 17:42:59.967 1155 1155 I PackageWatchdog: Syncing state, reason: health check state enabled
08-23 17:42:59.967 1155 1155 I PackageWatchdog: Not pruning observers, elapsed time: 0ms
08-23 17:42:59.967 1155 1155 I PackageWatchdog: Cancelling state sync, nothing to sync
08-23 17:42:59.967 1155 1155 D SystemServerTiming: OnBootPhase_600_com.android.server.am.ActivityManagerService$Lifecycle took to complete: 0ms
08-23 17:42:59.967 1155 1155 I SystemServerTiming: OnBootPhase_600_com.android.server.pm.DataLoaderManagerService
08-23 17:42:59.967 1155 1227 I PackageWatchdog: Saving observer state to file
08-23 17:42:59.967 1155 1155 D SystemServerTiming: OnBootPhase_600_com.android.server.pm.DataLoaderManagerService took to complete: 0ms
08-23 17:42:59.967 1155 1155 I SystemServerTiming: OnBootPhase_600_com.android.server.power.PowerManagerService
08-23 17:42:59.967 1155 1155 D SystemServerTiming: OnBootPhase_600_com.android.server.power.PowerManagerService took to complete: 0ms
08-23 17:42:59.967 1155 1155 I SystemServerTiming: OnBootPhase_600_com.android.server.power.ThermalManagerService
08-23 17:42:59.968 1155 1155 D SystemServerTiming: OnBootPhase_600_com.android.server.power.ThermalManagerService took to complete: 0ms
08-23 17:42:59.968 1155 1155 I SystemServerTiming: OnBootPhase_600_com.android.server.power.hint.HintManagerService
08-23 17:42:59.968 1155 1155 D SystemServerTiming: OnBootPhase_600_com.android.server.power.hint.HintManagerService took to complete: 0ms
08-23 17:42:59.968 1155 1155 I SystemServerTiming: OnBootPhase_600_com.android.server.recoverysystem.RecoverySystemService$Lifecycle
08-23 17:42:59.968 1155 1155 D SystemServerTiming: OnBootPhase_600_com.android.server.recoverysystem.RecoverySystemService$Lifecycle took to complete: 0ms
08-23 17:42:59.968 1155 1155 I SystemServerTiming: OnBootPhase_600_com.android.server.lights.LightsService
08-23 17:42:59.968 1155 1155 D SystemServerTiming: OnBootPhase_600_com.android.server.lights.LightsService took to complete: 0ms
08-23 17:42:59.968 1155 1155 I SystemServerTiming: OnBootPhase_600_com.android.server.display.DisplayManagerService
08-23 17:42:59.968 1155 1155 D SystemServerTiming: OnBootPhase_600_com.android.server.display.DisplayManagerService took to complete: 0ms
08-23 17:42:59.968 1155 1155 I SystemServerTiming: OnBootPhase_600_com.android.server.pm.verify.domain.DomainVerificationService
08-23 17:42:59.968 1155 1155 D SystemServerTiming: OnBootPhase_600_com.android.server.pm.verify.domain.DomainVerificationService took to complete: 0ms
08-23 17:42:59.968 1155 1155 I SystemServerTiming: OnBootPhase_600_com.android.server.pm.PackageInstallerService$Lifecycle
08-23 17:42:59.968 1155 1155 D SystemServerTiming: OnBootPhase_600_com.android.server.pm.PackageInstallerService$Lifecycle took to complete: 0ms
08-23 17:42:59.968 1155 1155 I SystemServerTiming: OnBootPhase_600_com.android.server.pm.UserManagerService$LifeCycle
08-23 17:42:59.972 1155 1155 D SystemServerTiming: OnBootPhase_600_com.android.server.pm.UserManagerService$LifeCycle took to complete: 0ms
08-23 17:42:59.972 1155 1155 I SystemServerTiming: OnBootPhase_600_com.android.server.om.OverlayManagerService
08-23 17:42:59.972 1155 1155 D SystemServerTiming: OnBootPhase_600_com.android.server.om.OverlayManagerService took to complete: 0ms
08-23 17:42:59.972 1155 1155 I SystemServerTiming: OnBootPhase_600_com.android.server.SensorPrivacyService
08-23 17:42:59.972 1155 1155 D SystemServerTiming: OnBootPhase_600_com.android.server.SensorPrivacyService took to complete: 0ms
08-23 17:42:59.972 1155 1155 I SystemServerTiming: OnBootPhase_600_com.android.server.sensors.SensorService
08-23 17:42:59.972 1155 1155 D SystemServerTiming: OnBootPhase_600_com.android.server.sensors.SensorService took to complete: 0ms
08-23 17:42:59.972 1155 1155 I SystemServerTiming: OnBootPhase_600_com.android.server.SystemConfigService
08-23 17:42:59.972 1155 1155 D SystemServerTiming: OnBootPhase_600_com.android.server.SystemConfigService took to complete: 0ms
08-23 17:42:59.972 1155 1155 I SystemServerTiming: OnBootPhase_600_com.android.server.BatteryService
08-23 17:42:59.972 1155 1155 D SystemServerTiming: OnBootPhase_600_com.android.server.BatteryService took to complete: 0ms
08-23 17:42:59.972 1155 1155 I SystemServerTiming: OnBootPhase_600_com.android.server.usage.UsageStatsService
08-23 17:42:59.972 1155 1155 D SystemServerTiming: OnBootPhase_600_com.android.server.usage.UsageStatsService took to complete: 0ms
08-23 17:42:59.972 1155 1155 I SystemServerTiming: OnBootPhase_600_com.android.server.webkit.WebViewUpdateService
08-23 17:42:59.973 1155 1155 D SystemServerTiming: OnBootPhase_600_com.android.server.webkit.WebViewUpdateService took to complete: 0ms
08-23 17:42:59.973 1155 1155 I SystemServerTiming: OnBootPhase_600_com.android.server.CachedDeviceStateService
08-23 17:42:59.973 1155 1155 D SystemServerTiming: OnBootPhase_600_com.android.server.CachedDeviceStateService took to complete: 0ms
08-23 17:42:59.973 1155 1155 I SystemServerTiming: OnBootPhase_600_com.android.server.BinderCallsStatsService$LifeCycle
08-23 17:42:59.973 1155 1155 D SystemServerTiming: OnBootPhase_600_com.android.server.BinderCallsStatsService$LifeCycle took to complete: 0ms
08-23 17:42:59.973 1155 1155 I SystemServerTiming: OnBootPhase_600_com.android.server.LooperStatsService$Lifecycle
08-23 17:42:59.973 1155 1155 D SystemServerTiming: OnBootPhase_600_com.android.server.LooperStatsService$Lifecycle took to complete: 0ms
08-23 17:42:59.973 1155 1155 I SystemServerTiming: OnBootPhase_600_com.android.server.rollback.RollbackManagerService
08-23 17:42:59.973 1155 1155 D SystemServerTiming: OnBootPhase_600_com.android.server.rollback.RollbackManagerService took to complete: 0ms
08-23 17:42:59.973 1155 1155 I SystemServerTiming: OnBootPhase_600_com.android.server.os.NativeTombstoneManagerService
08-23 17:42:59.973 1155 1155 D SystemServerTiming: OnBootPhase_600_com.android.server.os.NativeTombstoneManagerService took to complete: 0ms
08-23 17:42:59.973 1155 1155 I SystemServerTiming: OnBootPhase_600_com.android.server.os.BugreportManagerService
08-23 17:42:59.973 1155 1155 D SystemServerTiming: OnBootPhase_600_com.android.server.os.BugreportManagerService took to complete: 0ms
08-23 17:42:59.973 1155 1155 I SystemServerTiming: OnBootPhase_600_com.android.server.gpu.GpuService
08-23 17:42:59.973 1155 1155 D SystemServerTiming: OnBootPhase_600_com.android.server.gpu.GpuService took to complete: 0ms
08-23 17:42:59.973 1155 1155 I SystemServerTiming: OnBootPhase_600_com.android.server.security.KeyChainSystemService
08-23 17:42:59.973 1155 1155 D SystemServerTiming: OnBootPhase_600_com.android.server.security.KeyChainSystemService took to complete: 0ms
08-23 17:42:59.973 1155 1155 I SystemServerTiming: OnBootPhase_600_com.android.server.telecom.TelecomLoaderService
08-23 17:42:59.974 1155 1155 D SystemServerTiming: OnBootPhase_600_com.android.server.telecom.TelecomLoaderService took to complete: 0ms
08-23 17:42:59.974 1155 1155 I SystemServerTiming: OnBootPhase_600_com.android.server.accounts.AccountManagerService$Lifecycle
08-23 17:42:59.974 1155 1155 D SystemServerTiming: OnBootPhase_600_com.android.server.accounts.AccountManagerService$Lifecycle took to complete: 0ms
08-23 17:42:59.974 1155 1155 I SystemServerTiming: OnBootPhase_600_com.android.server.content.ContentService$Lifecycle
08-23 17:42:59.974 1155 1155 D SystemServerTiming: OnBootPhase_600_com.android.server.content.ContentService$Lifecycle took to complete: 0ms
08-23 17:42:59.974 1155 1155 I SystemServerTiming: OnBootPhase_600_com.android.server.DropBoxManagerService
08-23 17:42:59.974 1155 1155 D SystemServerTiming: OnBootPhase_600_com.android.server.DropBoxManagerService took to complete: 0ms
08-23 17:42:59.974 1155 1155 I SystemServerTiming: OnBootPhase_600_com.android.role.RoleService
08-23 17:42:59.974 1155 1155 D SystemServerTiming: OnBootPhase_600_com.android.role.RoleService took to complete: 0ms
08-23 17:42:59.974 1155 1155 I SystemServerTiming: OnBootPhase_600_com.android.server.vibrator.VibratorManagerService$Lifecycle
08-23 17:42:59.974 1155 1155 D SystemServerTiming: OnBootPhase_600_com.android.server.vibrator.VibratorManagerService$Lifecycle took to complete: 0ms
08-23 17:42:59.974 1155 1155 I SystemServerTiming: OnBootPhase_600_com.android.server.alarm.AlarmManagerService
08-23 17:42:59.974 1155 1155 D SystemServerTiming: OnBootPhase_600_com.android.server.alarm.AlarmManagerService took to complete: 0ms
08-23 17:42:59.974 1155 1155 I SystemServerTiming: OnBootPhase_600_com.android.server.devicestate.DeviceStateManagerService
08-23 17:42:59.974 1155 1155 D SystemServerTiming: OnBootPhase_600_com.android.server.devicestate.DeviceStateManagerService took to complete: 0ms
08-23 17:42:59.974 1155 1155 I SystemServerTiming: OnBootPhase_600_com.android.server.camera.CameraServiceProxy
08-23 17:42:59.974 1155 1155 D SystemServerTiming: OnBootPhase_600_com.android.server.camera.CameraServiceProxy took to complete: 0ms
08-23 17:42:59.974 1155 1155 I SystemServerTiming: OnBootPhase_600_com.android.server.BluetoothService
08-23 17:42:59.974 1155 1155 D SystemServerTiming: OnBootPhase_600_com.android.server.BluetoothService took to complete: 0ms
08-23 17:42:59.975 1155 1155 I SystemServerTiming: OnBootPhase_600_com.android.server.connectivity.IpConnectivityMetrics
08-23 17:42:59.975 1155 1155 D SystemServerTiming: OnBootPhase_600_com.android.server.connectivity.IpConnectivityMetrics took to complete: 0ms
08-23 17:42:59.975 1155 1155 I SystemServerTiming: OnBootPhase_600_com.android.server.net.watchlist.NetworkWatchlistService$Lifecycle
08-23 17:42:59.975 1155 1155 D SystemServerTiming: OnBootPhase_600_com.android.server.net.watchlist.NetworkWatchlistService$Lifecycle took to complete: 0ms
08-23 17:42:59.975 1155 1155 I SystemServerTiming: OnBootPhase_600_com.android.server.PinnerService
08-23 17:42:59.975 1155 1155 D SystemServerTiming: OnBootPhase_600_com.android.server.PinnerService took to complete: 0ms
08-23 17:42:59.975 1155 1155 I SystemServerTiming: OnBootPhase_600_com.google.android.startop.iorap.IorapForwardingService
08-23 17:42:59.976 1155 1155 D SystemServerTiming: OnBootPhase_600_com.google.android.startop.iorap.IorapForwardingService took to complete: 0ms
08-23 17:42:59.976 1155 1155 I SystemServerTiming: OnBootPhase_600_com.android.server.ActivityTriggerService
08-23 17:42:59.976 1155 1155 D SystemServerTiming: OnBootPhase_600_com.android.server.ActivityTriggerService took to complete: 0ms
08-23 17:42:59.976 1155 1155 I SystemServerTiming: OnBootPhase_600_com.android.server.integrity.AppIntegrityManagerService
08-23 17:42:59.976 1155 1155 D SystemServerTiming: OnBootPhase_600_com.android.server.integrity.AppIntegrityManagerService took to complete: 0ms
08-23 17:42:59.976 1155 1155 I SystemServerTiming: OnBootPhase_600_com.android.server.inputmethod.InputMethodManagerService$Lifecycle
08-23 17:42:59.976 1155 1155 D SystemServerTiming: OnBootPhase_600_com.android.server.inputmethod.InputMethodManagerService$Lifecycle took to complete: 0ms
08-23 17:42:59.976 1155 1155 I SystemServerTiming: OnBootPhase_600_com.android.server.accessibility.AccessibilityManagerService$Lifecycle
08-23 17:42:59.976 1155 1155 D SystemServerTiming: OnBootPhase_600_com.android.server.accessibility.AccessibilityManagerService$Lifecycle took to complete: 0ms
08-23 17:42:59.976 1155 1155 I SystemServerTiming: OnBootPhase_600_com.android.server.StorageManagerService$Lifecycle
08-23 17:42:59.976 1155 1155 D SystemServerTiming: OnBootPhase_600_com.android.server.StorageManagerService$Lifecycle took to complete: 0ms
08-23 17:42:59.977 1155 1155 I SystemServerTiming: OnBootPhase_600_com.android.server.usage.StorageStatsService$Lifecycle
08-23 17:42:59.977 1155 1155 D SystemServerTiming: OnBootPhase_600_com.android.server.usage.StorageStatsService$Lifecycle took to complete: 0ms
08-23 17:42:59.977 1155 1155 I SystemServerTiming: OnBootPhase_600_com.android.server.UiModeManagerService
08-23 17:42:59.977 1155 1155 D SystemServerTiming: OnBootPhase_600_com.android.server.UiModeManagerService took to complete: 0ms
08-23 17:42:59.977 1155 1155 I SystemServerTiming: OnBootPhase_600_com.android.server.locksettings.LockSettingsService$Lifecycle
08-23 17:42:59.977 1155 1155 D SystemServerTiming: OnBootPhase_600_com.android.server.locksettings.LockSettingsService$Lifecycle took to complete: 0ms
08-23 17:42:59.977 1155 1155 I SystemServerTiming: OnBootPhase_600_com.android.server.PersistentDataBlockService
08-23 17:42:59.977 1155 1155 D SystemServerTiming: OnBootPhase_600_com.android.server.PersistentDataBlockService took to complete: 0ms
08-23 17:42:59.977 1155 1155 I SystemServerTiming: OnBootPhase_600_com.android.server.testharness.TestHarnessModeService
08-23 17:42:59.977 1155 1155 D SystemServerTiming: OnBootPhase_600_com.android.server.testharness.TestHarnessModeService took to complete: 0ms
08-23 17:42:59.978 1155 1155 I SystemServerTiming: OnBootPhase_600_com.android.server.oemlock.OemLockService
08-23 17:42:59.978 1155 1155 D SystemServerTiming: OnBootPhase_600_com.android.server.oemlock.OemLockService took to complete: 0ms
08-23 17:42:59.978 1155 1155 I SystemServerTiming: OnBootPhase_600_com.android.server.DeviceIdleController
08-23 17:42:59.978 1155 1155 D SystemServerTiming: OnBootPhase_600_com.android.server.DeviceIdleController took to complete: 0ms
08-23 17:42:59.978 1155 1155 I SystemServerTiming: OnBootPhase_600_com.android.server.devicepolicy.DevicePolicyManagerService$Lifecycle
08-23 17:42:59.978 1155 1155 D SystemServerTiming: OnBootPhase_600_com.android.server.devicepolicy.DevicePolicyManagerService$Lifecycle took to complete: 0ms
08-23 17:42:59.978 1155 1155 I SystemServerTiming: OnBootPhase_600_com.android.server.texttospeech.TextToSpeechManagerService
08-23 17:42:59.979 1155 1155 D SystemServerTiming: OnBootPhase_600_com.android.server.texttospeech.TextToSpeechManagerService took to complete: 1ms
08-23 17:42:59.979 1155 1155 I SystemServerTiming: OnBootPhase_600_com.android.server.speech.SpeechRecognitionManagerService
08-23 17:42:59.979 1155 1155 D SystemServerTiming: OnBootPhase_600_com.android.server.speech.SpeechRecognitionManagerService took to complete: 0ms
08-23 17:42:59.979 1155 1155 I SystemServerTiming: OnBootPhase_600_com.android.server.searchui.SearchUiManagerService
08-23 17:42:59.980 1155 1155 D SystemServerTiming: OnBootPhase_600_com.android.server.searchui.SearchUiManagerService took to complete: 0ms
08-23 17:42:59.980 1155 1155 I SystemServerTiming: OnBootPhase_600_com.android.server.smartspace.SmartspaceManagerService
08-23 17:42:59.980 1155 1155 D SystemServerTiming: OnBootPhase_600_com.android.server.smartspace.SmartspaceManagerService took to complete: 0ms
08-23 17:42:59.980 1155 1155 I SystemServerTiming: OnBootPhase_600_com.android.server.graphics.fonts.FontManagerService$Lifecycle
08-23 17:42:59.980 1155 1155 D SystemServerTiming: OnBootPhase_600_com.android.server.graphics.fonts.FontManagerService$Lifecycle took to complete: 0ms
08-23 17:42:59.981 1155 1155 I SystemServerTiming: OnBootPhase_600_com.android.server.textservices.TextServicesManagerService$Lifecycle
08-23 17:42:59.981 1155 1155 D SystemServerTiming: OnBootPhase_600_com.android.server.textservices.TextServicesManagerService$Lifecycle took to complete: 0ms
08-23 17:42:59.981 1155 1155 I SystemServerTiming: OnBootPhase_600_com.android.server.textclassifier.TextClassificationManagerService$Lifecycle
08-23 17:42:59.981 1155 1155 D SystemServerTiming: OnBootPhase_600_com.android.server.textclassifier.TextClassificationManagerService$Lifecycle took to complete: 0ms
08-23 17:42:59.981 1155 1155 I SystemServerTiming: OnBootPhase_600_com.android.server.NetworkScoreService$Lifecycle
08-23 17:42:59.981 1155 1155 D SystemServerTiming: OnBootPhase_600_com.android.server.NetworkScoreService$Lifecycle took to complete: 0ms
08-23 17:42:59.981 1155 1155 I SystemServerTiming: OnBootPhase_600_com.android.server.wifi.WifiService
08-23 17:42:59.981 1155 1155 D SystemServerTiming: OnBootPhase_600_com.android.server.wifi.WifiService took to complete: 0ms
08-23 17:42:59.981 1155 1155 I SystemServerTiming: OnBootPhase_600_com.android.server.wifi.scanner.WifiScanningService
08-23 17:42:59.981 1155 1155 D SystemServerTiming: OnBootPhase_600_com.android.server.wifi.scanner.WifiScanningService took to complete: 0ms
08-23 17:42:59.981 1155 1155 I SystemServerTiming: OnBootPhase_600_com.android.server.wifi.rtt.RttService
08-23 17:42:59.981 1155 1155 D SystemServerTiming: OnBootPhase_600_com.android.server.wifi.rtt.RttService took to complete: 0ms
08-23 17:42:59.982 1155 1155 I SystemServerTiming: OnBootPhase_600_com.android.server.wifi.aware.WifiAwareService
08-23 17:42:59.982 1155 1155 D SystemServerTiming: OnBootPhase_600_com.android.server.wifi.aware.WifiAwareService took to complete: 0ms
08-23 17:42:59.982 1155 1155 I SystemServerTiming: OnBootPhase_600_com.android.server.wifi.p2p.WifiP2pService
08-23 17:42:59.982 1155 1155 D SystemServerTiming: OnBootPhase_600_com.android.server.wifi.p2p.WifiP2pService took to complete: 0ms
08-23 17:42:59.982 1155 1155 I SystemServerTiming: OnBootPhase_600_com.android.server.ethernet.EthernetService
08-23 17:42:59.982 1155 1155 D SystemServerTiming: OnBootPhase_600_com.android.server.ethernet.EthernetService took to complete: 0ms
08-23 17:42:59.982 1155 1155 I SystemServerTiming: OnBootPhase_600_com.android.server.ConnectivityServiceInitializer
08-23 17:42:59.982 1155 1155 D SystemServerTiming: OnBootPhase_600_com.android.server.ConnectivityServiceInitializer took to complete: 0ms
08-23 17:42:59.982 1155 1155 I SystemServerTiming: OnBootPhase_600_com.android.server.notification.NotificationManagerService
08-23 17:42:59.985 1155 1155 D SystemServerTiming: OnBootPhase_600_com.android.server.notification.NotificationManagerService took to complete: 3ms
08-23 17:42:59.985 1155 1155 I SystemServerTiming: OnBootPhase_600_com.android.server.storage.DeviceStorageMonitorService
08-23 17:42:59.985 1155 1155 D SystemServerTiming: OnBootPhase_600_com.android.server.storage.DeviceStorageMonitorService took to complete: 0ms
08-23 17:42:59.985 1155 1155 I SystemServerTiming: OnBootPhase_600_com.android.server.location.LocationManagerService$Lifecycle
01-01 00:01:08.232 0 0 I IPv6 : ADDRCONF(NETDEV_UP): vlan11: link is not ready
01-01 00:01:08.238 0 0 D cnss : Received QMI WLFW pin connect result indication
01-01 00:01:08.238 0 0 D cnss : Pin connect Result: pwr_pin: 0x0 phy_io_pin: 0x0 rf_io_pin: 0x2b
01-01 00:01:08.239 0 0 D cnss : Received QMI WLFW calibration done indication
01-01 00:01:08.239 0 0 D cnss : Posting event: COLD_BOOT_CAL_DONE(6), state: 0xf flags: 0x0
01-01 00:01:08.239 0 0 D cnss : PM stay awake, state: 0xf, count: 1
01-01 00:01:08.241 0 0 D cnss : PM relax, state: 0xf, count: 0
01-01 00:01:08.241 0 0 D cnss : Received QMI WLFW FW ready indication
01-01 00:01:08.241 0 0 D cnss : Posting event: COLD_BOOT_CAL_DONE(6), state: 0xf flags: 0x0
01-01 00:01:08.241 0 0 D cnss : PM stay awake, state: 0xf, count: 1
01-01 00:01:08.241 0 0 D cnss : PM relax, state: 0xf, count: 0
01-01 00:01:08.241 0 0 D cnss : PM stay awake, state: 0xf, count: 1
01-01 00:01:08.241 0 0 D cnss : Processing driver event: COLD_BOOT_CAL_DONE(6), state: 0xf
01-01 00:01:08.241 0 0 D cnss : Calibration completed successfully
01-01 00:01:08.242 0 0 D cnss : Sending mode message, mode: OFF(4), state: 0xf
01-01 00:01:08.246 0 0 D cnss : Skip driver remove
01-01 00:01:08.246 0 0 D cnss : WLFW server exiting
01-01 00:01:08.246 0 0 D cnss : Posting event: SERVER_EXIT(1), state: 0x2000f flags: 0x0
01-01 00:01:08.246 0 0 D cnss : Read register offset 0x1f8031c, val = 0x2
01-01 00:01:08.247 0 0 D cnss : Write val 0x3 to register offset 0x1f8031c
01-01 00:01:08.250 0 0 D cnss : Setting MHI state: POWER_OFF(4)
01-01 00:01:08.304 0 0 D : mv2112_read_status
01-01 00:01:08.304 0 0 D mv2112_update_link: 3.0x901(1G): 0x80
01-01 00:01:08.305 0 0 D mv2112_update_link: 3.0x8109(100M): 0x0
01-01 00:01:08.305 0 0 D mv2112_update_link: link 0x0
01-01 00:01:08.305 0 0 D mv2112_read_status: autoneg is disabled
01-01 00:01:08.325 0 0 D cnss : Suspending PCI link
08-23 17:43:00.090 1155 1232 W ActivityManager: Slow operation: 217ms so far, now at startProcess: returned from zygote!
08-23 17:43:00.090 1155 1232 W ActivityManager: Slow operation: 218ms so far, now at startProcess: done updating battery stats
08-23 17:43:00.090 1155 1232 W ActivityManager: Slow operation: 218ms so far, now at startProcess: building log message
08-23 17:43:00.090 1155 1232 I ActivityManager: Start proc 1952:WebViewLoader-armeabi-v7a/1037 [android.webkit.WebViewLibraryLoader$RelroFileCreator] for null
08-23 17:43:00.090 1155 1232 W ActivityManager: Slow operation: 218ms so far, now at startProcess: starting to update pids map
08-23 17:43:00.091 1155 1232 W ActivityManager: Slow operation: 219ms so far, now at startProcess: done updating pids map
08-23 17:43:00.091 1155 1232 W ActivityManager: Slow operation: 215ms so far, now at startProcess: asking zygote to start proc
01-01 00:01:08.335 0 0 I msm_pcie_disable: PCIe: Assert the reset of endpoint of RC0.
01-01 00:01:08.335 0 0 D cnss : Setting MHI state: DEINIT(1)
01-01 00:01:08.335 0 0 D cnss : De-assert WLAN_EN GPIO successfully
01-01 00:01:08.335 0 0 D cnss : Regulator vdd-wlan-rfa2 is being disabled
01-01 00:01:08.335 0 0 D cnss : Regulator vdd-wlan-rfa1 is being disabled
01-01 00:01:08.335 0 0 D cnss : Regulator vdd-wlan-dig is being disabled
01-01 00:01:08.335 0 0 D cnss : Regulator vdd-wlan-aon is being disabled
01-01 00:01:08.335 0 0 D cnss : Regulator wlan-ant-switch is being disabled
01-01 00:01:08.335 0 0 D cnss : Regulator vdd-wlan-io is being disabled
08-23 17:43:00.110 1155 1155 W SystemServiceManager: Service com.android.server.location.LocationManagerService$Lifecycle took 125 ms in onBootPhase
08-23 17:43:00.110 1155 1155 D SystemServerTiming: OnBootPhase_600_com.android.server.location.LocationManagerService$Lifecycle took to complete: 125ms
08-23 17:43:00.110 1155 1155 I SystemServerTiming: OnBootPhase_600_com.android.server.timedetector.TimeDetectorService$Lifecycle
08-23 17:43:00.110 1155 1155 D SystemServerTiming: OnBootPhase_600_com.android.server.timedetector.TimeDetectorService$Lifecycle took to complete: 0ms
08-23 17:43:00.110 1155 1155 I SystemServerTiming: OnBootPhase_600_com.android.server.timezonedetector.TimeZoneDetectorService$Lifecycle
08-23 17:43:00.110 1155 1155 D SystemServerTiming: OnBootPhase_600_com.android.server.timezonedetector.TimeZoneDetectorService$Lifecycle took to complete: 0ms
08-23 17:43:00.110 1155 1155 I SystemServerTiming: OnBootPhase_600_com.android.server.timezonedetector.location.LocationTimeZoneManagerService$Lifecycle
08-23 17:43:00.111 1155 1155 D SystemServerTiming: OnBootPhase_600_com.android.server.timezonedetector.location.LocationTimeZoneManagerService$Lifecycle took to complete: 0ms
08-23 17:43:00.111 1155 1155 I SystemServerTiming: OnBootPhase_600_com.android.server.search.SearchManagerService$Lifecycle
08-23 17:43:00.111 1155 1155 D SystemServerTiming: OnBootPhase_600_com.android.server.search.SearchManagerService$Lifecycle took to complete: 0ms
08-23 17:43:00.111 1155 1155 I SystemServerTiming: OnBootPhase_600_com.android.server.wallpaper.WallpaperManagerService$Lifecycle
08-23 17:43:00.111 1155 1155 I WallpaperManagerService: switch-user-0
08-23 17:43:00.111 1155 1155 V WallpaperManagerService: bindWallpaperComponentLocked: componentName=ComponentInfo{com.android.systemui/com.android.systemui.ImageWallpaper}
08-23 17:43:00.112 1155 1155 D WallpaperManagerService: switch-user-0 took to complete: 2ms
08-23 17:43:00.112 1155 1155 D SystemServerTiming: OnBootPhase_600_com.android.server.wallpaper.WallpaperManagerService$Lifecycle took to complete: 2ms
08-23 17:43:00.112 1155 1155 I SystemServerTiming: OnBootPhase_600_com.android.server.audio.AudioService$Lifecycle
08-23 17:43:00.112 1155 1155 D SystemServerTiming: OnBootPhase_600_com.android.server.audio.AudioService$Lifecycle took to complete: 0ms
08-23 17:43:00.112 1155 1155 I SystemServerTiming: OnBootPhase_600_com.android.server.soundtrigger_middleware.SoundTriggerMiddlewareService$Lifecycle
08-23 17:43:00.112 1155 1155 D SystemServerTiming: OnBootPhase_600_com.android.server.soundtrigger_middleware.SoundTriggerMiddlewareService$Lifecycle took to complete: 0ms
08-23 17:43:00.112 1155 1155 I SystemServerTiming: OnBootPhase_600_com.android.server.DockObserver
08-23 17:43:00.112 1155 1155 D SystemServerTiming: OnBootPhase_600_com.android.server.DockObserver took to complete: 0ms
08-23 17:43:00.112 1155 1155 I SystemServerTiming: OnBootPhase_600_com.android.server.midi.MidiService$Lifecycle
08-23 17:43:00.112 1155 1155 D SystemServerTiming: OnBootPhase_600_com.android.server.midi.MidiService$Lifecycle took to complete: 0ms
08-23 17:43:00.112 1155 1155 I SystemServerTiming: OnBootPhase_600_com.android.server.adb.AdbService$Lifecycle
08-23 17:43:00.113 1155 1155 D SystemServerTiming: OnBootPhase_600_com.android.server.adb.AdbService$Lifecycle took to complete: 0ms
08-23 17:43:00.113 1155 1155 I SystemServerTiming: OnBootPhase_600_com.android.server.usb.UsbService$Lifecycle
08-23 17:43:00.113 1155 1155 D SystemServerTiming: OnBootPhase_600_com.android.server.usb.UsbService$Lifecycle took to complete: 0ms
08-23 17:43:00.113 1155 1155 I SystemServerTiming: OnBootPhase_600_com.android.server.twilight.TwilightService
08-23 17:43:00.113 1155 1155 D SystemServerTiming: OnBootPhase_600_com.android.server.twilight.TwilightService took to complete: 0ms
08-23 17:43:00.113 1155 1155 I SystemServerTiming: OnBootPhase_600_com.android.server.display.color.ColorDisplayService
08-23 17:43:00.113 1155 1155 D SystemServerTiming: OnBootPhase_600_com.android.server.display.color.ColorDisplayService took to complete: 1ms
08-23 17:43:00.113 1155 1155 I SystemServerTiming: OnBootPhase_600_com.android.server.job.JobSchedulerService
08-23 17:43:00.116 1155 1155 D SystemServerTiming: OnBootPhase_600_com.android.server.job.JobSchedulerService took to complete: 3ms
08-23 17:43:00.116 1155 1155 I SystemServerTiming: OnBootPhase_600_com.android.server.soundtrigger.SoundTriggerService
08-23 17:43:00.116 1155 1155 D SoundTriggerService: onBootPhase: 600 : false
08-23 17:43:00.117 1155 1155 D SystemServerTiming: OnBootPhase_600_com.android.server.soundtrigger.SoundTriggerService took to complete: 0ms
08-23 17:43:00.117 1155 1155 I SystemServerTiming: OnBootPhase_600_com.android.server.trust.TrustManagerService
08-23 17:43:00.118 1155 1155 D BiometricService: Sensor ID(0), oemStrength: 15, updatedStrength: 15, modality 2, state: 0, cookie: 0, props: ID: 0, Strength: 2, Type: 1, sensorId 0, hasEnrollments: false cannot participate in Keystore operations
08-23 17:43:00.121 1155 1155 D SystemServerTiming: OnBootPhase_600_com.android.server.trust.TrustManagerService took to complete: 4ms
08-23 17:43:00.121 1155 1155 I SystemServerTiming: OnBootPhase_600_com.android.server.backup.BackupManagerService$Lifecycle
08-23 17:43:00.121 1155 1155 D SystemServerTiming: OnBootPhase_600_com.android.server.backup.BackupManagerService$Lifecycle took to complete: 0ms
08-23 17:43:00.121 1155 1155 I SystemServerTiming: OnBootPhase_600_com.android.server.appwidget.AppWidgetService
08-23 17:43:00.121 1155 1155 D SystemServerTiming: OnBootPhase_600_com.android.server.appwidget.AppWidgetService took to complete: 0ms
08-23 17:43:00.121 1155 1155 I SystemServerTiming: OnBootPhase_600_com.android.server.voiceinteraction.VoiceInteractionManagerService
08-23 17:43:00.122 1155 1155 D SystemServerTiming: OnBootPhase_600_com.android.server.voiceinteraction.VoiceInteractionManagerService took to complete: 0ms
08-23 17:43:00.122 1155 1155 I SystemServerTiming: OnBootPhase_600_com.android.server.apphibernation.AppHibernationService
08-23 17:43:00.122 1155 1155 D SystemServerTiming: OnBootPhase_600_com.android.server.apphibernation.AppHibernationService took to complete: 0ms
08-23 17:43:00.122 1155 1155 I SystemServerTiming: OnBootPhase_600_com.android.server.GestureLauncherService
08-23 17:43:00.123 1155 1155 D SystemServerTiming: OnBootPhase_600_com.android.server.GestureLauncherService took to complete: 0ms
08-23 17:43:00.123 1155 1155 I SystemServerTiming: OnBootPhase_600_com.android.server.SensorNotificationService
08-23 17:43:00.124 1155 1216 D CompatibilityChangeReporter: Compat change id reported: 168936375; UID 1000; state: ENABLED
08-23 17:43:00.124 1155 1216 D CompatibilityChangeReporter: Compat change id reported: 168936375; UID 1000; state: DISABLED
08-23 17:43:00.125 1155 1155 D SystemServerTiming: OnBootPhase_600_com.android.server.SensorNotificationService took to complete: 3ms
08-23 17:43:00.125 1155 1155 I SystemServerTiming: OnBootPhase_600_com.android.server.emergency.EmergencyAffordanceService
08-23 17:43:00.125 1155 1155 D SystemServerTiming: OnBootPhase_600_com.android.server.emergency.EmergencyAffordanceService took to complete: 0ms
08-23 17:43:00.125 1155 1155 I SystemServerTiming: OnBootPhase_600_com.android.server.blob.BlobStoreManagerService
08-23 17:43:00.139 1155 1155 D SystemServerTiming: OnBootPhase_600_com.android.server.blob.BlobStoreManagerService took to complete: 13ms
08-23 17:43:00.139 1155 1155 I SystemServerTiming: OnBootPhase_600_com.android.server.dreams.DreamManagerService
08-23 17:43:00.139 1155 1155 D SystemServerTiming: OnBootPhase_600_com.android.server.dreams.DreamManagerService took to complete: 0ms
08-23 17:43:00.140 1155 1155 I SystemServerTiming: OnBootPhase_600_com.android.server.companion.CompanionDeviceManagerService
08-23 17:43:00.140 1155 1155 D SystemServerTiming: OnBootPhase_600_com.android.server.companion.CompanionDeviceManagerService took to complete: 0ms
08-23 17:43:00.140 1155 1155 I SystemServerTiming: OnBootPhase_600_com.android.server.restrictions.RestrictionsManagerService
08-23 17:43:00.140 1155 1155 D SystemServerTiming: OnBootPhase_600_com.android.server.restrictions.RestrictionsManagerService took to complete: 0ms
08-23 17:43:00.140 1155 1155 I SystemServerTiming: OnBootPhase_600_com.android.server.media.MediaSessionService
08-23 17:43:00.140 1155 1155 D SystemServerTiming: OnBootPhase_600_com.android.server.media.MediaSessionService took to complete: 0ms
08-23 17:43:00.140 1155 1155 I SystemServerTiming: OnBootPhase_600_com.android.server.media.MediaResourceMonitorService
08-23 17:43:00.140 1155 1155 D SystemServerTiming: OnBootPhase_600_com.android.server.media.MediaResourceMonitorService took to complete: 0ms
08-23 17:43:00.140 1155 1155 I SystemServerTiming: OnBootPhase_600_com.android.server.biometrics.sensors.fingerprint.FingerprintService
08-23 17:43:00.140 1155 1155 D SystemServerTiming: OnBootPhase_600_com.android.server.biometrics.sensors.fingerprint.FingerprintService took to complete: 0ms
08-23 17:43:00.140 1155 1155 I SystemServerTiming: OnBootPhase_600_com.android.server.biometrics.BiometricService
08-23 17:43:00.140 1155 1155 D SystemServerTiming: OnBootPhase_600_com.android.server.biometrics.BiometricService took to complete: 0ms
08-23 17:43:00.140 1155 1155 I SystemServerTiming: OnBootPhase_600_com.android.server.biometrics.AuthService
08-23 17:43:00.140 1155 1155 D SystemServerTiming: OnBootPhase_600_com.android.server.biometrics.AuthService took to complete: 0ms
08-23 17:43:00.140 1155 1155 I SystemServerTiming: OnBootPhase_600_com.android.server.pm.ShortcutService$Lifecycle
08-23 17:43:00.140 1155 1155 D SystemServerTiming: OnBootPhase_600_com.android.server.pm.ShortcutService$Lifecycle took to complete: 0ms
08-23 17:43:00.140 1155 1155 I SystemServerTiming: OnBootPhase_600_com.android.server.pm.LauncherAppsService
08-23 17:43:00.140 1155 1155 D SystemServerTiming: OnBootPhase_600_com.android.server.pm.LauncherAppsService took to complete: 0ms
08-23 17:43:00.140 1155 1155 I SystemServerTiming: OnBootPhase_600_com.android.server.pm.CrossProfileAppsService
08-23 17:43:00.140 1155 1155 D SystemServerTiming: OnBootPhase_600_com.android.server.pm.CrossProfileAppsService took to complete: 0ms
08-23 17:43:00.140 1155 1155 I SystemServerTiming: OnBootPhase_600_com.android.server.people.PeopleService
08-23 17:43:00.141 1155 1155 D SystemServerTiming: OnBootPhase_600_com.android.server.people.PeopleService took to complete: 0ms
08-23 17:43:00.141 1155 1155 I SystemServerTiming: OnBootPhase_600_com.android.server.media.metrics.MediaMetricsManagerService
08-23 17:43:00.141 1155 1155 D SystemServerTiming: OnBootPhase_600_com.android.server.media.metrics.MediaMetricsManagerService took to complete: 0ms
