08-23 17:44:07.884 1155 1866 E DisplayDeviceConfig: requesting nits when no mapping exists.
08-23 17:44:07.886 1155 1866 E DisplayDeviceConfig: requesting nits when no mapping exists.
01-01 00:02:16.910 0 0 D : mv2112_read_status
01-01 00:02:16.910 0 0 D mv2112_update_link: 3.0x901(1G): 0x80
01-01 00:02:16.911 0 0 D mv2112_update_link: 3.0x8109(100M): 0x0
01-01 00:02:16.911 0 0 D mv2112_update_link: link 0x0
01-01 00:02:16.911 0 0 D mv2112_read_status: autoneg is disabled
01-01 00:02:17.934 0 0 D : mv2112_read_status
01-01 00:02:17.934 0 0 D mv2112_update_link: 3.0x901(1G): 0x80
01-01 00:02:17.935 0 0 D mv2112_update_link: 3.0x8109(100M): 0x0
01-01 00:02:17.935 0 0 D mv2112_update_link: link 0x0
01-01 00:02:17.935 0 0 D mv2112_read_status: autoneg is disabled
01-01 00:02:18.958 0 0 D : mv2112_read_status
01-01 00:02:18.958 0 0 D mv2112_update_link: 3.0x901(1G): 0x80
01-01 00:02:18.959 0 0 D mv2112_update_link: 3.0x8109(100M): 0x0
01-01 00:02:18.959 0 0 D mv2112_update_link: link 0x0
01-01 00:02:18.959 0 0 D mv2112_read_status: autoneg is disabled
01-01 00:02:19.982 0 0 D : mv2112_read_status
01-01 00:02:19.983 0 0 D mv2112_update_link: 3.0x901(1G): 0x80
01-01 00:02:19.983 0 0 D mv2112_update_link: 3.0x8109(100M): 0x0
01-01 00:02:19.983 0 0 D mv2112_update_link: link 0x0
01-01 00:02:19.983 0 0 D mv2112_read_status: autoneg is disabled
01-01 00:02:20.015 0 0 I init : starting service 'qvrd_vndr'...
01-01 00:02:20.022 0 0 I init : Created socket '/dev/socket/qvrservice_vndr', mode 660, user 1000, group 1000
01-01 00:02:20.029 0 0 I init : Created socket '/dev/socket/qvrservice_vndr_camera', mode 660, user 1000, group 1000
01-01 00:02:20.097 0 0 I init : starting service 'sxrd'...
08-23 17:44:11.879 4506 4506 F linker : CANNOT LINK EXECUTABLE "/vendor/bin/hw/qvrservice": library "vendor.qti.hardware.qxr-V1-ndk_platform.so" not found: needed by /vendor/lib64/libqvrservice.so in namespace (default)
01-01 00:02:20.120 0 0 I init : Service 'qvrd_vndr' (pid 4506) exited with status 1
01-01 00:02:20.120 0 0 I init : Sending signal 9 to service 'qvrd_vndr' (pid 4506) process group...
01-01 00:02:20.120 0 0 I libprocessgroup: Successfully killed process cgroup uid 1000 pid 4506 in 0ms
08-23 17:44:11.947 4507 4507 F linker : CANNOT LINK EXECUTABLE "/vendor/bin/hw/sxrservice": library "vendor.qti.hardware.qxr-V1-ndk_platform.so" not found: needed by main executable
01-01 00:02:20.187 0 0 I init : Service 'sxrd' (pid 4507) exited with status 1
01-01 00:02:20.187 0 0 I init : Sending signal 9 to service 'sxrd' (pid 4507) process group...
01-01 00:02:20.190 0 0 I libprocessgroup: Successfully killed process cgroup uid 1000 pid 4507 in 2ms
01-01 00:02:21.006 0 0 D : mv2112_read_status
01-01 00:02:21.006 0 0 D mv2112_update_link: 3.0x901(1G): 0x80
01-01 00:02:21.007 0 0 D mv2112_update_link: 3.0x8109(100M): 0x0
01-01 00:02:21.007 0 0 D mv2112_update_link: link 0x0
01-01 00:02:21.007 0 0 D mv2112_read_status: autoneg is disabled
01-01 00:02:22.030 0 0 D : mv2112_read_status
01-01 00:02:22.031 0 0 D mv2112_update_link: 3.0x901(1G): 0x80
01-01 00:02:22.031 0 0 D mv2112_update_link: 3.0x8109(100M): 0x0
01-01 00:02:22.031 0 0 D mv2112_update_link: link 0x0
01-01 00:02:22.031 0 0 D mv2112_read_status: autoneg is disabled
01-01 00:02:23.054 0 0 D : mv2112_read_status
01-01 00:02:23.054 0 0 D mv2112_update_link: 3.0x901(1G): 0x80
01-01 00:02:23.055 0 0 D mv2112_update_link: 3.0x8109(100M): 0x0
01-01 00:02:23.055 0 0 D mv2112_update_link: link 0x0
01-01 00:02:23.055 0 0 D mv2112_read_status: autoneg is disabled
01-01 00:02:24.078 0 0 D : mv2112_read_status
01-01 00:02:24.079 0 0 D mv2112_update_link: 3.0x901(1G): 0x80
01-01 00:02:24.079 0 0 D mv2112_update_link: 3.0x8109(100M): 0x0
01-01 00:02:24.079 0 0 D mv2112_update_link: link 0x0
01-01 00:02:24.079 0 0 D mv2112_read_status: autoneg is disabled
08-23 17:44:16.560 1155 2850 I DreamManagerService: Gently waking up from dream.
08-23 17:44:16.560 1155 1216 I DreamManagerService: Performing gentle wake from dream.
08-23 17:44:16.607 1155 1270 I PowerManagerService: Powering on display group fromDreaming (groupId=0, uid=1000, reason=WAKE_REASON_UNKNOWN, details=android.server.power:DREAM_FINISHED)...
08-23 17:44:16.607 1155 1270 I PowerManagerService: Waking up from Dreaming (uid=1000, reason=WAKE_REASON_UNKNOWN, details=android.server.power:DREAM_FINISHED)...
01-01 00:02:25.080 0 0 I init : starting service 'qvrd_vndr'...
01-01 00:02:25.082 0 0 I init : Created socket '/dev/socket/qvrservice_vndr', mode 660, user 1000, group 1000
01-01 00:02:25.084 0 0 I init : Created socket '/dev/socket/qvrservice_vndr_camera', mode 660, user 1000, group 1000
01-01 00:02:25.102 0 0 D : mv2112_read_status
01-01 00:02:25.102 0 0 D mv2112_update_link: 3.0x901(1G): 0x80
01-01 00:02:25.102 0 0 D mv2112_update_link: 3.0x8109(100M): 0x0
01-01 00:02:25.102 0 0 D mv2112_update_link: link 0x0
01-01 00:02:25.102 0 0 D mv2112_read_status: autoneg is disabled
01-01 00:02:25.113 0 0 I init : starting service 'sxrd'...
08-23 17:44:16.914 4609 4609 F linker : CANNOT LINK EXECUTABLE "/vendor/bin/hw/qvrservice": library "vendor.qti.hardware.qxr-V1-ndk_platform.so" not found: needed by /vendor/lib64/libqvrservice.so in namespace (default)
01-01 00:02:25.155 0 0 I init : Service 'qvrd_vndr' (pid 4609) exited with status 1
01-01 00:02:25.155 0 0 I init : Sending signal 9 to service 'qvrd_vndr' (pid 4609) process group...
01-01 00:02:25.155 0 0 I libprocessgroup: Successfully killed process cgroup uid 1000 pid 4609 in 0ms
08-23 17:44:16.921 4610 4610 F linker : CANNOT LINK EXECUTABLE "/vendor/bin/hw/sxrservice": library "vendor.qti.hardware.qxr-V1-ndk_platform.so" not found: needed by main executable
01-01 00:02:25.162 0 0 I init : Service 'sxrd' (pid 4610) exited with status 1
01-01 00:02:25.162 0 0 I init : Sending signal 9 to service 'sxrd' (pid 4610) process group...
08-23 17:44:16.924 1155 2858 I DreamManagerService: Leaving dreamland.
01-01 00:02:25.162 0 0 I libprocessgroup: Successfully killed process cgroup uid 1000 pid 4610 in 0ms
08-23 17:44:16.925 1155 1216 I DreamManagerService: Performing gentle wake from dream.
08-23 17:44:16.925 1155 1216 I DreamController: Stopping dream: name=ComponentInfo{com.android.deskclock/com.android.deskclock.Screensaver}, isTest=false, canDoze=false, userId=0, reason='finished self'(from 'finished self')
08-23 17:44:16.943 1155 1220 W ActivityTaskManager: Can't find TaskDisplayArea to determine support for multi window. Task id=45 attached=false
01-01 00:02:26.126 0 0 D : mv2112_read_status
01-01 00:02:26.127 0 0 D mv2112_update_link: 3.0x901(1G): 0x80
01-01 00:02:26.127 0 0 D mv2112_update_link: 3.0x8109(100M): 0x0
01-01 00:02:26.127 0 0 D mv2112_update_link: link 0x0
01-01 00:02:26.127 0 0 D mv2112_read_status: autoneg is disabled
01-01 00:02:27.150 0 0 D : mv2112_read_status
01-01 00:02:27.151 0 0 D mv2112_update_link: 3.0x901(1G): 0x80
01-01 00:02:27.151 0 0 D mv2112_update_link: 3.0x8109(100M): 0x0
01-01 00:02:27.151 0 0 D mv2112_update_link: link 0x0
01-01 00:02:27.151 0 0 D mv2112_read_status: autoneg is disabled
01-01 00:02:28.173 0 0 D : mv2112_read_status
01-01 00:02:28.174 0 0 D mv2112_update_link: 3.0x901(1G): 0x80
01-01 00:02:28.174 0 0 D mv2112_update_link: 3.0x8109(100M): 0x0
01-01 00:02:28.174 0 0 D mv2112_update_link: link 0x0
01-01 00:02:28.174 0 0 D mv2112_read_status: autoneg is disabled
01-01 00:02:29.197 0 0 D : mv2112_read_status
01-01 00:02:29.197 0 0 D mv2112_update_link: 3.0x901(1G): 0x80
01-01 00:02:29.198 0 0 D mv2112_update_link: 3.0x8109(100M): 0x0
01-01 00:02:29.198 0 0 D mv2112_update_link: link 0x0
01-01 00:02:29.198 0 0 D mv2112_read_status: autoneg is disabled
01-01 00:02:30.107 0 0 I init : starting service 'qvrd_vndr'...
01-01 00:02:30.112 0 0 I init : Created socket '/dev/socket/qvrservice_vndr', mode 660, user 1000, group 1000
01-01 00:02:30.116 0 0 I init : Created socket '/dev/socket/qvrservice_vndr_camera', mode 660, user 1000, group 1000
01-01 00:02:30.182 0 0 I init : starting service 'sxrd'...
08-23 17:44:21.957 4716 4716 F linker : CANNOT LINK EXECUTABLE "/vendor/bin/hw/qvrservice": library "vendor.qti.hardware.qxr-V1-ndk_platform.so" not found: needed by /vendor/lib64/libqvrservice.so in namespace (default)
01-01 00:02:30.211 0 0 I init : Service 'qvrd_vndr' (pid 4716) exited with status 1
01-01 00:02:30.211 0 0 I init : Sending signal 9 to service 'qvrd_vndr' (pid 4716) process group...
01-01 00:02:30.211 0 0 I libprocessgroup: Successfully killed process cgroup uid 1000 pid 4716 in 0ms
01-01 00:02:30.222 0 0 D : mv2112_read_status
01-01 00:02:30.222 0 0 D mv2112_update_link: 3.0x901(1G): 0x80
01-01 00:02:30.222 0 0 D mv2112_update_link: 3.0x8109(100M): 0x0
01-01 00:02:30.222 0 0 D mv2112_update_link: link 0x0
01-01 00:02:30.222 0 0 D mv2112_read_status: autoneg is disabled
08-23 17:44:22.015 4717 4717 F linker : CANNOT LINK EXECUTABLE "/vendor/bin/hw/sxrservice": library "vendor.qti.hardware.qxr-V1-ndk_platform.so" not found: needed by main executable
01-01 00:02:30.255 0 0 I init : Service 'sxrd' (pid 4717) exited with status 1
01-01 00:02:30.256 0 0 I init : Sending signal 9 to service 'sxrd' (pid 4717) process group...
01-01 00:02:30.256 0 0 I libprocessgroup: Successfully killed process cgroup uid 1000 pid 4717 in 0ms
01-01 00:02:31.247 0 0 D : mv2112_read_status
01-01 00:02:31.247 0 0 D mv2112_update_link: 3.0x901(1G): 0x80
01-01 00:02:31.247 0 0 D mv2112_update_link: 3.0x8109(100M): 0x0
01-01 00:02:31.247 0 0 D mv2112_update_link: link 0x0
01-01 00:02:31.247 0 0 D mv2112_read_status: autoneg is disabled
01-01 00:02:32.270 0 0 D : mv2112_read_status
01-01 00:02:32.271 0 0 D mv2112_update_link: 3.0x901(1G): 0x80
01-01 00:02:32.271 0 0 D mv2112_update_link: 3.0x8109(100M): 0x0
01-01 00:02:32.271 0 0 D mv2112_update_link: link 0x0
01-01 00:02:32.271 0 0 D mv2112_read_status: autoneg is disabled
01-01 00:02:33.294 0 0 D : mv2112_read_status
01-01 00:02:33.295 0 0 D mv2112_update_link: 3.0x901(1G): 0x80
01-01 00:02:33.295 0 0 D mv2112_update_link: 3.0x8109(100M): 0x0
01-01 00:02:33.295 0 0 D mv2112_update_link: link 0x0
01-01 00:02:33.295 0 0 D mv2112_read_status: autoneg is disabled
01-01 00:02:34.318 0 0 D : mv2112_read_status
01-01 00:02:34.318 0 0 D mv2112_update_link: 3.0x901(1G): 0x80
01-01 00:02:34.319 0 0 D mv2112_update_link: 3.0x8109(100M): 0x0
01-01 00:02:34.319 0 0 D mv2112_update_link: link 0x0
01-01 00:02:34.319 0 0 D mv2112_read_status: autoneg is disabled
01-01 00:02:35.160 0 0 I init : starting service 'qvrd_vndr'...
01-01 00:02:35.169 0 0 I init : Created socket '/dev/socket/qvrservice_vndr', mode 660, user 1000, group 1000
01-01 00:02:35.176 0 0 I init : Created socket '/dev/socket/qvrservice_vndr_camera', mode 660, user 1000, group 1000
01-01 00:02:35.235 0 0 I init : starting service 'sxrd'...
08-23 17:44:27.019 4827 4827 F linker : CANNOT LINK EXECUTABLE "/vendor/bin/hw/qvrservice": library "vendor.qti.hardware.qxr-V1-ndk_platform.so" not found: needed by /vendor/lib64/libqvrservice.so in namespace (default)
01-01 00:02:35.259 0 0 I init : Service 'qvrd_vndr' (pid 4827) exited with status 1
01-01 00:02:35.259 0 0 I init : Sending signal 9 to service 'qvrd_vndr' (pid 4827) process group...
01-01 00:02:35.259 0 0 I libprocessgroup: Successfully killed process cgroup uid 1000 pid 4827 in 0ms
08-23 17:44:27.068 4828 4828 F linker : CANNOT LINK EXECUTABLE "/vendor/bin/hw/sxrservice": library "vendor.qti.hardware.qxr-V1-ndk_platform.so" not found: needed by main executable
01-01 00:02:35.308 0 0 I init : Service 'sxrd' (pid 4828) exited with status 1
01-01 00:02:35.308 0 0 I init : Sending signal 9 to service 'sxrd' (pid 4828) process group...
01-01 00:02:35.311 0 0 I libprocessgroup: Successfully killed process cgroup uid 1000 pid 4828 in 2ms
01-01 00:02:35.342 0 0 D : mv2112_read_status
01-01 00:02:35.342 0 0 D mv2112_update_link: 3.0x901(1G): 0x80
01-01 00:02:35.343 0 0 D mv2112_update_link: 3.0x8109(100M): 0x0
01-01 00:02:35.343 0 0 D mv2112_update_link: link 0x0
01-01 00:02:35.343 0 0 D mv2112_read_status: autoneg is disabled
01-01 00:02:36.366 0 0 D : mv2112_read_status
01-01 00:02:36.367 0 0 D mv2112_update_link: 3.0x901(1G): 0x80
01-01 00:02:36.367 0 0 D mv2112_update_link: 3.0x8109(100M): 0x0
01-01 00:02:36.367 0 0 D mv2112_update_link: link 0x0
01-01 00:02:36.367 0 0 D mv2112_read_status: autoneg is disabled
01-01 00:02:37.390 0 0 D : mv2112_read_status
01-01 00:02:37.391 0 0 D mv2112_update_link: 3.0x901(1G): 0x80
01-01 00:02:37.391 0 0 D mv2112_update_link: 3.0x8109(100M): 0x0
01-01 00:02:37.391 0 0 D mv2112_update_link: link 0x0
01-01 00:02:37.391 0 0 D mv2112_read_status: autoneg is disabled
01-01 00:02:38.414 0 0 D : mv2112_read_status
01-01 00:02:38.415 0 0 D mv2112_update_link: 3.0x901(1G): 0x80
01-01 00:02:38.415 0 0 D mv2112_update_link: 3.0x8109(100M): 0x0
01-01 00:02:38.415 0 0 D mv2112_update_link: link 0x0
01-01 00:02:38.415 0 0 D mv2112_read_status: autoneg is disabled
01-01 00:02:39.046 0 0 I logd : logdr: UID=2000 GID=2000 PID=4916 b tail=0 logMask=99 pid=0 start=0ns deadline=0ns
01-01 00:02:39.437 0 0 D : mv2112_read_status
01-01 00:02:39.437 0 0 D mv2112_update_link: 3.0x901(1G): 0x80
01-01 00:02:39.438 0 0 D mv2112_update_link: 3.0x8109(100M): 0x0
01-01 00:02:39.438 0 0 D mv2112_update_link: link 0x0
01-01 00:02:39.438 0 0 D mv2112_read_status: autoneg is disabled
01-01 00:02:40.221 0 0 I init : starting service 'qvrd_vndr'...
01-01 00:02:40.226 0 0 I init : Created socket '/dev/socket/qvrservice_vndr', mode 660, user 1000, group 1000
01-01 00:02:40.231 0 0 I init : Created socket '/dev/socket/qvrservice_vndr_camera', mode 660, user 1000, group 1000
01-01 00:02:40.274 0 0 I init : starting service 'sxrd'...
08-23 17:44:32.055 4947 4947 F linker : CANNOT LINK EXECUTABLE "/vendor/bin/hw/qvrservice": library "vendor.qti.hardware.qxr-V1-ndk_platform.so" not found: needed by /vendor/lib64/libqvrservice.so in namespace (default)
01-01 00:02:40.295 0 0 I init : Service 'qvrd_vndr' (pid 4947) exited with status 1
01-01 00:02:40.295 0 0 I init : Sending signal 9 to service 'qvrd_vndr' (pid 4947) process group...
01-01 00:02:40.295 0 0 I libprocessgroup: Successfully killed process cgroup uid 1000 pid 4947 in 0ms
08-23 17:44:32.089 4948 4948 F linker : CANNOT LINK EXECUTABLE "/vendor/bin/hw/sxrservice": library "vendor.qti.hardware.qxr-V1-ndk_platform.so" not found: needed by main executable
01-01 00:02:40.329 0 0 I init : Service 'sxrd' (pid 4948) exited with status 1
01-01 00:02:40.329 0 0 I init : Sending signal 9 to service 'sxrd' (pid 4948) process group...
01-01 00:02:40.329 0 0 I libprocessgroup: Successfully killed process cgroup uid 1000 pid 4948 in 0ms
01-01 00:02:40.461 0 0 D : mv2112_read_status
01-01 00:02:40.461 0 0 D mv2112_update_link: 3.0x901(1G): 0x80
01-01 00:02:40.462 0 0 D mv2112_update_link: 3.0x8109(100M): 0x0
01-01 00:02:40.462 0 0 D mv2112_update_link: link 0x0
01-01 00:02:40.462 0 0 D mv2112_read_status: autoneg is disabled
01-01 00:02:41.486 0 0 D : mv2112_read_status
01-01 00:02:41.487 0 0 D mv2112_update_link: 3.0x901(1G): 0x80
01-01 00:02:41.487 0 0 D mv2112_update_link: 3.0x8109(100M): 0x0
01-01 00:02:41.487 0 0 D mv2112_update_link: link 0x0
01-01 00:02:41.487 0 0 D mv2112_read_status: autoneg is disabled
01-01 00:02:42.511 0 0 D : mv2112_read_status
01-01 00:02:42.511 0 0 D mv2112_update_link: 3.0x901(1G): 0x80
01-01 00:02:42.511 0 0 D mv2112_update_link: 3.0x8109(100M): 0x0
01-01 00:02:42.511 0 0 D mv2112_update_link: link 0x0
01-01 00:02:42.511 0 0 D mv2112_read_status: autoneg is disabled
01-01 00:02:43.534 0 0 D : mv2112_read_status
01-01 00:02:43.535 0 0 D mv2112_update_link: 3.0x901(1G): 0x80
01-01 00:02:43.535 0 0 D mv2112_update_link: 3.0x8109(100M): 0x0
01-01 00:02:43.535 0 0 D mv2112_update_link: link 0x0
01-01 00:02:43.535 0 0 D mv2112_read_status: autoneg is disabled
01-01 00:02:44.558 0 0 D : mv2112_read_status
01-01 00:02:44.559 0 0 D mv2112_update_link: 3.0x901(1G): 0x80
01-01 00:02:44.559 0 0 D mv2112_update_link: 3.0x8109(100M): 0x0
01-01 00:02:44.559 0 0 D mv2112_update_link: link 0x0
01-01 00:02:44.559 0 0 D mv2112_read_status: autoneg is disabled
01-01 00:02:45.270 0 0 I init : starting service 'qvrd_vndr'...
01-01 00:02:45.279 0 0 I init : Created socket '/dev/socket/qvrservice_vndr', mode 660, user 1000, group 1000
01-01 00:02:45.286 0 0 I init : Created socket '/dev/socket/qvrservice_vndr_camera', mode 660, user 1000, group 1000
01-01 00:02:45.350 0 0 I init : starting service 'sxrd'...
08-23 17:44:37.137 5070 5070 F linker : CANNOT LINK EXECUTABLE "/vendor/bin/hw/qvrservice": library "vendor.qti.hardware.qxr-V1-ndk_platform.so" not found: needed by /vendor/lib64/libqvrservice.so in namespace (default)
01-01 00:02:45.389 0 0 I init : Service 'qvrd_vndr' (pid 5070) exited with status 1
01-01 00:02:45.389 0 0 I init : Sending signal 9 to service 'qvrd_vndr' (pid 5070) process group...
01-01 00:02:45.389 0 0 I libprocessgroup: Successfully killed process cgroup uid 1000 pid 5070 in 0ms
08-23 17:44:37.188 5071 5071 F linker : CANNOT LINK EXECUTABLE "/vendor/bin/hw/sxrservice": library "vendor.qti.hardware.qxr-V1-ndk_platform.so" not found: needed by main executable
01-01 00:02:45.429 0 0 I init : Service 'sxrd' (pid 5071) exited with status 1
01-01 00:02:45.429 0 0 I init : Sending signal 9 to service 'sxrd' (pid 5071) process group...
01-01 00:02:45.431 0 0 I libprocessgroup: Successfully killed process cgroup uid 1000 pid 5071 in 2ms
01-01 00:02:45.582 0 0 D : mv2112_read_status
01-01 00:02:45.583 0 0 D mv2112_update_link: 3.0x901(1G): 0x80
01-01 00:02:45.583 0 0 D mv2112_update_link: 3.0x8109(100M): 0x0
01-01 00:02:45.583 0 0 D mv2112_update_link: link 0x0
01-01 00:02:45.583 0 0 D mv2112_read_status: autoneg is disabled
01-01 00:02:46.606 0 0 D : mv2112_read_status
01-01 00:02:46.607 0 0 D mv2112_update_link: 3.0x901(1G): 0x80
01-01 00:02:46.607 0 0 D mv2112_update_link: 3.0x8109(100M): 0x0
01-01 00:02:46.607 0 0 D mv2112_update_link: link 0x0
01-01 00:02:46.607 0 0 D mv2112_read_status: autoneg is disabled
01-01 00:02:47.630 0 0 D : mv2112_read_status
01-01 00:02:47.631 0 0 D mv2112_update_link: 3.0x901(1G): 0x80
01-01 00:02:47.631 0 0 D mv2112_update_link: 3.0x8109(100M): 0x0
01-01 00:02:47.631 0 0 D mv2112_update_link: link 0x0
01-01 00:02:47.631 0 0 D mv2112_read_status: autoneg is disabled
01-01 00:02:48.654 0 0 D : mv2112_read_status
01-01 00:02:48.654 0 0 D mv2112_update_link: 3.0x901(1G): 0x80
01-01 00:02:48.655 0 0 D mv2112_update_link: 3.0x8109(100M): 0x0
01-01 00:02:48.655 0 0 D mv2112_update_link: link 0x0
01-01 00:02:48.655 0 0 D mv2112_read_status: autoneg is disabled
01-01 00:02:48.834 0 0 I perf : interrupt took too long (2510 > 2500), lowering kernel.perf_event_max_sample_rate to 79500
01-01 00:02:49.678 0 0 D : mv2112_read_status
01-01 00:02:49.679 0 0 D mv2112_update_link: 3.0x901(1G): 0x80
01-01 00:02:49.679 0 0 D mv2112_update_link: 3.0x8109(100M): 0x0
01-01 00:02:49.679 0 0 D mv2112_update_link: link 0x0
01-01 00:02:49.679 0 0 D mv2112_read_status: autoneg is disabled
01-01 00:02:50.336 0 0 I init : starting service 'qvrd_vndr'...
01-01 00:02:50.350 0 0 I init : Created socket '/dev/socket/qvrservice_vndr', mode 660, user 1000, group 1000
01-01 00:02:50.357 0 0 I init : Created socket '/dev/socket/qvrservice_vndr_camera', mode 660, user 1000, group 1000
01-01 00:02:50.414 0 0 I init : starting service 'sxrd'...
08-23 17:44:42.198 5199 5199 F linker : CANNOT LINK EXECUTABLE "/vendor/bin/hw/qvrservice": library "vendor.qti.hardware.qxr-V1-ndk_platform.so" not found: needed by /vendor/lib64/libqvrservice.so in namespace (default)
01-01 00:02:50.438 0 0 I init : Service 'qvrd_vndr' (pid 5199) exited with status 1
01-01 00:02:50.439 0 0 I init : Sending signal 9 to service 'qvrd_vndr' (pid 5199) process group...
01-01 00:02:50.439 0 0 I libprocessgroup: Successfully killed process cgroup uid 1000 pid 5199 in 0ms
08-23 17:44:42.248 5200 5200 F linker : CANNOT LINK EXECUTABLE "/vendor/bin/hw/sxrservice": library "vendor.qti.hardware.qxr-V1-ndk_platform.so" not found: needed by main executable
01-01 00:02:50.489 0 0 I init : Service 'sxrd' (pid 5200) exited with status 1
01-01 00:02:50.489 0 0 I init : Sending signal 9 to service 'sxrd' (pid 5200) process group...
01-01 00:02:50.490 0 0 I libprocessgroup: Successfully killed process cgroup uid 1000 pid 5200 in 1ms
01-01 00:02:50.702 0 0 D : mv2112_read_status
01-01 00:02:50.703 0 0 D mv2112_update_link: 3.0x901(1G): 0x80
01-01 00:02:50.703 0 0 D mv2112_update_link: 3.0x8109(100M): 0x0
01-01 00:02:50.703 0 0 D mv2112_update_link: link 0x0
01-01 00:02:50.703 0 0 D mv2112_read_status: autoneg is disabled
01-01 00:02:51.726 0 0 D : mv2112_read_status
01-01 00:02:51.727 0 0 D mv2112_update_link: 3.0x901(1G): 0x80
01-01 00:02:51.727 0 0 D mv2112_update_link: 3.0x8109(100M): 0x0
01-01 00:02:51.727 0 0 D mv2112_update_link: link 0x0
01-01 00:02:51.727 0 0 D mv2112_read_status: autoneg is disabled
01-01 00:02:52.750 0 0 D : mv2112_read_status
01-01 00:02:52.751 0 0 D mv2112_update_link: 3.0x901(1G): 0x80
01-01 00:02:52.751 0 0 D mv2112_update_link: 3.0x8109(100M): 0x0
01-01 00:02:52.751 0 0 D mv2112_update_link: link 0x0
01-01 00:02:52.751 0 0 D mv2112_read_status: autoneg is disabled
01-01 00:02:53.774 0 0 D : mv2112_read_status
01-01 00:02:53.775 0 0 D mv2112_update_link: 3.0x901(1G): 0x80
01-01 00:02:53.775 0 0 D mv2112_update_link: 3.0x8109(100M): 0x0
01-01 00:02:53.775 0 0 D mv2112_update_link: link 0x0
01-01 00:02:53.775 0 0 D mv2112_read_status: autoneg is disabled
01-01 00:02:54.798 0 0 D : mv2112_read_status
01-01 00:02:54.799 0 0 D mv2112_update_link: 3.0x901(1G): 0x80
01-01 00:02:54.799 0 0 D mv2112_update_link: 3.0x8109(100M): 0x0
01-01 00:02:54.799 0 0 D mv2112_update_link: link 0x0
01-01 00:02:54.799 0 0 D mv2112_read_status: autoneg is disabled
01-01 00:02:55.402 0 0 I init : starting service 'qvrd_vndr'...
01-01 00:02:55.410 0 0 I init : Created socket '/dev/socket/qvrservice_vndr', mode 660, user 1000, group 1000
01-01 00:02:55.417 0 0 I init : Created socket '/dev/socket/qvrservice_vndr_camera', mode 660, user 1000, group 1000
01-01 00:02:55.478 0 0 I init : starting service 'sxrd'...
08-23 17:44:47.259 5333 5333 F linker : CANNOT LINK EXECUTABLE "/vendor/bin/hw/qvrservice": library "vendor.qti.hardware.qxr-V1-ndk_platform.so" not found: needed by /vendor/lib64/libqvrservice.so in namespace (default)
01-01 00:02:55.499 0 0 I init : Service 'qvrd_vndr' (pid 5333) exited with status 1
01-01 00:02:55.500 0 0 I init : Sending signal 9 to service 'qvrd_vndr' (pid 5333) process group...
01-01 00:02:55.500 0 0 I libprocessgroup: Successfully killed process cgroup uid 1000 pid 5333 in 0ms
08-23 17:44:47.308 5334 5334 F linker : CANNOT LINK EXECUTABLE "/vendor/bin/hw/sxrservice": library "vendor.qti.hardware.qxr-V1-ndk_platform.so" not found: needed by main executable
01-01 00:02:55.549 0 0 I init : Service 'sxrd' (pid 5334) exited with status 1
01-01 00:02:55.549 0 0 I init : Sending signal 9 to service 'sxrd' (pid 5334) process group...
01-01 00:02:55.551 0 0 I libprocessgroup: Successfully killed process cgroup uid 1000 pid 5334 in 2ms
01-01 00:02:55.822 0 0 D : mv2112_read_status
01-01 00:02:55.823 0 0 D mv2112_update_link: 3.0x901(1G): 0x80
01-01 00:02:55.823 0 0 D mv2112_update_link: 3.0x8109(100M): 0x0
01-01 00:02:55.823 0 0 D mv2112_update_link: link 0x0
01-01 00:02:55.823 0 0 D mv2112_read_status: autoneg is disabled
01-01 00:02:56.846 0 0 D : mv2112_read_status
01-01 00:02:56.847 0 0 D mv2112_update_link: 3.0x901(1G): 0x80
01-01 00:02:56.847 0 0 D mv2112_update_link: 3.0x8109(100M): 0x0
01-01 00:02:56.847 0 0 D mv2112_update_link: link 0x0
01-01 00:02:56.847 0 0 D mv2112_read_status: autoneg is disabled
01-01 00:02:57.870 0 0 D : mv2112_read_status
01-01 00:02:57.871 0 0 D mv2112_update_link: 3.0x901(1G): 0x80
01-01 00:02:57.871 0 0 D mv2112_update_link: 3.0x8109(100M): 0x0
01-01 00:02:57.871 0 0 D mv2112_update_link: link 0x0
01-01 00:02:57.871 0 0 D mv2112_read_status: autoneg is disabled
01-01 00:02:58.894 0 0 D : mv2112_read_status
01-01 00:02:58.894 0 0 D mv2112_update_link: 3.0x901(1G): 0x80
01-01 00:02:58.897 0 0 D mv2112_update_link: 3.0x8109(100M): 0x0
01-01 00:02:58.897 0 0 D mv2112_update_link: link 0x0
01-01 00:02:58.897 0 0 D mv2112_read_status: autoneg is disabled
01-01 00:02:59.875 0 0 I [schedu][0xcdd7c6cc][17:44:51.636141] wlan: [2484:I:OSIF] scan start scan id 40963
01-01 00:02:59.918 0 0 D : mv2112_read_status
01-01 00:02:59.918 0 0 D mv2112_update_link: 3.0x901(1G): 0x80
01-01 00:02:59.919 0 0 D mv2112_update_link: 3.0x8109(100M): 0x0
01-01 00:02:59.919 0 0 D mv2112_update_link: link 0x0
01-01 00:02:59.919 0 0 D mv2112_read_status: autoneg is disabled
01-01 00:03:00.462 0 0 I init : starting service 'qvrd_vndr'...
01-01 00:03:00.466 0 0 I init : Created socket '/dev/socket/qvrservice_vndr', mode 660, user 1000, group 1000
01-01 00:03:00.469 0 0 I init : Created socket '/dev/socket/qvrservice_vndr_camera', mode 660, user 1000, group 1000
01-01 00:03:00.515 0 0 I init : starting service 'sxrd'...
08-23 17:44:52.324 5473 5473 F linker : CANNOT LINK EXECUTABLE "/vendor/bin/hw/qvrservice": library "vendor.qti.hardware.qxr-V1-ndk_platform.so" not found: needed by /vendor/lib64/libqvrservice.so in namespace (default)
01-01 00:03:00.565 0 0 I init : Service 'qvrd_vndr' (pid 5473) exited with status 1
01-01 00:03:00.565 0 0 I init : Sending signal 9 to service 'qvrd_vndr' (pid 5473) process group...
08-23 17:44:52.328 5474 5474 F linker : CANNOT LINK EXECUTABLE "/vendor/bin/hw/sxrservice": library "vendor.qti.hardware.qxr-V1-ndk_platform.so" not found: needed by main executable
01-01 00:03:00.566 0 0 I libprocessgroup: Successfully killed process cgroup uid 1000 pid 5473 in 1ms
01-01 00:03:00.571 0 0 I init : Service 'sxrd' (pid 5474) exited with status 1
01-01 00:03:00.571 0 0 I init : Sending signal 9 to service 'sxrd' (pid 5474) process group...
01-01 00:03:00.572 0 0 I libprocessgroup: Successfully killed process cgroup uid 1000 pid 5474 in 0ms
01-01 00:03:00.942 0 0 D : mv2112_read_status
01-01 00:03:00.943 0 0 D mv2112_update_link: 3.0x901(1G): 0x80
01-01 00:03:00.943 0 0 D mv2112_update_link: 3.0x8109(100M): 0x0
01-01 00:03:00.943 0 0 D mv2112_update_link: link 0x0
01-01 00:03:00.943 0 0 D mv2112_read_status: autoneg is disabled
01-01 00:03:01.069 0 0 I [schedu][0xcf35a037][17:44:52.830294] wlan: [2484:I:OSIF] vdev 0, scan id 40963 type COMPLETED(1) reason COMPLETED(1) scan found 62 bss
08-23 17:44:53.343 1155 2850 D CompatibilityChangeReporter: Compat change id reported: 149924527; UID 2000; state: ENABLED
08-23 17:44:53.345 1155 2850 D CompatibilityChangeReporter: Compat change id reported: 132649864; UID 2000; state: DISABLED
01-01 00:03:01.591 0 0 I logd : logdr: UID=2000 GID=2000 PID=5475 b tail=0 logMask=99 pid=0 start=0ns deadline=0ns
01-01 00:03:01.965 0 0 D : mv2112_read_status
01-01 00:03:01.965 0 0 D mv2112_update_link: 3.0x901(1G): 0x80
01-01 00:03:01.966 0 0 D mv2112_update_link: 3.0x8109(100M): 0x0
01-01 00:03:01.966 0 0 D mv2112_update_link: link 0x0
01-01 00:03:01.966 0 0 D mv2112_read_status: autoneg is disabled
01-01 00:03:02.990 0 0 D : mv2112_read_status
01-01 00:03:02.990 0 0 D mv2112_update_link: 3.0x901(1G): 0x80
01-01 00:03:02.990 0 0 D mv2112_update_link: 3.0x8109(100M): 0x0
01-01 00:03:02.990 0 0 D mv2112_update_link: link 0x0
01-01 00:03:02.990 0 0 D mv2112_read_status: autoneg is disabled
08-23 17:44:54.820 1155 2858 I ActivityTaskManager: START u0 {act=android.intent.action.MAIN cat=[android.intent.category.LAUNCHER] flg=0x10200000 cmp=com.thundercomm.mcuupgrade/.MainActivity bnds=[932,153][1230,450]} from uid 10087
08-23 17:44:54.833 1155 2858 W ActivityTaskManager: Can't find TaskDisplayArea to determine support for multi window. Task id=46 attached=false
08-23 17:44:54.837 1155 2858 D CompatibilityChangeReporter: Compat change id reported: 174042980; UID 1000; state: DISABLED
08-23 17:44:54.845 1885 2081 D PhoneStartingWindowTypeAlgorithm: preferredStartingWindowType newTask:true taskSwitch:true processRunning:false allowTaskSnapshot:true activityCreated:false useEmptySplashScreen:false legacySplashScreen:false topIsHome:false
08-23 17:44:54.845 1885 2081 D StartingSurfaceDrawer: addSplashScreen com.thundercomm.mcuupgrade theme=7f0f01f2 task=46 suggestType=1
08-23 17:44:54.857 1885 2086 D StartingSurfaceDrawer: window attributes color: 0 icon null duration 0 brandImage null
08-23 17:44:54.861 1885 2086 D StartingSurfaceDrawer: The icon is not an AdaptiveIconDrawable
08-23 17:44:54.872 1885 2086 D StartingSurfaceDrawer: fillViewWithIcon surfaceWindowView android.window.SplashScreenView{b399771 V.E...... ......ID 0,0-0,0}
08-23 17:44:54.895 1155 1219 D CompatibilityChangeReporter: Compat change id reported: 135634846; UID 1000; state: DISABLED
08-23 17:44:54.895 1155 1219 D CompatibilityChangeReporter: Compat change id reported: 177438394; UID 1000; state: DISABLED
08-23 17:44:54.899 1155 1219 D CompatibilityChangeReporter: Compat change id reported: 135772972; UID 1000; state: DISABLED
08-23 17:44:54.899 1155 1219 D CompatibilityChangeReporter: Compat change id reported: 135754954; UID 1000; state: ENABLED
01-01 00:03:03.163 0 0 I afe_find_cal_topo_id_by_port: port id: 0x9000, dev_acdb_id: 0
01-01 00:03:03.163 0 0 I afe_find_cal_topo_id_by_port: top_id:112fc acdb_id:15 afe_port:0x9000
01-01 00:03:03.163 0 0 I afe_get_cal_topology_id: port_id = 0x9000 acdb_id = 15 topology_id = 0x112fc cal_type_index=8 ret=0
01-01 00:03:03.168 0 0 I afe_send_port_topology_id: AFE set topology id 0x112fc enable for port 0x9000 ret 0
01-01 00:03:03.168 0 0 I send_afe_cal_type: cal_index is 0
01-01 00:03:03.168 0 0 I send_afe_cal_type: dev_acdb_id[55] is 0
01-01 00:03:03.168 0 0 I send_afe_cal_type: Sending cal_index cal 0
01-01 00:03:03.168 0 0 E send_afe_cal_type: No cal sent for cal_index 0, port_id = 0x9000! ret -22
01-01 00:03:03.177 0 0 I afe_send_hw_delay: port_id 0x9000 rate 48000 delay_usec 474 status 0
08-23 17:44:54.947 1155 1232 W ActivityManager: Slow operation: 52ms so far, now at startProcess: returned from zygote!
08-23 17:44:54.947 1155 1232 W ActivityManager: Slow operation: 53ms so far, now at startProcess: done updating battery stats
08-23 17:44:54.947 1155 1232 W ActivityManager: Slow operation: 53ms so far, now at startProcess: building log message
08-23 17:44:54.947 1155 1232 I ActivityManager: Start proc 5481:com.thundercomm.mcuupgrade/1000 for pre-top-activity {com.thundercomm.mcuupgrade/com.thundercomm.mcuupgrade.MainActivity}
08-23 17:44:54.947 1155 1232 W ActivityManager: Slow operation: 53ms so far, now at startProcess: starting to update pids map
08-23 17:44:54.948 1155 1232 W ActivityManager: Slow operation: 53ms so far, now at startProcess: done updating pids map
08-23 17:44:54.949 1155 5482 W ContextImpl: Calling a method in the system process without a qualified user: android.app.ContextImpl.sendBroadcast:1173 com.qualcomm.qti.Performance$SendGameLaunchBroadcast.run:217 java.lang.Thread.run:920
01-01 00:03:03.231 0 0 I binder : 5481:5481 ioctl 40046210 7fd97147c4 returned -22
08-23 17:44:55.013 1155 2029 D CompatibilityChangeReporter: Compat change id reported: 181136395; UID 1000; state: DISABLED
08-23 17:44:55.014 1155 2029 D CompatibilityChangeReporter: Compat change id reported: 174042936; UID 1000; state: DISABLED
01-01 00:03:03.445 0 0 I binder : 5481:5498 ioctl 40046210 70194271f4 returned -22
08-23 17:44:55.252 1885 2081 D StartingSurfaceDrawer: Task start finish, remove starting surface for task 46
08-23 17:44:55.252 1885 2081 V StartingSurfaceDrawer: Removing splash screen window for task: 46
01-01 00:03:04.013 0 0 D : mv2112_read_status
01-01 00:03:04.013 0 0 D mv2112_update_link: 3.0x901(1G): 0x80
01-01 00:03:04.014 0 0 D mv2112_update_link: 3.0x8109(100M): 0x0
01-01 00:03:04.014 0 0 D mv2112_update_link: link 0x0
01-01 00:03:04.014 0 0 D mv2112_read_status: autoneg is disabled
01-01 00:03:05.038 0 0 D : mv2112_read_status
01-01 00:03:05.039 0 0 D mv2112_update_link: 3.0x901(1G): 0x80
01-01 00:03:05.039 0 0 D mv2112_update_link: 3.0x8109(100M): 0x0
01-01 00:03:05.039 0 0 D mv2112_update_link: link 0x0
01-01 00:03:05.039 0 0 D mv2112_read_status: autoneg is disabled
01-01 00:03:05.508 0 0 I init : starting service 'qvrd_vndr'...
01-01 00:03:05.517 0 0 I init : Created socket '/dev/socket/qvrservice_vndr', mode 660, user 1000, group 1000
01-01 00:03:05.523 0 0 I init : Created socket '/dev/socket/qvrservice_vndr_camera', mode 660, user 1000, group 1000
01-01 00:03:05.583 0 0 I init : starting service 'sxrd'...
08-23 17:44:57.381 5653 5653 F linker : CANNOT LINK EXECUTABLE "/vendor/bin/hw/qvrservice": library "vendor.qti.hardware.qxr-V1-ndk_platform.so" not found: needed by /vendor/lib64/libqvrservice.so in namespace (default)
01-01 00:03:05.622 0 0 I init : Service 'qvrd_vndr' (pid 5653) exited with status 1
01-01 00:03:05.622 0 0 I init : Sending signal 9 to service 'qvrd_vndr' (pid 5653) process group...
01-01 00:03:05.623 0 0 I libprocessgroup: Successfully killed process cgroup uid 1000 pid 5653 in 0ms
08-23 17:44:57.413 5654 5654 F linker : CANNOT LINK EXECUTABLE "/vendor/bin/hw/sxrservice": library "vendor.qti.hardware.qxr-V1-ndk_platform.so" not found: needed by main executable
01-01 00:03:05.654 0 0 I init : Service 'sxrd' (pid 5654) exited with status 1
01-01 00:03:05.654 0 0 I init : Sending signal 9 to service 'sxrd' (pid 5654) process group...
01-01 00:03:05.655 0 0 I libprocessgroup: Successfully killed process cgroup uid 1000 pid 5654 in 0ms
01-01 00:03:06.062 0 0 D : mv2112_read_status
01-01 00:03:06.063 0 0 D mv2112_update_link: 3.0x901(1G): 0x80
01-01 00:03:06.063 0 0 D mv2112_update_link: 3.0x8109(100M): 0x0
01-01 00:03:06.063 0 0 D mv2112_update_link: link 0x0
01-01 00:03:06.063 0 0 D mv2112_read_status: autoneg is disabled
01-01 00:03:06.513 0 0 I afe_close: port_id = 0x9000
01-01 00:03:07.086 0 0 D : mv2112_read_status
01-01 00:03:07.087 0 0 D mv2112_update_link: 3.0x901(1G): 0x80
01-01 00:03:07.087 0 0 D mv2112_update_link: 3.0x8109(100M): 0x0
01-01 00:03:07.087 0 0 D mv2112_update_link: link 0x0
01-01 00:03:07.087 0 0 D mv2112_read_status: autoneg is disabled
08-23 17:44:58.914 1155 2805 E TaskPersister: File error accessing recents directory (directory doesn't exist?).
01-01 00:03:08.110 0 0 D : mv2112_read_status
01-01 00:03:08.111 0 0 D mv2112_update_link: 3.0x901(1G): 0x80
01-01 00:03:08.111 0 0 D mv2112_update_link: 3.0x8109(100M): 0x0
01-01 00:03:08.111 0 0 D mv2112_update_link: link 0x0
01-01 00:03:08.111 0 0 D mv2112_read_status: autoneg is disabled
08-23 17:45:00.687 5481 5481 W ContextImpl: Calling a method in the system process without a qualified user: android.app.ContextImpl.bindService:1895 android.content.ContextWrapper.bindService:810 android.content.ContextWrapper.bindService:810 com.thundercomm.mcuupgrade.MainActivity.lambda$initView$0:47 com.thundercomm.mcuupgrade.MainActivity.$r8$lambda$wwqbwNWQnCaZO29NaTJsrVmVDvI:0
01-01 00:03:08.973 0 0 I afe_find_cal_topo_id_by_port: port id: 0x9000, dev_acdb_id: 0
01-01 00:03:08.973 0 0 I afe_find_cal_topo_id_by_port: top_id:112fc acdb_id:15 afe_port:0x9000
01-01 00:03:08.973 0 0 I afe_get_cal_topology_id: port_id = 0x9000 acdb_id = 15 topology_id = 0x112fc cal_type_index=8 ret=0
01-01 00:03:08.974 0 0 I afe_send_port_topology_id: AFE set topology id 0x112fc enable for port 0x9000 ret 0
01-01 00:03:08.974 0 0 I send_afe_cal_type: cal_index is 0
01-01 00:03:08.974 0 0 I send_afe_cal_type: dev_acdb_id[55] is 0
01-01 00:03:08.974 0 0 I send_afe_cal_type: Sending cal_index cal 0
01-01 00:03:08.974 0 0 E send_afe_cal_type: No cal sent for cal_index 0, port_id = 0x9000! ret -22
01-01 00:03:08.983 0 0 I afe_send_hw_delay: port_id 0x9000 rate 48000 delay_usec 474 status 0
08-23 17:45:00.697 5481 5481 W ContextImpl: Calling a method in the system process without a qualified user: android.app.ContextImpl.bindService:1895 android.content.ContextWrapper.bindService:810 ts.car.uart.sdk.UartService.connectToService:89 com.thundercomm.mcuupgrade.update.MCUUpdate.:192 com.thundercomm.mcuupgrade.McuService.init:81
08-23 17:45:00.716 5481 5481 W ContextImpl: Calling a method in the system process without a qualified user: android.app.ContextImpl.sendBroadcast:1173 android.content.ContextWrapper.sendBroadcast:479 com.thundercomm.mcuupgrade.update.MCUUpdate.noticeMpu:237 com.thundercomm.mcuupgrade.update.MCUUpdate.access$100:20 com.thundercomm.mcuupgrade.update.MCUUpdate$1.onRegisterUartFinished:53
08-23 17:45:00.720 1155 1231 I DropBoxManagerService: add tag=system_server_wtf isTagEnabled=true flags=0x2
08-23 17:45:00.743 1155 1231 I DropBoxManagerService: add tag=system_server_wtf isTagEnabled=true flags=0x2
01-01 00:03:09.136 0 0 D : mv2112_read_status
01-01 00:03:09.137 0 0 D mv2112_update_link: 3.0x901(1G): 0x80
01-01 00:03:09.137 0 0 D mv2112_update_link: 3.0x8109(100M): 0x0
01-01 00:03:09.137 0 0 D mv2112_update_link: link 0x0
01-01 00:03:09.137 0 0 D mv2112_read_status: autoneg is disabled
01-01 00:03:10.158 0 0 D : mv2112_read_status
01-01 00:03:10.158 0 0 D mv2112_update_link: 3.0x901(1G): 0x80
01-01 00:03:10.159 0 0 D mv2112_update_link: 3.0x8109(100M): 0x0
01-01 00:03:10.159 0 0 D mv2112_update_link: link 0x0
01-01 00:03:10.159 0 0 D mv2112_read_status: autoneg is disabled
01-01 00:03:10.571 0 0 I init : starting service 'qvrd_vndr'...
01-01 00:03:10.577 0 0 I init : Created socket '/dev/socket/qvrservice_vndr', mode 660, user 1000, group 1000
01-01 00:03:10.581 0 0 I init : Created socket '/dev/socket/qvrservice_vndr_camera', mode 660, user 1000, group 1000
01-01 00:03:10.650 0 0 I init : starting service 'sxrd'...
08-23 17:45:02.438 5805 5805 F linker : CANNOT LINK EXECUTABLE "/vendor/bin/hw/qvrservice": library "vendor.qti.hardware.qxr-V1-ndk_platform.so" not found: needed by /vendor/lib64/libqvrservice.so in namespace (default)
01-01 00:03:10.678 0 0 I init : Service 'qvrd_vndr' (pid 5805) exited with status 1
01-01 00:03:10.678 0 0 I init : Sending signal 9 to service 'qvrd_vndr' (pid 5805) process group...
01-01 00:03:10.678 0 0 I libprocessgroup: Successfully killed process cgroup uid 1000 pid 5805 in 0ms
08-23 17:45:02.489 5806 5806 F linker : CANNOT LINK EXECUTABLE "/vendor/bin/hw/sxrservice": library "vendor.qti.hardware.qxr-V1-ndk_platform.so" not found: needed by main executable
01-01 00:03:10.730 0 0 I init : Service 'sxrd' (pid 5806) exited with status 1
01-01 00:03:10.731 0 0 I init : Sending signal 9 to service 'sxrd' (pid 5806) process group...
01-01 00:03:10.732 0 0 I libprocessgroup: Successfully killed process cgroup uid 1000 pid 5806 in 1ms
01-01 00:03:11.182 0 0 D : mv2112_read_status
01-01 00:03:11.183 0 0 D mv2112_update_link: 3.0x901(1G): 0x80
01-01 00:03:11.183 0 0 D mv2112_update_link: 3.0x8109(100M): 0x0
01-01 00:03:11.183 0 0 D mv2112_update_link: link 0x0
01-01 00:03:11.183 0 0 D mv2112_read_status: autoneg is disabled
01-01 00:03:12.206 0 0 D : mv2112_read_status
01-01 00:03:12.206 0 0 D mv2112_update_link: 3.0x901(1G): 0x80
01-01 00:03:12.207 0 0 D mv2112_update_link: 3.0x8109(100M): 0x0
01-01 00:03:12.207 0 0 D mv2112_update_link: link 0x0
01-01 00:03:12.207 0 0 D mv2112_read_status: autoneg is disabled
01-01 00:03:12.331 0 0 I afe_close: port_id = 0x9000
01-01 00:03:13.230 0 0 D : mv2112_read_status
01-01 00:03:13.230 0 0 D mv2112_update_link: 3.0x901(1G): 0x80
01-01 00:03:13.231 0 0 D mv2112_update_link: 3.0x8109(100M): 0x0
01-01 00:03:13.231 0 0 D mv2112_update_link: link 0x0
01-01 00:03:13.231 0 0 D mv2112_read_status: autoneg is disabled
01-01 00:03:14.253 0 0 D : mv2112_read_status
01-01 00:03:14.254 0 0 D mv2112_update_link: 3.0x901(1G): 0x80
01-01 00:03:14.254 0 0 D mv2112_update_link: 3.0x8109(100M): 0x0
01-01 00:03:14.254 0 0 D mv2112_update_link: link 0x0
01-01 00:03:14.254 0 0 D mv2112_read_status: autoneg is disabled
01-01 00:03:15.278 0 0 D : mv2112_read_status
01-01 00:03:15.279 0 0 D mv2112_update_link: 3.0x901(1G): 0x80
01-01 00:03:15.279 0 0 D mv2112_update_link: 3.0x8109(100M): 0x0
01-01 00:03:15.279 0 0 D mv2112_update_link: link 0x0
01-01 00:03:15.279 0 0 D mv2112_read_status: autoneg is disabled
01-01 00:03:15.639 0 0 I init : starting service 'qvrd_vndr'...
01-01 00:03:15.647 0 0 I init : Created socket '/dev/socket/qvrservice_vndr', mode 660, user 1000, group 1000
01-01 00:03:15.654 0 0 I init : Created socket '/dev/socket/qvrservice_vndr_camera', mode 660, user 1000, group 1000
01-01 00:03:15.719 0 0 I init : starting service 'sxrd'...
08-23 17:45:07.499 5961 5961 F linker : CANNOT LINK EXECUTABLE "/vendor/bin/hw/qvrservice": library "vendor.qti.hardware.qxr-V1-ndk_platform.so" not found: needed by /vendor/lib64/libqvrservice.so in namespace (default)
01-01 00:03:15.739 0 0 I init : Service 'qvrd_vndr' (pid 5961) exited with status 1
01-01 00:03:15.739 0 0 I init : Sending signal 9 to service 'qvrd_vndr' (pid 5961) process group...
01-01 00:03:15.740 0 0 I libprocessgroup: Successfully killed process cgroup uid 1000 pid 5961 in 0ms
08-23 17:45:07.548 5962 5962 F linker : CANNOT LINK EXECUTABLE "/vendor/bin/hw/sxrservice": library "vendor.qti.hardware.qxr-V1-ndk_platform.so" not found: needed by main executable
01-01 00:03:15.789 0 0 I init : Service 'sxrd' (pid 5962) exited with status 1
01-01 00:03:15.789 0 0 I init : Sending signal 9 to service 'sxrd' (pid 5962) process group...
01-01 00:03:15.792 0 0 I libprocessgroup: Successfully killed process cgroup uid 1000 pid 5962 in 2ms
01-01 00:03:16.302 0 0 D : mv2112_read_status
01-01 00:03:16.303 0 0 D mv2112_update_link: 3.0x901(1G): 0x80
01-01 00:03:16.303 0 0 D mv2112_update_link: 3.0x8109(100M): 0x0
01-01 00:03:16.303 0 0 D mv2112_update_link: link 0x0
01-01 00:03:16.303 0 0 D mv2112_read_status: autoneg is disabled
01-01 00:03:17.326 0 0 D : mv2112_read_status
01-01 00:03:17.327 0 0 D mv2112_update_link: 3.0x901(1G): 0x80
01-01 00:03:17.327 0 0 D mv2112_update_link: 3.0x8109(100M): 0x0
01-01 00:03:17.327 0 0 D mv2112_update_link: link 0x0
01-01 00:03:17.327 0 0 D mv2112_read_status: autoneg is disabled
01-01 00:03:18.350 0 0 D : mv2112_read_status
01-01 00:03:18.351 0 0 D mv2112_update_link: 3.0x901(1G): 0x80
01-01 00:03:18.351 0 0 D mv2112_update_link: 3.0x8109(100M): 0x0
01-01 00:03:18.351 0 0 D mv2112_update_link: link 0x0
01-01 00:03:18.351 0 0 D mv2112_read_status: autoneg is disabled
01-01 00:03:19.374 0 0 D : mv2112_read_status
01-01 00:03:19.374 0 0 D mv2112_update_link: 3.0x901(1G): 0x80
01-01 00:03:19.375 0 0 D mv2112_update_link: 3.0x8109(100M): 0x0
01-01 00:03:19.375 0 0 D mv2112_update_link: link 0x0
01-01 00:03:19.375 0 0 D mv2112_read_status: autoneg is disabled
01-01 00:03:20.398 0 0 D : mv2112_read_status
01-01 00:03:20.398 0 0 D mv2112_update_link: 3.0x901(1G): 0x80
01-01 00:03:20.399 0 0 D mv2112_update_link: 3.0x8109(100M): 0x0
01-01 00:03:20.399 0 0 D mv2112_update_link: link 0x0
01-01 00:03:20.399 0 0 D mv2112_read_status: autoneg is disabled
01-01 00:03:20.707 0 0 I init : starting service 'qvrd_vndr'...
01-01 00:03:20.715 0 0 I init : Created socket '/dev/socket/qvrservice_vndr', mode 660, user 1000, group 1000
01-01 00:03:20.721 0 0 I init : Created socket '/dev/socket/qvrservice_vndr_camera', mode 660, user 1000, group 1000
01-01 00:03:20.780 0 0 I init : starting service 'sxrd'...
08-23 17:45:12.578 6122 6122 F linker : CANNOT LINK EXECUTABLE "/vendor/bin/hw/qvrservice": library "vendor.qti.hardware.qxr-V1-ndk_platform.so" not found: needed by /vendor/lib64/libqvrservice.so in namespace (default)
01-01 00:03:20.820 0 0 I init : Service 'qvrd_vndr' (pid 6122) exited with status 1
01-01 00:03:20.820 0 0 I init : Sending signal 9 to service 'qvrd_vndr' (pid 6122) process group...
01-01 00:03:20.820 0 0 I libprocessgroup: Successfully killed process cgroup uid 1000 pid 6122 in 0ms
08-23 17:45:12.613 6123 6123 F linker : CANNOT LINK EXECUTABLE "/vendor/bin/hw/sxrservice": library "vendor.qti.hardware.qxr-V1-ndk_platform.so" not found: needed by main executable
01-01 00:03:20.854 0 0 I init : Service 'sxrd' (pid 6123) exited with status 1
01-01 00:03:20.854 0 0 I init : Sending signal 9 to service 'sxrd' (pid 6123) process group...
01-01 00:03:20.856 0 0 I libprocessgroup: Successfully killed process cgroup uid 1000 pid 6123 in 1ms
01-01 00:03:21.422 0 0 D : mv2112_read_status
01-01 00:03:21.422 0 0 D mv2112_update_link: 3.0x901(1G): 0x80
01-01 00:03:21.423 0 0 D mv2112_update_link: 3.0x8109(100M): 0x0
01-01 00:03:21.423 0 0 D mv2112_update_link: link 0x0
01-01 00:03:21.423 0 0 D mv2112_read_status: autoneg is disabled
01-01 00:03:21.440 0 0 I afe_find_cal_topo_id_by_port: port id: 0x9000, dev_acdb_id: 0
01-01 00:03:21.440 0 0 I afe_find_cal_topo_id_by_port: top_id:112fc acdb_id:15 afe_port:0x9000
01-01 00:03:21.440 0 0 I afe_get_cal_topology_id: port_id = 0x9000 acdb_id = 15 topology_id = 0x112fc cal_type_index=8 ret=0
01-01 00:03:21.441 0 0 I afe_send_port_topology_id: AFE set topology id 0x112fc enable for port 0x9000 ret 0
01-01 00:03:21.441 0 0 I send_afe_cal_type: cal_index is 0
01-01 00:03:21.441 0 0 I send_afe_cal_type: dev_acdb_id[55] is 0
01-01 00:03:21.441 0 0 I send_afe_cal_type: Sending cal_index cal 0
01-01 00:03:21.441 0 0 E send_afe_cal_type: No cal sent for cal_index 0, port_id = 0x9000! ret -22
01-01 00:03:21.450 0 0 I afe_send_hw_delay: port_id 0x9000 rate 48000 delay_usec 474 status 0
08-23 17:45:13.350 1155 2055 D CompatibilityChangeReporter: Compat change id reported: 149924527; UID 1000; state: ENABLED
08-23 17:45:13.351 1155 2055 D CompatibilityChangeReporter: Compat change id reported: 132649864; UID 1000; state: DISABLED
08-23 17:45:13.452 5481 5496 W ContextImpl: Calling a method in the system process without a qualified user: android.app.ContextImpl.sendBroadcast:1173 android.content.ContextWrapper.sendBroadcast:479 com.thundercomm.mcuupgrade.update.MCUUpdate.noticeMpu:230 com.thundercomm.mcuupgrade.update.MCUUpdate.access$900:20 com.thundercomm.mcuupgrade.update.MCUUpdate$1.onMessage:115
08-23 17:45:13.459 1155 1231 I DropBoxManagerService: add tag=system_server_wtf isTagEnabled=true flags=0x2
08-23 17:45:13.467 1155 1231 I DropBoxManagerService: add tag=system_server_wtf isTagEnabled=true flags=0x2
08-23 17:45:13.592 5481 5496 W ContextImpl: Calling a method in the system process without a qualified user: android.app.ContextImpl.sendBroadcast:1173 android.content.ContextWrapper.sendBroadcast:479 com.thundercomm.mcuupgrade.update.MCUUpdate.noticeMpu:230 com.thundercomm.mcuupgrade.update.MCUUpdate.access$900:20 com.thundercomm.mcuupgrade.update.MCUUpdate$1.onMessage:115
08-23 17:45:13.599 1155 1231 I DropBoxManagerService: add tag=system_server_wtf isTagEnabled=true flags=0x2
08-23 17:45:13.607 1155 1231 I DropBoxManagerService: add tag=system_server_wtf isTagEnabled=true flags=0x2
08-23 17:45:13.747 5481 5496 W ContextImpl: Calling a method in the system process without a qualified user: android.app.ContextImpl.sendBroadcast:1173 android.content.ContextWrapper.sendBroadcast:479 com.thundercomm.mcuupgrade.update.MCUUpdate.noticeMpu:230 com.thundercomm.mcuupgrade.update.MCUUpdate.access$900:20 com.thundercomm.mcuupgrade.update.MCUUpdate$1.onMessage:115
08-23 17:45:13.753 1155 1231 I DropBoxManagerService: add tag=system_server_wtf isTagEnabled=true flags=0x2
08-23 17:45:13.903 5481 5496 W ContextImpl: Calling a method in the system process without a qualified user: android.app.ContextImpl.sendBroadcast:1173 android.content.ContextWrapper.sendBroadcast:479 com.thundercomm.mcuupgrade.update.MCUUpdate.noticeMpu:230 com.thundercomm.mcuupgrade.update.MCUUpdate.access$900:20 com.thundercomm.mcuupgrade.update.MCUUpdate$1.onMessage:115
08-23 17:45:14.067 5481 5496 W ContextImpl: Calling a method in the system process without a qualified user: android.app.ContextImpl.sendBroadcast:1173 android.content.ContextWrapper.sendBroadcast:479 com.thundercomm.mcuupgrade.update.MCUUpdate.noticeMpu:230 com.thundercomm.mcuupgrade.update.MCUUpdate.access$900:20 com.thundercomm.mcuupgrade.update.MCUUpdate$1.onMessage:115
01-01 00:03:22.446 0 0 D : mv2112_read_status
01-01 00:03:22.446 0 0 D mv2112_update_link: 3.0x901(1G): 0x80
01-01 00:03:22.447 0 0 D mv2112_update_link: 3.0x8109(100M): 0x0
01-01 00:03:22.447 0 0 D mv2112_update_link: link 0x0
01-01 00:03:22.447 0 0 D mv2112_read_status: autoneg is disabled
08-23 17:45:14.222 5481 5496 W ContextImpl: Calling a method in the system process without a qualified user: android.app.ContextImpl.sendBroadcast:1173 android.content.ContextWrapper.sendBroadcast:479 com.thundercomm.mcuupgrade.update.MCUUpdate.noticeMpu:230 com.thundercomm.mcuupgrade.update.MCUUpdate.access$900:20 com.thundercomm.mcuupgrade.update.MCUUpdate$1.onMessage:115
08-23 17:45:14.380 5481 5496 W ContextImpl: Calling a method in the system process without a qualified user: android.app.ContextImpl.sendBroadcast:1173 android.content.ContextWrapper.sendBroadcast:479 com.thundercomm.mcuupgrade.update.MCUUpdate.noticeMpu:230 com.thundercomm.mcuupgrade.update.MCUUpdate.access$900:20 com.thundercomm.mcuupgrade.update.MCUUpdate$1.onMessage:115
08-23 17:45:14.543 5481 5496 W ContextImpl: Calling a method in the system process without a qualified user: android.app.ContextImpl.sendBroadcast:1173 android.content.ContextWrapper.sendBroadcast:479 com.thundercomm.mcuupgrade.update.MCUUpdate.noticeMpu:230 com.thundercomm.mcuupgrade.update.MCUUpdate.access$900:20 com.thundercomm.mcuupgrade.update.MCUUpdate$1.onMessage:115
08-23 17:45:14.695 5481 5496 W ContextImpl: Calling a method in the system process without a qualified user: android.app.ContextImpl.sendBroadcast:1173 android.content.ContextWrapper.sendBroadcast:479 com.thundercomm.mcuupgrade.update.MCUUpdate.noticeMpu:230 com.thundercomm.mcuupgrade.update.MCUUpdate.access$900:20 com.thundercomm.mcuupgrade.update.MCUUpdate$1.onMessage:115
