01-01 00:01:11.902 0 0 D cnss : IOMMU map: iova b0001000, len 4096
01-01 00:01:11.902 0 0 D cnss : IOMMU map: iova_addr b0001018
08-23 17:43:03.667 1155 1219 D StorageManagerService: unlockUserKey: 0 isFileEncryptedNativeOrEmulated: true hasToken: false hasSecret: false
08-23 17:43:03.670 561 561 D vold : fscrypt_unlock_user_key 0 serial=0
08-23 17:43:03.677 561 561 D vold : Trying user CE key /data/misc/vold/user_keys/ce/0/current
01-01 00:01:11.908 0 0 E [kworke][0x5248f946][17:43:03.669666] wlan: [8:E:TXRX] dp_rxdma_ring_config: 5022: DBS enabled max_mac_rings 2
01-01 00:01:11.920 0 0 E [kworke][0x524c5987][17:43:03.681190] wlan: [8:E:TXRX] dp_rxdma_ring_config: 5033: pdev_id 0 max_mac_rings 2
01-01 00:01:11.934 0 0 E [kworke][0x52505963][17:43:03.694843] wlan: [8:E:TXRX] dp_rxdma_ring_config: 5050: mac_id 0
01-01 00:01:11.943 0 0 W QSEECOM : __qseecom_unload_app: App (7) is unloaded
01-01 00:01:11.944 0 0 E [kworke][0x52536038][17:43:03.705172] wlan: [8:E:TXRX] dp_rxdma_ring_config: 5050: mac_id 1
01-01 00:01:11.944 0 0 D qbt : qbt_release: entry minor_no=0 fd_available=0
01-01 00:01:11.954 0 0 D qbt : qbt_release: Releasing wakelock
01-01 00:01:11.954 0 0 D qbt : qbt_release: exit : fd_available=1
01-01 00:01:11.954 0 0 D qbt : qbt_release: entry minor_no=1 fd_available=1
01-01 00:01:11.954 0 0 D qbt : qbt_release: exit : fd_available=1
01-01 00:01:11.954 0 0 I [kworke][0x52566eff][17:43:03.715609] wlan: [8:I:POLICY_MGR] policy_mgr_update_5g_scc_prefer: 398: overwrite pm_second_connection_pcl_dbs_2x2_table, index 2 mode 3 system prefer 0 new pcl 6
01-01 00:01:11.954 0 0 I [kworke][0x52566faf][17:43:03.715618] wlan: [8:I:POLICY_MGR] policy_mgr_update_5g_scc_prefer: 404: overwrite pm_second_connection_pcl_dbs_2x2_table, index 3 mode 3 system prefer 0 new pcl 6
08-23 17:43:03.716 1155 1155 W Looper : Slow dispatch took 359ms main h=android.os.Handler c=com.android.server.biometrics.sensors.fingerprint.hidl.Fingerprint21$$ExternalSyntheticLambda2@f4b843d m=0
08-23 17:43:03.716 1155 1155 D BiometricScheduler/Fingerprint21: [Added] {[1] FingerprintUpdateActiveUserClient, proto=1, owner=android, cookie=0, requestId=-1, userId=0}, new queue size: 1
08-23 17:43:03.716 1155 1155 V BiometricScheduler/Fingerprint21: Not idle, current operation: {[0] FingerprintUpdateActiveUserClient, proto=1, owner=android, cookie=0, requestId=-1, userId=0}, State: 2
08-23 17:43:03.717 1155 1155 D BiometricScheduler/Fingerprint21: [Added] {[2] FingerprintInternalCleanupClient, proto=7, owner=android, cookie=0, requestId=-1, userId=0}, new queue size: 2
08-23 17:43:03.717 1155 1155 V BiometricScheduler/Fingerprint21: Not idle, current operation: {[0] FingerprintUpdateActiveUserClient, proto=1, owner=android, cookie=0, requestId=-1, userId=0}, State: 2
08-23 17:43:03.717 1155 1155 W Looper : Slow delivery took 359ms main h=android.os.Handler c=com.android.server.biometrics.sensors.fingerprint.hidl.Fingerprint21$$ExternalSyntheticLambda12@ffc0583 m=0
08-23 17:43:03.723 561 561 D vold : Successfully retrieved key
08-23 17:43:03.725 1155 1155 D BiometricScheduler/Fingerprint21: [Finishing] {[0] FingerprintUpdateActiveUserClient, proto=1, owner=android, cookie=0, requestId=-1, userId=0}, success: true
08-23 17:43:03.725 1155 1155 D BiometricScheduler/Fingerprint21: [Polled] {[1] FingerprintUpdateActiveUserClient, proto=1, owner=android, cookie=0, requestId=-1, userId=0}, State: 0
08-23 17:43:03.726 1155 1155 D BiometricScheduler/Fingerprint21: [Starting] {[1] FingerprintUpdateActiveUserClient, proto=1, owner=android, cookie=0, requestId=-1, userId=0}, State: 0
08-23 17:43:03.726 1155 1155 D BiometricScheduler/Fingerprint21: [Started] {[1] FingerprintUpdateActiveUserClient, proto=1, owner=android, cookie=0, requestId=-1, userId=0}
01-01 00:01:11.955 0 0 E [kworke][0x52569fbb][17:43:03.716259] wlan: [8:E:REGULATORY] reg_freq_width_to_chan_op_class: 512: no op class for frequency 5745
01-01 00:01:11.967 0 0 D qbt : qbt_open: entry minor_no=0 fd_available=1
01-01 00:01:11.968 0 0 D qbt : qbt_open: exit : 0 fd_available=0
01-01 00:01:11.968 0 0 D qbt : qbt_open: entry minor_no=1 fd_available=0
01-01 00:01:11.968 0 0 D qbt : qbt_open: exit : 0 fd_available=0
01-01 00:01:11.968 0 0 D qbt : qbt_ioctl: cmd received 107
01-01 00:01:11.968 0 0 D qbt : qbt_ioctl: Acquiring wakelock
01-01 00:01:11.969 0 0 I [kworke][0x525aaec6][17:43:03.730113] wlan: [8:I:HIF] hif_pm_runtime_start: Enabling RUNTIME PM, Delay: 500 ms
01-01 00:01:11.972 0 0 I : Boot completed
01-01 00:01:11.995 0 0 E cnss_utils: WLAN MAC address is not set, type 0
01-01 00:01:12.001 0 0 W cnss_pci 0000: 01:00.0: Falling back to syfs fallback for: wlan/qca_cld/qca6390/wlan_mac.bin
08-23 17:43:03.766 561 561 D vold : Installed fscrypt key with ref 4877f78d81be1feac0b6964b37220ea3 to /data
08-23 17:43:03.766 561 561 D vold : Added fscrypt-provisioning key for 4877f78d81be1feac0b6964b37220ea3 to session keyring
08-23 17:43:03.766 561 561 D vold : Installed ce key for user 0
01-01 00:01:12.007 0 0 W QSEECOM : qseecom_load_app: App (fingerpr) does'nt exist, loading apps for first time
08-23 17:43:03.777 1155 1219 W ActivityManager: UserLifecycleEvent 5 received without an active userJourneySession.
08-23 17:43:03.777 1155 1219 D ActivityManager: Started unlocking user 0
08-23 17:43:03.777 1155 1219 D ActivityManager: Unlocking user 0 progress 0
08-23 17:43:03.777 1155 1219 D ActivityManager: Unlocking user 0 progress 5
08-23 17:43:03.779 1155 1219 D ActivityManagerTiming: FinishBooting took to complete: 291ms
08-23 17:43:03.784 561 561 D vold : fscrypt_prepare_user_storage for volume null, user 0, serial 0, flags 2
08-23 17:43:03.784 561 561 D vold : Preparing: /data/system_ce/0
08-23 17:43:03.784 561 561 D vold : Preparing: /data/misc_ce/0
08-23 17:43:03.784 561 561 D vold : Preparing: /data/vendor_ce/0
08-23 17:43:03.786 561 561 D vold : Preparing: /data/media/0
08-23 17:43:03.787 561 561 D vold : Preparing: /data/data
08-23 17:43:03.788 561 561 I vold : Verified that /data/system_ce/0 has the encryption policy 4877f78d81be1feac0b6964b37220ea3 v2 modes 1/4 flags 0xa
08-23 17:43:03.788 561 561 I vold : Verified that /data/misc_ce/0 has the encryption policy 4877f78d81be1feac0b6964b37220ea3 v2 modes 1/4 flags 0xa
08-23 17:43:03.788 561 561 I vold : Verified that /data/vendor_ce/0 has the encryption policy 4877f78d81be1feac0b6964b37220ea3 v2 modes 1/4 flags 0xa
08-23 17:43:03.788 561 561 I vold : Verified that /data/media/0 has the encryption policy 4877f78d81be1feac0b6964b37220ea3 v2 modes 1/4 flags 0xa
08-23 17:43:03.788 561 561 I vold : Verified that /data/data has the encryption policy 4877f78d81be1feac0b6964b37220ea3 v2 modes 1/4 flags 0xa
08-23 17:43:03.788 561 561 D vold : Starting restorecon of /data/system_ce/0
08-23 17:43:03.789 1155 1218 I DropBoxManagerService: add tag=system_server_strictmode isTagEnabled=true flags=0x2
08-23 17:43:03.789 1155 1231 D CompatibilityChangeReporter: Compat change id reported: 135634846; UID 10068; state: DISABLED
08-23 17:43:03.789 1155 1231 D CompatibilityChangeReporter: Compat change id reported: 177438394; UID 10068; state: DISABLED
08-23 17:43:03.790 1155 1231 D CompatibilityChangeReporter: Compat change id reported: 135772972; UID 10068; state: DISABLED
08-23 17:43:03.790 1155 1231 D CompatibilityChangeReporter: Compat change id reported: 135754954; UID 10068; state: DISABLED
08-23 17:43:03.790 1155 1218 I DropBoxManagerService: add tag=system_server_strictmode isTagEnabled=true flags=0x2
08-23 17:43:03.791 1155 1232 D CompatibilityChangeReporter: Compat change id reported: 143937733; UID 10068; state: DISABLED
08-23 17:43:03.791 1155 1218 I DropBoxManagerService: add tag=system_server_strictmode isTagEnabled=true flags=0x2
01-01 00:01:12.030 0 0 I [kworke][0x526c764f][17:43:03.790802] wlan: [8:I:HDD] hdd_initialize_mac_address: 12589: using default MAC address
08-23 17:43:03.794 1155 1218 I DropBoxManagerService: add tag=system_server_strictmode isTagEnabled=true flags=0x2
08-23 17:43:03.796 1155 1219 D ColorDisplayService: setUp: currentUser=0
08-23 17:43:03.844 561 561 D vold : Finished restorecon of /data/system_ce/0
08-23 17:43:03.844 561 561 D vold : Starting restorecon of /data/vendor_ce/0
08-23 17:43:03.848 1155 1183 D CompatibilityChangeReporter: Compat change id reported: 135634846; UID 10076; state: DISABLED
08-23 17:43:03.848 1155 1183 D CompatibilityChangeReporter: Compat change id reported: 177438394; UID 10076; state: DISABLED
08-23 17:43:03.848 1155 1183 D CompatibilityChangeReporter: Compat change id reported: 135772972; UID 10076; state: DISABLED
08-23 17:43:03.848 1155 1183 D CompatibilityChangeReporter: Compat change id reported: 135754954; UID 10076; state: ENABLED
01-01 00:01:12.114 0 0 W QSEECOM : qseecom_load_app: App with id 8 (fingerpr) now loaded
08-23 17:43:03.878 1155 1219 D ColorDisplayService: onNightDisplayAutoModeChanged: autoMode=0
08-23 17:43:03.878 1155 1219 I ColorDisplayService: Turning off night display
08-23 17:43:03.878 1155 1219 D ColorDisplayService: Setting bright color reduction level: 50
08-23 17:43:03.880 1155 1270 V DisplayPowerController[0]: Brightness [0.39763778] manual adjustment.
08-23 17:43:03.915 561 561 D vold : Finished restorecon of /data/vendor_ce/0
08-23 17:43:03.915 561 561 D vold : Starting restorecon of /data/misc_ce/0
01-01 00:01:12.156 0 0 E [kworke][0x52918609][17:43:03.917306] wlan: [8:E:QDF] qdf_mutex_create: already initialized lock
01-01 00:01:12.171 0 0 E [kworke][0x5295f9f5][17:43:03.932504] wlan: [8:E:HDD] hdd_open_adapter: 6512: Interface p2p0 wow debug_fs init failed
08-23 17:43:03.958 1155 1232 W ActivityManager: Slow operation: 170ms so far, now at startProcess: returned from zygote!
08-23 17:43:03.961 561 561 D vold : Finished restorecon of /data/misc_ce/0
08-23 17:43:03.961 561 561 D vold : /system/bin/vold_prepare_subdirs
08-23 17:43:03.961 561 561 D vold : prepare
08-23 17:43:03.961 561 561 D vold :
08-23 17:43:03.961 561 561 D vold : 0
08-23 17:43:03.961 561 561 D vold : 2
01-01 00:01:12.219 0 0 E [kworke][0x52a3ec14][17:43:03.980109] wlan: [8:E:QDF] qdf_mutex_create: already initialized lock
01-01 00:01:12.229 0 0 E [kworke][0x52a6fdbb][17:43:03.990581] wlan: [8:E:HDD] hdd_open_adapter: 6512: Interface wifi-aware0 wow debug_fs init failed
01-01 00:01:12.250 0 0 W : ------------[ cut here ]------------
01-01 00:01:12.250 0 0 I : IRQs not enabled as expected
01-01 00:01:12.251 0 0 W : WARNING: CPU: 0 PID: 8 at kernel/softirq.c:161 __local_bh_enable_ip+0x140/0x158
01-01 00:01:12.251 0 0 I : Modules linked in: wlan(O) machine_dlkm(O) wcd938x_slave_dlkm(O) wcd938x_dlkm(O) wcd9xxx_dlkm(O) mbhc_dlkm(O) tx_macro_dlkm(O) rx_macro_dlkm(O) va_macro_dlkm(O) wsa_macro_dlkm(O) swr_ctrl_dlkm(O) bolero_cdc_dlkm(O) wsa881x_dlkm(O) wcd_core_dlkm(O) stub_dlkm(O) hdmi_dlkm(O) swr_dlkm(O) pinctrl_lpi_dlkm(O) pinctrl_wcd_dlkm(O) usf_dlkm(O) native_dlkm(O) platform_dlkm(O) q6_dlkm(O) adsp_loader_dlkm(O) apr_dlkm(O) snd_event_dlkm(O) q6_notifier_dlkm(O) q6_pdr_dlkm(O) msm_11ad_proxy
01-01 00:01:12.251 0 0 I : CPU: 0 PID: 8 Comm: kworker/u16:0 Tainted: G S W O 4.19.157+ #1
01-01 00:01:12.251 0 0 I Hardware name: Qualcomm Technologies, Inc. kona MTP-RmPM8150b (DT)
01-01 00:01:12.251 0 0 I Workqueue: cnss_driver_event cnss_driver_event_work
01-01 00:01:12.251 0 0 I pstate : 60c00085 (nZCv daIf +PAN +UAO)
01-01 00:01:12.251 0 0 I pc : __local_bh_enable_ip+0x140/0x158
01-01 00:01:12.251 0 0 I lr : __local_bh_enable_ip+0x140/0x158
01-01 00:01:12.251 0 0 I sp : ffffff80080cbb60
01-01 00:01:12.251 0 0 I : x29: ffffff80080cbb60 x28: dead000000000100
01-01 00:01:12.251 0 0 I : x27: ffffff99b678309c x26: ffffffd747b64670
01-01 00:01:12.251 0 0 I : x25: ffffffd6cc231580 x24: 000000000000003f
01-01 00:01:12.251 0 0 I : x23: ffffff801b60310c x22: 000000004000003f
01-01 00:01:12.251 0 0 I : x21: ffffffd61050be40 x20: ffffff99b4efc1c8
01-01 00:01:12.251 0 0 I : x19: 0000000000000201 x18: 000000000000002c
01-01 00:01:12.251 0 0 I : x17: ffffff99b80f4000 x16: 00000000fff792a0
01-01 00:01:12.251 0 0 I : x15: 00000000000792a0 x14: 00000000000000c2
01-01 00:01:12.251 0 0 I : x13: 0000000000000000 x12: 00000000000000e0
01-01 00:01:12.251 0 0 I : x11: 0000000000000000 x10: 0000000000000001
01-01 00:01:12.251 0 0 I : x9 : ede26c3520048300 x8 : ede26c3520048300
01-01 00:01:12.251 0 0 I : x7 : ffffff99b4582700 x6 : 0000000000000000
01-01 00:01:12.251 0 0 I : x5 : 0000000000000080 x4 : 0000000000000001
01-01 00:01:12.251 0 0 I : x3 : 0000000000000000 x2 : 0000000000000007
01-01 00:01:12.251 0 0 I : x1 : 0000000000000007 x0 : 000000000000001c
01-01 00:01:12.251 0 0 I Call trace:
01-01 00:01:12.251 0 0 I : __local_bh_enable_ip+0x140/0x158
01-01 00:01:12.251 0 0 I : _raw_spin_unlock_bh+0x3c/0x48
01-01 00:01:12.251 0 0 I : cnss_pci_reg_write+0xf0/0x1a8
01-01 00:01:12.251 0 0 I : cnss_pci_time_sync_work_hdlr+0x24c/0x6a8
01-01 00:01:12.251 0 0 I : cnss_pci_call_driver_probe+0x138/0x2d0
01-01 00:01:12.251 0 0 I : cnss_bus_call_driver_probe+0x28/0x80
01-01 00:01:12.251 0 0 I : cnss_driver_event_work+0x2e8/0xcb8
01-01 00:01:12.251 0 0 I : process_one_work+0x38c/0x660
01-01 00:01:12.251 0 0 I : worker_thread+0x268/0x4b8
01-01 00:01:12.251 0 0 I : kthread+0x140/0x150
01-01 00:01:12.251 0 0 I : ret_from_fork+0x10/0x1c
01-01 00:01:12.251 0 0 I : irq event stamp: 505423
01-01 00:01:12.251 0 0 I : hardirqs last enabled at (505421): [] el1_irq+0x108/0x198
01-01 00:01:12.251 0 0 I : hardirqs last disabled at (505422): [] _raw_spin_lock_irqsave+0x28/0x98
01-01 00:01:12.251 0 0 I : softirqs last enabled at (505420): [] __do_softirq+0x50c/0x554
01-01 00:01:12.251 0 0 I : softirqs last disabled at (505423): [] cnss_pci_reg_write+0x58/0x1a8
01-01 00:01:12.251 0 0 W : ---[ end trace addd9e17fd11e7e0 ]---
01-01 00:01:12.252 0 0 D cnss : Host time = 72244820 us, device time = 3699220 us, offset = 68545600 us
01-01 00:01:12.252 0 0 D cnss : Updated time sync regs [0x984] = 0x415ec40, [0x988] = 0x0
01-01 00:01:12.252 0 0 D cnss : Removing vote for Regulator vdd-wlan-rfa2
01-01 00:01:12.252 0 0 D cnss : Removing vote for Regulator vdd-wlan-rfa1
01-01 00:01:12.252 0 0 D cnss : Removing vote for Regulator vdd-wlan-dig
01-01 00:01:12.252 0 0 D cnss : Removing vote for Regulator vdd-wlan-aon
01-01 00:01:12.252 0 0 D cnss : Removing vote for Regulator vdd-wlan-io
01-01 00:01:12.252 0 0 D cnss : PM relax, state: 0x107, count: 0
01-01 00:01:12.271 0 0 I : Wifi Turning On from UI
08-23 17:43:04.016 957 957 I android.hardware.wifi@1.0-service: Wifi HAL started
01-01 00:01:12.284 0 0 I [wifi@1][0x52b713a8][17:43:04.045485] wlan: [957:I:DP] dp_vdev_attach_wifi3: wlan_cfg_ap_bridge_enabled 0
01-01 00:01:12.295 0 0 I [wifi@1][0x52ba1c66][17:43:04.055842] wlan: [957:I:DP] 00000000: 3e d7 2e b0 d8 82 49 e0 2a 85 1a 5e fd c4 65 5a
01-01 00:01:12.295 0 0 I [wifi@1][0x52ba1e56][17:43:04.055868] wlan: [957:I:DP] 00000010: 76 da 5d 49
01-01 00:01:12.295 0 0 I [wifi@1][0x52ba1fca][17:43:04.055886] wlan: [957:I:DP] 00000000: bf cb 82 33 e1 cf a9 3d b3 06 b5 4a 51 77 98 3d
01-01 00:01:12.295 0 0 I [wifi@1][0x52ba205d][17:43:04.055894] wlan: [957:I:DP] 00000010: 0d f9 08 bb 75 32 fe 8b d3 aa 23 4e 23 42 b1 56
01-01 00:01:12.295 0 0 I [wifi@1][0x52ba20ec][17:43:04.055901] wlan: [957:I:DP] 00000020: 22 7d e7 c7 45 3d 64 88 32 8b 60 4f
01-01 00:01:12.302 0 0 I binder : 2623:2623 ioctl 40046210 7fd97147c4 returned -22
01-01 00:01:12.328 0 0 I IPv6 : ADDRCONF(NETDEV_UP): wlan0: link is not ready
08-23 17:43:04.110 957 957 I android.hardware.wifi@1.0-service: Adding interface handle for wifi-aware0
08-23 17:43:04.110 957 957 I android.hardware.wifi@1.0-service: Adding interface handle for wlan0
08-23 17:43:04.110 957 957 I android.hardware.wifi@1.0-service: Adding interface handle for p2p0
08-23 17:43:04.110 957 957 W android.hardware.wifi@1.0-service: No active wlan interfaces in use! Using default
08-23 17:43:04.111 957 957 W android.hardware.wifi@1.0-service: No active wlan interfaces in use! Using default
01-01 00:01:12.359 0 0 I [lowi-s][0x52cd0164][17:43:04.120334] wlan: [1558:I:wifipos] wifi_pos_get_ch_info: 461: num channels: 26
08-23 17:43:04.124 957 957 I android.hardware.wifi@1.0-service: Configured chip in mode 3
08-23 17:43:04.124 957 957 W android.hardware.wifi@1.0-service: No active wlan interfaces in use! Using default
08-23 17:43:04.149 957 957 W android.hardware.wifi@1.0-service: No active wlan interfaces in use! Using default
08-23 17:43:04.152 1155 1232 W ActivityManager: Slow operation: 364ms so far, now at startProcess: done updating battery stats
08-23 17:43:04.153 1155 1232 W ActivityManager: Slow operation: 364ms so far, now at startProcess: building log message
08-23 17:43:04.153 1155 1232 I ActivityManager: Start proc 2623:com.android.deskclock/u0a68 for broadcast {com.android.deskclock/com.android.deskclock.AlarmInitReceiver}
08-23 17:43:04.153 1155 1232 W ActivityManager: Slow operation: 365ms so far, now at startProcess: starting to update pids map
01-01 00:01:12.380 0 0 E [wifi@1][0x52d28726][17:43:04.139184] wlan: [2647:E:wifipos] wifi_pos_process_app_reg_req: 608: Received App Req Req pid(2109735869), len(16)
01-01 00:01:12.399 0 0 D : mv2112_read_status
08-23 17:43:04.155 1155 1232 W ActivityManager: Slow operation: 367ms so far, now at startProcess: done updating pids map
08-23 17:43:04.157 1155 1232 W ActivityManager: Slow operation: 309ms so far, now at startProcess: asking zygote to start proc
08-23 17:43:04.157 1155 1232 D CompatibilityChangeReporter: Compat change id reported: 143937733; UID 10076; state: ENABLED
01-01 00:01:12.399 0 0 D mv2112_update_link: 3.0x901(1G): 0x80
01-01 00:01:12.399 0 0 D mv2112_update_link: 3.0x8109(100M): 0x0
01-01 00:01:12.399 0 0 D mv2112_update_link: link 0x0
01-01 00:01:12.399 0 0 D mv2112_read_status: autoneg is disabled
08-23 17:43:04.170 1155 2183 D CompatibilityChangeReporter: Compat change id reported: 168419799; UID 10068; state: DISABLED
08-23 17:43:04.173 1155 2183 D CompatibilityChangeReporter: Compat change id reported: 181136395; UID 1000; state: DISABLED
08-23 17:43:04.173 1155 2183 D CompatibilityChangeReporter: Compat change id reported: 174042936; UID 1000; state: DISABLED
08-23 17:43:04.176 1155 2183 D CompatibilityChangeReporter: Compat change id reported: 174042980; UID 1000; state: DISABLED
01-01 00:01:12.405 0 0 I [wifi@1][0x52da6d10][17:43:04.166144] wlan: [2647:I:wifipos] wifi_pos_get_ch_info: 461: num channels: 26
01-01 00:01:12.407 0 0 I [wifi@1][0x52dae508][17:43:04.167743] wlan: [2647:I:wifipos] wifi_pos_get_ch_info: 461: num channels: 26
01-01 00:01:12.428 0 0 W QSEECOM : __qseecom_unload_app: App (8) is unloaded
01-01 00:01:12.432 0 0 D qbt : qbt_release: entry minor_no=0 fd_available=0
01-01 00:01:12.432 0 0 D qbt : qbt_release: Releasing wakelock
01-01 00:01:12.432 0 0 D qbt : qbt_release: exit : fd_available=1
01-01 00:01:12.432 0 0 D qbt : qbt_release: entry minor_no=1 fd_available=1
01-01 00:01:12.432 0 0 D qbt : qbt_release: exit : fd_available=1
01-01 00:01:12.467 0 0 I [wifi@1][0x52ecb7ce][17:43:04.228581] wlan: [957:I:DP] dp_vdev_attach_wifi3: wlan_cfg_ap_bridge_enabled 1
01-01 00:01:12.469 0 0 E [wifi@1][0x52ed1aae][17:43:04.229898] wlan: [957:E:PMO] pmo_register_wow_wakeup_events: 88: Skipping wake event configuration for vdev_opmode 16
08-23 17:43:04.216 1155 1155 W Looper : Drained
08-23 17:43:04.216 1155 1155 W Looper : Slow dispatch took 490ms main h=android.os.Handler c=com.android.server.biometrics.sensors.BiometricScheduler$InternalCallback$$ExternalSyntheticLambda0@498296c m=0
08-23 17:43:04.216 1155 1155 W Looper : Slow delivery took 497ms main h=android.os.Handler c=com.android.server.power.FaceDownDetector$$ExternalSyntheticLambda1@6f0bb35 m=0
08-23 17:43:04.220 1155 1155 W NotificationHistory: Attempted to add notif for locked/gone/disabled user 0
08-23 17:43:04.237 1155 1155 D BluetoothManagerService: Bluetooth Adapter address changed to 22:22:AE:2C:F9:BF
08-23 17:43:04.237 1155 1155 D BluetoothManagerService: Stored Bluetoothaddress: 22:22:AE:2C:F9:BF
08-23 17:43:04.237 1155 1155 D BluetoothManagerService: Bluetooth Adapter name changed to QCOM-BTD by android
08-23 17:43:04.237 1155 1155 D BluetoothManagerService: Stored Bluetooth name: QCOM-BTD
08-23 17:43:04.238 1155 1155 D BluetoothManagerService: Bluetooth Adapter address changed to 22:22:AE:2C:F9:BF
08-23 17:43:04.239 1155 1155 D BluetoothManagerService: Stored Bluetoothaddress: 22:22:AE:2C:F9:BF
08-23 17:43:04.241 1155 1155 D BiometricScheduler/Fingerprint21: [Finishing] {[1] FingerprintUpdateActiveUserClient, proto=1, owner=android, cookie=0, requestId=-1, userId=0}, success: true
08-23 17:43:04.241 1155 1155 D BiometricScheduler/Fingerprint21: [Polled] {[2] FingerprintInternalCleanupClient, proto=7, owner=android, cookie=0, requestId=-1, userId=0}, State: 0
08-23 17:43:04.241 1155 1155 D BiometricScheduler/Fingerprint21: [Starting] {[2] FingerprintInternalCleanupClient, proto=7, owner=android, cookie=0, requestId=-1, userId=0}, State: 0
08-23 17:43:04.241 1155 1155 D BiometricScheduler/Fingerprint21: [Started] {[2] FingerprintInternalCleanupClient, proto=7, owner=android, cookie=0, requestId=-1, userId=0}
08-23 17:43:04.242 1155 1155 D Biometrics/InternalCleanupClient: Starting enumerate: {[3] FingerprintInternalEnumerateClient, proto=6, owner=android, cookie=0, requestId=-1, userId=0}
08-23 17:43:04.254 1155 1218 D BluetoothManagerService: MESSAGE_BLUETOOTH_STATE_CHANGE: BLE_TURNING_ON > BLE_ON
08-23 17:43:04.254 1155 1218 D BluetoothManagerService: Bluetooth is in LE only mode
08-23 17:43:04.255 1155 1218 D BluetoothManagerService: Binding Bluetooth GATT service
01-01 00:01:12.486 0 0 E [wifi@1][0x52f2106f][17:43:04.246828] wlan: [957:E:SME] sme_get_nss_chain_shift: 4045: Device mode 16 invalid
08-23 17:43:04.257 1155 1218 D BluetoothManagerService: Sending BLE State Change: BLE_TURNING_ON > BLE_ON
01-01 00:01:12.509 0 0 D qbt : qbt_open: entry minor_no=0 fd_available=1
01-01 00:01:12.509 0 0 D qbt : qbt_open: exit : 0 fd_available=0
01-01 00:01:12.509 0 0 D qbt : qbt_open: entry minor_no=1 fd_available=0
01-01 00:01:12.509 0 0 D qbt : qbt_open: exit : 0 fd_available=0
01-01 00:01:12.509 0 0 D qbt : qbt_ioctl: cmd received 107
01-01 00:01:12.509 0 0 D qbt : qbt_ioctl: Acquiring wakelock
08-23 17:43:04.271 1155 1155 W Looper : Drained
08-23 17:43:04.271 1155 1155 D CompanionDeviceManagerService: Received BT state transition broadcast: BLE_TURNING_ON -> BLE_ON
08-23 17:43:04.272 1155 1155 I CompanionDeviceManagerService: startBleScan()
08-23 17:43:04.274 1155 1155 I CompanionDeviceManagerService: Read associations from disk: {0=[]}
08-23 17:43:04.274 1155 1155 D BluetoothManagerService: BluetoothServiceConnection: com.android.bluetooth.gatt.GattService
08-23 17:43:04.275 1155 1218 D BluetoothManagerService: MESSAGE_BLUETOOTH_SERVICE_CONNECTED: 2
08-23 17:43:04.275 1155 1218 D BluetoothManagerService: continueFromBleOnState()
08-23 17:43:04.281 1155 1218 D BluetoothManagerService: Persisting Bluetooth Setting: 1
08-23 17:43:04.287 1155 1218 D BluetoothManagerService: MESSAGE_BLUETOOTH_STATE_CHANGE: BLE_ON > TURNING_ON
08-23 17:43:04.287 1155 1218 D BluetoothManagerService: Sending BLE State Change: BLE_ON > TURNING_ON
08-23 17:43:04.288 1155 1218 D BluetoothManagerService: Sending State Change: OFF > TURNING_ON
01-01 00:01:12.525 0 0 E [wifi@1][0x52fd794c][17:43:04.285775] wlan: [957:E:SME] sme_get_nss_chain_shift: 4045: Device mode 16 invalid
08-23 17:43:04.299 1155 1155 D CompanionDeviceManagerService: Received BT state transition broadcast: BLE_ON -> TURNING_ON
08-23 17:43:04.301 1155 1216 V UserDataPreparer: Found /data/user/0 with serial number 0
08-23 17:43:04.303 1155 1216 V UserDataPreparer: Found /data/system_ce/0 with serial number 0
01-01 00:01:12.553 0 0 I IPv6 : ADDRCONF(NETDEV_UP): wifi-aware0: link is not ready
08-23 17:43:04.313 1155 1216 D UserDataPreparer: Setting property: sys.user.0.ce_available=true
08-23 17:43:04.316 1155 1216 V PackageManager: reconcileAppsData for null u0 0x2 migrateAppData=false
08-23 17:43:04.321 1155 1232 W ActivityManager: Slow operation: 473ms so far, now at startProcess: returned from zygote!
08-23 17:43:04.325 1155 1232 W ActivityManager: Slow operation: 478ms so far, now at startProcess: done updating battery stats
08-23 17:43:04.325 1155 1232 W ActivityManager: Slow operation: 478ms so far, now at startProcess: building log message
08-23 17:43:04.325 1155 1232 I ActivityManager: Start proc 2662:com.android.inputmethod.latin/u0a76 for service {com.android.inputmethod.latin/com.android.inputmethod.latin.LatinIME}
08-23 17:43:04.326 1155 1232 W ActivityManager: Slow operation: 478ms so far, now at startProcess: starting to update pids map
08-23 17:43:04.326 1155 1232 W ActivityManager: Slow operation: 479ms so far, now at startProcess: done updating pids map
08-23 17:43:04.332 1331 1331 I wificond: createClientInterface: wiphy_index 0 iface_name wlan0
08-23 17:43:04.346 1885 2658 W ActivityThread: Failed to find provider info for media (user not unlocked)
08-23 17:43:04.349 1331 1331 I wificond: create scanner for interface with index: 17
08-23 17:43:04.349 1331 1331 I wificond: subscribe scan result for interface with index: 17
08-23 17:43:04.360 1331 1331 I wificond: add channel type 0 support at wiphy index: 0
08-23 17:43:04.360 1331 1331 I wificond: add channel type 1 support at wiphy index: 0
01-01 00:01:12.605 0 0 W QSEECOM : qseecom_load_app: App (fingerpr) does'nt exist, loading apps for first time
08-23 17:43:04.421 1155 1155 W NotificationHistory: Attempted to add notif for locked/gone/disabled user 0
08-23 17:43:04.467 1155 1246 W BatteryExternalStatsWorker: error reading modem stats:ERROR_PHONE_NOT_AVAILABLE
08-23 17:43:04.505 1155 1246 E KernelCpuSpeedReader: Failed to read cpu-freq: /sys/devices/system/cpu/cpu4/cpufreq/stats/time_in_state: open failed: ENOENT (No such file or directory)
08-23 17:43:04.505 1155 1246 E KernelCpuSpeedReader: Failed to read cpu-freq: /sys/devices/system/cpu/cpu0/cpufreq/stats/time_in_state: open failed: ENOENT (No such file or directory)
08-23 17:43:04.508 1155 1246 W BatteryStatsImpl: Attempted to remove untracked isolated uid (1037)
01-01 00:01:12.742 0 0 I [schedu][0x533d4e8a][17:43:04.503656] wlan: [2484:I:HIF] Deinitializing Runtime PM wakelock &vdev->vdev_set_key_runtime_wakelock
01-01 00:01:12.752 0 0 I [schedu][0x53402271][17:43:04.513309] wlan: [2484:I:HIF] Initializing Runtime PM wakelock &vdev->vdev_set_key_runtime_wakelock
01-01 00:01:12.760 0 0 W QSEECOM : qseecom_load_app: App with id 9 (fingerpr) now loaded
01-01 00:01:12.934 0 0 I binder : 2662:2662 ioctl 40046210 7fd97147c4 returned -22
08-23 17:43:04.694 1155 2183 D CompatibilityChangeReporter: Compat change id reported: 168419799; UID 10090; state: DISABLED
08-23 17:43:04.716 1155 2183 D CompatibilityChangeReporter: Compat change id reported: 135634846; UID 10079; state: DISABLED
08-23 17:43:04.716 1155 2183 D CompatibilityChangeReporter: Compat change id reported: 177438394; UID 10079; state: DISABLED
08-23 17:43:04.716 1155 2183 D CompatibilityChangeReporter: Compat change id reported: 135772972; UID 10079; state: DISABLED
08-23 17:43:04.716 1155 2183 D CompatibilityChangeReporter: Compat change id reported: 135754954; UID 10079; state: ENABLED
08-23 17:43:04.716 1155 1232 D CompatibilityChangeReporter: Compat change id reported: 143937733; UID 10079; state: ENABLED
08-23 17:43:04.753 1155 2183 D CompatibilityChangeReporter: Compat change id reported: 168419799; UID 10076; state: DISABLED
08-23 17:43:04.767 1155 1232 W ActivityManager: Slow operation: 51ms so far, now at startProcess: returned from zygote!
08-23 17:43:04.767 1155 1232 W ActivityManager: Slow operation: 52ms so far, now at startProcess: done updating battery stats
08-23 17:43:04.767 1155 1232 W ActivityManager: Slow operation: 52ms so far, now at startProcess: building log message
08-23 17:43:04.767 1155 1232 I ActivityManager: Start proc 2708:com.qualcomm.location/u0a79 for broadcast {com.qualcomm.location/com.qualcomm.location.LocationServiceReceiver}
08-23 17:43:04.767 1155 1232 W ActivityManager: Slow operation: 52ms so far, now at startProcess: starting to update pids map
08-23 17:43:04.767 1155 1232 W ActivityManager: Slow operation: 52ms so far, now at startProcess: done updating pids map
01-01 00:01:13.043 0 0 W QSEECOM : __qseecom_unload_app: App (9) is unloaded
01-01 00:01:13.045 0 0 D qbt : qbt_release: entry minor_no=0 fd_available=0
01-01 00:01:13.045 0 0 D qbt : qbt_release: Releasing wakelock
01-01 00:01:13.045 0 0 D qbt : qbt_release: exit : fd_available=1
01-01 00:01:13.045 0 0 D qbt : qbt_release: entry minor_no=1 fd_available=1
01-01 00:01:13.045 0 0 D qbt : qbt_release: exit : fd_available=1
08-23 17:43:04.811 1155 1155 D Fingerprint21: handleError, client: FingerprintInternalCleanupClient, error: 2, vendorCode: 0
08-23 17:43:04.818 1155 1155 E Fingerprint21: onError for non-error consumer: FingerprintInternalCleanupClient
01-01 00:01:13.072 0 0 I binder : 2708:2708 ioctl 40046210 7fd97147c4 returned -22
08-23 17:43:04.884 1155 1855 D CompatibilityChangeReporter: Compat change id reported: 168419799; UID 10079; state: DISABLED
08-23 17:43:04.904 1155 1155 I Telecom : BluetoothDeviceManager: Got BluetoothHearingAid: android.bluetooth.BluetoothHearingAid@f5c28e5: BMSL.oSC@AAg
01-01 00:01:13.117 0 0 I binder : 2710:2710 ioctl 40046210 7fdf908084 returned -22
08-23 17:43:04.946 1881 2732 W ActivityThread: Failed to find provider info for com.android.contacts (user not unlocked)
01-01 00:01:13.334 0 0 I qcom_rpmh DRV: apps_rsc TCS Busy, retrying RPMH message send: addr=0x30000
01-01 00:01:13.334 0 0 I qcom_rpmh DRV: apps_rsc TCS Busy, retrying RPMH message send: addr=0x30000
01-01 00:01:13.334 0 0 I qcom_rpmh DRV: apps_rsc TCS Busy, retrying RPMH message send: addr=0x30000
01-01 00:01:13.334 0 0 I qcom_rpmh DRV: apps_rsc TCS Busy, retrying RPMH message send: addr=0x30000
01-01 00:01:13.334 0 0 I qcom_rpmh DRV: apps_rsc TCS Busy, retrying RPMH message send: addr=0x30000
01-01 00:01:13.334 0 0 I qcom_rpmh DRV: apps_rsc TCS Busy, retrying RPMH message send: addr=0x30000
01-01 00:01:13.334 0 0 I qcom_rpmh DRV: apps_rsc TCS Busy, retrying RPMH message send: addr=0x30000
01-01 00:01:13.336 0 0 I qcom_rpmh DRV: apps_rsc TCS Busy, retrying RPMH message send: addr=0x30000
01-01 00:01:13.336 0 0 I qcom_rpmh DRV: apps_rsc TCS Busy, retrying RPMH message send: addr=0x30000
01-01 00:01:13.336 0 0 I qcom_rpmh DRV: apps_rsc TCS Busy, retrying RPMH message send: addr=0x50000
01-01 00:01:13.351 0 0 I : sdcardfs version 2.0
01-01 00:01:13.351 0 0 I sdcardfs: dev_name -> /data/media
01-01 00:01:13.351 0 0 I sdcardfs: options -> fsuid=1023,fsgid=1023,multiuser,derive_gid,default_normal,unshared_obb,mask=6,userid=0,gid=1015
01-01 00:01:13.351 0 0 I sdcardfs: mnt -> ffffffd6c1360ae0
08-23 17:43:04.988 1155 1216 V PackageManager: reconcileAppsData finished 139 packages
08-23 17:43:04.988 1155 1216 I ActivityManager: User 0 state changed from RUNNING_LOCKED to RUNNING_UNLOCKING
08-23 17:43:04.990 1155 1216 D ActivityManager: Unlocking user 0 progress 20
08-23 17:43:04.990 1155 1216 W Looper : Slow dispatch took 1212ms android.fg h=android.os.Handler c=com.android.server.am.UserController$$ExternalSyntheticLambda3@1a8a8f8 m=0
08-23 17:43:04.990 1155 1231 I SystemServerTimingAsync: ssm.UnlockingUser-0
08-23 17:43:04.991 1155 1231 I SystemServiceManager: Calling onUnlockingUser 0
08-23 17:43:04.991 1155 1231 I SystemServerTimingAsync: ssm.onUnlockingUser-0_com.android.server.security.FileIntegrityService
08-23 17:43:04.991 1155 1231 D SystemServerTimingAsync: ssm.onUnlockingUser-0_com.android.server.security.FileIntegrityService took to complete: 0ms
08-23 17:43:04.991 1155 1231 I SystemServerTimingAsync: ssm.onUnlockingUser-0_com.android.server.pm.Installer
08-23 17:43:04.991 1155 1231 D SystemServerTimingAsync: ssm.onUnlockingUser-0_com.android.server.pm.Installer took to complete: 0ms
08-23 17:43:04.991 1155 1216 W Looper : Slow delivery took 1213ms android.fg h=android.os.Handler c=com.android.server.am.UserController$$ExternalSyntheticLambda1@49e9436 m=0
08-23 17:43:04.991 1155 1231 I SystemServerTimingAsync: ssm.onUnlockingUser-0_com.android.server.os.DeviceIdentifiersPolicyService
08-23 17:43:04.991 1155 1231 D SystemServerTimingAsync: ssm.onUnlockingUser-0_com.android.server.os.DeviceIdentifiersPolicyService took to complete: 0ms
08-23 17:43:04.991 1155 1231 I SystemServerTimingAsync: ssm.onUnlockingUser-0_com.android.server.uri.UriGrantsManagerService$Lifecycle
08-23 17:43:04.991 1155 1231 D SystemServerTimingAsync: ssm.onUnlockingUser-0_com.android.server.uri.UriGrantsManagerService$Lifecycle took to complete: 0ms
08-23 17:43:04.991 1155 1231 I SystemServerTimingAsync: ssm.onUnlockingUser-0_com.android.server.powerstats.PowerStatsService
08-23 17:43:04.991 1155 1231 D SystemServerTimingAsync: ssm.onUnlockingUser-0_com.android.server.powerstats.PowerStatsService took to complete: 0ms
08-23 17:43:04.991 1155 1231 I SystemServerTimingAsync: ssm.onUnlockingUser-0_com.android.server.wm.ActivityTaskManagerService$Lifecycle
08-23 17:43:04.991 1155 1231 D SystemServerTimingAsync: ssm.onUnlockingUser-0_com.android.server.wm.ActivityTaskManagerService$Lifecycle took to complete: 0ms
08-23 17:43:04.991 1155 1231 I SystemServerTimingAsync: ssm.onUnlockingUser-0_com.android.server.am.ActivityManagerService$Lifecycle
08-23 17:43:04.991 1155 1231 D SystemServerTimingAsync: ssm.onUnlockingUser-0_com.android.server.am.ActivityManagerService$Lifecycle took to complete: 0ms
08-23 17:43:04.991 1155 1231 I SystemServerTimingAsync: ssm.onUnlockingUser-0_com.android.server.pm.DataLoaderManagerService
08-23 17:43:04.991 1155 1231 D SystemServerTimingAsync: ssm.onUnlockingUser-0_com.android.server.pm.DataLoaderManagerService took to complete: 0ms
08-23 17:43:04.991 1155 1231 I SystemServerTimingAsync: ssm.onUnlockingUser-0_com.android.server.power.PowerManagerService
08-23 17:43:04.991 1155 1231 D SystemServerTimingAsync: ssm.onUnlockingUser-0_com.android.server.power.PowerManagerService took to complete: 0ms
08-23 17:43:04.992 1155 1231 I SystemServerTimingAsync: ssm.onUnlockingUser-0_com.android.server.power.ThermalManagerService
08-23 17:43:04.992 1155 1231 D SystemServerTimingAsync: ssm.onUnlockingUser-0_com.android.server.power.ThermalManagerService took to complete: 0ms
08-23 17:43:04.992 1155 1231 I SystemServerTimingAsync: ssm.onUnlockingUser-0_com.android.server.power.hint.HintManagerService
08-23 17:43:04.992 1155 1231 D SystemServerTimingAsync: ssm.onUnlockingUser-0_com.android.server.power.hint.HintManagerService took to complete: 0ms
08-23 17:43:04.992 1155 1231 I SystemServerTimingAsync: ssm.onUnlockingUser-0_com.android.server.recoverysystem.RecoverySystemService$Lifecycle
08-23 17:43:04.992 1155 1231 D SystemServerTimingAsync: ssm.onUnlockingUser-0_com.android.server.recoverysystem.RecoverySystemService$Lifecycle took to complete: 0ms
08-23 17:43:04.992 1155 1231 I SystemServerTimingAsync: ssm.onUnlockingUser-0_com.android.server.lights.LightsService
08-23 17:43:04.992 1155 1231 D SystemServerTimingAsync: ssm.onUnlockingUser-0_com.android.server.lights.LightsService took to complete: 0ms
08-23 17:43:04.993 1155 1231 I SystemServerTimingAsync: ssm.onUnlockingUser-0_com.android.server.display.DisplayManagerService
08-23 17:43:04.993 1155 1231 D SystemServerTimingAsync: ssm.onUnlockingUser-0_com.android.server.display.DisplayManagerService took to complete: 0ms
08-23 17:43:04.993 1155 1231 I SystemServerTimingAsync: ssm.onUnlockingUser-0_com.android.server.pm.verify.domain.DomainVerificationService
08-23 17:43:04.993 1155 1231 D SystemServerTimingAsync: ssm.onUnlockingUser-0_com.android.server.pm.verify.domain.DomainVerificationService took to complete: 0ms
08-23 17:43:04.993 1155 1231 I SystemServerTimingAsync: ssm.onUnlockingUser-0_com.android.server.pm.PackageInstallerService$Lifecycle
08-23 17:43:04.993 1155 1231 D SystemServerTimingAsync: ssm.onUnlockingUser-0_com.android.server.pm.PackageInstallerService$Lifecycle took to complete: 0ms
08-23 17:43:04.993 1155 1231 I SystemServerTimingAsync: ssm.onUnlockingUser-0_com.android.server.pm.UserManagerService$LifeCycle
08-23 17:43:04.993 1155 1231 D SystemServerTimingAsync: ssm.onUnlockingUser-0_com.android.server.pm.UserManagerService$LifeCycle took to complete: 0ms
08-23 17:43:04.993 1155 1231 I SystemServerTimingAsync: ssm.onUnlockingUser-0_com.android.server.om.OverlayManagerService
08-23 17:43:04.993 1155 1231 D SystemServerTimingAsync: ssm.onUnlockingUser-0_com.android.server.om.OverlayManagerService took to complete: 0ms
08-23 17:43:04.993 1155 1231 I SystemServerTimingAsync: ssm.onUnlockingUser-0_com.android.server.SensorPrivacyService
08-23 17:43:04.993 1155 1231 D SystemServerTimingAsync: ssm.onUnlockingUser-0_com.android.server.SensorPrivacyService took to complete: 0ms
08-23 17:43:04.993 1155 1231 I SystemServerTimingAsync: ssm.onUnlockingUser-0_com.android.server.sensors.SensorService
08-23 17:43:04.994 1155 1231 D SystemServerTimingAsync: ssm.onUnlockingUser-0_com.android.server.sensors.SensorService took to complete: 0ms
08-23 17:43:04.994 1155 1231 I SystemServerTimingAsync: ssm.onUnlockingUser-0_com.android.server.SystemConfigService
08-23 17:43:04.994 1155 1231 D SystemServerTimingAsync: ssm.onUnlockingUser-0_com.android.server.SystemConfigService took to complete: 0ms
08-23 17:43:04.994 1155 1231 I SystemServerTimingAsync: ssm.onUnlockingUser-0_com.android.server.BatteryService
08-23 17:43:04.994 1155 1231 D SystemServerTimingAsync: ssm.onUnlockingUser-0_com.android.server.BatteryService took to complete: 0ms
08-23 17:43:04.994 1155 1231 I SystemServerTimingAsync: ssm.onUnlockingUser-0_com.android.server.usage.UsageStatsService
08-23 17:43:04.994 1155 1231 D SystemServerTimingAsync: ssm.onUnlockingUser-0_com.android.server.usage.UsageStatsService took to complete: 0ms
08-23 17:43:04.994 1155 1231 I SystemServerTimingAsync: ssm.onUnlockingUser-0_com.android.server.webkit.WebViewUpdateService
08-23 17:43:04.994 1155 1231 D SystemServerTimingAsync: ssm.onUnlockingUser-0_com.android.server.webkit.WebViewUpdateService took to complete: 0ms
08-23 17:43:04.994 1155 1231 I SystemServerTimingAsync: ssm.onUnlockingUser-0_com.android.server.CachedDeviceStateService
08-23 17:43:04.994 1155 1231 D SystemServerTimingAsync: ssm.onUnlockingUser-0_com.android.server.CachedDeviceStateService took to complete: 0ms
08-23 17:43:04.994 1155 1231 I SystemServerTimingAsync: ssm.onUnlockingUser-0_com.android.server.BinderCallsStatsService$LifeCycle
08-23 17:43:04.994 1155 1231 D SystemServerTimingAsync: ssm.onUnlockingUser-0_com.android.server.BinderCallsStatsService$LifeCycle took to complete: 0ms
08-23 17:43:04.995 1155 1231 I SystemServerTimingAsync: ssm.onUnlockingUser-0_com.android.server.LooperStatsService$Lifecycle
08-23 17:43:04.995 1155 1231 D SystemServerTimingAsync: ssm.onUnlockingUser-0_com.android.server.LooperStatsService$Lifecycle took to complete: 0ms
08-23 17:43:04.995 1155 1231 I SystemServerTimingAsync: ssm.onUnlockingUser-0_com.android.server.rollback.RollbackManagerService
08-23 17:43:04.999 1155 1231 D SystemServerTimingAsync: ssm.onUnlockingUser-0_com.android.server.rollback.RollbackManagerService took to complete: 5ms
08-23 17:43:04.999 1155 1231 I SystemServerTimingAsync: ssm.onUnlockingUser-0_com.android.server.os.NativeTombstoneManagerService
08-23 17:43:04.999 1155 1231 D SystemServerTimingAsync: ssm.onUnlockingUser-0_com.android.server.os.NativeTombstoneManagerService took to complete: 0ms
08-23 17:43:05.000 1155 1231 I SystemServerTimingAsync: ssm.onUnlockingUser-0_com.android.server.os.BugreportManagerService
08-23 17:43:05.000 1155 1231 D SystemServerTimingAsync: ssm.onUnlockingUser-0_com.android.server.os.BugreportManagerService took to complete: 0ms
08-23 17:43:05.000 1155 1231 I SystemServerTimingAsync: ssm.onUnlockingUser-0_com.android.server.gpu.GpuService
08-23 17:43:05.000 1155 1231 D SystemServerTimingAsync: ssm.onUnlockingUser-0_com.android.server.gpu.GpuService took to complete: 0ms
08-23 17:43:05.000 1155 1231 I SystemServerTimingAsync: ssm.onUnlockingUser-0_com.android.server.security.KeyChainSystemService
08-23 17:43:05.000 1155 1231 D SystemServerTimingAsync: ssm.onUnlockingUser-0_com.android.server.security.KeyChainSystemService took to complete: 0ms
08-23 17:43:05.000 1155 1231 I SystemServerTimingAsync: ssm.onUnlockingUser-0_com.android.server.telecom.TelecomLoaderService
08-23 17:43:05.000 1155 1231 D SystemServerTimingAsync: ssm.onUnlockingUser-0_com.android.server.telecom.TelecomLoaderService took to complete: 0ms
08-23 17:43:05.000 1155 1231 I SystemServerTimingAsync: ssm.onUnlockingUser-0_com.android.server.accounts.AccountManagerService$Lifecycle
08-23 17:43:05.001 1155 1231 D SystemServerTimingAsync: ssm.onUnlockingUser-0_com.android.server.accounts.AccountManagerService$Lifecycle took to complete: 0ms
08-23 17:43:05.001 1155 1231 I SystemServerTimingAsync: ssm.onUnlockingUser-0_com.android.server.content.ContentService$Lifecycle
08-23 17:43:05.001 1155 1231 D SystemServerTimingAsync: ssm.onUnlockingUser-0_com.android.server.content.ContentService$Lifecycle took to complete: 1ms
08-23 17:43:05.001 1155 1231 I SystemServerTimingAsync: ssm.onUnlockingUser-0_com.android.server.DropBoxManagerService
08-23 17:43:05.001 1155 1231 D SystemServerTimingAsync: ssm.onUnlockingUser-0_com.android.server.DropBoxManagerService took to complete: 0ms
08-23 17:43:05.002 1155 1231 I SystemServerTimingAsync: ssm.onUnlockingUser-0_com.android.role.RoleService
08-23 17:43:05.002 1155 1231 D SystemServerTimingAsync: ssm.onUnlockingUser-0_com.android.role.RoleService took to complete: 0ms
08-23 17:43:05.002 1155 1231 I SystemServerTimingAsync: ssm.onUnlockingUser-0_com.android.server.vibrator.VibratorManagerService$Lifecycle
08-23 17:43:05.002 1155 1231 D SystemServerTimingAsync: ssm.onUnlockingUser-0_com.android.server.vibrator.VibratorManagerService$Lifecycle took to complete: 0ms
08-23 17:43:05.002 1155 1231 I SystemServerTimingAsync: ssm.onUnlockingUser-0_com.android.server.alarm.AlarmManagerService
01-01 00:01:13.352 0 0 I sdcardfs: mounted on top of /data/media type f2fs
01-01 00:01:13.378 0 0 I : Remount options were mask=23,gid=9997 for vfsmnt ffffffd6c1366260.
01-01 00:01:13.378 0 0 I sdcardfs: options - debug:1
01-01 00:01:13.378 0 0 I sdcardfs: options - gid:9997
01-01 00:01:13.378 0 0 I sdcardfs: options - mask:23
08-23 17:43:05.002 1155 1231 D SystemServerTimingAsync: ssm.onUnlockingUser-0_com.android.server.alarm.AlarmManagerService took to complete: 0ms
08-23 17:43:05.002 1155 1231 I SystemServerTimingAsync: ssm.onUnlockingUser-0_com.android.server.devicestate.DeviceStateManagerService
08-23 17:43:05.002 1155 1231 D SystemServerTimingAsync: ssm.onUnlockingUser-0_com.android.server.devicestate.DeviceStateManagerService took to complete: 0ms
08-23 17:43:05.002 1155 1231 I SystemServerTimingAsync: ssm.onUnlockingUser-0_com.android.server.camera.CameraServiceProxy
08-23 17:43:05.002 1155 1231 D SystemServerTimingAsync: ssm.onUnlockingUser-0_com.android.server.camera.CameraServiceProxy took to complete: 0ms
01-01 00:01:13.385 0 0 I : Remount options were mask=7,gid=9997 for vfsmnt ffffffd6d20be5e0.
01-01 00:01:13.393 0 0 I sdcardfs: options - debug:1
01-01 00:01:13.393 0 0 I sdcardfs: options - gid:9997
01-01 00:01:13.393 0 0 I sdcardfs: options - mask:7
08-23 17:43:05.002 1155 1231 I SystemServerTimingAsync: ssm.onUnlockingUser-0_com.android.server.BluetoothService
08-23 17:43:05.003 1155 1231 D BluetoothManagerService: User 0 unlocked
08-23 17:43:05.003 1155 1231 D SystemServerTimingAsync: ssm.onUnlockingUser-0_com.android.server.BluetoothService took to complete: 0ms
08-23 17:43:05.003 1155 1231 I SystemServerTimingAsync: ssm.onUnlockingUser-0_com.android.server.connectivity.IpConnectivityMetrics
08-23 17:43:05.003 1155 1231 D SystemServerTimingAsync: ssm.onUnlockingUser-0_com.android.server.connectivity.IpConnectivityMetrics took to complete: 0ms
08-23 17:43:05.003 1155 1231 I SystemServerTimingAsync: ssm.onUnlockingUser-0_com.android.server.net.watchlist.NetworkWatchlistService$Lifecycle
08-23 17:43:05.003 1155 1231 D SystemServerTimingAsync: ssm.onUnlockingUser-0_com.android.server.net.watchlist.NetworkWatchlistService$Lifecycle took to complete: 0ms
08-23 17:43:05.003 1155 1231 I SystemServerTimingAsync: ssm.onUnlockingUser-0_com.android.server.PinnerService
08-23 17:43:05.004 1155 1218 D BluetoothManagerService: MESSAGE_USER_UNLOCKED
08-23 17:43:05.009 1155 1218 D BluetoothManagerService: MESSAGE_BLUETOOTH_STATE_CHANGE: TURNING_ON > ON
08-23 17:43:05.009 1155 1218 D BluetoothManagerService: Broadcasting onBluetoothStateChange(true) to 10 receivers.
08-23 17:43:05.009 1155 1218 D BluetoothManagerService: Creating new ProfileServiceConnections object for profile: 1
08-23 17:43:05.010 1155 1231 D SystemServerTimingAsync: ssm.onUnlockingUser-0_com.android.server.PinnerService took to complete: 0ms
08-23 17:43:05.010 1155 1231 I SystemServerTimingAsync: ssm.onUnlockingUser-0_com.google.android.startop.iorap.IorapForwardingService
08-23 17:43:05.010 1155 1231 D SystemServerTimingAsync: ssm.onUnlockingUser-0_com.google.android.startop.iorap.IorapForwardingService took to complete: 0ms
08-23 17:43:05.011 1155 1231 I SystemServerTimingAsync: ssm.onUnlockingUser-0_com.android.server.ActivityTriggerService
08-23 17:43:05.011 1155 1231 D SystemServerTimingAsync: ssm.onUnlockingUser-0_com.android.server.ActivityTriggerService took to complete: 0ms
08-23 17:43:05.011 1155 1231 I SystemServerTimingAsync: ssm.onUnlockingUser-0_com.android.server.integrity.AppIntegrityManagerService
08-23 17:43:05.011 1155 1231 D SystemServerTimingAsync: ssm.onUnlockingUser-0_com.android.server.integrity.AppIntegrityManagerService took to complete: 0ms
08-23 17:43:05.011 1155 1231 I SystemServerTimingAsync: ssm.onUnlockingUser-0_com.android.server.inputmethod.InputMethodManagerService$Lifecycle
08-23 17:43:05.012 1155 1231 D SystemServerTimingAsync: ssm.onUnlockingUser-0_com.android.server.inputmethod.InputMethodManagerService$Lifecycle took to complete: 1ms
08-23 17:43:05.012 1155 1231 I SystemServerTimingAsync: ssm.onUnlockingUser-0_com.android.server.accessibility.AccessibilityManagerService$Lifecycle
08-23 17:43:05.012 1155 1231 D SystemServerTimingAsync: ssm.onUnlockingUser-0_com.android.server.accessibility.AccessibilityManagerService$Lifecycle took to complete: 0ms
08-23 17:43:05.012 1155 1218 W BluetoothManagerService: psc is not null in bindBluetoothProfileService
08-23 17:43:05.012 1155 1218 D BluetoothManagerService: Sending BLE State Change: TURNING_ON > ON
01-01 00:01:13.403 0 0 I : Remount options were mask=7,gid=9997 for vfsmnt ffffffd6d210e5e0.
01-01 00:01:13.403 0 0 I sdcardfs: options - debug:1
01-01 00:01:13.403 0 0 I sdcardfs: options - gid:9997
01-01 00:01:13.403 0 0 I sdcardfs: options - mask:7
01-01 00:01:13.421 0 0 D : mv2112_read_status
01-01 00:01:13.422 0 0 D mv2112_update_link: 3.0x901(1G): 0x80
01-01 00:01:13.422 0 0 D mv2112_update_link: 3.0x8109(100M): 0x0
01-01 00:01:13.422 0 0 D mv2112_update_link: link 0x0
01-01 00:01:13.422 0 0 D mv2112_read_status: autoneg is disabled
08-23 17:43:05.012 1155 1218 D BluetoothManagerService: Sending State Change: TURNING_ON > ON
08-23 17:43:05.016 1155 1231 I SystemServerTimingAsync: ssm.onUnlockingUser-0_com.android.server.StorageManagerService$Lifecycle
08-23 17:43:05.017 1155 1231 D StorageManagerService: onUnlockUser 0
08-23 17:43:05.017 1155 1231 I StorageSessionController: On user unlock 0
08-23 17:43:05.017 1155 1231 I StorageSessionController: Initialialising...
08-23 17:43:05.017 561 561 I vold : onUserStarted: 0
08-23 17:43:05.019 1155 1855 V StorageManagerService: Found primary storage at VolumeInfo{emulated;0}:
08-23 17:43:05.019 1155 1855 V StorageManagerService: type=EMULATED diskId=null partGuid= mountFlags=0 mountUserId=0
08-23 17:43:05.019 1155 1855 V StorageManagerService: state=UNMOUNTED
08-23 17:43:05.019 1155 1855 V StorageManagerService: fsType=null fsUuid=null fsLabel=null
08-23 17:43:05.019 1155 1855 V StorageManagerService: path=null internalPath=null
08-23 17:43:05.020 1155 1744 I StorageManagerService: Mounting volume VolumeInfo{emulated;0}:
08-23 17:43:05.020 1155 1744 I StorageManagerService: type=EMULATED diskId=null partGuid= mountFlags=PRIMARY|VISIBLE
08-23 17:43:05.020 1155 1744 I StorageManagerService: mountUserId=0 state=UNMOUNTED
08-23 17:43:05.020 1155 1744 I StorageManagerService: fsType=null fsUuid=null fsLabel=null
08-23 17:43:05.020 1155 1744 I StorageManagerService: path=null internalPath=null
01-01 00:01:13.662 0 0 I afe_find_cal_topo_id_by_port: port id: 0x9000, dev_acdb_id: 0
01-01 00:01:13.662 0 0 I afe_find_cal_topo_id_by_port: top_id:112fc acdb_id:15 afe_port:0x9000
01-01 00:01:13.662 0 0 I afe_get_cal_topology_id: port_id = 0x9000 acdb_id = 15 topology_id = 0x112fc cal_type_index=8 ret=0
01-01 00:01:13.664 0 0 I afe_send_port_topology_id: AFE set topology id 0x112fc enable for port 0x9000 ret 0
01-01 00:01:13.664 0 0 I send_afe_cal_type: cal_index is 0
01-01 00:01:13.664 0 0 I send_afe_cal_type: dev_acdb_id[55] is 0
01-01 00:01:13.664 0 0 I send_afe_cal_type: Sending cal_index cal 0
01-01 00:01:13.664 0 0 E send_afe_cal_type: No cal sent for cal_index 0, port_id = 0x9000! ret -22
01-01 00:01:13.673 0 0 I afe_send_hw_delay: port_id 0x9000 rate 48000 delay_usec 474 status 0
08-23 17:43:05.024 561 561 I vold : Executing sdcardfs
08-23 17:43:05.031 1155 1216 W Looper : Drained
08-23 17:43:05.036 561 561 D vold : Waiting for sdcardfs to spin up...
01-01 00:01:13.717 0 0 I binder : 2803:2803 ioctl 40046210 7fd97147c4 returned -22
01-01 00:01:13.777 0 0 I devfreq-qcom-fw 18590000.qcom,devfreq-l3: qcom,cdsp-cdsp-l3-lat: Successfully started CDSP L3 governor
08-23 17:43:05.087 561 561 D vold : Waiting for sdcardfs to spin up...
08-23 17:43:05.111 2768 2768 W sdcard : Device explicitly enabled sdcardfs
