01-01 00:01:11.315 0 0 I Hardware name: Qualcomm Technologies, Inc. kona MTP-RmPM8150b (DT)
01-01 00:01:11.315 0 0 I Workqueue: events_unbound ion_system_secure_heap_prefetch_work
01-01 00:01:11.315 0 0 I Call trace:
01-01 00:01:11.315 0 0 I : dump_backtrace+0x0/0x258
01-01 00:01:11.315 0 0 I : show_stack+0x20/0x30
01-01 00:01:11.315 0 0 I : dump_stack+0xd8/0x12c
01-01 00:01:11.315 0 0 I : register_lock_class+0x4d0/0x5c8
01-01 00:01:11.315 0 0 I : __lock_acquire+0xbc/0x1e58
01-01 00:01:11.315 0 0 I : lock_acquire+0x1cc/0x218
01-01 00:01:11.315 0 0 I : _raw_spin_lock_irqsave+0x54/0x98
01-01 00:01:11.315 0 0 I : ion_system_secure_heap_prefetch_work+0x94/0x2c0
01-01 00:01:11.315 0 0 I : process_one_work+0x38c/0x660
01-01 00:01:11.315 0 0 I : worker_thread+0x268/0x4b8
01-01 00:01:11.315 0 0 I : kthread+0x140/0x150
01-01 00:01:11.315 0 0 I : ret_from_fork+0x10/0x1c
01-01 00:01:11.323 0 0 E : INFO: trying to register non-static key.
01-01 00:01:11.328 0 0 E : the code is fine but needs lockdep annotation.
01-01 00:01:11.334 0 0 I : CPU: 7 PID: 337 Comm: kworker/u16:14 Tainted: G S W O 4.19.157+ #1
01-01 00:01:11.334 0 0 I Hardware name: Qualcomm Technologies, Inc. kona MTP-RmPM8150b (DT)
01-01 00:01:11.334 0 0 I Workqueue: events_unbound ion_system_secure_heap_prefetch_work
01-01 00:01:11.334 0 0 I Call trace:
01-01 00:01:11.334 0 0 I : dump_backtrace+0x0/0x258
01-01 00:01:11.334 0 0 I : show_stack+0x20/0x30
01-01 00:01:11.334 0 0 I : dump_stack+0xd8/0x12c
01-01 00:01:11.334 0 0 I : register_lock_class+0x4d0/0x5c8
01-01 00:01:11.334 0 0 I : __lock_acquire+0xbc/0x1e58
01-01 00:01:11.334 0 0 I : lock_acquire+0x1cc/0x218
01-01 00:01:11.334 0 0 I : _raw_spin_lock_irqsave+0x54/0x98
01-01 00:01:11.334 0 0 I : ion_system_secure_heap_prefetch_work+0x94/0x2c0
01-01 00:01:11.334 0 0 I : process_one_work+0x38c/0x660
01-01 00:01:11.334 0 0 I : worker_thread+0x268/0x4b8
01-01 00:01:11.334 0 0 I : kthread+0x140/0x150
01-01 00:01:11.334 0 0 I : ret_from_fork+0x10/0x1c
01-01 00:01:11.334 0 0 E : INFO: trying to register non-static key.
01-01 00:01:11.339 0 0 E : the code is fine but needs lockdep annotation.
01-01 00:01:11.345 0 0 I : CPU: 7 PID: 337 Comm: kworker/u16:14 Tainted: G S W O 4.19.157+ #1
01-01 00:01:11.345 0 0 I Hardware name: Qualcomm Technologies, Inc. kona MTP-RmPM8150b (DT)
01-01 00:01:11.345 0 0 I Workqueue: events_unbound ion_system_secure_heap_prefetch_work
01-01 00:01:11.345 0 0 I Call trace:
01-01 00:01:11.345 0 0 I : dump_backtrace+0x0/0x258
01-01 00:01:11.345 0 0 I : show_stack+0x20/0x30
01-01 00:01:11.345 0 0 I : dump_stack+0xd8/0x12c
01-01 00:01:11.345 0 0 I : register_lock_class+0x4d0/0x5c8
01-01 00:01:11.345 0 0 I : __lock_acquire+0xbc/0x1e58
01-01 00:01:11.345 0 0 I : lock_acquire+0x1cc/0x218
01-01 00:01:11.345 0 0 I : _raw_spin_lock_irqsave+0x54/0x98
01-01 00:01:11.345 0 0 I : ion_system_secure_heap_prefetch_work+0x48/0x2c0
01-01 00:01:11.345 0 0 I : process_one_work+0x38c/0x660
01-01 00:01:11.345 0 0 I : worker_thread+0x33c/0x4b8
01-01 00:01:11.345 0 0 I : kthread+0x140/0x150
01-01 00:01:11.345 0 0 I : ret_from_fork+0x10/0x1c
01-01 00:01:11.373 0 0 D : mv2112_read_status
01-01 00:01:11.374 0 0 D mv2112_update_link: 3.0x901(1G): 0x80
01-01 00:01:11.374 0 0 D mv2112_update_link: 3.0x8109(100M): 0x0
01-01 00:01:11.374 0 0 D mv2112_update_link: link 0x0
01-01 00:01:11.374 0 0 D mv2112_read_status: autoneg is disabled
01-01 00:01:11.383 0 0 I [kworke][0x51aeeed0][17:43:03.143873] wlan: [8:I:DP] Peer pool init
01-01 00:01:11.383 0 0 W [kworke][0x51aefe95][17:43:03.144084] wlan: [8:W:DP] dp_rx_pdev_mon_attach: pdev attach id=0
01-01 00:01:11.420 0 0 D cnss : Assign MSI to user: DP, num_vectors: 18, user_base_data: 814, base_vector: 14
01-01 00:01:11.420 0 0 D cnss : Get IRQ number 426 for vector index 14
01-01 00:01:11.420 0 0 D cnss : Assign MSI to user: DP, num_vectors: 18, user_base_data: 814, base_vector: 14
01-01 00:01:11.420 0 0 D cnss : Get IRQ number 427 for vector index 15
01-01 00:01:11.420 0 0 D cnss : Assign MSI to user: DP, num_vectors: 18, user_base_data: 814, base_vector: 14
01-01 00:01:11.420 0 0 D cnss : Get IRQ number 428 for vector index 16
01-01 00:01:11.420 0 0 D cnss : Assign MSI to user: DP, num_vectors: 18, user_base_data: 814, base_vector: 14
01-01 00:01:11.420 0 0 D cnss : Get IRQ number 429 for vector index 17
01-01 00:01:11.420 0 0 D cnss : Assign MSI to user: DP, num_vectors: 18, user_base_data: 814, base_vector: 14
01-01 00:01:11.420 0 0 D cnss : Assign MSI to user: DP, num_vectors: 18, user_base_data: 814, base_vector: 14
01-01 00:01:11.420 0 0 D cnss : Get IRQ number 431 for vector index 19
01-01 00:01:11.420 0 0 D cnss : Assign MSI to user: DP, num_vectors: 18, user_base_data: 814, base_vector: 14
01-01 00:01:11.420 0 0 D cnss : Get IRQ number 432 for vector index 20
01-01 00:01:11.430 0 0 E [kworke][0x51bcf014][17:43:03.191677] wlan: [8:E:HIF] hif_pci_ce_irq_set_affinity_hint: 3708: Unable to set cpu mask for offline CPU 0
01-01 00:01:11.454 0 0 I [kworke][0x51c3bd19][17:43:03.214890] wlan: [83:I:WMA] wma_rx_service_ready_event: Firmware build version : 101a0521
01-01 00:01:11.454 0 0 I [kworke][0x51c3becd][17:43:03.214913] wlan: [83:I:WMA] wma_rx_service_ready_event: Board id: 0, Board version: 8 0 0 0 6
01-01 00:01:11.456 0 0 I [kworke][0x51c45cc9][17:43:03.217019] wlan: [83:I:WMA] wma_is_dbs_mandatory: 5417: MAC0 does not support both bands 2 DBS is mandatory
01-01 00:01:11.456 0 0 E [kworke][0x51c4630e][17:43:03.217103] wlan: [83:E:QDF] copy_fw_abi_version_tlv: 6979: copy_fw_abi_version_tlv: INIT_CMD version: 1, 0, 0x5f414351, 0x4c4d, 0x0, 0x0
08-23 17:43:03.355 1155 2054 D Fingerprint21: Daemon was null, reconnecting, current operation: null
08-23 17:43:03.358 1155 2054 D Fingerprint21: Fingerprint HAL ready, HAL ID: 5326416
08-23 17:43:03.358 1155 1155 D BiometricScheduler/Fingerprint21: [Added] {[0] FingerprintUpdateActiveUserClient, proto=1, owner=android, cookie=0, requestId=-1, userId=0}, new queue size: 1
08-23 17:43:03.358 1155 1155 D BiometricScheduler/Fingerprint21: [Polled] {[0] FingerprintUpdateActiveUserClient, proto=1, owner=android, cookie=0, requestId=-1, userId=0}, State: 0
08-23 17:43:03.358 1155 1155 D BiometricScheduler/Fingerprint21: [Starting] {[0] FingerprintUpdateActiveUserClient, proto=1, owner=android, cookie=0, requestId=-1, userId=0}, State: 0
08-23 17:43:03.358 1155 1155 D BiometricScheduler/Fingerprint21: [Started] {[0] FingerprintUpdateActiveUserClient, proto=1, owner=android, cookie=0, requestId=-1, userId=0}
01-01 00:01:11.600 0 0 D qbt : qbt_open: entry minor_no=0 fd_available=1
01-01 00:01:11.600 0 0 D qbt : qbt_open: exit : 0 fd_available=0
01-01 00:01:11.600 0 0 D qbt : qbt_open: entry minor_no=1 fd_available=0
01-01 00:01:11.600 0 0 D qbt : qbt_open: exit : 0 fd_available=0
01-01 00:01:11.600 0 0 D qbt : qbt_ioctl: cmd received 107
01-01 00:01:11.600 0 0 D qbt : qbt_ioctl: Acquiring wakelock
01-01 00:01:11.645 0 0 W QSEECOM : qseecom_load_app: App (fingerpr) does'nt exist, loading apps for first time
01-01 00:01:11.666 0 0 E [kworke][0x520214a2][17:43:03.427684] wlan: [83:E:QDF] ready_extract_init_status_tlv: 8884: ready_extract_init_status_tlv:0
01-01 00:01:11.673 0 0 I binder : undelivered transaction 20713, process died.
01-01 00:01:11.679 0 0 E [kworke][0x5205e12f][17:43:03.440651] wlan: [83:E:QDF] cds_get_context: 1486: Module ID 65 context is Null
01-01 00:01:11.691 0 0 F [kworke][0x52092a88][17:43:03.451870] wlan: [83:F:DP] cdp_ipa_set_uc_tx_partition_base invalid instance
01-01 00:01:11.702 0 0 I [kworke][0x520c5a8d][17:43:03.462750] wlan: [83:I:WMA] wma_he_update_tgt_services: 996: 11ax is enabled
01-01 00:01:11.708 0 0 I [kworke][0x520e335c][17:43:03.469054] wlan: [83:I:HIF] Initializing Runtime PM wakelock &mgmt_txrx_pdev_ctx->wakelock_tx_runtime_cmp
01-01 00:01:11.709 0 0 I [kworke][0x520ea895][17:43:03.470617] wlan: [83:I:dfs] WLAN_DEBUG_DFS_ALWAYS : wlan_dfs_pdev_obj_create_notification: 421: dfs_offload 1
01-01 00:01:11.709 0 0 I [kworke][0x520ead15][17:43:03.470677] wlan: [83:I:SPECTRAL] null_get_capability: 1715: SPECTRAL : get_capability not registered
01-01 00:01:11.709 0 0 I [kworke][0x520eada9][17:43:03.470684] wlan: [83:I:SPECTRAL] target_if_pdev_spectral_init: 2249: HAL_CAP_PHYDIAG : Capable
01-01 00:01:11.709 0 0 I [kworke][0x520eae44][17:43:03.470693] wlan: [83:I:SPECTRAL] null_get_capability: 1715: SPECTRAL : get_capability not registered
01-01 00:01:11.709 0 0 I [kworke][0x520eaee3][17:43:03.470701] wlan: [83:I:SPECTRAL] target_if_pdev_spectral_init: 2253: HAL_CAP_RADAR : Capable
01-01 00:01:11.709 0 0 I [kworke][0x520eaf6c][17:43:03.470708] wlan: [83:I:SPECTRAL] null_get_capability: 1715: SPECTRAL : get_capability not registered
01-01 00:01:11.709 0 0 I [kworke][0x520eaff3][17:43:03.470715] wlan: [83:I:SPECTRAL] target_if_pdev_spectral_init: 2258: HAL_CAP_SPECTRAL_SCAN : Capable
01-01 00:01:11.710 0 0 I [kworke][0x520eb0bf][17:43:03.470726] wlan: [83:I:SPECTRAL] null_get_tsf64: 1703: SPECTRAL : get_tsf64 not registered
01-01 00:01:11.710 0 0 I [kworke][0x520eb2f7][17:43:03.470755] wlan: [83:I:GREEN_AP] wlan_green_ap_pdev_obj_create_notification: 106: Green AP creation successful, green ap ctx: ffffffd75c0ed0e8, pdev: ffffffd6e93d3ce8
01-01 00:01:11.710 0 0 I [kworke][0x520ebbbb][17:43:03.470872] wlan: [83:I:IPA] wlan_ipa_wdi_init: 540: ipa_over_gsi: 1, is_smmu_enabled: 1
08-23 17:43:03.474 1155 1219 I WindowManager: ******* TELLING SURFACE FLINGER WE ARE BOOTED!
01-01 00:01:11.720 0 0 I [kworke][0x5211bdc9][17:43:03.481140] wlan: [83:I:REGULATORY] reg_set_band: 483: set band bitmap: 3
01-01 00:01:11.721 0 0 I [kworke][0x5211f785][17:43:03.481909] wlan: [83:I:HIF] Initializing Runtime PM wakelock &ctx->dfs
01-01 00:01:11.721 0 0 I [kworke][0x5211f945][17:43:03.481933] wlan: [83:I:HIF] Initializing Runtime PM wakelock &ctx->connect
01-01 00:01:11.721 0 0 I [kworke][0x5211faaa][17:43:03.481951] wlan: [83:I:HIF] Initializing Runtime PM wakelock &ctx->user
01-01 00:01:11.721 0 0 I [kworke][0x5211fc31][17:43:03.481972] wlan: [83:I:HIF] Initializing Runtime PM wakelock &scan_priv->runtime_pm_lock
01-01 00:01:11.721 0 0 I [kworke][0x5211fece][17:43:03.482007] wlan: [83:I:GREEN_AP] target_if_green_ap_register_egap_event_handler: 131: Set the Enhance Green AP event handler
01-01 00:01:11.721 0 0 E [kworke][0x5211ffe4][17:43:03.482021] wlan: [83:E:QDF] dp_peer_map_attach_wifi3: 10048: dp_peer_map_attach_wifi3 max_peers 55, max_ast_index: 144
08-23 17:43:03.487 1155 1219 I ActivityManagerTiming: FinishBooting
01-01 00:01:11.738 0 0 I [kworke][0x5216efc5][17:43:03.498874] wlan: [83:I:DP]
08-23 17:43:03.502 1155 1219 I ActivityManager: About to commit checkpoint
08-23 17:43:03.506 1155 1219 I SystemServiceManager: Starting phase 1000
08-23 17:43:03.506 1155 1219 I ActivityManagerTiming: OnBootPhase_1000
08-23 17:43:03.507 1155 1219 I ActivityManagerTiming: OnBootPhase_1000_com.android.server.security.FileIntegrityService
08-23 17:43:03.507 1155 1219 D ActivityManagerTiming: OnBootPhase_1000_com.android.server.security.FileIntegrityService took to complete: 0ms
08-23 17:43:03.507 1155 1219 I ActivityManagerTiming: OnBootPhase_1000_com.android.server.pm.Installer
08-23 17:43:03.507 1155 1219 D ActivityManagerTiming: OnBootPhase_1000_com.android.server.pm.Installer took to complete: 0ms
08-23 17:43:03.508 1155 1219 I ActivityManagerTiming: OnBootPhase_1000_com.android.server.os.DeviceIdentifiersPolicyService
08-23 17:43:03.508 1155 1219 D ActivityManagerTiming: OnBootPhase_1000_com.android.server.os.DeviceIdentifiersPolicyService took to complete: 0ms
08-23 17:43:03.508 1155 1219 I ActivityManagerTiming: OnBootPhase_1000_com.android.server.uri.UriGrantsManagerService$Lifecycle
08-23 17:43:03.508 1155 1219 D ActivityManagerTiming: OnBootPhase_1000_com.android.server.uri.UriGrantsManagerService$Lifecycle took to complete: 0ms
08-23 17:43:03.508 1155 1219 I ActivityManagerTiming: OnBootPhase_1000_com.android.server.powerstats.PowerStatsService
08-23 17:43:03.509 1155 1219 E PowerStatsService: Failed to start PowerStatsService loggers
01-01 00:01:11.738 0 0 I : <=== cfg max peer id 55 ====>
01-01 00:01:11.738 0 0 I [kworke][0x5216f287][17:43:03.498909] wlan: [83:I:DP]
01-01 00:01:11.738 0 0 I : <=== cfg max ast idx 144 ====>
01-01 00:01:11.738 0 0 I [kworke][0x5216f3d5][17:43:03.498927] wlan: [83:I:DP] ast hash_elems: 512, max_ast_idx: 144
01-01 00:01:11.740 0 0 I [kworke][0x5217a9c6][17:43:03.501355] wlan: [8:I:WMA] wma_wait_for_ready_event: 6926: FW ready event received
08-23 17:43:03.509 1155 1219 D ActivityManagerTiming: OnBootPhase_1000_com.android.server.powerstats.PowerStatsService took to complete: 0ms
08-23 17:43:03.509 1155 1219 I ActivityManagerTiming: OnBootPhase_1000_com.android.server.wm.ActivityTaskManagerService$Lifecycle
08-23 17:43:03.509 1155 1219 D ActivityManagerTiming: OnBootPhase_1000_com.android.server.wm.ActivityTaskManagerService$Lifecycle took to complete: 0ms
08-23 17:43:03.509 1155 1219 I ActivityManagerTiming: OnBootPhase_1000_com.android.server.am.ActivityManagerService$Lifecycle
08-23 17:43:03.509 1155 1219 D ActivityManagerTiming: OnBootPhase_1000_com.android.server.am.ActivityManagerService$Lifecycle took to complete: 0ms
08-23 17:43:03.509 1155 1219 I ActivityManagerTiming: OnBootPhase_1000_com.android.server.pm.DataLoaderManagerService
08-23 17:43:03.509 1155 1219 D ActivityManagerTiming: OnBootPhase_1000_com.android.server.pm.DataLoaderManagerService took to complete: 0ms
08-23 17:43:03.509 1155 1219 I ActivityManagerTiming: OnBootPhase_1000_com.android.server.power.PowerManagerService
08-23 17:43:03.510 1155 1219 D ActivityManagerTiming: OnBootPhase_1000_com.android.server.power.PowerManagerService took to complete: 0ms
08-23 17:43:03.510 1155 1219 I ActivityManagerTiming: OnBootPhase_1000_com.android.server.power.ThermalManagerService
08-23 17:43:03.510 1155 1219 D ActivityManagerTiming: OnBootPhase_1000_com.android.server.power.ThermalManagerService took to complete: 0ms
08-23 17:43:03.510 1155 1219 I ActivityManagerTiming: OnBootPhase_1000_com.android.server.power.hint.HintManagerService
08-23 17:43:03.510 1155 1219 D ActivityManagerTiming: OnBootPhase_1000_com.android.server.power.hint.HintManagerService took to complete: 0ms
08-23 17:43:03.510 1155 1219 I ActivityManagerTiming: OnBootPhase_1000_com.android.server.recoverysystem.RecoverySystemService$Lifecycle
08-23 17:43:03.510 1155 1219 D ActivityManagerTiming: OnBootPhase_1000_com.android.server.recoverysystem.RecoverySystemService$Lifecycle took to complete: 0ms
08-23 17:43:03.510 1155 1219 I ActivityManagerTiming: OnBootPhase_1000_com.android.server.lights.LightsService
08-23 17:43:03.510 1155 1219 D ActivityManagerTiming: OnBootPhase_1000_com.android.server.lights.LightsService took to complete: 0ms
08-23 17:43:03.510 1155 1219 I ActivityManagerTiming: OnBootPhase_1000_com.android.server.display.DisplayManagerService
08-23 17:43:03.511 1155 1219 D ActivityManagerTiming: OnBootPhase_1000_com.android.server.display.DisplayManagerService took to complete: 1ms
08-23 17:43:03.511 1155 1219 I ActivityManagerTiming: OnBootPhase_1000_com.android.server.pm.verify.domain.DomainVerificationService
08-23 17:43:03.511 1155 1219 D ActivityManagerTiming: OnBootPhase_1000_com.android.server.pm.verify.domain.DomainVerificationService took to complete: 0ms
08-23 17:43:03.511 1155 1219 I ActivityManagerTiming: OnBootPhase_1000_com.android.server.pm.PackageInstallerService$Lifecycle
08-23 17:43:03.511 1155 1219 D ActivityManagerTiming: OnBootPhase_1000_com.android.server.pm.PackageInstallerService$Lifecycle took to complete: 0ms
08-23 17:43:03.511 1155 1219 I ActivityManagerTiming: OnBootPhase_1000_com.android.server.pm.UserManagerService$LifeCycle
08-23 17:43:03.511 1155 1219 D ActivityManagerTiming: OnBootPhase_1000_com.android.server.pm.UserManagerService$LifeCycle took to complete: 0ms
08-23 17:43:03.511 1155 1219 I ActivityManagerTiming: OnBootPhase_1000_com.android.server.om.OverlayManagerService
08-23 17:43:03.511 1155 1219 D ActivityManagerTiming: OnBootPhase_1000_com.android.server.om.OverlayManagerService took to complete: 0ms
08-23 17:43:03.511 1155 1219 I ActivityManagerTiming: OnBootPhase_1000_com.android.server.SensorPrivacyService
08-23 17:43:03.511 1155 1219 D ActivityManagerTiming: OnBootPhase_1000_com.android.server.SensorPrivacyService took to complete: 0ms
08-23 17:43:03.512 1155 1219 I ActivityManagerTiming: OnBootPhase_1000_com.android.server.sensors.SensorService
08-23 17:43:03.512 1155 1219 D ActivityManagerTiming: OnBootPhase_1000_com.android.server.sensors.SensorService took to complete: 0ms
08-23 17:43:03.512 1155 1270 V DisplayPowerController[0]: Brightness [0.39763778] reason changing to: 'manual', previous reason: 'override'.
08-23 17:43:03.512 1155 1219 I ActivityManagerTiming: OnBootPhase_1000_com.android.server.SystemConfigService
08-23 17:43:03.512 1155 1219 D ActivityManagerTiming: OnBootPhase_1000_com.android.server.SystemConfigService took to complete: 0ms
08-23 17:43:03.512 1155 1219 I ActivityManagerTiming: OnBootPhase_1000_com.android.server.BatteryService
08-23 17:43:03.512 1155 1219 D ActivityManagerTiming: OnBootPhase_1000_com.android.server.BatteryService took to complete: 0ms
08-23 17:43:03.512 1155 1219 I ActivityManagerTiming: OnBootPhase_1000_com.android.server.usage.UsageStatsService
08-23 17:43:03.513 1155 1219 D ActivityManagerTiming: OnBootPhase_1000_com.android.server.usage.UsageStatsService took to complete: 0ms
08-23 17:43:03.513 1155 1219 I ActivityManagerTiming: OnBootPhase_1000_com.android.server.webkit.WebViewUpdateService
08-23 17:43:03.513 1155 1219 D ActivityManagerTiming: OnBootPhase_1000_com.android.server.webkit.WebViewUpdateService took to complete: 0ms
08-23 17:43:03.513 1155 1219 I ActivityManagerTiming: OnBootPhase_1000_com.android.server.CachedDeviceStateService
08-23 17:43:03.513 1155 1219 D ActivityManagerTiming: OnBootPhase_1000_com.android.server.CachedDeviceStateService took to complete: 0ms
08-23 17:43:03.513 1155 1219 I ActivityManagerTiming: OnBootPhase_1000_com.android.server.BinderCallsStatsService$LifeCycle
08-23 17:43:03.513 1155 1219 D ActivityManagerTiming: OnBootPhase_1000_com.android.server.BinderCallsStatsService$LifeCycle took to complete: 0ms
08-23 17:43:03.513 1155 1219 I ActivityManagerTiming: OnBootPhase_1000_com.android.server.LooperStatsService$Lifecycle
08-23 17:43:03.513 1155 1219 D ActivityManagerTiming: OnBootPhase_1000_com.android.server.LooperStatsService$Lifecycle took to complete: 0ms
08-23 17:43:03.513 1155 1219 I ActivityManagerTiming: OnBootPhase_1000_com.android.server.rollback.RollbackManagerService
08-23 17:43:03.514 1155 1681 D AppStandbyController: Loading headless system app cache. appIdleEnabled=false
08-23 17:43:03.516 1155 1219 D ActivityManagerTiming: OnBootPhase_1000_com.android.server.rollback.RollbackManagerService took to complete: 3ms
08-23 17:43:03.517 1155 1219 I ActivityManagerTiming: OnBootPhase_1000_com.android.server.os.NativeTombstoneManagerService
08-23 17:43:03.517 1155 1219 D ActivityManagerTiming: OnBootPhase_1000_com.android.server.os.NativeTombstoneManagerService took to complete: 0ms
08-23 17:43:03.517 1155 1219 I ActivityManagerTiming: OnBootPhase_1000_com.android.server.os.BugreportManagerService
08-23 17:43:03.517 1155 1219 D ActivityManagerTiming: OnBootPhase_1000_com.android.server.os.BugreportManagerService took to complete: 0ms
08-23 17:43:03.517 1155 1219 I ActivityManagerTiming: OnBootPhase_1000_com.android.server.gpu.GpuService
08-23 17:43:03.517 1155 1689 D RollbackManager: mRollbackLifetimeDurationInMillis=1209600000
01-01 00:01:11.757 0 0 W QSEECOM : qseecom_load_app: App with id 7 (fingerpr) now loaded
08-23 17:43:03.536 1155 1219 D ActivityManagerTiming: OnBootPhase_1000_com.android.server.gpu.GpuService took to complete: 19ms
08-23 17:43:03.536 1155 1219 I ActivityManagerTiming: OnBootPhase_1000_com.android.server.security.KeyChainSystemService
08-23 17:43:03.536 1155 1219 D ActivityManagerTiming: OnBootPhase_1000_com.android.server.security.KeyChainSystemService took to complete: 0ms
08-23 17:43:03.536 1155 1219 I ActivityManagerTiming: OnBootPhase_1000_com.android.server.telecom.TelecomLoaderService
08-23 17:43:03.536 1155 1219 D ActivityManagerTiming: OnBootPhase_1000_com.android.server.telecom.TelecomLoaderService took to complete: 0ms
08-23 17:43:03.536 1155 1219 I ActivityManagerTiming: OnBootPhase_1000_com.android.server.accounts.AccountManagerService$Lifecycle
08-23 17:43:03.536 1155 1219 D ActivityManagerTiming: OnBootPhase_1000_com.android.server.accounts.AccountManagerService$Lifecycle took to complete: 0ms
08-23 17:43:03.536 1155 1219 I ActivityManagerTiming: OnBootPhase_1000_com.android.server.content.ContentService$Lifecycle
08-23 17:43:03.536 1155 1219 D ActivityManagerTiming: OnBootPhase_1000_com.android.server.content.ContentService$Lifecycle took to complete: 0ms
08-23 17:43:03.536 1155 1219 I ActivityManagerTiming: OnBootPhase_1000_com.android.server.DropBoxManagerService
08-23 17:43:03.536 1155 1219 D ActivityManagerTiming: OnBootPhase_1000_com.android.server.DropBoxManagerService took to complete: 0ms
08-23 17:43:03.537 1155 1219 I ActivityManagerTiming: OnBootPhase_1000_com.android.role.RoleService
08-23 17:43:03.537 1155 1219 D ActivityManagerTiming: OnBootPhase_1000_com.android.role.RoleService took to complete: 0ms
08-23 17:43:03.537 1155 1219 I ActivityManagerTiming: OnBootPhase_1000_com.android.server.vibrator.VibratorManagerService$Lifecycle
08-23 17:43:03.537 1155 1219 D ActivityManagerTiming: OnBootPhase_1000_com.android.server.vibrator.VibratorManagerService$Lifecycle took to complete: 0ms
08-23 17:43:03.537 1155 1219 I ActivityManagerTiming: OnBootPhase_1000_com.android.server.alarm.AlarmManagerService
08-23 17:43:03.537 1155 1219 D ActivityManagerTiming: OnBootPhase_1000_com.android.server.alarm.AlarmManagerService took to complete: 0ms
08-23 17:43:03.537 1155 1219 I ActivityManagerTiming: OnBootPhase_1000_com.android.server.devicestate.DeviceStateManagerService
08-23 17:43:03.537 1155 1219 D ActivityManagerTiming: OnBootPhase_1000_com.android.server.devicestate.DeviceStateManagerService took to complete: 0ms
08-23 17:43:03.537 1155 1219 I ActivityManagerTiming: OnBootPhase_1000_com.android.server.camera.CameraServiceProxy
08-23 17:43:03.539 1155 1219 D ActivityManagerTiming: OnBootPhase_1000_com.android.server.camera.CameraServiceProxy took to complete: 1ms
08-23 17:43:03.539 1155 1219 I ActivityManagerTiming: OnBootPhase_1000_com.android.server.BluetoothService
08-23 17:43:03.539 1155 1219 D ActivityManagerTiming: OnBootPhase_1000_com.android.server.BluetoothService took to complete: 0ms
08-23 17:43:03.539 1155 1219 I ActivityManagerTiming: OnBootPhase_1000_com.android.server.connectivity.IpConnectivityMetrics
08-23 17:43:03.539 1155 1219 D ActivityManagerTiming: OnBootPhase_1000_com.android.server.connectivity.IpConnectivityMetrics took to complete: 0ms
08-23 17:43:03.539 1155 1219 I ActivityManagerTiming: OnBootPhase_1000_com.android.server.net.watchlist.NetworkWatchlistService$Lifecycle
08-23 17:43:03.539 1155 1219 D ActivityManagerTiming: OnBootPhase_1000_com.android.server.net.watchlist.NetworkWatchlistService$Lifecycle took to complete: 0ms
08-23 17:43:03.539 1155 1219 I ActivityManagerTiming: OnBootPhase_1000_com.android.server.PinnerService
08-23 17:43:03.539 1155 1219 D ActivityManagerTiming: OnBootPhase_1000_com.android.server.PinnerService took to complete: 0ms
08-23 17:43:03.539 1155 1219 I ActivityManagerTiming: OnBootPhase_1000_com.google.android.startop.iorap.IorapForwardingService
08-23 17:43:03.540 1155 1219 D ActivityManagerTiming: OnBootPhase_1000_com.google.android.startop.iorap.IorapForwardingService took to complete: 1ms
08-23 17:43:03.540 1155 1219 I ActivityManagerTiming: OnBootPhase_1000_com.android.server.ActivityTriggerService
08-23 17:43:03.540 1155 1219 D ActivityManagerTiming: OnBootPhase_1000_com.android.server.ActivityTriggerService took to complete: 0ms
08-23 17:43:03.540 1155 1219 I ActivityManagerTiming: OnBootPhase_1000_com.android.server.integrity.AppIntegrityManagerService
08-23 17:43:03.540 1155 1219 D ActivityManagerTiming: OnBootPhase_1000_com.android.server.integrity.AppIntegrityManagerService took to complete: 0ms
08-23 17:43:03.540 1155 1219 I ActivityManagerTiming: OnBootPhase_1000_com.android.server.inputmethod.InputMethodManagerService$Lifecycle
08-23 17:43:03.540 1155 1219 D ActivityManagerTiming: OnBootPhase_1000_com.android.server.inputmethod.InputMethodManagerService$Lifecycle took to complete: 0ms
08-23 17:43:03.540 1155 1219 I ActivityManagerTiming: OnBootPhase_1000_com.android.server.accessibility.AccessibilityManagerService$Lifecycle
08-23 17:43:03.541 1155 1219 D ActivityManagerTiming: OnBootPhase_1000_com.android.server.accessibility.AccessibilityManagerService$Lifecycle took to complete: 0ms
08-23 17:43:03.541 1155 1219 I ActivityManagerTiming: OnBootPhase_1000_com.android.server.StorageManagerService$Lifecycle
08-23 17:43:03.541 1155 1219 D ActivityManagerTiming: OnBootPhase_1000_com.android.server.StorageManagerService$Lifecycle took to complete: 0ms
08-23 17:43:03.541 1155 1219 I ActivityManagerTiming: OnBootPhase_1000_com.android.server.usage.StorageStatsService$Lifecycle
08-23 17:43:03.541 1155 1219 D ActivityManagerTiming: OnBootPhase_1000_com.android.server.usage.StorageStatsService$Lifecycle took to complete: 0ms
08-23 17:43:03.541 1155 1219 I ActivityManagerTiming: OnBootPhase_1000_com.android.server.UiModeManagerService
08-23 17:43:03.541 1155 1219 D ActivityManagerTiming: OnBootPhase_1000_com.android.server.UiModeManagerService took to complete: 0ms
08-23 17:43:03.541 1155 1219 I ActivityManagerTiming: OnBootPhase_1000_com.android.server.locksettings.LockSettingsService$Lifecycle
08-23 17:43:03.541 1155 1219 D ActivityManagerTiming: OnBootPhase_1000_com.android.server.locksettings.LockSettingsService$Lifecycle took to complete: 0ms
08-23 17:43:03.541 1155 1744 D StorageManagerService: Thinking about init, mBootCompleted=true, mDaemonConnected=true
08-23 17:43:03.541 1155 1744 D StorageManagerService: Thinking about reset, mBootCompleted=true, mDaemonConnected=true
08-23 17:43:03.542 1155 1744 I StorageSessionController: Started resetting external storage service...
08-23 17:43:03.542 1155 1744 I StorageSessionController: Finished resetting external storage service
08-23 17:43:03.542 1155 1744 I StorageManagerService: Resetting vold...
08-23 17:43:03.543 1155 1744 I StorageManagerService: Reset vold
08-23 17:43:03.543 561 561 I vold : onUserAdded: 0
08-23 17:43:03.544 1155 1219 I ActivityManagerTiming: OnBootPhase_1000_com.android.server.PersistentDataBlockService
08-23 17:43:03.544 1155 1219 D ActivityManagerTiming: OnBootPhase_1000_com.android.server.PersistentDataBlockService took to complete: 0ms
08-23 17:43:03.544 1155 1219 I ActivityManagerTiming: OnBootPhase_1000_com.android.server.testharness.TestHarnessModeService
08-23 17:43:03.545 1155 1219 D TestHarnessModeService: Completing Test Harness Mode setup.
01-01 00:01:11.782 0 0 E [kworke][0x5223e5f8][17:43:03.543117] wlan: [8:E:WMI] send_action_oui_cmd_tlv: 220: Invalid action id
01-01 00:01:11.795 0 0 E [kworke][0x5227a280][17:43:03.555869] wlan: [8:E:action_oui] ucfg_action_oui_send: 160: Failed to send: 7
01-01 00:01:11.806 0 0 E [kworke][0x522afef3][17:43:03.567342] wlan: [8:E:WMI] send_action_oui_cmd_tlv: 220: Invalid action id
01-01 00:01:11.818 0 0 E [kworke][0x522e5fe8][17:43:03.578877] wlan: [8:E:action_oui] ucfg_action_oui_send: 160: Failed to send: 9
01-01 00:01:11.829 0 0 E [kworke][0x5231b19d][17:43:03.590207] wlan: [8:E:HDD] hdd_action_oui_send: 13281: Failed to send one or all action_ouis
08-23 17:43:03.594 1155 1219 D ActivityManagerTiming: OnBootPhase_1000_com.android.server.testharness.TestHarnessModeService took to complete: 49ms
08-23 17:43:03.594 1155 1219 I ActivityManagerTiming: OnBootPhase_1000_com.android.server.oemlock.OemLockService
08-23 17:43:03.594 1155 1219 D ActivityManagerTiming: OnBootPhase_1000_com.android.server.oemlock.OemLockService took to complete: 0ms
08-23 17:43:03.594 1155 1219 I ActivityManagerTiming: OnBootPhase_1000_com.android.server.DeviceIdleController
08-23 17:43:03.594 1155 1219 D ActivityManagerTiming: OnBootPhase_1000_com.android.server.DeviceIdleController took to complete: 0ms
08-23 17:43:03.594 1155 1219 I ActivityManagerTiming: OnBootPhase_1000_com.android.server.devicepolicy.DevicePolicyManagerService$Lifecycle
08-23 17:43:03.594 1155 1219 D ActivityManagerTiming: OnBootPhase_1000_com.android.server.devicepolicy.DevicePolicyManagerService$Lifecycle took to complete: 0ms
08-23 17:43:03.594 1155 1219 I ActivityManagerTiming: OnBootPhase_1000_com.android.server.texttospeech.TextToSpeechManagerService
08-23 17:43:03.594 1155 1219 D ActivityManagerTiming: OnBootPhase_1000_com.android.server.texttospeech.TextToSpeechManagerService took to complete: 0ms
08-23 17:43:03.594 1155 1219 I ActivityManagerTiming: OnBootPhase_1000_com.android.server.speech.SpeechRecognitionManagerService
08-23 17:43:03.594 1155 1219 D ActivityManagerTiming: OnBootPhase_1000_com.android.server.speech.SpeechRecognitionManagerService took to complete: 0ms
08-23 17:43:03.594 1155 1219 I ActivityManagerTiming: OnBootPhase_1000_com.android.server.searchui.SearchUiManagerService
08-23 17:43:03.594 1155 1219 D ActivityManagerTiming: OnBootPhase_1000_com.android.server.searchui.SearchUiManagerService took to complete: 0ms
08-23 17:43:03.595 1155 1219 I ActivityManagerTiming: OnBootPhase_1000_com.android.server.smartspace.SmartspaceManagerService
08-23 17:43:03.595 1155 1219 D ActivityManagerTiming: OnBootPhase_1000_com.android.server.smartspace.SmartspaceManagerService took to complete: 0ms
08-23 17:43:03.595 1155 1219 I ActivityManagerTiming: OnBootPhase_1000_com.android.server.graphics.fonts.FontManagerService$Lifecycle
08-23 17:43:03.595 1155 1219 D ActivityManagerTiming: OnBootPhase_1000_com.android.server.graphics.fonts.FontManagerService$Lifecycle took to complete: 0ms
08-23 17:43:03.595 1155 1219 I ActivityManagerTiming: OnBootPhase_1000_com.android.server.textservices.TextServicesManagerService$Lifecycle
08-23 17:43:03.595 1155 1219 D ActivityManagerTiming: OnBootPhase_1000_com.android.server.textservices.TextServicesManagerService$Lifecycle took to complete: 0ms
08-23 17:43:03.595 1155 1219 I ActivityManagerTiming: OnBootPhase_1000_com.android.server.textclassifier.TextClassificationManagerService$Lifecycle
08-23 17:43:03.595 1155 1219 D ActivityManagerTiming: OnBootPhase_1000_com.android.server.textclassifier.TextClassificationManagerService$Lifecycle took to complete: 0ms
08-23 17:43:03.595 1155 1219 I ActivityManagerTiming: OnBootPhase_1000_com.android.server.NetworkScoreService$Lifecycle
08-23 17:43:03.595 1155 1219 D ActivityManagerTiming: OnBootPhase_1000_com.android.server.NetworkScoreService$Lifecycle took to complete: 0ms
08-23 17:43:03.595 1155 1219 I ActivityManagerTiming: OnBootPhase_1000_com.android.server.wifi.WifiService
08-23 17:43:03.595 1155 1219 D ActivityManagerTiming: OnBootPhase_1000_com.android.server.wifi.WifiService took to complete: 0ms
08-23 17:43:03.596 1155 1219 I ActivityManagerTiming: OnBootPhase_1000_com.android.server.wifi.scanner.WifiScanningService
08-23 17:43:03.596 1155 1219 D ActivityManagerTiming: OnBootPhase_1000_com.android.server.wifi.scanner.WifiScanningService took to complete: 0ms
08-23 17:43:03.596 1155 1219 I ActivityManagerTiming: OnBootPhase_1000_com.android.server.wifi.rtt.RttService
08-23 17:43:03.596 1155 1219 D ActivityManagerTiming: OnBootPhase_1000_com.android.server.wifi.rtt.RttService took to complete: 0ms
08-23 17:43:03.596 1155 1219 I ActivityManagerTiming: OnBootPhase_1000_com.android.server.wifi.aware.WifiAwareService
08-23 17:43:03.596 1155 1219 D ActivityManagerTiming: OnBootPhase_1000_com.android.server.wifi.aware.WifiAwareService took to complete: 1ms
08-23 17:43:03.596 1155 1219 I ActivityManagerTiming: OnBootPhase_1000_com.android.server.wifi.p2p.WifiP2pService
08-23 17:43:03.596 1155 1219 D ActivityManagerTiming: OnBootPhase_1000_com.android.server.wifi.p2p.WifiP2pService took to complete: 0ms
08-23 17:43:03.596 1155 1219 I ActivityManagerTiming: OnBootPhase_1000_com.android.server.ethernet.EthernetService
08-23 17:43:03.596 1155 1219 D ActivityManagerTiming: OnBootPhase_1000_com.android.server.ethernet.EthernetService took to complete: 0ms
08-23 17:43:03.596 1155 1219 I ActivityManagerTiming: OnBootPhase_1000_com.android.server.ConnectivityServiceInitializer
08-23 17:43:03.596 1155 1219 D ActivityManagerTiming: OnBootPhase_1000_com.android.server.ConnectivityServiceInitializer took to complete: 0ms
08-23 17:43:03.596 1155 1219 I ActivityManagerTiming: OnBootPhase_1000_com.android.server.notification.NotificationManagerService
08-23 17:43:03.597 1155 1219 D ActivityManagerTiming: OnBootPhase_1000_com.android.server.notification.NotificationManagerService took to complete: 0ms
08-23 17:43:03.597 1155 1219 I ActivityManagerTiming: OnBootPhase_1000_com.android.server.storage.DeviceStorageMonitorService
08-23 17:43:03.597 1155 1219 D ActivityManagerTiming: OnBootPhase_1000_com.android.server.storage.DeviceStorageMonitorService took to complete: 0ms
08-23 17:43:03.597 1155 1219 I ActivityManagerTiming: OnBootPhase_1000_com.android.server.location.LocationManagerService$Lifecycle
08-23 17:43:03.598 1155 1219 D ActivityManagerTiming: OnBootPhase_1000_com.android.server.location.LocationManagerService$Lifecycle took to complete: 0ms
08-23 17:43:03.598 1155 1219 I ActivityManagerTiming: OnBootPhase_1000_com.android.server.timedetector.TimeDetectorService$Lifecycle
08-23 17:43:03.598 1155 1219 D ActivityManagerTiming: OnBootPhase_1000_com.android.server.timedetector.TimeDetectorService$Lifecycle took to complete: 0ms
08-23 17:43:03.598 1155 1219 I ActivityManagerTiming: OnBootPhase_1000_com.android.server.timezonedetector.TimeZoneDetectorService$Lifecycle
08-23 17:43:03.598 1155 1219 D ActivityManagerTiming: OnBootPhase_1000_com.android.server.timezonedetector.TimeZoneDetectorService$Lifecycle took to complete: 0ms
08-23 17:43:03.598 1155 1219 I ActivityManagerTiming: OnBootPhase_1000_com.android.server.timezonedetector.location.LocationTimeZoneManagerService$Lifecycle
08-23 17:43:03.599 1155 1219 D ActivityManagerTiming: OnBootPhase_1000_com.android.server.timezonedetector.location.LocationTimeZoneManagerService$Lifecycle took to complete: 0ms
08-23 17:43:03.599 1155 1219 I ActivityManagerTiming: OnBootPhase_1000_com.android.server.search.SearchManagerService$Lifecycle
08-23 17:43:03.599 1155 1219 D ActivityManagerTiming: OnBootPhase_1000_com.android.server.search.SearchManagerService$Lifecycle took to complete: 0ms
08-23 17:43:03.599 1155 1219 I ActivityManagerTiming: OnBootPhase_1000_com.android.server.wallpaper.WallpaperManagerService$Lifecycle
08-23 17:43:03.599 1155 1219 D ActivityManagerTiming: OnBootPhase_1000_com.android.server.wallpaper.WallpaperManagerService$Lifecycle took to complete: 0ms
08-23 17:43:03.599 1155 1219 I ActivityManagerTiming: OnBootPhase_1000_com.android.server.audio.AudioService$Lifecycle
08-23 17:43:03.599 1155 1219 D ActivityManagerTiming: OnBootPhase_1000_com.android.server.audio.AudioService$Lifecycle took to complete: 0ms
08-23 17:43:03.599 1155 1219 I ActivityManagerTiming: OnBootPhase_1000_com.android.server.soundtrigger_middleware.SoundTriggerMiddlewareService$Lifecycle
08-23 17:43:03.599 1155 1219 D ActivityManagerTiming: OnBootPhase_1000_com.android.server.soundtrigger_middleware.SoundTriggerMiddlewareService$Lifecycle took to complete: 0ms
08-23 17:43:03.599 1155 1219 I ActivityManagerTiming: OnBootPhase_1000_com.android.server.DockObserver
08-23 17:43:03.599 1155 1219 D ActivityManagerTiming: OnBootPhase_1000_com.android.server.DockObserver took to complete: 0ms
08-23 17:43:03.599 1155 1219 I ActivityManagerTiming: OnBootPhase_1000_com.android.server.midi.MidiService$Lifecycle
08-23 17:43:03.599 1155 1219 D ActivityManagerTiming: OnBootPhase_1000_com.android.server.midi.MidiService$Lifecycle took to complete: 0ms
08-23 17:43:03.599 1155 1219 I ActivityManagerTiming: OnBootPhase_1000_com.android.server.adb.AdbService$Lifecycle
08-23 17:43:03.600 1155 1219 D ActivityManagerTiming: OnBootPhase_1000_com.android.server.adb.AdbService$Lifecycle took to complete: 0ms
08-23 17:43:03.600 1155 1219 I ActivityManagerTiming: OnBootPhase_1000_com.android.server.usb.UsbService$Lifecycle
08-23 17:43:03.600 1155 1219 D ActivityManagerTiming: OnBootPhase_1000_com.android.server.usb.UsbService$Lifecycle took to complete: 0ms
08-23 17:43:03.600 1155 1219 I ActivityManagerTiming: OnBootPhase_1000_com.android.server.twilight.TwilightService
08-23 17:43:03.601 1155 1219 D ActivityManagerTiming: OnBootPhase_1000_com.android.server.twilight.TwilightService took to complete: 1ms
08-23 17:43:03.601 1155 1219 I ActivityManagerTiming: OnBootPhase_1000_com.android.server.display.color.ColorDisplayService
08-23 17:43:03.601 1155 1219 D ActivityManagerTiming: OnBootPhase_1000_com.android.server.display.color.ColorDisplayService took to complete: 0ms
08-23 17:43:03.601 1155 1219 I ActivityManagerTiming: OnBootPhase_1000_com.android.server.job.JobSchedulerService
08-23 17:43:03.601 1155 1219 D ActivityManagerTiming: OnBootPhase_1000_com.android.server.job.JobSchedulerService took to complete: 0ms
08-23 17:43:03.601 1155 1219 I ActivityManagerTiming: OnBootPhase_1000_com.android.server.soundtrigger.SoundTriggerService
08-23 17:43:03.601 1155 1219 D SoundTriggerService: onBootPhase: 1000 : false
08-23 17:43:03.601 1155 1219 D ActivityManagerTiming: OnBootPhase_1000_com.android.server.soundtrigger.SoundTriggerService took to complete: 0ms
08-23 17:43:03.601 1155 1219 I ActivityManagerTiming: OnBootPhase_1000_com.android.server.trust.TrustManagerService
08-23 17:43:03.601 1155 1219 D ActivityManagerTiming: OnBootPhase_1000_com.android.server.trust.TrustManagerService took to complete: 0ms
08-23 17:43:03.601 1155 1219 I ActivityManagerTiming: OnBootPhase_1000_com.android.server.backup.BackupManagerService$Lifecycle
08-23 17:43:03.602 1155 1219 D ActivityManagerTiming: OnBootPhase_1000_com.android.server.backup.BackupManagerService$Lifecycle took to complete: 0ms
08-23 17:43:03.602 1155 1219 I ActivityManagerTiming: OnBootPhase_1000_com.android.server.appwidget.AppWidgetService
08-23 17:43:03.602 1155 1219 D ActivityManagerTiming: OnBootPhase_1000_com.android.server.appwidget.AppWidgetService took to complete: 0ms
08-23 17:43:03.602 1155 1219 I ActivityManagerTiming: OnBootPhase_1000_com.android.server.voiceinteraction.VoiceInteractionManagerService
08-23 17:43:03.602 1155 1219 D ActivityManagerTiming: OnBootPhase_1000_com.android.server.voiceinteraction.VoiceInteractionManagerService took to complete: 0ms
08-23 17:43:03.602 1155 1219 I ActivityManagerTiming: OnBootPhase_1000_com.android.server.apphibernation.AppHibernationService
08-23 17:43:03.602 1155 1219 D ActivityManagerTiming: OnBootPhase_1000_com.android.server.apphibernation.AppHibernationService took to complete: 1ms
08-23 17:43:03.602 1155 1219 I ActivityManagerTiming: OnBootPhase_1000_com.android.server.GestureLauncherService
08-23 17:43:03.602 1155 1219 D ActivityManagerTiming: OnBootPhase_1000_com.android.server.GestureLauncherService took to complete: 0ms
08-23 17:43:03.602 1155 1219 I ActivityManagerTiming: OnBootPhase_1000_com.android.server.SensorNotificationService
08-23 17:43:03.604 1155 2583 I HibernationStateDiskStore: No hibernation file on disk for file /data/system/hibernation/states
08-23 17:43:03.616 1155 1219 D CompatibilityChangeReporter: Compat change id reported: 168936375; UID 1000; state: ENABLED
08-23 17:43:03.616 1155 1219 D CompatibilityChangeReporter: Compat change id reported: 168936375; UID 1000; state: DISABLED
08-23 17:43:03.621 1155 1219 D CompatibilityChangeReporter: Compat change id reported: 73144566; UID 1000; state: ENABLED
08-23 17:43:03.622 1155 1219 D CompatibilityChangeReporter: Compat change id reported: 73144566; UID 1000; state: DISABLED
08-23 17:43:03.622 1155 1219 D ActivityManagerTiming: OnBootPhase_1000_com.android.server.SensorNotificationService took to complete: 20ms
08-23 17:43:03.623 1155 1219 I ActivityManagerTiming: OnBootPhase_1000_com.android.server.emergency.EmergencyAffordanceService
08-23 17:43:03.623 1155 1219 D ActivityManagerTiming: OnBootPhase_1000_com.android.server.emergency.EmergencyAffordanceService took to complete: 0ms
08-23 17:43:03.623 1155 1219 I ActivityManagerTiming: OnBootPhase_1000_com.android.server.blob.BlobStoreManagerService
08-23 17:43:03.623 1155 1219 D ActivityManagerTiming: OnBootPhase_1000_com.android.server.blob.BlobStoreManagerService took to complete: 1ms
08-23 17:43:03.623 1155 1219 I ActivityManagerTiming: OnBootPhase_1000_com.android.server.dreams.DreamManagerService
08-23 17:43:03.623 1155 1219 D ActivityManagerTiming: OnBootPhase_1000_com.android.server.dreams.DreamManagerService took to complete: 0ms
08-23 17:43:03.623 1155 1219 I ActivityManagerTiming: OnBootPhase_1000_com.android.server.companion.CompanionDeviceManagerService
08-23 17:43:03.623 1155 1219 D ActivityManagerTiming: OnBootPhase_1000_com.android.server.companion.CompanionDeviceManagerService took to complete: 0ms
08-23 17:43:03.623 1155 1219 I ActivityManagerTiming: OnBootPhase_1000_com.android.server.restrictions.RestrictionsManagerService
08-23 17:43:03.623 1155 1219 D ActivityManagerTiming: OnBootPhase_1000_com.android.server.restrictions.RestrictionsManagerService took to complete: 0ms
08-23 17:43:03.623 1155 1219 I ActivityManagerTiming: OnBootPhase_1000_com.android.server.media.MediaSessionService
08-23 17:43:03.627 1155 1219 D ActivityManagerTiming: OnBootPhase_1000_com.android.server.media.MediaSessionService took to complete: 3ms
08-23 17:43:03.627 1155 1219 I ActivityManagerTiming: OnBootPhase_1000_com.android.server.media.MediaResourceMonitorService
08-23 17:43:03.627 1155 1219 D ActivityManagerTiming: OnBootPhase_1000_com.android.server.media.MediaResourceMonitorService took to complete: 0ms
08-23 17:43:03.627 1155 1219 I ActivityManagerTiming: OnBootPhase_1000_com.android.server.biometrics.sensors.fingerprint.FingerprintService
08-23 17:43:03.627 1155 1219 D ActivityManagerTiming: OnBootPhase_1000_com.android.server.biometrics.sensors.fingerprint.FingerprintService took to complete: 0ms
08-23 17:43:03.627 1155 1219 I ActivityManagerTiming: OnBootPhase_1000_com.android.server.biometrics.BiometricService
08-23 17:43:03.627 1155 1219 D ActivityManagerTiming: OnBootPhase_1000_com.android.server.biometrics.BiometricService took to complete: 0ms
08-23 17:43:03.627 1155 1219 I ActivityManagerTiming: OnBootPhase_1000_com.android.server.biometrics.AuthService
08-23 17:43:03.627 1155 1219 D ActivityManagerTiming: OnBootPhase_1000_com.android.server.biometrics.AuthService took to complete: 0ms
08-23 17:43:03.628 1155 1219 I ActivityManagerTiming: OnBootPhase_1000_com.android.server.pm.ShortcutService$Lifecycle
08-23 17:43:03.628 1155 1219 D ActivityManagerTiming: OnBootPhase_1000_com.android.server.pm.ShortcutService$Lifecycle took to complete: 0ms
08-23 17:43:03.628 1155 1219 I ActivityManagerTiming: OnBootPhase_1000_com.android.server.pm.LauncherAppsService
08-23 17:43:03.628 1155 1219 D ActivityManagerTiming: OnBootPhase_1000_com.android.server.pm.LauncherAppsService took to complete: 0ms
08-23 17:43:03.628 1155 1219 I ActivityManagerTiming: OnBootPhase_1000_com.android.server.pm.CrossProfileAppsService
08-23 17:43:03.628 1155 1219 D ActivityManagerTiming: OnBootPhase_1000_com.android.server.pm.CrossProfileAppsService took to complete: 0ms
08-23 17:43:03.628 1155 1219 I ActivityManagerTiming: OnBootPhase_1000_com.android.server.people.PeopleService
08-23 17:43:03.628 1155 1219 D ActivityManagerTiming: OnBootPhase_1000_com.android.server.people.PeopleService took to complete: 0ms
08-23 17:43:03.628 1155 1219 I ActivityManagerTiming: OnBootPhase_1000_com.android.server.media.metrics.MediaMetricsManagerService
08-23 17:43:03.628 1155 1219 D ActivityManagerTiming: OnBootPhase_1000_com.android.server.media.metrics.MediaMetricsManagerService took to complete: 0ms
08-23 17:43:03.628 1155 1219 I ActivityManagerTiming: OnBootPhase_1000_com.android.server.media.projection.MediaProjectionManagerService
08-23 17:43:03.628 1155 1219 D ActivityManagerTiming: OnBootPhase_1000_com.android.server.media.projection.MediaProjectionManagerService took to complete: 0ms
08-23 17:43:03.628 1155 1219 I ActivityManagerTiming: OnBootPhase_1000_com.android.server.slice.SliceManagerService$Lifecycle
08-23 17:43:03.628 1155 1219 D ActivityManagerTiming: OnBootPhase_1000_com.android.server.slice.SliceManagerService$Lifecycle took to complete: 0ms
08-23 17:43:03.628 1155 1219 I ActivityManagerTiming: OnBootPhase_1000_com.android.server.stats.StatsCompanion$Lifecycle
08-23 17:43:03.629 1155 1219 D ActivityManagerTiming: OnBootPhase_1000_com.android.server.stats.StatsCompanion$Lifecycle took to complete: 0ms
08-23 17:43:03.629 1155 1219 I ActivityManagerTiming: OnBootPhase_1000_com.android.server.scheduling.RebootReadinessManagerService$Lifecycle
08-23 17:43:03.629 1155 1219 D ActivityManagerTiming: OnBootPhase_1000_com.android.server.scheduling.RebootReadinessManagerService$Lifecycle took to complete: 0ms
08-23 17:43:03.629 1155 1219 I ActivityManagerTiming: OnBootPhase_1000_com.android.server.stats.pull.StatsPullAtomService
08-23 17:43:03.629 1155 1219 D ActivityManagerTiming: OnBootPhase_1000_com.android.server.stats.pull.StatsPullAtomService took to complete: 0ms
08-23 17:43:03.629 1155 1219 I ActivityManagerTiming: OnBootPhase_1000_com.android.server.incident.IncidentCompanionService
08-23 17:43:03.629 1155 1219 D ActivityManagerTiming: OnBootPhase_1000_com.android.server.incident.IncidentCompanionService took to complete: 0ms
08-23 17:43:03.629 1155 1219 I ActivityManagerTiming: OnBootPhase_1000_com.android.server.MmsServiceBroker
08-23 17:43:03.629 1155 1219 D ActivityManagerTiming: OnBootPhase_1000_com.android.server.MmsServiceBroker took to complete: 0ms
08-23 17:43:03.630 1155 1219 I ActivityManagerTiming: OnBootPhase_1000_com.android.server.autofill.AutofillManagerService
08-23 17:43:03.630 1155 1219 D ActivityManagerTiming: OnBootPhase_1000_com.android.server.autofill.AutofillManagerService took to complete: 0ms
08-23 17:43:03.630 1155 1219 I ActivityManagerTiming: OnBootPhase_1000_com.android.server.clipboard.ClipboardService
08-23 17:43:03.630 1155 1219 D ActivityManagerTiming: OnBootPhase_1000_com.android.server.clipboard.ClipboardService took to complete: 0ms
08-23 17:43:03.630 1155 1219 I ActivityManagerTiming: OnBootPhase_1000_com.android.server.appbinding.AppBindingService$Lifecycle
08-23 17:43:03.630 1155 1219 D ActivityManagerTiming: OnBootPhase_1000_com.android.server.appbinding.AppBindingService$Lifecycle took to complete: 0ms
08-23 17:43:03.630 1155 1219 I ActivityManagerTiming: OnBootPhase_1000_com.android.server.tracing.TracingServiceProxy
08-23 17:43:03.630 1155 1219 D ActivityManagerTiming: OnBootPhase_1000_com.android.server.tracing.TracingServiceProxy took to complete: 0ms
08-23 17:43:03.630 1155 1219 I ActivityManagerTiming: OnBootPhase_1000_com.android.server.policy.PermissionPolicyService
08-23 17:43:03.630 1155 1219 D ActivityManagerTiming: OnBootPhase_1000_com.android.server.policy.PermissionPolicyService took to complete: 0ms
08-23 17:43:03.630 1155 1219 I ActivityManagerTiming: OnBootPhase_1000_com.android.server.pm.StagingManager$Lifecycle
08-23 17:43:03.630 1155 1219 D ActivityManagerTiming: OnBootPhase_1000_com.android.server.pm.StagingManager$Lifecycle took to complete: 0ms
08-23 17:43:03.631 1155 1219 I ActivityManagerTiming: OnBootPhase_1000_com.android.server.app.GameManagerService$Lifecycle
08-23 17:43:03.631 1155 1219 D GameManagerService: onBootCompleted
08-23 17:43:03.631 1155 1219 D ActivityManagerTiming: OnBootPhase_1000_com.android.server.app.GameManagerService$Lifecycle took to complete: 0ms
08-23 17:43:03.631 1155 1219 I ActivityManagerTiming: OnBootPhase_1000_com.android.server.appsearch.AppSearchManagerService
08-23 17:43:03.632 1155 1219 D ActivityManagerTiming: OnBootPhase_1000_com.android.server.appsearch.AppSearchManagerService took to complete: 1ms
08-23 17:43:03.632 1155 1219 I ActivityManagerTiming: OnBootPhase_1000_com.android.server.media.MediaCommunicationService
08-23 17:43:03.632 1155 1219 D ActivityManagerTiming: OnBootPhase_1000_com.android.server.media.MediaCommunicationService took to complete: 0ms
08-23 17:43:03.632 1155 1219 D ActivityManagerTiming: OnBootPhase_1000 took to complete: 126ms
08-23 17:43:03.632 1155 1219 D ActivityManagerTiming: TotalBootTime took to complete: 11564ms
08-23 17:43:03.632 1155 1219 D SystemServerInitThreadPool: Shutdown requested
08-23 17:43:03.632 1155 1219 I SystemServerTiming: WaitInitThreadPoolShutdown
08-23 17:43:03.636 1155 1219 D SystemServerInitThreadPool: Shutdown successful
08-23 17:43:03.636 1155 1219 D SystemServerTiming: WaitInitThreadPoolShutdown took to complete: 4ms
01-01 00:01:11.865 0 0 E bt_ioctl: BT_CMD_PWR_CTRL pwr_cntrl:2
01-01 00:01:11.873 0 0 E bt_vreg_unvote: vreg_unvote successful for : qca,bt-vdd-rfa2
01-01 00:01:11.876 0 0 D cnss : dma-coherent is enabled
01-01 00:01:11.880 0 0 E bt_vreg_unvote: vreg_unvote successful for : qca,bt-vdd-rfa1
08-23 17:43:03.646 1155 1219 I ActivityManager: User 0 state changed from BOOTING to RUNNING_LOCKED
01-01 00:01:11.882 0 0 D cnss : IOMMU map: iova b0000000, len 4096
08-23 17:43:03.646 1155 1219 W ActivityManager: UserLifecycleEvent 4 received without an active userJourneySession.
01-01 00:01:11.887 0 0 E bt_vreg_unvote: vreg_unvote successful for : qca,bt-vdd-dig
01-01 00:01:11.889 0 0 D cnss : IOMMU map: iova_addr b0000040
01-01 00:01:11.894 0 0 E bt_vreg_unvote: vreg_unvote successful for : qca,bt-vdd-aon
01-01 00:01:11.896 0 0 D cnss : dma-coherent is enabled
