01-01 00:00:54.248 0 0 I init : Command 'mount_all /vendor/etc/fstab.qcom --late' action=late-fs (/vendor/etc/init/hw/init.target.rc:69) took 558ms and succeeded
01-01 00:00:54.264 0 0 I init : processing action (late-fs) from (/vendor/etc/init/keymasterd.rc:5)
01-01 00:00:54.273 0 0 I init : starting service 'vendor.keymasterd'...
01-01 00:00:54.288 0 0 I init : processing action (post-fs-data) from (/system/etc/init/hw/init.rc:633)
01-01 00:00:54.296 0 0 I init : starting service 'exec 10 (/system/bin/vdc checkpoint prepareCheckpoint)'...
01-01 00:00:54.313 0 0 I init : SVC_EXEC service 'exec 10 (/system/bin/vdc checkpoint prepareCheckpoint)' pid 636 (uid 1000 gid 1000+0 context default) started; waiting...
01-01 00:00:54.333 0 0 I binder : 636:636 ioctl 40046210 7ff2e91914 returned -22
01-01 00:00:54.339 0 0 D ProcessState: Binder ioctl to enable oneway spam detection failed: Invalid argument
01-01 00:00:54.340 0 0 D vdc : Waited 0ms for vold
01-01 00:00:54.332 561 561 I Checkpoint: cp_prepareCheckpoint called
01-01 00:00:54.344 635 637 D spcomlib: [spcom_register_service] spcom_register_service() name [sp_keymaster_ssr] pid [471170059440]
01-01 00:00:54.345 635 637 D spcomlib: [spcom_open] ch [sp_keymaster_ssr] doesn't exist, create it.
01-01 00:00:54.345 635 637 D spcomlib: [spcom_create_channel] Create Channel [sp_keymaster_ssr].
01-01 00:00:54.343 0 0 I init : Service 'exec 10 (/system/bin/vdc checkpoint prepareCheckpoint)' (pid 636) exited with status 0 waiting took 0.032000 seconds
01-01 00:00:54.356 0 0 I init : Sending signal 9 to service 'exec 10 (/system/bin/vdc checkpoint prepareCheckpoint)' (pid 636) process group...
01-01 00:00:54.360 635 637 D spcomlib: [add_ssr_cb] ssr cb added!
01-01 00:00:54.360 635 637 D spcomlib: [start_ssr_thread] ch [spcom] ready!
01-01 00:00:54.360 635 637 D spcomlib: [start_ssr_thread] main pthread self_id [0xb3ec8cb0].
01-01 00:00:54.360 635 637 D spcomlib: [start_ssr_thread] pthread_create() ret [0] thread-id [0xb2dcacb0].
01-01 00:00:54.360 635 637 D spcomlib: [start_ssr_thread] Wait for SSR thread to run.
01-01 00:00:54.361 635 638 D spcomlib: [notify_ssr_thread] SSR pthread self_id [0xb2dcacb0].
01-01 00:00:54.361 635 637 D spcomlib: [start_ssr_thread] pthread_cond_wait() ret [0].
01-01 00:00:54.361 635 637 D spcomlib: [start_ssr_thread] done.
01-01 00:00:54.361 635 637 D spcomlib: [add_ch] add ch [sp_keymaster_ssr].
01-01 00:00:54.361 635 637 D spcomlib: [spcom_register_service] spcom_register_service() name [sp_keymaster_ssr] pid [471170059440] done
01-01 00:00:54.400 0 0 I binder : 639:639 ioctl 40046210 7ffb99bfe4 returned -22
01-01 00:00:54.406 0 0 D ProcessState: Binder ioctl to enable oneway spam detection failed: Invalid argument
01-01 00:00:54.407 0 0 D vdc : Waited 0ms for vold
01-01 00:00:54.399 561 561 I vold : fscrypt_initialize_systemwide_keys
01-01 00:00:54.400 561 561 D vold : Key exists, using: /data/unencrypted/key
01-01 00:00:54.418 561 561 D vold : Installed fscrypt key with ref 0d5c94f53b61e75ba51797741538bac5 to /data
01-01 00:00:54.418 561 561 D vold : Added fscrypt-provisioning key for 0d5c94f53b61e75ba51797741538bac5 to session keyring
01-01 00:00:54.423 561 561 I vold : Wrote system DE key reference to:/data/unencrypted/ref
01-01 00:00:54.423 561 561 D vold : Generating wrapped storage key
01-01 00:00:54.425 561 561 E vold : keystore2 Keystore generateKey returned service specific error: -67
01-01 00:00:54.425 561 561 W vold : Failed to generate rollback-resistant key. This is expected if keymaster doesn't support rollback resistance. Falling back to non-rollback-resistant key.
01-01 00:00:54.436 561 561 D vold : Installed fscrypt key with ref 3bda1d23be7be99f1e3a558b010065a9 to /data
01-01 00:00:54.436 561 561 D vold : Added fscrypt-provisioning key for 3bda1d23be7be99f1e3a558b010065a9 to session keyring
01-01 00:00:54.439 561 561 I vold : Wrote per boot key reference to:/data/unencrypted/per_boot_ref
01-01 00:00:54.454 0 0 I fscrypt : AES-256-CTS-CBC using implementation "cts(cbc-aes-ce)"
01-01 00:00:54.513 0 0 I binder : 648:648 ioctl 40046210 7fdb550aa4 returned -22
01-01 00:00:54.520 0 0 D ProcessState: Binder ioctl to enable oneway spam detection failed: Invalid argument
01-01 00:00:54.521 0 0 D vdc : Waited 0ms for vold
01-01 00:00:54.513 561 561 I incfs : Initial API level of the device: 30
01-01 00:00:54.513 561 561 I incfs : ro.incremental.enable: 1
01-01 00:00:54.513 561 561 I incfs : isFsAvailable: true
01-01 00:00:54.513 561 561 I incfs : isFsAvailable: true
01-01 00:00:54.513 561 561 I incfs : IncFs_Features: v1
01-01 00:00:54.534 561 561 E vold : keystore2 Keystore earlyBootEnded returned service specific error: -68
01-01 00:00:54.586 0 0 I apexd : This device does not support updatable APEX. Exiting
01-01 00:00:54.593 0 0 I apexd : Marking APEXd as activated
01-01 00:00:54.757 0 0 I binder : 654:654 ioctl 40046210 7ffebb0da4 returned -22
01-01 00:00:54.763 0 0 D ProcessState: Binder ioctl to enable oneway spam detection failed: Invalid argument
01-01 00:00:54.764 0 0 D vdc : Waited 0ms for vold
01-01 00:00:54.756 561 561 D vold : fscrypt_init_user0
01-01 00:00:54.756 561 561 D vold : Preparing: /data/misc/vold/user_keys
01-01 00:00:54.758 561 561 D vold : Preparing: /data/misc/vold/user_keys/ce
01-01 00:00:54.758 561 561 D vold : Preparing: /data/misc/vold/user_keys/de
01-01 00:00:54.776 561 561 D vold : Installed fscrypt key with ref d3071d38acc3d3d1cc64a1d7c4bafd7d to /data
01-01 00:00:54.777 561 561 D vold : Added fscrypt-provisioning key for d3071d38acc3d3d1cc64a1d7c4bafd7d to session keyring
01-01 00:00:54.777 561 561 D vold : Installed de key for user 0
01-01 00:00:54.777 561 561 D vold : fscrypt_prepare_user_storage for volume null, user 0, serial 0, flags 1
01-01 00:00:54.777 561 561 D vold : Preparing: /data/system/users/0
01-01 00:00:54.778 561 561 D vold : Preparing: /data/misc/profiles/cur/0
01-01 00:00:54.779 561 561 D vold : Preparing: /data/system_de/0
01-01 00:00:54.779 561 561 D vold : Preparing: /data/misc_de/0
01-01 00:00:54.780 561 561 D vold : Preparing: /data/vendor_de/0
01-01 00:00:54.780 561 561 D vold : Preparing: /data/user_de/0
01-01 00:00:54.781 561 561 I vold : Verified that /data/system_de/0 has the encryption policy d3071d38acc3d3d1cc64a1d7c4bafd7d v2 modes 1/4 flags 0xa
01-01 00:00:54.781 561 561 I vold : Verified that /data/misc_de/0 has the encryption policy d3071d38acc3d3d1cc64a1d7c4bafd7d v2 modes 1/4 flags 0xa
01-01 00:00:54.781 561 561 I vold : Verified that /data/vendor_de/0 has the encryption policy d3071d38acc3d3d1cc64a1d7c4bafd7d v2 modes 1/4 flags 0xa
01-01 00:00:54.781 561 561 I vold : Verified that /data/user_de/0 has the encryption policy d3071d38acc3d3d1cc64a1d7c4bafd7d v2 modes 1/4 flags 0xa
01-01 00:00:54.781 561 561 D vold : /system/bin/vold_prepare_subdirs
01-01 00:00:54.781 561 561 D vold : prepare
01-01 00:00:54.781 561 561 D vold :
01-01 00:00:54.781 561 561 D vold : 0
01-01 00:00:54.781 561 561 D vold : 1
01-01 00:00:54.845 561 561 D vold : Detected support for FS_IOC_ADD_ENCRYPTION_KEY
01-01 00:00:55.022 0 0 I apexd : This device does not support updatable APEX. Exiting
01-01 00:00:55.029 0 0 I apexd : Marking APEXd as ready
01-01 00:00:55.130 0 0 D cnss : File system is ready, fs_ready is 1, count is 1
01-01 00:00:55.130 0 0 D cnss : Posting event: COLD_BOOT_CAL_START(5), state: 0x0 flags: 0x0
01-01 00:00:55.130 0 0 D cnss : PM stay awake, state: 0x0, count: 1
01-01 00:00:55.131 0 0 D cnss : PM relax, state: 0x0, count: 0
01-01 00:00:55.131 0 0 D cnss : PM stay awake, state: 0x0, count: 1
01-01 00:00:55.131 0 0 D cnss : Processing driver event: COLD_BOOT_CAL_START(5), state: 0x0
01-01 00:00:55.131 0 0 D cnss : Regulator vdd-wlan-io is being enabled
01-01 00:00:55.131 0 0 D cnss : Regulator wlan-ant-switch is being enabled
01-01 00:00:55.131 0 0 D cnss : Regulator vdd-wlan-aon is being enabled
01-01 00:00:55.132 0 0 D cnss : Regulator vdd-wlan-dig is being enabled
01-01 00:00:55.132 0 0 D cnss : Regulator vdd-wlan-rfa1 is being enabled
01-01 00:00:55.132 0 0 D cnss : Regulator vdd-wlan-rfa2 is being enabled
01-01 00:00:55.133 0 0 D cnss : BT_EN_GPIO State: Off. Delay WLAN_GPIO enable
01-01 00:00:55.237 0 0 D cnss : Assert WLAN_EN GPIO successfully
01-01 00:00:55.237 0 0 D cnss : Resuming PCI link
01-01 00:00:55.237 0 0 I msm_pcie_enable: PCIe: Assert the reset of endpoint of RC0.
01-01 00:00:55.255 0 0 I msm_pcie_enable: PCIe: RC0: PCIE20_PARF_INT_ALL_MASK: 0x7f80d202
01-01 00:00:55.267 0 0 I pcie_phy_init: PCIe RC0 PHY is ready!
01-01 00:00:55.282 0 0 I msm_pcie_enable: PCIe: Release the reset of endpoint of RC0.
01-01 00:00:55.296 0 0 I logd : logd reinit
01-01 00:00:55.306 0 0 I msm_pcie_link_train: PCIe RC0 link initialized
01-01 00:00:55.328 0 0 I cnss_pci 0000: 01:00.0: enabling device (0000 -> 0002)
01-01 00:00:55.335 0 0 D cnss : Read register offset 0x1f8031c, val = 0x6
01-01 00:00:55.335 0 0 D cnss : Write val 0x2 to register offset 0x1f8031c
01-01 00:00:55.335 0 0 D cnss : Setting MHI state: INIT(0)
01-01 00:00:55.354 0 0 D cnss : Setting MHI state: POWER_ON(2)
01-01 00:00:55.356 0 0 W cnss_pci 0000: 01:00.0: Falling back to syfs fallback for: qca6390/amss20.bin
01-01 00:00:55.373 0 0 I ueventd : firmware: loading 'qca6390/amss20.bin' for '/devices/platform/soc/1c00000.qcom,pcie/pci0000:00/0000:00:00.0/0000:01:00.0/firmware/qca6390!amss20.bin'
01-01 00:00:55.412 0 0 I ueventd : loading /devices/platform/soc/1c00000.qcom,pcie/pci0000:00/0000:00:00.0/0000:01:00.0/firmware/qca6390!amss20.bin took 38ms
01-01 00:00:55.678 0 0 I update_verifier: Started with arg 1: nonencrypted
01-01 00:00:55.684 0 0 I binder : 688:688 ioctl 40046210 7fd9844e54 returned -22
01-01 00:00:55.691 0 0 D hw-ProcessState: Binder ioctl to enable oneway spam detection failed: Invalid argument
01-01 00:00:55.695 0 0 I update_verifier: Booting slot 0: isSlotMarkedSuccessful=1
01-01 00:00:55.702 0 0 I update_verifier: Leaving update_verifier.
01-01 00:00:55.755 0 0 I binder : 689:689 ioctl 40046210 7fc6c1c544 returned -22
01-01 00:00:55.767 0 0 W subsys-pil-tz 17300000.qcom,lpass: Falling back to syfs fallback for: adsp.mdt
01-01 00:00:55.771 0 0 W subsys-pil-tz 8300000.qcom,turing: Falling back to syfs fallback for: cdsp.mdt
01-01 00:00:55.781 0 0 E ueventd : firmware: could not find firmware for dsi_prop
01-01 00:00:55.792 0 0 E ueventd : firmware: attempted /etc/firmware/dsi_prop, open failed: No such file or directory
01-01 00:00:55.792 0 0 I ueventd : firmware: loading 'adsp.mdt' for '/devices/platform/soc/17300000.qcom,lpass/firmware/adsp.mdt'
01-01 00:00:55.799 0 0 I ueventd : firmware: loading 'cdsp.mdt' for '/devices/platform/soc/8300000.qcom,turing/firmware/cdsp.mdt'
01-01 00:00:55.801 0 0 E ueventd : firmware: attempted /odm/firmware/dsi_prop, open failed: No such file or directory
01-01 00:00:55.801 0 0 E ueventd : firmware: attempted /vendor/firmware/dsi_prop, open failed: No such file or directory
01-01 00:00:55.801 0 0 E ueventd : firmware: attempted /firmware/image/dsi_prop, open failed: No such file or directory
01-01 00:00:55.801 0 0 E ueventd : firmware: attempted /vendor/firmware_mnt/image/dsi_prop, open failed: No such file or directory
01-01 00:00:55.803 0 0 I subsys-pil-tz 8300000.qcom,turing: cdsp: loading from 0x0000000087800000 to 0x0000000088c00000
01-01 00:00:55.804 0 0 E OF : graph: no port node found in /soc/qcom,dsi-display-primary
01-01 00:00:55.804 0 0 W [drm] [msm-dsi-warn]: [hx82101+hx8692 video mode dsi truly panel] fallback to default te-pin-select
01-01 00:00:55.807 0 0 I msm_drm ae00000.qcom,mdss_mdp: Linked as a consumer to regulator.31
01-01 00:00:55.808 0 0 E register_client_adhoc: find path.src 1 dest 590
01-01 00:00:55.809 0 0 E register_client_adhoc: Client handle 16 mdss_reg
01-01 00:00:55.809 0 0 E register_client_adhoc: find path.src 22 dest 512
01-01 00:00:55.811 0 0 E register_client_adhoc: find path.src 23 dest 512
01-01 00:00:55.812 0 0 E register_client_adhoc: Client handle 66 mdss_sde
01-01 00:00:55.812 0 0 I [drm:sde_dbg_init:4676] evtlog_status: enable:11, panic:1, dump:2
01-01 00:00:55.812 0 0 I msm_drm ae00000.qcom,mdss_mdp: bound soc:qcom,wb-display@0 (ops sde_wb_comp_ops)
01-01 00:00:55.814 0 0 D cnss : MHI status cb is called with reason MISSION_MODE(6)
01-01 00:00:55.826 0 0 I msm-dsi-display soc: qcom,dsi-display-primary: Linked as a consumer to regulator.25
01-01 00:00:55.834 0 0 D cnss : Notify MHI to use already allocated images
01-01 00:00:55.837 0 0 W subsys-pil-tz 8300000.qcom,turing: Falling back to syfs fallback for: cdsp.b02
01-01 00:00:55.837 0 0 W subsys-pil-tz 8300000.qcom,turing: Falling back to syfs fallback for: cdsp.b03
01-01 00:00:55.845 0 0 W subsys-pil-tz 8300000.qcom,turing: Falling back to syfs fallback for: cdsp.b04
01-01 00:00:55.853 0 0 W subsys-pil-tz 8300000.qcom,turing: Falling back to syfs fallback for: cdsp.b05
01-01 00:00:55.854 0 0 D cnss : PM relax, state: 0x8, count: 0
01-01 00:00:55.858 0 0 I subsys-pil-tz 17300000.qcom,lpass: adsp: loading from 0x000000008a100000 to 0x000000008be00000
01-01 00:00:55.859 0 0 I [drm:dsi_display_bind] [msm-dsi-info]: Successfully bind display panel 'qcom,mdss_dsi_panel_hx82101_hx8692_truly_v2_video'
01-01 00:00:55.864 0 0 I msm_drm ae00000.qcom,mdss_mdp: bound soc:qcom,dsi-display-primary (ops dsi_display_comp_ops)
01-01 00:00:55.864 0 0 I msm_drm ae00000.qcom,mdss_mdp: bound af20000.qcom,sde_rscc (ops sde_rsc_comp_ops)
01-01 00:00:55.864 0 0 I : [drm] mapped mdp address space @ffffff8022100000
01-01 00:00:55.868 0 0 W subsys-pil-tz 8300000.qcom,turing: Falling back to syfs fallback for: cdsp.b06
01-01 00:00:55.870 0 0 W subsys-pil-tz 8300000.qcom,turing: Falling back to syfs fallback for: cdsp.b08
01-01 00:00:55.872 0 0 W subsys-pil-tz 8300000.qcom,turing: Falling back to syfs fallback for: cdsp.b09
01-01 00:00:55.872 0 0 W subsys-pil-tz 8300000.qcom,turing: Falling back to syfs fallback for: cdsp.b11
01-01 00:00:55.879 0 0 W subsys-pil-tz 17300000.qcom,lpass: Falling back to syfs fallback for: adsp.b02
01-01 00:00:55.888 0 0 I qcom_rpmh DRV: apps_rsc TCS Busy, retrying RPMH message send: addr=0x30080
01-01 00:00:55.889 0 0 E : [drm:dp_display_init_aux_switch][msm-dp-err][502 ]failed to register notifier (-22)
01-01 00:00:55.889 0 0 W subsys-pil-tz 17300000.qcom,lpass: Falling back to syfs fallback for: adsp.b03
01-01 00:00:55.889 0 0 W subsys-pil-tz 17300000.qcom,lpass: Falling back to syfs fallback for: adsp.b05
01-01 00:00:55.890 0 0 W subsys-pil-tz 17300000.qcom,lpass: Falling back to syfs fallback for: adsp.b06
01-01 00:00:55.890 0 0 W subsys-pil-tz 17300000.qcom,lpass: Falling back to syfs fallback for: adsp.b04
01-01 00:00:55.892 0 0 W subsys-pil-tz 17300000.qcom,lpass: Falling back to syfs fallback for: adsp.b07
01-01 00:00:55.894 0 0 W subsys-pil-tz 17300000.qcom,lpass: Falling back to syfs fallback for: adsp.b08
01-01 00:00:55.898 0 0 E : [drm:dp_display_init_aux_switch][msm-dp-err][502 ]failed to register notifier (-22)
01-01 00:00:55.902 0 0 I : [drm:_sde_kms_hw_init_blocks:3613] sde hardware revision:0x60000000
01-01 00:00:55.903 0 0 W subsys-pil-tz 17300000.qcom,lpass: Falling back to syfs fallback for: adsp.b09
01-01 00:00:55.904 0 0 W subsys-pil-tz 17300000.qcom,lpass: Falling back to syfs fallback for: adsp.b10
01-01 00:00:55.904 0 0 W subsys-pil-tz 17300000.qcom,lpass: Falling back to syfs fallback for: adsp.b11
01-01 00:00:55.904 0 0 W subsys-pil-tz 17300000.qcom,lpass: Falling back to syfs fallback for: adsp.b12
01-01 00:00:55.905 0 0 W subsys-pil-tz 17300000.qcom,lpass: Falling back to syfs fallback for: adsp.b13
01-01 00:00:55.905 0 0 W subsys-pil-tz 17300000.qcom,lpass: Falling back to syfs fallback for: adsp.b14
01-01 00:00:55.906 0 0 W subsys-pil-tz 17300000.qcom,lpass: Falling back to syfs fallback for: adsp.b15
01-01 00:00:55.909 0 0 W subsys-pil-tz 17300000.qcom,lpass: Falling back to syfs fallback for: adsp.b16
01-01 00:00:55.911 0 0 W subsys-pil-tz 17300000.qcom,lpass: Falling back to syfs fallback for: adsp.b17
01-01 00:00:55.916 0 0 I msmdrm_smmu ae00000.qcom,mdss_mdp: qcom,smmu_sde_unsec_cb: Linked as a consumer to 15000000.apps-smmu
01-01 00:00:55.921 0 0 W subsys-pil-tz 17300000.qcom,lpass: Falling back to syfs fallback for: adsp.b18
01-01 00:00:55.937 0 0 I iommu : Adding device ae00000.qcom,mdss_mdp:qcom,smmu_sde_unsec_cb to group 57
01-01 00:00:56.018 0 0 I subsys-pil-tz 8300000.qcom,turing: cdsp: Brought out of reset
01-01 00:00:56.023 0 0 I : [drm] probing device qcom,smmu_sde_unsec
01-01 00:00:56.027 0 0 I subsys-pil-tz 8300000.qcom,turing: cdsp: Power/Clock ready interrupt received
01-01 00:00:56.030 0 0 I subsys-pil-tz 8300000.qcom,turing: Subsystem error monitoring/handling services are up
01-01 00:00:56.036 0 0 I : [drm] Created domain mdp_ns, secure=0
01-01 00:00:56.062 0 0 I qcom_smd_qrtr_probe: Entered
01-01 00:00:56.073 0 0 I msmdrm_smmu ae00000.qcom,mdss_mdp: qcom,smmu_sde_sec_cb: Linked as a consumer to 15000000.apps-smmu
01-01 00:00:56.076 0 0 I adsprpc : fastrpc_restart_notifier_cb: cdsp subsystem is up
01-01 00:00:56.098 0 0 W subsys-pil-tz 9800000.qcom,npu: Falling back to syfs fallback for: npu.mdt
01-01 00:00:56.101 0 0 I msm_cvp : info: Opening cvp instance: ffffffd737708080
01-01 00:00:56.107 0 0 I msm_cvp_v4l2 ab00000.qcom,cvp: Linked as a consumer to regulator.83
01-01 00:00:56.117 0 0 I qcom_smd_qrtr_probe: SMD QRTR driver probed
01-01 00:00:56.125 0 0 I iommu : Adding device ae00000.qcom,mdss_mdp:qcom,smmu_sde_sec_cb to group 58
01-01 00:00:56.129 0 0 I msm_cvp_v4l2 ab00000.qcom,cvp: Linked as a consumer to regulator.82
01-01 00:00:56.134 0 0 E : [drm:dp_display_init_aux_switch][msm-dp-err][30 ]failed to register notifier (-22)
01-01 00:00:56.141 0 0 I : [drm] probing device qcom,smmu_sde_sec
01-01 00:00:56.174 0 0 I subsys-pil-tz 9800000.qcom,npu: npu: loading from 0x0000000086900000 to 0x0000000086e00000
01-01 00:00:56.174 0 0 I : [drm] Created domain mdp_s, secure=1
01-01 00:00:56.205 0 0 I adsprpc : fastrpc_rpmsg_probe: opened rpmsg channel for cdsp
01-01 00:00:56.269 0 0 I binder : 690:690 ioctl 40046210 7fe2aba024 returned -22
01-01 00:00:56.277 0 0 I subsys-restart: __subsystem_get(): Changing subsys fw_name to cvpss
01-01 00:00:56.288 0 0 E : [drm:dp_display_init_aux_switch][msm-dp-err][30 ]failed to register notifier (-22)
01-01 00:00:56.290 0 0 I [drm:dsi_panel_get_mode] [msm-dsi-info]: default topology: lm: 1 comp_enc:0 intf: 1
01-01 00:00:56.292 0 0 W subsys-pil-tz abb0000.qcom,cvpss: Falling back to syfs fallback for: cvpss.mdt
01-01 00:00:56.299 0 0 I binder : 690:690 ioctl 40046210 7fe2aba234 returned -22
01-01 00:00:56.308 0 0 I subsys-pil-tz 17300000.qcom,lpass: adsp: Brought out of reset
01-01 00:00:56.311 0 0 W subsys-pil-tz 9800000.qcom,npu: Falling back to syfs fallback for: npu.b02
01-01 00:00:56.313 0 0 W subsys-pil-tz 9800000.qcom,npu: Falling back to syfs fallback for: npu.b03
01-01 00:00:56.313 0 0 W subsys-pil-tz 9800000.qcom,npu: Falling back to syfs fallback for: npu.b04
01-01 00:00:56.314 0 0 W subsys-pil-tz 9800000.qcom,npu: Falling back to syfs fallback for: npu.b05
01-01 00:00:56.314 0 0 E : [drm:dp_display_init_aux_switch][msm-dp-err][30 ]failed to register notifier (-22)
01-01 00:00:56.327 0 0 I subsys-pil-tz 17300000.qcom,lpass: Subsystem error monitoring/handling services are up
01-01 00:00:56.327 0 0 W subsys-pil-tz 9800000.qcom,npu: Falling back to syfs fallback for: npu.b06
01-01 00:00:56.331 0 0 I subsys-pil-tz abb0000.qcom,cvpss: cvpss: loading from 0x0000000087300000 to 0x0000000087800000
01-01 00:00:56.334 0 0 W subsys-pil-tz abb0000.qcom,cvpss: Falling back to syfs fallback for: cvpss.b02
01-01 00:00:56.335 0 0 W subsys-pil-tz abb0000.qcom,cvpss: Falling back to syfs fallback for: cvpss.b04
01-01 00:00:56.335 0 0 I subsys-pil-tz 17300000.qcom,lpass: adsp: Power/Clock ready interrupt received
01-01 00:00:56.335 0 0 W subsys-pil-tz abb0000.qcom,cvpss: Falling back to syfs fallback for: cvpss.b03
01-01 00:00:56.335 0 0 W subsys-pil-tz abb0000.qcom,cvpss: Falling back to syfs fallback for: cvpss.b05
01-01 00:00:56.336 0 0 W subsys-pil-tz abb0000.qcom,cvpss: Falling back to syfs fallback for: cvpss.b08
01-01 00:00:56.336 0 0 W subsys-pil-tz abb0000.qcom,cvpss: Falling back to syfs fallback for: cvpss.b06
01-01 00:00:56.336 0 0 W subsys-pil-tz abb0000.qcom,cvpss: Falling back to syfs fallback for: cvpss.b07
01-01 00:00:56.336 0 0 W subsys-pil-tz abb0000.qcom,cvpss: Falling back to syfs fallback for: cvpss.b09
01-01 00:00:56.338 0 0 W subsys-pil-tz abb0000.qcom,cvpss: Falling back to syfs fallback for: cvpss.b10
01-01 00:00:56.338 0 0 W subsys-pil-tz abb0000.qcom,cvpss: Falling back to syfs fallback for: cvpss.b19
01-01 00:00:56.435 0 0 I subsys-pil-tz abb0000.qcom,cvpss: cvpss: Brought out of reset
01-01 00:00:56.437 0 0 I qcom_rpmh DRV: apps_rsc TCS Busy, retrying RPMH message send: addr=0x30030
01-01 00:00:56.447 0 0 I subsys-pil-tz 9800000.qcom,npu: npu: Brought out of reset
01-01 00:00:56.452 0 0 I qcom_rpmh DRV: apps_rsc TCS Busy, retrying RPMH message send: addr=0x30040
01-01 00:00:56.515 0 0 E : [drm:dp_display_init_aux_switch][msm-dp-err][7 ]failed to register notifier (-22)
01-01 00:00:56.520 0 0 I : [drm] Supports vblank timestamp caching Rev 2 (21.10.2013).
01-01 00:00:56.529 0 0 I NPU_INFO: npu_get_fw_caps: 236 fw caps 0:2007
01-01 00:00:56.544 0 0 I adsprpc : fastrpc_restart_notifier_cb: adsp subsystem is up
01-01 00:00:56.546 0 0 I NPU_INFO: npu_get_fw_caps: 236 fw caps 1:80000005
01-01 00:00:56.554 0 0 I : [drm] No driver support for vblank timestamp query.
01-01 00:00:56.587 0 0 I msm_cvp : info: Closed cvp instance: ffffffd737708080 session_id = 0
01-01 00:00:56.611 0 0 E : [drm:dp_display_init_aux_switch][msm-dp-err][7 ]failed to register notifier (-22)
01-01 00:00:56.621 0 0 I : [drm] Initialized msm_drm 1.3.0 20130625 for ae00000.qcom,mdss_mdp on minor 0
01-01 00:00:56.630 0 0 I NPU_INFO: npu_get_fw_caps: 236 fw caps 2:0
01-01 00:00:56.636 0 0 I : [drm] cont_splash feature not enabled
01-01 00:00:56.644 0 0 I NPU_INFO: npu_get_fw_caps: 236 fw caps 3:0
01-01 00:00:56.743 0 0 I NPU_INFO: npu_get_fw_caps: 236 fw caps 4:0
01-01 00:00:56.749 0 0 I NPU_INFO: npu_get_fw_caps: 236 fw caps 5:0
01-01 00:00:56.755 0 0 I NPU_INFO: npu_get_fw_caps: 236 fw caps 6:0
01-01 00:00:56.760 0 0 I NPU_INFO: npu_get_fw_caps: 236 fw caps 7:0
01-01 00:00:56.788 0 0 D cnss : DRV subsystem is connected
01-01 00:00:56.788 0 0 I adsprpc : fastrpc_rpmsg_probe: opened rpmsg channel for adsp
01-01 00:00:56.820 0 0 I qcom_smd_qrtr_probe: Entered
01-01 00:00:56.825 0 0 E : [drm:dp_display_init_aux_switch][msm-dp-err][7 ]failed to register notifier (-22)
01-01 00:00:56.834 0 0 I qcom_smd_qrtr_probe: SMD QRTR driver probed
01-01 00:00:56.857 0 0 I apr_tal_rpmsg qcom,glink: adsp.apr_audio_svc.-1.-1: apr_tal_rpmsg_probe: Channel[apr_audio_svc] state[Up]
01-01 00:00:56.879 0 0 E : [drm:dp_display_init_aux_switch][msm-dp-err][7 ]failed to register notifier (-22)
01-01 00:00:56.906 0 0 E : [drm:dp_display_init_aux_switch][msm-dp-err][7 ]failed to register notifier (-22)
01-01 00:00:56.922 0 0 I qcom_smd_qrtr_probe: Entered
01-01 00:00:56.928 0 0 I qcom_smd_qrtr_probe: SMD QRTR driver probed
01-01 00:00:56.952 0 0 E : [drm:dp_display_init_aux_switch][msm-dp-err][7 ]failed to register notifier (-22)
01-01 00:00:57.301 0 0 I subsys-restart: __subsystem_get(): Changing subsys fw_name to slpi
01-01 00:00:57.311 0 0 W subsys-pil-tz 5c00000.qcom,ssc: Falling back to syfs fallback for: slpi.mdt
01-01 00:00:57.332 0 0 I subsys-pil-tz 5c00000.qcom,ssc: slpi: loading from 0x0000000088c00000 to 0x000000008a100000
01-01 00:00:57.348 0 0 W subsys-pil-tz 5c00000.qcom,ssc: Falling back to syfs fallback for: slpi.b02
01-01 00:00:57.348 0 0 W subsys-pil-tz 5c00000.qcom,ssc: Falling back to syfs fallback for: slpi.b03
01-01 00:00:57.364 0 0 W subsys-pil-tz 5c00000.qcom,ssc: Falling back to syfs fallback for: slpi.b04
01-01 00:00:57.365 0 0 W subsys-pil-tz 5c00000.qcom,ssc: Falling back to syfs fallback for: slpi.b05
01-01 00:00:57.365 0 0 W subsys-pil-tz 5c00000.qcom,ssc: Falling back to syfs fallback for: slpi.b06
01-01 00:00:57.365 0 0 W subsys-pil-tz 5c00000.qcom,ssc: Falling back to syfs fallback for: slpi.b07
01-01 00:00:57.376 0 0 W subsys-pil-tz 5c00000.qcom,ssc: Falling back to syfs fallback for: slpi.b09
01-01 00:00:57.376 0 0 W subsys-pil-tz 5c00000.qcom,ssc: Falling back to syfs fallback for: slpi.b08
01-01 00:00:57.378 0 0 W subsys-pil-tz 5c00000.qcom,ssc: Falling back to syfs fallback for: slpi.b11
01-01 00:00:57.379 0 0 W subsys-pil-tz 5c00000.qcom,ssc: Falling back to syfs fallback for: slpi.b10
01-01 00:00:57.379 0 0 W subsys-pil-tz 5c00000.qcom,ssc: Falling back to syfs fallback for: slpi.b12
01-01 00:00:57.381 0 0 W subsys-pil-tz 5c00000.qcom,ssc: Falling back to syfs fallback for: slpi.b13
01-01 00:00:57.381 0 0 W subsys-pil-tz 5c00000.qcom,ssc: Falling back to syfs fallback for: slpi.b14
01-01 00:00:57.382 0 0 W subsys-pil-tz 5c00000.qcom,ssc: Falling back to syfs fallback for: slpi.b15
01-01 00:00:57.382 0 0 W subsys-pil-tz 5c00000.qcom,ssc: Falling back to syfs fallback for: slpi.b16
01-01 00:00:57.382 0 0 W subsys-pil-tz 5c00000.qcom,ssc: Falling back to syfs fallback for: slpi.b17
01-01 00:00:57.383 0 0 W subsys-pil-tz 5c00000.qcom,ssc: Falling back to syfs fallback for: slpi.b19
01-01 00:00:57.384 0 0 W subsys-pil-tz 5c00000.qcom,ssc: Falling back to syfs fallback for: slpi.b20
01-01 00:00:57.384 0 0 W subsys-pil-tz 5c00000.qcom,ssc: Falling back to syfs fallback for: slpi.b18
01-01 00:00:57.298 692 692 D Zygote32Timing: PostZygoteInitGC took to complete: 24ms
01-01 00:00:57.298 692 692 D Zygote32Timing: ZygoteInit took to complete: 29ms
01-01 00:00:57.524 0 0 I binder : 819:819 ioctl 40046210 7fd070cc34 returned -22
01-01 00:00:57.534 0 0 I binder : 832:832 ioctl 40046210 7fd2027754 returned -22
01-01 00:00:57.565 0 0 I binder : 832:832 ioctl 40046210 7fd2027734 returned -22
01-01 00:00:57.374 691 691 D Zygote64Timing: BeginPreload took to complete: 117ms
01-01 00:00:57.702 0 0 I binder : 854:854 ioctl 40046210 7fdbe23784 returned -22
01-01 00:00:57.860 0 0 I binder : 899:899 ioctl 40046210 7fd4254854 returned -22
01-01 00:00:57.877 0 0 I subsys-pil-tz 5c00000.qcom,ssc: slpi: Brought out of reset
01-01 00:00:57.914 0 0 I subsys-pil-tz 5c00000.qcom,ssc: Subsystem error monitoring/handling services are up
01-01 00:00:57.924 0 0 I subsys-pil-tz 5c00000.qcom,ssc: slpi: Power/Clock ready interrupt received
01-01 00:00:57.967 0 0 I adsprpc : fastrpc_restart_notifier_cb: slpi subsystem is up
01-01 00:00:57.988 0 0 E : [drm:dp_display_init_aux_switch][msm-dp-err][492 ]failed to register notifier (-22)
01-01 00:00:57.988 0 0 I adsprpc : fastrpc_rpmsg_probe: opened rpmsg channel for slpi
01-01 00:00:58.032 0 0 I qcom_smd_qrtr_probe: Entered
01-01 00:00:57.842 957 957 I android.hardware.wifi@1.0-service: Wifi Hal is booting up...
01-01 00:00:57.848 957 957 I HidlServiceManagement: Registered android.hardware.wifi@1.4::IWifi/default (start delay of 205ms)
01-01 00:00:58.049 0 0 I qcom_smd_qrtr_probe: SMD QRTR driver probed
01-01 00:00:58.072 0 0 E : [drm:dp_display_init_aux_switch][msm-dp-err][754 ]failed to register notifier (-22)
01-01 00:00:58.290 0 0 W cam-a5 ac00000.qcom,a5: Falling back to syfs fallback for: CAMERA_ICP.elf
01-01 00:00:58.374 0 0 I CAM_INFO: CAM-HFI: cam_hfi_init: 883 Init IO1 : [0x10c00000 0xcf300000] IO2 [0xe0200000 0x1ed00000]
01-01 00:00:58.408 0 0 I CAM_INFO: CAM-ICP: cam_icp_mgr_process_dbg_buf: 2585 FW_DBG:CICP_FW_E : HFI :QC_IMAGE_VERSION_STRING=CICP.FW.3.0-00012,OEM_IMAGE_VERSION_STRING=CRM,BUILD_TIME: Dec 1 2020 11:05:55,CACHE_ENABLED at icphostinterface.c:636 QC_IMAGE_VERSION_STRING=CICP.FW.3.0-00012 OEM_IMAGE_VERSION_STRING=CRM
01-01 00:00:58.410 0 0 I CAM_INFO: CAM-ICP: cam_icp_mgr_hw_open: 3892 FW download done successfully
01-01 00:00:58.442 0 0 I CAM_INFO: CAM-ICP: cam_icp_mgr_process_dbg_buf: 2585 FW_DBG:CICP_FW_E : HFI :ELF variant: CACHE-ENABLED:T480:API_V2:USE_CDM_1_1: , API version: 0x2000058 at icphostinterface.c:637 QC_IMAGE_VERSION_STRING=CICP.FW.3.0-00012 OEM_IMAGE_VERSION_STRING=CRM
01-01 00:00:58.464 0 0 I binder : 1005:1005 ioctl 40046210 7fcc377ff4 returned -22
01-01 00:00:58.508 0 0 W QSEECOM : qseecom_load_app: App (soter64) does'nt exist, loading apps for first time
01-01 00:00:58.528 0 0 W QSEECOM : qseecom_load_app: App with id 4 (soter64) now loaded
01-01 00:00:58.679 0 0 I msm_vidc: high: 00000001: ....d: Opening video instance: ffffffd70ff2c000, 1
01-01 00:00:58.478 1023 1023 I irsc_util: Starting irsc tool
01-01 00:00:58.480 1023 1023 I irsc_util: Num of entries:298
01-01 00:00:58.480 1023 1023 I irsc_util: Ending irsc tool
01-01 00:00:58.690 0 0 I msm_vidc_v4l2 aa00000.qcom,vidc: Linked as a consumer to regulator.81
01-01 00:00:58.698 0 0 I msm_vidc_v4l2 aa00000.qcom,vidc: Linked as a consumer to regulator.80
01-01 00:00:58.739 0 0 I subsys-restart: __subsystem_get(): Changing subsys fw_name to venus
01-01 00:00:58.750 0 0 W subsys-pil-tz aab0000.qcom,venus: Falling back to syfs fallback for: venus.mdt
01-01 00:00:58.773 0 0 I sysmon-qmi: ssctl_new_server: Connection established between QMI handle and adsp's SSCTL service
01-01 00:00:58.775 0 0 I subsys-pil-tz aab0000.qcom,venus: venus: loading from 0x0000000086e00000 to 0x0000000087300000
01-01 00:00:58.786 0 0 I coresight-remote-etm soc: ssc_etm0: Connection established between QMI handle and 8 service
01-01 00:00:58.786 0 0 I sysmon-qmi: ssctl_new_server: Connection established between QMI handle and cdsp's SSCTL service
01-01 00:00:58.786 0 0 I coresight-remote-etm soc: turing_etm0: Connection established between QMI handle and 13 service
01-01 00:00:58.791 0 0 I coresight-remote-etm soc: audio_etm0: Connection established between QMI handle and 5 service
01-01 00:00:58.799 0 0 I sysmon-qmi: ssctl_new_server: Connection established between QMI handle and slpi's SSCTL service
01-01 00:00:58.823 0 0 W subsys-pil-tz aab0000.qcom,venus: Falling back to syfs fallback for: venus.b02
01-01 00:00:58.823 0 0 W subsys-pil-tz aab0000.qcom,venus: Falling back to syfs fallback for: venus.b03
01-01 00:00:58.823 0 0 W subsys-pil-tz aab0000.qcom,venus: Falling back to syfs fallback for: venus.b04
01-01 00:00:58.824 0 0 W subsys-pil-tz aab0000.qcom,venus: Falling back to syfs fallback for: venus.b05
01-01 00:00:58.824 0 0 W subsys-pil-tz aab0000.qcom,venus: Falling back to syfs fallback for: venus.b06
01-01 00:00:58.825 0 0 W subsys-pil-tz aab0000.qcom,venus: Falling back to syfs fallback for: venus.b07
01-01 00:00:58.825 0 0 W subsys-pil-tz aab0000.qcom,venus: Falling back to syfs fallback for: venus.b08
01-01 00:00:58.825 0 0 W subsys-pil-tz aab0000.qcom,venus: Falling back to syfs fallback for: venus.b09
01-01 00:00:58.827 0 0 W subsys-pil-tz aab0000.qcom,venus: Falling back to syfs fallback for: venus.b10
01-01 00:00:58.831 0 0 W subsys-pil-tz aab0000.qcom,venus: Falling back to syfs fallback for: venus.b19
01-01 00:00:58.845 0 0 D cnss : WLFW server arriving: node 7 port 1
01-01 00:00:58.860 0 0 E diag : In diag_send_feature_mask_update, control channel is not open, p: 1, ffffff99b898d9d8
01-01 00:00:58.874 0 0 I sysmon-qmi: ssctl_new_server: Connection established between QMI handle and slpi's SSCTL service
01-01 00:00:58.879 0 0 D cnss : Posting event: SERVER_ARRIVE(0), state: 0x8 flags: 0x0
01-01 00:00:58.879 0 0 D cnss : PM stay awake, state: 0x8, count: 1
01-01 00:00:58.879 0 0 D cnss : PM relax, state: 0x8, count: 0
01-01 00:00:58.879 0 0 I coresight-remote-etm soc: npu_etm0: Connection established between QMI handle and 14 service
01-01 00:00:58.879 0 0 D cnss : PM stay awake, state: 0x8, count: 1
01-01 00:00:58.879 0 0 D cnss : Processing driver event: SERVER_ARRIVE(0), state: 0x8
01-01 00:00:58.879 0 0 I cnss : QMI WLFW service connected, state: 0x9
01-01 00:00:58.879 0 0 D cnss : Sending indication register message, state: 0x9
01-01 00:00:58.902 0 0 D cnss : Sending host capability message, state: 0x9
01-01 00:00:58.903 0 0 E diag : In diag_send_peripheral_buffering_mode, buffering flag not set for 3
01-01 00:00:58.903 0 0 E diag : In diag_send_peripheral_buffering_mode, buffering flag not set for 1
01-01 00:00:58.921 0 0 E diag : In diag_send_feature_mask_update, control channel is not open, p: 5, ffffff99b898e318
01-01 00:00:58.957 0 0 I binder : 1042:1042 ioctl 40046210 7fc4cc4b84 returned -22
01-01 00:00:58.965 0 0 D cnss : Number of clients is 2
01-01 00:00:58.971 0 0 I servloc : service_locator_new_server: Connection established with the Service locator
01-01 00:00:58.972 0 0 I servloc : init_service_locator: Service locator initialized
01-01 00:00:58.976 0 0 D cnss : Assign MSI to user: WAKE, num_vectors: 1, user_base_data: 813, base_vector: 13
01-01 00:00:58.995 0 0 E diag : In diag_send_feature_mask_update, control channel is not open, p: 6, ffffff99b898e568
01-01 00:00:59.001 0 0 D cnss : WAKE MSI base data is 813
01-01 00:00:59.006 0 0 I adsprpc : fastrpc_get_service_location_notify: PDR notifier for adsp registered for msm/adsp/audio_pd (audio_pdr_adsprpc)
01-01 00:00:59.006 0 0 I adsprpc : fastrpc_get_service_location_notify: audio_pdr_adsprpc (msm/adsp/audio_pd) PDR service for adsp is uninitialized
01-01 00:00:59.006 0 0 I audio_notifer_reg_service: service PDR_ADSP is in use
01-01 00:00:59.006 0 0 I service-notifier: service_notifier_new_server: Connection established between QMI handle and 74 service
01-01 00:00:59.009 0 0 I adsprpc : fastrpc_pdr_notifier_cb: msm/adsp/audio_pd (audio_pdr_adsprpc) is up on adsp
01-01 00:00:59.009 0 0 I apr_adsp_up: Q6 is Up
01-01 00:00:59.014 0 0 I msm-audio-ion soc: qcom,msm-audio-apr:qcom,msm-audio-ion: Linked as a consumer to 15000000.apps-smmu
01-01 00:00:59.019 0 0 D cnss : Calibration done is 0
01-01 00:00:59.019 0 0 E diag : In diag_send_peripheral_buffering_mode, buffering flag not set for 5
01-01 00:00:59.019 0 0 E diag : In diag_send_peripheral_buffering_mode, buffering flag not set for 6
01-01 00:00:59.026 0 0 I subsys-pil-tz aab0000.qcom,venus: venus: Brought out of reset
01-01 00:00:59.035 0 0 I sps : BAM 0x0000000003a84000 (va:0xffffff801c5c0000) enabled: ver:0x19, number of pipes:25
01-01 00:00:59.041 0 0 D cnss : Sending iova starting 0xa0000000 with size 0x10010000
01-01 00:00:59.058 0 0 I sps : BAM 0x0000000003a84000 is registered.
01-01 00:00:59.073 0 0 I iommu : Adding device soc:qcom,msm-audio-apr:qcom,msm-audio-ion to group 59
01-01 00:00:59.095 0 0 D cnss : PM relax, state: 0x9, count: 0
01-01 00:00:59.099 0 0 E rmt_storage: ERR:main: Mmap Failed for rmts (-1)...pausing execution!
01-01 00:00:59.111 0 0 I msm_vidc: high: 00000001: h264d: Closed video instance: ffffffd70ff2c000
01-01 00:00:59.127 0 0 I binder : 1045:1045 ioctl 40046210 7fe005f164 returned -22
01-01 00:00:59.130 0 0 E : [drm:dp_display_init_aux_switch][msm-dp-err][420 ]failed to register notifier (-22)
01-01 00:00:59.132 0 0 I msm_vidc: high: 00000001: ....d: Opening video instance: ffffffd70ff48000, 1
01-01 00:00:59.170 0 0 I msm_vidc: high: 00000001: h264d: Closed video instance: ffffffd70ff48000
01-01 00:00:59.174 0 0 I msm_vidc: high: 00000001: ....d: Opening video instance: ffffffd70ff48000, 1
01-01 00:00:59.180 0 0 E : [drm:dp_display_init_aux_switch][msm-dp-err][420 ]failed to register notifier (-22)
01-01 00:00:59.180 0 0 I : Mass Storage Function, version: 2009/09/11
01-01 00:00:59.185 0 0 I msm_vidc: high: 00000001: h265d: Closed video instance: ffffffd70ff48000
01-01 00:00:59.189 0 0 I msm_vidc: high: 00000001: ....d: Opening video instance: ffffffd70e884000, 1
01-01 00:00:59.189 0 0 I LUN : removable file: (no medium)
01-01 00:00:59.217 0 0 I msm_vidc: high: 00000001: h265d: Closed video instance: ffffffd70e884000
01-01 00:00:59.219 0 0 I msm_vidc: high: 00000001: ....d: Opening video instance: ffffffd70bf40000, 1
01-01 00:00:59.225 0 0 I msm_vidc: high: 00000001: vp8d: Closed video instance: ffffffd70bf40000
01-01 00:00:59.227 0 0 I msm_vidc: high: 00000001: ....d: Opening video instance: ffffffd70bf6c000, 1
01-01 00:00:59.231 0 0 I : file system registered
01-01 00:00:59.246 0 0 I msm_vidc: high: 00000001: vp9d: Closed video instance: ffffffd70bf6c000
01-01 00:00:59.271 0 0 W kona-asoc-snd soc: qcom,msm-audio-apr:qcom,q6core-audio:sound: msm_init_aux_dev: Max WSA devices is 0 for this target?
01-01 00:00:59.274 0 0 I msm_vidc: high: 00000001: ....d: Opening video instance: ffffffd70bf94000, 1
01-01 00:00:59.278 0 0 I f_cdev_alloc: port_name:at_usb0 (ffffffd70c939280) portno:(0)
01-01 00:00:59.282 0 0 E kona-asoc-snd soc: qcom,msm-audio-apr:qcom,q6core-audio:sound: ASoC: CODEC DAI wsa_macro_vifeedback not registered
01-01 00:00:59.285 0 0 I f_cdev_alloc: port_name:at_usb1 (ffffffd70bf98080) portno:(1)
01-01 00:00:59.304 0 0 I f_cdev_alloc: port_name:at_usb2 (ffffffd70bfe3680) portno:(2)
01-01 00:00:59.304 0 0 E : [drm:dp_display_init_aux_switch][msm-dp-err][365 ]failed to register notifier (-22)
01-01 00:00:59.305 0 0 I msm_vidc: high: 00000001: vp9d: Closed video instance: ffffffd70bf94000
01-01 00:00:59.321 0 0 E qcom-lpi-pinctrl soc: qcom,msm-audio-apr:qcom,q6core-audio:lpi_pinctrl@33c0000: snd_event_notify: No snd dev entry found
01-01 00:00:59.326 0 0 I msm_vidc: high: 00000001: ....d: Opening video instance: ffffffd70a424000, 1
01-01 00:00:59.329 0 0 I init : Command 'write /config/usb_gadget/g1/functions/diag.diag/serial ${ro.serialno}' action=boot (/vendor/etc/init/hw/init.qcom.usb.rc:97) took 0ms and failed: Unable to write to file '/config/usb_gadget/g1/functions/diag.diag/serial': open() failed: Permission denied
01-01 00:00:59.361 0 0 I msm_vidc: high: 00000001: mpg2d: Closed video instance: ffffffd70a424000
01-01 00:00:59.363 0 0 I init : starting service 'exec 22 (/vendor/bin/init.qcom.usb.sh)'...
01-01 00:00:59.366 0 0 I binder : 1041:1041 ioctl 40046210 7fe6cf5e74 returned -22
01-01 00:00:59.366 0 0 I binder : 1041:1041 ioctl 40046210 7fe6cf5e94 returned -22
01-01 00:00:59.368 0 0 I msm_vidc: high: 00000001: ....d: Opening video instance: ffffffd70a498000, 1
01-01 00:00:59.388 0 0 I platform soc: qcom,msm-audio-apr:qcom,voice-mhi-audio: assigned reserved memory node mailbox_region
01-01 00:00:59.404 0 0 W : bolero-clk-rsc-mngr bolero-clk-rsc-mngr: DMA mask not set
01-01 00:00:59.407 0 0 I init : SVC_EXEC service 'exec 22 (/vendor/bin/init.qcom.usb.sh)' pid 1108 (uid 0 gid 0+0 context u:r:vendor_qti_init_shell:s0) started; waiting...
01-01 00:00:59.194 691 691 D Zygote64Timing: PreloadClasses took to complete: 1819ms
01-01 00:00:59.410 0 0 I msm_vidc: high: 00000001: mpg2d: Closed video instance: ffffffd70a498000
01-01 00:00:59.414 0 0 W tx_macro tx-macro: DMA mask not set
01-01 00:00:59.414 0 0 E tx_macro tx-macro: tx_macro_probe: va-macro not registered yet, defer
01-01 00:00:59.416 0 0 I msm_vidc: high: 00000001: ....e: Opening video instance: ffffffd70a4ac000, 0
01-01 00:00:59.426 0 0 W rx_macro rx-macro: DMA mask not set
01-01 00:00:59.426 0 0 E rx_macro rx-macro: rx_macro_probe: va-macro not registered yet, defer
01-01 00:00:59.428 0 0 I binder : 1057:1057 ioctl 40046210 7fc9e9db44 returned -22
01-01 00:00:59.435 0 0 I msm_vidc: high: 00000001: h264e: Closed video instance: ffffffd70a4ac000
01-01 00:00:59.227 691 691 D Zygote64Timing: CacheNonBootClasspathClassLoaders took to complete: 34ms
01-01 00:00:59.437 0 0 W wsa_macro wsa-macro: DMA mask not set
01-01 00:00:59.437 0 0 E wsa_macro wsa-macro: wsa_macro_probe: va-macro not registered yet, defer
01-01 00:00:59.438 0 0 I msm_vidc: high: 00000001: ....e: Opening video instance: ffffffd70a4ac000, 0
01-01 00:00:59.444 0 0 I binder : 1057:1057 ioctl 40046210 7fc9e9f574 returned -22
01-01 00:00:59.447 0 0 W va_macro va-macro: DMA mask not set
01-01 00:00:59.448 0 0 E msm_cdc_pinctrl_get_gpiodata: device node is null
01-01 00:00:59.455 0 0 I va_macro va-macro: Linked as a consumer to regulator.7
01-01 00:00:59.455 0 0 I va_macro va-macro: bolero_register_macro: register macro successful:3
01-01 00:00:59.458 0 0 I msm_vidc: high: 00000001: h265e: Closed video instance: ffffffd70a4ac000
01-01 00:00:59.459 0 0 W wcd938x_codec wcd938x-codec: DMA mask not set
01-01 00:00:59.459 0 0 I wcd938x_codec wcd938x-codec: msm_cdc_dt_parse_vreg_info: cdc-vdd-rxtx: vol=[1800000 1800000]uV, curr=[30000]uA, ond 0 lpm 0
01-01 00:00:59.459 0 0 I wcd938x_codec wcd938x-codec: msm_cdc_dt_parse_vreg_info: cdc-vddio: vol=[1800000 1800000]uV, curr=[30000]uA, ond 0 lpm 0
01-01 00:00:59.459 0 0 I wcd938x_codec wcd938x-codec: msm_cdc_dt_parse_vreg_info: cdc-vdd-buck: vol=[1800000 1800000]uV, curr=[650000]uA, ond 0 lpm 0
01-01 00:00:59.459 0 0 I wcd938x_codec wcd938x-codec: msm_cdc_dt_parse_vreg_info: cdc-vdd-mic-bias: vol=[3296000 3296000]uV, curr=[30000]uA, ond 0 lpm 0
01-01 00:00:59.460 0 0 I wcd938x_codec wcd938x-codec: Linked as a consumer to regulator.7
01-01 00:00:59.461 0 0 I wcd938x_codec wcd938x-codec: Linked as a consumer to regulator.48
01-01 00:00:59.465 0 0 I msm_vidc: high: 00000001: ....e: Opening video instance: ffffffd70a584000, 0
01-01 00:00:59.259 691 691 D Zygote64Timing: PreloadResources took to complete: 32ms
01-01 00:00:59.473 0 0 W kona-asoc-snd soc: qcom,msm-audio-apr:qcom,q6core-audio:sound: msm_init_aux_dev: Max WSA devices is 0 for this target?
01-01 00:00:59.475 0 0 E kona-asoc-snd soc: qcom,msm-audio-apr:qcom,q6core-audio:sound: ASoC: CODEC DAI wsa_macro_vifeedback not registered
01-01 00:00:59.485 0 0 E init : Unable to set property 'ctl.start' from uid:0 gid:0 pid:1114: Invalid permissions to perform 'start' on 'console'
01-01 00:00:59.489 0 0 I msm_vidc: high: 00000001: h265e: Closed video instance: ffffffd70a584000
01-01 00:00:59.489 0 0 E : [drm:dp_display_init_aux_switch][msm-dp-err][365 ]failed to register notifier (-22)
01-01 00:00:59.511 0 0 I tx_macro tx-macro: bolero_register_macro: register macro successful:0
01-01 00:00:59.513 0 0 I rx_macro rx-macro: bolero_register_macro: register macro successful:1
01-01 00:00:59.515 0 0 I wsa_macro wsa-macro: bolero_register_macro: register macro successful:2
01-01 00:00:59.516 0 0 I msm_vidc: high: 00000001: ....e: Opening video instance: ffffffd70a4e8000, 0
01-01 00:00:59.517 0 0 I init : Service 'qcom-c_core-sh' (pid 1019) exited with status 0 oneshot service took 0.929000 seconds in background
01-01 00:00:59.517 0 0 I init : Sending signal 9 to service 'qcom-c_core-sh' (pid 1019) process group...
01-01 00:00:59.518 0 0 I libprocessgroup: Successfully killed process cgroup uid 0 pid 1019 in 0ms
01-01 00:00:59.522 0 0 W kona-asoc-snd soc: qcom,msm-audio-apr:qcom,q6core-audio:sound: msm_init_aux_dev: Max WSA devices is 0 for this target?
01-01 00:00:59.536 0 0 I msm_vidc: high: 00000001: h265e: Closed video instance: ffffffd70a4e8000
01-01 00:00:59.545 0 0 I msm_vidc: high: 00000001: ....e: Opening video instance: ffffffd70a4e8000, 0
01-01 00:00:59.551 0 0 W swr-wcd tx_swr_ctrl: DMA mask not set
01-01 00:00:59.553 0 0 I msm_vidc: err : 00000001: ....e: msm_vidc_comm_update_ctrl: failed: control name Ltr Count, min 0, max 0, step 0, default_value 0
01-01 00:00:59.558 0 0 W swr-wcd rx_swr_ctrl: DMA mask not set
01-01 00:00:59.561 0 0 I msm_vidc: high: 00000001: vp8e: Closed video instance: ffffffd70a4e8000
01-01 00:00:59.622 0 0 E swr-wcd rx_swr_ctrl: swrm_get_logical_dev_num: device 0xd01170224 is not ready
01-01 00:00:59.637 0 0 E swr_get_logical_dev_num: Error -22 to get logical addr for device d01170224
01-01 00:00:59.664 0 0 E swr-wcd rx_swr_ctrl: swrm_get_logical_dev_num: device 0xd01170224 is not ready
01-01 00:00:59.680 0 0 E swr_get_logical_dev_num: Error -22 to get logical addr for device d01170224
01-01 00:00:59.704 0 0 E swr-wcd rx_swr_ctrl: swrm_get_logical_dev_num: device 0xd01170224 is not ready
01-01 00:00:59.708 0 0 I init : starting service 'bootanim'...
01-01 00:00:59.709 0 0 W kgsl-3d0: Falling back to syfs fallback for: a650_sqe.fw
01-01 00:00:59.714 0 0 E msm-pcm-routing soc: qcom,msm-pcm-routing: ASoC: no source widget found for AUDIO_REF_EC_UL30 MUX
01-01 00:00:59.505 691 691 D Zygote64Timing: ZygotePreload took to complete: 2249ms
01-01 00:00:59.725 0 0 E swr_get_logical_dev_num: Error -22 to get logical addr for device d01170224
01-01 00:00:59.733 0 0 E msm-pcm-routing soc: qcom,msm-pcm-routing: ASoC: Failed to add route AUDIO_REF_EC_UL30 MUX -> direct -> MM_UL30
01-01 00:00:59.745 0 0 E swr-wcd rx_swr_ctrl: swrm_get_logical_dev_num: device 0xd01170224 is not ready
01-01 00:00:59.759 0 0 E msm-pcm-routing soc: qcom,msm-pcm-routing: ASoC: no source widget found for AUX_PCM_TX
01-01 00:00:59.762 0 0 I init : Control message: Processed ctl.start for 'bootanim' from pid: 1057 (/system/bin/surfaceflinger)
01-01 00:00:59.768 0 0 E swr_get_logical_dev_num: Error -22 to get logical addr for device d01170224
01-01 00:00:59.768 0 0 E msm-pcm-routing soc: qcom,msm-pcm-routing: ASoC: Failed to add route AUX_PCM_TX -> AUX_PCM_UL_TX -> VoLTE Stub Tx Mixer
01-01 00:00:59.768 0 0 E swr-wcd rx_swr_ctrl: swrm_get_logical_dev_num: device 0xd01170224 is not ready
01-01 00:00:59.780 0 0 W kgsl-3d0: Falling back to syfs fallback for: a650_gmu.bin
01-01 00:00:59.792 0 0 E msm-pcm-routing soc: qcom,msm-pcm-routing: ASoC: no source widget found for AUX_PCM_RX
01-01 00:00:59.807 0 0 E swr_get_logical_dev_num: Error -22 to get logical addr for device d01170224
01-01 00:00:59.816 0 0 E msm-pcm-routing soc: qcom,msm-pcm-routing: ASoC: Failed to add route AUX_PCM_RX -> direct -> BE_OUT
01-01 00:00:59.826 0 0 E wcd938x_codec wcd938x-codec: wcd938x_bind: Slave bind failed, ret = -517
01-01 00:00:59.840 0 0 W msm-pcm-routing soc: qcom,msm-pcm-routing: ASoC: no dapm match for MM_DL23 --> MultiMedia23 --> QUIN_TDM_RX_1 Audio Mixer
01-01 00:00:59.840 0 0 E msm-pcm-routing soc: qcom,msm-pcm-routing: ASoC: Failed to add route MM_DL23 -> MultiMedia23 -> QUIN_TDM_RX_1 Audio Mixer
01-01 00:00:59.857 0 0 W msm-pcm-routing soc: qcom,msm-pcm-routing: ASoC: no dapm match for MM_DL24 --> MultiMedia24 --> QUIN_TDM_RX_1 Audio Mixer
01-01 00:00:59.857 0 0 E msm-pcm-routing soc: qcom,msm-pcm-routing: ASoC: Failed to add route MM_DL24 -> MultiMedia24 -> QUIN_TDM_RX_1 Audio Mixer
01-01 00:00:59.870 0 0 W msm-pcm-routing soc: qcom,msm-pcm-routing: ASoC: no dapm match for MM_DL25 --> MultiMedia25 --> QUIN_TDM_RX_1 Audio Mixer
01-01 00:00:59.870 0 0 E msm-pcm-routing soc: qcom,msm-pcm-routing: ASoC: Failed to add route MM_DL25 -> MultiMedia25 -> QUIN_TDM_RX_1 Audio Mixer
01-01 00:00:59.904 0 0 E init : Control message: Could not find 'android.hardware.health@2.1::IHealth/default' for ctl.interface_start from pid: 516 (/system/bin/hwservicemanager)
01-01 00:00:59.918 0 0 E msm-pcm-routing soc: qcom,msm-pcm-routing: ASoC: no source widget found for AUX_PCM_TX
01-01 00:00:59.929 0 0 E msm-pcm-routing soc: qcom,msm-pcm-routing: ASoC: Failed to add route AUX_PCM_TX -> AUX_PCM_UL_TX -> SLIMBUS_0_RX Port Mixer
01-01 00:00:59.941 0 0 E msm-pcm-routing soc: qcom,msm-pcm-routing: ASoC: no source widget found for SEC_AUX_PCM_TX
01-01 00:00:59.951 0 0 E msm-pcm-routing soc: qcom,msm-pcm-routing: ASoC: Failed to add route SEC_AUX_PCM_TX -> SEC_AUX_PCM_UL_TX -> SLIMBUS_0_RX Port Mixer
01-01 00:00:59.964 0 0 E msm-pcm-routing soc: qcom,msm-pcm-routing: ASoC: no source widget found for TERT_AUX_PCM_TX
01-01 00:00:59.974 0 0 E msm-pcm-routing soc: qcom,msm-pcm-routing: ASoC: Failed to add route TERT_AUX_PCM_TX -> TERT_AUXPCM_UL_TX -> SLIMBUS_0_RX Port Mixer
01-01 00:00:59.982 0 0 I binder : 1139:1139 ioctl 40046210 7ff9984b24 returned -22
01-01 00:00:59.988 0 0 E msm-pcm-routing soc: qcom,msm-pcm-routing: ASoC: no source widget found for QUAT_AUX_PCM_TX
01-01 00:00:59.781 691 691 D Zygote64Timing: PostZygoteInitGC took to complete: 275ms
01-01 00:00:59.781 691 691 D Zygote64Timing: ZygoteInit took to complete: 2531ms
01-01 00:00:59.997 0 0 E msm-pcm-routing soc: qcom,msm-pcm-routing: ASoC: Failed to add route QUAT_AUX_PCM_TX -> QUAT_AUXPCM_UL_TX -> SLIMBUS_0_RX Port Mixer
01-01 00:01:00.011 0 0 E msm-pcm-routing soc: qcom,msm-pcm-routing: ASoC: no source widget found for QUIN_AUX_PCM_TX
01-01 00:01:00.021 0 0 E msm-pcm-routing soc: qcom,msm-pcm-routing: ASoC: Failed to add route QUIN_AUX_PCM_TX -> QUIN_AUXPCM_UL_TX -> SLIMBUS_0_RX Port Mixer
01-01 00:01:00.035 0 0 E msm-pcm-routing soc: qcom,msm-pcm-routing: ASoC: no source widget found for SEN_AUX_PCM_TX
01-01 00:01:00.044 0 0 E msm-pcm-routing soc: qcom,msm-pcm-routing: ASoC: Failed to add route SEN_AUX_PCM_TX -> SEN_AUXPCM_UL_TX -> SLIMBUS_0_RX Port Mixer
01-01 00:01:00.426 0 0 I qcom,camera ac50000.qcom,cci: qcom,cam-sensor2: Linked as a consumer to regulator.57
01-01 00:01:00.430 0 0 I qcom,camera ac50000.qcom,cci: qcom,cam-sensor2: Linked as a consumer to regulator.56
01-01 00:01:00.436 0 0 I qcom,camera ac50000.qcom,cci: qcom,cam-sensor2: Linked as a consumer to regulator.54
01-01 00:01:00.463 0 0 I qcom,camera ac50000.qcom,cci: qcom,cam-sensor2: Linked as a consumer to regulator.77
01-01 00:01:00.483 0 0 I binder : 1155:1155 ioctl 40046210 7fd9714b04 returned -22
01-01 00:01:00.485 0 0 I CAM_ERR : CAM-CCI: cam_cci_irq: 238 Base:ffffff801a04d000, M0_Q1 NACK ERROR: 0x10000000
01-01 00:01:00.485 0 0 I CAM_ERR : CAM-CCI: cam_cci_read: 1306 ERROR with Slave 0x6c:
01-01 00:01:00.485 0 0 I CAM_ERR : CAM-CCI: cam_cci_read_bytes: 1561 failed to read rc:-22
01-01 00:01:00.485 0 0 I CAM_ERR : CAM-SENSOR: cam_cci_i2c_read: 35 rc = -22
01-01 00:01:00.485 0 0 I CAM_WARN: CAM-SENSOR: cam_sensor_match_id: 769 read id: 0x0 expected id 0x885a:
01-01 00:01:00.486 0 0 I qcom,camera ac50000.qcom,cci: qcom,cam-sensor2: Dropping the link to regulator.77
01-01 00:01:00.492 0 0 I qcom,camera ac50000.qcom,cci: qcom,cam-sensor2: Dropping the link to regulator.54
01-01 00:01:00.493 0 0 I qcom,camera ac50000.qcom,cci: qcom,cam-sensor2: Dropping the link to regulator.56
01-01 00:01:00.493 0 0 I qcom,camera ac50000.qcom,cci: qcom,cam-sensor2: Dropping the link to regulator.57
01-01 00:01:00.302 1155 1155 I SystemServerTiming: InitBeforeStartServices
