01-01 00:04:26.959 0 0 D mv2112_read_status: autoneg is disabled
01-01 00:04:27.982 0 0 D : mv2112_read_status
01-01 00:04:27.983 0 0 D mv2112_update_link: 3.0x901(1G): 0x80
01-01 00:04:27.983 0 0 D mv2112_update_link: 3.0x8109(100M): 0x0
01-01 00:04:27.983 0 0 D mv2112_update_link: link 0x0
01-01 00:04:27.983 0 0 D mv2112_read_status: autoneg is disabled
08-23 17:46:20.298 1155 1270 I PowerManagerService: Napping display group (groupId=0, uid=1000)...
08-23 17:46:20.299 1155 1270 I PowerManagerService: Nap time (uid 1000)...
08-23 17:46:20.307 1155 1270 I DreamManagerService: Entering dreamland.
08-23 17:46:20.312 1155 1270 I PowerManagerService: Dreaming...
08-23 17:46:20.316 1155 1216 I DreamController: Starting dream: name=ComponentInfo{com.android.deskclock/com.android.deskclock.Screensaver}, isTest=false, canDoze=false, userId=0
08-23 17:46:20.330 1155 1216 D AutofillManagerService: Close system dialogs
08-23 17:46:20.339 1155 2858 I ActivityTaskManager: START u0 {flg=0x10000000 pkg=com.android.deskclock cmp=com.android.deskclock/android.service.dreams.DreamActivity (has extras)} from uid 10068
08-23 17:46:20.342 1155 2858 W ActivityTaskManager: Can't find TaskDisplayArea to determine support for multi window. Task id=47 attached=false
08-23 17:46:20.354 1155 2858 V SplashScreenExceptionList: SplashScreen checking exception for package com.android.deskclock (target sdk:29) -> false
08-23 17:46:20.378 1155 2055 I ActivityTaskManager: The Process com.android.deskclock Already Exists in BG. So sending its PID: 2623
08-23 17:46:20.379 1155 2055 W ActivityTaskManager: Tried to set launchTime (0) < mLastActivityLaunchTime (122935)
08-23 17:46:20.412 1155 2029 W WindowManager: Failed looking up window session=Session{290635c 2623:u0a10068} callers=com.android.server.wm.WindowManagerService.windowForClientLocked:5626 com.android.server.wm.Session.insetsModified:629 android.view.IWindowSession$Stub.onTransact:1151
08-23 17:46:20.501 1155 1270 V DisplayPowerController[0]: Brightness [0.39763778] reason changing to: 'manual', previous reason: 'manual [ dim ]'.
08-23 17:46:20.522 1155 1866 E DisplayDeviceConfig: requesting nits when no mapping exists.
08-23 17:46:20.523 1155 1866 E DisplayDeviceConfig: requesting nits when no mapping exists.
08-23 17:46:20.552 1155 1866 E DisplayDeviceConfig: requesting nits when no mapping exists.
08-23 17:46:20.552 1155 1866 E DisplayDeviceConfig: requesting nits when no mapping exists.
08-23 17:46:20.588 1155 1866 E DisplayDeviceConfig: requesting nits when no mapping exists.
08-23 17:46:20.589 1155 1866 E DisplayDeviceConfig: requesting nits when no mapping exists.
08-23 17:46:20.620 1155 1866 E DisplayDeviceConfig: requesting nits when no mapping exists.
08-23 17:46:20.621 1155 1866 E DisplayDeviceConfig: requesting nits when no mapping exists.
08-23 17:46:20.655 1155 1866 E DisplayDeviceConfig: requesting nits when no mapping exists.
08-23 17:46:20.658 1155 1866 E DisplayDeviceConfig: requesting nits when no mapping exists.
08-23 17:46:20.688 1155 1866 E DisplayDeviceConfig: requesting nits when no mapping exists.
08-23 17:46:20.691 1155 1866 E DisplayDeviceConfig: requesting nits when no mapping exists.
08-23 17:46:20.706 1155 1866 E DisplayDeviceConfig: requesting nits when no mapping exists.
08-23 17:46:20.707 1155 1866 E DisplayDeviceConfig: requesting nits when no mapping exists.
08-23 17:46:20.737 1155 1866 E DisplayDeviceConfig: requesting nits when no mapping exists.
08-23 17:46:20.738 1155 1866 E DisplayDeviceConfig: requesting nits when no mapping exists.
01-01 00:04:29.005 0 0 D : mv2112_read_status
01-01 00:04:29.006 0 0 D mv2112_update_link: 3.0x901(1G): 0x80
01-01 00:04:29.006 0 0 D mv2112_update_link: 3.0x8109(100M): 0x0
01-01 00:04:29.006 0 0 D mv2112_update_link: link 0x0
01-01 00:04:29.006 0 0 D mv2112_read_status: autoneg is disabled
08-23 17:46:20.774 1155 1866 E DisplayDeviceConfig: requesting nits when no mapping exists.
08-23 17:46:20.775 1155 1866 E DisplayDeviceConfig: requesting nits when no mapping exists.
08-23 17:46:20.809 1155 1866 E DisplayDeviceConfig: requesting nits when no mapping exists.
08-23 17:46:20.809 1155 1866 E DisplayDeviceConfig: requesting nits when no mapping exists.
08-23 17:46:20.839 1155 1866 E DisplayDeviceConfig: requesting nits when no mapping exists.
08-23 17:46:20.840 1155 1866 E DisplayDeviceConfig: requesting nits when no mapping exists.
08-23 17:46:20.871 1155 1866 E DisplayDeviceConfig: requesting nits when no mapping exists.
08-23 17:46:20.872 1155 1866 E DisplayDeviceConfig: requesting nits when no mapping exists.
08-23 17:46:20.889 1155 1866 E DisplayDeviceConfig: requesting nits when no mapping exists.
08-23 17:46:20.890 1155 1866 E DisplayDeviceConfig: requesting nits when no mapping exists.
08-23 17:46:20.906 1155 1866 E DisplayDeviceConfig: requesting nits when no mapping exists.
08-23 17:46:20.907 1155 1866 E DisplayDeviceConfig: requesting nits when no mapping exists.
08-23 17:46:20.931 1155 1866 E DisplayDeviceConfig: requesting nits when no mapping exists.
08-23 17:46:20.932 1155 1866 E DisplayDeviceConfig: requesting nits when no mapping exists.
08-23 17:46:20.954 1155 1866 E DisplayDeviceConfig: requesting nits when no mapping exists.
08-23 17:46:20.954 1155 1866 E DisplayDeviceConfig: requesting nits when no mapping exists.
08-23 17:46:20.971 1155 1866 E DisplayDeviceConfig: requesting nits when no mapping exists.
08-23 17:46:20.971 1155 1866 E DisplayDeviceConfig: requesting nits when no mapping exists.
08-23 17:46:21.004 1155 1866 E DisplayDeviceConfig: requesting nits when no mapping exists.
08-23 17:46:21.004 1155 1866 E DisplayDeviceConfig: requesting nits when no mapping exists.
08-23 17:46:21.258 1155 1218 I DropBoxManagerService: add tag=system_server_strictmode isTagEnabled=true flags=0x2
01-01 00:04:30.029 0 0 D : mv2112_read_status
01-01 00:04:30.029 0 0 D mv2112_update_link: 3.0x901(1G): 0x80
01-01 00:04:30.030 0 0 D mv2112_update_link: 3.0x8109(100M): 0x0
01-01 00:04:30.030 0 0 D mv2112_update_link: link 0x0
01-01 00:04:30.030 0 0 D mv2112_read_status: autoneg is disabled
01-01 00:04:31.054 0 0 D : mv2112_read_status
01-01 00:04:31.054 0 0 D mv2112_update_link: 3.0x901(1G): 0x80
01-01 00:04:31.055 0 0 D mv2112_update_link: 3.0x8109(100M): 0x0
01-01 00:04:31.055 0 0 D mv2112_update_link: link 0x0
01-01 00:04:31.055 0 0 D mv2112_read_status: autoneg is disabled
01-01 00:04:31.608 0 0 I init : starting service 'qvrd_vndr'...
01-01 00:04:31.612 0 0 I init : Created socket '/dev/socket/qvrservice_vndr', mode 660, user 1000, group 1000
01-01 00:04:31.615 0 0 I init : Created socket '/dev/socket/qvrservice_vndr_camera', mode 660, user 1000, group 1000
01-01 00:04:31.670 0 0 I init : starting service 'sxrd'...
08-23 17:46:23.476 8938 8938 F linker : CANNOT LINK EXECUTABLE "/vendor/bin/hw/sxrservice": library "vendor.qti.hardware.qxr-V1-ndk_platform.so" not found: needed by main executable
01-01 00:04:31.716 0 0 I init : Service 'sxrd' (pid 8938) exited with status 1
08-23 17:46:23.477 8937 8937 F linker : CANNOT LINK EXECUTABLE "/vendor/bin/hw/qvrservice": library "vendor.qti.hardware.qxr-V1-ndk_platform.so" not found: needed by /vendor/lib64/libqvrservice.so in namespace (default)
01-01 00:04:31.717 0 0 I init : Sending signal 9 to service 'sxrd' (pid 8938) process group...
01-01 00:04:31.718 0 0 I libprocessgroup: Successfully killed process cgroup uid 1000 pid 8938 in 0ms
01-01 00:04:31.723 0 0 I init : Service 'qvrd_vndr' (pid 8937) exited with status 1
01-01 00:04:31.723 0 0 I init : Sending signal 9 to service 'qvrd_vndr' (pid 8937) process group...
01-01 00:04:31.724 0 0 I libprocessgroup: Successfully killed process cgroup uid 1000 pid 8937 in 0ms
01-01 00:04:32.078 0 0 D : mv2112_read_status
01-01 00:04:32.079 0 0 D mv2112_update_link: 3.0x901(1G): 0x80
01-01 00:04:32.079 0 0 D mv2112_update_link: 3.0x8109(100M): 0x0
01-01 00:04:32.079 0 0 D mv2112_update_link: link 0x0
01-01 00:04:32.079 0 0 D mv2112_read_status: autoneg is disabled
01-01 00:04:33.102 0 0 D : mv2112_read_status
01-01 00:04:33.103 0 0 D mv2112_update_link: 3.0x901(1G): 0x80
01-01 00:04:33.103 0 0 D mv2112_update_link: 3.0x8109(100M): 0x0
01-01 00:04:33.103 0 0 D mv2112_update_link: link 0x0
01-01 00:04:33.103 0 0 D mv2112_read_status: autoneg is disabled
01-01 00:04:34.125 0 0 D : mv2112_read_status
01-01 00:04:34.126 0 0 D mv2112_update_link: 3.0x901(1G): 0x80
01-01 00:04:34.126 0 0 D mv2112_update_link: 3.0x8109(100M): 0x0
01-01 00:04:34.126 0 0 D mv2112_update_link: link 0x0
01-01 00:04:34.126 0 0 D mv2112_read_status: autoneg is disabled
01-01 00:04:35.150 0 0 D : mv2112_read_status
01-01 00:04:35.150 0 0 D mv2112_update_link: 3.0x901(1G): 0x80
01-01 00:04:35.151 0 0 D mv2112_update_link: 3.0x8109(100M): 0x0
01-01 00:04:35.151 0 0 D mv2112_update_link: link 0x0
01-01 00:04:35.151 0 0 D mv2112_read_status: autoneg is disabled
01-01 00:04:36.174 0 0 D : mv2112_read_status
01-01 00:04:36.175 0 0 D mv2112_update_link: 3.0x901(1G): 0x80
01-01 00:04:36.175 0 0 D mv2112_update_link: 3.0x8109(100M): 0x0
01-01 00:04:36.175 0 0 D mv2112_update_link: link 0x0
01-01 00:04:36.175 0 0 D mv2112_read_status: autoneg is disabled
01-01 00:04:36.656 0 0 I init : starting service 'qvrd_vndr'...
01-01 00:04:36.664 0 0 I init : Created socket '/dev/socket/qvrservice_vndr', mode 660, user 1000, group 1000
01-01 00:04:36.671 0 0 I init : Created socket '/dev/socket/qvrservice_vndr_camera', mode 660, user 1000, group 1000
01-01 00:04:36.733 0 0 I init : starting service 'sxrd'...
08-23 17:46:28.518 9174 9174 F linker : CANNOT LINK EXECUTABLE "/vendor/bin/hw/qvrservice": library "vendor.qti.hardware.qxr-V1-ndk_platform.so" not found: needed by /vendor/lib64/libqvrservice.so in namespace (default)
01-01 00:04:36.758 0 0 I init : Service 'qvrd_vndr' (pid 9174) exited with status 1
01-01 00:04:36.758 0 0 I init : Sending signal 9 to service 'qvrd_vndr' (pid 9174) process group...
01-01 00:04:36.758 0 0 I libprocessgroup: Successfully killed process cgroup uid 1000 pid 9174 in 0ms
08-23 17:46:28.556 9175 9175 F linker : CANNOT LINK EXECUTABLE "/vendor/bin/hw/sxrservice": library "vendor.qti.hardware.qxr-V1-ndk_platform.so" not found: needed by main executable
01-01 00:04:36.797 0 0 I init : Service 'sxrd' (pid 9175) exited with status 1
01-01 00:04:36.797 0 0 I init : Sending signal 9 to service 'sxrd' (pid 9175) process group...
01-01 00:04:36.797 0 0 I libprocessgroup: Successfully killed process cgroup uid 1000 pid 9175 in 0ms
01-01 00:04:37.198 0 0 D : mv2112_read_status
01-01 00:04:37.199 0 0 D mv2112_update_link: 3.0x901(1G): 0x80
01-01 00:04:37.199 0 0 D mv2112_update_link: 3.0x8109(100M): 0x0
01-01 00:04:37.199 0 0 D mv2112_update_link: link 0x0
01-01 00:04:37.199 0 0 D mv2112_read_status: autoneg is disabled
01-01 00:04:38.223 0 0 D : mv2112_read_status
01-01 00:04:38.223 0 0 D mv2112_update_link: 3.0x901(1G): 0x80
01-01 00:04:38.223 0 0 D mv2112_update_link: 3.0x8109(100M): 0x0
01-01 00:04:38.223 0 0 D mv2112_update_link: link 0x0
01-01 00:04:38.223 0 0 D mv2112_read_status: autoneg is disabled
01-01 00:04:39.246 0 0 D : mv2112_read_status
01-01 00:04:39.246 0 0 D mv2112_update_link: 3.0x901(1G): 0x80
01-01 00:04:39.247 0 0 D mv2112_update_link: 3.0x8109(100M): 0x0
01-01 00:04:39.247 0 0 D mv2112_update_link: link 0x0
01-01 00:04:39.247 0 0 D mv2112_read_status: autoneg is disabled
01-01 00:04:40.270 0 0 D : mv2112_read_status
01-01 00:04:40.270 0 0 D mv2112_update_link: 3.0x901(1G): 0x80
01-01 00:04:40.270 0 0 D mv2112_update_link: 3.0x8109(100M): 0x0
01-01 00:04:40.270 0 0 D mv2112_update_link: link 0x0
01-01 00:04:40.270 0 0 D mv2112_read_status: autoneg is disabled
01-01 00:04:41.294 0 0 D : mv2112_read_status
01-01 00:04:41.295 0 0 D mv2112_update_link: 3.0x901(1G): 0x80
01-01 00:04:41.295 0 0 D mv2112_update_link: 3.0x8109(100M): 0x0
01-01 00:04:41.295 0 0 D mv2112_update_link: link 0x0
01-01 00:04:41.295 0 0 D mv2112_read_status: autoneg is disabled
01-01 00:04:41.720 0 0 I init : starting service 'qvrd_vndr'...
01-01 00:04:41.728 0 0 I init : Created socket '/dev/socket/qvrservice_vndr', mode 660, user 1000, group 1000
01-01 00:04:41.735 0 0 I init : Created socket '/dev/socket/qvrservice_vndr_camera', mode 660, user 1000, group 1000
01-01 00:04:41.791 0 0 I init : starting service 'sxrd'...
08-23 17:46:33.577 9415 9415 F linker : CANNOT LINK EXECUTABLE "/vendor/bin/hw/qvrservice": library "vendor.qti.hardware.qxr-V1-ndk_platform.so" not found: needed by /vendor/lib64/libqvrservice.so in namespace (default)
01-01 00:04:41.828 0 0 I init : Service 'qvrd_vndr' (pid 9415) exited with status 1
01-01 00:04:41.828 0 0 I init : Sending signal 9 to service 'qvrd_vndr' (pid 9415) process group...
01-01 00:04:41.829 0 0 I libprocessgroup: Successfully killed process cgroup uid 1000 pid 9415 in 0ms
08-23 17:46:33.627 9416 9416 F linker : CANNOT LINK EXECUTABLE "/vendor/bin/hw/sxrservice": library "vendor.qti.hardware.qxr-V1-ndk_platform.so" not found: needed by main executable
01-01 00:04:41.867 0 0 I init : Service 'sxrd' (pid 9416) exited with status 1
01-01 00:04:41.867 0 0 I init : Sending signal 9 to service 'sxrd' (pid 9416) process group...
01-01 00:04:41.868 0 0 I libprocessgroup: Successfully killed process cgroup uid 1000 pid 9416 in 0ms
01-01 00:04:42.318 0 0 D : mv2112_read_status
01-01 00:04:42.319 0 0 D mv2112_update_link: 3.0x901(1G): 0x80
01-01 00:04:42.319 0 0 D mv2112_update_link: 3.0x8109(100M): 0x0
01-01 00:04:42.319 0 0 D mv2112_update_link: link 0x0
01-01 00:04:42.319 0 0 D mv2112_read_status: autoneg is disabled
01-01 00:04:43.342 0 0 D : mv2112_read_status
01-01 00:04:43.343 0 0 D mv2112_update_link: 3.0x901(1G): 0x80
01-01 00:04:43.343 0 0 D mv2112_update_link: 3.0x8109(100M): 0x0
01-01 00:04:43.343 0 0 D mv2112_update_link: link 0x0
01-01 00:04:43.343 0 0 D mv2112_read_status: autoneg is disabled
01-01 00:04:44.366 0 0 D : mv2112_read_status
01-01 00:04:44.366 0 0 D mv2112_update_link: 3.0x901(1G): 0x80
01-01 00:04:44.367 0 0 D mv2112_update_link: 3.0x8109(100M): 0x0
01-01 00:04:44.367 0 0 D mv2112_update_link: link 0x0
01-01 00:04:44.367 0 0 D mv2112_read_status: autoneg is disabled
01-01 00:04:45.390 0 0 D : mv2112_read_status
01-01 00:04:45.390 0 0 D mv2112_update_link: 3.0x901(1G): 0x80
01-01 00:04:45.391 0 0 D mv2112_update_link: 3.0x8109(100M): 0x0
01-01 00:04:45.391 0 0 D mv2112_update_link: link 0x0
01-01 00:04:45.391 0 0 D mv2112_read_status: autoneg is disabled
01-01 00:04:46.415 0 0 D : mv2112_read_status
01-01 00:04:46.415 0 0 D mv2112_update_link: 3.0x901(1G): 0x80
01-01 00:04:46.415 0 0 D mv2112_update_link: 3.0x8109(100M): 0x0
01-01 00:04:46.415 0 0 D mv2112_update_link: link 0x0
01-01 00:04:46.415 0 0 D mv2112_read_status: autoneg is disabled
01-01 00:04:46.778 0 0 I init : starting service 'qvrd_vndr'...
01-01 00:04:46.785 0 0 I init : Created socket '/dev/socket/qvrservice_vndr', mode 660, user 1000, group 1000
01-01 00:04:46.792 0 0 I init : Created socket '/dev/socket/qvrservice_vndr_camera', mode 660, user 1000, group 1000
01-01 00:04:46.849 0 0 I init : starting service 'sxrd'...
08-23 17:46:38.636 9661 9661 F linker : CANNOT LINK EXECUTABLE "/vendor/bin/hw/qvrservice": library "vendor.qti.hardware.qxr-V1-ndk_platform.so" not found: needed by /vendor/lib64/libqvrservice.so in namespace (default)
01-01 00:04:46.888 0 0 I init : Service 'qvrd_vndr' (pid 9661) exited with status 1
01-01 00:04:46.888 0 0 I init : Sending signal 9 to service 'qvrd_vndr' (pid 9661) process group...
01-01 00:04:46.888 0 0 I libprocessgroup: Successfully killed process cgroup uid 1000 pid 9661 in 0ms
08-23 17:46:38.687 9662 9662 F linker : CANNOT LINK EXECUTABLE "/vendor/bin/hw/sxrservice": library "vendor.qti.hardware.qxr-V1-ndk_platform.so" not found: needed by main executable
01-01 00:04:46.928 0 0 I init : Service 'sxrd' (pid 9662) exited with status 1
01-01 00:04:46.928 0 0 I init : Sending signal 9 to service 'sxrd' (pid 9662) process group...
01-01 00:04:46.929 0 0 I libprocessgroup: Successfully killed process cgroup uid 1000 pid 9662 in 1ms
01-01 00:04:47.438 0 0 D : mv2112_read_status
01-01 00:04:47.439 0 0 D mv2112_update_link: 3.0x901(1G): 0x80
01-01 00:04:47.439 0 0 D mv2112_update_link: 3.0x8109(100M): 0x0
01-01 00:04:47.439 0 0 D mv2112_update_link: link 0x0
01-01 00:04:47.439 0 0 D mv2112_read_status: autoneg is disabled
01-01 00:04:48.463 0 0 D : mv2112_read_status
01-01 00:04:48.463 0 0 D mv2112_update_link: 3.0x901(1G): 0x80
01-01 00:04:48.463 0 0 D mv2112_update_link: 3.0x8109(100M): 0x0
01-01 00:04:48.463 0 0 D mv2112_update_link: link 0x0
01-01 00:04:48.463 0 0 D mv2112_read_status: autoneg is disabled
01-01 00:04:49.486 0 0 D : mv2112_read_status
01-01 00:04:49.486 0 0 D mv2112_update_link: 3.0x901(1G): 0x80
01-01 00:04:49.487 0 0 D mv2112_update_link: 3.0x8109(100M): 0x0
01-01 00:04:49.487 0 0 D mv2112_update_link: link 0x0
01-01 00:04:49.487 0 0 D mv2112_read_status: autoneg is disabled
01-01 00:04:50.510 0 0 D : mv2112_read_status
01-01 00:04:50.511 0 0 D mv2112_update_link: 3.0x901(1G): 0x80
01-01 00:04:50.511 0 0 D mv2112_update_link: 3.0x8109(100M): 0x0
01-01 00:04:50.511 0 0 D mv2112_update_link: link 0x0
01-01 00:04:50.511 0 0 D mv2112_read_status: autoneg is disabled
01-01 00:04:51.534 0 0 D : mv2112_read_status
01-01 00:04:51.535 0 0 D mv2112_update_link: 3.0x901(1G): 0x80
01-01 00:04:51.535 0 0 D mv2112_update_link: 3.0x8109(100M): 0x0
01-01 00:04:51.535 0 0 D mv2112_update_link: link 0x0
01-01 00:04:51.535 0 0 D mv2112_read_status: autoneg is disabled
01-01 00:04:51.837 0 0 I init : starting service 'qvrd_vndr'...
01-01 00:04:51.844 0 0 I init : Created socket '/dev/socket/qvrservice_vndr', mode 660, user 1000, group 1000
01-01 00:04:51.852 0 0 I init : Created socket '/dev/socket/qvrservice_vndr_camera', mode 660, user 1000, group 1000
01-01 00:04:51.909 0 0 I init : starting service 'sxrd'...
08-23 17:46:43.697 9912 9912 F linker : CANNOT LINK EXECUTABLE "/vendor/bin/hw/qvrservice": library "vendor.qti.hardware.qxr-V1-ndk_platform.so" not found: needed by /vendor/lib64/libqvrservice.so in namespace (default)
01-01 00:04:51.948 0 0 I init : Service 'qvrd_vndr' (pid 9912) exited with status 1
01-01 00:04:51.948 0 0 I init : Sending signal 9 to service 'qvrd_vndr' (pid 9912) process group...
01-01 00:04:51.948 0 0 I libprocessgroup: Successfully killed process cgroup uid 1000 pid 9912 in 0ms
08-23 17:46:43.746 9913 9913 F linker : CANNOT LINK EXECUTABLE "/vendor/bin/hw/sxrservice": library "vendor.qti.hardware.qxr-V1-ndk_platform.so" not found: needed by main executable
01-01 00:04:51.987 0 0 I init : Service 'sxrd' (pid 9913) exited with status 1
01-01 00:04:51.987 0 0 I init : Sending signal 9 to service 'sxrd' (pid 9913) process group...
01-01 00:04:51.988 0 0 I libprocessgroup: Successfully killed process cgroup uid 1000 pid 9913 in 1ms
01-01 00:04:52.558 0 0 D : mv2112_read_status
01-01 00:04:52.559 0 0 D mv2112_update_link: 3.0x901(1G): 0x80
01-01 00:04:52.559 0 0 D mv2112_update_link: 3.0x8109(100M): 0x0
01-01 00:04:52.559 0 0 D mv2112_update_link: link 0x0
01-01 00:04:52.559 0 0 D mv2112_read_status: autoneg is disabled
01-01 00:04:53.582 0 0 D : mv2112_read_status
01-01 00:04:53.582 0 0 D mv2112_update_link: 3.0x901(1G): 0x80
01-01 00:04:53.583 0 0 D mv2112_update_link: 3.0x8109(100M): 0x0
01-01 00:04:53.583 0 0 D mv2112_update_link: link 0x0
01-01 00:04:53.583 0 0 D mv2112_read_status: autoneg is disabled
01-01 00:04:54.606 0 0 D : mv2112_read_status
01-01 00:04:54.606 0 0 D mv2112_update_link: 3.0x901(1G): 0x80
01-01 00:04:54.607 0 0 D mv2112_update_link: 3.0x8109(100M): 0x0
01-01 00:04:54.607 0 0 D mv2112_update_link: link 0x0
01-01 00:04:54.607 0 0 D mv2112_read_status: autoneg is disabled
01-01 00:04:55.631 0 0 D : mv2112_read_status
01-01 00:04:55.631 0 0 D mv2112_update_link: 3.0x901(1G): 0x80
01-01 00:04:55.631 0 0 D mv2112_update_link: 3.0x8109(100M): 0x0
01-01 00:04:55.631 0 0 D mv2112_update_link: link 0x0
01-01 00:04:55.631 0 0 D mv2112_read_status: autoneg is disabled
01-01 00:04:56.654 0 0 D : mv2112_read_status
01-01 00:04:56.654 0 0 D mv2112_update_link: 3.0x901(1G): 0x80
01-01 00:04:56.655 0 0 D mv2112_update_link: 3.0x8109(100M): 0x0
01-01 00:04:56.655 0 0 D mv2112_update_link: link 0x0
01-01 00:04:56.655 0 0 D mv2112_read_status: autoneg is disabled
01-01 00:04:56.896 0 0 I init : starting service 'qvrd_vndr'...
01-01 00:04:56.904 0 0 I init : Created socket '/dev/socket/qvrservice_vndr', mode 660, user 1000, group 1000
01-01 00:04:56.912 0 0 I init : Created socket '/dev/socket/qvrservice_vndr_camera', mode 660, user 1000, group 1000
01-01 00:04:56.972 0 0 I init : starting service 'sxrd'...
08-23 17:46:48.757 10168 10168 F linker : CANNOT LINK EXECUTABLE "/vendor/bin/hw/qvrservice": library "vendor.qti.hardware.qxr-V1-ndk_platform.so" not found: needed by /vendor/lib64/libqvrservice.so in namespace (default)
01-01 00:04:56.997 0 0 I init : Service 'qvrd_vndr' (pid 10168) exited with status 1
01-01 00:04:56.997 0 0 I init : Sending signal 9 to service 'qvrd_vndr' (pid 10168) process group...
01-01 00:04:56.997 0 0 I libprocessgroup: Successfully killed process cgroup uid 1000 pid 10168 in 0ms
08-23 17:46:48.809 10169 10169 F linker : CANNOT LINK EXECUTABLE "/vendor/bin/hw/sxrservice": library "vendor.qti.hardware.qxr-V1-ndk_platform.so" not found: needed by main executable
01-01 00:04:57.049 0 0 I init : Service 'sxrd' (pid 10169) exited with status 1
01-01 00:04:57.049 0 0 I init : Sending signal 9 to service 'sxrd' (pid 10169) process group...
01-01 00:04:57.052 0 0 I libprocessgroup: Successfully killed process cgroup uid 1000 pid 10169 in 2ms
01-01 00:04:57.678 0 0 D : mv2112_read_status
01-01 00:04:57.678 0 0 D mv2112_update_link: 3.0x901(1G): 0x80
01-01 00:04:57.679 0 0 D mv2112_update_link: 3.0x8109(100M): 0x0
01-01 00:04:57.679 0 0 D mv2112_update_link: link 0x0
01-01 00:04:57.679 0 0 D mv2112_read_status: autoneg is disabled
01-01 00:04:58.702 0 0 D : mv2112_read_status
01-01 00:04:58.703 0 0 D mv2112_update_link: 3.0x901(1G): 0x80
01-01 00:04:58.703 0 0 D mv2112_update_link: 3.0x8109(100M): 0x0
01-01 00:04:58.703 0 0 D mv2112_update_link: link 0x0
01-01 00:04:58.703 0 0 D mv2112_read_status: autoneg is disabled
01-01 00:04:59.726 0 0 D : mv2112_read_status
01-01 00:04:59.727 0 0 D mv2112_update_link: 3.0x901(1G): 0x80
01-01 00:04:59.727 0 0 D mv2112_update_link: 3.0x8109(100M): 0x0
01-01 00:04:59.727 0 0 D mv2112_update_link: link 0x0
01-01 00:04:59.727 0 0 D mv2112_read_status: autoneg is disabled
01-01 00:05:00.750 0 0 D : mv2112_read_status
01-01 00:05:00.751 0 0 D mv2112_update_link: 3.0x901(1G): 0x80
01-01 00:05:00.751 0 0 D mv2112_update_link: 3.0x8109(100M): 0x0
01-01 00:05:00.751 0 0 D mv2112_update_link: link 0x0
01-01 00:05:00.751 0 0 D mv2112_read_status: autoneg is disabled
01-01 00:05:01.774 0 0 D : mv2112_read_status
01-01 00:05:01.775 0 0 D mv2112_update_link: 3.0x901(1G): 0x80
01-01 00:05:01.775 0 0 D mv2112_update_link: 3.0x8109(100M): 0x0
01-01 00:05:01.775 0 0 D mv2112_update_link: link 0x0
01-01 00:05:01.775 0 0 D mv2112_read_status: autoneg is disabled
01-01 00:05:01.960 0 0 I init : starting service 'qvrd_vndr'...
01-01 00:05:01.968 0 0 I init : Created socket '/dev/socket/qvrservice_vndr', mode 660, user 1000, group 1000
01-01 00:05:01.975 0 0 I init : Created socket '/dev/socket/qvrservice_vndr_camera', mode 660, user 1000, group 1000
01-01 00:05:02.032 0 0 I init : starting service 'sxrd'...
08-23 17:46:53.817 10429 10429 F linker : CANNOT LINK EXECUTABLE "/vendor/bin/hw/qvrservice": library "vendor.qti.hardware.qxr-V1-ndk_platform.so" not found: needed by /vendor/lib64/libqvrservice.so in namespace (default)
01-01 00:05:02.058 0 0 I init : Service 'qvrd_vndr' (pid 10429) exited with status 1
01-01 00:05:02.058 0 0 I init : Sending signal 9 to service 'qvrd_vndr' (pid 10429) process group...
01-01 00:05:02.058 0 0 I libprocessgroup: Successfully killed process cgroup uid 1000 pid 10429 in 0ms
08-23 17:46:53.868 10430 10430 F linker : CANNOT LINK EXECUTABLE "/vendor/bin/hw/sxrservice": library "vendor.qti.hardware.qxr-V1-ndk_platform.so" not found: needed by main executable
01-01 00:05:02.108 0 0 I init : Service 'sxrd' (pid 10430) exited with status 1
01-01 00:05:02.108 0 0 I init : Sending signal 9 to service 'sxrd' (pid 10430) process group...
01-01 00:05:02.109 0 0 I libprocessgroup: Successfully killed process cgroup uid 1000 pid 10430 in 0ms
01-01 00:05:02.799 0 0 D : mv2112_read_status
01-01 00:05:02.799 0 0 D mv2112_update_link: 3.0x901(1G): 0x80
01-01 00:05:02.799 0 0 D mv2112_update_link: 3.0x8109(100M): 0x0
01-01 00:05:02.799 0 0 D mv2112_update_link: link 0x0
01-01 00:05:02.799 0 0 D mv2112_read_status: autoneg is disabled
01-01 00:05:03.822 0 0 D : mv2112_read_status
01-01 00:05:03.823 0 0 D mv2112_update_link: 3.0x901(1G): 0x80
01-01 00:05:03.823 0 0 D mv2112_update_link: 3.0x8109(100M): 0x0
01-01 00:05:03.823 0 0 D mv2112_update_link: link 0x0
01-01 00:05:03.823 0 0 D mv2112_read_status: autoneg is disabled
01-01 00:05:04.846 0 0 D : mv2112_read_status
01-01 00:05:04.846 0 0 D mv2112_update_link: 3.0x901(1G): 0x80
01-01 00:05:04.847 0 0 D mv2112_update_link: 3.0x8109(100M): 0x0
01-01 00:05:04.847 0 0 D mv2112_update_link: link 0x0
01-01 00:05:04.847 0 0 D mv2112_read_status: autoneg is disabled
01-01 00:05:05.870 0 0 D : mv2112_read_status
01-01 00:05:05.870 0 0 D mv2112_update_link: 3.0x901(1G): 0x80
01-01 00:05:05.871 0 0 D mv2112_update_link: 3.0x8109(100M): 0x0
01-01 00:05:05.871 0 0 D mv2112_update_link: link 0x0
01-01 00:05:05.871 0 0 D mv2112_read_status: autoneg is disabled
01-01 00:05:06.894 0 0 D : mv2112_read_status
01-01 00:05:06.894 0 0 D mv2112_update_link: 3.0x901(1G): 0x80
01-01 00:05:06.895 0 0 D mv2112_update_link: 3.0x8109(100M): 0x0
01-01 00:05:06.895 0 0 D mv2112_update_link: link 0x0
01-01 00:05:06.895 0 0 D mv2112_read_status: autoneg is disabled
01-01 00:05:07.022 0 0 I init : starting service 'qvrd_vndr'...
01-01 00:05:07.026 0 0 I init : Created socket '/dev/socket/qvrservice_vndr', mode 660, user 1000, group 1000
01-01 00:05:07.034 0 0 I init : Created socket '/dev/socket/qvrservice_vndr_camera', mode 660, user 1000, group 1000
01-01 00:05:07.090 0 0 I init : starting service 'sxrd'...
08-23 17:46:58.881 10695 10695 F linker : CANNOT LINK EXECUTABLE "/vendor/bin/hw/qvrservice": library "vendor.qti.hardware.qxr-V1-ndk_platform.so" not found: needed by /vendor/lib64/libqvrservice.so in namespace (default)
01-01 00:05:07.122 0 0 I init : Service 'qvrd_vndr' (pid 10695) exited with status 1
01-01 00:05:07.122 0 0 I init : Sending signal 9 to service 'qvrd_vndr' (pid 10695) process group...
01-01 00:05:07.122 0 0 I libprocessgroup: Successfully killed process cgroup uid 1000 pid 10695 in 0ms
08-23 17:46:58.891 10696 10696 F linker : CANNOT LINK EXECUTABLE "/vendor/bin/hw/sxrservice": library "vendor.qti.hardware.qxr-V1-ndk_platform.so" not found: needed by main executable
01-01 00:05:07.131 0 0 I init : Service 'sxrd' (pid 10696) exited with status 1
01-01 00:05:07.131 0 0 I init : Sending signal 9 to service 'sxrd' (pid 10696) process group...
01-01 00:05:07.132 0 0 I libprocessgroup: Successfully killed process cgroup uid 1000 pid 10696 in 0ms
01-01 00:05:07.918 0 0 D : mv2112_read_status
01-01 00:05:07.918 0 0 D mv2112_update_link: 3.0x901(1G): 0x80
01-01 00:05:07.919 0 0 D mv2112_update_link: 3.0x8109(100M): 0x0
01-01 00:05:07.919 0 0 D mv2112_update_link: link 0x0
01-01 00:05:07.919 0 0 D mv2112_read_status: autoneg is disabled
01-01 00:05:08.942 0 0 D : mv2112_read_status
01-01 00:05:08.942 0 0 D mv2112_update_link: 3.0x901(1G): 0x80
01-01 00:05:08.943 0 0 D mv2112_update_link: 3.0x8109(100M): 0x0
01-01 00:05:08.943 0 0 D mv2112_update_link: link 0x0
01-01 00:05:08.943 0 0 D mv2112_read_status: autoneg is disabled
01-01 00:05:09.822 0 0 I perf : interrupt took too long (5553 > 5492), lowering kernel.perf_event_max_sample_rate to 36000
01-01 00:05:09.965 0 0 D : mv2112_read_status
01-01 00:05:09.965 0 0 D mv2112_update_link: 3.0x901(1G): 0x80
01-01 00:05:09.966 0 0 D mv2112_update_link: 3.0x8109(100M): 0x0
01-01 00:05:09.966 0 0 D mv2112_update_link: link 0x0
01-01 00:05:09.966 0 0 D mv2112_read_status: autoneg is disabled
01-01 00:05:10.990 0 0 D : mv2112_read_status
01-01 00:05:10.990 0 0 D mv2112_update_link: 3.0x901(1G): 0x80
01-01 00:05:10.991 0 0 D mv2112_update_link: 3.0x8109(100M): 0x0
01-01 00:05:10.991 0 0 D mv2112_update_link: link 0x0
01-01 00:05:10.991 0 0 D mv2112_read_status: autoneg is disabled
01-01 00:05:12.015 0 0 D : mv2112_read_status
01-01 00:05:12.015 0 0 D mv2112_update_link: 3.0x901(1G): 0x80
01-01 00:05:12.015 0 0 D mv2112_update_link: 3.0x8109(100M): 0x0
01-01 00:05:12.015 0 0 D mv2112_update_link: link 0x0
01-01 00:05:12.015 0 0 D mv2112_read_status: autoneg is disabled
01-01 00:05:12.073 0 0 I init : starting service 'qvrd_vndr'...
01-01 00:05:12.081 0 0 I init : Created socket '/dev/socket/qvrservice_vndr', mode 660, user 1000, group 1000
01-01 00:05:12.089 0 0 I init : Created socket '/dev/socket/qvrservice_vndr_camera', mode 660, user 1000, group 1000
01-01 00:05:12.150 0 0 I init : starting service 'sxrd'...
08-23 17:47:03.938 10965 10965 F linker : CANNOT LINK EXECUTABLE "/vendor/bin/hw/qvrservice": library "vendor.qti.hardware.qxr-V1-ndk_platform.so" not found: needed by /vendor/lib64/libqvrservice.so in namespace (default)
01-01 00:05:12.189 0 0 I init : Service 'qvrd_vndr' (pid 10965) exited with status 1
01-01 00:05:12.189 0 0 I init : Sending signal 9 to service 'qvrd_vndr' (pid 10965) process group...
01-01 00:05:12.189 0 0 I libprocessgroup: Successfully killed process cgroup uid 1000 pid 10965 in 0ms
08-23 17:47:03.987 10966 10966 F linker : CANNOT LINK EXECUTABLE "/vendor/bin/hw/sxrservice": library "vendor.qti.hardware.qxr-V1-ndk_platform.so" not found: needed by main executable
01-01 00:05:12.228 0 0 I init : Service 'sxrd' (pid 10966) exited with status 1
01-01 00:05:12.228 0 0 I init : Sending signal 9 to service 'sxrd' (pid 10966) process group...
01-01 00:05:12.229 0 0 I libprocessgroup: Successfully killed process cgroup uid 1000 pid 10966 in 0ms
01-01 00:05:13.038 0 0 D : mv2112_read_status
01-01 00:05:13.039 0 0 D mv2112_update_link: 3.0x901(1G): 0x80
01-01 00:05:13.039 0 0 D mv2112_update_link: 3.0x8109(100M): 0x0
01-01 00:05:13.039 0 0 D mv2112_update_link: link 0x0
01-01 00:05:13.039 0 0 D mv2112_read_status: autoneg is disabled
01-01 00:05:14.062 0 0 D : mv2112_read_status
01-01 00:05:14.063 0 0 D mv2112_update_link: 3.0x901(1G): 0x80
01-01 00:05:14.063 0 0 D mv2112_update_link: 3.0x8109(100M): 0x0
01-01 00:05:14.063 0 0 D mv2112_update_link: link 0x0
01-01 00:05:14.063 0 0 D mv2112_read_status: autoneg is disabled
01-01 00:05:15.086 0 0 D : mv2112_read_status
01-01 00:05:15.086 0 0 D mv2112_update_link: 3.0x901(1G): 0x80
01-01 00:05:15.087 0 0 D mv2112_update_link: 3.0x8109(100M): 0x0
01-01 00:05:15.087 0 0 D mv2112_update_link: link 0x0
01-01 00:05:15.087 0 0 D mv2112_read_status: autoneg is disabled
01-01 00:05:16.110 0 0 D : mv2112_read_status
01-01 00:05:16.111 0 0 D mv2112_update_link: 3.0x901(1G): 0x80
01-01 00:05:16.111 0 0 D mv2112_update_link: 3.0x8109(100M): 0x0
01-01 00:05:16.111 0 0 D mv2112_update_link: link 0x0
01-01 00:05:16.111 0 0 D mv2112_read_status: autoneg is disabled
01-01 00:05:17.134 0 0 D : mv2112_read_status
01-01 00:05:17.134 0 0 D mv2112_update_link: 3.0x901(1G): 0x80
01-01 00:05:17.135 0 0 D mv2112_update_link: 3.0x8109(100M): 0x0
01-01 00:05:17.135 0 0 D mv2112_update_link: link 0x0
01-01 00:05:17.135 0 0 D mv2112_read_status: autoneg is disabled
01-01 00:05:17.136 0 0 I init : starting service 'qvrd_vndr'...
01-01 00:05:17.141 0 0 I init : Created socket '/dev/socket/qvrservice_vndr', mode 660, user 1000, group 1000
01-01 00:05:17.148 0 0 I init : Created socket '/dev/socket/qvrservice_vndr_camera', mode 660, user 1000, group 1000
01-01 00:05:17.210 0 0 I init : starting service 'sxrd'...
08-23 17:47:08.997 11240 11240 F linker : CANNOT LINK EXECUTABLE "/vendor/bin/hw/qvrservice": library "vendor.qti.hardware.qxr-V1-ndk_platform.so" not found: needed by /vendor/lib64/libqvrservice.so in namespace (default)
01-01 00:05:17.237 0 0 I init : Service 'qvrd_vndr' (pid 11240) exited with status 1
01-01 00:05:17.237 0 0 I init : Sending signal 9 to service 'qvrd_vndr' (pid 11240) process group...
01-01 00:05:17.237 0 0 I libprocessgroup: Successfully killed process cgroup uid 1000 pid 11240 in 0ms
08-23 17:47:09.048 11241 11241 F linker : CANNOT LINK EXECUTABLE "/vendor/bin/hw/sxrservice": library "vendor.qti.hardware.qxr-V1-ndk_platform.so" not found: needed by main executable
01-01 00:05:17.288 0 0 I init : Service 'sxrd' (pid 11241) exited with status 1
01-01 00:05:17.288 0 0 I init : Sending signal 9 to service 'sxrd' (pid 11241) process group...
01-01 00:05:17.289 0 0 I libprocessgroup: Successfully killed process cgroup uid 1000 pid 11241 in 0ms
01-01 00:05:18.158 0 0 D : mv2112_read_status
01-01 00:05:18.158 0 0 D mv2112_update_link: 3.0x901(1G): 0x80
01-01 00:05:18.159 0 0 D mv2112_update_link: 3.0x8109(100M): 0x0
01-01 00:05:18.159 0 0 D mv2112_update_link: link 0x0
01-01 00:05:18.159 0 0 D mv2112_read_status: autoneg is disabled
01-01 00:05:19.182 0 0 D : mv2112_read_status
01-01 00:05:19.183 0 0 D mv2112_update_link: 3.0x901(1G): 0x80
01-01 00:05:19.183 0 0 D mv2112_update_link: 3.0x8109(100M): 0x0
01-01 00:05:19.183 0 0 D mv2112_update_link: link 0x0
01-01 00:05:19.183 0 0 D mv2112_read_status: autoneg is disabled
01-01 00:05:19.862 0 0 I [schedu][0x16e0bbf6e][17:47:11.623670] wlan: [2484:I:OSIF] scan start scan id 40964
01-01 00:05:20.205 0 0 D : mv2112_read_status
01-01 00:05:20.206 0 0 D mv2112_update_link: 3.0x901(1G): 0x80
01-01 00:05:20.206 0 0 D mv2112_update_link: 3.0x8109(100M): 0x0
01-01 00:05:20.206 0 0 D mv2112_update_link: link 0x0
01-01 00:05:20.206 0 0 D mv2112_read_status: autoneg is disabled
01-01 00:05:21.063 0 0 I [schedu][0x16f6b6fe6][17:47:12.824103] wlan: [2484:I:OSIF] vdev 0, scan id 40964 type COMPLETED(1) reason COMPLETED(1) scan found 62 bss
01-01 00:05:21.231 0 0 D : mv2112_read_status
01-01 00:05:21.231 0 0 D mv2112_update_link: 3.0x901(1G): 0x80
01-01 00:05:21.231 0 0 D mv2112_update_link: 3.0x8109(100M): 0x0
01-01 00:05:21.231 0 0 D mv2112_update_link: link 0x0
01-01 00:05:21.231 0 0 D mv2112_read_status: autoneg is disabled
01-01 00:05:22.196 0 0 I init : starting service 'qvrd_vndr'...
01-01 00:05:22.203 0 0 I init : Created socket '/dev/socket/qvrservice_vndr', mode 660, user 1000, group 1000
01-01 00:05:22.209 0 0 I init : Created socket '/dev/socket/qvrservice_vndr_camera', mode 660, user 1000, group 1000
01-01 00:05:22.254 0 0 D : mv2112_read_status
01-01 00:05:22.255 0 0 D mv2112_update_link: 3.0x901(1G): 0x80
01-01 00:05:22.255 0 0 D mv2112_update_link: 3.0x8109(100M): 0x0
01-01 00:05:22.255 0 0 D mv2112_update_link: link 0x0
01-01 00:05:22.255 0 0 D mv2112_read_status: autoneg is disabled
01-01 00:05:22.270 0 0 I init : starting service 'sxrd'...
08-23 17:47:14.056 11520 11520 F linker : CANNOT LINK EXECUTABLE "/vendor/bin/hw/qvrservice": library "vendor.qti.hardware.qxr-V1-ndk_platform.so" not found: needed by /vendor/lib64/libqvrservice.so in namespace (default)
01-01 00:05:22.297 0 0 I init : Service 'qvrd_vndr' (pid 11520) exited with status 1
01-01 00:05:22.297 0 0 I init : Sending signal 9 to service 'qvrd_vndr' (pid 11520) process group...
01-01 00:05:22.297 0 0 I libprocessgroup: Successfully killed process cgroup uid 1000 pid 11520 in 0ms
08-23 17:47:14.109 11521 11521 F linker : CANNOT LINK EXECUTABLE "/vendor/bin/hw/sxrservice": library "vendor.qti.hardware.qxr-V1-ndk_platform.so" not found: needed by main executable
01-01 00:05:22.351 0 0 I init : Service 'sxrd' (pid 11521) exited with status 1
01-01 00:05:22.351 0 0 I init : Sending signal 9 to service 'sxrd' (pid 11521) process group...
01-01 00:05:22.352 0 0 I libprocessgroup: Successfully killed process cgroup uid 1000 pid 11521 in 1ms
01-01 00:05:23.278 0 0 D : mv2112_read_status
01-01 00:05:23.279 0 0 D mv2112_update_link: 3.0x901(1G): 0x80
01-01 00:05:23.279 0 0 D mv2112_update_link: 3.0x8109(100M): 0x0
01-01 00:05:23.279 0 0 D mv2112_update_link: link 0x0
01-01 00:05:23.279 0 0 D mv2112_read_status: autoneg is disabled
01-01 00:05:24.302 0 0 D : mv2112_read_status
01-01 00:05:24.302 0 0 D mv2112_update_link: 3.0x901(1G): 0x80
01-01 00:05:24.303 0 0 D mv2112_update_link: 3.0x8109(100M): 0x0
01-01 00:05:24.303 0 0 D mv2112_update_link: link 0x0
01-01 00:05:24.303 0 0 D mv2112_read_status: autoneg is disabled
01-01 00:05:25.326 0 0 D : mv2112_read_status
01-01 00:05:25.326 0 0 D mv2112_update_link: 3.0x901(1G): 0x80
01-01 00:05:25.327 0 0 D mv2112_update_link: 3.0x8109(100M): 0x0
01-01 00:05:25.327 0 0 D mv2112_update_link: link 0x0
01-01 00:05:25.327 0 0 D mv2112_read_status: autoneg is disabled
01-01 00:05:26.350 0 0 D : mv2112_read_status
01-01 00:05:26.351 0 0 D mv2112_update_link: 3.0x901(1G): 0x80
01-01 00:05:26.351 0 0 D mv2112_update_link: 3.0x8109(100M): 0x0
01-01 00:05:26.351 0 0 D mv2112_update_link: link 0x0
01-01 00:05:26.351 0 0 D mv2112_read_status: autoneg is disabled
01-01 00:05:27.257 0 0 I init : starting service 'qvrd_vndr'...
01-01 00:05:27.265 0 0 I init : Created socket '/dev/socket/qvrservice_vndr', mode 660, user 1000, group 1000
01-01 00:05:27.272 0 0 I init : Created socket '/dev/socket/qvrservice_vndr_camera', mode 660, user 1000, group 1000
01-01 00:05:27.330 0 0 I init : starting service 'sxrd'...
08-23 17:47:19.117 11805 11805 F linker : CANNOT LINK EXECUTABLE "/vendor/bin/hw/qvrservice": library "vendor.qti.hardware.qxr-V1-ndk_platform.so" not found: needed by /vendor/lib64/libqvrservice.so in namespace (default)
01-01 00:05:27.358 0 0 I init : Service 'qvrd_vndr' (pid 11805) exited with status 1
01-01 00:05:27.358 0 0 I init : Sending signal 9 to service 'qvrd_vndr' (pid 11805) process group...
01-01 00:05:27.358 0 0 I libprocessgroup: Successfully killed process cgroup uid 1000 pid 11805 in 0ms
01-01 00:05:27.374 0 0 D : mv2112_read_status
01-01 00:05:27.374 0 0 D mv2112_update_link: 3.0x901(1G): 0x80
01-01 00:05:27.375 0 0 D mv2112_update_link: 3.0x8109(100M): 0x0
01-01 00:05:27.375 0 0 D mv2112_update_link: link 0x0
01-01 00:05:27.375 0 0 D mv2112_read_status: autoneg is disabled
08-23 17:47:19.168 11806 11806 F linker : CANNOT LINK EXECUTABLE "/vendor/bin/hw/sxrservice": library "vendor.qti.hardware.qxr-V1-ndk_platform.so" not found: needed by main executable
01-01 00:05:27.409 0 0 I init : Service 'sxrd' (pid 11806) exited with status 1
01-01 00:05:27.409 0 0 I init : Sending signal 9 to service 'sxrd' (pid 11806) process group...
01-01 00:05:27.409 0 0 I libprocessgroup: Successfully killed process cgroup uid 1000 pid 11806 in 0ms
01-01 00:05:28.398 0 0 D : mv2112_read_status
01-01 00:05:28.398 0 0 D mv2112_update_link: 3.0x901(1G): 0x80
01-01 00:05:28.399 0 0 D mv2112_update_link: 3.0x8109(100M): 0x0
01-01 00:05:28.399 0 0 D mv2112_update_link: link 0x0
01-01 00:05:28.399 0 0 D mv2112_read_status: autoneg is disabled
01-01 00:05:29.422 0 0 D : mv2112_read_status
01-01 00:05:29.422 0 0 D mv2112_update_link: 3.0x901(1G): 0x80
01-01 00:05:29.423 0 0 D mv2112_update_link: 3.0x8109(100M): 0x0
01-01 00:05:29.423 0 0 D mv2112_update_link: link 0x0
01-01 00:05:29.423 0 0 D mv2112_read_status: autoneg is disabled
01-01 00:05:30.446 0 0 D : mv2112_read_status
01-01 00:05:30.446 0 0 D mv2112_update_link: 3.0x901(1G): 0x80
01-01 00:05:30.447 0 0 D mv2112_update_link: 3.0x8109(100M): 0x0
01-01 00:05:30.447 0 0 D mv2112_update_link: link 0x0
01-01 00:05:30.447 0 0 D mv2112_read_status: autoneg is disabled
01-01 00:05:31.470 0 0 D : mv2112_read_status
01-01 00:05:31.471 0 0 D mv2112_update_link: 3.0x901(1G): 0x80
01-01 00:05:31.471 0 0 D mv2112_update_link: 3.0x8109(100M): 0x0
01-01 00:05:31.471 0 0 D mv2112_update_link: link 0x0
01-01 00:05:31.471 0 0 D mv2112_read_status: autoneg is disabled
01-01 00:05:32.318 0 0 I init : starting service 'qvrd_vndr'...
01-01 00:05:32.330 0 0 I init : Created socket '/dev/socket/qvrservice_vndr', mode 660, user 1000, group 1000
01-01 00:05:32.337 0 0 I init : Created socket '/dev/socket/qvrservice_vndr_camera', mode 660, user 1000, group 1000
01-01 00:05:32.391 0 0 I init : starting service 'sxrd'...
08-23 17:47:24.177 12096 12096 F linker : CANNOT LINK EXECUTABLE "/vendor/bin/hw/qvrservice": library "vendor.qti.hardware.qxr-V1-ndk_platform.so" not found: needed by /vendor/lib64/libqvrservice.so in namespace (default)
01-01 00:05:32.418 0 0 I init : Service 'qvrd_vndr' (pid 12096) exited with status 1
01-01 00:05:32.418 0 0 I init : Sending signal 9 to service 'qvrd_vndr' (pid 12096) process group...
01-01 00:05:32.418 0 0 I libprocessgroup: Successfully killed process cgroup uid 1000 pid 12096 in 0ms
08-23 17:47:24.230 12097 12097 F linker : CANNOT LINK EXECUTABLE "/vendor/bin/hw/sxrservice": library "vendor.qti.hardware.qxr-V1-ndk_platform.so" not found: needed by main executable
01-01 00:05:32.470 0 0 I init : Service 'sxrd' (pid 12097) exited with status 1
01-01 00:05:32.470 0 0 I init : Sending signal 9 to service 'sxrd' (pid 12097) process group...
01-01 00:05:32.471 0 0 I libprocessgroup: Successfully killed process cgroup uid 1000 pid 12097 in 0ms
01-01 00:05:32.494 0 0 D : mv2112_read_status
01-01 00:05:32.494 0 0 D mv2112_update_link: 3.0x901(1G): 0x80
01-01 00:05:32.495 0 0 D mv2112_update_link: 3.0x8109(100M): 0x0
01-01 00:05:32.495 0 0 D mv2112_update_link: link 0x0
01-01 00:05:32.495 0 0 D mv2112_read_status: autoneg is disabled
01-01 00:05:33.518 0 0 D : mv2112_read_status
01-01 00:05:33.519 0 0 D mv2112_update_link: 3.0x901(1G): 0x80
01-01 00:05:33.519 0 0 D mv2112_update_link: 3.0x8109(100M): 0x0
01-01 00:05:33.519 0 0 D mv2112_update_link: link 0x0
01-01 00:05:33.519 0 0 D mv2112_read_status: autoneg is disabled
01-01 00:05:34.542 0 0 D : mv2112_read_status
01-01 00:05:34.543 0 0 D mv2112_update_link: 3.0x901(1G): 0x80
01-01 00:05:34.543 0 0 D mv2112_update_link: 3.0x8109(100M): 0x0
01-01 00:05:34.543 0 0 D mv2112_update_link: link 0x0
01-01 00:05:34.543 0 0 D mv2112_read_status: autoneg is disabled
01-01 00:05:35.566 0 0 D : mv2112_read_status
01-01 00:05:35.566 0 0 D mv2112_update_link: 3.0x901(1G): 0x80
01-01 00:05:35.566 0 0 D mv2112_update_link: 3.0x8109(100M): 0x0
01-01 00:05:35.566 0 0 D mv2112_update_link: link 0x0
01-01 00:05:35.566 0 0 D mv2112_read_status: autoneg is disabled
01-01 00:05:36.590 0 0 D : mv2112_read_status
01-01 00:05:36.591 0 0 D mv2112_update_link: 3.0x901(1G): 0x80
01-01 00:05:36.591 0 0 D mv2112_update_link: 3.0x8109(100M): 0x0
01-01 00:05:36.591 0 0 D mv2112_update_link: link 0x0
01-01 00:05:36.591 0 0 D mv2112_read_status: autoneg is disabled
01-01 00:05:37.380 0 0 I init : starting service 'qvrd_vndr'...
01-01 00:05:37.389 0 0 I init : Created socket '/dev/socket/qvrservice_vndr', mode 660, user 1000, group 1000
01-01 00:05:37.398 0 0 I init : Created socket '/dev/socket/qvrservice_vndr_camera', mode 660, user 1000, group 1000
01-01 00:05:37.455 0 0 I init : starting service 'sxrd'...
08-23 17:47:29.239 12393 12393 F linker : CANNOT LINK EXECUTABLE "/vendor/bin/hw/qvrservice": library "vendor.qti.hardware.qxr-V1-ndk_platform.so" not found: needed by /vendor/lib64/libqvrservice.so in namespace (default)
01-01 00:05:37.480 0 0 I init : Service 'qvrd_vndr' (pid 12393) exited with status 1
01-01 00:05:37.480 0 0 I init : Sending signal 9 to service 'qvrd_vndr' (pid 12393) process group...
01-01 00:05:37.480 0 0 I libprocessgroup: Successfully killed process cgroup uid 1000 pid 12393 in 0ms
08-23 17:47:29.289 12394 12394 F linker : CANNOT LINK EXECUTABLE "/vendor/bin/hw/sxrservice": library "vendor.qti.hardware.qxr-V1-ndk_platform.so" not found: needed by main executable
01-01 00:05:37.530 0 0 I init : Service 'sxrd' (pid 12394) exited with status 1
01-01 00:05:37.530 0 0 I init : Sending signal 9 to service 'sxrd' (pid 12394) process group...
01-01 00:05:37.531 0 0 I libprocessgroup: Successfully killed process cgroup uid 1000 pid 12394 in 1ms
01-01 00:05:37.614 0 0 D : mv2112_read_status
01-01 00:05:37.615 0 0 D mv2112_update_link: 3.0x901(1G): 0x80
01-01 00:05:37.615 0 0 D mv2112_update_link: 3.0x8109(100M): 0x0
01-01 00:05:37.615 0 0 D mv2112_update_link: link 0x0
01-01 00:05:37.615 0 0 D mv2112_read_status: autoneg is disabled
01-01 00:05:38.638 0 0 D : mv2112_read_status
01-01 00:05:38.639 0 0 D mv2112_update_link: 3.0x901(1G): 0x80
01-01 00:05:38.639 0 0 D mv2112_update_link: 3.0x8109(100M): 0x0
01-01 00:05:38.639 0 0 D mv2112_update_link: link 0x0
01-01 00:05:38.639 0 0 D mv2112_read_status: autoneg is disabled
01-01 00:05:39.662 0 0 D : mv2112_read_status
01-01 00:05:39.662 0 0 D mv2112_update_link: 3.0x901(1G): 0x80
01-01 00:05:39.663 0 0 D mv2112_update_link: 3.0x8109(100M): 0x0
01-01 00:05:39.663 0 0 D mv2112_update_link: link 0x0
01-01 00:05:39.663 0 0 D mv2112_read_status: autoneg is disabled
01-01 00:05:40.689 0 0 D : mv2112_read_status
01-01 00:05:40.690 0 0 D mv2112_update_link: 3.0x901(1G): 0x80
01-01 00:05:40.690 0 0 D mv2112_update_link: 3.0x8109(100M): 0x0
01-01 00:05:40.690 0 0 D mv2112_update_link: link 0x0
01-01 00:05:40.690 0 0 D mv2112_read_status: autoneg is disabled
01-01 00:05:41.710 0 0 D : mv2112_read_status
01-01 00:05:41.711 0 0 D mv2112_update_link: 3.0x901(1G): 0x80
01-01 00:05:41.711 0 0 D mv2112_update_link: 3.0x8109(100M): 0x0
01-01 00:05:41.711 0 0 D mv2112_update_link: link 0x0
01-01 00:05:41.711 0 0 D mv2112_read_status: autoneg is disabled
01-01 00:05:42.445 0 0 I init : starting service 'qvrd_vndr'...
01-01 00:05:42.454 0 0 I init : Created socket '/dev/socket/qvrservice_vndr', mode 660, user 1000, group 1000
01-01 00:05:42.461 0 0 I init : Created socket '/dev/socket/qvrservice_vndr_camera', mode 660, user 1000, group 1000
01-01 00:05:42.513 0 0 I init : starting service 'sxrd'...
08-23 17:47:34.322 12696 12696 F linker : CANNOT LINK EXECUTABLE "/vendor/bin/hw/qvrservice": library "vendor.qti.hardware.qxr-V1-ndk_platform.so" not found: needed by /vendor/lib64/libqvrservice.so in namespace (default)
01-01 00:05:42.563 0 0 I init : Service 'qvrd_vndr' (pid 12696) exited with status 1
01-01 00:05:42.563 0 0 I init : Sending signal 9 to service 'qvrd_vndr' (pid 12696) process group...
01-01 00:05:42.564 0 0 I libprocessgroup: Successfully killed process cgroup uid 1000 pid 12696 in 0ms
08-23 17:47:34.327 12697 12697 F linker : CANNOT LINK EXECUTABLE "/vendor/bin/hw/sxrservice": library "vendor.qti.hardware.qxr-V1-ndk_platform.so" not found: needed by main executable
01-01 00:05:42.570 0 0 I init : Service 'sxrd' (pid 12697) exited with status 1
01-01 00:05:42.570 0 0 I init : Sending signal 9 to service 'sxrd' (pid 12697) process group...
01-01 00:05:42.570 0 0 I libprocessgroup: Successfully killed process cgroup uid 1000 pid 12697 in 0ms
01-01 00:05:42.734 0 0 D : mv2112_read_status
01-01 00:05:42.734 0 0 D mv2112_update_link: 3.0x901(1G): 0x80
01-01 00:05:42.735 0 0 D mv2112_update_link: 3.0x8109(100M): 0x0
01-01 00:05:42.735 0 0 D mv2112_update_link: link 0x0
01-01 00:05:42.735 0 0 D mv2112_read_status: autoneg is disabled
01-01 00:05:43.759 0 0 D : mv2112_read_status
01-01 00:05:43.759 0 0 D mv2112_update_link: 3.0x901(1G): 0x80
01-01 00:05:43.759 0 0 D mv2112_update_link: 3.0x8109(100M): 0x0
01-01 00:05:43.759 0 0 D mv2112_update_link: link 0x0
01-01 00:05:43.759 0 0 D mv2112_read_status: autoneg is disabled
01-01 00:05:44.782 0 0 D : mv2112_read_status
01-01 00:05:44.782 0 0 D mv2112_update_link: 3.0x901(1G): 0x80
01-01 00:05:44.783 0 0 D mv2112_update_link: 3.0x8109(100M): 0x0
01-01 00:05:44.783 0 0 D mv2112_update_link: link 0x0
01-01 00:05:44.783 0 0 D mv2112_read_status: autoneg is disabled
01-01 00:05:45.806 0 0 D : mv2112_read_status
01-01 00:05:45.806 0 0 D mv2112_update_link: 3.0x901(1G): 0x80
01-01 00:05:45.807 0 0 D mv2112_update_link: 3.0x8109(100M): 0x0
01-01 00:05:45.807 0 0 D mv2112_update_link: link 0x0
01-01 00:05:45.807 0 0 D mv2112_read_status: autoneg is disabled
01-01 00:05:46.830 0 0 D : mv2112_read_status
01-01 00:05:46.831 0 0 D mv2112_update_link: 3.0x901(1G): 0x80
01-01 00:05:46.831 0 0 D mv2112_update_link: 3.0x8109(100M): 0x0
01-01 00:05:46.831 0 0 D mv2112_update_link: link 0x0
01-01 00:05:46.831 0 0 D mv2112_read_status: autoneg is disabled
01-01 00:05:47.502 0 0 I init : starting service 'qvrd_vndr'...
01-01 00:05:47.510 0 0 I init : Created socket '/dev/socket/qvrservice_vndr', mode 660, user 1000, group 1000
01-01 00:05:47.517 0 0 I init : Created socket '/dev/socket/qvrservice_vndr_camera', mode 660, user 1000, group 1000
01-01 00:05:47.571 0 0 I init : starting service 'sxrd'...
08-23 17:47:39.357 13004 13004 F linker : CANNOT LINK EXECUTABLE "/vendor/bin/hw/qvrservice": library "vendor.qti.hardware.qxr-V1-ndk_platform.so" not found: needed by /vendor/lib64/libqvrservice.so in namespace (default)
01-01 00:05:47.598 0 0 I init : Service 'qvrd_vndr' (pid 13004) exited with status 1
01-01 00:05:47.598 0 0 I init : Sending signal 9 to service 'qvrd_vndr' (pid 13004) process group...
01-01 00:05:47.598 0 0 I libprocessgroup: Successfully killed process cgroup uid 1000 pid 13004 in 0ms
08-23 17:47:39.408 13005 13005 F linker : CANNOT LINK EXECUTABLE "/vendor/bin/hw/sxrservice": library "vendor.qti.hardware.qxr-V1-ndk_platform.so" not found: needed by main executable
01-01 00:05:47.649 0 0 I init : Service 'sxrd' (pid 13005) exited with status 1
01-01 00:05:47.649 0 0 I init : Sending signal 9 to service 'sxrd' (pid 13005) process group...
01-01 00:05:47.649 0 0 I libprocessgroup: Successfully killed process cgroup uid 1000 pid 13005 in 0ms
01-01 00:05:47.855 0 0 D : mv2112_read_status
01-01 00:05:47.855 0 0 D mv2112_update_link: 3.0x901(1G): 0x80
01-01 00:05:47.855 0 0 D mv2112_update_link: 3.0x8109(100M): 0x0
01-01 00:05:47.855 0 0 D mv2112_update_link: link 0x0
01-01 00:05:47.855 0 0 D mv2112_read_status: autoneg is disabled
01-01 00:05:48.878 0 0 D : mv2112_read_status
