01-01 00:05:48.879 0 0 D mv2112_update_link: 3.0x901(1G): 0x80
01-01 00:05:48.879 0 0 D mv2112_update_link: 3.0x8109(100M): 0x0
01-01 00:05:48.879 0 0 D mv2112_update_link: link 0x0
01-01 00:05:48.879 0 0 D mv2112_read_status: autoneg is disabled
01-01 00:05:49.902 0 0 D : mv2112_read_status
01-01 00:05:49.902 0 0 D mv2112_update_link: 3.0x901(1G): 0x80
01-01 00:05:49.903 0 0 D mv2112_update_link: 3.0x8109(100M): 0x0
01-01 00:05:49.903 0 0 D mv2112_update_link: link 0x0
01-01 00:05:49.903 0 0 D mv2112_read_status: autoneg is disabled
01-01 00:05:50.926 0 0 D : mv2112_read_status
01-01 00:05:50.926 0 0 D mv2112_update_link: 3.0x901(1G): 0x80
01-01 00:05:50.927 0 0 D mv2112_update_link: 3.0x8109(100M): 0x0
01-01 00:05:50.927 0 0 D mv2112_update_link: link 0x0
01-01 00:05:50.927 0 0 D mv2112_read_status: autoneg is disabled
01-01 00:05:51.950 0 0 D : mv2112_read_status
01-01 00:05:51.950 0 0 D mv2112_update_link: 3.0x901(1G): 0x80
01-01 00:05:51.951 0 0 D mv2112_update_link: 3.0x8109(100M): 0x0
01-01 00:05:51.951 0 0 D mv2112_update_link: link 0x0
01-01 00:05:51.951 0 0 D mv2112_read_status: autoneg is disabled
01-01 00:05:52.559 0 0 I init : starting service 'qvrd_vndr'...
01-01 00:05:52.566 0 0 I init : Created socket '/dev/socket/qvrservice_vndr', mode 660, user 1000, group 1000
01-01 00:05:52.572 0 0 I init : Created socket '/dev/socket/qvrservice_vndr_camera', mode 660, user 1000, group 1000
01-01 00:05:52.630 0 0 I init : starting service 'sxrd'...
08-23 17:47:44.417 13316 13316 F linker : CANNOT LINK EXECUTABLE "/vendor/bin/hw/qvrservice": library "vendor.qti.hardware.qxr-V1-ndk_platform.so" not found: needed by /vendor/lib64/libqvrservice.so in namespace (default)
01-01 00:05:52.657 0 0 I init : Service 'qvrd_vndr' (pid 13316) exited with status 1
01-01 00:05:52.657 0 0 I init : Sending signal 9 to service 'qvrd_vndr' (pid 13316) process group...
01-01 00:05:52.658 0 0 I libprocessgroup: Successfully killed process cgroup uid 1000 pid 13316 in 0ms
08-23 17:47:44.468 13317 13317 F linker : CANNOT LINK EXECUTABLE "/vendor/bin/hw/sxrservice": library "vendor.qti.hardware.qxr-V1-ndk_platform.so" not found: needed by main executable
01-01 00:05:52.709 0 0 I init : Service 'sxrd' (pid 13317) exited with status 1
01-01 00:05:52.709 0 0 I init : Sending signal 9 to service 'sxrd' (pid 13317) process group...
01-01 00:05:52.709 0 0 I libprocessgroup: Successfully killed process cgroup uid 1000 pid 13317 in 0ms
01-01 00:05:52.974 0 0 D : mv2112_read_status
01-01 00:05:52.975 0 0 D mv2112_update_link: 3.0x901(1G): 0x80
01-01 00:05:52.975 0 0 D mv2112_update_link: 3.0x8109(100M): 0x0
01-01 00:05:52.975 0 0 D mv2112_update_link: link 0x0
01-01 00:05:52.975 0 0 D mv2112_read_status: autoneg is disabled
01-01 00:05:53.998 0 0 D : mv2112_read_status
01-01 00:05:53.999 0 0 D mv2112_update_link: 3.0x901(1G): 0x80
01-01 00:05:53.999 0 0 D mv2112_update_link: 3.0x8109(100M): 0x0
01-01 00:05:53.999 0 0 D mv2112_update_link: link 0x0
01-01 00:05:53.999 0 0 D mv2112_read_status: autoneg is disabled
01-01 00:05:55.022 0 0 D : mv2112_read_status
01-01 00:05:55.022 0 0 D mv2112_update_link: 3.0x901(1G): 0x80
01-01 00:05:55.023 0 0 D mv2112_update_link: 3.0x8109(100M): 0x0
01-01 00:05:55.023 0 0 D mv2112_update_link: link 0x0
01-01 00:05:55.023 0 0 D mv2112_read_status: autoneg is disabled
01-01 00:05:56.046 0 0 D : mv2112_read_status
01-01 00:05:56.046 0 0 D mv2112_update_link: 3.0x901(1G): 0x80
01-01 00:05:56.047 0 0 D mv2112_update_link: 3.0x8109(100M): 0x0
01-01 00:05:56.047 0 0 D mv2112_update_link: link 0x0
01-01 00:05:56.047 0 0 D mv2112_read_status: autoneg is disabled
01-01 00:05:57.070 0 0 D : mv2112_read_status
01-01 00:05:57.071 0 0 D mv2112_update_link: 3.0x901(1G): 0x80
01-01 00:05:57.071 0 0 D mv2112_update_link: 3.0x8109(100M): 0x0
01-01 00:05:57.071 0 0 D mv2112_update_link: link 0x0
01-01 00:05:57.071 0 0 D mv2112_read_status: autoneg is disabled
01-01 00:05:57.618 0 0 I init : starting service 'qvrd_vndr'...
01-01 00:05:57.621 0 0 I init : Created socket '/dev/socket/qvrservice_vndr', mode 660, user 1000, group 1000
01-01 00:05:57.628 0 0 I init : Created socket '/dev/socket/qvrservice_vndr_camera', mode 660, user 1000, group 1000
01-01 00:05:57.687 0 0 I init : starting service 'sxrd'...
08-23 17:47:49.476 13634 13634 F linker : CANNOT LINK EXECUTABLE "/vendor/bin/hw/qvrservice": library "vendor.qti.hardware.qxr-V1-ndk_platform.so" not found: needed by /vendor/lib64/libqvrservice.so in namespace (default)
01-01 00:05:57.727 0 0 I init : Service 'qvrd_vndr' (pid 13634) exited with status 1
01-01 00:05:57.727 0 0 I init : Sending signal 9 to service 'qvrd_vndr' (pid 13634) process group...
01-01 00:05:57.728 0 0 I libprocessgroup: Successfully killed process cgroup uid 1000 pid 13634 in 0ms
08-23 17:47:49.516 13635 13635 F linker : CANNOT LINK EXECUTABLE "/vendor/bin/hw/sxrservice": library "vendor.qti.hardware.qxr-V1-ndk_platform.so" not found: needed by main executable
01-01 00:05:57.758 0 0 I init : Service 'sxrd' (pid 13635) exited with status 1
01-01 00:05:57.758 0 0 I init : Sending signal 9 to service 'sxrd' (pid 13635) process group...
01-01 00:05:57.759 0 0 I libprocessgroup: Successfully killed process cgroup uid 1000 pid 13635 in 0ms
01-01 00:05:58.094 0 0 D : mv2112_read_status
01-01 00:05:58.095 0 0 D mv2112_update_link: 3.0x901(1G): 0x80
01-01 00:05:58.095 0 0 D mv2112_update_link: 3.0x8109(100M): 0x0
01-01 00:05:58.095 0 0 D mv2112_update_link: link 0x0
01-01 00:05:58.095 0 0 D mv2112_read_status: autoneg is disabled
01-01 00:05:58.799 0 0 I : kworker/dying (70) used greatest stack depth: 9120 bytes left
01-01 00:05:59.118 0 0 D : mv2112_read_status
01-01 00:05:59.119 0 0 D mv2112_update_link: 3.0x901(1G): 0x80
01-01 00:05:59.119 0 0 D mv2112_update_link: 3.0x8109(100M): 0x0
01-01 00:05:59.119 0 0 D mv2112_update_link: link 0x0
01-01 00:05:59.119 0 0 D mv2112_read_status: autoneg is disabled
01-01 00:06:00.142 0 0 D : mv2112_read_status
01-01 00:06:00.143 0 0 D mv2112_update_link: 3.0x901(1G): 0x80
01-01 00:06:00.143 0 0 D mv2112_update_link: 3.0x8109(100M): 0x0
01-01 00:06:00.143 0 0 D mv2112_update_link: link 0x0
01-01 00:06:00.143 0 0 D mv2112_read_status: autoneg is disabled
08-23 17:47:52.288 1155 2029 I DreamManagerService: Gently waking up from dream.
08-23 17:47:52.294 1155 1216 I DreamManagerService: Performing gentle wake from dream.
08-23 17:47:52.365 1155 1270 I PowerManagerService: Powering on display group fromDreaming (groupId=0, uid=1000, reason=WAKE_REASON_UNKNOWN, details=android.server.power:DREAM_FINISHED)...
08-23 17:47:52.365 1155 1270 I PowerManagerService: Waking up from Dreaming (uid=1000, reason=WAKE_REASON_UNKNOWN, details=android.server.power:DREAM_FINISHED)...
01-01 00:06:01.165 0 0 D : mv2112_read_status
01-01 00:06:01.166 0 0 D mv2112_update_link: 3.0x901(1G): 0x80
01-01 00:06:01.166 0 0 D mv2112_update_link: 3.0x8109(100M): 0x0
01-01 00:06:01.166 0 0 D mv2112_update_link: link 0x0
01-01 00:06:01.166 0 0 D mv2112_read_status: autoneg is disabled
08-23 17:47:52.964 1155 2029 I DreamManagerService: Leaving dreamland.
08-23 17:47:52.965 1155 1216 I DreamManagerService: Performing gentle wake from dream.
08-23 17:47:52.965 1155 1216 I DreamController: Stopping dream: name=ComponentInfo{com.android.deskclock/com.android.deskclock.Screensaver}, isTest=false, canDoze=false, userId=0, reason='finished self'(from 'finished self')
08-23 17:47:52.997 1155 1220 W ActivityTaskManager: Can't find TaskDisplayArea to determine support for multi window. Task id=47 attached=false
01-01 00:06:01.615 0 0 E spss_utils [spss_wait_for_event]: wait for event [1] timeout [300] sec expired
08-23 17:47:53.384 589 589 E spcomlib: [spcom_wait_for_event] event [1] [nvm_ready] EVENT_STATUS_TIMEOUT
08-23 17:47:53.384 589 589 E spdaemon: spcom_wait_for_nvm_ready() failed. ret [-110] [Connection timed out].
08-23 17:47:53.384 589 589 E spdaemon: Initial SP initialization failed. ret [-110].
08-23 17:47:53.384 589 589 D spdaemon: going to sleep for a day.
01-01 00:06:02.190 0 0 D : mv2112_read_status
01-01 00:06:02.190 0 0 D mv2112_update_link: 3.0x901(1G): 0x80
01-01 00:06:02.191 0 0 D mv2112_update_link: 3.0x8109(100M): 0x0
01-01 00:06:02.191 0 0 D mv2112_update_link: link 0x0
01-01 00:06:02.191 0 0 D mv2112_read_status: autoneg is disabled
08-23 17:47:54.055 1155 1218 I DropBoxManagerService: add tag=system_app_strictmode isTagEnabled=true flags=0x2
08-23 17:47:54.072 1155 1216 D AutofillManagerService: Close system dialogs
01-01 00:06:02.673 0 0 I init : starting service 'qvrd_vndr'...
01-01 00:06:02.678 0 0 I init : Created socket '/dev/socket/qvrservice_vndr', mode 660, user 1000, group 1000
01-01 00:06:02.682 0 0 I init : Created socket '/dev/socket/qvrservice_vndr_camera', mode 660, user 1000, group 1000
01-01 00:06:02.727 0 0 I init : starting service 'sxrd'...
08-23 17:47:54.516 13970 13970 F linker : CANNOT LINK EXECUTABLE "/vendor/bin/hw/qvrservice": library "vendor.qti.hardware.qxr-V1-ndk_platform.so" not found: needed by /vendor/lib64/libqvrservice.so in namespace (default)
01-01 00:06:02.758 0 0 I init : Service 'qvrd_vndr' (pid 13970) exited with status 1
01-01 00:06:02.758 0 0 I init : Sending signal 9 to service 'qvrd_vndr' (pid 13970) process group...
01-01 00:06:02.758 0 0 I libprocessgroup: Successfully killed process cgroup uid 1000 pid 13970 in 0ms
08-23 17:47:54.532 13971 13971 F linker : CANNOT LINK EXECUTABLE "/vendor/bin/hw/sxrservice": library "vendor.qti.hardware.qxr-V1-ndk_platform.so" not found: needed by main executable
01-01 00:06:02.773 0 0 I init : Service 'sxrd' (pid 13971) exited with status 1
01-01 00:06:02.773 0 0 I init : Sending signal 9 to service 'sxrd' (pid 13971) process group...
01-01 00:06:02.774 0 0 I libprocessgroup: Successfully killed process cgroup uid 1000 pid 13971 in 0ms
01-01 00:06:03.215 0 0 D : mv2112_read_status
01-01 00:06:03.215 0 0 D mv2112_update_link: 3.0x901(1G): 0x80
01-01 00:06:03.215 0 0 D mv2112_update_link: 3.0x8109(100M): 0x0
01-01 00:06:03.215 0 0 D mv2112_update_link: link 0x0
01-01 00:06:03.215 0 0 D mv2112_read_status: autoneg is disabled
08-23 17:47:55.123 1155 1218 I DropBoxManagerService: add tag=system_app_strictmode isTagEnabled=true flags=0x2
08-23 17:47:55.975 1155 1219 I ActivityManager: PendingStartActivityUids startActivity to updateOomAdj delay:1924ms, uid:10087
01-01 00:06:04.237 0 0 D : mv2112_read_status
01-01 00:06:04.238 0 0 D mv2112_update_link: 3.0x901(1G): 0x80
01-01 00:06:04.238 0 0 D mv2112_update_link: 3.0x8109(100M): 0x0
01-01 00:06:04.238 0 0 D mv2112_update_link: link 0x0
01-01 00:06:04.238 0 0 D mv2112_read_status: autoneg is disabled
01-01 00:06:05.262 0 0 D : mv2112_read_status
01-01 00:06:05.262 0 0 D mv2112_update_link: 3.0x901(1G): 0x80
01-01 00:06:05.263 0 0 D mv2112_update_link: 3.0x8109(100M): 0x0
01-01 00:06:05.263 0 0 D mv2112_update_link: link 0x0
01-01 00:06:05.263 0 0 D mv2112_read_status: autoneg is disabled
01-01 00:06:06.286 0 0 D : mv2112_read_status
01-01 00:06:06.286 0 0 D mv2112_update_link: 3.0x901(1G): 0x80
01-01 00:06:06.287 0 0 D mv2112_update_link: 3.0x8109(100M): 0x0
01-01 00:06:06.287 0 0 D mv2112_update_link: link 0x0
01-01 00:06:06.287 0 0 D mv2112_read_status: autoneg is disabled
01-01 00:06:07.310 0 0 D : mv2112_read_status
01-01 00:06:07.310 0 0 D mv2112_update_link: 3.0x901(1G): 0x80
01-01 00:06:07.311 0 0 D mv2112_update_link: 3.0x8109(100M): 0x0
01-01 00:06:07.311 0 0 D mv2112_update_link: link 0x0
01-01 00:06:07.311 0 0 D mv2112_read_status: autoneg is disabled
01-01 00:06:07.716 0 0 I init : starting service 'qvrd_vndr'...
01-01 00:06:07.721 0 0 I init : Created socket '/dev/socket/qvrservice_vndr', mode 660, user 1000, group 1000
01-01 00:06:07.726 0 0 I init : Created socket '/dev/socket/qvrservice_vndr_camera', mode 660, user 1000, group 1000
01-01 00:06:07.776 0 0 I init : starting service 'sxrd'...
08-23 17:47:59.560 14296 14296 F linker : CANNOT LINK EXECUTABLE "/vendor/bin/hw/qvrservice": library "vendor.qti.hardware.qxr-V1-ndk_platform.so" not found: needed by /vendor/lib64/libqvrservice.so in namespace (default)
01-01 00:06:07.809 0 0 I init : Service 'qvrd_vndr' (pid 14296) exited with status 1
01-01 00:06:07.809 0 0 I init : Sending signal 9 to service 'qvrd_vndr' (pid 14296) process group...
01-01 00:06:07.809 0 0 I libprocessgroup: Successfully killed process cgroup uid 1000 pid 14296 in 0ms
08-23 17:47:59.610 14297 14297 F linker : CANNOT LINK EXECUTABLE "/vendor/bin/hw/sxrservice": library "vendor.qti.hardware.qxr-V1-ndk_platform.so" not found: needed by main executable
01-01 00:06:07.851 0 0 I init : Service 'sxrd' (pid 14297) exited with status 1
01-01 00:06:07.851 0 0 I init : Sending signal 9 to service 'sxrd' (pid 14297) process group...
01-01 00:06:07.852 0 0 I libprocessgroup: Successfully killed process cgroup uid 1000 pid 14297 in 0ms
08-23 17:47:59.707 1155 1218 I DropBoxManagerService: add tag=system_server_strictmode isTagEnabled=true flags=0x2
08-23 17:47:59.713 1155 1218 I DropBoxManagerService: add tag=system_server_strictmode isTagEnabled=true flags=0x2
08-23 17:47:59.716 1155 1218 I DropBoxManagerService: add tag=system_server_strictmode isTagEnabled=true flags=0x2
08-23 17:47:59.718 1155 1218 I DropBoxManagerService: add tag=system_server_strictmode isTagEnabled=true flags=0x2
08-23 17:47:59.721 1155 1218 I DropBoxManagerService: add tag=system_server_strictmode isTagEnabled=true flags=0x2
08-23 17:47:59.724 1155 1218 I DropBoxManagerService: add tag=system_server_strictmode isTagEnabled=true flags=0x2
08-23 17:47:59.727 1155 1218 I DropBoxManagerService: add tag=system_server_strictmode isTagEnabled=true flags=0x2
08-23 17:47:59.729 1155 1218 I DropBoxManagerService: add tag=system_server_strictmode isTagEnabled=true flags=0x2
08-23 17:47:59.731 1155 1218 I DropBoxManagerService: add tag=system_server_strictmode isTagEnabled=true flags=0x2
01-01 00:06:08.334 0 0 D : mv2112_read_status
01-01 00:06:08.334 0 0 D mv2112_update_link: 3.0x901(1G): 0x80
01-01 00:06:08.335 0 0 D mv2112_update_link: 3.0x8109(100M): 0x0
01-01 00:06:08.335 0 0 D mv2112_update_link: link 0x0
01-01 00:06:08.335 0 0 D mv2112_read_status: autoneg is disabled
01-01 00:06:09.358 0 0 D : mv2112_read_status
01-01 00:06:09.358 0 0 D mv2112_update_link: 3.0x901(1G): 0x80
01-01 00:06:09.359 0 0 D mv2112_update_link: 3.0x8109(100M): 0x0
01-01 00:06:09.359 0 0 D mv2112_update_link: link 0x0
01-01 00:06:09.359 0 0 D mv2112_read_status: autoneg is disabled
01-01 00:06:10.382 0 0 D : mv2112_read_status
01-01 00:06:10.382 0 0 D mv2112_update_link: 3.0x901(1G): 0x80
01-01 00:06:10.383 0 0 D mv2112_update_link: 3.0x8109(100M): 0x0
01-01 00:06:10.383 0 0 D mv2112_update_link: link 0x0
01-01 00:06:10.383 0 0 D mv2112_read_status: autoneg is disabled --------- beginning of main
08-23 17:48:02.627 2235 14234 W System.err: at com.thundercomm.remotecontrolservice.RemoteSocketService.access$100(RemoteSocketService.java:11)
08-23 17:48:02.627 2235 14234 W System.err: at com.thundercomm.remotecontrolservice.RemoteSocketService$3.run(RemoteSocketService.java:101)
08-23 17:48:02.627 2235 14234 W System.err: at java.lang.Thread.run(Thread.java:920)
08-23 17:48:02.627 2235 14234 W System.err: Caused by: android.system.ErrnoException: bind failed: EADDRINUSE (Address already in use)
08-23 17:48:02.627 2235 14234 W System.err: at libcore.io.Linux.bind(Native Method)
08-23 17:48:02.627 2235 14234 W System.err: at libcore.io.ForwardingOs.bind(ForwardingOs.java:141)
08-23 17:48:02.627 2235 14234 W System.err: at libcore.io.ForwardingOs.bind(ForwardingOs.java:141)
08-23 17:48:02.627 2235 14234 W System.err: at libcore.io.IoBridge.bind(IoBridge.java:146)
08-23 17:48:02.627 2235 14234 W System.err: ... 9 more
08-23 17:48:02.628 2235 14235 W System.err: java.net.BindException: bind failed: EADDRINUSE (Address already in use)
08-23 17:48:02.628 2235 14235 W System.err: at libcore.io.IoBridge.bind(IoBridge.java:150)
08-23 17:48:02.628 2235 14235 W System.err: at java.net.PlainSocketImpl.socketBind(PlainSocketImpl.java:162)
08-23 17:48:02.628 2235 14235 W System.err: at java.net.AbstractPlainSocketImpl.bind(AbstractPlainSocketImpl.java:427)
08-23 17:48:02.628 2235 14235 W System.err: at java.net.ServerSocket.bind(ServerSocket.java:377)
08-23 17:48:02.628 2235 14235 W System.err: at java.net.ServerSocket.(ServerSocket.java:237)
08-23 17:48:02.628 2235 14235 W System.err: at com.thundercomm.remotecontrolservice.RemoteSocketService.startServer(RemoteSocketService.java:91)
08-23 17:48:02.628 2235 14235 W System.err: at com.thundercomm.remotecontrolservice.RemoteSocketService.restartServer(RemoteSocketService.java:119)
08-23 17:48:02.628 2235 14235 W System.err: at com.thundercomm.remotecontrolservice.RemoteSocketService.access$100(RemoteSocketService.java:11)
08-23 17:48:02.628 2235 14235 W System.err: at com.thundercomm.remotecontrolservice.RemoteSocketService$3.run(RemoteSocketService.java:101)
08-23 17:48:02.628 2235 14235 W System.err: at java.lang.Thread.run(Thread.java:920)
08-23 17:48:02.629 2235 14235 W System.err: Caused by: android.system.ErrnoException: bind failed: EADDRINUSE (Address already in use)
08-23 17:48:02.629 2235 14235 W System.err: at libcore.io.Linux.bind(Native Method)
08-23 17:48:02.629 2235 14235 W System.err: at libcore.io.ForwardingOs.bind(ForwardingOs.java:141)
08-23 17:48:02.629 2235 14235 W System.err: at libcore.io.ForwardingOs.bind(ForwardingOs.java:141)
08-23 17:48:02.629 2235 14235 W System.err: at libcore.io.IoBridge.bind(IoBridge.java:146)
08-23 17:48:02.629 2235 14235 W System.err: ... 9 more
08-23 17:48:02.633 2235 14231 W System.err: java.net.BindException: bind failed: EADDRINUSE (Address already in use)
08-23 17:48:02.633 2235 14231 W System.err: at libcore.io.IoBridge.bind(IoBridge.java:150)
08-23 17:48:02.633 2235 14231 W System.err: at java.net.PlainSocketImpl.socketBind(PlainSocketImpl.java:162)
08-23 17:48:02.633 2235 14231 W System.err: at java.net.AbstractPlainSocketImpl.bind(AbstractPlainSocketImpl.java:427)
08-23 17:48:02.633 2235 14231 W System.err: at java.net.ServerSocket.bind(ServerSocket.java:377)
08-23 17:48:02.633 2235 14231 W System.err: at java.net.ServerSocket.(ServerSocket.java:237)
08-23 17:48:02.633 2235 14231 W System.err: at com.thundercomm.remotecontrolservice.RemoteSocketService.startServer(RemoteSocketService.java:91)
08-23 17:48:02.633 2235 14231 W System.err: at com.thundercomm.remotecontrolservice.RemoteSocketService.restartServer(RemoteSocketService.java:119)
08-23 17:48:02.634 2235 14231 W System.err: at com.thundercomm.remotecontrolservice.RemoteSocketService.access$100(RemoteSocketService.java:11)
08-23 17:48:02.634 2235 14231 W System.err: at com.thundercomm.remotecontrolservice.RemoteSocketService$3.run(RemoteSocketService.java:101)
08-23 17:48:02.634 2235 14231 W System.err: at java.lang.Thread.run(Thread.java:920)
08-23 17:48:02.634 2235 14231 W System.err: Caused by: android.system.ErrnoException: bind failed: EADDRINUSE (Address already in use)
08-23 17:48:02.634 2235 14231 W System.err: at libcore.io.Linux.bind(Native Method)
08-23 17:48:02.634 2235 14231 W System.err: at libcore.io.ForwardingOs.bind(ForwardingOs.java:141)
08-23 17:48:02.634 2235 14231 W System.err: at libcore.io.ForwardingOs.bind(ForwardingOs.java:141)
08-23 17:48:02.634 2235 14231 W System.err: at libcore.io.IoBridge.bind(IoBridge.java:146)
08-23 17:48:02.634 2235 14231 W System.err: ... 9 more
08-23 17:48:02.634 2235 14233 W System.err: java.net.BindException: bind failed: EADDRINUSE (Address already in use)
08-23 17:48:02.635 2235 14233 W System.err: at libcore.io.IoBridge.bind(IoBridge.java:150)
08-23 17:48:02.635 2235 14233 W System.err: at java.net.PlainSocketImpl.socketBind(PlainSocketImpl.java:162)
08-23 17:48:02.635 2235 14233 W System.err: at java.net.AbstractPlainSocketImpl.bind(AbstractPlainSocketImpl.java:427)
08-23 17:48:02.635 2235 14233 W System.err: at java.net.ServerSocket.bind(ServerSocket.java:377)
08-23 17:48:02.635 2235 14233 W System.err: at java.net.ServerSocket.(ServerSocket.java:237)
08-23 17:48:02.636 2235 14238 W System.err: java.net.BindException: bind failed: EADDRINUSE (Address already in use)
08-23 17:48:02.638 2235 14236 W System.err: java.net.BindException: bind failed: EADDRINUSE (Address already in use)
08-23 17:48:02.638 2235 14236 W System.err: at java.net.AbstractPlainSocketImpl.bind(AbstractPlainSocketImpl.java:427)
08-23 17:48:02.639 2235 14236 W System.err: ... 9 more
08-23 17:48:02.640 2235 14241 W System.err: java.net.BindException: bind failed: EADDRINUSE (Address already in use)
08-23 17:48:02.640 2235 14241 W System.err: at libcore.io.IoBridge.bind(IoBridge.java:150)
08-23 17:48:02.642 2235 14237 W System.err: at java.lang.Thread.run(Thread.java:920)
08-23 17:48:02.643 2235 14237 W System.err: at libcore.io.IoBridge.bind(IoBridge.java:146)
08-23 17:48:02.643 2235 14239 W System.err: java.net.BindException: bind failed: EADDRINUSE (Address already in use)
08-23 17:48:02.646 2235 14240 W System.err: at java.net.ServerSocket.(ServerSocket.java:237)
08-23 17:48:02.648 2235 14240 W System.err: at com.thundercomm.remotecontrolservice.RemoteSocketService.startServer(RemoteSocketService.java:91)
08-23 17:48:02.648 2235 14240 W System.err: at com.thundercomm.remotecontrolservice.RemoteSocketService.restartServer(RemoteSocketService.java:119)
08-23 17:48:02.649 2235 14240 W System.err: at com.thundercomm.remotecontrolservice.RemoteSocketService.access$100(RemoteSocketService.java:11)
08-23 17:48:02.649 2235 14240 W System.err: at com.thundercomm.remotecontrolservice.RemoteSocketService$3.run(RemoteSocketService.java:101)
08-23 17:48:02.649 2235 14240 W System.err: at libcore.io.Linux.bind(Native Method)
08-23 17:48:02.651 2235 14243 W System.err: java.net.BindException: bind failed: EADDRINUSE (Address already in use)
08-23 17:48:02.651 2235 14243 W System.err: at libcore.io.IoBridge.bind(IoBridge.java:150)
08-23 17:48:02.651 2235 14243 W System.err: at java.net.PlainSocketImpl.socketBind(PlainSocketImpl.java:162)
08-23 17:48:02.651 2235 14243 W System.err: at java.net.AbstractPlainSocketImpl.bind(AbstractPlainSocketImpl.java:427)
08-23 17:48:02.651 2235 14243 W System.err: at com.thundercomm.remotecontrolservice.RemoteSocketService.access$100(RemoteSocketService.java:11)
08-23 17:48:02.652 2235 14244 W System.err: java.net.BindException: bind failed: EADDRINUSE (Address already in use)
08-23 17:48:02.653 2235 14244 W System.err: at java.net.ServerSocket.bind(ServerSocket.java:377)
08-23 17:48:02.657 2235 14245 W System.err: java.net.BindException: bind failed: EADDRINUSE (Address already in use)
08-23 17:48:02.658 2235 14245 W System.err: at libcore.io.IoBridge.bind(IoBridge.java:150)
08-23 17:48:02.658 2235 14245 W System.err: at java.net.PlainSocketImpl.socketBind(PlainSocketImpl.java:162)
08-23 17:48:02.658 2235 14245 W System.err: at java.net.AbstractPlainSocketImpl.bind(AbstractPlainSocketImpl.java:427)
08-23 17:48:02.658 2235 14245 W System.err: at java.net.ServerSocket.bind(ServerSocket.java:377)
08-23 17:48:02.658 2235 14245 W System.err: at java.net.ServerSocket.(ServerSocket.java:237)
08-23 17:48:02.658 2235 14245 W System.err: at com.thundercomm.remotecontrolservice.RemoteSocketService.startServer(RemoteSocketService.java:91)
08-23 17:48:02.658 2235 14245 W System.err: at com.thundercomm.remotecontrolservice.RemoteSocketService.restartServer(RemoteSocketService.java:119)
08-23 17:48:02.658 2235 14245 W System.err: at com.thundercomm.remotecontrolservice.RemoteSocketService.access$100(RemoteSocketService.java:11)
08-23 17:48:02.658 2235 14245 W System.err: at com.thundercomm.remotecontrolservice.RemoteSocketService$3.run(RemoteSocketService.java:101)
08-23 17:48:02.660 2235 14246 W System.err: java.net.BindException: bind failed: EADDRINUSE (Address already in use)
08-23 17:48:02.660 2235 14246 W System.err: at libcore.io.IoBridge.bind(IoBridge.java:150)
08-23 17:48:02.660 2235 14246 W System.err: at com.thundercomm.remotecontrolservice.RemoteSocketService.restartServer(RemoteSocketService.java:119)
08-23 17:48:02.672 2235 14247 W System.err: java.net.BindException: bind failed: EADDRINUSE (Address already in use)
08-23 17:48:02.672 2235 14247 W System.err: at libcore.io.IoBridge.bind(IoBridge.java:150)
08-23 17:48:02.672 2235 14247 W System.err: at java.net.PlainSocketImpl.socketBind(PlainSocketImpl.java:162)
08-23 17:48:02.672 2235 14247 W System.err: at java.net.AbstractPlainSocketImpl.bind(AbstractPlainSocketImpl.java:427)
08-23 17:48:02.672 2235 14247 W System.err: at java.net.ServerSocket.bind(ServerSocket.java:377)
08-23 17:48:02.672 2235 14247 W System.err: at java.net.ServerSocket.(ServerSocket.java:237)
08-23 17:48:02.672 2235 14247 W System.err: at com.thundercomm.remotecontrolservice.RemoteSocketService.startServer(RemoteSocketService.java:91)
08-23 17:48:02.672 2235 14247 W System.err: at com.thundercomm.remotecontrolservice.RemoteSocketService.restartServer(RemoteSocketService.java:119)
08-23 17:48:02.672 2235 14247 W System.err: at com.thundercomm.remotecontrolservice.RemoteSocketService.access$100(RemoteSocketService.java:11)
08-23 17:48:02.673 2235 14247 W System.err: at com.thundercomm.remotecontrolservice.RemoteSocketService$3.run(RemoteSocketService.java:101)
08-23 17:48:02.673 2235 14247 W System.err: at java.lang.Thread.run(Thread.java:920)
08-23 17:48:02.673 2235 14247 W System.err: Caused by: android.system.ErrnoException: bind failed: EADDRINUSE (Address already in use)
08-23 17:48:02.673 2235 14247 W System.err: at libcore.io.Linux.bind(Native Method)
08-23 17:48:02.673 2235 14247 W System.err: at libcore.io.ForwardingOs.bind(ForwardingOs.java:141)
08-23 17:48:02.677 2235 14249 W System.err: java.net.BindException: bind failed: EADDRINUSE (Address already in use)
08-23 17:48:02.677 2235 14249 W System.err: at libcore.io.IoBridge.bind(IoBridge.java:150)
08-23 17:48:02.677 2235 14249 W System.err: at java.net.PlainSocketImpl.socketBind(PlainSocketImpl.java:162)
08-23 17:48:02.677 2235 14249 W System.err: at java.net.AbstractPlainSocketImpl.bind(AbstractPlainSocketImpl.java:427)
08-23 17:48:02.677 2235 14249 W System.err: at java.net.ServerSocket.bind(ServerSocket.java:377)
08-23 17:48:02.678 2235 14249 W System.err: at java.net.ServerSocket.(ServerSocket.java:237)
08-23 17:48:02.678 2235 14249 W System.err: at com.thundercomm.remotecontrolservice.RemoteSocketService.startServer(RemoteSocketService.java:91)
08-23 17:48:02.678 2235 14249 W System.err: at com.thundercomm.remotecontrolservice.RemoteSocketService.restartServer(RemoteSocketService.java:119)
08-23 17:48:02.678 2235 14249 W System.err: at com.thundercomm.remotecontrolservice.RemoteSocketService.access$100(RemoteSocketService.java:11)
08-23 17:48:02.678 2235 14249 W System.err: at com.thundercomm.remotecontrolservice.RemoteSocketService$3.run(RemoteSocketService.java:101)
08-23 17:48:02.678 2235 14249 W System.err: at java.lang.Thread.run(Thread.java:920)
08-23 17:48:02.678 2235 14249 W System.err: Caused by: android.system.ErrnoException: bind failed: EADDRINUSE (Address already in use)
08-23 17:48:02.680 2235 14250 W System.err: at libcore.io.ForwardingOs.bind(ForwardingOs.java:141)
08-23 17:48:02.686 2235 14251 W System.err: java.net.BindException: bind failed: EADDRINUSE (Address already in use)
08-23 17:48:02.686 2235 14251 W System.err: at libcore.io.IoBridge.bind(IoBridge.java:150)
08-23 17:48:02.686 2235 14251 W System.err: at java.net.PlainSocketImpl.socketBind(PlainSocketImpl.java:162)
08-23 17:48:02.686 2235 14251 W System.err: at java.net.AbstractPlainSocketImpl.bind(AbstractPlainSocketImpl.java:427)
08-23 17:48:02.686 2235 14251 W System.err: at java.net.ServerSocket.bind(ServerSocket.java:377)
08-23 17:48:02.686 2235 14251 W System.err: at java.net.ServerSocket.(ServerSocket.java:237)
08-23 17:48:02.686 2235 14251 W System.err: at com.thundercomm.remotecontrolservice.RemoteSocketService.startServer(RemoteSocketService.java:91)
08-23 17:48:02.686 2235 14251 W System.err: at com.thundercomm.remotecontrolservice.RemoteSocketService.restartServer(RemoteSocketService.java:119)
08-23 17:48:02.690 2235 14252 W System.err: java.net.BindException: bind failed: EADDRINUSE (Address already in use)
08-23 17:48:02.690 2235 14252 W System.err: at libcore.io.IoBridge.bind(IoBridge.java:150)
08-23 17:48:02.690 2235 14252 W System.err: at java.net.PlainSocketImpl.socketBind(PlainSocketImpl.java:162)
08-23 17:48:02.690 2235 14252 W System.err: at java.net.AbstractPlainSocketImpl.bind(AbstractPlainSocketImpl.java:427)
08-23 17:48:02.690 2235 14252 W System.err: at java.net.ServerSocket.bind(ServerSocket.java:377)
08-23 17:48:02.691 2235 14252 W System.err: at java.net.ServerSocket.(ServerSocket.java:237)
08-23 17:48:02.691 2235 14252 W System.err: at com.thundercomm.remotecontrolservice.RemoteSocketService.startServer(RemoteSocketService.java:91)
08-23 17:48:02.691 2235 14252 W System.err: at com.thundercomm.remotecontrolservice.RemoteSocketService.restartServer(RemoteSocketService.java:119)
08-23 17:48:02.691 2235 14252 W System.err: at com.thundercomm.remotecontrolservice.RemoteSocketService.access$100(RemoteSocketService.java:11)
08-23 17:48:02.693 2235 14253 W System.err: java.net.BindException: bind failed: EADDRINUSE (Address already in use)
08-23 17:48:02.693 2235 14253 W System.err: at libcore.io.IoBridge.bind(IoBridge.java:150)
08-23 17:48:02.693 2235 14253 W System.err: at java.net.PlainSocketImpl.socketBind(PlainSocketImpl.java:162)
08-23 17:48:02.693 2235 14253 W System.err: at java.net.AbstractPlainSocketImpl.bind(AbstractPlainSocketImpl.java:427)
08-23 17:48:02.693 2235 14253 W System.err: at java.net.ServerSocket.bind(ServerSocket.java:377)
08-23 17:48:02.716 2235 14254 W System.err: java.net.BindException: bind failed: EADDRINUSE (Address already in use)
08-23 17:48:02.716 2235 14254 W System.err: at libcore.io.IoBridge.bind(IoBridge.java:150)
08-23 17:48:02.716 2235 14254 W System.err: at java.net.PlainSocketImpl.socketBind(PlainSocketImpl.java:162)
08-23 17:48:02.716 2235 14254 W System.err: at java.net.AbstractPlainSocketImpl.bind(AbstractPlainSocketImpl.java:427)
08-23 17:48:02.716 2235 14254 W System.err: at java.net.ServerSocket.bind(ServerSocket.java:377)
08-23 17:48:02.716 2235 14254 W System.err: at java.net.ServerSocket.(ServerSocket.java:237)
08-23 17:48:02.716 2235 14254 W System.err: at com.thundercomm.remotecontrolservice.RemoteSocketService.startServer(RemoteSocketService.java:91)
08-23 17:48:02.717 2235 14254 W System.err: at com.thundercomm.remotecontrolservice.RemoteSocketService.restartServer(RemoteSocketService.java:119)
08-23 17:48:02.717 2235 14254 W System.err: at com.thundercomm.remotecontrolservice.RemoteSocketService.access$100(RemoteSocketService.java:11)
08-23 17:48:02.717 2235 14254 W System.err: at com.thundercomm.remotecontrolservice.RemoteSocketService$3.run(RemoteSocketService.java:101)
08-23 17:48:02.717 2235 14254 W System.err: at java.lang.Thread.run(Thread.java:920)
08-23 17:48:02.717 2235 14254 W System.err: Caused by: android.system.ErrnoException: bind failed: EADDRINUSE (Address already in use)
08-23 17:48:02.717 2235 14254 W System.err: at libcore.io.Linux.bind(Native Method)
08-23 17:48:02.717 2235 14254 W System.err: at libcore.io.ForwardingOs.bind(ForwardingOs.java:141)
08-23 17:48:02.717 2235 14254 W System.err: at libcore.io.ForwardingOs.bind(ForwardingOs.java:141)
08-23 17:48:02.717 2235 14254 W System.err: at libcore.io.IoBridge.bind(IoBridge.java:146)
08-23 17:48:02.717 2235 14254 W System.err: ... 9 more
08-23 17:48:02.719 2235 14255 W System.err: java.net.BindException: bind failed: EADDRINUSE (Address already in use)
08-23 17:48:02.719 2235 14255 W System.err: at libcore.io.IoBridge.bind(IoBridge.java:150)
08-23 17:48:02.719 2235 14255 W System.err: at java.net.PlainSocketImpl.socketBind(PlainSocketImpl.java:162)
08-23 17:48:02.719 2235 14255 W System.err: at java.net.AbstractPlainSocketImpl.bind(AbstractPlainSocketImpl.java:427)
08-23 17:48:02.719 2235 14255 W System.err: at java.net.ServerSocket.bind(ServerSocket.java:377)
08-23 17:48:02.719 2235 14255 W System.err: at java.net.ServerSocket.(ServerSocket.java:237)
08-23 17:48:02.719 2235 14255 W System.err: at com.thundercomm.remotecontrolservice.RemoteSocketService.startServer(RemoteSocketService.java:91)
08-23 17:48:02.719 2235 14255 W System.err: at com.thundercomm.remotecontrolservice.RemoteSocketService.restartServer(RemoteSocketService.java:119)
08-23 17:48:02.720 2235 14255 W System.err: at com.thundercomm.remotecontrolservice.RemoteSocketService.access$100(RemoteSocketService.java:11)
08-23 17:48:02.720 2235 14255 W System.err: at com.thundercomm.remotecontrolservice.RemoteSocketService$3.run(RemoteSocketService.java:101)
08-23 17:48:02.720 2235 14255 W System.err: at java.lang.Thread.run(Thread.java:920)
08-23 17:48:02.720 2235 14255 W System.err: Caused by: android.system.ErrnoException: bind failed: EADDRINUSE (Address already in use)
08-23 17:48:02.720 2235 14255 W System.err: at libcore.io.Linux.bind(Native Method)
08-23 17:48:02.720 2235 14255 W System.err: at libcore.io.ForwardingOs.bind(ForwardingOs.java:141)
08-23 17:48:02.720 2235 14255 W System.err: at libcore.io.ForwardingOs.bind(ForwardingOs.java:141)
08-23 17:48:02.720 2235 14255 W System.err: at libcore.io.IoBridge.bind(IoBridge.java:146)
08-23 17:48:02.720 2235 14255 W System.err: ... 9 more
08-23 17:48:02.721 2235 14256 W System.err: java.net.BindException: bind failed: EADDRINUSE (Address already in use)
08-23 17:48:02.721 2235 14256 W System.err: at libcore.io.IoBridge.bind(IoBridge.java:150)
08-23 17:48:02.721 2235 14256 W System.err: at java.net.PlainSocketImpl.socketBind(PlainSocketImpl.java:162)
08-23 17:48:02.721 2235 14256 W System.err: at java.net.AbstractPlainSocketImpl.bind(AbstractPlainSocketImpl.java:427)
08-23 17:48:02.721 2235 14256 W System.err: at java.net.ServerSocket.bind(ServerSocket.java:377)
08-23 17:48:02.721 2235 14256 W System.err: at java.net.ServerSocket.(ServerSocket.java:237)
08-23 17:48:02.721 2235 14256 W System.err: at com.thundercomm.remotecontrolservice.RemoteSocketService.startServer(RemoteSocketService.java:91)
08-23 17:48:02.721 2235 14256 W System.err: at com.thundercomm.remotecontrolservice.RemoteSocketService.restartServer(RemoteSocketService.java:119)
08-23 17:48:02.721 2235 14256 W System.err: at com.thundercomm.remotecontrolservice.RemoteSocketService.access$100(RemoteSocketService.java:11)
08-23 17:48:02.721 2235 14256 W System.err: at com.thundercomm.remotecontrolservice.RemoteSocketService$3.run(RemoteSocketService.java:101)
08-23 17:48:02.721 2235 14256 W System.err: at java.lang.Thread.run(Thread.java:920)
08-23 17:48:02.722 2235 14256 W System.err: Caused by: android.system.ErrnoException: bind failed: EADDRINUSE (Address already in use)
08-23 17:48:02.722 2235 14256 W System.err: at libcore.io.Linux.bind(Native Method)
08-23 17:48:02.722 2235 14256 W System.err: at libcore.io.ForwardingOs.bind(ForwardingOs.java:141)
08-23 17:48:02.722 2235 14256 W System.err: at libcore.io.ForwardingOs.bind(ForwardingOs.java:141)
08-23 17:48:02.722 2235 14256 W System.err: at libcore.io.IoBridge.bind(IoBridge.java:146)
08-23 17:48:02.722 2235 14256 W System.err: ... 9 more
08-23 17:48:02.755 2235 14257 W System.err: java.net.BindException: bind failed: EADDRINUSE (Address already in use)
08-23 17:48:02.755 2235 14257 W System.err: at libcore.io.IoBridge.bind(IoBridge.java:150)
08-23 17:48:02.755 2235 14257 W System.err: at java.net.PlainSocketImpl.socketBind(PlainSocketImpl.java:162)
08-23 17:48:02.755 2235 14257 W System.err: at java.net.AbstractPlainSocketImpl.bind(AbstractPlainSocketImpl.java:427)
08-23 17:48:02.755 2235 14257 W System.err: at java.net.ServerSocket.bind(ServerSocket.java:377)
08-23 17:48:02.755 2235 14257 W System.err: at java.net.ServerSocket.(ServerSocket.java:237)
08-23 17:48:02.756 2235 14257 W System.err: at com.thundercomm.remotecontrolservice.RemoteSocketService.startServer(RemoteSocketService.java:91)
08-23 17:48:02.756 2235 14257 W System.err: at com.thundercomm.remotecontrolservice.RemoteSocketService.restartServer(RemoteSocketService.java:119)
08-23 17:48:02.756 2235 14257 W System.err: at com.thundercomm.remotecontrolservice.RemoteSocketService.access$100(RemoteSocketService.java:11)
08-23 17:48:02.756 2235 14257 W System.err: at com.thundercomm.remotecontrolservice.RemoteSocketService$3.run(RemoteSocketService.java:101)
08-23 17:48:02.756 2235 14257 W System.err: at java.lang.Thread.run(Thread.java:920)
08-23 17:48:02.756 2235 14257 W System.err: Caused by: android.system.ErrnoException: bind failed: EADDRINUSE (Address already in use)
08-23 17:48:02.756 2235 14257 W System.err: at libcore.io.Linux.bind(Native Method)
08-23 17:48:02.756 2235 14257 W System.err: at libcore.io.ForwardingOs.bind(ForwardingOs.java:141)
08-23 17:48:02.756 2235 14257 W System.err: at libcore.io.ForwardingOs.bind(ForwardingOs.java:141)
08-23 17:48:02.756 2235 14257 W System.err: at libcore.io.IoBridge.bind(IoBridge.java:146)
08-23 17:48:02.756 2235 14257 W System.err: ... 9 more
08-23 17:48:02.768 2235 14260 W System.err: java.net.BindException: bind failed: EADDRINUSE (Address already in use)
08-23 17:48:02.768 2235 14260 W System.err: at libcore.io.IoBridge.bind(IoBridge.java:150)
08-23 17:48:02.768 2235 14260 W System.err: at java.net.PlainSocketImpl.socketBind(PlainSocketImpl.java:162)
08-23 17:48:02.768 2235 14260 W System.err: at java.net.AbstractPlainSocketImpl.bind(AbstractPlainSocketImpl.java:427)
08-23 17:48:02.768 2235 14260 W System.err: at java.net.ServerSocket.bind(ServerSocket.java:377)
08-23 17:48:02.768 2235 14260 W System.err: at java.net.ServerSocket.(ServerSocket.java:237)
08-23 17:48:02.768 2235 14260 W System.err: at com.thundercomm.remotecontrolservice.RemoteSocketService.startServer(RemoteSocketService.java:91)
08-23 17:48:02.769 2235 14260 W System.err: at com.thundercomm.remotecontrolservice.RemoteSocketService.restartServer(RemoteSocketService.java:119)
08-23 17:48:02.769 2235 14260 W System.err: at com.thundercomm.remotecontrolservice.RemoteSocketService.access$100(RemoteSocketService.java:11)
08-23 17:48:02.769 2235 14260 W System.err: at com.thundercomm.remotecontrolservice.RemoteSocketService$3.run(RemoteSocketService.java:101)
08-23 17:48:02.769 2235 14260 W System.err: at java.lang.Thread.run(Thread.java:920)
08-23 17:48:02.769 2235 14260 W System.err: Caused by: android.system.ErrnoException: bind failed: EADDRINUSE (Address already in use)
08-23 17:48:02.769 2235 14260 W System.err: at libcore.io.Linux.bind(Native Method)
08-23 17:48:02.769 2235 14260 W System.err: at libcore.io.ForwardingOs.bind(ForwardingOs.java:141)
08-23 17:48:02.769 2235 14260 W System.err: at libcore.io.ForwardingOs.bind(ForwardingOs.java:141)
08-23 17:48:02.769 2235 14260 W System.err: at libcore.io.IoBridge.bind(IoBridge.java:146)
08-23 17:48:02.769 2235 14260 W System.err: ... 9 more
08-23 17:48:02.769 2235 14258 W System.err: java.net.BindException: bind failed: EADDRINUSE (Address already in use)
08-23 17:48:02.770 2235 14258 W System.err: at libcore.io.IoBridge.bind(IoBridge.java:150)
08-23 17:48:02.770 2235 14258 W System.err: at java.net.PlainSocketImpl.socketBind(PlainSocketImpl.java:162)
08-23 17:48:02.770 2235 14258 W System.err: at java.net.AbstractPlainSocketImpl.bind(AbstractPlainSocketImpl.java:427)
08-23 17:48:02.770 2235 14258 W System.err: at java.net.ServerSocket.bind(ServerSocket.java:377)
08-23 17:48:02.770 2235 14258 W System.err: at java.net.ServerSocket.(ServerSocket.java:237)
08-23 17:48:02.770 2235 14258 W System.err: at com.thundercomm.remotecontrolservice.RemoteSocketService.startServer(RemoteSocketService.java:91)
08-23 17:48:02.770 2235 14258 W System.err: at com.thundercomm.remotecontrolservice.RemoteSocketService.restartServer(RemoteSocketService.java:119)
08-23 17:48:02.770 2235 14258 W System.err: at com.thundercomm.remotecontrolservice.RemoteSocketService.access$100(RemoteSocketService.java:11)
08-23 17:48:02.771 2235 14258 W System.err: at com.thundercomm.remotecontrolservice.RemoteSocketService$3.run(RemoteSocketService.java:101)
08-23 17:48:02.771 2235 14258 W System.err: at java.lang.Thread.run(Thread.java:920)
08-23 17:48:02.772 2235 14258 W System.err: Caused by: android.system.ErrnoException: bind failed: EADDRINUSE (Address already in use)
08-23 17:48:02.772 2235 14258 W System.err: at libcore.io.Linux.bind(Native Method)
08-23 17:48:02.772 2235 14258 W System.err: at libcore.io.ForwardingOs.bind(ForwardingOs.java:141)
08-23 17:48:02.772 2235 14258 W System.err: at libcore.io.ForwardingOs.bind(ForwardingOs.java:141)
08-23 17:48:02.772 2235 14258 W System.err: at libcore.io.IoBridge.bind(IoBridge.java:146)
08-23 17:48:02.772 2235 14258 W System.err: ... 9 more
08-23 17:48:02.772 2235 14261 W System.err: java.net.BindException: bind failed: EADDRINUSE (Address already in use)
08-23 17:48:02.772 2235 14261 W System.err: at libcore.io.IoBridge.bind(IoBridge.java:150)
08-23 17:48:02.772 2235 14261 W System.err: at java.net.PlainSocketImpl.socketBind(PlainSocketImpl.java:162)
08-23 17:48:02.772 2235 14261 W System.err: at java.net.AbstractPlainSocketImpl.bind(AbstractPlainSocketImpl.java:427)
08-23 17:48:02.772 2235 14261 W System.err: at java.net.ServerSocket.bind(ServerSocket.java:377)
08-23 17:48:02.773 2235 14261 W System.err: at java.net.ServerSocket.(ServerSocket.java:237)
08-23 17:48:02.773 2235 14261 W System.err: at com.thundercomm.remotecontrolservice.RemoteSocketService.startServer(RemoteSocketService.java:91)
08-23 17:48:02.773 2235 14261 W System.err: at com.thundercomm.remotecontrolservice.RemoteSocketService.restartServer(RemoteSocketService.java:119)
08-23 17:48:02.773 2235 14261 W System.err: at com.thundercomm.remotecontrolservice.RemoteSocketService.access$100(RemoteSocketService.java:11)
08-23 17:48:02.773 2235 14261 W System.err: at com.thundercomm.remotecontrolservice.RemoteSocketService$3.run(RemoteSocketService.java:101)
08-23 17:48:02.773 2235 14261 W System.err: at java.lang.Thread.run(Thread.java:920)
08-23 17:48:02.773 2235 14261 W System.err: Caused by: android.system.ErrnoException: bind failed: EADDRINUSE (Address already in use)
08-23 17:48:02.773 2235 14261 W System.err: at libcore.io.Linux.bind(Native Method)
08-23 17:48:02.773 2235 14261 W System.err: at libcore.io.ForwardingOs.bind(ForwardingOs.java:141)
08-23 17:48:02.773 2235 14261 W System.err: at libcore.io.ForwardingOs.bind(ForwardingOs.java:141)
08-23 17:48:02.773 2235 14261 W System.err: at libcore.io.IoBridge.bind(IoBridge.java:146)
08-23 17:48:02.773 2235 14261 W System.err: ... 9 more
08-23 17:48:02.774 2235 14262 W System.err: java.net.BindException: bind failed: EADDRINUSE (Address already in use)
08-23 17:48:02.774 2235 14262 W System.err: at libcore.io.IoBridge.bind(IoBridge.java:150)
08-23 17:48:02.774 2235 14262 W System.err: at java.net.PlainSocketImpl.socketBind(PlainSocketImpl.java:162)
08-23 17:48:02.774 2235 14262 W System.err: at java.net.AbstractPlainSocketImpl.bind(AbstractPlainSocketImpl.java:427)
08-23 17:48:02.774 2235 14262 W System.err: at java.net.ServerSocket.bind(ServerSocket.java:377)
08-23 17:48:02.774 2235 14262 W System.err: at java.net.ServerSocket.(ServerSocket.java:237)
08-23 17:48:02.774 2235 14262 W System.err: at com.thundercomm.remotecontrolservice.RemoteSocketService.startServer(RemoteSocketService.java:91)
08-23 17:48:02.774 2235 14262 W System.err: at com.thundercomm.remotecontrolservice.RemoteSocketService.restartServer(RemoteSocketService.java:119)
08-23 17:48:02.775 2235 14262 W System.err: at com.thundercomm.remotecontrolservice.RemoteSocketService.access$100(RemoteSocketService.java:11)
08-23 17:48:02.775 2235 14262 W System.err: at com.thundercomm.remotecontrolservice.RemoteSocketService$3.run(RemoteSocketService.java:101)
08-23 17:48:02.775 2235 14262 W System.err: at java.lang.Thread.run(Thread.java:920)
08-23 17:48:02.775 2235 14262 W System.err: Caused by: android.system.ErrnoException: bind failed: EADDRINUSE (Address already in use)
08-23 17:48:02.775 2235 14262 W System.err: at libcore.io.Linux.bind(Native Method)
08-23 17:48:02.775 2235 14262 W System.err: at libcore.io.ForwardingOs.bind(ForwardingOs.java:141)
08-23 17:48:02.775 2235 14262 W System.err: at libcore.io.ForwardingOs.bind(ForwardingOs.java:141)
08-23 17:48:02.775 2235 14262 W System.err: at libcore.io.IoBridge.bind(IoBridge.java:146)
08-23 17:48:02.775 2235 14262 W System.err: ... 9 more
08-23 17:48:02.776 2235 14259 W System.err: java.net.BindException: bind failed: EADDRINUSE (Address already in use)
08-23 17:48:02.776 2235 14259 W System.err: at libcore.io.IoBridge.bind(IoBridge.java:150)
08-23 17:48:02.776 2235 14259 W System.err: at java.net.PlainSocketImpl.socketBind(PlainSocketImpl.java:162)
08-23 17:48:02.776 2235 14259 W System.err: at java.net.AbstractPlainSocketImpl.bind(AbstractPlainSocketImpl.java:427)
08-23 17:48:02.776 2235 14259 W System.err: at java.net.ServerSocket.bind(ServerSocket.java:377)
08-23 17:48:02.776 2235 14259 W System.err: at java.net.ServerSocket.(ServerSocket.java:237)
08-23 17:48:02.777 2235 14259 W System.err: at com.thundercomm.remotecontrolservice.RemoteSocketService.startServer(RemoteSocketService.java:91)
08-23 17:48:02.777 2235 14259 W System.err: at com.thundercomm.remotecontrolservice.RemoteSocketService.restartServer(RemoteSocketService.java:119)
08-23 17:48:02.777 2235 14259 W System.err: at com.thundercomm.remotecontrolservice.RemoteSocketService.access$100(RemoteSocketService.java:11)
08-23 17:48:02.777 2235 14259 W System.err: at com.thundercomm.remotecontrolservice.RemoteSocketService$3.run(RemoteSocketService.java:101)
08-23 17:48:02.777 2235 14259 W System.err: at java.lang.Thread.run(Thread.java:920)
08-23 17:48:02.777 2235 14259 W System.err: Caused by: android.system.ErrnoException: bind failed: EADDRINUSE (Address already in use)
08-23 17:48:02.777 2235 14259 W System.err: at libcore.io.Linux.bind(Native Method)
08-23 17:48:02.777 2235 14259 W System.err: at libcore.io.ForwardingOs.bind(ForwardingOs.java:141)
08-23 17:48:02.777 2235 14259 W System.err: at libcore.io.ForwardingOs.bind(ForwardingOs.java:141)
08-23 17:48:02.777 2235 14259 W System.err: at libcore.io.IoBridge.bind(IoBridge.java:146)
08-23 17:48:02.777 2235 14259 W System.err: ... 9 more
08-23 17:48:02.779 2235 14263 W System.err: java.net.BindException: bind failed: EADDRINUSE (Address already in use)
08-23 17:48:02.779 2235 14263 W System.err: at libcore.io.IoBridge.bind(IoBridge.java:150)
08-23 17:48:02.779 2235 14263 W System.err: at java.net.PlainSocketImpl.socketBind(PlainSocketImpl.java:162)
08-23 17:48:02.779 2235 14263 W System.err: at java.net.AbstractPlainSocketImpl.bind(AbstractPlainSocketImpl.java:427)
08-23 17:48:02.779 2235 14263 W System.err: at java.net.ServerSocket.bind(ServerSocket.java:377)
08-23 17:48:02.779 2235 14263 W System.err: at java.net.ServerSocket.(ServerSocket.java:237)
08-23 17:48:02.779 2235 14263 W System.err: at com.thundercomm.remotecontrolservice.RemoteSocketService.startServer(RemoteSocketService.java:91)
08-23 17:48:02.779 2235 14263 W System.err: at com.thundercomm.remotecontrolservice.RemoteSocketService.restartServer(RemoteSocketService.java:119)
08-23 17:48:02.779 2235 14263 W System.err: at com.thundercomm.remotecontrolservice.RemoteSocketService.access$100(RemoteSocketService.java:11)
08-23 17:48:02.779 2235 14263 W System.err: at com.thundercomm.remotecontrolservice.RemoteSocketService$3.run(RemoteSocketService.java:101)
08-23 17:48:02.779 2235 14263 W System.err: at java.lang.Thread.run(Thread.java:920)
08-23 17:48:02.780 2235 14263 W System.err: Caused by: android.system.ErrnoException: bind failed: EADDRINUSE (Address already in use)
08-23 17:48:02.780 2235 14263 W System.err: at libcore.io.Linux.bind(Native Method)
08-23 17:48:02.780 2235 14263 W System.err: at libcore.io.ForwardingOs.bind(ForwardingOs.java:141)
08-23 17:48:02.780 2235 14263 W System.err: at libcore.io.ForwardingOs.bind(ForwardingOs.java:141)
08-23 17:48:02.780 2235 14263 W System.err: at libcore.io.IoBridge.bind(IoBridge.java:146)
08-23 17:48:02.780 2235 14263 W System.err: ... 9 more
08-23 17:48:02.780 2235 14264 W System.err: java.net.BindException: bind failed: EADDRINUSE (Address already in use)
08-23 17:48:02.780 2235 14264 W System.err: at libcore.io.IoBridge.bind(IoBridge.java:150)
08-23 17:48:02.780 2235 14264 W System.err: at java.net.PlainSocketImpl.socketBind(PlainSocketImpl.java:162)
08-23 17:48:02.780 2235 14264 W System.err: at java.net.AbstractPlainSocketImpl.bind(AbstractPlainSocketImpl.java:427)
08-23 17:48:02.781 2235 14264 W System.err: at java.net.ServerSocket.bind(ServerSocket.java:377)
08-23 17:48:02.781 2235 14264 W System.err: at java.net.ServerSocket.(ServerSocket.java:237)
08-23 17:48:02.781 2235 14264 W System.err: at com.thundercomm.remotecontrolservice.RemoteSocketService.startServer(RemoteSocketService.java:91)
08-23 17:48:02.781 2235 14264 W System.err: at com.thundercomm.remotecontrolservice.RemoteSocketService.restartServer(RemoteSocketService.java:119)
08-23 17:48:02.781 2235 14264 W System.err: at com.thundercomm.remotecontrolservice.RemoteSocketService.access$100(RemoteSocketService.java:11)
08-23 17:48:02.781 2235 14264 W System.err: at com.thundercomm.remotecontrolservice.RemoteSocketService$3.run(RemoteSocketService.java:101)
08-23 17:48:02.781 2235 14264 W System.err: at java.lang.Thread.run(Thread.java:920)
08-23 17:48:02.781 2235 14264 W System.err: Caused by: android.system.ErrnoException: bind failed: EADDRINUSE (Address already in use)
08-23 17:48:02.781 2235 14264 W System.err: at libcore.io.Linux.bind(Native Method)
08-23 17:48:02.781 2235 14264 W System.err: at libcore.io.ForwardingOs.bind(ForwardingOs.java:141)
08-23 17:48:02.781 2235 14264 W System.err: at libcore.io.ForwardingOs.bind(ForwardingOs.java:141)
