08-23 17:43:00.141 1155 1155 I SystemServerTiming: OnBootPhase_600_com.android.server.media.projection.MediaProjectionManagerService
08-23 17:43:00.141 1155 1155 D SystemServerTiming: OnBootPhase_600_com.android.server.media.projection.MediaProjectionManagerService took to complete: 0ms
08-23 17:43:00.141 1155 1155 I SystemServerTiming: OnBootPhase_600_com.android.server.slice.SliceManagerService$Lifecycle
08-23 17:43:00.141 1155 1155 D SystemServerTiming: OnBootPhase_600_com.android.server.slice.SliceManagerService$Lifecycle took to complete: 0ms
08-23 17:43:00.141 1155 1155 I SystemServerTiming: OnBootPhase_600_com.android.server.stats.StatsCompanion$Lifecycle
01-01 00:01:08.392 0 0 D cnss : Processing driver event: COLD_BOOT_CAL_DONE(6), state: 0x20001
01-01 00:01:08.392 0 0 D cnss : Processing driver event: SERVER_EXIT(1), state: 0x20001
01-01 00:01:08.392 0 0 D cnss : Posting event: REGISTER_DRIVER(7)-sync, state: 0x20001 flags: 0x5
01-01 00:01:08.392 0 0 I cnss : QMI WLFW service disconnected, state: 0x20000
08-23 17:43:00.167 1155 1855 W StorageManagerService: No primary storage defined yet; hacking together a stub
01-01 00:01:08.408 0 0 D cnss : Processing driver event: REGISTER_DRIVER-sync(7), state: 0x0
01-01 00:01:08.408 0 0 D cnss : Regulator vdd-wlan-io is being enabled
01-01 00:01:08.408 0 0 D cnss : Regulator wlan-ant-switch is being enabled
01-01 00:01:08.419 0 0 D cnss : Regulator vdd-wlan-aon is being enabled
01-01 00:01:08.420 0 0 D cnss : Regulator vdd-wlan-dig is being enabled
01-01 00:01:08.423 0 0 D cnss : Regulator vdd-wlan-rfa1 is being enabled
08-23 17:43:00.186 1155 1232 W ActivityManager: Slow operation: 309ms so far, now at startProcess: returned from zygote!
08-23 17:43:00.187 1155 1232 W ActivityManager: Slow operation: 311ms so far, now at startProcess: done updating battery stats
08-23 17:43:00.187 1155 1232 W ActivityManager: Slow operation: 311ms so far, now at startProcess: building log message
08-23 17:43:00.187 1155 1232 I ActivityManager: Start proc 1969:WebViewLoader-arm64-v8a/1037 [android.webkit.WebViewLibraryLoader$RelroFileCreator] for null
08-23 17:43:00.187 1155 1232 W ActivityManager: Slow operation: 311ms so far, now at startProcess: starting to update pids map
01-01 00:01:08.424 0 0 D cnss : Regulator vdd-wlan-rfa2 is being enabled
08-23 17:43:00.188 1155 1232 W ActivityManager: Slow operation: 312ms so far, now at startProcess: done updating pids map
01-01 00:01:08.429 0 0 D cnss : BT_EN_GPIO State: Off. Delay WLAN_GPIO enable
08-23 17:43:00.192 1155 1155 D SystemServerTiming: OnBootPhase_600_com.android.server.stats.StatsCompanion$Lifecycle took to complete: 50ms
08-23 17:43:00.192 1155 1155 I SystemServerTiming: OnBootPhase_600_com.android.server.scheduling.RebootReadinessManagerService$Lifecycle
08-23 17:43:00.192 1155 1155 D SystemServerTiming: OnBootPhase_600_com.android.server.scheduling.RebootReadinessManagerService$Lifecycle took to complete: 0ms
08-23 17:43:00.192 1155 1155 I SystemServerTiming: OnBootPhase_600_com.android.server.stats.pull.StatsPullAtomService
08-23 17:43:00.192 1155 1155 D SystemServerTiming: OnBootPhase_600_com.android.server.stats.pull.StatsPullAtomService took to complete: 0ms
08-23 17:43:00.192 1155 1155 I SystemServerTiming: OnBootPhase_600_com.android.server.incident.IncidentCompanionService
08-23 17:43:00.192 1155 1155 D SystemServerTiming: OnBootPhase_600_com.android.server.incident.IncidentCompanionService took to complete: 0ms
08-23 17:43:00.192 1155 1155 I SystemServerTiming: OnBootPhase_600_com.android.server.MmsServiceBroker
08-23 17:43:00.192 1155 1155 D SystemServerTiming: OnBootPhase_600_com.android.server.MmsServiceBroker took to complete: 0ms
08-23 17:43:00.192 1155 1155 I SystemServerTiming: OnBootPhase_600_com.android.server.autofill.AutofillManagerService
08-23 17:43:00.193 1155 1155 D SystemServerTiming: OnBootPhase_600_com.android.server.autofill.AutofillManagerService took to complete: 1ms
08-23 17:43:00.193 1155 1155 I SystemServerTiming: OnBootPhase_600_com.android.server.clipboard.ClipboardService
08-23 17:43:00.193 1155 1155 D SystemServerTiming: OnBootPhase_600_com.android.server.clipboard.ClipboardService took to complete: 0ms
08-23 17:43:00.193 1155 1155 I SystemServerTiming: OnBootPhase_600_com.android.server.appbinding.AppBindingService$Lifecycle
08-23 17:43:00.195 1155 1155 D SystemServerTiming: OnBootPhase_600_com.android.server.appbinding.AppBindingService$Lifecycle took to complete: 0ms
08-23 17:43:00.195 1155 1155 I SystemServerTiming: OnBootPhase_600_com.android.server.tracing.TracingServiceProxy
08-23 17:43:00.195 1155 1155 D SystemServerTiming: OnBootPhase_600_com.android.server.tracing.TracingServiceProxy took to complete: 0ms
08-23 17:43:00.195 1155 1155 I SystemServerTiming: OnBootPhase_600_com.android.server.policy.PermissionPolicyService
08-23 17:43:00.195 1155 1155 D SystemServerTiming: OnBootPhase_600_com.android.server.policy.PermissionPolicyService took to complete: 0ms
08-23 17:43:00.195 1155 1155 I SystemServerTiming: OnBootPhase_600_com.android.server.pm.StagingManager$Lifecycle
08-23 17:43:00.195 1155 1155 D SystemServerTiming: OnBootPhase_600_com.android.server.pm.StagingManager$Lifecycle took to complete: 0ms
08-23 17:43:00.195 1155 1155 I SystemServerTiming: OnBootPhase_600_com.android.server.app.GameManagerService$Lifecycle
08-23 17:43:00.195 1155 1155 D SystemServerTiming: OnBootPhase_600_com.android.server.app.GameManagerService$Lifecycle took to complete: 0ms
08-23 17:43:00.195 1155 1155 I SystemServerTiming: OnBootPhase_600_com.android.server.appsearch.AppSearchManagerService
08-23 17:43:00.195 1155 1155 D SystemServerTiming: OnBootPhase_600_com.android.server.appsearch.AppSearchManagerService took to complete: 0ms
08-23 17:43:00.195 1155 1155 I SystemServerTiming: OnBootPhase_600_com.android.server.media.MediaCommunicationService
08-23 17:43:00.195 1155 1155 D SystemServerTiming: OnBootPhase_600_com.android.server.media.MediaCommunicationService took to complete: 0ms
08-23 17:43:00.195 1155 1155 D SystemServerTiming: OnBootPhase_600 took to complete: 230ms
08-23 17:43:00.195 1155 1155 D SystemServerTiming: PhaseThirdPartyAppsCanStart took to complete: 230ms
08-23 17:43:00.196 1155 1155 I SystemServerTiming: StartNetworkStack
08-23 17:43:00.196 1155 1155 D ConnectivityModuleConnector: Starting networking module android.net.INetworkStackConnector
08-23 17:43:00.196 1155 1155 D ConnectivityModuleConnector: Starting networking module in network_stack process
08-23 17:43:00.197 1155 1227 D StatsPullAtomService: Registering NetworkStats pullers with statsd
08-23 17:43:00.200 1155 1155 D CompatibilityChangeReporter: Compat change id reported: 135634846; UID 1073; state: DISABLED
08-23 17:43:00.200 1155 1155 D CompatibilityChangeReporter: Compat change id reported: 177438394; UID 1073; state: DISABLED
08-23 17:43:00.200 1155 1155 D CompatibilityChangeReporter: Compat change id reported: 135772972; UID 1073; state: DISABLED
08-23 17:43:00.202 1155 1155 D CompatibilityChangeReporter: Compat change id reported: 135754954; UID 1073; state: ENABLED
08-23 17:43:00.202 1155 1155 D ConnectivityModuleConnector: Networking module service start requested
08-23 17:43:00.202 1155 1155 D SystemServerTiming: StartNetworkStack took to complete: 7ms
08-23 17:43:00.202 1155 1155 I SystemServerTiming: StartTethering
08-23 17:43:00.203 1155 1155 D ConnectivityModuleConnector: Starting networking module android.net.ITetheringConnector
08-23 17:43:00.203 1155 1155 D ConnectivityModuleConnector: Starting networking module in network_stack process
08-23 17:43:00.204 1155 1155 D ConnectivityModuleConnector: Networking module service start requested
08-23 17:43:00.204 1155 1155 D SystemServerTiming: StartTethering took to complete: 2ms
08-23 17:43:00.206 1155 1155 I SystemServerTiming: MakeCountryDetectionServiceReady
08-23 17:43:00.206 1155 1155 D SystemServerTiming: MakeCountryDetectionServiceReady took to complete: 0ms
08-23 17:43:00.207 1155 1155 I SystemServerTiming: MakeNetworkTimeUpdateReady
08-23 17:43:00.216 1155 1155 D SystemServerTiming: MakeNetworkTimeUpdateReady took to complete: 10ms
08-23 17:43:00.216 1155 1155 I SystemServerTiming: MakeInputManagerServiceReady
08-23 17:43:00.218 1155 1155 I ActivityTaskManager: Config changes=4000 {1.0 ?mcc?mnc [zh_CN] ldltr sw680dp w1586dp h608dp 240dpi lrg long hdr land finger -keyb/v/h -nav/h winConfig={ mBounds=Rect(0, 0 - 2380, 1020) mAppBounds=Rect(0, 0 - 2380, 948) mMaxBounds=Rect(0, 0 - 2380, 1020) mWindowingMode=fullscreen mDisplayWindowingMode=fullscreen mActivityType=undefined mAlwaysOnTop=undefined mRotation=ROTATION_0} s.10 fontWeightAdjustment=0}
08-23 17:43:00.219 1155 1155 I WindowManager: Override config changes=4000 {1.0 ?mcc?mnc [zh_CN] ldltr sw680dp w1586dp h608dp 240dpi lrg long hdr land finger -keyb/v/h -nav/h winConfig={ mBounds=Rect(0, 0 - 2380, 1020) mAppBounds=Rect(0, 0 - 2380, 948) mMaxBounds=Rect(0, 0 - 2380, 1020) mWindowingMode=fullscreen mDisplayWindowingMode=fullscreen mActivityType=undefined mAlwaysOnTop=undefined mRotation=ROTATION_0} s.10 fontWeightAdjustment=0} for displayId=0
08-23 17:43:00.223 1155 1155 D SystemServerTiming: MakeInputManagerServiceReady took to complete: 7ms
08-23 17:43:00.224 1155 1155 I SystemServerTiming: MakeTelephonyRegistryReady
08-23 17:43:00.224 1155 1155 D SystemServerTiming: MakeTelephonyRegistryReady took to complete: 0ms
08-23 17:43:00.224 1155 1155 I SystemServerTiming: MakeMediaRouterServiceReady
08-23 17:43:00.224 1155 1155 D SystemServerTiming: MakeMediaRouterServiceReady took to complete: 0ms
08-23 17:43:00.224 1155 1155 I SystemServerTiming: MakeMmsServiceReady
08-23 17:43:00.224 1155 1155 I MmsServiceBroker: Delay connecting to MmsService until an API is called
08-23 17:43:00.224 1155 1155 D SystemServerTiming: MakeMmsServiceReady took to complete: 0ms
08-23 17:43:00.224 1155 1155 I SystemServerTiming: IncidentDaemonReady
08-23 17:43:00.226 1155 1155 D SystemServerTiming: IncidentDaemonReady took to complete: 2ms
08-23 17:43:00.226 1155 1155 I SystemServerTiming: MakeIncrementalServiceReady
08-23 17:43:00.226 1155 1155 D SystemServerTiming: MakeIncrementalServiceReady took to complete: 0ms
08-23 17:43:00.226 1155 1155 I SystemServerTiming: getCurrentUser
08-23 17:43:00.226 1155 1155 I ActivityManager: Current user:0
08-23 17:43:00.226 1155 1155 D SystemServerTiming: getCurrentUser took to complete: 0ms
08-23 17:43:00.226 1155 1155 I SystemServerTiming: ActivityManagerStartApps
08-23 17:43:00.227 1155 1155 I SystemServerTiming: ssm.StartUser-0
08-23 17:43:00.227 1155 1155 I SystemServiceManager: Calling onStartUser 0
08-23 17:43:00.227 1155 1155 I SystemServerTiming: ssm.onStartUser-0_com.android.server.security.FileIntegrityService
08-23 17:43:00.227 1155 1155 D SystemServerTiming: ssm.onStartUser-0_com.android.server.security.FileIntegrityService took to complete: 0ms
08-23 17:43:00.227 1155 1155 I SystemServerTiming: ssm.onStartUser-0_com.android.server.pm.Installer
08-23 17:43:00.227 1155 1155 D SystemServerTiming: ssm.onStartUser-0_com.android.server.pm.Installer took to complete: 0ms
08-23 17:43:00.227 1155 1155 I SystemServerTiming: ssm.onStartUser-0_com.android.server.os.DeviceIdentifiersPolicyService
08-23 17:43:00.227 1155 1155 D SystemServerTiming: ssm.onStartUser-0_com.android.server.os.DeviceIdentifiersPolicyService took to complete: 0ms
08-23 17:43:00.227 1155 1155 I SystemServerTiming: ssm.onStartUser-0_com.android.server.uri.UriGrantsManagerService$Lifecycle
08-23 17:43:00.227 1155 1155 D SystemServerTiming: ssm.onStartUser-0_com.android.server.uri.UriGrantsManagerService$Lifecycle took to complete: 0ms
08-23 17:43:00.227 1155 1155 I SystemServerTiming: ssm.onStartUser-0_com.android.server.powerstats.PowerStatsService
08-23 17:43:00.227 1155 1155 D SystemServerTiming: ssm.onStartUser-0_com.android.server.powerstats.PowerStatsService took to complete: 0ms
08-23 17:43:00.227 1155 1155 I SystemServerTiming: ssm.onStartUser-0_com.android.server.wm.ActivityTaskManagerService$Lifecycle
08-23 17:43:00.227 1155 1155 D SystemServerTiming: ssm.onStartUser-0_com.android.server.wm.ActivityTaskManagerService$Lifecycle took to complete: 0ms
08-23 17:43:00.227 1155 1155 I SystemServerTiming: ssm.onStartUser-0_com.android.server.am.ActivityManagerService$Lifecycle
08-23 17:43:00.227 1155 1155 D SystemServerTiming: ssm.onStartUser-0_com.android.server.am.ActivityManagerService$Lifecycle took to complete: 0ms
08-23 17:43:00.227 1155 1155 I SystemServerTiming: ssm.onStartUser-0_com.android.server.pm.DataLoaderManagerService
08-23 17:43:00.227 1155 1155 D SystemServerTiming: ssm.onStartUser-0_com.android.server.pm.DataLoaderManagerService took to complete: 0ms
08-23 17:43:00.227 1155 1155 I SystemServerTiming: ssm.onStartUser-0_com.android.server.power.PowerManagerService
08-23 17:43:00.227 1155 1155 D SystemServerTiming: ssm.onStartUser-0_com.android.server.power.PowerManagerService took to complete: 0ms
08-23 17:43:00.227 1155 1155 I SystemServerTiming: ssm.onStartUser-0_com.android.server.power.ThermalManagerService
08-23 17:43:00.227 1155 1155 D SystemServerTiming: ssm.onStartUser-0_com.android.server.power.ThermalManagerService took to complete: 0ms
08-23 17:43:00.227 1155 1155 I SystemServerTiming: ssm.onStartUser-0_com.android.server.power.hint.HintManagerService
08-23 17:43:00.228 1155 1155 D SystemServerTiming: ssm.onStartUser-0_com.android.server.power.hint.HintManagerService took to complete: 0ms
08-23 17:43:00.228 1155 1155 I SystemServerTiming: ssm.onStartUser-0_com.android.server.recoverysystem.RecoverySystemService$Lifecycle
08-23 17:43:00.228 1155 1155 D SystemServerTiming: ssm.onStartUser-0_com.android.server.recoverysystem.RecoverySystemService$Lifecycle took to complete: 0ms
08-23 17:43:00.228 1155 1155 I SystemServerTiming: ssm.onStartUser-0_com.android.server.lights.LightsService
08-23 17:43:00.228 1155 1155 D SystemServerTiming: ssm.onStartUser-0_com.android.server.lights.LightsService took to complete: 0ms
08-23 17:43:00.228 1155 1155 I SystemServerTiming: ssm.onStartUser-0_com.android.server.display.DisplayManagerService
08-23 17:43:00.228 1155 1155 D SystemServerTiming: ssm.onStartUser-0_com.android.server.display.DisplayManagerService took to complete: 0ms
08-23 17:43:00.228 1155 1155 I SystemServerTiming: ssm.onStartUser-0_com.android.server.pm.verify.domain.DomainVerificationService
08-23 17:43:00.228 1155 1155 D SystemServerTiming: ssm.onStartUser-0_com.android.server.pm.verify.domain.DomainVerificationService took to complete: 0ms
08-23 17:43:00.228 1155 1155 I SystemServerTiming: ssm.onStartUser-0_com.android.server.pm.PackageInstallerService$Lifecycle
08-23 17:43:00.228 1155 1155 D SystemServerTiming: ssm.onStartUser-0_com.android.server.pm.PackageInstallerService$Lifecycle took to complete: 0ms
08-23 17:43:00.228 1155 1155 I SystemServerTiming: ssm.onStartUser-0_com.android.server.pm.UserManagerService$LifeCycle
08-23 17:43:00.228 1155 1155 D SystemServerTiming: ssm.onStartUser-0_com.android.server.pm.UserManagerService$LifeCycle took to complete: 0ms
08-23 17:43:00.228 1155 1155 I SystemServerTiming: ssm.onStartUser-0_com.android.server.om.OverlayManagerService
08-23 17:43:00.228 1155 1155 D SystemServerTiming: ssm.onStartUser-0_com.android.server.om.OverlayManagerService took to complete: 0ms
08-23 17:43:00.228 1155 1155 I SystemServerTiming: ssm.onStartUser-0_com.android.server.SensorPrivacyService
08-23 17:43:00.228 1155 1155 D SystemServerTiming: ssm.onStartUser-0_com.android.server.SensorPrivacyService took to complete: 0ms
08-23 17:43:00.228 1155 1155 I SystemServerTiming: ssm.onStartUser-0_com.android.server.sensors.SensorService
08-23 17:43:00.229 1155 1155 D SystemServerTiming: ssm.onStartUser-0_com.android.server.sensors.SensorService took to complete: 0ms
08-23 17:43:00.229 1155 1155 I SystemServerTiming: ssm.onStartUser-0_com.android.server.SystemConfigService
08-23 17:43:00.229 1155 1155 D SystemServerTiming: ssm.onStartUser-0_com.android.server.SystemConfigService took to complete: 0ms
08-23 17:43:00.229 1155 1155 I SystemServerTiming: ssm.onStartUser-0_com.android.server.BatteryService
08-23 17:43:00.229 1155 1155 D SystemServerTiming: ssm.onStartUser-0_com.android.server.BatteryService took to complete: 0ms
08-23 17:43:00.229 1155 1155 I SystemServerTiming: ssm.onStartUser-0_com.android.server.usage.UsageStatsService
08-23 17:43:00.229 1155 1155 D SystemServerTiming: ssm.onStartUser-0_com.android.server.usage.UsageStatsService took to complete: 0ms
08-23 17:43:00.229 1155 1155 I SystemServerTiming: ssm.onStartUser-0_com.android.server.webkit.WebViewUpdateService
08-23 17:43:00.229 1155 1155 D SystemServerTiming: ssm.onStartUser-0_com.android.server.webkit.WebViewUpdateService took to complete: 0ms
08-23 17:43:00.229 1155 1155 I SystemServerTiming: ssm.onStartUser-0_com.android.server.CachedDeviceStateService
08-23 17:43:00.229 1155 1155 D SystemServerTiming: ssm.onStartUser-0_com.android.server.CachedDeviceStateService took to complete: 0ms
08-23 17:43:00.229 1155 1155 I SystemServerTiming: ssm.onStartUser-0_com.android.server.BinderCallsStatsService$LifeCycle
08-23 17:43:00.229 1155 1155 D SystemServerTiming: ssm.onStartUser-0_com.android.server.BinderCallsStatsService$LifeCycle took to complete: 0ms
08-23 17:43:00.229 1155 1155 I SystemServerTiming: ssm.onStartUser-0_com.android.server.LooperStatsService$Lifecycle
08-23 17:43:00.229 1155 1155 D SystemServerTiming: ssm.onStartUser-0_com.android.server.LooperStatsService$Lifecycle took to complete: 0ms
08-23 17:43:00.229 1155 1155 I SystemServerTiming: ssm.onStartUser-0_com.android.server.rollback.RollbackManagerService
08-23 17:43:00.229 1155 1155 D SystemServerTiming: ssm.onStartUser-0_com.android.server.rollback.RollbackManagerService took to complete: 0ms
08-23 17:43:00.229 1155 1155 I SystemServerTiming: ssm.onStartUser-0_com.android.server.os.NativeTombstoneManagerService
08-23 17:43:00.230 1155 1155 D SystemServerTiming: ssm.onStartUser-0_com.android.server.os.NativeTombstoneManagerService took to complete: 0ms
08-23 17:43:00.231 1155 1155 I SystemServerTiming: ssm.onStartUser-0_com.android.server.os.BugreportManagerService
08-23 17:43:00.231 1155 1155 D SystemServerTiming: ssm.onStartUser-0_com.android.server.os.BugreportManagerService took to complete: 0ms
08-23 17:43:00.232 1155 1155 I SystemServerTiming: ssm.onStartUser-0_com.android.server.gpu.GpuService
08-23 17:43:00.232 1155 1155 D SystemServerTiming: ssm.onStartUser-0_com.android.server.gpu.GpuService took to complete: 0ms
08-23 17:43:00.232 1155 1155 I SystemServerTiming: ssm.onStartUser-0_com.android.server.security.KeyChainSystemService
08-23 17:43:00.232 1155 1155 D SystemServerTiming: ssm.onStartUser-0_com.android.server.security.KeyChainSystemService took to complete: 0ms
08-23 17:43:00.232 1155 1155 I SystemServerTiming: ssm.onStartUser-0_com.android.server.telecom.TelecomLoaderService
08-23 17:43:00.232 1155 1155 D SystemServerTiming: ssm.onStartUser-0_com.android.server.telecom.TelecomLoaderService took to complete: 0ms
08-23 17:43:00.232 1155 1155 I SystemServerTiming: ssm.onStartUser-0_com.android.server.accounts.AccountManagerService$Lifecycle
08-23 17:43:00.232 1155 1155 D SystemServerTiming: ssm.onStartUser-0_com.android.server.accounts.AccountManagerService$Lifecycle took to complete: 0ms
08-23 17:43:00.232 1155 1155 I SystemServerTiming: ssm.onStartUser-0_com.android.server.content.ContentService$Lifecycle
08-23 17:43:00.232 1155 1155 D SystemServerTiming: ssm.onStartUser-0_com.android.server.content.ContentService$Lifecycle took to complete: 0ms
08-23 17:43:00.232 1155 1155 I SystemServerTiming: ssm.onStartUser-0_com.android.server.DropBoxManagerService
08-23 17:43:00.232 1155 1155 D SystemServerTiming: ssm.onStartUser-0_com.android.server.DropBoxManagerService took to complete: 0ms
08-23 17:43:00.232 1155 1155 I SystemServerTiming: ssm.onStartUser-0_com.android.role.RoleService
08-23 17:43:00.236 1155 1155 D SystemServerTiming: ssm.onStartUser-0_com.android.role.RoleService took to complete: 4ms
08-23 17:43:00.236 1155 1155 I SystemServerTiming: ssm.onStartUser-0_com.android.server.vibrator.VibratorManagerService$Lifecycle
08-23 17:43:00.236 1155 1155 D SystemServerTiming: ssm.onStartUser-0_com.android.server.vibrator.VibratorManagerService$Lifecycle took to complete: 0ms
08-23 17:43:00.237 1155 1155 I SystemServerTiming: ssm.onStartUser-0_com.android.server.alarm.AlarmManagerService
08-23 17:43:00.237 1155 1155 D SystemServerTiming: ssm.onStartUser-0_com.android.server.alarm.AlarmManagerService took to complete: 0ms
08-23 17:43:00.237 1155 1155 I SystemServerTiming: ssm.onStartUser-0_com.android.server.devicestate.DeviceStateManagerService
08-23 17:43:00.238 1155 1155 D SystemServerTiming: ssm.onStartUser-0_com.android.server.devicestate.DeviceStateManagerService took to complete: 0ms
08-23 17:43:00.238 1155 1155 I SystemServerTiming: ssm.onStartUser-0_com.android.server.camera.CameraServiceProxy
01-01 00:01:08.481 0 0 I binder : 1952:1952 ioctl 40046210 ffc332b8 returned -22
08-23 17:43:00.240 1155 1155 D SystemServerTiming: ssm.onStartUser-0_com.android.server.camera.CameraServiceProxy took to complete: 2ms
08-23 17:43:00.240 1155 1155 I SystemServerTiming: ssm.onStartUser-0_com.android.server.BluetoothService
08-23 17:43:00.240 1155 1155 D SystemServerTiming: ssm.onStartUser-0_com.android.server.BluetoothService took to complete: 0ms
08-23 17:43:00.240 1155 1155 I SystemServerTiming: ssm.onStartUser-0_com.android.server.connectivity.IpConnectivityMetrics
08-23 17:43:00.240 1155 1155 D SystemServerTiming: ssm.onStartUser-0_com.android.server.connectivity.IpConnectivityMetrics took to complete: 0ms
08-23 17:43:00.240 1155 1155 I SystemServerTiming: ssm.onStartUser-0_com.android.server.net.watchlist.NetworkWatchlistService$Lifecycle
08-23 17:43:00.240 1155 1155 D SystemServerTiming: ssm.onStartUser-0_com.android.server.net.watchlist.NetworkWatchlistService$Lifecycle took to complete: 0ms
08-23 17:43:00.240 1155 1155 I SystemServerTiming: ssm.onStartUser-0_com.android.server.PinnerService
08-23 17:43:00.240 1155 1155 D SystemServerTiming: ssm.onStartUser-0_com.android.server.PinnerService took to complete: 0ms
08-23 17:43:00.240 1155 1155 I SystemServerTiming: ssm.onStartUser-0_com.google.android.startop.iorap.IorapForwardingService
08-23 17:43:00.240 1155 1155 D SystemServerTiming: ssm.onStartUser-0_com.google.android.startop.iorap.IorapForwardingService took to complete: 0ms
08-23 17:43:00.240 1155 1155 I SystemServerTiming: ssm.onStartUser-0_com.android.server.ActivityTriggerService
08-23 17:43:00.240 1155 1155 D SystemServerTiming: ssm.onStartUser-0_com.android.server.ActivityTriggerService took to complete: 0ms
08-23 17:43:00.240 1155 1155 I SystemServerTiming: ssm.onStartUser-0_com.android.server.integrity.AppIntegrityManagerService
08-23 17:43:00.240 1155 1155 D SystemServerTiming: ssm.onStartUser-0_com.android.server.integrity.AppIntegrityManagerService took to complete: 0ms
08-23 17:43:00.241 1155 1155 I SystemServerTiming: ssm.onStartUser-0_com.android.server.inputmethod.InputMethodManagerService$Lifecycle
08-23 17:43:00.241 1155 1155 D SystemServerTiming: ssm.onStartUser-0_com.android.server.inputmethod.InputMethodManagerService$Lifecycle took to complete: 0ms
08-23 17:43:00.241 1155 1155 I SystemServerTiming: ssm.onStartUser-0_com.android.server.accessibility.AccessibilityManagerService$Lifecycle
08-23 17:43:00.241 1155 1155 D SystemServerTiming: ssm.onStartUser-0_com.android.server.accessibility.AccessibilityManagerService$Lifecycle took to complete: 0ms
08-23 17:43:00.241 1155 1155 I SystemServerTiming: ssm.onStartUser-0_com.android.server.StorageManagerService$Lifecycle
08-23 17:43:00.242 1155 1155 V StorageManagerService: Package com.sohu.inputmethod.sogou.car has legacy storage
08-23 17:43:00.242 1155 1155 V StorageManagerService: Package android.frameworkres.overlay does not have legacy storage
08-23 17:43:00.242 1155 1155 V StorageManagerService: Package com.android.cts.priv.ctsshim does not have legacy storage
08-23 17:43:00.242 1155 1155 V StorageManagerService: Package com.android.dynsystem does not have legacy storage
08-23 17:43:00.242 1155 1155 V StorageManagerService: Package com.android.providers.calendar does not have legacy storage
08-23 17:43:00.242 1155 1155 V StorageManagerService: Package com.android.providers.media does not have legacy storage
08-23 17:43:00.243 1155 1155 V StorageManagerService: Package com.android.internal.systemui.navbar.gestural_wide_back does not have legacy storage
08-23 17:43:00.243 1155 1155 V StorageManagerService: Package com.android.wallpapercropper does not have legacy storage
08-23 17:43:00.243 1155 1155 V StorageManagerService: Package com.qualcomm.qti.gpudrivers.kona.api30 does not have legacy storage
08-23 17:43:00.243 1155 1155 V StorageManagerService: Package com.antutu.ABenchMark does not have legacy storage
08-23 17:43:00.243 1155 1155 V StorageManagerService: Package com.android.documentsui does not have legacy storage
08-23 17:43:00.243 1155 1155 V StorageManagerService: Package com.android.externalstorage does not have legacy storage
08-23 17:43:00.243 1155 1155 V StorageManagerService: Package com.qualcomm.uimremoteclient does not have legacy storage
08-23 17:43:00.243 1155 1155 V StorageManagerService: Package com.android.htmlviewer does not have legacy storage
08-23 17:43:00.243 1155 1155 V StorageManagerService: Package com.qualcomm.qti.uceShimService does not have legacy storage
08-23 17:43:00.243 1155 1155 V StorageManagerService: Package com.android.companiondevicemanager does not have legacy storage
08-23 17:43:00.243 1155 1155 V StorageManagerService: Package com.android.quicksearchbox does not have legacy storage
08-23 17:43:00.244 1155 1155 V StorageManagerService: Package com.qualcomm.qti.qms.service.connectionsecurity does not have legacy storage
08-23 17:43:00.244 1155 1155 V StorageManagerService: Package com.android.providers.downloads does not have legacy storage
08-23 17:43:00.244 1155 1155 V StorageManagerService: Package com.android.internal.systemui.onehanded.gestural does not have legacy storage
08-23 17:43:00.244 1155 1155 V StorageManagerService: Package vendor.qti.hardware.cacert.server does not have legacy storage
08-23 17:43:00.244 1155 1155 V StorageManagerService: Package vendor.qti.iwlan does not have legacy storage
08-23 17:43:00.244 1155 1155 V StorageManagerService: Package com.qualcomm.qti.optinoverlay does not have legacy storage
08-23 17:43:00.244 1155 1155 V StorageManagerService: Package com.android.soundrecorder does not have legacy storage
08-23 17:43:00.244 1155 1155 V StorageManagerService: Package com.qualcomm.uimremoteserver does not have legacy storage
08-23 17:43:00.244 1155 1155 V StorageManagerService: Package android.qvaoverlay.common does not have legacy storage
08-23 17:43:00.244 1155 1155 V StorageManagerService: Package com.android.providers.downloads.ui does not have legacy storage
08-23 17:43:00.244 1155 1155 V StorageManagerService: Package com.android.pacprocessor does not have legacy storage
08-23 17:43:00.244 1155 1155 V StorageManagerService: Package com.android.networkstack does not have legacy storage
08-23 17:43:00.245 1155 1155 V StorageManagerService: Package android.overlay.common does not have legacy storage
08-23 17:43:00.245 1155 1155 V StorageManagerService: Package com.android.connectivity.resources does not have legacy storage
08-23 17:43:00.245 1155 1155 V StorageManagerService: Package com.android.modulemetadata does not have legacy storage
08-23 17:43:00.245 1155 1155 V StorageManagerService: Package com.android.certinstaller does not have legacy storage
08-23 17:43:00.245 1155 1155 V StorageManagerService: Package com.android.internal.systemui.navbar.threebutton does not have legacy storage
08-23 17:43:00.245 1155 1155 V StorageManagerService: Package android does not have legacy storage
08-23 17:43:00.245 1155 1155 V StorageManagerService: Package com.qualcomm.wfd.service does not have legacy storage
08-23 17:43:00.245 1155 1155 V StorageManagerService: Package ts.car.uart does not have legacy storage
08-23 17:43:00.245 1155 1155 V StorageManagerService: Package com.android.egg does not have legacy storage
08-23 17:43:00.245 1155 1155 V StorageManagerService: Package com.android.mtp does not have legacy storage
08-23 17:43:00.245 1155 1155 V StorageManagerService: Package com.android.nfc does not have legacy storage
08-23 17:43:00.245 1155 1155 V StorageManagerService: Package com.android.stk does not have legacy storage
08-23 17:43:00.246 1155 1155 V StorageManagerService: Package com.android.launcher3 does not have legacy storage
08-23 17:43:00.246 1155 1155 V StorageManagerService: Package com.android.backupconfirm does not have legacy storage
08-23 17:43:00.246 1155 1155 V StorageManagerService: Package vendor.qti.qesdk.sysservice does not have legacy storage
01-01 00:01:08.488 0 0 I binder : 1969:1969 ioctl 40046210 7fd97147c4 returned -22
08-23 17:43:00.248 1155 1155 V StorageManagerService: Package com.android.provision does not have legacy storage
08-23 17:43:00.248 1155 1155 V StorageManagerService: Package android.overlay.target does not have legacy storage
08-23 17:43:00.248 1155 1155 V StorageManagerService: Package com.qti.pasrservice does not have legacy storage
08-23 17:43:00.248 1155 1155 V StorageManagerService: Package com.android.settings.intelligence does not have legacy storage
08-23 17:43:00.249 1155 1155 V StorageManagerService: Package com.android.calendar does not have legacy storage
08-23 17:43:00.249 1155 1155 V StorageManagerService: Package com.android.internal.systemui.navbar.gestural_extra_wide_back does not have legacy storage
08-23 17:43:00.249 1155 1155 V StorageManagerService: Package com.qualcomm.qti.dynamicddsservice does not have legacy storage
08-23 17:43:00.249 1155 1155 V StorageManagerService: Package com.qualcomm.qti.xrvd.service does not have legacy storage
08-23 17:43:00.249 1155 1155 V StorageManagerService: Package com.android.providers.settings does not have legacy storage
08-23 17:43:00.249 1155 1155 V StorageManagerService: Package com.android.sharedstoragebackup does not have legacy storage
08-23 17:43:00.249 1155 1155 V StorageManagerService: Package com.android.printspooler does not have legacy storage
08-23 17:43:00.249 1155 1155 V StorageManagerService: Package com.qti.qualcomm.mstatssystemservice does not have legacy storage
08-23 17:43:00.249 1155 1155 V StorageManagerService: Package com.qualcomm.qti.services.systemhelper does not have legacy storage
08-23 17:43:00.249 1155 1155 V StorageManagerService: Package com.android.wifi.resources.overlay.common does not have legacy storage
08-23 17:43:00.249 1155 1155 V StorageManagerService: Package com.android.dreams.basic does not have legacy storage
08-23 17:43:00.250 1155 1155 V StorageManagerService: Package com.android.webview does not have legacy storage
08-23 17:43:00.250 1155 1155 V StorageManagerService: Package com.android.se does not have legacy storage
08-23 17:43:00.250 1155 1155 V StorageManagerService: Package com.android.inputdevices does not have legacy storage
08-23 17:43:00.250 1155 1155 V StorageManagerService: Package com.android.bips does not have legacy storage
08-23 17:43:00.250 1155 1155 V StorageManagerService: Package com.qti.dpmserviceapp does not have legacy storage
08-23 17:43:00.250 1155 1155 V StorageManagerService: Package com.thundercomm.remotecontrolservice does not have legacy storage
08-23 17:43:00.250 1155 1155 V StorageManagerService: Package com.android.musicfx does not have legacy storage
08-23 17:43:00.250 1155 1155 V StorageManagerService: Package com.android.settings.overlay.common does not have legacy storage
08-23 17:43:00.250 1155 1155 V StorageManagerService: Package com.qualcomm.qti.qccnetstat does not have legacy storage
08-23 17:43:00.250 1155 1155 V StorageManagerService: Package com.example.android.locationattribution does not have legacy storage
08-23 17:43:00.251 1155 1155 V StorageManagerService: Package android.ext.shared does not have legacy storage
08-23 17:43:00.251 1155 1155 V StorageManagerService: Package com.android.onetimeinitializer does not have legacy storage
08-23 17:43:00.251 1155 1155 V StorageManagerService: Package com.android.server.telecom does not have legacy storage
08-23 17:43:00.251 1155 1155 V StorageManagerService: Package com.android.keychain does not have legacy storage
08-23 17:43:00.251 1155 1155 V StorageManagerService: Package com.qti.snapdragon.qdcm_ff does not have legacy storage
08-23 17:43:00.251 1155 1155 V StorageManagerService: Package com.android.wifi.resources.overlay.target does not have legacy storage
08-23 17:43:00.251 1155 1155 V StorageManagerService: Package com.android.printservice.recommendation does not have legacy storage
08-23 17:43:00.251 1155 1155 V StorageManagerService: Package com.thundercomm.mcuupgrade does not have legacy storage
08-23 17:43:00.251 1155 1155 V StorageManagerService: Package com.android.gallery3d has legacy storage
08-23 17:43:00.251 1155 1155 V StorageManagerService: Package android.ext.services does not have legacy storage
08-23 17:43:00.252 1155 1155 V StorageManagerService: Package com.android.wifi.resources does not have legacy storage
08-23 17:43:00.252 1155 1155 V StorageManagerService: Package com.android.systemui.overlay.common does not have legacy storage
08-23 17:43:00.252 1155 1155 V StorageManagerService: Package com.android.cameraextensions does not have legacy storage
08-23 17:43:00.252 1155 1155 V StorageManagerService: Package com.android.localtransport does not have legacy storage
08-23 17:43:00.252 1155 1155 V StorageManagerService: Package com.android.packageinstaller does not have legacy storage
08-23 17:43:00.252 1155 1155 V StorageManagerService: Package com.qualcomm.qti.devicestatisticsservice does not have legacy storage
08-23 17:43:00.252 1155 1155 V StorageManagerService: Package com.android.theme.font.notoserifsource does not have legacy storage
08-23 17:43:00.252 1155 1155 V StorageManagerService: Package com.android.proxyhandler does not have legacy storage
08-23 17:43:00.252 1155 1155 V StorageManagerService: Package com.android.internal.display.cutout.emulation.waterfall does not have legacy storage
08-23 17:43:00.252 1155 1155 V StorageManagerService: Package com.qualcomm.qti.workloadclassifier does not have legacy storage
08-23 17:43:00.252 1155 1155 V StorageManagerService: Package com.android.inputmethod.latin does not have legacy storage
08-23 17:43:00.252 1155 1155 V StorageManagerService: Package com.android.providers.settings.overlay does not have legacy storage
08-23 17:43:00.252 1155 1155 V StorageManagerService: Package com.android.managedprovisioning does not have legacy storage
08-23 17:43:00.253 1155 1155 V StorageManagerService: Package com.android.networkstack.tethering does not have legacy storage
08-23 17:43:00.253 1155 1155 V StorageManagerService: Package com.android.soundpicker does not have legacy storage
08-23 17:43:00.253 1155 1155 V StorageManagerService: Package com.android.dreams.phototable does not have legacy storage
08-23 17:43:00.253 1155 1155 V StorageManagerService: Package com.android.wallpaper.livepicker does not have legacy storage
08-23 17:43:00.253 1155 1155 V StorageManagerService: Package com.android.apps.tag does not have legacy storage
08-23 17:43:00.253 1155 1155 V StorageManagerService: Package com.android.storagemanager does not have legacy storage
08-23 17:43:00.253 1155 1155 V StorageManagerService: Package com.android.bookmarkprovider does not have legacy storage
08-23 17:43:00.253 1155 1155 V StorageManagerService: Package com.android.settings does not have legacy storage
08-23 17:43:00.253 1155 1155 V StorageManagerService: Package com.android.networkstack.permissionconfig does not have legacy storage
08-23 17:43:00.254 1155 1155 V StorageManagerService: Package com.qualcomm.location does not have legacy storage
08-23 17:43:00.254 1155 1155 V StorageManagerService: Package com.android.cts.ctsshim does not have legacy storage
08-23 17:43:00.254 1155 1155 V StorageManagerService: Package com.caf.fmradio does not have legacy storage
08-23 17:43:00.254 1155 1155 V StorageManagerService: Package com.qti.diagservices does not have legacy storage
08-23 17:43:00.254 1155 1155 V StorageManagerService: Package com.android.vpndialogs does not have legacy storage
08-23 17:43:00.254 1155 1155 V StorageManagerService: Package com.qualcomm.location.XT does not have legacy storage
08-23 17:43:00.254 1155 1155 V StorageManagerService: Package com.android.music does not have legacy storage
08-23 17:43:00.254 1155 1155 V StorageManagerService: Package com.android.shell does not have legacy storage
08-23 17:43:00.254 1155 1155 V StorageManagerService: Package com.android.wallpaperbackup does not have legacy storage
08-23 17:43:00.255 1155 1155 V StorageManagerService: Package org.codeaurora.snapcam has legacy storage
08-23 17:43:00.255 1155 1155 V StorageManagerService: Package com.shipoplayer.jnjeqy does not have legacy storage
08-23 17:43:00.255 1155 1155 V StorageManagerService: Package com.android.providers.userdictionary does not have legacy storage
08-23 17:43:00.255 1155 1155 V StorageManagerService: Package com.android.providers.media.module does not have legacy storage
08-23 17:43:00.255 1155 1155 V StorageManagerService: Package com.android.emergency does not have legacy storage
08-23 17:43:00.255 1155 1155 V StorageManagerService: Package com.android.hotspot2.osulogin does not have legacy storage
08-23 17:43:00.255 1155 1155 V StorageManagerService: Package com.qualcomm.qti.qdma does not have legacy storage
08-23 17:43:00.255 1155 1155 V StorageManagerService: Package com.qualcomm.qti.qmmi does not have legacy storage
08-23 17:43:00.255 1155 1155 V StorageManagerService: Package com.qualcomm.qti.usta does not have legacy storage
08-23 17:43:00.255 1155 1155 V StorageManagerService: Package com.qualcomm.qti.xrcb does not have legacy storage
08-23 17:43:00.256 1155 1155 V StorageManagerService: Package com.android.internal.systemui.navbar.gestural does not have legacy storage
08-23 17:43:00.256 1155 1155 V StorageManagerService: Package com.android.location.fused does not have legacy storage
08-23 17:43:00.256 1155 1155 V StorageManagerService: Package com.android.deskclock does not have legacy storage
08-23 17:43:00.256 1155 1155 V StorageManagerService: Package com.android.systemui does not have legacy storage
08-23 17:43:00.256 1155 1155 V StorageManagerService: Package com.android.bluetoothmidiservice does not have legacy storage
08-23 17:43:00.256 1155 1155 V StorageManagerService: Package com.qti.ltebc does not have legacy storage
08-23 17:43:00.256 1155 1155 V StorageManagerService: Package com.android.permissioncontroller does not have legacy storage
08-23 17:43:00.256 1155 1155 V StorageManagerService: Package com.android.traceur does not have legacy storage
08-23 17:43:00.256 1155 1155 V StorageManagerService: Package com.qualcomm.qti.qccauthmgr does not have legacy storage
08-23 17:43:00.256 1155 1155 V StorageManagerService: Package com.qualcomm.qti.qms.service.trustzoneaccess does not have legacy storage
08-23 17:43:00.257 1155 1155 V StorageManagerService: Package com.qualcomm.qtil.aptxui does not have legacy storage
08-23 17:43:00.257 1155 1155 V StorageManagerService: Package com.android.bluetooth does not have legacy storage
08-23 17:43:00.257 1155 1155 V StorageManagerService: Package com.qualcomm.timeservice does not have legacy storage
08-23 17:43:00.257 1155 1155 V StorageManagerService: Package com.qualcomm.embms does not have legacy storage
08-23 17:43:00.257 1155 1155 V StorageManagerService: Package com.android.providers.contacts does not have legacy storage
08-23 17:43:00.257 1155 1155 V StorageManagerService: Package com.android.captiveportallogin does not have legacy storage
08-23 17:43:00.257 1155 1155 V StorageManagerService: Package com.android.internal.systemui.navbar.gestural_narrow_back does not have legacy storage
08-23 17:43:00.257 1155 1155 V StorageManagerService: Package com.android.cellbroadcastreceiver.overlay.common does not have legacy storage
08-23 17:43:00.257 1155 1155 V StorageManagerService: Package com.qualcomm.qti.sensors.qsensortest does not have legacy storage
08-23 17:43:00.258 1155 1155 D SystemServerTiming: ssm.onStartUser-0_com.android.server.StorageManagerService$Lifecycle took to complete: 16ms
08-23 17:43:00.258 1155 1155 I SystemServerTiming: ssm.onStartUser-0_com.android.server.usage.StorageStatsService$Lifecycle
08-23 17:43:00.258 1155 1155 D SystemServerTiming: ssm.onStartUser-0_com.android.server.usage.StorageStatsService$Lifecycle took to complete: 0ms
08-23 17:43:00.258 1155 1155 I SystemServerTiming: ssm.onStartUser-0_com.android.server.UiModeManagerService
08-23 17:43:00.258 1155 1155 D SystemServerTiming: ssm.onStartUser-0_com.android.server.UiModeManagerService took to complete: 0ms
08-23 17:43:00.258 1155 1155 I SystemServerTiming: ssm.onStartUser-0_com.android.server.locksettings.LockSettingsService$Lifecycle
08-23 17:43:00.258 1155 1155 D SystemServerTiming: ssm.onStartUser-0_com.android.server.locksettings.LockSettingsService$Lifecycle took to complete: 1ms
08-23 17:43:00.258 1155 1155 I SystemServerTiming: ssm.onStartUser-0_com.android.server.PersistentDataBlockService
08-23 17:43:00.258 1155 1155 D SystemServerTiming: ssm.onStartUser-0_com.android.server.PersistentDataBlockService took to complete: 0ms
08-23 17:43:00.258 1155 1155 I SystemServerTiming: ssm.onStartUser-0_com.android.server.testharness.TestHarnessModeService
08-23 17:43:00.258 1155 1155 D SystemServerTiming: ssm.onStartUser-0_com.android.server.testharness.TestHarnessModeService took to complete: 0ms
08-23 17:43:00.258 1155 1155 I SystemServerTiming: ssm.onStartUser-0_com.android.server.oemlock.OemLockService
08-23 17:43:00.258 1155 1155 D SystemServerTiming: ssm.onStartUser-0_com.android.server.oemlock.OemLockService took to complete: 0ms
08-23 17:43:00.258 1155 1155 I SystemServerTiming: ssm.onStartUser-0_com.android.server.DeviceIdleController
08-23 17:43:00.258 1155 1155 D SystemServerTiming: ssm.onStartUser-0_com.android.server.DeviceIdleController took to complete: 0ms
08-23 17:43:00.258 1155 1155 I SystemServerTiming: ssm.onStartUser-0_com.android.server.devicepolicy.DevicePolicyManagerService$Lifecycle
08-23 17:43:00.259 1155 1155 D SystemServerTiming: ssm.onStartUser-0_com.android.server.devicepolicy.DevicePolicyManagerService$Lifecycle took to complete: 0ms
08-23 17:43:00.259 1155 1155 I SystemServerTiming: ssm.onStartUser-0_com.android.server.texttospeech.TextToSpeechManagerService
08-23 17:43:00.259 1155 1155 D SystemServerTiming: ssm.onStartUser-0_com.android.server.texttospeech.TextToSpeechManagerService took to complete: 0ms
08-23 17:43:00.259 1155 1155 I SystemServerTiming: ssm.onStartUser-0_com.android.server.speech.SpeechRecognitionManagerService
08-23 17:43:00.259 1155 1155 D SystemServerTiming: ssm.onStartUser-0_com.android.server.speech.SpeechRecognitionManagerService took to complete: 0ms
08-23 17:43:00.259 1155 1155 I SystemServerTiming: ssm.onStartUser-0_com.android.server.searchui.SearchUiManagerService
08-23 17:43:00.259 1155 1155 D SystemServerTiming: ssm.onStartUser-0_com.android.server.searchui.SearchUiManagerService took to complete: 0ms
08-23 17:43:00.259 1155 1155 I SystemServerTiming: ssm.onStartUser-0_com.android.server.smartspace.SmartspaceManagerService
08-23 17:43:00.259 1155 1155 D SystemServerTiming: ssm.onStartUser-0_com.android.server.smartspace.SmartspaceManagerService took to complete: 0ms
08-23 17:43:00.259 1155 1155 I SystemServerTiming: ssm.onStartUser-0_com.android.server.graphics.fonts.FontManagerService$Lifecycle
08-23 17:43:00.259 1155 1155 D SystemServerTiming: ssm.onStartUser-0_com.android.server.graphics.fonts.FontManagerService$Lifecycle took to complete: 0ms
08-23 17:43:00.259 1155 1155 I SystemServerTiming: ssm.onStartUser-0_com.android.server.textservices.TextServicesManagerService$Lifecycle
08-23 17:43:00.259 1155 1155 D SystemServerTiming: ssm.onStartUser-0_com.android.server.textservices.TextServicesManagerService$Lifecycle took to complete: 0ms
08-23 17:43:00.259 1155 1155 I SystemServerTiming: ssm.onStartUser-0_com.android.server.textclassifier.TextClassificationManagerService$Lifecycle
08-23 17:43:00.260 1155 1155 D SystemServerTiming: ssm.onStartUser-0_com.android.server.textclassifier.TextClassificationManagerService$Lifecycle took to complete: 0ms
08-23 17:43:00.260 1155 1155 I SystemServerTiming: ssm.onStartUser-0_com.android.server.NetworkScoreService$Lifecycle
08-23 17:43:00.260 1155 1155 D SystemServerTiming: ssm.onStartUser-0_com.android.server.NetworkScoreService$Lifecycle took to complete: 0ms
08-23 17:43:00.260 1155 1155 I SystemServerTiming: ssm.onStartUser-0_com.android.server.wifi.WifiService
08-23 17:43:00.260 1155 1155 D SystemServerTiming: ssm.onStartUser-0_com.android.server.wifi.WifiService took to complete: 0ms
08-23 17:43:00.260 1155 1155 I SystemServerTiming: ssm.onStartUser-0_com.android.server.wifi.scanner.WifiScanningService
08-23 17:43:00.260 1155 1155 D SystemServerTiming: ssm.onStartUser-0_com.android.server.wifi.scanner.WifiScanningService took to complete: 0ms
08-23 17:43:00.260 1155 1155 I SystemServerTiming: ssm.onStartUser-0_com.android.server.wifi.rtt.RttService
08-23 17:43:00.260 1155 1155 D SystemServerTiming: ssm.onStartUser-0_com.android.server.wifi.rtt.RttService took to complete: 0ms
08-23 17:43:00.260 1155 1155 I SystemServerTiming: ssm.onStartUser-0_com.android.server.wifi.aware.WifiAwareService
08-23 17:43:00.260 1155 1155 D SystemServerTiming: ssm.onStartUser-0_com.android.server.wifi.aware.WifiAwareService took to complete: 0ms
08-23 17:43:00.260 1155 1155 I SystemServerTiming: ssm.onStartUser-0_com.android.server.wifi.p2p.WifiP2pService
08-23 17:43:00.261 1155 1155 D SystemServerTiming: ssm.onStartUser-0_com.android.server.wifi.p2p.WifiP2pService took to complete: 0ms
08-23 17:43:00.261 1155 1155 I SystemServerTiming: ssm.onStartUser-0_com.android.server.ethernet.EthernetService
08-23 17:43:00.261 1155 1155 D SystemServerTiming: ssm.onStartUser-0_com.android.server.ethernet.EthernetService took to complete: 0ms
08-23 17:43:00.261 1155 1155 I SystemServerTiming: ssm.onStartUser-0_com.android.server.ConnectivityServiceInitializer
08-23 17:43:00.261 1155 1155 D SystemServerTiming: ssm.onStartUser-0_com.android.server.ConnectivityServiceInitializer took to complete: 1ms
08-23 17:43:00.261 1155 1155 I SystemServerTiming: ssm.onStartUser-0_com.android.server.notification.NotificationManagerService
08-23 17:43:00.261 1155 1155 D SystemServerTiming: ssm.onStartUser-0_com.android.server.notification.NotificationManagerService took to complete: 0ms
08-23 17:43:00.261 1155 1155 I SystemServerTiming: ssm.onStartUser-0_com.android.server.storage.DeviceStorageMonitorService
08-23 17:43:00.261 1155 1155 D SystemServerTiming: ssm.onStartUser-0_com.android.server.storage.DeviceStorageMonitorService took to complete: 0ms
08-23 17:43:00.261 1155 1155 I SystemServerTiming: ssm.onStartUser-0_com.android.server.location.LocationManagerService$Lifecycle
08-23 17:43:00.261 1155 1155 D SystemServerTiming: ssm.onStartUser-0_com.android.server.location.LocationManagerService$Lifecycle took to complete: 0ms
08-23 17:43:00.261 1155 1155 I SystemServerTiming: ssm.onStartUser-0_com.android.server.timedetector.TimeDetectorService$Lifecycle
08-23 17:43:00.262 1155 1155 D SystemServerTiming: ssm.onStartUser-0_com.android.server.timedetector.TimeDetectorService$Lifecycle took to complete: 0ms
08-23 17:43:00.262 1155 1155 I SystemServerTiming: ssm.onStartUser-0_com.android.server.timezonedetector.TimeZoneDetectorService$Lifecycle
08-23 17:43:00.262 1155 1155 D SystemServerTiming: ssm.onStartUser-0_com.android.server.timezonedetector.TimeZoneDetectorService$Lifecycle took to complete: 0ms
08-23 17:43:00.262 1155 1155 I SystemServerTiming: ssm.onStartUser-0_com.android.server.timezonedetector.location.LocationTimeZoneManagerService$Lifecycle
08-23 17:43:00.262 1155 1155 D SystemServerTiming: ssm.onStartUser-0_com.android.server.timezonedetector.location.LocationTimeZoneManagerService$Lifecycle took to complete: 0ms
08-23 17:43:00.262 1155 1155 I SystemServerTiming: ssm.onStartUser-0_com.android.server.search.SearchManagerService$Lifecycle
08-23 17:43:00.262 1155 1155 D SystemServerTiming: ssm.onStartUser-0_com.android.server.search.SearchManagerService$Lifecycle took to complete: 0ms
08-23 17:43:00.262 1155 1155 I SystemServerTiming: ssm.onStartUser-0_com.android.server.wallpaper.WallpaperManagerService$Lifecycle
08-23 17:43:00.262 1155 1155 D SystemServerTiming: ssm.onStartUser-0_com.android.server.wallpaper.WallpaperManagerService$Lifecycle took to complete: 0ms
08-23 17:43:00.262 1155 1155 I SystemServerTiming: ssm.onStartUser-0_com.android.server.audio.AudioService$Lifecycle
08-23 17:43:00.262 1155 1155 D SystemServerTiming: ssm.onStartUser-0_com.android.server.audio.AudioService$Lifecycle took to complete: 0ms
08-23 17:43:00.262 1155 1155 I SystemServerTiming: ssm.onStartUser-0_com.android.server.soundtrigger_middleware.SoundTriggerMiddlewareService$Lifecycle
08-23 17:43:00.262 1155 1155 D SystemServerTiming: ssm.onStartUser-0_com.android.server.soundtrigger_middleware.SoundTriggerMiddlewareService$Lifecycle took to complete: 0ms
08-23 17:43:00.262 1155 1155 I SystemServerTiming: ssm.onStartUser-0_com.android.server.DockObserver
08-23 17:43:00.262 1155 1155 D SystemServerTiming: ssm.onStartUser-0_com.android.server.DockObserver took to complete: 0ms
08-23 17:43:00.262 1155 1155 I SystemServerTiming: ssm.onStartUser-0_com.android.server.midi.MidiService$Lifecycle
