08-23 17:43:17.268 1155 1232 W ActivityManager: Slow operation: 59ms so far, now at startProcess: building log message
08-23 17:43:17.268 1155 1232 I ActivityManager: Start proc 3656:com.qualcomm.qti.qms.service.connectionsecurity/u0a57 for broadcast {com.qualcomm.qti.qms.service.connectionsecurity/com.qualcomm.qti.qms.service.connectionsecurity.ConnSecBroadcastReceiver}
08-23 17:43:17.268 1155 1232 W ActivityManager: Slow operation: 59ms so far, now at startProcess: starting to update pids map
08-23 17:43:17.268 1155 1232 W ActivityManager: Slow operation: 59ms so far, now at startProcess: done updating pids map
08-23 17:43:17.303 1155 2858 I ActivityManager: Process com.qti.ltebc (pid 3607) has died: cch+5 CEM
01-01 00:01:25.563 0 0 I binder : 3656:3656 ioctl 40046210 ffc332b8 returned -22
08-23 17:43:17.334 1155 2858 D CompatibilityChangeReporter: Compat change id reported: 168419799; UID 10057; state: DISABLED
08-23 17:43:17.466 1155 2858 D CompatibilityChangeReporter: Compat change id reported: 168419799; UID 1001; state: DISABLED
01-01 00:01:25.709 0 0 D : mv2112_read_status
01-01 00:01:25.710 0 0 D mv2112_update_link: 3.0x901(1G): 0x80
08-23 17:43:17.478 1155 2858 D CompatibilityChangeReporter: Compat change id reported: 168419799; UID 10091; state: DISABLED
01-01 00:01:25.710 0 0 D mv2112_update_link: 3.0x8109(100M): 0x0
01-01 00:01:25.710 0 0 D mv2112_update_link: link 0x0
01-01 00:01:25.710 0 0 D mv2112_read_status: autoneg is disabled
01-01 00:01:25.723 0 0 I binder : 2999:2999 ioctl 40046210 7fd9713e74 returned -22
08-23 17:43:17.498 1155 2850 D CompatibilityChangeReporter: Compat change id reported: 168419799; UID 10092; state: DISABLED
08-23 17:43:17.508 1155 2850 W BroadcastQueue: Permission Denial: receiving Intent { act=android.intent.action.BOOT_COMPLETED flg=0x89000010 (has extras) } to org.codeaurora.snapcam/com.android.camera.DisableCameraReceiver requires android.permission.RECEIVE_BOOT_COMPLETED due to sender null (uid 1000)
08-23 17:43:17.521 1155 2850 I ActivityManager: Finished processing BOOT_COMPLETED for u0
08-23 17:43:17.527 1155 2850 D CompatibilityChangeReporter: Compat change id reported: 168419799; UID 10071; state: DISABLED
08-23 17:43:17.533 1155 2850 D CompatibilityChangeReporter: Compat change id reported: 135634846; UID 10024; state: DISABLED
08-23 17:43:17.533 1155 2850 D CompatibilityChangeReporter: Compat change id reported: 177438394; UID 10024; state: DISABLED
08-23 17:43:17.534 1155 2850 D CompatibilityChangeReporter: Compat change id reported: 135772972; UID 10024; state: DISABLED
08-23 17:43:17.534 1155 2850 D CompatibilityChangeReporter: Compat change id reported: 135754954; UID 10024; state: ENABLED
08-23 17:43:17.535 1155 1232 D CompatibilityChangeReporter: Compat change id reported: 143937733; UID 10024; state: ENABLED
08-23 17:43:17.599 1155 1232 W ActivityManager: Slow operation: 67ms so far, now at startProcess: returned from zygote!
08-23 17:43:17.599 1155 1232 W ActivityManager: Slow operation: 67ms so far, now at startProcess: done updating battery stats
08-23 17:43:17.600 1155 1232 W ActivityManager: Slow operation: 67ms so far, now at startProcess: building log message
08-23 17:43:17.600 1155 1232 I ActivityManager: Start proc 3676:com.android.externalstorage/u0a24 for broadcast {com.android.externalstorage/com.android.externalstorage.MountReceiver}
08-23 17:43:17.600 1155 1232 W ActivityManager: Slow operation: 67ms so far, now at startProcess: starting to update pids map
08-23 17:43:17.600 1155 1232 W ActivityManager: Slow operation: 68ms so far, now at startProcess: done updating pids map
01-01 00:01:25.905 0 0 I binder : 3676:3676 ioctl 40046210 7fd97147c4 returned -22
08-23 17:43:17.681 1155 2850 D CompatibilityChangeReporter: Compat change id reported: 168419799; UID 10024; state: DISABLED
08-23 17:43:17.901 1155 2850 D CompatibilityChangeReporter: Compat change id reported: 168419799; UID 10026; state: DISABLED
08-23 17:43:17.922 1155 2054 D CompatibilityChangeReporter: Compat change id reported: 135634846; UID 10078; state: DISABLED
08-23 17:43:17.922 1155 2054 D CompatibilityChangeReporter: Compat change id reported: 177438394; UID 10078; state: DISABLED
08-23 17:43:17.922 1155 2054 D CompatibilityChangeReporter: Compat change id reported: 135772972; UID 10078; state: DISABLED
08-23 17:43:17.923 1155 2054 D CompatibilityChangeReporter: Compat change id reported: 135754954; UID 10078; state: ENABLED
08-23 17:43:17.924 1155 1232 D CompatibilityChangeReporter: Compat change id reported: 143937733; UID 10078; state: ENABLED
08-23 17:43:17.986 1155 1232 W ActivityManager: Slow operation: 65ms so far, now at startProcess: returned from zygote!
08-23 17:43:17.986 1155 1232 W ActivityManager: Slow operation: 65ms so far, now at startProcess: done updating battery stats
08-23 17:43:17.987 1155 1232 W ActivityManager: Slow operation: 65ms so far, now at startProcess: building log message
08-23 17:43:17.987 1155 1232 I ActivityManager: Start proc 3697:com.qti.ltebc/u0a78 for broadcast {com.qti.ltebc/com.qualcomm.ltebc.LTEBroadcastReceiver}
08-23 17:43:17.987 1155 1232 W ActivityManager: Slow operation: 65ms so far, now at startProcess: starting to update pids map
08-23 17:43:17.987 1155 1232 W ActivityManager: Slow operation: 66ms so far, now at startProcess: done updating pids map
01-01 00:01:26.297 0 0 I binder : 3697:3697 ioctl 40046210 7fd97147c4 returned -22
08-23 17:43:18.072 1155 2029 D CompatibilityChangeReporter: Compat change id reported: 168419799; UID 10078; state: DISABLED
01-01 00:01:26.734 0 0 D : mv2112_read_status
01-01 00:01:26.734 0 0 D mv2112_update_link: 3.0x901(1G): 0x80
01-01 00:01:26.735 0 0 D mv2112_update_link: 3.0x8109(100M): 0x0
01-01 00:01:26.735 0 0 D mv2112_update_link: link 0x0
01-01 00:01:26.735 0 0 D mv2112_read_status: autoneg is disabled
01-01 00:01:27.758 0 0 D : mv2112_read_status
01-01 00:01:27.759 0 0 D mv2112_update_link: 3.0x901(1G): 0x80
01-01 00:01:27.759 0 0 D mv2112_update_link: 3.0x8109(100M): 0x0
01-01 00:01:27.759 0 0 D mv2112_update_link: link 0x0
01-01 00:01:27.759 0 0 D mv2112_read_status: autoneg is disabled
01-01 00:01:28.782 0 0 D : mv2112_read_status
01-01 00:01:28.782 0 0 D mv2112_update_link: 3.0x901(1G): 0x80
01-01 00:01:28.783 0 0 D mv2112_update_link: 3.0x8109(100M): 0x0
01-01 00:01:28.783 0 0 D mv2112_update_link: link 0x0
01-01 00:01:28.783 0 0 D mv2112_read_status: autoneg is disabled
01-01 00:01:29.491 0 0 I init : starting service 'qvrd_vndr'...
01-01 00:01:29.495 0 0 I init : Created socket '/dev/socket/qvrservice_vndr', mode 660, user 1000, group 1000
01-01 00:01:29.498 0 0 I init : Created socket '/dev/socket/qvrservice_vndr_camera', mode 660, user 1000, group 1000
08-23 17:43:21.335 3745 3745 F linker : CANNOT LINK EXECUTABLE "/vendor/bin/hw/qvrservice": library "vendor.qti.hardware.qxr-V1-ndk_platform.so" not found: needed by /vendor/lib64/libqvrservice.so in namespace (default)
01-01 00:01:29.575 0 0 I init : Service 'qvrd_vndr' (pid 3745) exited with status 1
01-01 00:01:29.576 0 0 I init : Sending signal 9 to service 'qvrd_vndr' (pid 3745) process group...
01-01 00:01:29.576 0 0 I libprocessgroup: Successfully killed process cgroup uid 1000 pid 3745 in 0ms
01-01 00:01:29.584 0 0 I init : starting service 'sxrd'...
08-23 17:43:21.413 3746 3746 F linker : CANNOT LINK EXECUTABLE "/vendor/bin/hw/sxrservice": library "vendor.qti.hardware.qxr-V1-ndk_platform.so" not found: needed by main executable
01-01 00:01:29.654 0 0 I init : Service 'sxrd' (pid 3746) exited with status 1
01-01 00:01:29.654 0 0 I init : Sending signal 9 to service 'sxrd' (pid 3746) process group...
01-01 00:01:29.655 0 0 I libprocessgroup: Successfully killed process cgroup uid 1000 pid 3746 in 0ms
01-01 00:01:29.806 0 0 D : mv2112_read_status
01-01 00:01:29.806 0 0 D mv2112_update_link: 3.0x901(1G): 0x80
01-01 00:01:29.807 0 0 D mv2112_update_link: 3.0x8109(100M): 0x0
01-01 00:01:29.807 0 0 D mv2112_update_link: link 0x0
01-01 00:01:29.807 0 0 D mv2112_read_status: autoneg is disabled
01-01 00:01:30.830 0 0 D : mv2112_read_status
01-01 00:01:30.830 0 0 D mv2112_update_link: 3.0x901(1G): 0x80
01-01 00:01:30.831 0 0 D mv2112_update_link: 3.0x8109(100M): 0x0
01-01 00:01:30.831 0 0 D mv2112_update_link: link 0x0
01-01 00:01:30.831 0 0 D mv2112_read_status: autoneg is disabled
08-23 17:43:23.098 1155 2054 I ActivityManager: Process com.qti.ltebc (pid 3697) has died: fg RCVR
08-23 17:43:23.110 1155 1231 D CompatibilityChangeReporter: Compat change id reported: 135634846; UID 10078; state: DISABLED
08-23 17:43:23.111 1155 1231 D CompatibilityChangeReporter: Compat change id reported: 177438394; UID 10078; state: DISABLED
08-23 17:43:23.111 1155 1231 D CompatibilityChangeReporter: Compat change id reported: 135772972; UID 10078; state: DISABLED
08-23 17:43:23.111 1155 1231 D CompatibilityChangeReporter: Compat change id reported: 135754954; UID 10078; state: ENABLED
08-23 17:43:23.112 1155 1232 D CompatibilityChangeReporter: Compat change id reported: 143937733; UID 10078; state: ENABLED
08-23 17:43:23.177 1155 1232 W ActivityManager: Slow operation: 67ms so far, now at startProcess: returned from zygote!
08-23 17:43:23.177 1155 1232 W ActivityManager: Slow operation: 67ms so far, now at startProcess: done updating battery stats
08-23 17:43:23.178 1155 1232 W ActivityManager: Slow operation: 67ms so far, now at startProcess: building log message
08-23 17:43:23.178 1155 1232 I ActivityManager: Start proc 3750:com.qti.ltebc/u0a78 for broadcast {com.qti.ltebc/com.qualcomm.ltebc.LTEBroadcastReceiver}
08-23 17:43:23.178 1155 1232 W ActivityManager: Slow operation: 67ms so far, now at startProcess: starting to update pids map
08-23 17:43:23.178 1155 1232 W ActivityManager: Slow operation: 68ms so far, now at startProcess: done updating pids map
01-01 00:01:31.488 0 0 I binder : 3750:3750 ioctl 40046210 7fd97147c4 returned -22
01-01 00:01:31.855 0 0 D : mv2112_read_status
01-01 00:01:31.855 0 0 D mv2112_update_link: 3.0x901(1G): 0x80
01-01 00:01:31.855 0 0 D mv2112_update_link: 3.0x8109(100M): 0x0
01-01 00:01:31.855 0 0 D mv2112_update_link: link 0x0
01-01 00:01:31.855 0 0 D mv2112_read_status: autoneg is disabled
08-23 17:43:24.059 1155 1231 I ActivityManager: Waited long enough for: ServiceRecord{836b6f7 u0 com.qti.diagservices/.QTIDiagServices}
01-01 00:01:32.878 0 0 D : mv2112_read_status
01-01 00:01:32.878 0 0 D mv2112_update_link: 3.0x901(1G): 0x80
01-01 00:01:32.879 0 0 D mv2112_update_link: 3.0x8109(100M): 0x0
01-01 00:01:32.879 0 0 D mv2112_update_link: link 0x0
01-01 00:01:32.879 0 0 D mv2112_read_status: autoneg is disabled
01-01 00:01:33.902 0 0 D : mv2112_read_status
01-01 00:01:33.903 0 0 D mv2112_update_link: 3.0x901(1G): 0x80
01-01 00:01:33.903 0 0 D mv2112_update_link: 3.0x8109(100M): 0x0
01-01 00:01:33.903 0 0 D mv2112_update_link: link 0x0
01-01 00:01:33.903 0 0 D mv2112_read_status: autoneg is disabled
01-01 00:01:34.530 0 0 I init : starting service 'qvrd_vndr'...
01-01 00:01:34.535 0 0 I init : Created socket '/dev/socket/qvrservice_vndr', mode 660, user 1000, group 1000
01-01 00:01:34.538 0 0 I init : Created socket '/dev/socket/qvrservice_vndr_camera', mode 660, user 1000, group 1000
01-01 00:01:34.612 0 0 I init : starting service 'sxrd'...
08-23 17:43:26.376 3804 3804 F linker : CANNOT LINK EXECUTABLE "/vendor/bin/hw/qvrservice": library "vendor.qti.hardware.qxr-V1-ndk_platform.so" not found: needed by /vendor/lib64/libqvrservice.so in namespace (default)
01-01 00:01:34.654 0 0 I init : Service 'qvrd_vndr' (pid 3804) exited with status 1
01-01 00:01:34.654 0 0 I init : Sending signal 9 to service 'qvrd_vndr' (pid 3804) process group...
01-01 00:01:34.655 0 0 I libprocessgroup: Successfully killed process cgroup uid 1000 pid 3804 in 0ms
08-23 17:43:26.453 3805 3805 F linker : CANNOT LINK EXECUTABLE "/vendor/bin/hw/sxrservice": library "vendor.qti.hardware.qxr-V1-ndk_platform.so" not found: needed by main executable
01-01 00:01:34.694 0 0 I init : Service 'sxrd' (pid 3805) exited with status 1
01-01 00:01:34.694 0 0 I init : Sending signal 9 to service 'sxrd' (pid 3805) process group...
01-01 00:01:34.695 0 0 I libprocessgroup: Successfully killed process cgroup uid 1000 pid 3805 in 0ms
01-01 00:01:34.926 0 0 D : mv2112_read_status
01-01 00:01:34.926 0 0 D mv2112_update_link: 3.0x901(1G): 0x80
01-01 00:01:34.927 0 0 D mv2112_update_link: 3.0x8109(100M): 0x0
01-01 00:01:34.927 0 0 D mv2112_update_link: link 0x0
01-01 00:01:34.927 0 0 D mv2112_read_status: autoneg is disabled
01-01 00:01:35.950 0 0 D : mv2112_read_status
01-01 00:01:35.950 0 0 D mv2112_update_link: 3.0x901(1G): 0x80
01-01 00:01:35.951 0 0 D mv2112_update_link: 3.0x8109(100M): 0x0
01-01 00:01:35.951 0 0 D mv2112_update_link: link 0x0
01-01 00:01:35.951 0 0 D mv2112_read_status: autoneg is disabled
01-01 00:01:36.974 0 0 D : mv2112_read_status
01-01 00:01:36.974 0 0 D mv2112_update_link: 3.0x901(1G): 0x80
01-01 00:01:36.975 0 0 D mv2112_update_link: 3.0x8109(100M): 0x0
01-01 00:01:36.975 0 0 D mv2112_update_link: link 0x0
01-01 00:01:36.975 0 0 D mv2112_read_status: autoneg is disabled
08-23 17:43:28.851 1155 2858 I ActivityManager: Process com.qti.ltebc (pid 3750) has died: fg RCVR
08-23 17:43:28.867 1155 1231 D CompatibilityChangeReporter: Compat change id reported: 135634846; UID 10078; state: DISABLED
08-23 17:43:28.867 1155 1231 D CompatibilityChangeReporter: Compat change id reported: 177438394; UID 10078; state: DISABLED
08-23 17:43:28.867 1155 1231 D CompatibilityChangeReporter: Compat change id reported: 135772972; UID 10078; state: DISABLED
08-23 17:43:28.868 1155 1231 D CompatibilityChangeReporter: Compat change id reported: 135754954; UID 10078; state: ENABLED
08-23 17:43:28.868 1155 1232 D CompatibilityChangeReporter: Compat change id reported: 143937733; UID 10078; state: ENABLED
08-23 17:43:28.910 1155 1232 I ActivityManager: Start proc 3809:com.qti.ltebc/u0a78 for broadcast {com.qti.ltebc/com.qualcomm.ltebc.LTEBroadcastAlarmReceiver}
01-01 00:01:37.218 0 0 I binder : 3809:3809 ioctl 40046210 7fd97147c4 returned -22
01-01 00:01:37.998 0 0 D : mv2112_read_status
01-01 00:01:37.998 0 0 D mv2112_update_link: 3.0x901(1G): 0x80
01-01 00:01:37.999 0 0 D mv2112_update_link: 3.0x8109(100M): 0x0
01-01 00:01:37.999 0 0 D mv2112_update_link: link 0x0
01-01 00:01:37.999 0 0 D mv2112_read_status: autoneg is disabled
01-01 00:01:39.022 0 0 D : mv2112_read_status
01-01 00:01:39.022 0 0 D mv2112_update_link: 3.0x901(1G): 0x80
01-01 00:01:39.023 0 0 D mv2112_update_link: 3.0x8109(100M): 0x0
01-01 00:01:39.023 0 0 D mv2112_update_link: link 0x0
01-01 00:01:39.023 0 0 D mv2112_read_status: autoneg is disabled
01-01 00:01:39.571 0 0 I init : starting service 'qvrd_vndr'...
01-01 00:01:39.575 0 0 I init : Created socket '/dev/socket/qvrservice_vndr', mode 660, user 1000, group 1000
01-01 00:01:39.578 0 0 I init : Created socket '/dev/socket/qvrservice_vndr_camera', mode 660, user 1000, group 1000
01-01 00:01:39.647 0 0 I init : starting service 'sxrd'...
08-23 17:43:31.416 3869 3869 F linker : CANNOT LINK EXECUTABLE "/vendor/bin/hw/qvrservice": library "vendor.qti.hardware.qxr-V1-ndk_platform.so" not found: needed by /vendor/lib64/libqvrservice.so in namespace (default)
01-01 00:01:39.692 0 0 I init : Service 'qvrd_vndr' (pid 3869) exited with status 1
01-01 00:01:39.692 0 0 I init : Sending signal 9 to service 'qvrd_vndr' (pid 3869) process group...
01-01 00:01:39.692 0 0 I libprocessgroup: Successfully killed process cgroup uid 1000 pid 3869 in 0ms
08-23 17:43:31.481 3870 3870 F linker : CANNOT LINK EXECUTABLE "/vendor/bin/hw/sxrservice": library "vendor.qti.hardware.qxr-V1-ndk_platform.so" not found: needed by main executable
01-01 00:01:39.722 0 0 I init : Service 'sxrd' (pid 3870) exited with status 1
01-01 00:01:39.722 0 0 I init : Sending signal 9 to service 'sxrd' (pid 3870) process group...
01-01 00:01:39.723 0 0 I libprocessgroup: Successfully killed process cgroup uid 1000 pid 3870 in 0ms
01-01 00:01:40.046 0 0 D : mv2112_read_status
01-01 00:01:40.046 0 0 D mv2112_update_link: 3.0x901(1G): 0x80
01-01 00:01:40.047 0 0 D mv2112_update_link: 3.0x8109(100M): 0x0
01-01 00:01:40.047 0 0 D mv2112_update_link: link 0x0
01-01 00:01:40.047 0 0 D mv2112_read_status: autoneg is disabled
01-01 00:01:41.070 0 0 D : mv2112_read_status
01-01 00:01:41.070 0 0 D mv2112_update_link: 3.0x901(1G): 0x80
01-01 00:01:41.071 0 0 D mv2112_update_link: 3.0x8109(100M): 0x0
01-01 00:01:41.071 0 0 D mv2112_update_link: link 0x0
01-01 00:01:41.071 0 0 D mv2112_read_status: autoneg is disabled
01-01 00:01:42.094 0 0 D : mv2112_read_status
01-01 00:01:42.094 0 0 D mv2112_update_link: 3.0x901(1G): 0x80
01-01 00:01:42.095 0 0 D mv2112_update_link: 3.0x8109(100M): 0x0
01-01 00:01:42.095 0 0 D mv2112_update_link: link 0x0
01-01 00:01:42.095 0 0 D mv2112_read_status: autoneg is disabled
01-01 00:01:43.118 0 0 D : mv2112_read_status
01-01 00:01:43.119 0 0 D mv2112_update_link: 3.0x901(1G): 0x80
01-01 00:01:43.119 0 0 D mv2112_update_link: 3.0x8109(100M): 0x0
01-01 00:01:43.119 0 0 D mv2112_update_link: link 0x0
01-01 00:01:43.119 0 0 D mv2112_read_status: autoneg is disabled
08-23 17:43:35.058 1155 2054 D CompatibilityChangeReporter: Compat change id reported: 135634846; UID 10053; state: DISABLED
08-23 17:43:35.059 1155 2054 D CompatibilityChangeReporter: Compat change id reported: 177438394; UID 10053; state: DISABLED
08-23 17:43:35.059 1155 2054 D CompatibilityChangeReporter: Compat change id reported: 135772972; UID 10053; state: DISABLED
08-23 17:43:35.060 1155 2054 D CompatibilityChangeReporter: Compat change id reported: 135754954; UID 10053; state: DISABLED
08-23 17:43:35.061 1155 1232 D CompatibilityChangeReporter: Compat change id reported: 143937733; UID 10053; state: DISABLED
08-23 17:43:35.114 1155 1232 W ActivityManager: Slow operation: 58ms so far, now at startProcess: returned from zygote!
08-23 17:43:35.114 1155 1232 W ActivityManager: Slow operation: 58ms so far, now at startProcess: done updating battery stats
08-23 17:43:35.115 1155 1232 W ActivityManager: Slow operation: 58ms so far, now at startProcess: building log message
08-23 17:43:35.115 1155 1232 I ActivityManager: Start proc 3885:com.qualcomm.qti.qms.service.trustzoneaccess/u0a53 for service {com.qualcomm.qti.qms.service.trustzoneaccess/com.qualcomm.qti.qms.service.trustzoneaccess.TZAccessService}
08-23 17:43:35.115 1155 1232 W ActivityManager: Slow operation: 58ms so far, now at startProcess: starting to update pids map
08-23 17:43:35.115 1155 1232 W ActivityManager: Slow operation: 58ms so far, now at startProcess: done updating pids map
01-01 00:01:43.403 0 0 I binder : 3885:3885 ioctl 40046210 7fd97147c4 returned -22
08-23 17:43:35.172 1155 2054 D CompatibilityChangeReporter: Compat change id reported: 168419799; UID 10053; state: DISABLED
08-23 17:43:35.521 1155 2054 I ActivityManager: Process com.qti.ltebc (pid 3809) has died: cch+5 CEM
01-01 00:01:44.142 0 0 D : mv2112_read_status
01-01 00:01:44.143 0 0 D mv2112_update_link: 3.0x901(1G): 0x80
01-01 00:01:44.143 0 0 D mv2112_update_link: 3.0x8109(100M): 0x0
01-01 00:01:44.143 0 0 D mv2112_update_link: link 0x0
01-01 00:01:44.143 0 0 D mv2112_read_status: autoneg is disabled
01-01 00:01:44.614 0 0 I init : starting service 'qvrd_vndr'...
01-01 00:01:44.624 0 0 I init : Created socket '/dev/socket/qvrservice_vndr', mode 660, user 1000, group 1000
01-01 00:01:44.632 0 0 I init : Created socket '/dev/socket/qvrservice_vndr_camera', mode 660, user 1000, group 1000
01-01 00:01:44.697 0 0 I init : starting service 'sxrd'...
08-23 17:43:36.479 3952 3952 F linker : CANNOT LINK EXECUTABLE "/vendor/bin/hw/qvrservice": library "vendor.qti.hardware.qxr-V1-ndk_platform.so" not found: needed by /vendor/lib64/libqvrservice.so in namespace (default)
01-01 00:01:44.719 0 0 I init : Service 'qvrd_vndr' (pid 3952) exited with status 1
01-01 00:01:44.719 0 0 I init : Sending signal 9 to service 'qvrd_vndr' (pid 3952) process group...
01-01 00:01:44.719 0 0 I libprocessgroup: Successfully killed process cgroup uid 1000 pid 3952 in 0ms
08-23 17:43:36.529 3953 3953 F linker : CANNOT LINK EXECUTABLE "/vendor/bin/hw/sxrservice": library "vendor.qti.hardware.qxr-V1-ndk_platform.so" not found: needed by main executable
01-01 00:01:44.769 0 0 I init : Service 'sxrd' (pid 3953) exited with status 1
01-01 00:01:44.770 0 0 I init : Sending signal 9 to service 'sxrd' (pid 3953) process group...
01-01 00:01:44.771 0 0 I libprocessgroup: Successfully killed process cgroup uid 1000 pid 3953 in 1ms
01-01 00:01:45.166 0 0 D : mv2112_read_status
01-01 00:01:45.166 0 0 D mv2112_update_link: 3.0x901(1G): 0x80
01-01 00:01:45.167 0 0 D mv2112_update_link: 3.0x8109(100M): 0x0
01-01 00:01:45.167 0 0 D mv2112_update_link: link 0x0
01-01 00:01:45.167 0 0 D mv2112_read_status: autoneg is disabled
01-01 00:01:46.190 0 0 D : mv2112_read_status
01-01 00:01:46.190 0 0 D mv2112_update_link: 3.0x901(1G): 0x80
01-01 00:01:46.191 0 0 D mv2112_update_link: 3.0x8109(100M): 0x0
01-01 00:01:46.191 0 0 D mv2112_update_link: link 0x0
01-01 00:01:46.191 0 0 D mv2112_read_status: autoneg is disabled
01-01 00:01:47.214 0 0 D : mv2112_read_status
01-01 00:01:47.215 0 0 D mv2112_update_link: 3.0x901(1G): 0x80
01-01 00:01:47.215 0 0 D mv2112_update_link: 3.0x8109(100M): 0x0
01-01 00:01:47.215 0 0 D mv2112_update_link: link 0x0
01-01 00:01:47.215 0 0 D mv2112_read_status: autoneg is disabled
01-01 00:01:48.238 0 0 D : mv2112_read_status
01-01 00:01:48.239 0 0 D mv2112_update_link: 3.0x901(1G): 0x80
01-01 00:01:48.239 0 0 D mv2112_update_link: 3.0x8109(100M): 0x0
01-01 00:01:48.239 0 0 D mv2112_update_link: link 0x0
01-01 00:01:48.239 0 0 D mv2112_read_status: autoneg is disabled
01-01 00:01:49.262 0 0 D : mv2112_read_status
01-01 00:01:49.263 0 0 D mv2112_update_link: 3.0x901(1G): 0x80
01-01 00:01:49.263 0 0 D mv2112_update_link: 3.0x8109(100M): 0x0
01-01 00:01:49.263 0 0 D mv2112_update_link: link 0x0
01-01 00:01:49.263 0 0 D mv2112_read_status: autoneg is disabled
01-01 00:01:49.682 0 0 I init : starting service 'qvrd_vndr'...
01-01 00:01:49.690 0 0 I init : Created socket '/dev/socket/qvrservice_vndr', mode 660, user 1000, group 1000
01-01 00:01:49.703 0 0 I init : Created socket '/dev/socket/qvrservice_vndr_camera', mode 660, user 1000, group 1000
01-01 00:01:49.758 0 0 I init : starting service 'sxrd'...
08-23 17:43:41.539 4009 4009 F linker : CANNOT LINK EXECUTABLE "/vendor/bin/hw/qvrservice": library "vendor.qti.hardware.qxr-V1-ndk_platform.so" not found: needed by /vendor/lib64/libqvrservice.so in namespace (default)
01-01 00:01:49.779 0 0 I init : Service 'qvrd_vndr' (pid 4009) exited with status 1
01-01 00:01:49.779 0 0 I init : Sending signal 9 to service 'qvrd_vndr' (pid 4009) process group...
01-01 00:01:49.780 0 0 I libprocessgroup: Successfully killed process cgroup uid 1000 pid 4009 in 0ms
08-23 17:43:41.592 4010 4010 F linker : CANNOT LINK EXECUTABLE "/vendor/bin/hw/sxrservice": library "vendor.qti.hardware.qxr-V1-ndk_platform.so" not found: needed by main executable
01-01 00:01:49.833 0 0 I init : Service 'sxrd' (pid 4010) exited with status 1
01-01 00:01:49.833 0 0 I init : Sending signal 9 to service 'sxrd' (pid 4010) process group...
01-01 00:01:49.834 0 0 I libprocessgroup: Successfully killed process cgroup uid 1000 pid 4010 in 0ms
01-01 00:01:49.855 0 0 I [schedu][0x7db62088][17:43:41.616218] wlan: [2484:I:OSIF] scan start scan id 40962
01-01 00:01:50.286 0 0 D : mv2112_read_status
01-01 00:01:50.286 0 0 D mv2112_update_link: 3.0x901(1G): 0x80
01-01 00:01:50.287 0 0 D mv2112_update_link: 3.0x8109(100M): 0x0
01-01 00:01:50.287 0 0 D mv2112_update_link: link 0x0
01-01 00:01:50.287 0 0 D mv2112_read_status: autoneg is disabled
01-01 00:01:51.059 0 0 I [schedu][0x7f16c7bf][17:43:42.819942] wlan: [2484:I:OSIF] vdev 0, scan id 40962 type COMPLETED(1) reason COMPLETED(1) scan found 59 bss
01-01 00:01:51.310 0 0 D : mv2112_read_status
01-01 00:01:51.311 0 0 D mv2112_update_link: 3.0x901(1G): 0x80
01-01 00:01:51.311 0 0 D mv2112_update_link: 3.0x8109(100M): 0x0
01-01 00:01:51.311 0 0 D mv2112_update_link: link 0x0
01-01 00:01:51.311 0 0 D mv2112_read_status: autoneg is disabled
01-01 00:01:52.334 0 0 D : mv2112_read_status
01-01 00:01:52.335 0 0 D mv2112_update_link: 3.0x901(1G): 0x80
01-01 00:01:52.335 0 0 D mv2112_update_link: 3.0x8109(100M): 0x0
01-01 00:01:52.335 0 0 D mv2112_update_link: link 0x0
01-01 00:01:52.335 0 0 D mv2112_read_status: autoneg is disabled
01-01 00:01:53.358 0 0 D : mv2112_read_status
01-01 00:01:53.358 0 0 D mv2112_update_link: 3.0x901(1G): 0x80
01-01 00:01:53.359 0 0 D mv2112_update_link: 3.0x8109(100M): 0x0
01-01 00:01:53.359 0 0 D mv2112_update_link: link 0x0
01-01 00:01:53.359 0 0 D mv2112_read_status: autoneg is disabled
01-01 00:01:53.867 0 0 I : boot log copy done
01-01 00:01:54.382 0 0 D : mv2112_read_status
01-01 00:01:54.382 0 0 D mv2112_update_link: 3.0x901(1G): 0x80
01-01 00:01:54.383 0 0 D mv2112_update_link: 3.0x8109(100M): 0x0
01-01 00:01:54.383 0 0 D mv2112_update_link: link 0x0
01-01 00:01:54.383 0 0 D mv2112_read_status: autoneg is disabled
01-01 00:01:54.745 0 0 I init : starting service 'qvrd_vndr'...
01-01 00:01:54.752 0 0 I init : Created socket '/dev/socket/qvrservice_vndr', mode 660, user 1000, group 1000
01-01 00:01:54.758 0 0 I init : Created socket '/dev/socket/qvrservice_vndr_camera', mode 660, user 1000, group 1000
01-01 00:01:54.818 0 0 I init : starting service 'sxrd'...
08-23 17:43:46.599 4072 4072 F linker : CANNOT LINK EXECUTABLE "/vendor/bin/hw/qvrservice": library "vendor.qti.hardware.qxr-V1-ndk_platform.so" not found: needed by /vendor/lib64/libqvrservice.so in namespace (default)
01-01 00:01:54.840 0 0 I init : Service 'qvrd_vndr' (pid 4072) exited with status 1
01-01 00:01:54.840 0 0 I init : Sending signal 9 to service 'qvrd_vndr' (pid 4072) process group...
01-01 00:01:54.840 0 0 I libprocessgroup: Successfully killed process cgroup uid 1000 pid 4072 in 0ms
08-23 17:43:46.648 4073 4073 F linker : CANNOT LINK EXECUTABLE "/vendor/bin/hw/sxrservice": library "vendor.qti.hardware.qxr-V1-ndk_platform.so" not found: needed by main executable
01-01 00:01:54.889 0 0 I init : Service 'sxrd' (pid 4073) exited with status 1
01-01 00:01:54.889 0 0 I init : Sending signal 9 to service 'sxrd' (pid 4073) process group...
01-01 00:01:54.892 0 0 I libprocessgroup: Successfully killed process cgroup uid 1000 pid 4073 in 2ms
01-01 00:01:55.406 0 0 D : mv2112_read_status
01-01 00:01:55.407 0 0 D mv2112_update_link: 3.0x901(1G): 0x80
01-01 00:01:55.407 0 0 D mv2112_update_link: 3.0x8109(100M): 0x0
01-01 00:01:55.407 0 0 D mv2112_update_link: link 0x0
01-01 00:01:55.407 0 0 D mv2112_read_status: autoneg is disabled
01-01 00:01:56.430 0 0 D : mv2112_read_status
01-01 00:01:56.430 0 0 D mv2112_update_link: 3.0x901(1G): 0x80
01-01 00:01:56.431 0 0 D mv2112_update_link: 3.0x8109(100M): 0x0
01-01 00:01:56.431 0 0 D mv2112_update_link: link 0x0
01-01 00:01:56.431 0 0 D mv2112_read_status: autoneg is disabled
01-01 00:01:57.454 0 0 D : mv2112_read_status
01-01 00:01:57.454 0 0 D mv2112_update_link: 3.0x901(1G): 0x80
01-01 00:01:57.455 0 0 D mv2112_update_link: 3.0x8109(100M): 0x0
01-01 00:01:57.455 0 0 D mv2112_update_link: link 0x0
01-01 00:01:57.455 0 0 D mv2112_read_status: autoneg is disabled
01-01 00:01:58.478 0 0 D : mv2112_read_status
01-01 00:01:58.478 0 0 D mv2112_update_link: 3.0x901(1G): 0x80
01-01 00:01:58.479 0 0 D mv2112_update_link: 3.0x8109(100M): 0x0
01-01 00:01:58.479 0 0 D mv2112_update_link: link 0x0
01-01 00:01:58.479 0 0 D mv2112_read_status: autoneg is disabled
01-01 00:01:59.502 0 0 D : mv2112_read_status
01-01 00:01:59.503 0 0 D mv2112_update_link: 3.0x901(1G): 0x80
01-01 00:01:59.503 0 0 D mv2112_update_link: 3.0x8109(100M): 0x0
01-01 00:01:59.503 0 0 D mv2112_update_link: link 0x0
01-01 00:01:59.503 0 0 D mv2112_read_status: autoneg is disabled
01-01 00:01:59.804 0 0 I init : starting service 'qvrd_vndr'...
01-01 00:01:59.813 0 0 I init : Created socket '/dev/socket/qvrservice_vndr', mode 660, user 1000, group 1000
01-01 00:01:59.820 0 0 I init : Created socket '/dev/socket/qvrservice_vndr_camera', mode 660, user 1000, group 1000
01-01 00:01:59.875 0 0 I init : starting service 'sxrd'...
08-23 17:43:51.657 4141 4141 F linker : CANNOT LINK EXECUTABLE "/vendor/bin/hw/qvrservice": library "vendor.qti.hardware.qxr-V1-ndk_platform.so" not found: needed by /vendor/lib64/libqvrservice.so in namespace (default)
01-01 00:01:59.914 0 0 I init : Service 'qvrd_vndr' (pid 4141) exited with status 1
01-01 00:01:59.914 0 0 I init : Sending signal 9 to service 'qvrd_vndr' (pid 4141) process group...
01-01 00:01:59.914 0 0 I libprocessgroup: Successfully killed process cgroup uid 1000 pid 4141 in 0ms
08-23 17:43:51.727 4142 4142 F linker : CANNOT LINK EXECUTABLE "/vendor/bin/hw/sxrservice": library "vendor.qti.hardware.qxr-V1-ndk_platform.so" not found: needed by main executable
01-01 00:01:59.967 0 0 I init : Service 'sxrd' (pid 4142) exited with status 1
01-01 00:01:59.967 0 0 I init : Sending signal 9 to service 'sxrd' (pid 4142) process group...
01-01 00:01:59.968 0 0 I libprocessgroup: Successfully killed process cgroup uid 1000 pid 4142 in 0ms
01-01 00:02:00.526 0 0 D : mv2112_read_status
01-01 00:02:00.526 0 0 D mv2112_update_link: 3.0x901(1G): 0x80
01-01 00:02:00.527 0 0 D mv2112_update_link: 3.0x8109(100M): 0x0
01-01 00:02:00.527 0 0 D mv2112_update_link: link 0x0
01-01 00:02:00.527 0 0 D mv2112_read_status: autoneg is disabled
01-01 00:02:01.550 0 0 D : mv2112_read_status
01-01 00:02:01.550 0 0 D mv2112_update_link: 3.0x901(1G): 0x80
01-01 00:02:01.551 0 0 D mv2112_update_link: 3.0x8109(100M): 0x0
01-01 00:02:01.551 0 0 D mv2112_update_link: link 0x0
01-01 00:02:01.551 0 0 D mv2112_read_status: autoneg is disabled
01-01 00:02:02.574 0 0 D : mv2112_read_status
01-01 00:02:02.574 0 0 D mv2112_update_link: 3.0x901(1G): 0x80
01-01 00:02:02.575 0 0 D mv2112_update_link: 3.0x8109(100M): 0x0
01-01 00:02:02.575 0 0 D mv2112_update_link: link 0x0
01-01 00:02:02.575 0 0 D mv2112_read_status: autoneg is disabled
01-01 00:02:03.598 0 0 D : mv2112_read_status
01-01 00:02:03.598 0 0 D mv2112_update_link: 3.0x901(1G): 0x80
01-01 00:02:03.599 0 0 D mv2112_update_link: 3.0x8109(100M): 0x0
01-01 00:02:03.599 0 0 D mv2112_update_link: link 0x0
01-01 00:02:03.599 0 0 D mv2112_read_status: autoneg is disabled
01-01 00:02:04.622 0 0 D : mv2112_read_status
01-01 00:02:04.622 0 0 D mv2112_update_link: 3.0x901(1G): 0x80
01-01 00:02:04.623 0 0 D mv2112_update_link: 3.0x8109(100M): 0x0
01-01 00:02:04.623 0 0 D mv2112_update_link: link 0x0
01-01 00:02:04.623 0 0 D mv2112_read_status: autoneg is disabled
01-01 00:02:04.862 0 0 I init : starting service 'qvrd_vndr'...
01-01 00:02:04.870 0 0 I init : Created socket '/dev/socket/qvrservice_vndr', mode 660, user 1000, group 1000
01-01 00:02:04.882 0 0 I init : Created socket '/dev/socket/qvrservice_vndr_camera', mode 660, user 1000, group 1000
01-01 00:02:04.939 0 0 I init : starting service 'sxrd'...
08-23 17:43:56.720 4218 4218 F linker : CANNOT LINK EXECUTABLE "/vendor/bin/hw/qvrservice": library "vendor.qti.hardware.qxr-V1-ndk_platform.so" not found: needed by /vendor/lib64/libqvrservice.so in namespace (default)
01-01 00:02:04.960 0 0 I init : Service 'qvrd_vndr' (pid 4218) exited with status 1
01-01 00:02:04.960 0 0 I init : Sending signal 9 to service 'qvrd_vndr' (pid 4218) process group...
01-01 00:02:04.960 0 0 I libprocessgroup: Successfully killed process cgroup uid 1000 pid 4218 in 0ms
08-23 17:43:56.768 4219 4219 F linker : CANNOT LINK EXECUTABLE "/vendor/bin/hw/sxrservice": library "vendor.qti.hardware.qxr-V1-ndk_platform.so" not found: needed by main executable
01-01 00:02:05.009 0 0 I init : Service 'sxrd' (pid 4219) exited with status 1
01-01 00:02:05.009 0 0 I init : Sending signal 9 to service 'sxrd' (pid 4219) process group...
01-01 00:02:05.011 0 0 I libprocessgroup: Successfully killed process cgroup uid 1000 pid 4219 in 1ms
01-01 00:02:05.646 0 0 D : mv2112_read_status
01-01 00:02:05.646 0 0 D mv2112_update_link: 3.0x901(1G): 0x80
01-01 00:02:05.647 0 0 D mv2112_update_link: 3.0x8109(100M): 0x0
01-01 00:02:05.647 0 0 D mv2112_update_link: link 0x0
01-01 00:02:05.647 0 0 D mv2112_read_status: autoneg is disabled
08-23 17:43:58.352 1155 1270 V DisplayPowerController[0]: Brightness [0.05] reason changing to: 'manual [ dim ]', previous reason: 'manual'.
08-23 17:43:58.357 1155 1866 E DisplayDeviceConfig: requesting nits when no mapping exists.
08-23 17:43:58.359 1155 1866 E DisplayDeviceConfig: requesting nits when no mapping exists.
08-23 17:43:58.363 1155 1231 I DropBoxManagerService: add tag=system_server_wtf isTagEnabled=true flags=0x2
08-23 17:43:58.377 1155 1231 I DropBoxManagerService: add tag=system_server_wtf isTagEnabled=true flags=0x2
08-23 17:43:58.390 1155 1866 E DisplayDeviceConfig: requesting nits when no mapping exists.
08-23 17:43:58.391 1155 1866 E DisplayDeviceConfig: requesting nits when no mapping exists.
08-23 17:43:58.394 1155 1231 I DropBoxManagerService: add tag=system_server_wtf isTagEnabled=true flags=0x2
08-23 17:43:58.400 1155 1231 I DropBoxManagerService: add tag=system_server_wtf isTagEnabled=true flags=0x2
08-23 17:43:58.415 1155 1866 E DisplayDeviceConfig: requesting nits when no mapping exists.
08-23 17:43:58.416 1155 1866 E DisplayDeviceConfig: requesting nits when no mapping exists.
08-23 17:43:58.418 1155 1231 I DropBoxManagerService: add tag=system_server_wtf isTagEnabled=true flags=0x2
08-23 17:43:58.427 1155 1866 E DisplayDeviceConfig: requesting nits when no mapping exists.
08-23 17:43:58.428 1155 1866 E DisplayDeviceConfig: requesting nits when no mapping exists.
01-01 00:02:06.670 0 0 D : mv2112_read_status
01-01 00:02:06.670 0 0 D mv2112_update_link: 3.0x901(1G): 0x80
01-01 00:02:06.670 0 0 D mv2112_update_link: 3.0x8109(100M): 0x0
01-01 00:02:06.670 0 0 D mv2112_update_link: link 0x0
01-01 00:02:06.670 0 0 D mv2112_read_status: autoneg is disabled
08-23 17:43:58.445 1155 1866 E DisplayDeviceConfig: requesting nits when no mapping exists.
08-23 17:43:58.446 1155 1866 E DisplayDeviceConfig: requesting nits when no mapping exists.
08-23 17:43:58.467 1155 1866 E DisplayDeviceConfig: requesting nits when no mapping exists.
08-23 17:43:58.468 1155 1866 E DisplayDeviceConfig: requesting nits when no mapping exists.
08-23 17:43:58.472 1155 1218 I DropBoxManagerService: add tag=system_server_strictmode isTagEnabled=true flags=0x2
08-23 17:43:58.479 1155 1866 E DisplayDeviceConfig: requesting nits when no mapping exists.
08-23 17:43:58.480 1155 1866 E DisplayDeviceConfig: requesting nits when no mapping exists.
08-23 17:43:58.494 1155 1866 E DisplayDeviceConfig: requesting nits when no mapping exists.
08-23 17:43:58.495 1155 1866 E DisplayDeviceConfig: requesting nits when no mapping exists.
08-23 17:43:58.511 1155 1866 E DisplayDeviceConfig: requesting nits when no mapping exists.
08-23 17:43:58.511 1155 1866 E DisplayDeviceConfig: requesting nits when no mapping exists.
08-23 17:43:58.527 1155 1866 E DisplayDeviceConfig: requesting nits when no mapping exists.
08-23 17:43:58.528 1155 1866 E DisplayDeviceConfig: requesting nits when no mapping exists.
08-23 17:43:58.544 1155 1866 E DisplayDeviceConfig: requesting nits when no mapping exists.
08-23 17:43:58.547 1155 1866 E DisplayDeviceConfig: requesting nits when no mapping exists.
08-23 17:43:58.562 1155 1866 E DisplayDeviceConfig: requesting nits when no mapping exists.
08-23 17:43:58.564 1155 1866 E DisplayDeviceConfig: requesting nits when no mapping exists.
08-23 17:43:58.577 1155 1866 E DisplayDeviceConfig: requesting nits when no mapping exists.
08-23 17:43:58.580 1155 1866 E DisplayDeviceConfig: requesting nits when no mapping exists.
08-23 17:43:58.594 1155 1866 E DisplayDeviceConfig: requesting nits when no mapping exists.
08-23 17:43:58.595 1155 1866 E DisplayDeviceConfig: requesting nits when no mapping exists.
08-23 17:43:58.611 1155 1866 E DisplayDeviceConfig: requesting nits when no mapping exists.
08-23 17:43:58.612 1155 1866 E DisplayDeviceConfig: requesting nits when no mapping exists.
08-23 17:43:58.628 1155 1866 E DisplayDeviceConfig: requesting nits when no mapping exists.
08-23 17:43:58.628 1155 1866 E DisplayDeviceConfig: requesting nits when no mapping exists.
08-23 17:43:58.644 1155 1866 E DisplayDeviceConfig: requesting nits when no mapping exists.
08-23 17:43:58.645 1155 1866 E DisplayDeviceConfig: requesting nits when no mapping exists.
08-23 17:43:58.661 1155 1866 E DisplayDeviceConfig: requesting nits when no mapping exists.
08-23 17:43:58.662 1155 1866 E DisplayDeviceConfig: requesting nits when no mapping exists.
08-23 17:43:58.678 1155 1866 E DisplayDeviceConfig: requesting nits when no mapping exists.
08-23 17:43:58.678 1155 1866 E DisplayDeviceConfig: requesting nits when no mapping exists.
08-23 17:43:58.695 1155 1866 E DisplayDeviceConfig: requesting nits when no mapping exists.
08-23 17:43:58.695 1155 1866 E DisplayDeviceConfig: requesting nits when no mapping exists.
08-23 17:43:58.712 1155 1866 E DisplayDeviceConfig: requesting nits when no mapping exists.
08-23 17:43:58.712 1155 1866 E DisplayDeviceConfig: requesting nits when no mapping exists.
08-23 17:43:58.728 1155 1866 E DisplayDeviceConfig: requesting nits when no mapping exists.
08-23 17:43:58.729 1155 1866 E DisplayDeviceConfig: requesting nits when no mapping exists.
08-23 17:43:58.744 1155 1866 E DisplayDeviceConfig: requesting nits when no mapping exists.
08-23 17:43:58.745 1155 1866 E DisplayDeviceConfig: requesting nits when no mapping exists.
08-23 17:43:58.761 1155 1866 E DisplayDeviceConfig: requesting nits when no mapping exists.
08-23 17:43:58.762 1155 1866 E DisplayDeviceConfig: requesting nits when no mapping exists.
08-23 17:43:58.778 1155 1866 E DisplayDeviceConfig: requesting nits when no mapping exists.
08-23 17:43:58.779 1155 1866 E DisplayDeviceConfig: requesting nits when no mapping exists.
08-23 17:43:58.795 1155 1866 E DisplayDeviceConfig: requesting nits when no mapping exists.
08-23 17:43:58.796 1155 1866 E DisplayDeviceConfig: requesting nits when no mapping exists.
08-23 17:43:58.811 1155 1866 E DisplayDeviceConfig: requesting nits when no mapping exists.
08-23 17:43:58.812 1155 1866 E DisplayDeviceConfig: requesting nits when no mapping exists.
08-23 17:43:58.828 1155 1866 E DisplayDeviceConfig: requesting nits when no mapping exists.
08-23 17:43:58.828 1155 1866 E DisplayDeviceConfig: requesting nits when no mapping exists.
08-23 17:43:58.844 1155 1866 E DisplayDeviceConfig: requesting nits when no mapping exists.
08-23 17:43:58.845 1155 1866 E DisplayDeviceConfig: requesting nits when no mapping exists.
01-01 00:02:07.694 0 0 D : mv2112_read_status
01-01 00:02:07.695 0 0 D mv2112_update_link: 3.0x901(1G): 0x80
01-01 00:02:07.695 0 0 D mv2112_update_link: 3.0x8109(100M): 0x0
01-01 00:02:07.695 0 0 D mv2112_update_link: link 0x0
01-01 00:02:07.695 0 0 D mv2112_read_status: autoneg is disabled
08-23 17:43:59.584 1155 1216 D CompatibilityChangeReporter: Compat change id reported: 168419799; UID 10099; state: DISABLED
01-01 00:02:08.717 0 0 D : mv2112_read_status
01-01 00:02:08.718 0 0 D mv2112_update_link: 3.0x901(1G): 0x80
01-01 00:02:08.718 0 0 D mv2112_update_link: 3.0x8109(100M): 0x0
01-01 00:02:08.718 0 0 D mv2112_update_link: link 0x0
01-01 00:02:08.718 0 0 D mv2112_read_status: autoneg is disabled
01-01 00:02:09.742 0 0 D : mv2112_read_status
01-01 00:02:09.743 0 0 D mv2112_update_link: 3.0x901(1G): 0x80
01-01 00:02:09.743 0 0 D mv2112_update_link: 3.0x8109(100M): 0x0
01-01 00:02:09.743 0 0 D mv2112_update_link: link 0x0
01-01 00:02:09.743 0 0 D mv2112_read_status: autoneg is disabled
01-01 00:02:09.927 0 0 I init : starting service 'qvrd_vndr'...
01-01 00:02:09.935 0 0 I init : Created socket '/dev/socket/qvrservice_vndr', mode 660, user 1000, group 1000
01-01 00:02:09.942 0 0 I init : Created socket '/dev/socket/qvrservice_vndr_camera', mode 660, user 1000, group 1000
01-01 00:02:09.999 0 0 I init : starting service 'sxrd'...
08-23 17:44:01.779 4313 4313 F linker : CANNOT LINK EXECUTABLE "/vendor/bin/hw/qvrservice": library "vendor.qti.hardware.qxr-V1-ndk_platform.so" not found: needed by /vendor/lib64/libqvrservice.so in namespace (default)
01-01 00:02:10.032 0 0 I init : Service 'qvrd_vndr' (pid 4313) exited with status 1
01-01 00:02:10.032 0 0 I init : Sending signal 9 to service 'qvrd_vndr' (pid 4313) process group...
01-01 00:02:10.032 0 0 I libprocessgroup: Successfully killed process cgroup uid 1000 pid 4313 in 0ms
08-23 17:44:01.846 4314 4314 F linker : CANNOT LINK EXECUTABLE "/vendor/bin/hw/sxrservice": library "vendor.qti.hardware.qxr-V1-ndk_platform.so" not found: needed by main executable
01-01 00:02:10.086 0 0 I init : Service 'sxrd' (pid 4314) exited with status 1
01-01 00:02:10.087 0 0 I init : Sending signal 9 to service 'sxrd' (pid 4314) process group...
01-01 00:02:10.087 0 0 I libprocessgroup: Successfully killed process cgroup uid 1000 pid 4314 in 0ms
01-01 00:02:10.766 0 0 D : mv2112_read_status
01-01 00:02:10.766 0 0 D mv2112_update_link: 3.0x901(1G): 0x80
01-01 00:02:10.767 0 0 D mv2112_update_link: 3.0x8109(100M): 0x0
01-01 00:02:10.767 0 0 D mv2112_update_link: link 0x0
01-01 00:02:10.767 0 0 D mv2112_read_status: autoneg is disabled
01-01 00:02:11.790 0 0 D : mv2112_read_status
01-01 00:02:11.791 0 0 D mv2112_update_link: 3.0x901(1G): 0x80
01-01 00:02:11.791 0 0 D mv2112_update_link: 3.0x8109(100M): 0x0
01-01 00:02:11.791 0 0 D mv2112_update_link: link 0x0
01-01 00:02:11.791 0 0 D mv2112_read_status: autoneg is disabled
01-01 00:02:12.814 0 0 D : mv2112_read_status
01-01 00:02:12.814 0 0 D mv2112_update_link: 3.0x901(1G): 0x80
01-01 00:02:12.815 0 0 D mv2112_update_link: 3.0x8109(100M): 0x0
01-01 00:02:12.815 0 0 D mv2112_update_link: link 0x0
01-01 00:02:12.815 0 0 D mv2112_read_status: autoneg is disabled
01-01 00:02:13.838 0 0 D : mv2112_read_status
01-01 00:02:13.838 0 0 D mv2112_update_link: 3.0x901(1G): 0x80
01-01 00:02:13.839 0 0 D mv2112_update_link: 3.0x8109(100M): 0x0
01-01 00:02:13.839 0 0 D mv2112_update_link: link 0x0
01-01 00:02:13.839 0 0 D mv2112_read_status: autoneg is disabled
01-01 00:02:14.862 0 0 D : mv2112_read_status
01-01 00:02:14.862 0 0 D mv2112_update_link: 3.0x901(1G): 0x80
01-01 00:02:14.863 0 0 D mv2112_update_link: 3.0x8109(100M): 0x0
01-01 00:02:14.863 0 0 D mv2112_update_link: link 0x0
01-01 00:02:14.863 0 0 D mv2112_read_status: autoneg is disabled
01-01 00:02:14.983 0 0 I init : starting service 'qvrd_vndr'...
01-01 00:02:14.987 0 0 I init : Created socket '/dev/socket/qvrservice_vndr', mode 660, user 1000, group 1000
01-01 00:02:14.990 0 0 I init : Created socket '/dev/socket/qvrservice_vndr_camera', mode 660, user 1000, group 1000
01-01 00:02:15.025 0 0 I init : starting service 'sxrd'...
08-23 17:44:06.824 4400 4400 F linker : CANNOT LINK EXECUTABLE "/vendor/bin/hw/qvrservice": library "vendor.qti.hardware.qxr-V1-ndk_platform.so" not found: needed by /vendor/lib64/libqvrservice.so in namespace (default)
01-01 00:02:15.065 0 0 I init : Service 'qvrd_vndr' (pid 4400) exited with status 1
01-01 00:02:15.065 0 0 I init : Sending signal 9 to service 'qvrd_vndr' (pid 4400) process group...
01-01 00:02:15.066 0 0 I libprocessgroup: Successfully killed process cgroup uid 1000 pid 4400 in 1ms
08-23 17:44:06.832 4401 4401 F linker : CANNOT LINK EXECUTABLE "/vendor/bin/hw/sxrservice": library "vendor.qti.hardware.qxr-V1-ndk_platform.so" not found: needed by main executable
01-01 00:02:15.072 0 0 I init : Service 'sxrd' (pid 4401) exited with status 1
01-01 00:02:15.072 0 0 I init : Sending signal 9 to service 'sxrd' (pid 4401) process group...
01-01 00:02:15.073 0 0 I libprocessgroup: Successfully killed process cgroup uid 1000 pid 4401 in 0ms
08-23 17:44:07.048 1155 1270 I PowerManagerService: Napping display group (groupId=0, uid=1000)...
08-23 17:44:07.049 1155 1270 I PowerManagerService: Nap time (uid 1000)...
08-23 17:44:07.057 1155 1270 I DreamManagerService: Entering dreamland.
08-23 17:44:07.060 1155 1270 I PowerManagerService: Dreaming...
08-23 17:44:07.064 1155 1216 I DreamController: Starting dream: name=ComponentInfo{com.android.deskclock/com.android.deskclock.Screensaver}, isTest=false, canDoze=false, userId=0
08-23 17:44:07.086 1155 1216 D AutofillManagerService: Close system dialogs
08-23 17:44:07.106 1155 2054 I ActivityTaskManager: START u0 {flg=0x10000000 pkg=com.android.deskclock cmp=com.android.deskclock/android.service.dreams.DreamActivity (has extras)} from uid 10068
08-23 17:44:07.112 1155 2054 D CompatibilityChangeReporter: Compat change id reported: 184838306; UID 10068; state: DISABLED
08-23 17:44:07.117 1155 2054 D CompatibilityChangeReporter: Compat change id reported: 185004937; UID 10068; state: DISABLED
08-23 17:44:07.119 1155 2054 D CompatibilityChangeReporter: Compat change id reported: 181136395; UID 10068; state: DISABLED
08-23 17:44:07.120 1155 2054 D CompatibilityChangeReporter: Compat change id reported: 174042936; UID 10068; state: DISABLED
08-23 17:44:07.122 1155 2054 D CompatibilityChangeReporter: Compat change id reported: 174042980; UID 10068; state: DISABLED
08-23 17:44:07.124 1155 2054 W ActivityTaskManager: Can't find TaskDisplayArea to determine support for multi window. Task id=45 attached=false
08-23 17:44:07.135 1155 2054 V SplashScreenExceptionList: SplashScreen checking exception for package com.android.deskclock (target sdk:29) -> false
08-23 17:44:07.155 1155 2858 I ActivityTaskManager: The Process com.android.deskclock Already Exists in BG. So sending its PID: 2623
01-01 00:02:15.567 0 0 I binder : 2623:4405 ioctl 40046210 70204121f4 returned -22
08-23 17:44:07.382 1155 1270 V DisplayPowerController[0]: Brightness [0.39763778] reason changing to: 'manual', previous reason: 'manual [ dim ]'.
08-23 17:44:07.383 1155 1866 E DisplayDeviceConfig: requesting nits when no mapping exists.
08-23 17:44:07.384 1155 1866 E DisplayDeviceConfig: requesting nits when no mapping exists.
08-23 17:44:07.402 1155 1866 E DisplayDeviceConfig: requesting nits when no mapping exists.
08-23 17:44:07.402 1155 1866 E DisplayDeviceConfig: requesting nits when no mapping exists.
08-23 17:44:07.437 1155 1866 E DisplayDeviceConfig: requesting nits when no mapping exists.
08-23 17:44:07.438 1155 1866 E DisplayDeviceConfig: requesting nits when no mapping exists.
08-23 17:44:07.455 1155 1866 E DisplayDeviceConfig: requesting nits when no mapping exists.
08-23 17:44:07.456 1155 1866 E DisplayDeviceConfig: requesting nits when no mapping exists.
08-23 17:44:07.486 1155 1866 E DisplayDeviceConfig: requesting nits when no mapping exists.
08-23 17:44:07.487 1155 1866 E DisplayDeviceConfig: requesting nits when no mapping exists.
08-23 17:44:07.519 1155 1866 E DisplayDeviceConfig: requesting nits when no mapping exists.
08-23 17:44:07.520 1155 1866 E DisplayDeviceConfig: requesting nits when no mapping exists.
08-23 17:44:07.537 1155 1866 E DisplayDeviceConfig: requesting nits when no mapping exists.
08-23 17:44:07.537 1155 1866 E DisplayDeviceConfig: requesting nits when no mapping exists.
08-23 17:44:07.569 1155 1866 E DisplayDeviceConfig: requesting nits when no mapping exists.
08-23 17:44:07.571 1155 1866 E DisplayDeviceConfig: requesting nits when no mapping exists.
08-23 17:44:07.600 1155 1866 E DisplayDeviceConfig: requesting nits when no mapping exists.
08-23 17:44:07.601 1155 1866 E DisplayDeviceConfig: requesting nits when no mapping exists.
08-23 17:44:07.616 1155 1866 E DisplayDeviceConfig: requesting nits when no mapping exists.
08-23 17:44:07.617 1155 1866 E DisplayDeviceConfig: requesting nits when no mapping exists.
01-01 00:02:15.885 0 0 D : mv2112_read_status
01-01 00:02:15.886 0 0 D mv2112_update_link: 3.0x901(1G): 0x80
01-01 00:02:15.886 0 0 D mv2112_update_link: 3.0x8109(100M): 0x0
01-01 00:02:15.886 0 0 D mv2112_update_link: link 0x0
01-01 00:02:15.886 0 0 D mv2112_read_status: autoneg is disabled
08-23 17:44:07.650 1155 1866 E DisplayDeviceConfig: requesting nits when no mapping exists.
08-23 17:44:07.652 1155 1866 E DisplayDeviceConfig: requesting nits when no mapping exists.
08-23 17:44:07.690 1155 1866 E DisplayDeviceConfig: requesting nits when no mapping exists.
08-23 17:44:07.693 1155 1866 E DisplayDeviceConfig: requesting nits when no mapping exists.
08-23 17:44:07.716 1155 1866 E DisplayDeviceConfig: requesting nits when no mapping exists.
08-23 17:44:07.717 1155 1866 E DisplayDeviceConfig: requesting nits when no mapping exists.
08-23 17:44:07.733 1155 1866 E DisplayDeviceConfig: requesting nits when no mapping exists.
08-23 17:44:07.734 1155 1866 E DisplayDeviceConfig: requesting nits when no mapping exists.
08-23 17:44:07.767 1155 1866 E DisplayDeviceConfig: requesting nits when no mapping exists.
08-23 17:44:07.768 1155 1866 E DisplayDeviceConfig: requesting nits when no mapping exists.
08-23 17:44:07.784 1155 1866 E DisplayDeviceConfig: requesting nits when no mapping exists.
08-23 17:44:07.785 1155 1866 E DisplayDeviceConfig: requesting nits when no mapping exists.
08-23 17:44:07.800 1155 1866 E DisplayDeviceConfig: requesting nits when no mapping exists.
08-23 17:44:07.801 1155 1866 E DisplayDeviceConfig: requesting nits when no mapping exists.
08-23 17:44:07.817 1155 1866 E DisplayDeviceConfig: requesting nits when no mapping exists.
08-23 17:44:07.817 1155 1866 E DisplayDeviceConfig: requesting nits when no mapping exists.
08-23 17:44:07.836 1155 1866 E DisplayDeviceConfig: requesting nits when no mapping exists.
08-23 17:44:07.837 1155 1866 E DisplayDeviceConfig: requesting nits when no mapping exists.
08-23 17:44:07.852 1155 1866 E DisplayDeviceConfig: requesting nits when no mapping exists.
08-23 17:44:07.852 1155 1866 E DisplayDeviceConfig: requesting nits when no mapping exists.
08-23 17:44:07.869 1155 1866 E DisplayDeviceConfig: requesting nits when no mapping exists.
08-23 17:44:07.871 1155 1866 E DisplayDeviceConfig: requesting nits when no mapping exists.
