01-01 00:01:02.128 1155 1155 W android.permission.PermissionManager: Missing ActivityManager; assuming 1000 holds android.permission.SET_PREFERRED_APPLICATIONS
01-01 00:01:02.128 1155 1155 W android.permission.PermissionManager: Missing ActivityManager; assuming 1000 holds android.permission.SET_PREFERRED_APPLICATIONS
01-01 00:01:02.129 1155 1155 W android.permission.PermissionManager: Missing ActivityManager; assuming 1000 holds android.permission.SET_PREFERRED_APPLICATIONS
01-01 00:01:02.129 1155 1155 W android.permission.PermissionManager: Missing ActivityManager; assuming 1000 holds android.permission.SET_PREFERRED_APPLICATIONS
01-01 00:01:02.130 1155 1155 W android.permission.PermissionManager: Missing ActivityManager; assuming 1000 holds android.permission.SET_PREFERRED_APPLICATIONS
01-01 00:01:02.130 1155 1155 W android.permission.PermissionManager: Missing ActivityManager; assuming 1000 holds android.permission.SET_PREFERRED_APPLICATIONS
01-01 00:01:02.131 1155 1155 W android.permission.PermissionManager: Missing ActivityManager; assuming 1000 holds android.permission.SET_PREFERRED_APPLICATIONS
01-01 00:01:02.131 1155 1155 W android.permission.PermissionManager: Missing ActivityManager; assuming 1000 holds android.permission.SET_PREFERRED_APPLICATIONS
01-01 00:01:02.132 1155 1155 W android.permission.PermissionManager: Missing ActivityManager; assuming 1000 holds android.permission.SET_PREFERRED_APPLICATIONS
01-01 00:01:02.132 1155 1155 W android.permission.PermissionManager: Missing ActivityManager; assuming 1000 holds android.permission.SET_PREFERRED_APPLICATIONS
01-01 00:01:02.132 1155 1155 W android.permission.PermissionManager: Missing ActivityManager; assuming 1000 holds android.permission.SET_PREFERRED_APPLICATIONS
01-01 00:01:02.133 1155 1155 W android.permission.PermissionManager: Missing ActivityManager; assuming 1000 holds android.permission.SET_PREFERRED_APPLICATIONS
01-01 00:01:02.136 1155 1155 W android.permission.PermissionManager: Missing ActivityManager; assuming 1000 holds android.permission.SET_PREFERRED_APPLICATIONS
01-01 00:01:02.137 1155 1155 W android.permission.PermissionManager: Missing ActivityManager; assuming 1000 holds android.permission.SET_PREFERRED_APPLICATIONS
01-01 00:01:02.137 1155 1155 W android.permission.PermissionManager: Missing ActivityManager; assuming 1000 holds android.permission.SET_PREFERRED_APPLICATIONS
01-01 00:01:02.139 1155 1155 W android.permission.PermissionManager: Missing ActivityManager; assuming 1000 holds android.permission.SET_PREFERRED_APPLICATIONS
01-01 00:01:02.140 1155 1155 W android.permission.PermissionManager: Missing ActivityManager; assuming 1000 holds android.permission.SET_PREFERRED_APPLICATIONS
01-01 00:01:02.143 1155 1155 W android.permission.PermissionManager: Missing ActivityManager; assuming 1000 holds android.permission.SET_PREFERRED_APPLICATIONS
01-01 00:01:02.337 0 0 I qcom,camera ac4f000.qcom,cci: qcom,cam-sensor0: Dropping the link to regulator.57
01-01 00:01:02.348 0 0 E kona-asoc-snd soc: qcom,msm-audio-apr:qcom,q6core-audio:sound: ASoC: no source widget found for DMIC7_OUTPUT
01-01 00:01:02.144 1155 1155 W android.permission.PermissionManager: Missing ActivityManager; assuming 1000 holds android.permission.SET_PREFERRED_APPLICATIONS
01-01 00:01:02.144 1155 1155 W android.permission.PermissionManager: Missing ActivityManager; assuming 1000 holds android.permission.SET_PREFERRED_APPLICATIONS
01-01 00:01:02.153 1155 1155 W android.permission.PermissionManager: Missing ActivityManager; assuming 1000 holds android.permission.SET_PREFERRED_APPLICATIONS
01-01 00:01:02.154 1155 1155 W android.permission.PermissionManager: Missing ActivityManager; assuming 1000 holds android.permission.SET_PREFERRED_APPLICATIONS
01-01 00:01:02.154 1155 1155 W android.permission.PermissionManager: Missing ActivityManager; assuming 1000 holds android.permission.SET_PREFERRED_APPLICATIONS
01-01 00:01:02.155 1155 1155 W android.permission.PermissionManager: Missing ActivityManager; assuming 1000 holds android.permission.SET_PREFERRED_APPLICATIONS
01-01 00:01:02.155 1155 1155 W android.permission.PermissionManager: Missing ActivityManager; assuming 1000 holds android.permission.SET_PREFERRED_APPLICATIONS
01-01 00:01:02.156 1155 1155 W android.permission.PermissionManager: Missing ActivityManager; assuming 1000 holds android.permission.SET_PREFERRED_APPLICATIONS
01-01 00:01:02.156 1155 1155 W android.permission.PermissionManager: Missing ActivityManager; assuming 1000 holds android.permission.SET_PREFERRED_APPLICATIONS
01-01 00:01:02.157 1155 1155 W android.permission.PermissionManager: Missing ActivityManager; assuming 1000 holds android.permission.SET_PREFERRED_APPLICATIONS
01-01 00:01:02.157 1155 1155 W android.permission.PermissionManager: Missing ActivityManager; assuming 1000 holds android.permission.SET_PREFERRED_APPLICATIONS
01-01 00:01:02.158 1155 1155 W android.permission.PermissionManager: Missing ActivityManager; assuming 1000 holds android.permission.SET_PREFERRED_APPLICATIONS
01-01 00:01:02.158 1155 1155 W android.permission.PermissionManager: Missing ActivityManager; assuming 1000 holds android.permission.SET_PREFERRED_APPLICATIONS
01-01 00:01:02.359 0 0 I qcom,camera ac4f000.qcom,cci: qcom,cam-sensor0: Dropping the link to regulator.52
01-01 00:01:02.371 0 0 E kona-asoc-snd soc: qcom,msm-audio-apr:qcom,q6core-audio:sound: ASoC: Failed to add route DMIC7_OUTPUT -> direct -> VA SWR_MIC6
01-01 00:01:02.372 0 0 E kona-asoc-snd soc: qcom,msm-audio-apr:qcom,q6core-audio:sound: ASoC: no source widget found for DMIC8_OUTPUT
01-01 00:01:02.171 1155 1155 W PackageSettings: Missing permission state for package: android.frameworkres.overlay
01-01 00:01:02.171 1155 1155 W PackageSettings: Missing permission state for package: com.android.cts.priv.ctsshim
01-01 00:01:02.171 1155 1155 W PackageSettings: Missing permission state for package: com.android.internal.systemui.navbar.gestural_wide_back
01-01 00:01:02.172 1155 1155 W PackageSettings: Missing permission state for package: com.qualcomm.qti.gpudrivers.kona.api30
01-01 00:01:02.172 1155 1155 W PackageSettings: Missing permission state for package: com.android.htmlviewer
01-01 00:01:02.172 1155 1155 W PackageSettings: Missing permission state for package: com.android.internal.systemui.onehanded.gestural
01-01 00:01:02.172 1155 1155 W PackageSettings: Missing permission state for package: com.qualcomm.qti.optinoverlay
01-01 00:01:02.172 1155 1155 W PackageSettings: Missing permission state for package: android.qvaoverlay.common
01-01 00:01:02.172 1155 1155 W PackageSettings: Missing permission state for package: android.overlay.common
01-01 00:01:02.172 1155 1155 W PackageSettings: Missing permission state for package: com.android.connectivity.resources
01-01 00:01:02.172 1155 1155 W PackageSettings: Missing permission state for package: com.android.modulemetadata
01-01 00:01:02.172 1155 1155 W PackageSettings: Missing permission state for package: com.android.internal.systemui.navbar.threebutton
01-01 00:01:02.172 1155 1155 W PackageSettings: Missing permission state for package: android.overlay.target
01-01 00:01:02.172 1155 1155 W PackageSettings: Missing permission state for package: com.android.internal.systemui.navbar.gestural_extra_wide_back
01-01 00:01:02.172 1155 1155 W PackageSettings: Missing permission state for package: com.android.wifi.resources.overlay.common
01-01 00:01:02.172 1155 1155 W PackageSettings: Missing permission state for package: com.android.dreams.basic
01-01 00:01:02.172 1155 1155 W PackageSettings: Missing permission state for package: com.android.settings.overlay.common
01-01 00:01:02.173 1155 1155 W PackageSettings: Missing permission state for package: android.ext.shared
01-01 00:01:02.173 1155 1155 W PackageSettings: Missing permission state for package: com.android.wifi.resources.overlay.target
01-01 00:01:02.173 1155 1155 W PackageSettings: Missing permission state for package: com.android.wifi.resources
01-01 00:01:02.173 1155 1155 W PackageSettings: Missing permission state for package: com.android.systemui.overlay.common
01-01 00:01:02.173 1155 1155 W PackageSettings: Missing permission state for package: com.android.cameraextensions
01-01 00:01:02.173 1155 1155 W PackageSettings: Missing permission state for package: com.android.theme.font.notoserifsource
01-01 00:01:02.383 0 0 I qcom,camera ac4f000.qcom,cci: qcom,cam-sensor0: Dropping the link to regulator.55
01-01 00:01:02.396 0 0 E kona-asoc-snd soc: qcom,msm-audio-apr:qcom,q6core-audio:sound: ASoC: Failed to add route DMIC8_OUTPUT -> direct -> VA SWR_MIC7
01-01 00:01:02.396 0 0 W kona-asoc-snd soc: qcom,msm-audio-apr:qcom,q6core-audio:sound: ASoC: no DMI vendor name!
01-01 00:01:02.181 1155 1155 W PackageSettings: Missing permission state for package: com.android.internal.display.cutout.emulation.waterfall
01-01 00:01:02.181 1155 1155 W PackageSettings: Missing permission state for package: com.android.providers.settings.overlay
01-01 00:01:02.181 1155 1155 W PackageSettings: Missing permission state for package: com.android.bookmarkprovider
01-01 00:01:02.181 1155 1155 W PackageSettings: Missing permission state for package: com.android.cts.ctsshim
01-01 00:01:02.181 1155 1155 W PackageSettings: Missing permission state for package: com.qualcomm.qti.xrcb
01-01 00:01:02.182 1155 1155 W PackageSettings: Missing permission state for package: com.android.internal.systemui.navbar.gestural
01-01 00:01:02.182 1155 1155 W PackageSettings: Missing permission state for package: com.android.internal.systemui.navbar.gestural_narrow_back
01-01 00:01:02.182 1155 1155 W PackageSettings: Missing permission state for package: com.android.cellbroadcastreceiver.overlay.common
01-01 00:01:02.182 1155 1155 W PackageSettings: Missing permission state for shared user: android.uid.log
01-01 00:01:02.182 1155 1155 W PackageSettings: Missing permission state for shared user: android.uid.uwb
01-01 00:01:02.482 0 0 W swr-wcd wsa_swr_ctrl: DMA mask not set
01-01 00:01:02.507 0 0 I binder : 1322:1322 ioctl 40046210 7fc5695ca4 returned -22
01-01 00:01:02.522 0 0 I qcom,camera ac50000.qcom,cci: qcom,cam-sensor3: Linked as a consumer to regulator.86
01-01 00:01:02.525 0 0 I binder : 1314:1314 ioctl 40046210 7fc3d4cf14 returned -22
01-01 00:01:02.530 0 0 I qcom,camera ac50000.qcom,cci: qcom,cam-sensor3: Linked as a consumer to regulator.57
01-01 00:01:02.531 0 0 I qcom,camera ac50000.qcom,cci: qcom,cam-sensor3: Linked as a consumer to regulator.77
01-01 00:01:02.548 0 0 E swr-wcd wsa_swr_ctrl: swrm_get_logical_dev_num: device 0x1020170211 is not ready
01-01 00:01:02.566 0 0 I binder : 1331:1331 ioctl 40046210 7ff8eb7444 returned -22
01-01 00:01:02.568 0 0 I CAM_ERR : CAM-CCI: cam_cci_irq: 264 Base:ffffff801a04d000, M1_Q1 NACK ERROR: 0x40000000
01-01 00:01:02.297 1155 1155 D PackageManagerTiming: read user settings took to complete: 323ms
01-01 00:01:02.569 0 0 I CAM_ERR : CAM-CCI: cam_cci_read: 1306 ERROR with Slave 0xc0:
01-01 00:01:02.569 0 0 I CAM_ERR : CAM-CCI: cam_cci_read_bytes: 1561 failed to read rc:-22
01-01 00:01:02.569 0 0 I CAM_ERR : CAM-SENSOR: cam_cci_i2c_read: 35 rc = -22
01-01 00:01:02.569 0 0 I CAM_WARN: CAM-SENSOR: cam_sensor_match_id: 769 read id: 0x0 expected id 0x9281:
01-01 00:01:02.569 0 0 I qcom,camera ac50000.qcom,cci: qcom,cam-sensor3: Dropping the link to regulator.77
01-01 00:01:02.574 0 0 I qcom,camera ac50000.qcom,cci: qcom,cam-sensor3: Dropping the link to regulator.57
01-01 00:01:02.575 0 0 I qcom,camera ac50000.qcom,cci: qcom,cam-sensor3: Dropping the link to regulator.86
01-01 00:01:02.580 0 0 E swr_get_logical_dev_num: Error -22 to get logical addr for device 1020170211
01-01 00:01:02.349 1155 1155 D PackageManager: Keeping known cache 9c31807fbd644abd8e6f1ce5edd4787d584f616e
01-01 00:01:02.351 1331 1331 I wificond: wificond is starting up...
01-01 00:01:02.367 1155 1155 W android.permission.PermissionManager: Missing ActivityManager; assuming 1000 holds android.permission.WATCH_APPOPS
01-01 00:01:02.370 1155 1155 W android.permission.PermissionManager: Missing ActivityManager; assuming 1000 holds android.permission.WATCH_APPOPS
01-01 00:01:02.596 0 0 I binder : 1331:1331 ioctl 40046210 7ff8eb73c4 returned -22
01-01 00:01:02.388 1331 1331 I HidlServiceManagement: Registered android.system.wifi.keystore@1.0::IKeystore/default
01-01 00:01:02.606 0 0 W wsa881x : probe of wsa881x.1020170211 failed with error -22
01-01 00:01:02.400 1155 1155 D CompatibilityChangeReporter: Compat change id reported: 143539591; UID -1; state: ENABLED
01-01 00:01:02.622 0 0 W : ------------[ cut here ]------------
01-01 00:01:02.622 0 0 W : Unbalanced enable for IRQ 455
01-01 00:01:02.622 0 0 W : WARNING: CPU: 6 PID: 1127 at kernel/irq/manage.c:621 enable_irq+0x98/0xf0
01-01 00:01:02.622 0 0 I : Modules linked in: wlan(O+) machine_dlkm(O) wcd938x_slave_dlkm(O) wcd938x_dlkm(O) wcd9xxx_dlkm(O) mbhc_dlkm(O) tx_macro_dlkm(O) rx_macro_dlkm(O) va_macro_dlkm(O) wsa_macro_dlkm(O) swr_ctrl_dlkm(O) bolero_cdc_dlkm(O) wsa881x_dlkm(O) wcd_core_dlkm(O) stub_dlkm(O) hdmi_dlkm(O) swr_dlkm(O) pinctrl_lpi_dlkm(O) pinctrl_wcd_dlkm(O) usf_dlkm(O) native_dlkm(O) platform_dlkm(O) q6_dlkm(O) adsp_loader_dlkm(O) apr_dlkm(O) snd_event_dlkm(O) q6_notifier_dlkm(O) q6_pdr_dlkm(O) msm_11ad_proxy
01-01 00:01:02.622 0 0 I : CPU: 6 PID: 1127 Comm: kworker/6:4 Tainted: G S W O 4.19.157+ #1
01-01 00:01:02.622 0 0 I Hardware name: Qualcomm Technologies, Inc. kona MTP-RmPM8150b (DT)
01-01 00:01:02.622 0 0 I Workqueue: pm pm_runtime_work
01-01 00:01:02.622 0 0 I pstate : 60c00085 (nZCv daIf +PAN +UAO)
01-01 00:01:02.622 0 0 I pc : enable_irq+0x98/0xf0
01-01 00:01:02.622 0 0 I lr : enable_irq+0x98/0xf0
01-01 00:01:02.622 0 0 I sp : ffffff801512baf0
01-01 00:01:02.622 0 0 I : x29: ffffff801512bb00 x28: 0000000000000002
01-01 00:01:02.622 0 0 I : x27: 0000000000000000 x26: ffffffd70a6ffbfd
01-01 00:01:02.622 0 0 I : x25: 0000000000000000 x24: ffffff99b4d6d8e8
01-01 00:01:02.622 0 0 I : x23: ffffffd70a6fdf59 x22: ffffffd70a6ff9c8
01-01 00:01:02.622 0 0 I : x21: ffffffd70a61ee90 x20: 00000000000001c7
01-01 00:01:02.622 0 0 I : x19: ffffffd70a79e680 x18: 0000000000000030
01-01 00:01:02.622 0 0 I : x17: ffffff99b80f4000 x16: 00000000fffa9364
01-01 00:01:02.622 0 0 I : x15: 00000000000a9364 x14: 0000000000000086
01-01 00:01:02.622 0 0 I : x13: 0000000000000000 x12: 00000000000000e0
01-01 00:01:02.622 0 0 I : x11: 0000000000000000 x10: 0000000000000001
01-01 00:01:02.622 0 0 I : x9 : ede26c3520048300 x8 : ede26c3520048300
01-01 00:01:02.622 0 0 I : x7 : ffffff99b4582700 x6 : 0000000000000000
01-01 00:01:02.622 0 0 I : x5 : 0000000000000080 x4 : 0000000000000001
01-01 00:01:02.622 0 0 I : x3 : 0000000000000000 x2 : 0000000000000007
01-01 00:01:02.622 0 0 I : x1 : 0000000000000007 x0 : 000000000000001d
01-01 00:01:02.622 0 0 I Call trace:
01-01 00:01:02.622 0 0 I : enable_irq+0x98/0xf0
01-01 00:01:02.622 0 0 I : swrm_runtime_suspend+0x480/0x608 [swr_ctrl_dlkm]
01-01 00:01:02.622 0 0 I : pm_generic_runtime_suspend+0x34/0x48
01-01 00:01:02.622 0 0 I : __rpm_callback+0x128/0x234
01-01 00:01:02.622 0 0 I : rpm_suspend+0x468/0x820
01-01 00:01:02.622 0 0 I : rpm_idle+0x5bc/0x600
01-01 00:01:02.622 0 0 I : pm_runtime_work+0x7c/0xa8
01-01 00:01:02.622 0 0 I : process_one_work+0x38c/0x660
01-01 00:01:02.622 0 0 I : worker_thread+0x268/0x4b8
01-01 00:01:02.622 0 0 I : kthread+0x140/0x150
01-01 00:01:02.622 0 0 I : ret_from_fork+0x10/0x1c
01-01 00:01:02.622 0 0 I : irq event stamp: 3946
01-01 00:01:02.622 0 0 I : hardirqs last enabled at (3945): [] _raw_spin_unlock_irqrestore+0x44/0x88
01-01 00:01:02.622 0 0 I : hardirqs last disabled at (3946): [] _raw_spin_lock_irqsave+0x28/0x98
01-01 00:01:02.622 0 0 I : softirqs last enabled at (36): [] __do_softirq+0x50c/0x554
01-01 00:01:02.622 0 0 I : softirqs last disabled at (17): [] irq_exit+0xfc/0x120
01-01 00:01:02.622 0 0 W : ---[ end trace addd9e17fd11e7df ]---
01-01 00:01:02.626 0 0 E swr-wcd wsa_swr_ctrl: swrm_get_logical_dev_num: device 0x1020170212 is not ready
01-01 00:01:02.635 0 0 I qcom,camera ac50000.qcom,cci: qcom,cam-sensor2: Linked as a consumer to regulator.57
01-01 00:01:02.638 0 0 I qcom,camera ac50000.qcom,cci: qcom,cam-sensor2: Linked as a consumer to regulator.56
01-01 00:01:02.641 0 0 I qcom,camera ac50000.qcom,cci: qcom,cam-sensor2: Linked as a consumer to regulator.54
01-01 00:01:02.655 0 0 E swr_get_logical_dev_num: Error -22 to get logical addr for device 1020170212
01-01 00:01:02.664 0 0 I binder : 1327:1327 ioctl 40046210 7fdcd64a24 returned -22
01-01 00:01:02.673 0 0 I binder : 1334:1334 ioctl 40046210 7fc5f5bce4 returned -22
01-01 00:01:02.685 0 0 I qcom,camera ac50000.qcom,cci: qcom,cam-sensor2: Linked as a consumer to regulator.77
01-01 00:01:02.695 0 0 W wsa881x : probe of wsa881x.1020170212 failed with error -22
01-01 00:01:02.702 0 0 E swr-wcd wsa_swr_ctrl: swrm_get_logical_dev_num: device 0x1021170213 is not ready
01-01 00:01:02.703 0 0 I CAM_ERR : CAM-CCI: cam_cci_irq: 238 Base:ffffff801a04d000, M0_Q1 NACK ERROR: 0x10000000
01-01 00:01:02.713 0 0 I CAM_ERR : CAM-CCI: cam_cci_read: 1306 ERROR with Slave 0x20:
01-01 00:01:02.713 0 0 I CAM_ERR : CAM-CCI: cam_cci_read_bytes: 1561 failed to read rc:-22
01-01 00:01:02.713 0 0 I CAM_ERR : CAM-SENSOR: cam_cci_i2c_read: 35 rc = -22
01-01 00:01:02.713 0 0 I CAM_WARN: CAM-SENSOR: cam_sensor_match_id: 769 read id: 0x0 expected id 0x885a:
01-01 00:01:02.714 0 0 I qcom,camera ac50000.qcom,cci: qcom,cam-sensor2: Dropping the link to regulator.77
01-01 00:01:02.722 0 0 I qcom,camera ac50000.qcom,cci: qcom,cam-sensor2: Dropping the link to regulator.54
01-01 00:01:02.722 0 0 I qcom,camera ac50000.qcom,cci: qcom,cam-sensor2: Dropping the link to regulator.56
01-01 00:01:02.723 0 0 I qcom,camera ac50000.qcom,cci: qcom,cam-sensor2: Dropping the link to regulator.57
01-01 00:01:02.724 0 0 E swr_get_logical_dev_num: Error -22 to get logical addr for device 1021170213
01-01 00:01:02.517 1155 1155 D CompatibilityChangeReporter: Compat change id reported: 143539591; UID -1; state: DISABLED
01-01 00:01:02.518 1155 1155 D CompatibilityChangeReporter: Compat change id reported: 168782947; UID -1; state: ENABLED
01-01 00:01:02.740 0 0 I kona-asoc-snd soc: qcom,msm-audio-apr:qcom,q6core-audio:sound: msm_asoc_machine_probe: Sound card kona-mtp-snd-card registered
01-01 00:01:02.743 0 0 W wsa881x : probe of wsa881x.1021170213 failed with error -22
01-01 00:01:02.745 0 0 E : [drm:dp_display_init_aux_switch][msm-dp-err][365 ]failed to register notifier (-22)
01-01 00:01:02.763 0 0 E swr-wcd wsa_swr_ctrl: swrm_get_logical_dev_num: device 0x1021170214 is not ready
01-01 00:01:02.773 0 0 E swr_get_logical_dev_num: Error -22 to get logical addr for device 1021170214
01-01 00:01:02.777 0 0 I qcom,camera ac4f000.qcom,cci: qcom,cam-sensor5: Linked as a consumer to regulator.56
01-01 00:01:02.793 0 0 W wsa881x : probe of wsa881x.1021170214 failed with error -22
01-01 00:01:02.793 0 0 I qcom,camera ac4f000.qcom,cci: qcom,cam-sensor5: Linked as a consumer to regulator.53
01-01 00:01:02.794 0 0 W QSEECOM : qseecom_load_app: App (featenabler) does'nt exist, loading apps for first time
01-01 00:01:02.799 0 0 I qcom,camera ac4f000.qcom,cci: qcom,cam-sensor5: Linked as a consumer to regulator.57
01-01 00:01:02.799 0 0 W subsys-pil-tz soc: qcom,kgsl-hyp: Falling back to syfs fallback for: a650_zap.mdt
01-01 00:01:02.805 0 0 E swr-wcd rx_swr_ctrl: swrm_get_logical_dev_num: device 0xd01170224 is not ready
01-01 00:01:02.810 0 0 I qcom,camera ac4f000.qcom,cci: qcom,cam-sensor5: Linked as a consumer to regulator.77
01-01 00:01:02.591 1155 1155 W PackageManager: Failed to parse /system/framework/arm: Missing base APK in /system/framework/arm
01-01 00:01:02.591 1155 1155 W PackageManager: Failed to parse /system/framework/arm64: Missing base APK in /system/framework/arm64
01-01 00:01:02.591 1155 1155 W PackageManager: Failed to parse /system/framework/oat: Missing base APK in /system/framework/oat
01-01 00:01:02.824 0 0 E swr_get_logical_dev_num: Error -22 to get logical addr for device d01170224
01-01 00:01:02.844 0 0 E swr-wcd rx_swr_ctrl: swrm_get_logical_dev_num: device 0xd01170224 is not ready
01-01 00:01:02.854 0 0 I CAM_ERR : CAM-CCI: cam_cci_irq: 264 Base:ffffff801a045000, M1_Q1 NACK ERROR: 0x40000000
01-01 00:01:02.854 0 0 I CAM_ERR : CAM-CCI: cam_cci_read: 1306 ERROR with Slave 0xc0:
01-01 00:01:02.854 0 0 I CAM_ERR : CAM-CCI: cam_cci_read_bytes: 1561 failed to read rc:-22
01-01 00:01:02.854 0 0 I CAM_ERR : CAM-SENSOR: cam_cci_i2c_read: 35 rc = -22
01-01 00:01:02.854 0 0 I CAM_WARN: CAM-SENSOR: cam_sensor_match_id: 769 read id: 0x0 expected id 0x9281:
01-01 00:01:02.855 0 0 I qcom,camera ac4f000.qcom,cci: qcom,cam-sensor5: Dropping the link to regulator.77
01-01 00:01:02.858 0 0 W QSEECOM : qseecom_load_app: App with id 5 (featenabler) now loaded
01-01 00:01:02.860 0 0 E swr_get_logical_dev_num: Error -22 to get logical addr for device d01170224
01-01 00:01:02.867 0 0 I qcom,camera ac4f000.qcom,cci: qcom,cam-sensor5: Dropping the link to regulator.57
01-01 00:01:02.869 0 0 I qcom,camera ac4f000.qcom,cci: qcom,cam-sensor5: Dropping the link to regulator.53
01-01 00:01:02.869 0 0 I qcom,camera ac4f000.qcom,cci: qcom,cam-sensor5: Dropping the link to regulator.56
01-01 00:01:02.876 0 0 E swr-wcd rx_swr_ctrl: swrm_get_logical_dev_num: device 0xd01170224 is not ready
01-01 00:01:02.892 0 0 E swr_get_logical_dev_num: Error -22 to get logical addr for device d01170224
01-01 00:01:02.697 1155 1342 I PackageParsing: Parse times for '/system/framework/framework-res.apk': parse=117ms, update_cache=8 ms
01-01 00:01:02.912 0 0 E swr-wcd rx_swr_ctrl: swrm_get_logical_dev_num: device 0xd01170224 is not ready
01-01 00:01:02.922 0 0 I qcom,camera ac4f000.qcom,cci: qcom,cam-sensor0: Linked as a consumer to regulator.55
01-01 00:01:02.932 0 0 E swr_get_logical_dev_num: Error -22 to get logical addr for device d01170224
01-01 00:01:02.934 0 0 I qcom,camera ac4f000.qcom,cci: qcom,cam-sensor0: Linked as a consumer to regulator.52
01-01 00:01:02.948 0 0 E swr-wcd rx_swr_ctrl: swrm_get_logical_dev_num: device 0xd01170224 is not ready
01-01 00:01:02.950 0 0 I qcom,camera ac4f000.qcom,cci: qcom,cam-sensor0: Linked as a consumer to regulator.57
01-01 00:01:02.964 0 0 E swr_get_logical_dev_num: Error -22 to get logical addr for device d01170224
01-01 00:01:02.966 0 0 I qcom,camera ac4f000.qcom,cci: qcom,cam-sensor0: Linked as a consumer to regulator.77
01-01 00:01:02.977 0 0 I binder : 1324:1324 ioctl 40046210 ff93c338 returned -22
01-01 00:01:02.978 0 0 E wcd938x_codec wcd938x-codec: wcd938x_bind: Slave bind failed, ret = -517
01-01 00:01:02.999 0 0 I binder : 1324:1324 ioctl 40046210 ff93c320 returned -22
01-01 00:01:03.000 0 0 I CAM_ERR : CAM-CCI: cam_cci_irq: 238 Base:ffffff801a045000, M0_Q1 NACK ERROR: 0x10000000
01-01 00:01:03.001 0 0 I CAM_ERR : CAM-CCI: cam_cci_read: 1306 ERROR with Slave 0x20:
01-01 00:01:03.001 0 0 I CAM_ERR : CAM-CCI: cam_cci_read_bytes: 1561 failed to read rc:-22
01-01 00:01:03.001 0 0 I CAM_ERR : CAM-SENSOR: cam_cci_i2c_read: 35 rc = -22
01-01 00:01:03.001 0 0 I CAM_WARN: CAM-SENSOR: cam_sensor_match_id: 769 read id: 0x0 expected id 0x362:
01-01 00:01:03.001 0 0 E : [drm:dp_display_init_aux_switch][msm-dp-err][365 ]failed to register notifier (-22)
01-01 00:01:03.001 0 0 I qcom,camera ac4f000.qcom,cci: qcom,cam-sensor0: Dropping the link to regulator.77
01-01 00:01:02.776 1155 1183 W android.permission.PermissionManager: Missing ActivityManager; assuming 1013 does not hold android.permission.UPDATE_DEVICE_STATS
01-01 00:01:02.781 1155 1183 W android.permission.PermissionManager: Missing ActivityManager; assuming 1013 does not hold android.permission.UPDATE_DEVICE_STATS
01-01 00:01:02.805 1155 1155 W PackageManager: Failed to scan /system/priv-app/McuUpdate: Package com.thundercomm.mcuupgrade at /system/priv-app/McuUpdate ignored: updated version 31 better than this 31
01-01 00:01:03.026 0 0 I binder : 1295:1295 ioctl 40046210 7ffadbf274 returned -22
01-01 00:01:03.028 0 0 I binder : 1295:1295 ioctl 40046210 7ffadbf294 returned -22
01-01 00:01:03.040 0 0 I qcom,camera ac4f000.qcom,cci: qcom,cam-sensor0: Dropping the link to regulator.57
01-01 00:01:03.041 0 0 I qcom,camera ac4f000.qcom,cci: qcom,cam-sensor0: Dropping the link to regulator.52
01-01 00:01:03.042 0 0 I qcom,camera ac4f000.qcom,cci: qcom,cam-sensor0: Dropping the link to regulator.55
01-01 00:01:02.821 1155 1183 W android.permission.PermissionManager: Missing ActivityManager; assuming 1047 does not hold android.permission.UPDATE_DEVICE_STATS
01-01 00:01:02.826 1155 1183 W android.permission.PermissionManager: Missing ActivityManager; assuming 1047 does not hold android.permission.UPDATE_DEVICE_STATS
01-01 00:01:02.831 1155 1341 D CompatibilityChangeReporter: Compat change id reported: 150232615; UID -1; state: DISABLED
01-01 00:01:03.054 0 0 E swr-wcd rx_swr_ctrl: swrm_get_logical_dev_num: device 0xd01170224 is not ready
01-01 00:01:03.057 0 0 I qcom_rpmh DRV: apps_rsc TCS Busy, retrying RPMH message send: addr=0x30080
01-01 00:01:03.057 0 0 I lan743x 0001: 01:00.0 eth0: using MSIX interrupts, number of vectors = 6
01-01 00:01:03.067 0 0 E swr_get_logical_dev_num: Error -22 to get logical addr for device d01170224
01-01 00:01:02.845 1155 1155 D CompatibilityChangeReporter: Compat change id reported: 168782947; UID -1; state: DISABLED
01-01 00:01:02.848 1372 1372 I imsrcsd : Uce Service HAL is starting up...
01-01 00:01:02.855 1372 1372 I imsrcsd : Uce Service HAL loading imsrcsbaseimpl
01-01 00:01:03.079 0 0 E swr-wcd rx_swr_ctrl: swrm_get_logical_dev_num: device 0xd01170224 is not ready
01-01 00:01:03.079 0 0 I mv2112_config_aneg: autoneg 1
01-01 00:01:03.088 0 0 I : mv2112_restart_aneg
01-01 00:01:03.090 0 0 D : mv2112_read_status
01-01 00:01:03.090 0 0 D mv2112_update_link: 3.0x901(1G): 0x880
01-01 00:01:03.091 0 0 D mv2112_update_link: 3.0x8109(100M): 0x0
01-01 00:01:03.091 0 0 D mv2112_update_link: link 0x0
01-01 00:01:03.096 0 0 E swr_get_logical_dev_num: Error -22 to get logical addr for device d01170224
01-01 00:01:03.108 0 0 I lan743x 0001: 01:00.0 eth0: successfully registered ptp clock
01-01 00:01:03.116 0 0 E swr-wcd rx_swr_ctrl: swrm_get_logical_dev_num: device 0xd01170224 is not ready
01-01 00:01:03.135 0 0 I qcom,camera ac50000.qcom,cci: qcom,cam-sensor3: Linked as a consumer to regulator.57
01-01 00:01:03.136 0 0 E swr_get_logical_dev_num: Error -22 to get logical addr for device d01170224
01-01 00:01:03.146 0 0 I qcom,camera ac50000.qcom,cci: qcom,cam-sensor3: Linked as a consumer to regulator.86
01-01 00:01:03.151 0 0 E swr-wcd rx_swr_ctrl: swrm_get_logical_dev_num: device 0xd01170224 is not ready
01-01 00:01:03.161 0 0 I qcom,camera ac50000.qcom,cci: qcom,cam-sensor3: Linked as a consumer to regulator.77
01-01 00:01:03.161 0 0 E swr_get_logical_dev_num: Error -22 to get logical addr for device d01170224
01-01 00:01:03.171 0 0 E swr-wcd rx_swr_ctrl: swrm_get_logical_dev_num: device 0xd01170224 is not ready
01-01 00:01:03.177 0 0 I IPv6 : ADDRCONF(NETDEV_UP): eth0: link is not ready
01-01 00:01:03.179 0 0 E swr_get_logical_dev_num: Error -22 to get logical addr for device d01170224
01-01 00:01:03.190 0 0 E wcd938x_codec wcd938x-codec: wcd938x_bind: Slave bind failed, ret = -517
01-01 00:01:03.274 0 0 I CAM_ERR : CAM-CCI: cam_cci_irq: 264 Base:ffffff801a04d000, M1_Q1 NACK ERROR: 0x40000000
01-01 00:01:03.274 0 0 I CAM_ERR : CAM-CCI: cam_cci_read: 1306 ERROR with Slave 0x7a:
01-01 00:01:03.274 0 0 I CAM_ERR : CAM-CCI: cam_cci_read_bytes: 1561 failed to read rc:-22
01-01 00:01:03.274 0 0 I CAM_ERR : CAM-SENSOR: cam_cci_i2c_read: 35 rc = -22
01-01 00:01:03.274 0 0 I CAM_WARN: CAM-SENSOR: cam_sensor_match_id: 769 read id: 0x0 expected id 0x30:
01-01 00:01:03.277 0 0 I qcom,camera ac50000.qcom,cci: qcom,cam-sensor3: Dropping the link to regulator.77
01-01 00:01:03.279 0 0 I qcom,camera ac50000.qcom,cci: qcom,cam-sensor3: Dropping the link to regulator.86
01-01 00:01:03.280 0 0 I qcom,camera ac50000.qcom,cci: qcom,cam-sensor3: Dropping the link to regulator.57
01-01 00:01:03.079 1155 1340 W PackageParsing: No actions in intent-filter at /system/app/Bluetooth/Bluetooth.apk Binary XML file line #284
01-01 00:01:03.322 0 0 I qcom,camera ac4f000.qcom,cci: qcom,cam-sensor5: Linked as a consumer to regulator.56
01-01 00:01:03.332 0 0 I qcom,camera ac4f000.qcom,cci: qcom,cam-sensor5: Linked as a consumer to regulator.53
01-01 00:01:03.340 0 0 I qcom,camera ac4f000.qcom,cci: qcom,cam-sensor5: Linked as a consumer to regulator.57
01-01 00:01:03.342 0 0 I qcom,camera ac4f000.qcom,cci: qcom,cam-sensor5: Linked as a consumer to regulator.77
01-01 00:01:03.378 0 0 I CAM_ERR : CAM-CCI: cam_cci_irq: 264 Base:ffffff801a045000, M1_Q1 NACK ERROR: 0x40000000
01-01 00:01:03.378 0 0 I CAM_ERR : CAM-CCI: cam_cci_read: 1306 ERROR with Slave 0xc0:
01-01 00:01:03.378 0 0 I CAM_ERR : CAM-CCI: cam_cci_read_bytes: 1561 failed to read rc:-22
01-01 00:01:03.379 0 0 I CAM_ERR : CAM-SENSOR: cam_cci_i2c_read: 35 rc = -22
01-01 00:01:03.379 0 0 I CAM_WARN: CAM-SENSOR: cam_sensor_match_id: 769 read id: 0x0 expected id 0x6710:
01-01 00:01:03.379 0 0 I qcom,camera ac4f000.qcom,cci: qcom,cam-sensor5: Dropping the link to regulator.77
01-01 00:01:03.168 1372 1372 I imsrcsd : Starting Service for First Time imsbaseimpl
01-01 00:01:03.183 1372 1372 I imsrcsd : Interface com.qualcomm.qti.uceservice@2.3::IUceService com.qualcomm.qti.uceservice is found in manifest
01-01 00:01:03.184 1372 1372 I HidlServiceManagement: Registered com.qualcomm.qti.uceservice@2.3::IUceService/com.qualcomm.qti.uceservice (start delay of 491ms)
01-01 00:01:03.195 1372 1372 I imsrcsd : Interface com.qualcomm.qti.imscmservice@2.2::IImsCmService qti.ims.connectionmanagerservice is found in manifest
01-01 00:01:03.385 0 0 I qcom,camera ac4f000.qcom,cci: qcom,cam-sensor5: Dropping the link to regulator.57
01-01 00:01:03.386 0 0 I qcom,camera ac4f000.qcom,cci: qcom,cam-sensor5: Dropping the link to regulator.53
01-01 00:01:03.387 0 0 I qcom,camera ac4f000.qcom,cci: qcom,cam-sensor5: Dropping the link to regulator.56
01-01 00:01:03.207 1372 1372 I HidlServiceManagement: Registered com.qualcomm.qti.imscmservice@2.2::IImsCmService/qti.ims.connectionmanagerservice (start delay of 513ms)
01-01 00:01:03.209 1372 1372 I imsrcsd : Interface vendor.qti.ims.factory@1.1::IImsFactory default is not found in manifest
01-01 00:01:03.211 1372 1372 I imsrcsd : Interface vendor.qti.ims.factory@1.0::IImsFactory default is found in manifest
01-01 00:01:03.215 1372 1372 I HidlServiceManagement: Registered vendor.qti.ims.factory@1.0::IImsFactory/default (start delay of 522ms)
01-01 00:01:03.228 1372 1372 I imsrcsd : Interface vendor.qti.ims.callinfo@1.0::IService default is found in manifest
01-01 00:01:03.466 0 0 I qcom,camera ac4f000.qcom,cci: qcom,cam-sensor4: Linked as a consumer to regulator.55
01-01 00:01:03.255 1155 1155 W PackageManager: Failed to parse /vendor/app/CneApp: Missing base APK in /vendor/app/CneApp/lib/arm64
01-01 00:01:03.470 0 0 I qcom,camera ac4f000.qcom,cci: qcom,cam-sensor4: Linked as a consumer to regulator.52
01-01 00:01:03.485 0 0 I qcom,camera ac4f000.qcom,cci: qcom,cam-sensor4: Linked as a consumer to regulator.57
01-01 00:01:03.489 0 0 I qcom,camera ac4f000.qcom,cci: qcom,cam-sensor4: Linked as a consumer to regulator.77
01-01 00:01:03.518 0 0 I CAM_ERR : CAM-CCI: cam_cci_irq: 238 Base:ffffff801a045000, M0_Q1 NACK ERROR: 0x10000000
01-01 00:01:03.294 1372 1372 I HidlServiceManagement: Registered vendor.qti.ims.callinfo@1.0::IService/default (start delay of 600ms)
01-01 00:01:03.294 1372 1372 I imsrcsd : ImsRcsBaseImpl ImsCallInfo After Registering Service
01-01 00:01:03.518 0 0 I CAM_ERR : CAM-CCI: cam_cci_read: 1306 ERROR with Slave 0xc0:
01-01 00:01:03.518 0 0 I CAM_ERR : CAM-CCI: cam_cci_read_bytes: 1561 failed to read rc:-22
01-01 00:01:03.518 0 0 I CAM_ERR : CAM-SENSOR: cam_cci_i2c_read: 35 rc = -22
01-01 00:01:03.518 0 0 I CAM_WARN: CAM-SENSOR: cam_sensor_match_id: 769 read id: 0x0 expected id 0x6710:
01-01 00:01:03.521 0 0 I qcom,camera ac4f000.qcom,cci: qcom,cam-sensor4: Dropping the link to regulator.77
01-01 00:01:03.531 0 0 I ueventd : firmware: loading 'a650_zap.mdt' for '/devices/platform/soc/soc:qcom,kgsl-hyp/firmware/a650_zap.mdt'
01-01 00:01:03.532 0 0 I qcom,camera ac4f000.qcom,cci: qcom,cam-sensor4: Dropping the link to regulator.57
01-01 00:01:03.532 0 0 I qcom,camera ac4f000.qcom,cci: qcom,cam-sensor4: Dropping the link to regulator.52
01-01 00:01:03.533 0 0 I qcom,camera ac4f000.qcom,cci: qcom,cam-sensor4: Dropping the link to regulator.55
01-01 00:01:03.534 0 0 I ueventd : loading /devices/platform/soc/soc:qcom,kgsl-hyp/firmware/a650_zap.mdt took 3ms
01-01 00:01:03.569 0 0 I subsys-pil-tz soc: qcom,kgsl-hyp: a650_zap: loading from 0x00000000fcf00000 to 0x00000000fcf01000
01-01 00:01:03.573 0 0 W subsys-pil-tz soc: qcom,kgsl-hyp: Falling back to syfs fallback for: a650_zap.b02
01-01 00:01:03.590 0 0 I qcom,camera ac4f000.qcom,cci: qcom,cam-sensor1: Linked as a consumer to regulator.56
01-01 00:01:03.594 0 0 I ueventd : firmware: loading 'a650_zap.b02' for '/devices/platform/soc/soc:qcom,kgsl-hyp/firmware/a650_zap.b02'
01-01 00:01:03.601 0 0 I qcom,camera ac4f000.qcom,cci: qcom,cam-sensor1: Linked as a consumer to regulator.53
01-01 00:01:03.608 0 0 I qcom,camera ac4f000.qcom,cci: qcom,cam-sensor1: Linked as a consumer to regulator.57
01-01 00:01:03.609 0 0 I subsys-pil-tz soc: qcom,kgsl-hyp: a650_zap: Brought out of reset
01-01 00:01:03.610 0 0 I ueventd : loading /devices/platform/soc/soc:qcom,kgsl-hyp/firmware/a650_zap.b02 took 16ms
01-01 00:01:03.610 0 0 I qcom,camera ac4f000.qcom,cci: qcom,cam-sensor1: Linked as a consumer to regulator.77
01-01 00:01:03.405 1155 1342 W PackageParsing: No actions in intent-filter at /product/app/SnapdragonMusic/SnapdragonMusic.apk Binary XML file line #80
01-01 00:01:03.414 1155 1342 W PackageParsing: No actions in intent-filter at /product/app/SnapdragonMusic/SnapdragonMusic.apk Binary XML file line #216
01-01 00:01:03.657 0 0 I CAM_ERR : CAM-CCI: cam_cci_irq: 264 Base:ffffff801a045000, M1_Q1 NACK ERROR: 0x40000000
01-01 00:01:03.657 0 0 I CAM_ERR : CAM-CCI: cam_cci_read: 1306 ERROR with Slave 0xc0:
01-01 00:01:03.657 0 0 I CAM_ERR : CAM-CCI: cam_cci_read_bytes: 1561 failed to read rc:-22
01-01 00:01:03.657 0 0 I CAM_ERR : CAM-SENSOR: cam_cci_i2c_read: 35 rc = -22
01-01 00:01:03.657 0 0 I CAM_WARN: CAM-SENSOR: cam_sensor_match_id: 769 read id: 0x0 expected id 0x6710:
01-01 00:01:03.657 0 0 I qcom,camera ac4f000.qcom,cci: qcom,cam-sensor1: Dropping the link to regulator.77
01-01 00:01:03.662 0 0 I qcom,camera ac4f000.qcom,cci: qcom,cam-sensor1: Dropping the link to regulator.57
01-01 00:01:03.663 0 0 I qcom,camera ac4f000.qcom,cci: qcom,cam-sensor1: Dropping the link to regulator.53
01-01 00:01:03.663 0 0 I qcom,camera ac4f000.qcom,cci: qcom,cam-sensor1: Dropping the link to regulator.56
01-01 00:01:03.681 0 0 I binder : 1139:1148 ioctl 40046210 7bab790144 returned -22
01-01 00:01:03.466 1327 1327 W HidlServiceManagement: Waited one second for android.hardware.health@2.0::IHealth/default
01-01 00:01:03.737 0 0 I qcom,camera ac50000.qcom,cci: qcom,cam-sensor2: Linked as a consumer to regulator.56
01-01 00:01:03.742 0 0 I qcom,camera ac50000.qcom,cci: qcom,cam-sensor2: Linked as a consumer to regulator.57
01-01 00:01:03.744 0 0 I qcom,camera ac50000.qcom,cci: qcom,cam-sensor2: Linked as a consumer to regulator.54
01-01 00:01:03.747 0 0 I binder : 1452:1452 ioctl 40046210 7fdaa5fcb4 returned -22
01-01 00:01:03.766 0 0 I qcom,camera ac50000.qcom,cci: qcom,cam-sensor2: Linked as a consumer to regulator.77
01-01 00:01:03.542 1139 1148 D BootAnimation: BootAnimationShownTiming start time: 51089ms
01-01 00:01:03.783 0 0 I CAM_ERR : CAM-CCI: cam_cci_irq: 238 Base:ffffff801a04d000, M0_Q1 NACK ERROR: 0x10000000
01-01 00:01:03.784 0 0 I CAM_ERR : CAM-CCI: cam_cci_read: 1306 ERROR with Slave 0x20:
01-01 00:01:03.784 0 0 I CAM_ERR : CAM-CCI: cam_cci_read_bytes: 1561 failed to read rc:-22
01-01 00:01:03.784 0 0 I CAM_ERR : CAM-SENSOR: cam_cci_i2c_read: 35 rc = -22
01-01 00:01:03.784 0 0 I CAM_WARN: CAM-SENSOR: cam_sensor_match_id: 769 read id: 0x0 expected id 0x3841:
01-01 00:01:03.784 0 0 I qcom,camera ac50000.qcom,cci: qcom,cam-sensor2: Dropping the link to regulator.77
01-01 00:01:03.789 0 0 I qcom,camera ac50000.qcom,cci: qcom,cam-sensor2: Dropping the link to regulator.54
01-01 00:01:03.790 0 0 I qcom,camera ac50000.qcom,cci: qcom,cam-sensor2: Dropping the link to regulator.57
01-01 00:01:03.791 0 0 I qcom,camera ac50000.qcom,cci: qcom,cam-sensor2: Dropping the link to regulator.56
01-01 00:01:03.841 0 0 I qcom,camera ac50000.qcom,cci: qcom,cam-sensor2: Linked as a consumer to regulator.56
01-01 00:01:03.846 0 0 I qcom,camera ac50000.qcom,cci: qcom,cam-sensor2: Linked as a consumer to regulator.54
01-01 00:01:03.857 0 0 I qcom,camera ac50000.qcom,cci: qcom,cam-sensor2: Linked as a consumer to regulator.57
01-01 00:01:03.859 0 0 I qcom,camera ac50000.qcom,cci: qcom,cam-sensor2: Linked as a consumer to regulator.77
01-01 00:01:03.883 0 0 I cnss-daemon: interop issues ap: read_iot_ap_file: No such file /data/vendor/wifi/iotap_ps.bin
01-01 00:01:03.883 0 0 I cnss-daemon: interop issues ap: read_iot_ap_ps_from_file, read file error
01-01 00:01:03.887 0 0 I CAM_ERR : CAM-CCI: cam_cci_irq: 238 Base:ffffff801a04d000, M0_Q1 NACK ERROR: 0x10000000
01-01 00:01:03.887 0 0 I CAM_ERR : CAM-CCI: cam_cci_read: 1306 ERROR with Slave 0x34:
01-01 00:01:03.887 0 0 I CAM_ERR : CAM-CCI: cam_cci_read_bytes: 1561 failed to read rc:-22
01-01 00:01:03.887 0 0 I CAM_ERR : CAM-SENSOR: cam_cci_i2c_read: 35 rc = -22
01-01 00:01:03.887 0 0 I CAM_WARN: CAM-SENSOR: cam_sensor_match_id: 769 read id: 0x0 expected id 0x476:
01-01 00:01:03.889 0 0 I qcom,camera ac50000.qcom,cci: qcom,cam-sensor2: Dropping the link to regulator.77
01-01 00:01:03.895 0 0 I cnss-daemon: NL group_id 10, cnss_nl.family_id 28
01-01 00:01:03.895 0 0 I cnss-daemon: wlfw_start: Starting
01-01 00:01:03.895 0 0 I qcom,camera ac50000.qcom,cci: qcom,cam-sensor2: Dropping the link to regulator.57
01-01 00:01:03.896 0 0 I qcom,camera ac50000.qcom,cci: qcom,cam-sensor2: Dropping the link to regulator.54
01-01 00:01:03.897 0 0 I qcom,camera ac50000.qcom,cci: qcom,cam-sensor2: Dropping the link to regulator.56
01-01 00:01:03.921 0 0 I cnss-daemon: no interop issues ap currently
01-01 00:01:03.922 0 0 I cnss-daemon: wlfw_service_request: Start the pthread: 0x0K
01-01 00:01:03.940 0 0 I cnss-daemon: ro.baseband : [apq]
01-01 00:01:03.940 0 0 I cnss-daemon: Hardware supports external modem
01-01 00:01:03.940 0 0 I cnss-daemon: pm_release_vote: pm_handle is NULL
01-01 00:01:03.940 0 0 I cnss-daemon: pm_release_vote: pm_handle is NULL
01-01 00:01:03.949 0 0 I qcom,camera ac4f000.qcom,cci: qcom,cam-sensor0: Linked as a consumer to regulator.55
01-01 00:01:03.953 0 0 I qcom,camera ac4f000.qcom,cci: qcom,cam-sensor0: Linked as a consumer to regulator.52
01-01 00:01:03.957 0 0 I qcom,camera ac4f000.qcom,cci: qcom,cam-sensor0: Linked as a consumer to regulator.57
01-01 00:01:03.961 0 0 D cnss : Received QMI WLFW request memory indication
01-01 00:01:03.961 0 0 D cnss : FW requests for memory, size: 0x5e0000, type: 1
01-01 00:01:03.961 0 0 D cnss : FW requests for memory, size: 0xd8000, type: 4
01-01 00:01:03.961 0 0 D cnss : Posting event: REQUEST_MEM(2), state: 0x9 flags: 0x0
01-01 00:01:03.961 0 0 D cnss : PM stay awake, state: 0x9, count: 1
01-01 00:01:03.962 0 0 D cnss : PM relax, state: 0x9, count: 0
01-01 00:01:03.962 0 0 D cnss : PM stay awake, state: 0x9, count: 1
01-01 00:01:03.962 0 0 D cnss : Processing driver event: REQUEST_MEM(2), state: 0x9
01-01 00:01:03.966 0 0 I qcom,camera ac4f000.qcom,cci: qcom,cam-sensor0: Linked as a consumer to regulator.77
01-01 00:01:03.989 0 0 D cnss : Sending respond memory message, state: 0x9
01-01 00:01:03.989 0 0 D cnss : Memory for FW, va: 0xffffff802612c000, pa: 0x00000000a1000000, size: 0x5e0000, type: 1
01-01 00:01:03.989 0 0 D cnss : Memory for FW, va: 0xffffff801e631000, pa: 0x00000000a1600000, size: 0xd8000, type: 4
01-01 00:01:03.999 0 0 D cnss : Received QMI WLFW FW memory ready indication
01-01 00:01:03.999 0 0 D cnss : Posting event: FW_MEM_READY(3), state: 0x9 flags: 0x0
01-01 00:01:04.004 0 0 D cnss : Processing driver event: FW_MEM_READY(3), state: 0x9
01-01 00:01:04.004 0 0 D cnss : Sending target capability message, state: 0xb
01-01 00:01:04.008 0 0 D cnss : Voltage for CPR: 948mV
01-01 00:01:04.008 0 0 D cnss : Got voltage 800mV from i: 0, j: 0
01-01 00:01:04.009 0 0 D cnss : Got voltage 1012mV from i: 4, j: 1
01-01 00:01:04.009 0 0 D cnss : Update TCS CMD data address 0x000000000b2e5844 with voltage 950mV
01-01 00:01:04.009 0 0 D cnss : Device frequency is 24000000 HZ
01-01 00:01:04.009 0 0 D cnss : Target capability: chip_id: 0x0, chip_family: 0xb, board_id: 0xff, soc_id: 0xffffffff, fw_version: 0x101a0521, fw_build_timestamp: 2021-12-20 07:54, fw_build_id: QC_IMAGE_VERSION_STRING=WLAN.HST.1.0.1.r1-01313-QCAHSTSWPL_SILICONZ-1, otp_version: 0x0
01-01 00:01:04.009 0 0 D cnss : Sending BDF download message, state: 0xb, type: 4
01-01 00:01:04.009 0 0 D cnss : FW name added with prefix: qca6390/regdb.bin
01-01 00:01:04.009 0 0 W cnss2 b0000000.qcom,cnss-qca6390: Falling back to syfs fallback for: qca6390/regdb.bin
01-01 00:01:04.013 0 0 I CAM_ERR : CAM-CCI: cam_cci_irq: 238 Base:ffffff801a045000, M0_Q1 NACK ERROR: 0x10000000
01-01 00:01:04.014 0 0 I CAM_ERR : CAM-CCI: cam_cci_read: 1306 ERROR with Slave 0xc0:
01-01 00:01:04.014 0 0 I CAM_ERR : CAM-CCI: cam_cci_read_bytes: 1561 failed to read rc:-22
01-01 00:01:04.014 0 0 I CAM_ERR : CAM-SENSOR: cam_cci_i2c_read: 35 rc = -22
01-01 00:01:04.014 0 0 I CAM_WARN: CAM-SENSOR: cam_sensor_match_id: 769 read id: 0x0 expected id 0x6710:
01-01 00:01:04.014 0 0 I qcom,camera ac4f000.qcom,cci: qcom,cam-sensor0: Dropping the link to regulator.77
01-01 00:01:04.019 0 0 I qcom,camera ac4f000.qcom,cci: qcom,cam-sensor0: Dropping the link to regulator.57
01-01 00:01:04.019 0 0 I qcom,camera ac4f000.qcom,cci: qcom,cam-sensor0: Dropping the link to regulator.52
01-01 00:01:04.021 0 0 I qcom,camera ac4f000.qcom,cci: qcom,cam-sensor0: Dropping the link to regulator.55
01-01 00:01:04.049 0 0 I ueventd : firmware: loading 'qca6390/regdb.bin' for '/devices/platform/soc/b0000000.qcom,cnss-qca6390/firmware/qca6390!regdb.bin'
01-01 00:01:04.051 0 0 E ueventd : firmware: could not find firmware for qca6390/regdb.bin
01-01 00:01:04.070 0 0 I qcom,camera ac50000.qcom,cci: qcom,cam-sensor3: Linked as a consumer to regulator.57
01-01 00:01:04.077 0 0 I qcom,camera ac50000.qcom,cci: qcom,cam-sensor3: Linked as a consumer to regulator.86
01-01 00:01:04.091 0 0 E ueventd : firmware: attempted /etc/firmware/qca6390/regdb.bin, open failed: No such file or directory
01-01 00:01:04.098 0 0 I binder : 1497:1497 ioctl 40046210 7fe5ece5f4 returned -22
01-01 00:01:04.109 0 0 I qcom,camera ac50000.qcom,cci: qcom,cam-sensor3: Linked as a consumer to regulator.77
01-01 00:01:03.900 1155 1341 W PackageParsing: Ignoring duplicate uses-permissions/uses-permissions-sdk-m: android.permission.CONFIGURE_WIFI_DISPLAY in package: com.android.systemui at: Binary XML file line #160
01-01 00:01:04.122 0 0 E ueventd : firmware: attempted /odm/firmware/qca6390/regdb.bin, open failed: No such file or directory
01-01 00:01:04.127 0 0 I CAM_ERR : CAM-CCI: cam_cci_irq: 264 Base:ffffff801a04d000, M1_Q1 NACK ERROR: 0x40000000
01-01 00:01:04.133 0 0 I CAM_ERR : CAM-CCI: cam_cci_read: 1306 ERROR with Slave 0x20:
01-01 00:01:04.133 0 0 I CAM_ERR : CAM-CCI: cam_cci_read_bytes: 1561 failed to read rc:-22
01-01 00:01:04.133 0 0 I CAM_ERR : CAM-SENSOR: cam_cci_i2c_read: 35 rc = -22
01-01 00:01:04.133 0 0 I CAM_WARN: CAM-SENSOR: cam_sensor_match_id: 769 read id: 0x0 expected id 0x3841:
01-01 00:01:04.134 0 0 I qcom,camera ac50000.qcom,cci: qcom,cam-sensor3: Dropping the link to regulator.77
01-01 00:01:03.920 1155 1341 I PackageParsing: Parse times for '/system_ext/priv-app/SystemUI': parse=357ms, update_cache=2 ms
01-01 00:01:04.143 0 0 I qcom,camera ac50000.qcom,cci: qcom,cam-sensor3: Dropping the link to regulator.86
01-01 00:01:04.143 0 0 I qcom,camera ac50000.qcom,cci: qcom,cam-sensor3: Dropping the link to regulator.57
01-01 00:01:04.145 0 0 E ueventd : firmware: attempted /vendor/firmware/qca6390/regdb.bin, open failed: No such file or directory
01-01 00:01:04.151 0 0 I binder : 1497:1497 ioctl 40046210 7fe5ece424 returned -22
01-01 00:01:04.161 0 0 E ueventd : firmware: attempted /firmware/image/qca6390/regdb.bin, open failed: No such file or directory
01-01 00:01:04.208 0 0 I qcom,camera ac4f000.qcom,cci: qcom,cam-sensor5: Linked as a consumer to regulator.56
01-01 00:01:04.211 0 0 I qcom,camera ac4f000.qcom,cci: qcom,cam-sensor5: Linked as a consumer to regulator.57
01-01 00:01:04.212 0 0 I qcom,camera ac4f000.qcom,cci: qcom,cam-sensor5: Linked as a consumer to regulator.53
01-01 00:01:04.235 0 0 I qcom,camera ac4f000.qcom,cci: qcom,cam-sensor5: Linked as a consumer to regulator.77
01-01 00:01:04.260 0 0 I CAM_ERR : CAM-CCI: cam_cci_irq: 264 Base:ffffff801a045000, M1_Q1 NACK ERROR: 0x40000000
01-01 00:01:04.261 0 0 I CAM_ERR : CAM-CCI: cam_cci_read: 1306 ERROR with Slave 0x20:
01-01 00:01:04.261 0 0 I CAM_ERR : CAM-CCI: cam_cci_read_bytes: 1561 failed to read rc:-22
01-01 00:01:04.261 0 0 I CAM_ERR : CAM-SENSOR: cam_cci_i2c_read: 35 rc = -22
01-01 00:01:04.262 0 0 I CAM_WARN: CAM-SENSOR: cam_sensor_match_id: 769 read id: 0x0 expected id 0x30d5:
01-01 00:01:04.262 0 0 I qcom,camera ac4f000.qcom,cci: qcom,cam-sensor5: Dropping the link to regulator.77
01-01 00:01:04.268 0 0 I qcom,camera ac4f000.qcom,cci: qcom,cam-sensor5: Dropping the link to regulator.53
01-01 00:01:04.279 0 0 I qcom,camera ac4f000.qcom,cci: qcom,cam-sensor5: Dropping the link to regulator.57
01-01 00:01:04.282 0 0 I qcom,camera ac4f000.qcom,cci: qcom,cam-sensor5: Dropping the link to regulator.56
01-01 00:01:04.293 0 0 E cnss : Failed to load BDF: qca6390/regdb.bin
01-01 00:01:04.308 0 0 D cnss : Sending BDF download message, state: 0xb, type: 1
01-01 00:01:04.308 0 0 D cnss : FW name added with prefix: qca6390/bdwlan.elf
01-01 00:01:04.309 0 0 W cnss2 b0000000.qcom,cnss-qca6390: Falling back to syfs fallback for: qca6390/bdwlan.elf
01-01 00:01:04.343 0 0 I qcom,camera ac50000.qcom,cci: qcom,cam-sensor6: Linked as a consumer to regulator.56
01-01 00:01:04.350 0 0 I qcom,camera ac50000.qcom,cci: qcom,cam-sensor6: Linked as a consumer to regulator.54
01-01 00:01:04.355 0 0 I qcom,camera ac50000.qcom,cci: qcom,cam-sensor6: Linked as a consumer to regulator.57
01-01 00:01:04.359 0 0 I qcom,camera ac50000.qcom,cci: qcom,cam-sensor6: Linked as a consumer to regulator.77
01-01 00:01:04.373 0 0 I CAM_ERR : CAM-CCI: cam_cci_irq: 238 Base:ffffff801a04d000, M0_Q1 NACK ERROR: 0x10000000
01-01 00:01:04.373 0 0 I CAM_ERR : CAM-CCI: cam_cci_read: 1306 ERROR with Slave 0x34:
01-01 00:01:04.373 0 0 I CAM_ERR : CAM-CCI: cam_cci_read_bytes: 1561 failed to read rc:-22
01-01 00:01:04.373 0 0 I CAM_ERR : CAM-SENSOR: cam_cci_i2c_read: 35 rc = -22
01-01 00:01:04.374 0 0 I CAM_WARN: CAM-SENSOR: cam_sensor_match_id: 769 read id: 0x0 expected id 0x481:
01-01 00:01:04.381 0 0 I qcom,camera ac50000.qcom,cci: qcom,cam-sensor6: Dropping the link to regulator.77
01-01 00:01:04.385 0 0 I qcom,camera ac50000.qcom,cci: qcom,cam-sensor6: Dropping the link to regulator.57
01-01 00:01:04.386 0 0 I qcom,camera ac50000.qcom,cci: qcom,cam-sensor6: Dropping the link to regulator.54
01-01 00:01:04.386 0 0 I qcom,camera ac50000.qcom,cci: qcom,cam-sensor6: Dropping the link to regulator.56
01-01 00:01:04.391 0 0 I binder : 1508:1508 ioctl 40046210 7fe45f7764 returned -22
01-01 00:01:04.397 0 0 I init : starting service 'qvrd_vndr'...
01-01 00:01:04.399 0 0 I binder : 1508:1508 ioctl 40046210 7fe45f7364 returned -22
01-01 00:01:04.401 0 0 I init : Created socket '/dev/socket/qvrservice_vndr', mode 660, user 1000, group 1000
01-01 00:01:04.404 0 0 D cnss : Downloading BDF: qca6390/bdwlan.elf, size: 57908
01-01 00:01:04.404 0 0 I init : Created socket '/dev/socket/qvrservice_vndr_camera', mode 660, user 1000, group 1000
01-01 00:01:04.420 0 0 E swr-wcd wsa_swr_ctrl: swrm_runtime_suspend: clk stop mode not supported or SSR entry
01-01 00:01:04.443 0 0 D cnss : FW name added with prefix: qca6390/m3.bin
01-01 00:01:04.443 0 0 W cnss_pci 0000: 01:00.0: Falling back to syfs fallback for: qca6390/m3.bin
01-01 00:01:04.470 0 0 I binder : 1527:1527 ioctl 40046210 7feb107044 returned -22
01-01 00:01:04.493 0 0 I init : starting service 'sxrd'...
01-01 00:01:04.495 0 0 D cnss : Sending M3 information message, state: 0xb
01-01 00:01:04.495 0 0 D cnss : M3 memory, va: 0xffffff8020ab0000, pa: 0x00000000a1800000, size: 0x411bc
01-01 00:01:04.501 0 0 D cnss : PM relax, state: 0xb, count: 0
01-01 00:01:04.501 0 0 D cnss : Received QMI WLFW FW initialization done indication
01-01 00:01:04.501 0 0 D cnss : Posting event: FW_READY(4), state: 0xb flags: 0x0
01-01 00:01:04.501 0 0 D cnss : PM stay awake, state: 0xb, count: 1
01-01 00:01:04.501 0 0 D cnss : PM relax, state: 0xb, count: 0
01-01 00:01:04.501 0 0 D cnss : PM stay awake, state: 0xb, count: 1
01-01 00:01:04.501 0 0 D cnss : Processing driver event: FW_READY(4), state: 0xb
01-01 00:01:04.501 0 0 D cnss : PCIE Gen speed not setup
01-01 00:01:04.501 0 0 D cnss : Sending antenna switch sync request, state: 0xf
01-01 00:01:04.506 0 0 E cnss : Antenna switch request failed, result: 1, err: 94
01-01 00:01:04.521 0 0 D cnss : Sending mode message, mode: CALIBRATION(7), state: 0xf
01-01 00:01:04.581 0 0 I init : starting service 'vendor.tlocd'... --------- beginning of crash
01-01 00:01:04.405 1547 1547 F linker : CANNOT LINK EXECUTABLE "/vendor/bin/hw/qvrservice": library "vendor.qti.hardware.qxr-V1-ndk_platform.so" not found: needed by /vendor/lib64/libqvrservice.so in namespace (default)
