08-23 17:43:06.377 1155 2055 D CompatibilityChangeReporter: Compat change id reported: 157233955; UID 10079; state: DISABLED
08-23 17:43:06.379 1155 2858 D CompatibilityChangeReporter: Compat change id reported: 182478738; UID 1001; state: DISABLED
01-01 00:01:15.074 0 0 I binder : 3078:3078 ioctl 40046210 7fd97147c4 returned -22
08-23 17:43:06.403 1155 1231 I DropBoxManagerService: add tag=system_server_wtf isTagEnabled=true flags=0x2
08-23 17:43:06.417 1155 1183 D CompatibilityChangeReporter: Compat change id reported: 168419799; UID 10094; state: DISABLED
08-23 17:43:06.455 1155 1232 W ActivityManager: Slow operation: 784ms so far, now at startProcess: returned from zygote!
08-23 17:43:06.456 1155 1232 W ActivityManager: Slow operation: 785ms so far, now at startProcess: done updating battery stats
08-23 17:43:06.456 1155 1232 I Watchdog: Interesting Java process com.android.providers.media.module started. Pid 3032
08-23 17:43:06.456 1155 1232 W ActivityManager: Slow operation: 785ms so far, now at startProcess: building log message
08-23 17:43:06.456 1155 1232 I ActivityManager: Start proc 3032:com.android.providers.media.module/u0a100 for service {com.android.providers.media.module/com.android.providers.media.fuse.ExternalStorageServiceImpl}
08-23 17:43:06.456 1155 1232 W ActivityManager: Slow operation: 785ms so far, now at startProcess: starting to update pids map
08-23 17:43:06.457 1155 1232 W ActivityManager: Slow operation: 785ms so far, now at startProcess: done updating pids map
08-23 17:43:06.457 1155 1232 W ActivityManager: Slow operation: 183ms so far, now at startProcess: asking zygote to start proc
08-23 17:43:06.457 1155 1232 D CompatibilityChangeReporter: Compat change id reported: 143937733; UID 10081; state: ENABLED
08-23 17:43:06.463 1155 2858 D CompatibilityChangeReporter: Compat change id reported: 168419799; UID 10091; state: DISABLED
08-23 17:43:06.511 1155 1155 W Looper : Slow dispatch took 477ms main h=android.app.ActivityThread$H c=android.app.LoadedApk$ReceiverDispatcher$Args$$ExternalSyntheticLambda0@cf1597c m=0
08-23 17:43:06.511 1155 1155 V NotificationAssistants: 0 notification assistant service connected: ComponentInfo{android.ext.services/android.ext.services.notification.Assistant}
08-23 17:43:06.522 1155 1155 W Looper : Drained
08-23 17:43:06.571 1155 1155 I Telecom : BluetoothDeviceManager: Got BluetoothHeadset: com.android.server.telecom.BluetoothHeadsetProxy@d8661f3: BMSL.oSC@AAo
08-23 17:43:06.572 1155 1183 W StorageManagerService: Reporting emulated;0 unmounted due to system locked
08-23 17:43:06.576 1155 2054 D CompatibilityChangeReporter: Compat change id reported: 168419799; UID 10100; state: DISABLED
08-23 17:43:06.588 1155 1232 W ActivityManager: Slow operation: 314ms so far, now at startProcess: returned from zygote!
08-23 17:43:06.603 1155 2858 D CountryDetector: The first listener is added
08-23 17:43:06.607 1155 1232 W ActivityManager: Slow operation: 333ms so far, now at startProcess: done updating battery stats
08-23 17:43:06.607 1155 1232 W ActivityManager: Slow operation: 333ms so far, now at startProcess: building log message
08-23 17:43:06.607 1155 1232 I ActivityManager: Start proc 3058:com.qualcomm.location.XT/u0a81 for service {com.qualcomm.location.XT/com.qualcomm.location.XT.XTSrv}
08-23 17:43:06.607 1155 1232 W ActivityManager: Slow operation: 333ms so far, now at startProcess: starting to update pids map
08-23 17:43:06.608 1155 1232 W ActivityManager: Slow operation: 333ms so far, now at startProcess: done updating pids map
08-23 17:43:06.608 1155 1232 W ActivityManager: Slow operation: 293ms so far, now at startProcess: asking zygote to start proc
08-23 17:43:06.608 1155 1232 D CompatibilityChangeReporter: Compat change id reported: 143937733; UID 10092; state: ENABLED
08-23 17:43:06.651 1155 1227 D CompatibilityChangeReporter: Compat change id reported: 135634846; UID 1000; state: DISABLED
08-23 17:43:06.652 1155 1227 D CompatibilityChangeReporter: Compat change id reported: 177438394; UID 1000; state: DISABLED
08-23 17:43:06.652 1155 1227 D CompatibilityChangeReporter: Compat change id reported: 135772972; UID 1000; state: DISABLED
08-23 17:43:06.653 1155 1227 D CompatibilityChangeReporter: Compat change id reported: 135754954; UID 1000; state: ENABLED
08-23 17:43:06.710 1155 1232 W ActivityManager: Slow operation: 394ms so far, now at startProcess: returned from zygote!
08-23 17:43:06.711 1155 1232 W ActivityManager: Slow operation: 396ms so far, now at startProcess: done updating battery stats
08-23 17:43:06.711 1155 1232 W ActivityManager: Slow operation: 396ms so far, now at startProcess: building log message
08-23 17:43:06.711 1155 1232 I ActivityManager: Start proc 3078:com.qualcomm.qtil.aptxui/u0a92 for broadcast {com.qualcomm.qtil.aptxui/com.qualcomm.qtil.aptxui.aptxuiBootReceiver}
08-23 17:43:06.711 1155 1232 W ActivityManager: Slow operation: 396ms so far, now at startProcess: starting to update pids map
08-23 17:43:06.713 1155 1232 W ActivityManager: Slow operation: 398ms so far, now at startProcess: done updating pids map
08-23 17:43:06.713 1155 1232 W ActivityManager: Slow operation: 64ms so far, now at startProcess: asking zygote to start proc
08-23 17:43:06.771 1155 2875 D CompatibilityChangeReporter: Compat change id reported: 168419799; UID 10081; state: DISABLED
08-23 17:43:06.851 1155 2875 D CompatibilityChangeReporter: Compat change id reported: 168419799; UID 10092; state: DISABLED
08-23 17:43:06.874 1155 1232 W ActivityManager: Slow operation: 225ms so far, now at startProcess: returned from zygote!
08-23 17:43:06.875 1155 1232 W ActivityManager: Slow operation: 225ms so far, now at startProcess: done updating battery stats
08-23 17:43:06.875 1155 1232 W ActivityManager: Slow operation: 226ms so far, now at startProcess: building log message
08-23 17:43:06.875 1155 1232 I ActivityManager: Start proc 3106:com.android.keychain/1000 for service {com.android.keychain/com.android.keychain.KeyChainService}
08-23 17:43:06.875 1155 1232 W ActivityManager: Slow operation: 226ms so far, now at startProcess: starting to update pids map
08-23 17:43:06.875 1155 1232 W ActivityManager: Slow operation: 226ms so far, now at startProcess: done updating pids map
08-23 17:43:06.891 1155 1216 W Looper : Slow dispatch took 136ms android.fg h=android.os.Handler c=com.android.server.wm.ActivityMetricsLogger$$ExternalSyntheticLambda1@233c1d0 m=0
08-23 17:43:06.902 1155 2055 W BluetoothManagerService: psc is not null in bindBluetoothProfileService
08-23 17:43:06.908 1155 1219 D ColorDisplayService: NightDisplayTintController Animation cancelled: false to matrix:
08-23 17:43:06.908 1155 1219 D ColorDisplayService: 1.000000 0.000000 0.000000 0.000000 0.000000 1.000000 0.000000 0.000000 0.000000 0.000000 1.000000 0.000000 0.000000 0.000000 0.000000 1.000000 min matrix coefficients:
08-23 17:43:06.908 1155 1219 D ColorDisplayService: 1.000000 0.000000 0.000000 0.000000 0.000000 1.000000 0.000000 0.000000 0.000000 0.000000 1.000000 0.000000 0.000000 0.000000 0.000000 1.000000 max matrix coefficients:
08-23 17:43:06.908 1155 1219 D ColorDisplayService: 1.000000 0.000000 0.000000 0.000000 0.000000 1.000000 0.000000 0.000000 0.000000 0.000000 1.000000 0.000000 0.000000 0.000000 0.000000 1.000000
08-23 17:43:06.966 1155 2817 I StorageUserConnection: Service: [ComponentInfo{com.android.providers.media.module/com.android.providers.media.fuse.ExternalStorageServiceImpl}] connected. User [0]
01-01 00:01:15.249 0 0 I binder : 3058:3128 ioctl 40046210 701e7be944 returned -22
01-01 00:01:15.256 0 0 I binder : 3106:3106 ioctl 40046210 7fd97147c4 returned -22
01-01 00:01:15.279 0 0 I : Adding 4194300k swap on /dev/block/zram0. Priority:32758 extents:1 across:4194300k SS
01-01 00:01:15.469 0 0 D : mv2112_read_status
01-01 00:01:15.469 0 0 D mv2112_update_link: 3.0x901(1G): 0x80
01-01 00:01:15.470 0 0 D mv2112_update_link: 3.0x8109(100M): 0x0
01-01 00:01:15.470 0 0 D mv2112_update_link: link 0x0
01-01 00:01:15.470 0 0 D mv2112_read_status: autoneg is disabled
08-23 17:43:07.489 1254 2087 I iorapd : Perfetto TraceBuffer saved to file: /data/misc/iorapd/com.android.settings/31/com.android.settings.FallbackHome/raw_traces/1661276587297998173.perfetto_trace.pb
08-23 17:43:07.520 1155 2858 D CompatibilityChangeReporter: Compat change id reported: 168419799; UID 10056; state: DISABLED
01-01 00:01:15.767 0 0 I binder : 2098:2098 ioctl 40046210 7fd9714154 returned -22
08-23 17:43:07.554 1155 2029 D CompatibilityChangeReporter: Compat change id reported: 168419799; UID 1000; state: DISABLED
08-23 17:43:07.558 2131 2131 W ContextImpl: Calling a method in the system process without a qualified user: android.app.ContextImpl.startService:1816 android.content.ContextWrapper.startService:774 android.content.ContextWrapper.startService:774 vendor.qti.qesdk.sysservice.QesdkSysReceiver.onReceive:42 android.app.ActivityThread.handleReceiver:4309
08-23 17:43:07.564 1155 2029 D CompatibilityChangeReporter: Compat change id reported: 135634846; UID 10071; state: DISABLED
08-23 17:43:07.564 1155 2029 D CompatibilityChangeReporter: Compat change id reported: 177438394; UID 10071; state: DISABLED
08-23 17:43:07.564 1155 2029 D CompatibilityChangeReporter: Compat change id reported: 135772972; UID 10071; state: DISABLED
08-23 17:43:07.564 1155 2029 D CompatibilityChangeReporter: Compat change id reported: 135754954; UID 10071; state: DISABLED
08-23 17:43:07.565 1155 1232 D CompatibilityChangeReporter: Compat change id reported: 143937733; UID 10071; state: DISABLED
08-23 17:43:07.621 1155 1232 W ActivityManager: Slow operation: 57ms so far, now at startProcess: returned from zygote!
08-23 17:43:07.621 1155 1232 W ActivityManager: Slow operation: 58ms so far, now at startProcess: done updating battery stats
08-23 17:43:07.621 1155 1232 W ActivityManager: Slow operation: 58ms so far, now at startProcess: building log message
08-23 17:43:07.621 1155 1232 I ActivityManager: Start proc 3187:com.android.quicksearchbox/u0a71 for broadcast {com.android.quicksearchbox/com.android.quicksearchbox.SearchWidgetProvider}
08-23 17:43:07.621 1155 1232 W ActivityManager: Slow operation: 58ms so far, now at startProcess: starting to update pids map
08-23 17:43:07.621 1155 1232 W ActivityManager: Slow operation: 58ms so far, now at startProcess: done updating pids map
08-23 17:43:07.635 1155 2055 W OverlayManager: service 'idmap' died
08-23 17:43:07.650 1331 1331 I wificond: Regulatory domain changed to country: CN on wiphy_index: 0
08-23 17:43:07.654 1331 1331 I wificond: 2.4Ghz frequencies: 2412 2417 2422 2427 2432 2437 2442 2447 2452 2457 2462 2467 2472
08-23 17:43:07.654 1331 1331 I wificond: 5Ghz non-DFS frequencies: 5180 5200 5220 5240 5745 5765 5785 5805 5825
08-23 17:43:07.654 1331 1331 I wificond: 5Ghz DFS frequencies: 5260 5280 5300 5320
08-23 17:43:07.654 1331 1331 I wificond: 6Ghz frequencies:
08-23 17:43:07.654 1331 1331 I wificond: 60Ghz frequencies:
01-01 00:01:15.929 0 0 I binder : 3187:3187 ioctl 40046210 7fd97147c4 returned -22
08-23 17:43:07.726 1155 2875 D CompatibilityChangeReporter: Compat change id reported: 168419799; UID 10071; state: DISABLED
01-01 00:01:16.046 0 0 I [schedu][0x57053a90][17:43:07.807497] wlan: [2484:I:OSIF] vdev 0, scan id 40961 type COMPLETED(1) reason COMPLETED(1) scan found 62 bss
08-23 17:43:07.936 1155 2055 D CompatibilityChangeReporter: Compat change id reported: 135634846; UID 10031; state: DISABLED
08-23 17:43:07.936 1155 2055 D CompatibilityChangeReporter: Compat change id reported: 177438394; UID 10031; state: DISABLED
08-23 17:43:07.936 1155 2055 D CompatibilityChangeReporter: Compat change id reported: 135772972; UID 10031; state: DISABLED
08-23 17:43:07.936 1155 2055 D CompatibilityChangeReporter: Compat change id reported: 135754954; UID 10031; state: ENABLED
08-23 17:43:07.937 1155 1232 D CompatibilityChangeReporter: Compat change id reported: 143937733; UID 10031; state: ENABLED
08-23 17:43:07.975 561 561 I vold : Bind mounting /mnt/runtime/default/emulated/0/Android/data on /mnt/user/0/emulated/0/Android/data
08-23 17:43:07.985 561 561 I vold : Bind mounted /mnt/runtime/default/emulated/0/Android/data on /mnt/user/0/emulated/0/Android/data
08-23 17:43:07.985 561 561 I vold : Bind mounting /mnt/runtime/default/emulated/0/Android/obb on /mnt/user/0/emulated/0/Android/obb
08-23 17:43:07.992 561 561 I vold : Bind mounted /mnt/runtime/default/emulated/0/Android/obb on /mnt/user/0/emulated/0/Android/obb
08-23 17:43:07.992 561 561 I vold : Bind mounting /mnt/runtime/write/emulated/0/Android/obb on /mnt/installer/0/emulated/0/Android/obb
08-23 17:43:07.996 561 561 I vold : Bind mounted /mnt/runtime/write/emulated/0/Android/obb on /mnt/installer/0/emulated/0/Android/obb
08-23 17:43:07.996 561 561 I vold : Configuring read_ahead of /mnt/user/0/emulated fuse filesystem to 256kb
08-23 17:43:07.996 561 561 I vold : Writing 256 to /sys/class/bdi/0:89/read_ahead_kb
08-23 17:43:07.996 561 561 I vold : Configuring max_ratio of /mnt/user/0/emulated fuse filesystem to 40
08-23 17:43:07.997 561 561 I vold : Writing 40 to /sys/class/bdi/0:89/max_ratio
08-23 17:43:07.998 1155 1744 I StorageManagerService: Mounted volume VolumeInfo{emulated;0}:
08-23 17:43:07.998 1155 1744 I StorageManagerService: type=EMULATED diskId=null partGuid= mountFlags=PRIMARY|VISIBLE
08-23 17:43:07.998 1155 1744 I StorageManagerService: mountUserId=0 state=MOUNTED
08-23 17:43:07.998 1155 1744 I StorageManagerService: fsType=null fsUuid=null fsLabel=null
08-23 17:43:07.998 1155 1744 I StorageManagerService: path=/storage/emulated internalPath=/data/media
08-23 17:43:08.000 1155 1744 I StorageSessionController: Notifying volume state changed for session with id: emulated;0
08-23 17:43:08.009 1155 1744 I StorageSessionController: Notifying volume state changed for session with id: emulated;0
08-23 17:43:08.016 1155 1232 W ActivityManager: Slow operation: 81ms so far, now at startProcess: returned from zygote!
08-23 17:43:08.017 1155 1232 W ActivityManager: Slow operation: 81ms so far, now at startProcess: done updating battery stats
08-23 17:43:08.017 1155 1232 W ActivityManager: Slow operation: 82ms so far, now at startProcess: building log message
08-23 17:43:08.017 1155 1232 I ActivityManager: Start proc 3232:com.android.traceur/u0a31 for broadcast {com.android.traceur/com.android.traceur.Receiver}
08-23 17:43:08.017 1155 1232 W ActivityManager: Slow operation: 82ms so far, now at startProcess: starting to update pids map
08-23 17:43:08.018 1155 1232 W ActivityManager: Slow operation: 82ms so far, now at startProcess: done updating pids map
08-23 17:43:08.018 1155 1744 I StorageSessionController: Notifying volume state changed for session with id: emulated;0
08-23 17:43:08.032 1155 1744 D StorageManagerService: Volume emulated;0 broadcasting mounted to UserHandle{0}
08-23 17:43:08.033 1155 1744 D StorageManagerService: Volume emulated;0 broadcasting mounted to UserHandle{0}
01-01 00:01:16.312 0 0 I binder : 3232:3232 ioctl 40046210 7fd97147c4 returned -22
08-23 17:43:08.094 1155 2055 D CompatibilityChangeReporter: Compat change id reported: 168419799; UID 10031; state: DISABLED
08-23 17:43:08.100 1155 2054 D CompatibilityChangeReporter: Compat change id reported: 149924527; UID 10100; state: ENABLED
08-23 17:43:08.101 1155 2054 D CompatibilityChangeReporter: Compat change id reported: 132649864; UID 10100; state: DISABLED
08-23 17:43:08.102 1155 2055 D CompatibilityChangeReporter: Compat change id reported: 182734110; UID 10100; state: DISABLED
08-23 17:43:08.119 1155 1155 W NotificationHistory: Attempted to add notif for locked/gone/disabled user 0
01-01 00:01:16.493 0 0 D : mv2112_read_status
01-01 00:01:16.493 0 0 D mv2112_update_link: 3.0x901(1G): 0x80
01-01 00:01:16.494 0 0 D mv2112_update_link: 3.0x8109(100M): 0x0
01-01 00:01:16.494 0 0 D mv2112_update_link: link 0x0
01-01 00:01:16.494 0 0 D mv2112_read_status: autoneg is disabled
08-23 17:43:08.313 1155 2029 D CompatibilityChangeReporter: Compat change id reported: 135634846; UID 1000; state: DISABLED
08-23 17:43:08.313 1155 2029 D CompatibilityChangeReporter: Compat change id reported: 177438394; UID 1000; state: DISABLED
08-23 17:43:08.314 1155 2029 D CompatibilityChangeReporter: Compat change id reported: 135772972; UID 1000; state: DISABLED
08-23 17:43:08.316 1155 2029 D CompatibilityChangeReporter: Compat change id reported: 135754954; UID 1000; state: DISABLED
08-23 17:43:08.359 1155 1232 W ActivityManager: Slow operation: 52ms so far, now at startProcess: returned from zygote!
08-23 17:43:08.360 1155 1232 W ActivityManager: Slow operation: 52ms so far, now at startProcess: done updating battery stats
08-23 17:43:08.360 1155 1232 W ActivityManager: Slow operation: 52ms so far, now at startProcess: building log message
08-23 17:43:08.360 1155 1232 I ActivityManager: Start proc 3272:com.qualcomm.qti.qmmi/1000 for broadcast {com.qualcomm.qti.qmmi/com.qualcomm.qti.qmmi.framework.QmmiReceiver}
08-23 17:43:08.360 1155 1232 W ActivityManager: Slow operation: 53ms so far, now at startProcess: starting to update pids map
08-23 17:43:08.360 1155 1232 W ActivityManager: Slow operation: 53ms so far, now at startProcess: done updating pids map
01-01 00:01:16.650 0 0 I binder : 3272:3272 ioctl 40046210 7fd97147c4 returned -22
08-23 17:43:08.433 1155 2029 D CompatibilityChangeReporter: Compat change id reported: 172100307; UID 10100; state: DISABLED
08-23 17:43:08.607 1155 2029 D CompatibilityChangeReporter: Compat change id reported: 168419799; UID 10065; state: DISABLED
08-23 17:43:08.615 2272 2272 E AndroidRuntime: FATAL EXCEPTION: main
08-23 17:43:08.615 2272 2272 E AndroidRuntime: Process: com.qualcomm.qti.devicestatisticsservice, PID: 2272
08-23 17:43:08.615 2272 2272 E AndroidRuntime: java.lang.NoClassDefFoundError: Failed resolution of: Landroid/hidl/manager/V1_0/IServiceNotification$Stub;
08-23 17:43:08.615 2272 2272 E AndroidRuntime: at com.qualcomm.qti.devicestatisticsservice.DeviceStatisticsService.onStartCommand(DeviceStatisticsService.java:83)
08-23 17:43:08.615 2272 2272 E AndroidRuntime: at android.app.ActivityThread.handleServiceArgs(ActivityThread.java:4640)
08-23 17:43:08.615 2272 2272 E AndroidRuntime: at android.app.ActivityThread.access$2000(ActivityThread.java:248)
08-23 17:43:08.615 2272 2272 E AndroidRuntime: at android.app.ActivityThread$H.handleMessage(ActivityThread.java:2092)
08-23 17:43:08.615 2272 2272 E AndroidRuntime: at android.os.Handler.dispatchMessage(Handler.java:106)
08-23 17:43:08.615 2272 2272 E AndroidRuntime: at android.os.Looper.loopOnce(Looper.java:201)
08-23 17:43:08.615 2272 2272 E AndroidRuntime: at android.os.Looper.loop(Looper.java:288)
08-23 17:43:08.615 2272 2272 E AndroidRuntime: at android.app.ActivityThread.main(ActivityThread.java:7880)
08-23 17:43:08.615 2272 2272 E AndroidRuntime: at java.lang.reflect.Method.invoke(Native Method)
08-23 17:43:08.615 2272 2272 E AndroidRuntime: at com.android.internal.os.RuntimeInit$MethodAndArgsCaller.run(RuntimeInit.java:548)
08-23 17:43:08.615 2272 2272 E AndroidRuntime: at com.android.internal.os.ZygoteInit.main(ZygoteInit.java:1009)
08-23 17:43:08.615 2272 2272 E AndroidRuntime: Caused by: java.lang.ClassNotFoundException: android.hidl.manager.V1_0.IServiceNotification$Stub
08-23 17:43:08.615 2272 2272 E AndroidRuntime: ... 11 more
08-23 17:43:08.620 1155 2858 D CompatibilityChangeReporter: Compat change id reported: 168419799; UID 1000; state: DISABLED
08-23 17:43:08.624 1155 3294 I DropBoxManagerService: add tag=system_app_crash isTagEnabled=true flags=0x2
08-23 17:43:08.631 1155 1155 E BootReceiver: Could not open /sys/kernel/tracing/instances/bootreceiver/trace_pipe
08-23 17:43:08.631 1155 1155 E BootReceiver: android.system.ErrnoException: open failed: ENOENT (No such file or directory)
08-23 17:43:08.631 1155 1155 E BootReceiver: at libcore.io.Linux.open(Native Method)
08-23 17:43:08.631 1155 1155 E BootReceiver: at libcore.io.ForwardingOs.open(ForwardingOs.java:567)
08-23 17:43:08.631 1155 1155 E BootReceiver: at libcore.io.BlockGuardOs.open(BlockGuardOs.java:273)
08-23 17:43:08.631 1155 1155 E BootReceiver: at android.system.Os.open(Os.java:501)
08-23 17:43:08.631 1155 1155 E BootReceiver: at com.android.server.BootReceiver.onReceive(BootReceiver.java:167)
08-23 17:43:08.631 1155 1155 E BootReceiver: at android.app.ActivityThread.handleReceiver(ActivityThread.java:4309)
08-23 17:43:08.631 1155 1155 E BootReceiver: at android.app.ActivityThread.access$1600(ActivityThread.java:248)
08-23 17:43:08.631 1155 1155 E BootReceiver: at android.app.ActivityThread$H.handleMessage(ActivityThread.java:2065)
08-23 17:43:08.631 1155 1155 E BootReceiver: at android.os.Handler.dispatchMessage(Handler.java:106)
08-23 17:43:08.631 1155 1155 E BootReceiver: at android.os.Looper.loopOnce(Looper.java:201)
08-23 17:43:08.631 1155 1155 E BootReceiver: at android.os.Looper.loop(Looper.java:288)
08-23 17:43:08.631 1155 1155 E BootReceiver: at com.android.server.SystemServer.run(SystemServer.java:907)
08-23 17:43:08.631 1155 1155 E BootReceiver: at com.android.server.SystemServer.main(SystemServer.java:614)
08-23 17:43:08.631 1155 1155 E BootReceiver: at java.lang.reflect.Method.invoke(Native Method)
08-23 17:43:08.631 1155 1155 E BootReceiver: at com.android.internal.os.RuntimeInit$MethodAndArgsCaller.run(RuntimeInit.java:548)
08-23 17:43:08.631 1155 1155 E BootReceiver: at com.android.internal.os.ZygoteInit.main(ZygoteInit.java:987)
08-23 17:43:08.653 1155 3295 I DropBoxManagerService: add tag=SYSTEM_BOOT isTagEnabled=true flags=0x2
08-23 17:43:08.658 1155 3295 I BootReceiver: Copying audit failures to DropBox
08-23 17:43:08.661 1155 3295 I BootReceiver: Checking for fsck errors
08-23 17:43:08.663 1155 3295 I BootReceiver: fs_stat, partition:persist stat:0xb
08-23 17:43:08.663 1155 3295 I BootReceiver: fs_stat, partition:dsp_a stat:0x3
08-23 17:43:08.667 1155 3295 D CompatibilityChangeReporter: Compat change id reported: 135634846; UID 10019; state: DISABLED
08-23 17:43:08.667 1155 3295 D CompatibilityChangeReporter: Compat change id reported: 177438394; UID 10019; state: DISABLED
08-23 17:43:08.667 1155 3295 D CompatibilityChangeReporter: Compat change id reported: 135772972; UID 10019; state: DISABLED
08-23 17:43:08.667 1155 3295 D CompatibilityChangeReporter: Compat change id reported: 135754954; UID 10019; state: ENABLED
08-23 17:43:08.668 1155 1232 D CompatibilityChangeReporter: Compat change id reported: 143937733; UID 10019; state: ENABLED
08-23 17:43:08.687 1155 2858 D CompatibilityChangeReporter: Compat change id reported: 168419799; UID 10086; state: DISABLED
08-23 17:43:08.700 1155 2858 I ActivityManager: Process com.qualcomm.qti.devicestatisticsservice (pid 2272) has died: pers PER
08-23 17:43:08.704 1155 2858 W ActivityManager: Scheduling restart of crashed service com.qualcomm.qti.devicestatisticsservice/.DeviceStatisticsService in 0ms for persistent
08-23 17:43:08.705 1155 2858 W ActivityManager: Re-adding persistent process ProcessRecord{1a105bf 2272:com.qualcomm.qti.devicestatisticsservice/u0a65}
08-23 17:43:08.707 1155 2858 D CompatibilityChangeReporter: Compat change id reported: 135634846; UID 10065; state: DISABLED
08-23 17:43:08.707 1155 2858 D CompatibilityChangeReporter: Compat change id reported: 177438394; UID 10065; state: DISABLED
08-23 17:43:08.707 1155 2858 D CompatibilityChangeReporter: Compat change id reported: 135772972; UID 10065; state: DISABLED
08-23 17:43:08.707 1155 2858 D CompatibilityChangeReporter: Compat change id reported: 135754954; UID 10065; state: ENABLED
08-23 17:43:08.717 1155 1232 I ActivityManager: Start proc 3301:android.process.media/u0a19 for content provider {com.android.providers.downloads/com.android.providers.downloads.DownloadProvider}
08-23 17:43:08.717 1155 1232 D CompatibilityChangeReporter: Compat change id reported: 143937733; UID 10065; state: ENABLED
08-23 17:43:08.720 1155 2055 D CompatibilityChangeReporter: Compat change id reported: 135634846; UID 1000; state: DISABLED
08-23 17:43:08.720 1155 2055 D CompatibilityChangeReporter: Compat change id reported: 177438394; UID 1000; state: DISABLED
08-23 17:43:08.720 1155 2055 D CompatibilityChangeReporter: Compat change id reported: 135772972; UID 1000; state: DISABLED
08-23 17:43:08.721 1155 2055 D CompatibilityChangeReporter: Compat change id reported: 135754954; UID 1000; state: ENABLED
01-01 00:01:16.963 0 0 I binder : 2950:3302 ioctl 40046210 7019446604 returned -22
08-23 17:43:08.756 1155 1232 W ActivityManager: Slow operation: 51ms so far, now at startProcess: returned from zygote!
08-23 17:43:08.757 1155 1232 W ActivityManager: Slow operation: 51ms so far, now at startProcess: done updating battery stats
08-23 17:43:08.757 1155 1232 W ActivityManager: Slow operation: 51ms so far, now at startProcess: building log message
08-23 17:43:08.757 1155 1232 I ActivityManager: Start proc 3306:com.qualcomm.qti.devicestatisticsservice/u0a65 for restart com.qualcomm.qti.devicestatisticsservice
08-23 17:43:08.757 1155 1232 W ActivityManager: Slow operation: 52ms so far, now at startProcess: starting to update pids map
08-23 17:43:08.757 1155 1232 W ActivityManager: Slow operation: 52ms so far, now at startProcess: done updating pids map
08-23 17:43:08.800 1155 1232 W ActivityManager: Slow operation: 81ms so far, now at startProcess: returned from zygote!
08-23 17:43:08.801 1155 1232 W ActivityManager: Slow operation: 81ms so far, now at startProcess: done updating battery stats
08-23 17:43:08.801 1155 1232 W ActivityManager: Slow operation: 82ms so far, now at startProcess: building log message
08-23 17:43:08.801 1155 1232 I ActivityManager: Start proc 3310:com.qti.diagservices/1000 for broadcast {com.qti.diagservices/com.qti.diagservices.Diag_OnBoot}
08-23 17:43:08.801 1155 1232 W ActivityManager: Slow operation: 82ms so far, now at startProcess: starting to update pids map
08-23 17:43:08.802 1155 1232 W ActivityManager: Slow operation: 82ms so far, now at startProcess: done updating pids map
01-01 00:01:17.051 0 0 I binder : 3306:3306 ioctl 40046210 7fd97147c4 returned -22
01-01 00:01:17.067 0 0 I binder : 3301:3301 ioctl 40046210 7fd97147c4 returned -22
08-23 17:43:08.841 1155 2055 D CompatibilityChangeReporter: Compat change id reported: 168419799; UID 10019; state: DISABLED
08-23 17:43:08.867 1155 1232 I ActivityManager: Start proc 3339:com.android.localtransport/1000 for service {com.android.localtransport/com.android.localtransport.LocalTransportService}
01-01 00:01:17.144 0 0 I binder : 3310:3310 ioctl 40046210 7fd97147c4 returned -22
01-01 00:01:17.171 0 0 I binder : 3339:3339 ioctl 40046210 7fd97147c4 returned -22
08-23 17:43:08.950 1155 2858 D CompatibilityChangeReporter: Compat change id reported: 168419799; UID 1000; state: DISABLED
08-23 17:43:09.051 3310 3310 W ContextImpl: Calling a method in the system process without a qualified user: android.app.ContextImpl.startService:1816 android.content.ContextWrapper.startService:774 android.content.ContextWrapper.startService:774 com.qti.diagservices.Diag_OnBoot.onReceive:40 android.app.ActivityThread.handleReceiver:4309
08-23 17:43:09.052 1155 1155 I TransportClient: LocalTransportService#0: Notifying [TransportManager.registerTransport()] transport = IBackupTransport
08-23 17:43:09.062 1155 2796 D BackupTransportManager: Transport com.android.localtransport/.LocalTransportService registered
08-23 17:43:09.062 1155 2796 D BackupManagerService: [UserID:0] Transport com.android.localtransport/.LocalTransport registered 3256ms after first request (delay = 3000ms)
08-23 17:43:09.070 1155 1155 I Telecom : DefaultDialerCache: Refreshing default dialer for user 0: now null: DDC.oR@ABA
08-23 17:43:09.077 1155 1155 I Telecom : MissedCallNotifierImpl: reloadAfterBootComplete: user=0: TSBCR.oR@ABE
08-23 17:43:09.081 1155 2796 I BackupManagerService: [UserID:0] Found 11 stale backup journal(s), scheduling.
08-23 17:43:09.087 1155 1155 I Telecom : MissedCallNotifierImpl: reloadAfterBootComplete: user=0: TSBCR.oR@ABE
08-23 17:43:09.088 1155 1155 D CompatibilityChangeReporter: Compat change id reported: 135634846; UID 10073; state: DISABLED
08-23 17:43:09.088 1155 1155 D CompatibilityChangeReporter: Compat change id reported: 177438394; UID 10073; state: DISABLED
08-23 17:43:09.089 1155 1155 D CompatibilityChangeReporter: Compat change id reported: 135772972; UID 10073; state: DISABLED
08-23 17:43:09.089 1155 1155 D CompatibilityChangeReporter: Compat change id reported: 135754954; UID 10073; state: DISABLED
08-23 17:43:09.089 1155 1232 D CompatibilityChangeReporter: Compat change id reported: 143937733; UID 10073; state: DISABLED
08-23 17:43:09.101 1155 2796 I BackupManagerService: [UserID:0] Stale backup journals: Scheduled 10 package(s) total
08-23 17:43:09.132 1155 1232 I ActivityManager: Start proc 3384:com.android.calendar/u0a73 for broadcast {com.android.calendar/com.android.calendar.alerts.AlertReceiver}
01-01 00:01:17.428 0 0 I binder : 3384:3384 ioctl 40046210 7fd97147c4 returned -22
08-23 17:43:09.200 1155 2055 D CompatibilityChangeReporter: Compat change id reported: 168419799; UID 10073; state: DISABLED
01-01 00:01:17.517 0 0 D : mv2112_read_status
01-01 00:01:17.518 0 0 D mv2112_update_link: 3.0x901(1G): 0x80
01-01 00:01:17.518 0 0 D mv2112_update_link: 3.0x8109(100M): 0x0
01-01 00:01:17.518 0 0 D mv2112_update_link: link 0x0
01-01 00:01:17.518 0 0 D mv2112_read_status: autoneg is disabled
08-23 17:43:09.360 1155 2054 D CompatibilityChangeReporter: Compat change id reported: 168419799; UID 10068; state: DISABLED
08-23 17:43:09.411 1155 2054 D CompatibilityChangeReporter: Compat change id reported: 135634846; UID 1000; state: DISABLED
08-23 17:43:09.411 1155 2054 D CompatibilityChangeReporter: Compat change id reported: 177438394; UID 1000; state: DISABLED
08-23 17:43:09.412 1155 2054 D CompatibilityChangeReporter: Compat change id reported: 135772972; UID 1000; state: DISABLED
08-23 17:43:09.413 1155 2054 D CompatibilityChangeReporter: Compat change id reported: 135754954; UID 1000; state: ENABLED
08-23 17:43:09.453 1155 1232 I ActivityManager: Start proc 3407:com.android.dynsystem/1000 for broadcast {com.android.dynsystem/com.android.dynsystem.BootCompletedReceiver}
01-01 00:01:17.783 0 0 I binder : 3407:3407 ioctl 40046210 7fd97147c4 returned -22
08-23 17:43:09.560 1155 2054 D CompatibilityChangeReporter: Compat change id reported: 168419799; UID 1000; state: DISABLED
08-23 17:43:09.679 1155 2054 D CompatibilityChangeReporter: Compat change id reported: 135634846; UID 1000; state: DISABLED
08-23 17:43:09.679 1155 2054 D CompatibilityChangeReporter: Compat change id reported: 177438394; UID 1000; state: DISABLED
08-23 17:43:09.679 1155 2054 D CompatibilityChangeReporter: Compat change id reported: 135772972; UID 1000; state: DISABLED
08-23 17:43:09.680 1155 2054 D CompatibilityChangeReporter: Compat change id reported: 135754954; UID 1000; state: ENABLED
08-23 17:43:09.693 1155 2054 D CompatibilityChangeReporter: Compat change id reported: 168419799; UID 10076; state: DISABLED
08-23 17:43:09.705 1155 2858 I ActivityManager: com.android.managedprovisioning is exempt from freezer
08-23 17:43:09.705 1155 2858 D CompatibilityChangeReporter: Compat change id reported: 135634846; UID 10035; state: DISABLED
08-23 17:43:09.705 1155 2858 D CompatibilityChangeReporter: Compat change id reported: 177438394; UID 10035; state: DISABLED
08-23 17:43:09.706 1155 2858 D CompatibilityChangeReporter: Compat change id reported: 135772972; UID 10035; state: DISABLED
08-23 17:43:09.707 1155 2858 D CompatibilityChangeReporter: Compat change id reported: 135754954; UID 10035; state: ENABLED
08-23 17:43:09.721 1155 1232 I ActivityManager: Start proc 3428:com.android.dynsystem:dynsystem/1000 for service {com.android.dynsystem/com.android.dynsystem.DynamicSystemInstallationService}
08-23 17:43:09.721 1155 1232 D CompatibilityChangeReporter: Compat change id reported: 143937733; UID 10035; state: ENABLED
08-23 17:43:09.756 1155 1232 W ActivityManager: Slow operation: 52ms so far, now at startProcess: returned from zygote!
08-23 17:43:09.757 1155 1232 W ActivityManager: Slow operation: 52ms so far, now at startProcess: done updating battery stats
08-23 17:43:09.757 1155 1232 W ActivityManager: Slow operation: 53ms so far, now at startProcess: building log message
08-23 17:43:09.757 1155 1232 I ActivityManager: Start proc 3429:com.android.managedprovisioning/u0a35 for broadcast {com.android.managedprovisioning/com.android.managedprovisioning.BootReminder}
08-23 17:43:09.757 1155 1232 W ActivityManager: Slow operation: 53ms so far, now at startProcess: starting to update pids map
08-23 17:43:09.757 1155 1232 W ActivityManager: Slow operation: 53ms so far, now at startProcess: done updating pids map
01-01 00:01:18.030 0 0 I binder : 3428:3428 ioctl 40046210 7fd97147c4 returned -22
01-01 00:01:18.055 0 0 I binder : 3429:3429 ioctl 40046210 7fd97147c4 returned -22
08-23 17:43:09.825 1155 2858 D CompatibilityChangeReporter: Compat change id reported: 168419799; UID 10035; state: DISABLED
08-23 17:43:09.905 1155 2029 I DynamicSystemService: isInstalled(): false
08-23 17:43:10.004 1155 2029 D CompatibilityChangeReporter: Compat change id reported: 168419799; UID 10019; state: DISABLED
08-23 17:43:10.017 1155 2858 D CompatibilityChangeReporter: Compat change id reported: 135634846; UID 10061; state: DISABLED
08-23 17:43:10.017 1155 2858 D CompatibilityChangeReporter: Compat change id reported: 177438394; UID 10061; state: DISABLED
08-23 17:43:10.018 1155 2858 D CompatibilityChangeReporter: Compat change id reported: 135772972; UID 10061; state: DISABLED
08-23 17:43:10.020 1155 2858 D CompatibilityChangeReporter: Compat change id reported: 135754954; UID 10061; state: ENABLED
08-23 17:43:10.020 1155 1232 D CompatibilityChangeReporter: Compat change id reported: 143937733; UID 10061; state: ENABLED
08-23 17:43:10.066 1155 1232 I ActivityManager: Start proc 3487:com.android.onetimeinitializer/u0a61 for broadcast {com.android.onetimeinitializer/com.android.onetimeinitializer.OneTimeInitializerReceiver}
01-01 00:01:18.373 0 0 I binder : 3487:3487 ioctl 40046210 7fd97147c4 returned -22
08-23 17:43:10.157 1155 2029 D CompatibilityChangeReporter: Compat change id reported: 168419799; UID 10061; state: DISABLED
08-23 17:43:10.283 1155 2029 I ActivityManager: com.android.packageinstaller is exempt from freezer
08-23 17:43:10.283 1155 2029 D CompatibilityChangeReporter: Compat change id reported: 135634846; UID 10030; state: DISABLED
08-23 17:43:10.284 1155 2029 D CompatibilityChangeReporter: Compat change id reported: 177438394; UID 10030; state: DISABLED
08-23 17:43:10.284 1155 2029 D CompatibilityChangeReporter: Compat change id reported: 135772972; UID 10030; state: DISABLED
08-23 17:43:10.284 1155 2029 D CompatibilityChangeReporter: Compat change id reported: 135754954; UID 10030; state: ENABLED
08-23 17:43:10.285 1155 1232 D CompatibilityChangeReporter: Compat change id reported: 143937733; UID 10030; state: ENABLED
01-01 00:01:18.541 0 0 D : mv2112_read_status
01-01 00:01:18.542 0 0 D mv2112_update_link: 3.0x901(1G): 0x80
01-01 00:01:18.542 0 0 D mv2112_update_link: 3.0x8109(100M): 0x0
01-01 00:01:18.542 0 0 D mv2112_update_link: link 0x0
01-01 00:01:18.542 0 0 D mv2112_read_status: autoneg is disabled
01-01 00:01:18.548 0 0 W audit : audit_lost=1 audit_rate_limit=5 audit_backlog_limit=64
01-01 00:01:18.548 0 0 E audit : rate limit exceeded
08-23 17:43:10.325 1155 1232 I ActivityManager: Start proc 3510:com.android.packageinstaller/u0a30 for broadcast {com.android.packageinstaller/com.android.packageinstaller.TemporaryFileManager}
01-01 00:01:18.647 0 0 I binder : 3510:3510 ioctl 40046210 7fd97147c4 returned -22
08-23 17:43:10.426 1155 2029 D CompatibilityChangeReporter: Compat change id reported: 168419799; UID 10030; state: DISABLED
01-01 00:01:18.742 0 0 I afe_close: port_id = 0x9000
08-23 17:43:10.583 1155 2029 D CompatibilityChangeReporter: Compat change id reported: 135634846; UID 10099; state: DISABLED
08-23 17:43:10.583 1155 2029 D CompatibilityChangeReporter: Compat change id reported: 177438394; UID 10099; state: DISABLED
08-23 17:43:10.584 1155 2029 D CompatibilityChangeReporter: Compat change id reported: 135772972; UID 10099; state: DISABLED
08-23 17:43:10.584 1155 2029 D CompatibilityChangeReporter: Compat change id reported: 135754954; UID 10099; state: DISABLED
08-23 17:43:10.585 1155 1232 D CompatibilityChangeReporter: Compat change id reported: 143937733; UID 10099; state: DISABLED
08-23 17:43:10.650 1155 1232 W ActivityManager: Slow operation: 67ms so far, now at startProcess: returned from zygote!
08-23 17:43:10.650 1155 1232 W ActivityManager: Slow operation: 68ms so far, now at startProcess: done updating battery stats
08-23 17:43:10.650 1155 1232 W ActivityManager: Slow operation: 68ms so far, now at startProcess: building log message
08-23 17:43:10.650 1155 1232 I ActivityManager: Start proc 3527:com.android.permissioncontroller/u0a99 for broadcast {com.android.permissioncontroller/com.android.permissioncontroller.permission.service.LocationAccessCheck$SetupPeriodicBackgroundLocationAccessCheck}
08-23 17:43:10.650 1155 1232 W ActivityManager: Slow operation: 68ms so far, now at startProcess: starting to update pids map
08-23 17:43:10.650 1155 1232 W ActivityManager: Slow operation: 68ms so far, now at startProcess: done updating pids map
01-01 00:01:18.956 0 0 I binder : 3527:3527 ioctl 40046210 7fd97147c4 returned -22
08-23 17:43:10.731 1155 2029 D CompatibilityChangeReporter: Compat change id reported: 168419799; UID 10099; state: DISABLED
08-23 17:43:11.015 1155 2850 D CompatibilityChangeReporter: Compat change id reported: 135634846; UID 10026; state: DISABLED
08-23 17:43:11.015 1155 2850 D CompatibilityChangeReporter: Compat change id reported: 177438394; UID 10026; state: DISABLED
08-23 17:43:11.015 1155 2850 D CompatibilityChangeReporter: Compat change id reported: 135772972; UID 10026; state: DISABLED
08-23 17:43:11.015 1155 2850 D CompatibilityChangeReporter: Compat change id reported: 135754954; UID 10026; state: ENABLED
08-23 17:43:11.016 1155 1232 D CompatibilityChangeReporter: Compat change id reported: 143937733; UID 10026; state: ENABLED
08-23 17:43:11.076 1155 1232 W ActivityManager: Slow operation: 62ms so far, now at startProcess: returned from zygote!
08-23 17:43:11.077 1155 1232 W ActivityManager: Slow operation: 63ms so far, now at startProcess: done updating battery stats
08-23 17:43:11.077 1155 1232 W ActivityManager: Slow operation: 63ms so far, now at startProcess: building log message
08-23 17:43:11.077 1155 1232 I ActivityManager: Start proc 3545:com.android.providers.calendar/u0a26 for broadcast {com.android.providers.calendar/com.android.providers.calendar.CalendarReceiver}
08-23 17:43:11.077 1155 1232 W ActivityManager: Slow operation: 63ms so far, now at startProcess: starting to update pids map
08-23 17:43:11.078 1155 1232 W ActivityManager: Slow operation: 63ms so far, now at startProcess: done updating pids map
01-01 00:01:19.393 0 0 I binder : 3545:3545 ioctl 40046210 7fd97147c4 returned -22
08-23 17:43:11.167 1155 2850 D CompatibilityChangeReporter: Compat change id reported: 168419799; UID 10026; state: DISABLED
01-01 00:01:19.421 0 0 I init : starting service 'qvrd_vndr'...
01-01 00:01:19.428 0 0 I init : Created socket '/dev/socket/qvrservice_vndr', mode 660, user 1000, group 1000
01-01 00:01:19.431 0 0 I init : Created socket '/dev/socket/qvrservice_vndr_camera', mode 660, user 1000, group 1000
08-23 17:43:11.268 3561 3561 F linker : CANNOT LINK EXECUTABLE "/vendor/bin/hw/qvrservice": library "vendor.qti.hardware.qxr-V1-ndk_platform.so" not found: needed by /vendor/lib64/libqvrservice.so in namespace (default)
01-01 00:01:19.512 0 0 I init : Service 'qvrd_vndr' (pid 3561) exited with status 1
01-01 00:01:19.512 0 0 I init : Sending signal 9 to service 'qvrd_vndr' (pid 3561) process group...
01-01 00:01:19.513 0 0 I libprocessgroup: Successfully killed process cgroup uid 1000 pid 3561 in 0ms
01-01 00:01:19.521 0 0 I init : starting service 'sxrd'...
01-01 00:01:19.566 0 0 D : mv2112_read_status
01-01 00:01:19.566 0 0 D mv2112_update_link: 3.0x901(1G): 0x80
01-01 00:01:19.567 0 0 D mv2112_update_link: 3.0x8109(100M): 0x0
01-01 00:01:19.567 0 0 D mv2112_update_link: link 0x0
01-01 00:01:19.567 0 0 D mv2112_read_status: autoneg is disabled
08-23 17:43:11.369 3563 3563 F linker : CANNOT LINK EXECUTABLE "/vendor/bin/hw/sxrservice": library "vendor.qti.hardware.qxr-V1-ndk_platform.so" not found: needed by main executable
01-01 00:01:19.609 0 0 I init : Service 'sxrd' (pid 3563) exited with status 1
01-01 00:01:19.610 0 0 I init : Sending signal 9 to service 'sxrd' (pid 3563) process group...
01-01 00:01:19.610 0 0 I libprocessgroup: Successfully killed process cgroup uid 1000 pid 3563 in 0ms
08-23 17:43:11.397 1155 2029 D CompatibilityChangeReporter: Compat change id reported: 171306433; UID 10026; state: ENABLED
08-23 17:43:11.406 1155 2029 D CompatibilityChangeReporter: Compat change id reported: 143231523; UID 10026; state: DISABLED
08-23 17:43:11.429 1155 2850 D CompatibilityChangeReporter: Compat change id reported: 168419799; UID 10100; state: DISABLED
08-23 17:43:11.437 1155 2029 D CompatibilityChangeReporter: Compat change id reported: 168419799; UID 1000; state: DISABLED
08-23 17:43:11.469 1155 2029 I ActivityManager: com.android.shell is exempt from freezer
08-23 17:43:11.469 1155 2029 D CompatibilityChangeReporter: Compat change id reported: 135634846; UID 2000; state: DISABLED
08-23 17:43:11.470 1155 2029 D CompatibilityChangeReporter: Compat change id reported: 177438394; UID 2000; state: DISABLED
08-23 17:43:11.471 1155 2029 D CompatibilityChangeReporter: Compat change id reported: 135772972; UID 2000; state: DISABLED
08-23 17:43:11.471 1155 2029 D CompatibilityChangeReporter: Compat change id reported: 135754954; UID 2000; state: ENABLED
08-23 17:43:11.524 1155 1232 W ActivityManager: Slow operation: 56ms so far, now at startProcess: returned from zygote!
08-23 17:43:11.525 1155 1232 W ActivityManager: Slow operation: 56ms so far, now at startProcess: done updating battery stats
08-23 17:43:11.525 1155 1232 W ActivityManager: Slow operation: 56ms so far, now at startProcess: building log message
08-23 17:43:11.525 1155 1232 I ActivityManager: Start proc 3569:com.android.shell/2000 for broadcast {com.android.shell/com.android.shell.HeapDumpReceiver}
08-23 17:43:11.525 1155 1232 W ActivityManager: Slow operation: 57ms so far, now at startProcess: starting to update pids map
08-23 17:43:11.525 1155 1232 W ActivityManager: Slow operation: 57ms so far, now at startProcess: done updating pids map
01-01 00:01:19.820 0 0 I binder : 3569:3569 ioctl 40046210 7fd97147c4 returned -22
08-23 17:43:11.595 1155 2029 D CompatibilityChangeReporter: Compat change id reported: 168419799; UID 2000; state: DISABLED
08-23 17:43:11.727 1155 2029 D CompatibilityChangeReporter: Compat change id reported: 135634846; UID 1001; state: DISABLED
08-23 17:43:11.727 1155 2029 D CompatibilityChangeReporter: Compat change id reported: 177438394; UID 1001; state: DISABLED
08-23 17:43:11.727 1155 2029 D CompatibilityChangeReporter: Compat change id reported: 135772972; UID 1001; state: DISABLED
08-23 17:43:11.727 1155 2029 D CompatibilityChangeReporter: Compat change id reported: 135754954; UID 1001; state: ENABLED
08-23 17:43:11.788 1155 1232 W ActivityManager: Slow operation: 62ms so far, now at startProcess: returned from zygote!
08-23 17:43:11.789 1155 1232 W ActivityManager: Slow operation: 62ms so far, now at startProcess: done updating battery stats
08-23 17:43:11.789 1155 1232 I Watchdog: Interesting Java process com.android.phone started. Pid 3587
08-23 17:43:11.789 1155 1232 W ActivityManager: Slow operation: 62ms so far, now at startProcess: building log message
08-23 17:43:11.789 1155 1232 I ActivityManager: Start proc 3587:com.android.phone/1001 for broadcast {com.android.stk/com.android.stk.BootCompletedReceiver}
08-23 17:43:11.789 1155 1232 W ActivityManager: Slow operation: 63ms so far, now at startProcess: starting to update pids map
08-23 17:43:11.789 1155 1232 W ActivityManager: Slow operation: 63ms so far, now at startProcess: done updating pids map
01-01 00:01:20.090 0 0 I binder : 3587:3587 ioctl 40046210 7fd97147c4 returned -22
08-23 17:43:12.014 1155 2029 D CompatibilityChangeReporter: Compat change id reported: 135634846; UID 10078; state: DISABLED
08-23 17:43:12.015 1155 2029 D CompatibilityChangeReporter: Compat change id reported: 177438394; UID 10078; state: DISABLED
08-23 17:43:12.015 1155 2029 D CompatibilityChangeReporter: Compat change id reported: 135772972; UID 10078; state: DISABLED
08-23 17:43:12.016 1155 2029 D CompatibilityChangeReporter: Compat change id reported: 135754954; UID 10078; state: ENABLED
08-23 17:43:12.017 1155 1232 D CompatibilityChangeReporter: Compat change id reported: 143937733; UID 10078; state: ENABLED
08-23 17:43:12.076 1155 1232 W ActivityManager: Slow operation: 62ms so far, now at startProcess: returned from zygote!
08-23 17:43:12.076 1155 1232 W ActivityManager: Slow operation: 63ms so far, now at startProcess: done updating battery stats
08-23 17:43:12.076 1155 1232 W ActivityManager: Slow operation: 63ms so far, now at startProcess: building log message
08-23 17:43:12.076 1155 1232 I ActivityManager: Start proc 3607:com.qti.ltebc/u0a78 for broadcast {com.qti.ltebc/com.qualcomm.ltebc.LTEBroadcastBootReceiver}
08-23 17:43:12.076 1155 1232 W ActivityManager: Slow operation: 63ms so far, now at startProcess: starting to update pids map
08-23 17:43:12.076 1155 1232 W ActivityManager: Slow operation: 63ms so far, now at startProcess: done updating pids map
01-01 00:01:20.404 0 0 I binder : 3607:3607 ioctl 40046210 7fd97147c4 returned -22
08-23 17:43:12.184 1155 2029 D CompatibilityChangeReporter: Compat change id reported: 168419799; UID 10078; state: DISABLED
01-01 00:01:20.590 0 0 D : mv2112_read_status
01-01 00:01:20.591 0 0 D mv2112_update_link: 3.0x901(1G): 0x80
01-01 00:01:20.591 0 0 D mv2112_update_link: 3.0x8109(100M): 0x0
01-01 00:01:20.591 0 0 D mv2112_update_link: link 0x0
01-01 00:01:20.591 0 0 D mv2112_read_status: autoneg is disabled
01-01 00:01:21.613 0 0 D : mv2112_read_status
01-01 00:01:21.614 0 0 D mv2112_update_link: 3.0x901(1G): 0x80
01-01 00:01:21.614 0 0 D mv2112_update_link: 3.0x8109(100M): 0x0
01-01 00:01:21.614 0 0 D mv2112_update_link: link 0x0
01-01 00:01:21.614 0 0 D mv2112_read_status: autoneg is disabled
01-01 00:01:22.638 0 0 D : mv2112_read_status
01-01 00:01:22.638 0 0 D mv2112_update_link: 3.0x901(1G): 0x80
01-01 00:01:22.639 0 0 D mv2112_update_link: 3.0x8109(100M): 0x0
01-01 00:01:22.639 0 0 D mv2112_update_link: link 0x0
01-01 00:01:22.639 0 0 D mv2112_read_status: autoneg is disabled
01-01 00:01:23.662 0 0 D : mv2112_read_status
01-01 00:01:23.662 0 0 D mv2112_update_link: 3.0x901(1G): 0x80
01-01 00:01:23.663 0 0 D mv2112_update_link: 3.0x8109(100M): 0x0
01-01 00:01:23.663 0 0 D mv2112_update_link: link 0x0
01-01 00:01:23.663 0 0 D mv2112_read_status: autoneg is disabled
01-01 00:01:24.456 0 0 I init : starting service 'qvrd_vndr'...
01-01 00:01:24.459 0 0 I init : Created socket '/dev/socket/qvrservice_vndr', mode 660, user 1000, group 1000
01-01 00:01:24.462 0 0 I init : Created socket '/dev/socket/qvrservice_vndr_camera', mode 660, user 1000, group 1000
08-23 17:43:16.297 3649 3649 F linker : CANNOT LINK EXECUTABLE "/vendor/bin/hw/qvrservice": library "vendor.qti.hardware.qxr-V1-ndk_platform.so" not found: needed by /vendor/lib64/libqvrservice.so in namespace (default)
01-01 00:01:24.537 0 0 I init : Service 'qvrd_vndr' (pid 3649) exited with status 1
01-01 00:01:24.537 0 0 I init : Sending signal 9 to service 'qvrd_vndr' (pid 3649) process group...
01-01 00:01:24.538 0 0 I libprocessgroup: Successfully killed process cgroup uid 1000 pid 3649 in 0ms
01-01 00:01:24.552 0 0 I init : starting service 'sxrd'...
08-23 17:43:16.378 3650 3650 F linker : CANNOT LINK EXECUTABLE "/vendor/bin/hw/sxrservice": library "vendor.qti.hardware.qxr-V1-ndk_platform.so" not found: needed by main executable
01-01 00:01:24.618 0 0 I init : Service 'sxrd' (pid 3650) exited with status 1
01-01 00:01:24.618 0 0 I init : Sending signal 9 to service 'sxrd' (pid 3650) process group...
01-01 00:01:24.619 0 0 I libprocessgroup: Successfully killed process cgroup uid 1000 pid 3650 in 0ms
01-01 00:01:24.686 0 0 D : mv2112_read_status
01-01 00:01:24.686 0 0 D mv2112_update_link: 3.0x901(1G): 0x80
01-01 00:01:24.687 0 0 D mv2112_update_link: 3.0x8109(100M): 0x0
01-01 00:01:24.687 0 0 D mv2112_update_link: link 0x0
01-01 00:01:24.687 0 0 D mv2112_read_status: autoneg is disabled
08-23 17:43:17.144 1155 2054 D CompatibilityChangeReporter: Compat change id reported: 168419799; UID 10059; state: DISABLED
08-23 17:43:17.145 1155 2850 D CompatibilityChangeReporter: Compat change id reported: 171306433; UID 10078; state: ENABLED
08-23 17:43:17.167 1155 2054 D CompatibilityChangeReporter: Compat change id reported: 168419799; UID 10079; state: DISABLED
08-23 17:43:17.178 1155 2054 D CompatibilityChangeReporter: Compat change id reported: 168419799; UID 10081; state: DISABLED
08-23 17:43:17.198 1155 2858 D CompatibilityChangeReporter: Compat change id reported: 168419799; UID 10094; state: DISABLED
08-23 17:43:17.210 1155 2858 D CompatibilityChangeReporter: Compat change id reported: 135634846; UID 10057; state: DISABLED
08-23 17:43:17.210 1155 1232 D CompatibilityChangeReporter: Compat change id reported: 143937733; UID 10057; state: DISABLED
08-23 17:43:17.268 1155 1232 W ActivityManager: Slow operation: 58ms so far, now at startProcess: returned from zygote!
08-23 17:43:17.268 1155 1232 W ActivityManager: Slow operation: 59ms so far, now at startProcess: done updating battery stats
