08-23 17:45:14.852 5481 5496 W ContextImpl: Calling a method in the system process without a qualified user: android.app.ContextImpl.sendBroadcast:1173 android.content.ContextWrapper.sendBroadcast:479 com.thundercomm.mcuupgrade.update.MCUUpdate.noticeMpu:230 com.thundercomm.mcuupgrade.update.MCUUpdate.access$900:20 com.thundercomm.mcuupgrade.update.MCUUpdate$1.onMessage:115
08-23 17:45:15.003 5481 5496 W ContextImpl: Calling a method in the system process without a qualified user: android.app.ContextImpl.sendBroadcast:1173 android.content.ContextWrapper.sendBroadcast:479 com.thundercomm.mcuupgrade.update.MCUUpdate.noticeMpu:230 com.thundercomm.mcuupgrade.update.MCUUpdate.access$900:20 com.thundercomm.mcuupgrade.update.MCUUpdate$1.onMessage:115
08-23 17:45:15.163 5481 5496 W ContextImpl: Calling a method in the system process without a qualified user: android.app.ContextImpl.sendBroadcast:1173 android.content.ContextWrapper.sendBroadcast:479 com.thundercomm.mcuupgrade.update.MCUUpdate.noticeMpu:230 com.thundercomm.mcuupgrade.update.MCUUpdate.access$900:20 com.thundercomm.mcuupgrade.update.MCUUpdate$1.onMessage:115
01-01 00:03:23.470 0 0 D : mv2112_read_status
01-01 00:03:23.470 0 0 D mv2112_update_link: 3.0x901(1G): 0x80
01-01 00:03:23.471 0 0 D mv2112_update_link: 3.0x8109(100M): 0x0
01-01 00:03:23.471 0 0 D mv2112_update_link: link 0x0
01-01 00:03:23.471 0 0 D mv2112_read_status: autoneg is disabled
08-23 17:45:15.321 5481 5496 W ContextImpl: Calling a method in the system process without a qualified user: android.app.ContextImpl.sendBroadcast:1173 android.content.ContextWrapper.sendBroadcast:479 com.thundercomm.mcuupgrade.update.MCUUpdate.noticeMpu:230 com.thundercomm.mcuupgrade.update.MCUUpdate.access$900:20 com.thundercomm.mcuupgrade.update.MCUUpdate$1.onMessage:115
08-23 17:45:15.477 5481 5496 W ContextImpl: Calling a method in the system process without a qualified user: android.app.ContextImpl.sendBroadcast:1173 android.content.ContextWrapper.sendBroadcast:479 com.thundercomm.mcuupgrade.update.MCUUpdate.noticeMpu:230 com.thundercomm.mcuupgrade.update.MCUUpdate.access$900:20 com.thundercomm.mcuupgrade.update.MCUUpdate$1.onMessage:115
08-23 17:45:15.631 5481 5496 W ContextImpl: Calling a method in the system process without a qualified user: android.app.ContextImpl.sendBroadcast:1173 android.content.ContextWrapper.sendBroadcast:479 com.thundercomm.mcuupgrade.update.MCUUpdate.noticeMpu:230 com.thundercomm.mcuupgrade.update.MCUUpdate.access$900:20 com.thundercomm.mcuupgrade.update.MCUUpdate$1.onMessage:115
08-23 17:45:15.787 5481 5496 W ContextImpl: Calling a method in the system process without a qualified user: android.app.ContextImpl.sendBroadcast:1173 android.content.ContextWrapper.sendBroadcast:479 com.thundercomm.mcuupgrade.update.MCUUpdate.noticeMpu:230 com.thundercomm.mcuupgrade.update.MCUUpdate.access$900:20 com.thundercomm.mcuupgrade.update.MCUUpdate$1.onMessage:115
08-23 17:45:15.946 5481 5496 W ContextImpl: Calling a method in the system process without a qualified user: android.app.ContextImpl.sendBroadcast:1173 android.content.ContextWrapper.sendBroadcast:479 com.thundercomm.mcuupgrade.update.MCUUpdate.noticeMpu:230 com.thundercomm.mcuupgrade.update.MCUUpdate.access$900:20 com.thundercomm.mcuupgrade.update.MCUUpdate$1.onMessage:115
08-23 17:45:16.100 5481 5496 W ContextImpl: Calling a method in the system process without a qualified user: android.app.ContextImpl.sendBroadcast:1173 android.content.ContextWrapper.sendBroadcast:479 com.thundercomm.mcuupgrade.update.MCUUpdate.noticeMpu:230 com.thundercomm.mcuupgrade.update.MCUUpdate.access$900:20 com.thundercomm.mcuupgrade.update.MCUUpdate$1.onMessage:115
01-01 00:03:24.493 0 0 D : mv2112_read_status
01-01 00:03:24.493 0 0 D mv2112_update_link: 3.0x901(1G): 0x80
01-01 00:03:24.494 0 0 D mv2112_update_link: 3.0x8109(100M): 0x0
01-01 00:03:24.494 0 0 D mv2112_update_link: link 0x0
01-01 00:03:24.494 0 0 D mv2112_read_status: autoneg is disabled
08-23 17:45:16.241 5481 5496 W ContextImpl: Calling a method in the system process without a qualified user: android.app.ContextImpl.sendBroadcast:1173 android.content.ContextWrapper.sendBroadcast:479 com.thundercomm.mcuupgrade.update.MCUUpdate.noticeMpu:230 com.thundercomm.mcuupgrade.update.MCUUpdate.access$900:20 com.thundercomm.mcuupgrade.update.MCUUpdate$1.onMessage:115
08-23 17:45:16.394 5481 5496 W ContextImpl: Calling a method in the system process without a qualified user: android.app.ContextImpl.sendBroadcast:1173 android.content.ContextWrapper.sendBroadcast:479 com.thundercomm.mcuupgrade.update.MCUUpdate.noticeMpu:230 com.thundercomm.mcuupgrade.update.MCUUpdate.access$900:20 com.thundercomm.mcuupgrade.update.MCUUpdate$1.onMessage:115
08-23 17:45:16.529 5481 5496 W ContextImpl: Calling a method in the system process without a qualified user: android.app.ContextImpl.sendBroadcast:1173 android.content.ContextWrapper.sendBroadcast:479 com.thundercomm.mcuupgrade.update.MCUUpdate.noticeMpu:230 com.thundercomm.mcuupgrade.update.MCUUpdate.access$900:20 com.thundercomm.mcuupgrade.update.MCUUpdate$1.onMessage:115
01-01 00:03:24.778 0 0 I afe_close: port_id = 0x9000
08-23 17:45:16.688 5481 5496 W ContextImpl: Calling a method in the system process without a qualified user: android.app.ContextImpl.sendBroadcast:1173 android.content.ContextWrapper.sendBroadcast:479 com.thundercomm.mcuupgrade.update.MCUUpdate.noticeMpu:230 com.thundercomm.mcuupgrade.update.MCUUpdate.access$900:20 com.thundercomm.mcuupgrade.update.MCUUpdate$1.onMessage:115
08-23 17:45:16.841 5481 5496 W ContextImpl: Calling a method in the system process without a qualified user: android.app.ContextImpl.sendBroadcast:1173 android.content.ContextWrapper.sendBroadcast:479 com.thundercomm.mcuupgrade.update.MCUUpdate.noticeMpu:230 com.thundercomm.mcuupgrade.update.MCUUpdate.access$900:20 com.thundercomm.mcuupgrade.update.MCUUpdate$1.onMessage:115
08-23 17:45:16.999 5481 5496 W ContextImpl: Calling a method in the system process without a qualified user: android.app.ContextImpl.sendBroadcast:1173 android.content.ContextWrapper.sendBroadcast:479 com.thundercomm.mcuupgrade.update.MCUUpdate.noticeMpu:230 com.thundercomm.mcuupgrade.update.MCUUpdate.access$900:20 com.thundercomm.mcuupgrade.update.MCUUpdate$1.onMessage:115
08-23 17:45:17.156 5481 5496 W ContextImpl: Calling a method in the system process without a qualified user: android.app.ContextImpl.sendBroadcast:1173 android.content.ContextWrapper.sendBroadcast:479 com.thundercomm.mcuupgrade.update.MCUUpdate.noticeMpu:230 com.thundercomm.mcuupgrade.update.MCUUpdate.access$900:20 com.thundercomm.mcuupgrade.update.MCUUpdate$1.onMessage:115
01-01 00:03:25.518 0 0 D : mv2112_read_status
01-01 00:03:25.519 0 0 D mv2112_update_link: 3.0x901(1G): 0x80
01-01 00:03:25.519 0 0 D mv2112_update_link: 3.0x8109(100M): 0x0
01-01 00:03:25.519 0 0 D mv2112_update_link: link 0x0
01-01 00:03:25.519 0 0 D mv2112_read_status: autoneg is disabled
08-23 17:45:17.315 5481 5496 W ContextImpl: Calling a method in the system process without a qualified user: android.app.ContextImpl.sendBroadcast:1173 android.content.ContextWrapper.sendBroadcast:479 com.thundercomm.mcuupgrade.update.MCUUpdate.noticeMpu:230 com.thundercomm.mcuupgrade.update.MCUUpdate.access$900:20 com.thundercomm.mcuupgrade.update.MCUUpdate$1.onMessage:115
08-23 17:45:17.463 5481 5496 W ContextImpl: Calling a method in the system process without a qualified user: android.app.ContextImpl.sendBroadcast:1173 android.content.ContextWrapper.sendBroadcast:479 com.thundercomm.mcuupgrade.update.MCUUpdate.noticeMpu:230 com.thundercomm.mcuupgrade.update.MCUUpdate.access$900:20 com.thundercomm.mcuupgrade.update.MCUUpdate$1.onMessage:115
01-01 00:03:25.767 0 0 I init : starting service 'qvrd_vndr'...
01-01 00:03:25.772 0 0 I init : Created socket '/dev/socket/qvrservice_vndr', mode 660, user 1000, group 1000
01-01 00:03:25.777 0 0 I init : Created socket '/dev/socket/qvrservice_vndr_camera', mode 660, user 1000, group 1000
01-01 00:03:25.839 0 0 I init : starting service 'sxrd'...
08-23 17:45:17.620 6292 6292 F linker : CANNOT LINK EXECUTABLE "/vendor/bin/hw/qvrservice": library "vendor.qti.hardware.qxr-V1-ndk_platform.so" not found: needed by /vendor/lib64/libqvrservice.so in namespace (default)
01-01 00:03:25.860 0 0 I init : Service 'qvrd_vndr' (pid 6292) exited with status 1
08-23 17:45:17.632 5481 5496 W ContextImpl: Calling a method in the system process without a qualified user: android.app.ContextImpl.sendBroadcast:1173 android.content.ContextWrapper.sendBroadcast:479 com.thundercomm.mcuupgrade.update.MCUUpdate.noticeMpu:230 com.thundercomm.mcuupgrade.update.MCUUpdate.access$900:20 com.thundercomm.mcuupgrade.update.MCUUpdate$1.onMessage:115
01-01 00:03:25.860 0 0 I init : Sending signal 9 to service 'qvrd_vndr' (pid 6292) process group...
01-01 00:03:25.861 0 0 I libprocessgroup: Successfully killed process cgroup uid 1000 pid 6292 in 0ms
08-23 17:45:17.669 6293 6293 F linker : CANNOT LINK EXECUTABLE "/vendor/bin/hw/sxrservice": library "vendor.qti.hardware.qxr-V1-ndk_platform.so" not found: needed by main executable
01-01 00:03:25.909 0 0 I init : Service 'sxrd' (pid 6293) exited with status 1
01-01 00:03:25.910 0 0 I init : Sending signal 9 to service 'sxrd' (pid 6293) process group...
01-01 00:03:25.910 0 0 I libprocessgroup: Successfully killed process cgroup uid 1000 pid 6293 in 0ms
08-23 17:45:17.777 5481 5496 W ContextImpl: Calling a method in the system process without a qualified user: android.app.ContextImpl.sendBroadcast:1173 android.content.ContextWrapper.sendBroadcast:479 com.thundercomm.mcuupgrade.update.MCUUpdate.noticeMpu:230 com.thundercomm.mcuupgrade.update.MCUUpdate.access$900:20 com.thundercomm.mcuupgrade.update.MCUUpdate$1.onMessage:115
08-23 17:45:17.963 5481 5496 W ContextImpl: Calling a method in the system process without a qualified user: android.app.ContextImpl.sendBroadcast:1173 android.content.ContextWrapper.sendBroadcast:479 com.thundercomm.mcuupgrade.update.MCUUpdate.noticeMpu:230 com.thundercomm.mcuupgrade.update.MCUUpdate.access$900:20 com.thundercomm.mcuupgrade.update.MCUUpdate$1.onMessage:138
01-01 00:03:26.542 0 0 D : mv2112_read_status
01-01 00:03:26.543 0 0 D mv2112_update_link: 3.0x901(1G): 0x80
01-01 00:03:26.543 0 0 D mv2112_update_link: 3.0x8109(100M): 0x0
01-01 00:03:26.543 0 0 D mv2112_update_link: link 0x0
01-01 00:03:26.543 0 0 D mv2112_read_status: autoneg is disabled
01-01 00:03:27.566 0 0 D : mv2112_read_status
01-01 00:03:27.566 0 0 D mv2112_update_link: 3.0x901(1G): 0x80
01-01 00:03:27.567 0 0 D mv2112_update_link: 3.0x8109(100M): 0x0
01-01 00:03:27.567 0 0 D mv2112_update_link: link 0x0
01-01 00:03:27.567 0 0 D mv2112_read_status: autoneg is disabled
01-01 00:03:28.590 0 0 D : mv2112_read_status
01-01 00:03:28.591 0 0 D mv2112_update_link: 3.0x901(1G): 0x80
01-01 00:03:28.591 0 0 D mv2112_update_link: 3.0x8109(100M): 0x0
01-01 00:03:28.591 0 0 D mv2112_update_link: link 0x0
01-01 00:03:28.591 0 0 D mv2112_read_status: autoneg is disabled
01-01 00:03:29.617 0 0 D : mv2112_read_status
01-01 00:03:29.618 0 0 D mv2112_update_link: 3.0x901(1G): 0x80
01-01 00:03:29.618 0 0 D mv2112_update_link: 3.0x8109(100M): 0x0
01-01 00:03:29.618 0 0 D mv2112_update_link: link 0x0
01-01 00:03:29.618 0 0 D mv2112_read_status: autoneg is disabled
01-01 00:03:30.638 0 0 D : mv2112_read_status
01-01 00:03:30.639 0 0 D mv2112_update_link: 3.0x901(1G): 0x80
01-01 00:03:30.639 0 0 D mv2112_update_link: 3.0x8109(100M): 0x0
01-01 00:03:30.639 0 0 D mv2112_update_link: link 0x0
01-01 00:03:30.639 0 0 D mv2112_read_status: autoneg is disabled
01-01 00:03:30.828 0 0 I init : starting service 'qvrd_vndr'...
01-01 00:03:30.840 0 0 I init : Created socket '/dev/socket/qvrservice_vndr', mode 660, user 1000, group 1000
01-01 00:03:30.845 0 0 I init : Created socket '/dev/socket/qvrservice_vndr_camera', mode 660, user 1000, group 1000
01-01 00:03:30.904 0 0 I init : starting service 'sxrd'...
08-23 17:45:22.701 6464 6464 F linker : CANNOT LINK EXECUTABLE "/vendor/bin/hw/qvrservice": library "vendor.qti.hardware.qxr-V1-ndk_platform.so" not found: needed by /vendor/lib64/libqvrservice.so in namespace (default)
01-01 00:03:30.942 0 0 I init : Service 'qvrd_vndr' (pid 6464) exited with status 1
01-01 00:03:30.942 0 0 I init : Sending signal 9 to service 'qvrd_vndr' (pid 6464) process group...
01-01 00:03:30.942 0 0 I libprocessgroup: Successfully killed process cgroup uid 1000 pid 6464 in 0ms
08-23 17:45:22.732 6465 6465 F linker : CANNOT LINK EXECUTABLE "/vendor/bin/hw/sxrservice": library "vendor.qti.hardware.qxr-V1-ndk_platform.so" not found: needed by main executable
01-01 00:03:30.973 0 0 I init : Service 'sxrd' (pid 6465) exited with status 1
01-01 00:03:30.973 0 0 I init : Sending signal 9 to service 'sxrd' (pid 6465) process group...
01-01 00:03:30.974 0 0 I libprocessgroup: Successfully killed process cgroup uid 1000 pid 6465 in 0ms
01-01 00:03:31.662 0 0 D : mv2112_read_status
01-01 00:03:31.663 0 0 D mv2112_update_link: 3.0x901(1G): 0x80
01-01 00:03:31.663 0 0 D mv2112_update_link: 3.0x8109(100M): 0x0
01-01 00:03:31.663 0 0 D mv2112_update_link: link 0x0
01-01 00:03:31.663 0 0 D mv2112_read_status: autoneg is disabled
01-01 00:03:32.686 0 0 D : mv2112_read_status
01-01 00:03:32.687 0 0 D mv2112_update_link: 3.0x901(1G): 0x80
01-01 00:03:32.687 0 0 D mv2112_update_link: 3.0x8109(100M): 0x0
01-01 00:03:32.687 0 0 D mv2112_update_link: link 0x0
01-01 00:03:32.687 0 0 D mv2112_read_status: autoneg is disabled
01-01 00:03:33.710 0 0 D : mv2112_read_status
01-01 00:03:33.711 0 0 D mv2112_update_link: 3.0x901(1G): 0x80
01-01 00:03:33.711 0 0 D mv2112_update_link: 3.0x8109(100M): 0x0
01-01 00:03:33.711 0 0 D mv2112_update_link: link 0x0
01-01 00:03:33.711 0 0 D mv2112_read_status: autoneg is disabled
01-01 00:03:34.295 0 0 I perf : interrupt took too long (3158 > 3137), lowering kernel.perf_event_max_sample_rate to 63250
01-01 00:03:34.734 0 0 D : mv2112_read_status
01-01 00:03:34.734 0 0 D mv2112_update_link: 3.0x901(1G): 0x80
01-01 00:03:34.734 0 0 D mv2112_update_link: 3.0x8109(100M): 0x0
01-01 00:03:34.734 0 0 D mv2112_update_link: link 0x0
01-01 00:03:34.734 0 0 D mv2112_read_status: autoneg is disabled
01-01 00:03:35.758 0 0 D : mv2112_read_status
01-01 00:03:35.759 0 0 D mv2112_update_link: 3.0x901(1G): 0x80
01-01 00:03:35.759 0 0 D mv2112_update_link: 3.0x8109(100M): 0x0
01-01 00:03:35.759 0 0 D mv2112_update_link: link 0x0
01-01 00:03:35.759 0 0 D mv2112_read_status: autoneg is disabled
01-01 00:03:35.891 0 0 I init : starting service 'qvrd_vndr'...
01-01 00:03:35.892 0 0 I perf : interrupt took too long (4394 > 3947), lowering kernel.perf_event_max_sample_rate to 45500
01-01 00:03:35.899 0 0 I init : Created socket '/dev/socket/qvrservice_vndr', mode 660, user 1000, group 1000
01-01 00:03:35.906 0 0 I init : Created socket '/dev/socket/qvrservice_vndr_camera', mode 660, user 1000, group 1000
01-01 00:03:35.973 0 0 I init : starting service 'sxrd'...
08-23 17:45:27.757 6641 6641 F linker : CANNOT LINK EXECUTABLE "/vendor/bin/hw/qvrservice": library "vendor.qti.hardware.qxr-V1-ndk_platform.so" not found: needed by /vendor/lib64/libqvrservice.so in namespace (default)
01-01 00:03:35.998 0 0 I init : Service 'qvrd_vndr' (pid 6641) exited with status 1
01-01 00:03:35.998 0 0 I init : Sending signal 9 to service 'qvrd_vndr' (pid 6641) process group...
01-01 00:03:35.998 0 0 I libprocessgroup: Successfully killed process cgroup uid 1000 pid 6641 in 0ms
08-23 17:45:27.808 6642 6642 F linker : CANNOT LINK EXECUTABLE "/vendor/bin/hw/sxrservice": library "vendor.qti.hardware.qxr-V1-ndk_platform.so" not found: needed by main executable
01-01 00:03:36.049 0 0 I init : Service 'sxrd' (pid 6642) exited with status 1
01-01 00:03:36.049 0 0 I init : Sending signal 9 to service 'sxrd' (pid 6642) process group...
01-01 00:03:36.051 0 0 I libprocessgroup: Successfully killed process cgroup uid 1000 pid 6642 in 1ms
01-01 00:03:36.782 0 0 D : mv2112_read_status
01-01 00:03:36.783 0 0 D mv2112_update_link: 3.0x901(1G): 0x80
01-01 00:03:36.783 0 0 D mv2112_update_link: 3.0x8109(100M): 0x0
01-01 00:03:36.783 0 0 D mv2112_update_link: link 0x0
01-01 00:03:36.783 0 0 D mv2112_read_status: autoneg is disabled
01-01 00:03:37.806 0 0 D : mv2112_read_status
01-01 00:03:37.807 0 0 D mv2112_update_link: 3.0x901(1G): 0x80
01-01 00:03:37.807 0 0 D mv2112_update_link: 3.0x8109(100M): 0x0
01-01 00:03:37.807 0 0 D mv2112_update_link: link 0x0
01-01 00:03:37.807 0 0 D mv2112_read_status: autoneg is disabled
01-01 00:03:38.830 0 0 D : mv2112_read_status
01-01 00:03:38.830 0 0 D mv2112_update_link: 3.0x901(1G): 0x80
01-01 00:03:38.831 0 0 D mv2112_update_link: 3.0x8109(100M): 0x0
01-01 00:03:38.831 0 0 D mv2112_update_link: link 0x0
01-01 00:03:38.831 0 0 D mv2112_read_status: autoneg is disabled
01-01 00:03:39.853 0 0 D : mv2112_read_status
01-01 00:03:39.853 0 0 D mv2112_update_link: 3.0x901(1G): 0x80
01-01 00:03:39.854 0 0 D mv2112_update_link: 3.0x8109(100M): 0x0
01-01 00:03:39.854 0 0 D mv2112_update_link: link 0x0
01-01 00:03:39.854 0 0 D mv2112_read_status: autoneg is disabled
01-01 00:03:40.878 0 0 D : mv2112_read_status
01-01 00:03:40.878 0 0 D mv2112_update_link: 3.0x901(1G): 0x80
01-01 00:03:40.879 0 0 D mv2112_update_link: 3.0x8109(100M): 0x0
01-01 00:03:40.879 0 0 D mv2112_update_link: link 0x0
01-01 00:03:40.879 0 0 D mv2112_read_status: autoneg is disabled
01-01 00:03:40.960 0 0 I init : starting service 'qvrd_vndr'...
01-01 00:03:40.968 0 0 I init : Created socket '/dev/socket/qvrservice_vndr', mode 660, user 1000, group 1000
01-01 00:03:40.975 0 0 I init : Created socket '/dev/socket/qvrservice_vndr_camera', mode 660, user 1000, group 1000
01-01 00:03:41.039 0 0 I init : starting service 'sxrd'...
08-23 17:45:32.819 6823 6823 F linker : CANNOT LINK EXECUTABLE "/vendor/bin/hw/qvrservice": library "vendor.qti.hardware.qxr-V1-ndk_platform.so" not found: needed by /vendor/lib64/libqvrservice.so in namespace (default)
01-01 00:03:41.060 0 0 I init : Service 'qvrd_vndr' (pid 6823) exited with status 1
01-01 00:03:41.060 0 0 I init : Sending signal 9 to service 'qvrd_vndr' (pid 6823) process group...
01-01 00:03:41.060 0 0 I libprocessgroup: Successfully killed process cgroup uid 1000 pid 6823 in 0ms
08-23 17:45:32.869 6824 6824 F linker : CANNOT LINK EXECUTABLE "/vendor/bin/hw/sxrservice": library "vendor.qti.hardware.qxr-V1-ndk_platform.so" not found: needed by main executable
01-01 00:03:41.111 0 0 I init : Service 'sxrd' (pid 6824) exited with status 1
01-01 00:03:41.111 0 0 I init : Sending signal 9 to service 'sxrd' (pid 6824) process group...
01-01 00:03:41.112 0 0 I libprocessgroup: Successfully killed process cgroup uid 1000 pid 6824 in 1ms
01-01 00:03:41.903 0 0 D : mv2112_read_status
01-01 00:03:41.903 0 0 D mv2112_update_link: 3.0x901(1G): 0x80
01-01 00:03:41.903 0 0 D mv2112_update_link: 3.0x8109(100M): 0x0
01-01 00:03:41.903 0 0 D mv2112_update_link: link 0x0
01-01 00:03:41.903 0 0 D mv2112_read_status: autoneg is disabled
01-01 00:03:42.927 0 0 D : mv2112_read_status
01-01 00:03:42.927 0 0 D mv2112_update_link: 3.0x901(1G): 0x80
01-01 00:03:42.927 0 0 D mv2112_update_link: 3.0x8109(100M): 0x0
01-01 00:03:42.927 0 0 D mv2112_update_link: link 0x0
01-01 00:03:42.927 0 0 D mv2112_read_status: autoneg is disabled
01-01 00:03:43.950 0 0 D : mv2112_read_status
01-01 00:03:43.951 0 0 D mv2112_update_link: 3.0x901(1G): 0x80
01-01 00:03:43.951 0 0 D mv2112_update_link: 3.0x8109(100M): 0x0
01-01 00:03:43.951 0 0 D mv2112_update_link: link 0x0
01-01 00:03:43.951 0 0 D mv2112_read_status: autoneg is disabled
01-01 00:03:44.974 0 0 D : mv2112_read_status
01-01 00:03:44.975 0 0 D mv2112_update_link: 3.0x901(1G): 0x80
01-01 00:03:44.975 0 0 D mv2112_update_link: 3.0x8109(100M): 0x0
01-01 00:03:44.975 0 0 D mv2112_update_link: link 0x0
01-01 00:03:44.975 0 0 D mv2112_read_status: autoneg is disabled
01-01 00:03:45.998 0 0 D : mv2112_read_status
01-01 00:03:45.999 0 0 D mv2112_update_link: 3.0x901(1G): 0x80
01-01 00:03:45.999 0 0 D mv2112_update_link: 3.0x8109(100M): 0x0
01-01 00:03:45.999 0 0 D mv2112_update_link: link 0x0
01-01 00:03:45.999 0 0 D mv2112_read_status: autoneg is disabled
01-01 00:03:46.028 0 0 I init : starting service 'qvrd_vndr'...
01-01 00:03:46.037 0 0 I init : Created socket '/dev/socket/qvrservice_vndr', mode 660, user 1000, group 1000
01-01 00:03:46.044 0 0 I init : Created socket '/dev/socket/qvrservice_vndr_camera', mode 660, user 1000, group 1000
01-01 00:03:46.109 0 0 I init : starting service 'sxrd'...
08-23 17:45:37.896 7011 7011 F linker : CANNOT LINK EXECUTABLE "/vendor/bin/hw/qvrservice": library "vendor.qti.hardware.qxr-V1-ndk_platform.so" not found: needed by /vendor/lib64/libqvrservice.so in namespace (default)
01-01 00:03:46.136 0 0 I init : Service 'qvrd_vndr' (pid 7011) exited with status 1
01-01 00:03:46.136 0 0 I init : Sending signal 9 to service 'qvrd_vndr' (pid 7011) process group...
01-01 00:03:46.136 0 0 I libprocessgroup: Successfully killed process cgroup uid 1000 pid 7011 in 0ms
08-23 17:45:37.948 7012 7012 F linker : CANNOT LINK EXECUTABLE "/vendor/bin/hw/sxrservice": library "vendor.qti.hardware.qxr-V1-ndk_platform.so" not found: needed by main executable
01-01 00:03:46.188 0 0 I init : Service 'sxrd' (pid 7012) exited with status 1
01-01 00:03:46.189 0 0 I init : Sending signal 9 to service 'sxrd' (pid 7012) process group...
01-01 00:03:46.191 0 0 I libprocessgroup: Successfully killed process cgroup uid 1000 pid 7012 in 1ms
01-01 00:03:47.023 0 0 D : mv2112_read_status
01-01 00:03:47.023 0 0 D mv2112_update_link: 3.0x901(1G): 0x80
01-01 00:03:47.023 0 0 D mv2112_update_link: 3.0x8109(100M): 0x0
01-01 00:03:47.023 0 0 D mv2112_update_link: link 0x0
01-01 00:03:47.023 0 0 D mv2112_read_status: autoneg is disabled
01-01 00:03:48.046 0 0 D : mv2112_read_status
01-01 00:03:48.047 0 0 D mv2112_update_link: 3.0x901(1G): 0x80
01-01 00:03:48.047 0 0 D mv2112_update_link: 3.0x8109(100M): 0x0
01-01 00:03:48.047 0 0 D mv2112_update_link: link 0x0
01-01 00:03:48.047 0 0 D mv2112_read_status: autoneg is disabled
01-01 00:03:49.070 0 0 D : mv2112_read_status
01-01 00:03:49.070 0 0 D mv2112_update_link: 3.0x901(1G): 0x80
01-01 00:03:49.071 0 0 D mv2112_update_link: 3.0x8109(100M): 0x0
01-01 00:03:49.071 0 0 D mv2112_update_link: link 0x0
01-01 00:03:49.071 0 0 D mv2112_read_status: autoneg is disabled
01-01 00:03:50.094 0 0 D : mv2112_read_status
01-01 00:03:50.094 0 0 D mv2112_update_link: 3.0x901(1G): 0x80
01-01 00:03:50.095 0 0 D mv2112_update_link: 3.0x8109(100M): 0x0
01-01 00:03:50.095 0 0 D mv2112_update_link: link 0x0
01-01 00:03:50.095 0 0 D mv2112_read_status: autoneg is disabled
01-01 00:03:51.096 0 0 I init : starting service 'qvrd_vndr'...
01-01 00:03:51.108 0 0 I init : Created socket '/dev/socket/qvrservice_vndr', mode 660, user 1000, group 1000
01-01 00:03:51.116 0 0 I init : Created socket '/dev/socket/qvrservice_vndr_camera', mode 660, user 1000, group 1000
01-01 00:03:51.118 0 0 D : mv2112_read_status
01-01 00:03:51.118 0 0 D mv2112_update_link: 3.0x901(1G): 0x80
01-01 00:03:51.119 0 0 D mv2112_update_link: 3.0x8109(100M): 0x0
01-01 00:03:51.119 0 0 D mv2112_update_link: link 0x0
01-01 00:03:51.119 0 0 D mv2112_read_status: autoneg is disabled
01-01 00:03:51.176 0 0 I init : starting service 'sxrd'...
08-23 17:45:42.958 7204 7204 F linker : CANNOT LINK EXECUTABLE "/vendor/bin/hw/qvrservice": library "vendor.qti.hardware.qxr-V1-ndk_platform.so" not found: needed by /vendor/lib64/libqvrservice.so in namespace (default)
01-01 00:03:51.198 0 0 I init : Service 'qvrd_vndr' (pid 7204) exited with status 1
01-01 00:03:51.198 0 0 I init : Sending signal 9 to service 'qvrd_vndr' (pid 7204) process group...
01-01 00:03:51.198 0 0 I libprocessgroup: Successfully killed process cgroup uid 1000 pid 7204 in 0ms
08-23 17:45:43.009 7205 7205 F linker : CANNOT LINK EXECUTABLE "/vendor/bin/hw/sxrservice": library "vendor.qti.hardware.qxr-V1-ndk_platform.so" not found: needed by main executable
01-01 00:03:51.249 0 0 I init : Service 'sxrd' (pid 7205) exited with status 1
01-01 00:03:51.249 0 0 I init : Sending signal 9 to service 'sxrd' (pid 7205) process group...
01-01 00:03:51.250 0 0 I libprocessgroup: Successfully killed process cgroup uid 1000 pid 7205 in 0ms
01-01 00:03:52.143 0 0 D : mv2112_read_status
01-01 00:03:52.143 0 0 D mv2112_update_link: 3.0x901(1G): 0x80
01-01 00:03:52.143 0 0 D mv2112_update_link: 3.0x8109(100M): 0x0
01-01 00:03:52.143 0 0 D mv2112_update_link: link 0x0
01-01 00:03:52.143 0 0 D mv2112_read_status: autoneg is disabled
01-01 00:03:53.166 0 0 D : mv2112_read_status
01-01 00:03:53.167 0 0 D mv2112_update_link: 3.0x901(1G): 0x80
01-01 00:03:53.167 0 0 D mv2112_update_link: 3.0x8109(100M): 0x0
01-01 00:03:53.167 0 0 D mv2112_update_link: link 0x0
01-01 00:03:53.167 0 0 D mv2112_read_status: autoneg is disabled
01-01 00:03:54.190 0 0 D : mv2112_read_status
01-01 00:03:54.190 0 0 D mv2112_update_link: 3.0x901(1G): 0x80
01-01 00:03:54.191 0 0 D mv2112_update_link: 3.0x8109(100M): 0x0
01-01 00:03:54.191 0 0 D mv2112_update_link: link 0x0
01-01 00:03:54.191 0 0 D mv2112_read_status: autoneg is disabled
01-01 00:03:55.214 0 0 D : mv2112_read_status
01-01 00:03:55.215 0 0 D mv2112_update_link: 3.0x901(1G): 0x80
01-01 00:03:55.215 0 0 D mv2112_update_link: 3.0x8109(100M): 0x0
01-01 00:03:55.215 0 0 D mv2112_update_link: link 0x0
01-01 00:03:55.215 0 0 D mv2112_read_status: autoneg is disabled
01-01 00:03:56.163 0 0 I init : starting service 'qvrd_vndr'...
01-01 00:03:56.172 0 0 I init : Created socket '/dev/socket/qvrservice_vndr', mode 660, user 1000, group 1000
01-01 00:03:56.179 0 0 I init : Created socket '/dev/socket/qvrservice_vndr_camera', mode 660, user 1000, group 1000
01-01 00:03:56.238 0 0 D : mv2112_read_status
01-01 00:03:56.239 0 0 I init : starting service 'sxrd'...
01-01 00:03:56.239 0 0 D mv2112_update_link: 3.0x901(1G): 0x80
01-01 00:03:56.239 0 0 D mv2112_update_link: 3.0x8109(100M): 0x0
01-01 00:03:56.239 0 0 D mv2112_update_link: link 0x0
01-01 00:03:56.239 0 0 D mv2112_read_status: autoneg is disabled
08-23 17:45:48.019 7402 7402 F linker : CANNOT LINK EXECUTABLE "/vendor/bin/hw/qvrservice": library "vendor.qti.hardware.qxr-V1-ndk_platform.so" not found: needed by /vendor/lib64/libqvrservice.so in namespace (default)
01-01 00:03:56.260 0 0 I init : Service 'qvrd_vndr' (pid 7402) exited with status 1
01-01 00:03:56.260 0 0 I init : Sending signal 9 to service 'qvrd_vndr' (pid 7402) process group...
01-01 00:03:56.260 0 0 I libprocessgroup: Successfully killed process cgroup uid 1000 pid 7402 in 0ms
08-23 17:45:48.086 7403 7403 F linker : CANNOT LINK EXECUTABLE "/vendor/bin/hw/sxrservice": library "vendor.qti.hardware.qxr-V1-ndk_platform.so" not found: needed by main executable
01-01 00:03:56.327 0 0 I init : Service 'sxrd' (pid 7403) exited with status 1
01-01 00:03:56.327 0 0 I init : Sending signal 9 to service 'sxrd' (pid 7403) process group...
01-01 00:03:56.328 0 0 I libprocessgroup: Successfully killed process cgroup uid 1000 pid 7403 in 1ms
01-01 00:03:57.262 0 0 D : mv2112_read_status
01-01 00:03:57.263 0 0 D mv2112_update_link: 3.0x901(1G): 0x80
01-01 00:03:57.263 0 0 D mv2112_update_link: 3.0x8109(100M): 0x0
01-01 00:03:57.263 0 0 D mv2112_update_link: link 0x0
01-01 00:03:57.263 0 0 D mv2112_read_status: autoneg is disabled
01-01 00:03:58.286 0 0 D : mv2112_read_status
01-01 00:03:58.287 0 0 D mv2112_update_link: 3.0x901(1G): 0x80
01-01 00:03:58.287 0 0 D mv2112_update_link: 3.0x8109(100M): 0x0
01-01 00:03:58.287 0 0 D mv2112_update_link: link 0x0
01-01 00:03:58.287 0 0 D mv2112_read_status: autoneg is disabled
01-01 00:03:59.310 0 0 D : mv2112_read_status
01-01 00:03:59.310 0 0 D mv2112_update_link: 3.0x901(1G): 0x80
01-01 00:03:59.311 0 0 D mv2112_update_link: 3.0x8109(100M): 0x0
01-01 00:03:59.311 0 0 D mv2112_update_link: link 0x0
01-01 00:03:59.311 0 0 D mv2112_read_status: autoneg is disabled
01-01 00:04:00.335 0 0 D : mv2112_read_status
01-01 00:04:00.335 0 0 D mv2112_update_link: 3.0x901(1G): 0x80
01-01 00:04:00.335 0 0 D mv2112_update_link: 3.0x8109(100M): 0x0
01-01 00:04:00.335 0 0 D mv2112_update_link: link 0x0
01-01 00:04:00.335 0 0 D mv2112_read_status: autoneg is disabled
01-01 00:04:01.226 0 0 I init : starting service 'qvrd_vndr'...
01-01 00:04:01.233 0 0 I init : Created socket '/dev/socket/qvrservice_vndr', mode 660, user 1000, group 1000
01-01 00:04:01.239 0 0 I init : Created socket '/dev/socket/qvrservice_vndr_camera', mode 660, user 1000, group 1000
01-01 00:04:01.295 0 0 I init : starting service 'sxrd'...
08-23 17:45:53.078 7605 7605 F linker : CANNOT LINK EXECUTABLE "/vendor/bin/hw/qvrservice": library "vendor.qti.hardware.qxr-V1-ndk_platform.so" not found: needed by /vendor/lib64/libqvrservice.so in namespace (default)
01-01 00:04:01.334 0 0 I init : Service 'qvrd_vndr' (pid 7605) exited with status 1
01-01 00:04:01.334 0 0 I init : Sending signal 9 to service 'qvrd_vndr' (pid 7605) process group...
01-01 00:04:01.334 0 0 I libprocessgroup: Successfully killed process cgroup uid 1000 pid 7605 in 0ms
01-01 00:04:01.358 0 0 D : mv2112_read_status
01-01 00:04:01.358 0 0 D mv2112_update_link: 3.0x901(1G): 0x80
01-01 00:04:01.359 0 0 D mv2112_update_link: 3.0x8109(100M): 0x0
01-01 00:04:01.359 0 0 D mv2112_update_link: link 0x0
01-01 00:04:01.359 0 0 D mv2112_read_status: autoneg is disabled
08-23 17:45:53.141 7606 7606 F linker : CANNOT LINK EXECUTABLE "/vendor/bin/hw/sxrservice": library "vendor.qti.hardware.qxr-V1-ndk_platform.so" not found: needed by main executable
01-01 00:04:01.382 0 0 I init : Service 'sxrd' (pid 7606) exited with status 1
01-01 00:04:01.382 0 0 I init : Sending signal 9 to service 'sxrd' (pid 7606) process group...
01-01 00:04:01.383 0 0 I libprocessgroup: Successfully killed process cgroup uid 1000 pid 7606 in 0ms
01-01 00:04:02.382 0 0 D : mv2112_read_status
01-01 00:04:02.383 0 0 D mv2112_update_link: 3.0x901(1G): 0x80
01-01 00:04:02.383 0 0 D mv2112_update_link: 3.0x8109(100M): 0x0
01-01 00:04:02.383 0 0 D mv2112_update_link: link 0x0
01-01 00:04:02.383 0 0 D mv2112_read_status: autoneg is disabled
01-01 00:04:03.406 0 0 D : mv2112_read_status
01-01 00:04:03.407 0 0 D mv2112_update_link: 3.0x901(1G): 0x80
01-01 00:04:03.407 0 0 D mv2112_update_link: 3.0x8109(100M): 0x0
01-01 00:04:03.407 0 0 D mv2112_update_link: link 0x0
01-01 00:04:03.407 0 0 D mv2112_read_status: autoneg is disabled
01-01 00:04:04.430 0 0 D : mv2112_read_status
01-01 00:04:04.431 0 0 D mv2112_update_link: 3.0x901(1G): 0x80
01-01 00:04:04.431 0 0 D mv2112_update_link: 3.0x8109(100M): 0x0
01-01 00:04:04.431 0 0 D mv2112_update_link: link 0x0
01-01 00:04:04.431 0 0 D mv2112_read_status: autoneg is disabled
01-01 00:04:05.455 0 0 D : mv2112_read_status
01-01 00:04:05.455 0 0 D mv2112_update_link: 3.0x901(1G): 0x80
01-01 00:04:05.455 0 0 D mv2112_update_link: 3.0x8109(100M): 0x0
01-01 00:04:05.455 0 0 D mv2112_update_link: link 0x0
01-01 00:04:05.455 0 0 D mv2112_read_status: autoneg is disabled
01-01 00:04:06.284 0 0 I init : starting service 'qvrd_vndr'...
01-01 00:04:06.292 0 0 I init : Created socket '/dev/socket/qvrservice_vndr', mode 660, user 1000, group 1000
01-01 00:04:06.299 0 0 I init : Created socket '/dev/socket/qvrservice_vndr_camera', mode 660, user 1000, group 1000
01-01 00:04:06.356 0 0 I init : starting service 'sxrd'...
08-23 17:45:58.138 7813 7813 F linker : CANNOT LINK EXECUTABLE "/vendor/bin/hw/qvrservice": library "vendor.qti.hardware.qxr-V1-ndk_platform.so" not found: needed by /vendor/lib64/libqvrservice.so in namespace (default)
01-01 00:04:06.379 0 0 I init : Service 'qvrd_vndr' (pid 7813) exited with status 1
01-01 00:04:06.379 0 0 I init : Sending signal 9 to service 'qvrd_vndr' (pid 7813) process group...
01-01 00:04:06.379 0 0 I libprocessgroup: Successfully killed process cgroup uid 1000 pid 7813 in 0ms
08-23 17:45:58.188 7814 7814 F linker : CANNOT LINK EXECUTABLE "/vendor/bin/hw/sxrservice": library "vendor.qti.hardware.qxr-V1-ndk_platform.so" not found: needed by main executable
01-01 00:04:06.428 0 0 I init : Service 'sxrd' (pid 7814) exited with status 1
01-01 00:04:06.429 0 0 I init : Sending signal 9 to service 'sxrd' (pid 7814) process group...
01-01 00:04:06.432 0 0 I libprocessgroup: Successfully killed process cgroup uid 1000 pid 7814 in 3ms
01-01 00:04:06.478 0 0 D : mv2112_read_status
01-01 00:04:06.478 0 0 D mv2112_update_link: 3.0x901(1G): 0x80
01-01 00:04:06.479 0 0 D mv2112_update_link: 3.0x8109(100M): 0x0
01-01 00:04:06.479 0 0 D mv2112_update_link: link 0x0
01-01 00:04:06.479 0 0 D mv2112_read_status: autoneg is disabled
01-01 00:04:07.502 0 0 D : mv2112_read_status
01-01 00:04:07.503 0 0 D mv2112_update_link: 3.0x901(1G): 0x80
01-01 00:04:07.503 0 0 D mv2112_update_link: 3.0x8109(100M): 0x0
01-01 00:04:07.503 0 0 D mv2112_update_link: link 0x0
01-01 00:04:07.503 0 0 D mv2112_read_status: autoneg is disabled
01-01 00:04:08.526 0 0 D : mv2112_read_status
01-01 00:04:08.527 0 0 D mv2112_update_link: 3.0x901(1G): 0x80
01-01 00:04:08.527 0 0 D mv2112_update_link: 3.0x8109(100M): 0x0
01-01 00:04:08.527 0 0 D mv2112_update_link: link 0x0
01-01 00:04:08.527 0 0 D mv2112_read_status: autoneg is disabled
01-01 00:04:09.550 0 0 D : mv2112_read_status
01-01 00:04:09.551 0 0 D mv2112_update_link: 3.0x901(1G): 0x80
01-01 00:04:09.551 0 0 D mv2112_update_link: 3.0x8109(100M): 0x0
01-01 00:04:09.551 0 0 D mv2112_update_link: link 0x0
01-01 00:04:09.551 0 0 D mv2112_read_status: autoneg is disabled
01-01 00:04:10.575 0 0 D : mv2112_read_status
01-01 00:04:10.575 0 0 D mv2112_update_link: 3.0x901(1G): 0x80
01-01 00:04:10.575 0 0 D mv2112_update_link: 3.0x8109(100M): 0x0
01-01 00:04:10.575 0 0 D mv2112_update_link: link 0x0
01-01 00:04:10.575 0 0 D mv2112_read_status: autoneg is disabled
01-01 00:04:11.344 0 0 I init : starting service 'qvrd_vndr'...
01-01 00:04:11.353 0 0 I init : Created socket '/dev/socket/qvrservice_vndr', mode 660, user 1000, group 1000
01-01 00:04:11.360 0 0 I init : Created socket '/dev/socket/qvrservice_vndr_camera', mode 660, user 1000, group 1000
01-01 00:04:11.420 0 0 I init : starting service 'sxrd'...
08-23 17:46:03.199 8026 8026 F linker : CANNOT LINK EXECUTABLE "/vendor/bin/hw/qvrservice": library "vendor.qti.hardware.qxr-V1-ndk_platform.so" not found: needed by /vendor/lib64/libqvrservice.so in namespace (default)
01-01 00:04:11.439 0 0 I init : Service 'qvrd_vndr' (pid 8026) exited with status 1
01-01 00:04:11.439 0 0 I init : Sending signal 9 to service 'qvrd_vndr' (pid 8026) process group...
01-01 00:04:11.440 0 0 I libprocessgroup: Successfully killed process cgroup uid 1000 pid 8026 in 0ms
08-23 17:46:03.249 8027 8027 F linker : CANNOT LINK EXECUTABLE "/vendor/bin/hw/sxrservice": library "vendor.qti.hardware.qxr-V1-ndk_platform.so" not found: needed by main executable
01-01 00:04:11.490 0 0 I init : Service 'sxrd' (pid 8027) exited with status 1
01-01 00:04:11.490 0 0 I init : Sending signal 9 to service 'sxrd' (pid 8027) process group...
01-01 00:04:11.491 0 0 I libprocessgroup: Successfully killed process cgroup uid 1000 pid 8027 in 1ms
01-01 00:04:11.598 0 0 D : mv2112_read_status
01-01 00:04:11.599 0 0 D mv2112_update_link: 3.0x901(1G): 0x80
01-01 00:04:11.599 0 0 D mv2112_update_link: 3.0x8109(100M): 0x0
01-01 00:04:11.599 0 0 D mv2112_update_link: link 0x0
01-01 00:04:11.599 0 0 D mv2112_read_status: autoneg is disabled
01-01 00:04:12.623 0 0 D : mv2112_read_status
01-01 00:04:12.623 0 0 D mv2112_update_link: 3.0x901(1G): 0x80
01-01 00:04:12.623 0 0 D mv2112_update_link: 3.0x8109(100M): 0x0
01-01 00:04:12.623 0 0 D mv2112_update_link: link 0x0
01-01 00:04:12.623 0 0 D mv2112_read_status: autoneg is disabled
01-01 00:04:13.646 0 0 D : mv2112_read_status
01-01 00:04:13.647 0 0 D mv2112_update_link: 3.0x901(1G): 0x80
01-01 00:04:13.647 0 0 D mv2112_update_link: 3.0x8109(100M): 0x0
01-01 00:04:13.647 0 0 D mv2112_update_link: link 0x0
01-01 00:04:13.647 0 0 D mv2112_read_status: autoneg is disabled
01-01 00:04:14.669 0 0 D : mv2112_read_status
01-01 00:04:14.670 0 0 D mv2112_update_link: 3.0x901(1G): 0x80
01-01 00:04:14.670 0 0 D mv2112_update_link: 3.0x8109(100M): 0x0
01-01 00:04:14.670 0 0 D mv2112_update_link: link 0x0
01-01 00:04:14.670 0 0 D mv2112_read_status: autoneg is disabled
01-01 00:04:15.694 0 0 D : mv2112_read_status
01-01 00:04:15.695 0 0 D mv2112_update_link: 3.0x901(1G): 0x80
01-01 00:04:15.695 0 0 D mv2112_update_link: 3.0x8109(100M): 0x0
01-01 00:04:15.695 0 0 D mv2112_update_link: link 0x0
01-01 00:04:15.695 0 0 D mv2112_read_status: autoneg is disabled
01-01 00:04:16.408 0 0 I init : starting service 'qvrd_vndr'...
01-01 00:04:16.415 0 0 I init : Created socket '/dev/socket/qvrservice_vndr', mode 660, user 1000, group 1000
01-01 00:04:16.421 0 0 I init : Created socket '/dev/socket/qvrservice_vndr_camera', mode 660, user 1000, group 1000
01-01 00:04:16.489 0 0 I init : starting service 'sxrd'...
08-23 17:46:08.277 8244 8244 F linker : CANNOT LINK EXECUTABLE "/vendor/bin/hw/qvrservice": library "vendor.qti.hardware.qxr-V1-ndk_platform.so" not found: needed by /vendor/lib64/libqvrservice.so in namespace (default)
01-01 00:04:16.517 0 0 I init : Service 'qvrd_vndr' (pid 8244) exited with status 1
01-01 00:04:16.517 0 0 I init : Sending signal 9 to service 'qvrd_vndr' (pid 8244) process group...
01-01 00:04:16.517 0 0 I libprocessgroup: Successfully killed process cgroup uid 1000 pid 8244 in 0ms
08-23 17:46:08.328 8245 8245 F linker : CANNOT LINK EXECUTABLE "/vendor/bin/hw/sxrservice": library "vendor.qti.hardware.qxr-V1-ndk_platform.so" not found: needed by main executable
01-01 00:04:16.569 0 0 I init : Service 'sxrd' (pid 8245) exited with status 1
01-01 00:04:16.569 0 0 I init : Sending signal 9 to service 'sxrd' (pid 8245) process group...
01-01 00:04:16.571 0 0 I libprocessgroup: Successfully killed process cgroup uid 1000 pid 8245 in 1ms
01-01 00:04:16.718 0 0 D : mv2112_read_status
01-01 00:04:16.719 0 0 D mv2112_update_link: 3.0x901(1G): 0x80
01-01 00:04:16.719 0 0 D mv2112_update_link: 3.0x8109(100M): 0x0
01-01 00:04:16.719 0 0 D mv2112_update_link: link 0x0
01-01 00:04:16.719 0 0 D mv2112_read_status: autoneg is disabled
01-01 00:04:17.742 0 0 D : mv2112_read_status
01-01 00:04:17.742 0 0 D mv2112_update_link: 3.0x901(1G): 0x80
01-01 00:04:17.743 0 0 D mv2112_update_link: 3.0x8109(100M): 0x0
01-01 00:04:17.743 0 0 D mv2112_update_link: link 0x0
01-01 00:04:17.743 0 0 D mv2112_read_status: autoneg is disabled
01-01 00:04:18.766 0 0 D : mv2112_read_status
01-01 00:04:18.766 0 0 D mv2112_update_link: 3.0x901(1G): 0x80
01-01 00:04:18.767 0 0 D mv2112_update_link: 3.0x8109(100M): 0x0
01-01 00:04:18.767 0 0 D mv2112_update_link: link 0x0
01-01 00:04:18.767 0 0 D mv2112_read_status: autoneg is disabled
01-01 00:04:19.790 0 0 D : mv2112_read_status
01-01 00:04:19.790 0 0 D mv2112_update_link: 3.0x901(1G): 0x80
01-01 00:04:19.790 0 0 D mv2112_update_link: 3.0x8109(100M): 0x0
01-01 00:04:19.790 0 0 D mv2112_update_link: link 0x0
01-01 00:04:19.790 0 0 D mv2112_read_status: autoneg is disabled
01-01 00:04:20.814 0 0 D : mv2112_read_status
01-01 00:04:20.814 0 0 D mv2112_update_link: 3.0x901(1G): 0x80
01-01 00:04:20.815 0 0 D mv2112_update_link: 3.0x8109(100M): 0x0
01-01 00:04:20.815 0 0 D mv2112_update_link: link 0x0
01-01 00:04:20.815 0 0 D mv2112_read_status: autoneg is disabled
01-01 00:04:21.475 0 0 I init : starting service 'qvrd_vndr'...
01-01 00:04:21.481 0 0 I init : Created socket '/dev/socket/qvrservice_vndr', mode 660, user 1000, group 1000
01-01 00:04:21.489 0 0 I init : Created socket '/dev/socket/qvrservice_vndr_camera', mode 660, user 1000, group 1000
08-23 17:46:13.305 1155 1270 V DisplayPowerController[0]: Brightness [0.05] reason changing to: 'manual [ dim ]', previous reason: 'manual'.
08-23 17:46:13.306 1155 1270 W PowerManagerService: Screen on took 116699 ms
08-23 17:46:13.307 1155 1866 E DisplayDeviceConfig: requesting nits when no mapping exists.
08-23 17:46:13.308 1155 1866 E DisplayDeviceConfig: requesting nits when no mapping exists.
08-23 17:46:13.311 1155 1231 I DropBoxManagerService: add tag=system_server_wtf isTagEnabled=true flags=0x2
08-23 17:46:13.323 1155 1866 E DisplayDeviceConfig: requesting nits when no mapping exists.
08-23 17:46:13.323 1155 1866 E DisplayDeviceConfig: requesting nits when no mapping exists.
01-01 00:04:21.563 0 0 I init : starting service 'sxrd'...
08-23 17:46:13.327 1155 1231 I DropBoxManagerService: add tag=system_server_wtf isTagEnabled=true flags=0x2
08-23 17:46:13.332 1155 1231 I DropBoxManagerService: add tag=system_server_wtf isTagEnabled=true flags=0x2
08-23 17:46:13.335 1155 1866 E DisplayDeviceConfig: requesting nits when no mapping exists.
08-23 17:46:13.335 1155 1866 E DisplayDeviceConfig: requesting nits when no mapping exists.
08-23 17:46:13.336 1155 1231 I DropBoxManagerService: add tag=system_server_wtf isTagEnabled=true flags=0x2
08-23 17:46:13.340 8467 8467 F linker : CANNOT LINK EXECUTABLE "/vendor/bin/hw/qvrservice": library "vendor.qti.hardware.qxr-V1-ndk_platform.so" not found: needed by /vendor/lib64/libqvrservice.so in namespace (default)
08-23 17:46:13.342 1155 1231 I DropBoxManagerService: add tag=system_server_wtf isTagEnabled=true flags=0x2
08-23 17:46:13.353 1155 1866 E DisplayDeviceConfig: requesting nits when no mapping exists.
08-23 17:46:13.353 1155 1866 E DisplayDeviceConfig: requesting nits when no mapping exists.
01-01 00:04:21.592 0 0 I init : Service 'qvrd_vndr' (pid 8467) exited with status 1
01-01 00:04:21.592 0 0 I init : Sending signal 9 to service 'qvrd_vndr' (pid 8467) process group...
01-01 00:04:21.592 0 0 I libprocessgroup: Successfully killed process cgroup uid 1000 pid 8467 in 0ms
08-23 17:46:13.368 1155 1866 E DisplayDeviceConfig: requesting nits when no mapping exists.
08-23 17:46:13.369 1155 1866 E DisplayDeviceConfig: requesting nits when no mapping exists.
08-23 17:46:13.385 1155 1866 E DisplayDeviceConfig: requesting nits when no mapping exists.
08-23 17:46:13.386 1155 1866 E DisplayDeviceConfig: requesting nits when no mapping exists.
08-23 17:46:13.396 8468 8468 F linker : CANNOT LINK EXECUTABLE "/vendor/bin/hw/sxrservice": library "vendor.qti.hardware.qxr-V1-ndk_platform.so" not found: needed by main executable
01-01 00:04:21.637 0 0 I init : Service 'sxrd' (pid 8468) exited with status 1
01-01 00:04:21.637 0 0 I init : Sending signal 9 to service 'sxrd' (pid 8468) process group...
01-01 00:04:21.637 0 0 I libprocessgroup: Successfully killed process cgroup uid 1000 pid 8468 in 0ms
08-23 17:46:13.402 1155 1866 E DisplayDeviceConfig: requesting nits when no mapping exists.
08-23 17:46:13.402 1155 1866 E DisplayDeviceConfig: requesting nits when no mapping exists.
08-23 17:46:13.418 1155 1866 E DisplayDeviceConfig: requesting nits when no mapping exists.
08-23 17:46:13.419 1155 1866 E DisplayDeviceConfig: requesting nits when no mapping exists.
08-23 17:46:13.435 1155 1866 E DisplayDeviceConfig: requesting nits when no mapping exists.
08-23 17:46:13.436 1155 1866 E DisplayDeviceConfig: requesting nits when no mapping exists.
08-23 17:46:13.452 1155 1866 E DisplayDeviceConfig: requesting nits when no mapping exists.
08-23 17:46:13.452 1155 1866 E DisplayDeviceConfig: requesting nits when no mapping exists.
08-23 17:46:13.469 1155 1866 E DisplayDeviceConfig: requesting nits when no mapping exists.
08-23 17:46:13.469 1155 1866 E DisplayDeviceConfig: requesting nits when no mapping exists.
08-23 17:46:13.485 1155 1866 E DisplayDeviceConfig: requesting nits when no mapping exists.
08-23 17:46:13.486 1155 1866 E DisplayDeviceConfig: requesting nits when no mapping exists.
08-23 17:46:13.502 1155 1866 E DisplayDeviceConfig: requesting nits when no mapping exists.
08-23 17:46:13.503 1155 1866 E DisplayDeviceConfig: requesting nits when no mapping exists.
08-23 17:46:13.519 1155 1866 E DisplayDeviceConfig: requesting nits when no mapping exists.
08-23 17:46:13.519 1155 1866 E DisplayDeviceConfig: requesting nits when no mapping exists.
08-23 17:46:13.535 1155 1866 E DisplayDeviceConfig: requesting nits when no mapping exists.
08-23 17:46:13.536 1155 1866 E DisplayDeviceConfig: requesting nits when no mapping exists.
08-23 17:46:13.552 1155 1866 E DisplayDeviceConfig: requesting nits when no mapping exists.
08-23 17:46:13.553 1155 1866 E DisplayDeviceConfig: requesting nits when no mapping exists.
08-23 17:46:13.569 1155 1866 E DisplayDeviceConfig: requesting nits when no mapping exists.
08-23 17:46:13.569 1155 1866 E DisplayDeviceConfig: requesting nits when no mapping exists.
08-23 17:46:13.585 1155 1866 E DisplayDeviceConfig: requesting nits when no mapping exists.
08-23 17:46:13.586 1155 1866 E DisplayDeviceConfig: requesting nits when no mapping exists.
01-01 00:04:21.838 0 0 D : mv2112_read_status
01-01 00:04:21.838 0 0 D mv2112_update_link: 3.0x901(1G): 0x80
01-01 00:04:21.839 0 0 D mv2112_update_link: 3.0x8109(100M): 0x0
01-01 00:04:21.839 0 0 D mv2112_update_link: link 0x0
01-01 00:04:21.839 0 0 D mv2112_read_status: autoneg is disabled
08-23 17:46:13.602 1155 1866 E DisplayDeviceConfig: requesting nits when no mapping exists.
08-23 17:46:13.603 1155 1866 E DisplayDeviceConfig: requesting nits when no mapping exists.
08-23 17:46:13.619 1155 1866 E DisplayDeviceConfig: requesting nits when no mapping exists.
08-23 17:46:13.619 1155 1866 E DisplayDeviceConfig: requesting nits when no mapping exists.
08-23 17:46:13.635 1155 1866 E DisplayDeviceConfig: requesting nits when no mapping exists.
08-23 17:46:13.636 1155 1866 E DisplayDeviceConfig: requesting nits when no mapping exists.
08-23 17:46:13.652 1155 1866 E DisplayDeviceConfig: requesting nits when no mapping exists.
08-23 17:46:13.653 1155 1866 E DisplayDeviceConfig: requesting nits when no mapping exists.
08-23 17:46:13.669 1155 1866 E DisplayDeviceConfig: requesting nits when no mapping exists.
08-23 17:46:13.669 1155 1866 E DisplayDeviceConfig: requesting nits when no mapping exists.
08-23 17:46:13.685 1155 1866 E DisplayDeviceConfig: requesting nits when no mapping exists.
08-23 17:46:13.686 1155 1866 E DisplayDeviceConfig: requesting nits when no mapping exists.
08-23 17:46:13.702 1155 1866 E DisplayDeviceConfig: requesting nits when no mapping exists.
08-23 17:46:13.703 1155 1866 E DisplayDeviceConfig: requesting nits when no mapping exists.
08-23 17:46:13.719 1155 1866 E DisplayDeviceConfig: requesting nits when no mapping exists.
08-23 17:46:13.720 1155 1866 E DisplayDeviceConfig: requesting nits when no mapping exists.
08-23 17:46:13.735 1155 1866 E DisplayDeviceConfig: requesting nits when no mapping exists.
08-23 17:46:13.736 1155 1866 E DisplayDeviceConfig: requesting nits when no mapping exists.
08-23 17:46:13.752 1155 1866 E DisplayDeviceConfig: requesting nits when no mapping exists.
08-23 17:46:13.753 1155 1866 E DisplayDeviceConfig: requesting nits when no mapping exists.
08-23 17:46:13.771 1155 1866 E DisplayDeviceConfig: requesting nits when no mapping exists.
08-23 17:46:13.772 1155 1866 E DisplayDeviceConfig: requesting nits when no mapping exists.
08-23 17:46:13.786 1155 1866 E DisplayDeviceConfig: requesting nits when no mapping exists.
08-23 17:46:13.787 1155 1866 E DisplayDeviceConfig: requesting nits when no mapping exists.
01-01 00:04:22.862 0 0 D : mv2112_read_status
01-01 00:04:22.863 0 0 D mv2112_update_link: 3.0x901(1G): 0x80
01-01 00:04:22.863 0 0 D mv2112_update_link: 3.0x8109(100M): 0x0
01-01 00:04:22.863 0 0 D mv2112_update_link: link 0x0
01-01 00:04:22.863 0 0 D mv2112_read_status: autoneg is disabled
01-01 00:04:23.886 0 0 D : mv2112_read_status
01-01 00:04:23.886 0 0 D mv2112_update_link: 3.0x901(1G): 0x80
01-01 00:04:23.887 0 0 D mv2112_update_link: 3.0x8109(100M): 0x0
01-01 00:04:23.887 0 0 D mv2112_update_link: link 0x0
01-01 00:04:23.887 0 0 D mv2112_read_status: autoneg is disabled
01-01 00:04:24.910 0 0 D : mv2112_read_status
01-01 00:04:24.910 0 0 D mv2112_update_link: 3.0x901(1G): 0x80
01-01 00:04:24.911 0 0 D mv2112_update_link: 3.0x8109(100M): 0x0
01-01 00:04:24.911 0 0 D mv2112_update_link: link 0x0
01-01 00:04:24.911 0 0 D mv2112_read_status: autoneg is disabled
01-01 00:04:25.934 0 0 D : mv2112_read_status
01-01 00:04:25.935 0 0 D mv2112_update_link: 3.0x901(1G): 0x80
01-01 00:04:25.935 0 0 D mv2112_update_link: 3.0x8109(100M): 0x0
01-01 00:04:25.935 0 0 D mv2112_update_link: link 0x0
01-01 00:04:25.935 0 0 D mv2112_read_status: autoneg is disabled
01-01 00:04:26.544 0 0 I init : starting service 'qvrd_vndr'...
01-01 00:04:26.553 0 0 I init : Created socket '/dev/socket/qvrservice_vndr', mode 660, user 1000, group 1000
01-01 00:04:26.564 0 0 I init : Created socket '/dev/socket/qvrservice_vndr_camera', mode 660, user 1000, group 1000
01-01 00:04:26.620 0 0 I init : starting service 'sxrd'...
08-23 17:46:18.420 8696 8696 F linker : CANNOT LINK EXECUTABLE "/vendor/bin/hw/qvrservice": library "vendor.qti.hardware.qxr-V1-ndk_platform.so" not found: needed by /vendor/lib64/libqvrservice.so in namespace (default)
01-01 00:04:26.661 0 0 I init : Service 'qvrd_vndr' (pid 8696) exited with status 1
01-01 00:04:26.661 0 0 I init : Sending signal 9 to service 'qvrd_vndr' (pid 8696) process group...
01-01 00:04:26.662 0 0 I libprocessgroup: Successfully killed process cgroup uid 1000 pid 8696 in 0ms
08-23 17:46:18.449 8697 8697 F linker : CANNOT LINK EXECUTABLE "/vendor/bin/hw/sxrservice": library "vendor.qti.hardware.qxr-V1-ndk_platform.so" not found: needed by main executable
01-01 00:04:26.691 0 0 I init : Service 'sxrd' (pid 8697) exited with status 1
01-01 00:04:26.691 0 0 I init : Sending signal 9 to service 'sxrd' (pid 8697) process group...
01-01 00:04:26.692 0 0 I libprocessgroup: Successfully killed process cgroup uid 1000 pid 8697 in 0ms
01-01 00:04:26.958 0 0 D : mv2112_read_status
01-01 00:04:26.959 0 0 D mv2112_update_link: 3.0x901(1G): 0x80
01-01 00:04:26.959 0 0 D mv2112_update_link: 3.0x8109(100M): 0x0
01-01 00:04:26.959 0 0 D mv2112_update_link: link 0x0
