01-01 00:01:01.327 1155 1223 I SystemConfig: Reading permissions from /system_ext/etc/permissions/qti_permissions.xml
01-01 00:01:01.535 0 0 I qcom,camera ac50000.qcom,cci: qcom,cam-sensor3: Linked as a consumer to regulator.57
01-01 00:01:01.542 0 0 E kona-asoc-snd soc: qcom,msm-audio-apr:qcom,q6core-audio:sound: ASoC: no sink widget found for MIC BIAS4
01-01 00:01:01.543 0 0 I qcom,camera ac50000.qcom,cci: qcom,cam-sensor3: Linked as a consumer to regulator.86
01-01 00:01:01.330 1155 1223 I SystemConfig: Reading permissions from /system_ext/etc/permissions/privapp-permissions-com.qualcomm.location.xml
01-01 00:01:01.339 1155 1223 I SystemConfig: Reading permissions from /system_ext/etc/permissions/privapp-permissions-qti-system-ext.xml
01-01 00:01:01.342 1155 1155 I ActivityManager: Memory class: 256
01-01 00:01:01.345 1155 1231 I Binder : Setting heavy hitter watcher config: false, 0, 0.0
01-01 00:01:01.553 0 0 E kona-asoc-snd soc: qcom,msm-audio-apr:qcom,q6core-audio:sound: ASoC: Failed to add route Digital Mic5 -> direct -> MIC BIAS4
01-01 00:01:01.553 0 0 E kona-asoc-snd soc: qcom,msm-audio-apr:qcom,q6core-audio:sound: ASoC: no sink widget found for IN1_HPHL
01-01 00:01:01.553 0 0 E kona-asoc-snd soc: qcom,msm-audio-apr:qcom,q6core-audio:sound: ASoC: Failed to add route HPHL_OUT -> direct -> IN1_HPHL
01-01 00:01:01.553 0 0 E kona-asoc-snd soc: qcom,msm-audio-apr:qcom,q6core-audio:sound: ASoC: no sink widget found for IN2_HPHR
01-01 00:01:01.553 0 0 E kona-asoc-snd soc: qcom,msm-audio-apr:qcom,q6core-audio:sound: ASoC: Failed to add route HPHR_OUT -> direct -> IN2_HPHR
01-01 00:01:01.553 0 0 E kona-asoc-snd soc: qcom,msm-audio-apr:qcom,q6core-audio:sound: ASoC: no sink widget found for IN3_AUX
01-01 00:01:01.553 0 0 E kona-asoc-snd soc: qcom,msm-audio-apr:qcom,q6core-audio:sound: ASoC: Failed to add route AUX_OUT -> direct -> IN3_AUX
01-01 00:01:01.553 0 0 E kona-asoc-snd soc: qcom,msm-audio-apr:qcom,q6core-audio:sound: ASoC: no source widget found for ADC1_OUTPUT
01-01 00:01:01.553 0 0 E kona-asoc-snd soc: qcom,msm-audio-apr:qcom,q6core-audio:sound: ASoC: Failed to add route ADC1_OUTPUT -> direct -> TX SWR_ADC0
01-01 00:01:01.553 0 0 E kona-asoc-snd soc: qcom,msm-audio-apr:qcom,q6core-audio:sound: ASoC: no source widget found for ADC2_OUTPUT
01-01 00:01:01.352 1155 1223 I SystemConfig: Reading permissions from /system_ext/etc/permissions/telephony_system-ext_privapp-permissions-qti.xml
01-01 00:01:01.354 1155 1223 I SystemConfig: Reading permissions from /system_ext/etc/permissions/wfd-system-ext-privapp-permissions-qti.xml
01-01 00:01:01.356 1155 1223 I SystemConfig: Reading permissions from /system_ext/etc/permissions/com.qualcomm.qti.imscmservice-V2.2-java.xml
01-01 00:01:01.358 1155 1223 I SystemConfig: Reading permissions from /system_ext/etc/permissions/embms.xml
01-01 00:01:01.360 1155 1223 I SystemConfig: Reading permissions from /system_ext/etc/permissions/com.qualcomm.qti.izattools.xml
01-01 00:01:01.362 1155 1223 I SystemConfig: Reading permissions from /system_ext/etc/permissions/com.qualcomm.qti.imscmservice-V2.0-java.xml
01-01 00:01:01.364 1155 1223 I SystemConfig: Reading permissions from /system_ext/etc/permissions/com.android.provision.xml
01-01 00:01:01.366 1155 1223 I SystemConfig: Reading permissions from /system_ext/etc/permissions/com.qti.dpmframework.xml
01-01 00:01:01.368 1155 1223 I SystemConfig: Reading permissions from /system_ext/etc/permissions/vendor.qti.ims.rcsservice.xml
01-01 00:01:01.370 1155 1223 I SystemConfig: Reading permissions from /system_ext/etc/permissions/android.software.verified_boot.xml
01-01 00:01:01.371 1155 1223 I SystemConfig: Reading permissions from /system_ext/etc/permissions/qti_supplicant_interface.xml
01-01 00:01:01.374 1155 1223 I SystemConfig: Reading permissions from /system_ext/etc/permissions/com.nxp.nfc.nq.xml
01-01 00:01:01.376 1155 1223 I SystemConfig: Reading permissions from /system_ext/etc/permissions/audiosphere.xml
01-01 00:01:01.382 1155 1223 I SystemConfig: Reading permissions from /system_ext/etc/permissions/com.android.systemui.xml
01-01 00:01:01.594 0 0 I qcom,camera ac50000.qcom,cci: qcom,cam-sensor3: Linked as a consumer to regulator.77
01-01 00:01:01.599 0 0 E kona-asoc-snd soc: qcom,msm-audio-apr:qcom,q6core-audio:sound: ASoC: Failed to add route ADC2_OUTPUT -> direct -> TX SWR_ADC1
01-01 00:01:01.385 1155 1223 I SystemConfig: Reading permissions from /system_ext/etc/permissions/com.android.launcher3.xml
01-01 00:01:01.600 0 0 E kona-asoc-snd soc: qcom,msm-audio-apr:qcom,q6core-audio:sound: ASoC: no source widget found for ADC3_OUTPUT
01-01 00:01:01.408 1155 1223 I SystemConfig: Reading permissions from /system_ext/etc/permissions/qti_libpermissions.xml
01-01 00:01:01.409 1155 1223 I SystemConfig: Reading permissions from /system_ext/etc/permissions/com.qti.location.sdk.xml
01-01 00:01:01.410 1155 1223 I SystemConfig: Reading permissions from /system_ext/etc/permissions/privapp-permissions-aptxals.xml
01-01 00:01:01.411 1155 1223 I SystemConfig: Reading permissions from /system_ext/etc/permissions/com.android.emergency.xml
01-01 00:01:01.412 1155 1223 I SystemConfig: Reading permissions from /system_ext/etc/permissions/com.qualcomm.qti.imscmservice.xml
01-01 00:01:01.413 1155 1223 I SystemConfig: Reading permissions from /system_ext/etc/permissions/izat.xt.srv.xml
01-01 00:01:01.414 1155 1223 I SystemConfig: Reading permissions from /system_ext/etc/permissions/com.android.storagemanager.xml
01-01 00:01:01.629 0 0 I CAM_ERR : CAM-CCI: cam_cci_irq: 264 Base:ffffff801a04d000, M1_Q1 NACK ERROR: 0x40000000
01-01 00:01:01.634 0 0 E kona-asoc-snd soc: qcom,msm-audio-apr:qcom,q6core-audio:sound: ASoC: Failed to add route ADC3_OUTPUT -> direct -> TX SWR_ADC2
01-01 00:01:01.645 0 0 I CAM_ERR : CAM-CCI: cam_cci_read: 1306 ERROR with Slave 0x20:
01-01 00:01:01.434 1155 1223 I SystemConfig: Reading permissions from /apex/com.android.ipsec/etc/permissions/android.net.ipsec.ike.xml
01-01 00:01:01.438 1155 1223 D SystemConfig: readAllPermissions took to complete: 349ms
01-01 00:01:01.439 1155 1223 D SystemServerInitThreadPool: Finished executing ReadingSystemConfig
01-01 00:01:01.439 1155 1223 D SystemServerTimingAsync: InitThreadPoolExec:ReadingSystemConfig took to complete: 349ms
01-01 00:01:01.658 0 0 E kona-asoc-snd soc: qcom,msm-audio-apr:qcom,q6core-audio:sound: ASoC: no source widget found for ADC4_OUTPUT
01-01 00:01:01.663 0 0 E wlan : Loading driver v5.2.022.10G +TIMER_MANAGER +MEMORY_DEBUG +PANIC_ON_BUG; 2022-08-24T01:55:37Z; cld:; cmn:;
01-01 00:01:01.668 0 0 I CAM_ERR : CAM-CCI: cam_cci_read_bytes: 1561 failed to read rc:-22
01-01 00:01:01.484 1155 1155 D BatteryStatsImpl: Reading daily items from /data/system/batterystats-daily.xml
01-01 00:01:01.681 0 0 E kona-asoc-snd soc: qcom,msm-audio-apr:qcom,q6core-audio:sound: ASoC: Failed to add route ADC4_OUTPUT -> direct -> TX SWR_ADC3
01-01 00:01:01.692 0 0 I CAM_ERR : CAM-SENSOR: cam_cci_i2c_read: 35 rc = -22
01-01 00:01:01.705 0 0 E kona-asoc-snd soc: qcom,msm-audio-apr:qcom,q6core-audio:sound: ASoC: no source widget found for DMIC1_OUTPUT
01-01 00:01:01.716 0 0 I CAM_WARN: CAM-SENSOR: cam_sensor_match_id: 769 read id: 0x0 expected id 0x885a:
01-01 00:01:01.509 1155 1246 I KernelCpuUidFreqTimeReader: mPerClusterTimesAvailable=false
01-01 00:01:01.728 0 0 E kona-asoc-snd soc: qcom,msm-audio-apr:qcom,q6core-audio:sound: ASoC: Failed to add route DMIC1_OUTPUT -> direct -> TX SWR_DMIC0
01-01 00:01:01.741 0 0 E ipa3_uc_reg_rdyCB: 2973 bad parm. inout=0000000000000000
01-01 00:01:01.741 0 0 I qcom,camera ac50000.qcom,cci: qcom,cam-sensor3: Dropping the link to regulator.77
01-01 00:01:01.752 0 0 E kona-asoc-snd soc: qcom,msm-audio-apr:qcom,q6core-audio:sound: ASoC: no source widget found for DMIC2_OUTPUT
01-01 00:01:01.752 0 0 E kona-asoc-snd soc: qcom,msm-audio-apr:qcom,q6core-audio:sound: ASoC: Failed to add route DMIC2_OUTPUT -> direct -> TX SWR_DMIC1
01-01 00:01:01.752 0 0 E kona-asoc-snd soc: qcom,msm-audio-apr:qcom,q6core-audio:sound: ASoC: no source widget found for DMIC3_OUTPUT
01-01 00:01:01.752 0 0 E kona-asoc-snd soc: qcom,msm-audio-apr:qcom,q6core-audio:sound: ASoC: Failed to add route DMIC3_OUTPUT -> direct -> TX SWR_DMIC2
01-01 00:01:01.752 0 0 E kona-asoc-snd soc: qcom,msm-audio-apr:qcom,q6core-audio:sound: ASoC: no source widget found for DMIC4_OUTPUT
01-01 00:01:01.752 0 0 E kona-asoc-snd soc: qcom,msm-audio-apr:qcom,q6core-audio:sound: ASoC: Failed to add route DMIC4_OUTPUT -> direct -> TX SWR_DMIC3
01-01 00:01:01.752 0 0 E kona-asoc-snd soc: qcom,msm-audio-apr:qcom,q6core-audio:sound: ASoC: no source widget found for DMIC5_OUTPUT
01-01 00:01:01.752 0 0 E kona-asoc-snd soc: qcom,msm-audio-apr:qcom,q6core-audio:sound: ASoC: Failed to add route DMIC5_OUTPUT -> direct -> TX SWR_DMIC4
01-01 00:01:01.752 0 0 E kona-asoc-snd soc: qcom,msm-audio-apr:qcom,q6core-audio:sound: ASoC: no source widget found for DMIC6_OUTPUT
01-01 00:01:01.752 0 0 E kona-asoc-snd soc: qcom,msm-audio-apr:qcom,q6core-audio:sound: ASoC: Failed to add route DMIC6_OUTPUT -> direct -> TX SWR_DMIC5
01-01 00:01:01.752 0 0 E kona-asoc-snd soc: qcom,msm-audio-apr:qcom,q6core-audio:sound: ASoC: no source widget found for DMIC7_OUTPUT
01-01 00:01:01.555 1155 1246 E KernelCpuSpeedReader: Failed to read cpu-freq: /sys/devices/system/cpu/cpu4/cpufreq/stats/time_in_state: open failed: ENOENT (No such file or directory)
01-01 00:01:01.556 1155 1246 E KernelCpuSpeedReader: Failed to read cpu-freq: /sys/devices/system/cpu/cpu0/cpufreq/stats/time_in_state: open failed: ENOENT (No such file or directory)
01-01 00:01:01.771 0 0 I : wlan_hdd_state wlan major(475) initialized
01-01 00:01:01.771 0 0 D cnss : Start to wait for calibration to complete
01-01 00:01:01.772 0 0 E kona-asoc-snd soc: qcom,msm-audio-apr:qcom,q6core-audio:sound: ASoC: Failed to add route DMIC7_OUTPUT -> direct -> TX SWR_DMIC6
01-01 00:01:01.772 0 0 E kona-asoc-snd soc: qcom,msm-audio-apr:qcom,q6core-audio:sound: ASoC: no source widget found for DMIC8_OUTPUT
01-01 00:01:01.777 0 0 I qcom,camera ac50000.qcom,cci: qcom,cam-sensor3: Dropping the link to regulator.86
01-01 00:01:01.777 0 0 I qcom,camera ac50000.qcom,cci: qcom,cam-sensor3: Dropping the link to regulator.57
01-01 00:01:01.821 0 0 I qcom,camera ac4f000.qcom,cci: qcom,cam-sensor4: Linked as a consumer to regulator.55
01-01 00:01:01.831 0 0 E kona-asoc-snd soc: qcom,msm-audio-apr:qcom,q6core-audio:sound: ASoC: Failed to add route DMIC8_OUTPUT -> direct -> TX SWR_DMIC7
01-01 00:01:01.832 0 0 E kona-asoc-snd soc: qcom,msm-audio-apr:qcom,q6core-audio:sound: ASoC: no sink widget found for SpkrLeft IN
01-01 00:01:01.832 0 0 E kona-asoc-snd soc: qcom,msm-audio-apr:qcom,q6core-audio:sound: ASoC: Failed to add route WSA_SPK1 OUT -> direct -> SpkrLeft IN
01-01 00:01:01.832 0 0 E kona-asoc-snd soc: qcom,msm-audio-apr:qcom,q6core-audio:sound: ASoC: no sink widget found for SpkrRight IN
01-01 00:01:01.832 0 0 E kona-asoc-snd soc: qcom,msm-audio-apr:qcom,q6core-audio:sound: ASoC: Failed to add route WSA_SPK2 OUT -> direct -> SpkrRight IN
01-01 00:01:01.832 0 0 E kona-asoc-snd soc: qcom,msm-audio-apr:qcom,q6core-audio:sound: ASoC: no sink widget found for VA MIC BIAS3
01-01 00:01:01.832 0 0 E kona-asoc-snd soc: qcom,msm-audio-apr:qcom,q6core-audio:sound: ASoC: Failed to add route Digital Mic0 -> direct -> VA MIC BIAS3
01-01 00:01:01.832 0 0 E kona-asoc-snd soc: qcom,msm-audio-apr:qcom,q6core-audio:sound: ASoC: no sink widget found for VA MIC BIAS3
01-01 00:01:01.832 0 0 E kona-asoc-snd soc: qcom,msm-audio-apr:qcom,q6core-audio:sound: ASoC: Failed to add route Digital Mic1 -> direct -> VA MIC BIAS3
01-01 00:01:01.832 0 0 E kona-asoc-snd soc: qcom,msm-audio-apr:qcom,q6core-audio:sound: ASoC: no sink widget found for VA MIC BIAS4
01-01 00:01:01.832 0 0 E kona-asoc-snd soc: qcom,msm-audio-apr:qcom,q6core-audio:sound: ASoC: Failed to add route Digital Mic4 -> direct -> VA MIC BIAS4
01-01 00:01:01.832 0 0 E kona-asoc-snd soc: qcom,msm-audio-apr:qcom,q6core-audio:sound: ASoC: no sink widget found for VA MIC BIAS4
01-01 00:01:01.624 1155 1246 W KernelMemoryBandwidthStats: No kernel memory bandwidth stats available
01-01 00:01:01.846 0 0 I binder : 1252:1252 ioctl 40046210 ffd169f8 returned -22
01-01 00:01:01.849 0 0 I qcom,camera ac4f000.qcom,cci: qcom,cam-sensor4: Linked as a consumer to regulator.52
01-01 00:01:01.853 0 0 I qcom,camera ac4f000.qcom,cci: qcom,cam-sensor4: Linked as a consumer to regulator.57
01-01 00:01:01.854 0 0 I qcom,camera ac4f000.qcom,cci: qcom,cam-sensor4: Linked as a consumer to regulator.77
01-01 00:01:01.856 0 0 E kona-asoc-snd soc: qcom,msm-audio-apr:qcom,q6core-audio:sound: ASoC: Failed to add route Digital Mic5 -> direct -> VA MIC BIAS4
01-01 00:01:01.856 0 0 E kona-asoc-snd soc: qcom,msm-audio-apr:qcom,q6core-audio:sound: ASoC: no source widget found for VA MIC BIAS3
01-01 00:01:01.685 1254 1254 I iorapd : iorapd (the prefetchening) firing up
01-01 00:01:01.884 0 0 I CAM_ERR : CAM-CCI: cam_cci_irq: 238 Base:ffffff801a045000, M0_Q1 NACK ERROR: 0x10000000
01-01 00:01:01.893 0 0 E kona-asoc-snd soc: qcom,msm-audio-apr:qcom,q6core-audio:sound: ASoC: Failed to add route VA MIC BIAS3 -> direct -> VA DMIC0
01-01 00:01:01.905 0 0 I CAM_ERR : CAM-CCI: cam_cci_read: 1306 ERROR with Slave 0xc0:
01-01 00:01:01.691 1155 1155 I IntentFirewall: Read new rules (A:0 B:0 S:0)
01-01 00:01:01.694 1254 1254 I iorapd : Opened existing database at '/data/misc/iorapd/sqlite.db'
01-01 00:01:01.695 1254 1254 W iorapd : Reconnect to package manager service: 1 times
01-01 00:01:01.910 0 0 I binder : 1254:1254 ioctl 40046210 7ffe087fa4 returned -22
01-01 00:01:01.708 1155 1155 D AppOps : AppOpsService published
01-01 00:01:01.709 1155 1155 D SystemServerTiming: StartActivityManager took to complete: 391ms
01-01 00:01:01.709 1155 1155 I SystemServerTiming: StartDataLoaderManagerService
01-01 00:01:01.709 1155 1155 I SystemServiceManager: Starting com.android.server.pm.DataLoaderManagerService
01-01 00:01:01.714 1155 1155 D SystemServerTiming: StartDataLoaderManagerService took to complete: 4ms
01-01 00:01:01.714 1155 1155 I SystemServerTiming: StartIncrementalService
01-01 00:01:01.918 0 0 E kona-asoc-snd soc: qcom,msm-audio-apr:qcom,q6core-audio:sound: ASoC: no source widget found for VA MIC BIAS3
01-01 00:01:01.929 0 0 I CAM_ERR : CAM-CCI: cam_cci_read_bytes: 1561 failed to read rc:-22
01-01 00:01:01.720 1155 1155 D SystemServerTiming: StartIncrementalService took to complete: 7ms
01-01 00:01:01.720 1155 1155 I SystemServerTiming: StartPowerManager
01-01 00:01:01.720 1155 1155 I SystemServiceManager: Starting com.android.server.power.PowerManagerService
01-01 00:01:01.942 0 0 E kona-asoc-snd soc: qcom,msm-audio-apr:qcom,q6core-audio:sound: ASoC: Failed to add route VA MIC BIAS3 -> direct -> VA DMIC1
01-01 00:01:01.942 0 0 E kona-asoc-snd soc: qcom,msm-audio-apr:qcom,q6core-audio:sound: ASoC: no source widget found for VA MIC BIAS4
01-01 00:01:01.953 0 0 I CAM_ERR : CAM-SENSOR: cam_cci_i2c_read: 35 rc = -22
01-01 00:01:01.749 1155 1155 D SystemServerTiming: StartPowerManager took to complete: 28ms
01-01 00:01:01.749 1155 1155 I SystemServerTiming: StartThermalManager
01-01 00:01:01.749 1155 1155 I SystemServiceManager: Starting com.android.server.power.ThermalManagerService
01-01 00:01:01.750 1155 1155 D SystemServerTiming: StartThermalManager took to complete: 0ms
01-01 00:01:01.750 1155 1155 I SystemServerTiming: StartHintManager
01-01 00:01:01.750 1155 1155 I SystemServiceManager: Starting com.android.server.power.hint.HintManagerService
01-01 00:01:01.751 1155 1155 D SystemServerTiming: StartHintManager took to complete: 2ms
01-01 00:01:01.751 1155 1155 I SystemServerTiming: InitPowerManagement
01-01 00:01:01.754 1155 1155 D SystemServerTiming: InitPowerManagement took to complete: 2ms
01-01 00:01:01.754 1155 1155 I SystemServerTiming: StartRecoverySystemService
01-01 00:01:01.754 1155 1155 I SystemServiceManager: Starting com.android.server.recoverysystem.RecoverySystemService$Lifecycle
01-01 00:01:01.755 1155 1155 D SystemServerTiming: StartRecoverySystemService took to complete: 1ms
01-01 00:01:01.755 1155 1155 I PackageWatchdog: Syncing state, reason: added new observer
01-01 00:01:01.755 1155 1155 I PackageWatchdog: Not pruning observers, elapsed time: 0ms
01-01 00:01:01.756 1155 1155 I PackageWatchdog: Cancelling state sync, nothing to sync
01-01 00:01:01.760 1155 1227 I PackageWatchdog: Saving observer state to file
01-01 00:01:01.762 1155 1155 I SystemServerTiming: StartLightsService
01-01 00:01:01.762 1155 1155 I SystemServiceManager: Starting com.android.server.lights.LightsService
01-01 00:01:01.965 0 0 E kona-asoc-snd soc: qcom,msm-audio-apr:qcom,q6core-audio:sound: ASoC: Failed to add route VA MIC BIAS4 -> direct -> VA DMIC4
01-01 00:01:01.966 0 0 E kona-asoc-snd soc: qcom,msm-audio-apr:qcom,q6core-audio:sound: ASoC: no source widget found for VA MIC BIAS4
01-01 00:01:01.977 0 0 I CAM_WARN: CAM-SENSOR: cam_sensor_match_id: 769 read id: 0x0 expected id 0x9281:
01-01 00:01:01.771 1155 1155 D SystemServerTiming: StartLightsService took to complete: 10ms
01-01 00:01:01.771 1155 1155 I SystemServerTiming: StartSidekickService
01-01 00:01:01.771 1155 1155 D SystemServerTiming: StartSidekickService took to complete: 0ms
01-01 00:01:01.771 1155 1155 I SystemServerTiming: StartDisplayManager
01-01 00:01:01.772 1155 1155 I SystemServiceManager: Starting com.android.server.display.DisplayManagerService
01-01 00:01:01.989 0 0 E kona-asoc-snd soc: qcom,msm-audio-apr:qcom,q6core-audio:sound: ASoC: Failed to add route VA MIC BIAS4 -> direct -> VA DMIC5
01-01 00:01:01.990 0 0 E kona-asoc-snd soc: qcom,msm-audio-apr:qcom,q6core-audio:sound: ASoC: no source widget found for ADC1_OUTPUT
01-01 00:01:02.001 0 0 I qcom,camera ac4f000.qcom,cci: qcom,cam-sensor4: Dropping the link to regulator.77
01-01 00:01:02.014 0 0 E kona-asoc-snd soc: qcom,msm-audio-apr:qcom,q6core-audio:sound: ASoC: Failed to add route ADC1_OUTPUT -> direct -> VA SWR_ADC0
01-01 00:01:01.831 1155 1219 I DisplayDeviceRepository: Display device added: DisplayDeviceInfo{"内置å±å¹•": uniqueId="local:4630946370410392961", 2380 x 1020, modeId 1, defaultModeId 1, supportedModes [{id=1, width=2380, height=1020, fps=60.000004, alternativeRefreshRates=[]}], colorMode 0, supportedColorModes [0], hdrCapabilities HdrCapabilities{mSupportedHdrTypes=[2, 3, 4], mMaxLuminance=500.0, mMaxAverageLuminance=500.0, mMinLuminance=0.0}, allmSupported false, gameContentTypeSupported false, density 240, 319.851 x 319.851 dpi, appVsyncOff 1000000, presDeadline 16666666, touch INTERNAL, rotation 0, type INTERNAL, address {port=129, model=0x40446d3026322d}, deviceProductInfo DeviceProductInfo{name=, manufacturerPnpId=QCM, productId=1, modelYear=null, manufactureDate=ManufactureDate{week=27, year=2006}, connectionToSinkType=0}, state UNKNOWN, frameRateOverride , brightnessMinimum 0.0, brightnessMaximum 1.0, brightnessDefault 0.39763778, FLAG_DEFAULT_DISPLAY, FLAG_ROTATES_WITH_CONTENT, FLAG_SECURE, FLAG_SUPPORTS_PROTECTED_BUFFERS}
01-01 00:01:02.029 0 0 I qcom,camera ac4f000.qcom,cci: qcom,cam-sensor4: Dropping the link to regulator.57
01-01 00:01:02.038 0 0 E kona-asoc-snd soc: qcom,msm-audio-apr:qcom,q6core-audio:sound: ASoC: no source widget found for ADC2_OUTPUT
01-01 00:01:02.050 0 0 I qcom,camera ac4f000.qcom,cci: qcom,cam-sensor4: Dropping the link to regulator.52
01-01 00:01:01.833 1155 1219 I LogicalDisplayMapper: Applying layout: [{addr: {port=129, model=0x40446d3026322d}, dispId: 0(ON)}], Previous layout: null
01-01 00:01:01.835 1155 1155 W SystemServiceManager: Service com.android.server.display.DisplayManagerService took 60 ms in onStart
01-01 00:01:01.835 1155 1155 D SystemServerTiming: StartDisplayManager took to complete: 63ms
01-01 00:01:01.835 1155 1155 I SystemServerTiming: WaitForDisplay
01-01 00:01:01.835 1155 1155 I SystemServiceManager: Starting phase 100
01-01 00:01:01.835 1155 1155 I SystemServerTiming: OnBootPhase_100
01-01 00:01:01.835 1155 1155 I SystemServerTiming: OnBootPhase_100_com.android.server.security.FileIntegrityService
01-01 00:01:01.835 1155 1155 D SystemServerTiming: OnBootPhase_100_com.android.server.security.FileIntegrityService took to complete: 0ms
01-01 00:01:01.835 1155 1155 I SystemServerTiming: OnBootPhase_100_com.android.server.pm.Installer
01-01 00:01:01.835 1155 1155 D SystemServerTiming: OnBootPhase_100_com.android.server.pm.Installer took to complete: 0ms
01-01 00:01:01.835 1155 1155 I SystemServerTiming: OnBootPhase_100_com.android.server.os.DeviceIdentifiersPolicyService
01-01 00:01:01.835 1155 1155 D SystemServerTiming: OnBootPhase_100_com.android.server.os.DeviceIdentifiersPolicyService took to complete: 0ms
01-01 00:01:01.835 1155 1155 I SystemServerTiming: OnBootPhase_100_com.android.server.uri.UriGrantsManagerService$Lifecycle
01-01 00:01:01.835 1155 1155 D SystemServerTiming: OnBootPhase_100_com.android.server.uri.UriGrantsManagerService$Lifecycle took to complete: 0ms
01-01 00:01:01.835 1155 1155 I SystemServerTiming: OnBootPhase_100_com.android.server.powerstats.PowerStatsService
01-01 00:01:01.835 1155 1155 D SystemServerTiming: OnBootPhase_100_com.android.server.powerstats.PowerStatsService took to complete: 0ms
01-01 00:01:01.836 1155 1155 I SystemServerTiming: OnBootPhase_100_com.android.server.wm.ActivityTaskManagerService$Lifecycle
01-01 00:01:01.836 1155 1155 D SystemServerTiming: OnBootPhase_100_com.android.server.wm.ActivityTaskManagerService$Lifecycle took to complete: 0ms
01-01 00:01:01.836 1155 1155 I SystemServerTiming: OnBootPhase_100_com.android.server.am.ActivityManagerService$Lifecycle
01-01 00:01:01.836 1155 1155 D SystemServerTiming: OnBootPhase_100_com.android.server.am.ActivityManagerService$Lifecycle took to complete: 0ms
01-01 00:01:01.836 1155 1155 I SystemServerTiming: OnBootPhase_100_com.android.server.pm.DataLoaderManagerService
01-01 00:01:01.836 1155 1155 D SystemServerTiming: OnBootPhase_100_com.android.server.pm.DataLoaderManagerService took to complete: 0ms
01-01 00:01:01.836 1155 1155 I SystemServerTiming: OnBootPhase_100_com.android.server.power.PowerManagerService
01-01 00:01:02.062 0 0 E kona-asoc-snd soc: qcom,msm-audio-apr:qcom,q6core-audio:sound: ASoC: Failed to add route ADC2_OUTPUT -> direct -> VA SWR_ADC1
01-01 00:01:01.836 1155 1155 D SystemServerTiming: OnBootPhase_100_com.android.server.power.PowerManagerService took to complete: 0ms
01-01 00:01:01.836 1155 1155 I SystemServerTiming: OnBootPhase_100_com.android.server.power.ThermalManagerService
01-01 00:01:01.836 1155 1155 D SystemServerTiming: OnBootPhase_100_com.android.server.power.ThermalManagerService took to complete: 0ms
01-01 00:01:01.836 1155 1155 I SystemServerTiming: OnBootPhase_100_com.android.server.power.hint.HintManagerService
01-01 00:01:02.066 0 0 I binder : 1284:1284 ioctl 40046210 7fe4158da4 returned -22
01-01 00:01:01.836 1155 1155 D SystemServerTiming: OnBootPhase_100_com.android.server.power.hint.HintManagerService took to complete: 0ms
01-01 00:01:01.836 1155 1155 I SystemServerTiming: OnBootPhase_100_com.android.server.recoverysystem.RecoverySystemService$Lifecycle
01-01 00:01:01.836 1155 1155 D SystemServerTiming: OnBootPhase_100_com.android.server.recoverysystem.RecoverySystemService$Lifecycle took to complete: 0ms
01-01 00:01:01.836 1155 1155 I SystemServerTiming: OnBootPhase_100_com.android.server.lights.LightsService
01-01 00:01:01.836 1155 1155 D SystemServerTiming: OnBootPhase_100_com.android.server.lights.LightsService took to complete: 0ms
01-01 00:01:02.073 0 0 I qcom,camera ac4f000.qcom,cci: qcom,cam-sensor4: Dropping the link to regulator.55
01-01 00:01:01.836 1155 1155 I SystemServerTiming: OnBootPhase_100_com.android.server.display.DisplayManagerService
01-01 00:01:01.846 1155 1219 I LogicalDisplayMapper: Adding new display: 0: DisplayInfo{"内置å±å¹•", displayId 0", displayGroupId -1, FLAG_SECURE, FLAG_SUPPORTS_PROTECTED_BUFFERS, FLAG_TRUSTED, real 2380 x 1020, largest app 2380 x 1020, smallest app 2380 x 1020, appVsyncOff 1000000, presDeadline 16666666, mode 1, defaultMode 1, modes [{id=1, width=2380, height=1020, fps=60.000004, alternativeRefreshRates=[]}], hdrCapabilities HdrCapabilities{mSupportedHdrTypes=[2, 3, 4], mMaxLuminance=500.0, mMaxAverageLuminance=500.0, mMinLuminance=0.0}, userDisabledHdrTypes [], minimalPostProcessingSupported false, rotation 0, state UNKNOWN, type INTERNAL, uniqueId "local:4630946370410392961", app 2380 x 1020, density 240 (319.851 x 319.851) dpi, layerStack 0, colorMode 0, supportedColorModes [0], address {port=129, model=0x40446d3026322d}, deviceProductInfo DeviceProductInfo{name=, manufacturerPnpId=QCM, productId=1, modelYear=null, manufactureDate=ManufactureDate{week=27, year=2006}, connectionToSinkType=0}, removeMode 0, refreshRateOverride 0.0, brightnessMinimum 0.0, brightnessMaximum 1.0, brightnessDefault 0.39763778}
01-01 00:01:01.859 1155 1219 I LogicalDisplayMapper: Setting new display group 0 for display 0, from previous group: null
01-01 00:01:01.862 1155 1219 E DisplayDeviceConfig: requesting nits when no mapping exists.
01-01 00:01:01.864 1155 1219 E DisplayDeviceConfig: requesting nits when no mapping exists.
01-01 00:01:01.871 1155 1155 D SystemServerTiming: OnBootPhase_100_com.android.server.display.DisplayManagerService took to complete: 35ms
01-01 00:01:01.871 1155 1155 D SystemServerTiming: OnBootPhase_100 took to complete: 36ms
01-01 00:01:01.871 1155 1155 D SystemServerTiming: WaitForDisplay took to complete: 37ms
01-01 00:01:01.872 1155 1155 I SystemServerTiming: StartDomainVerificationService
01-01 00:01:01.875 1155 1219 I DisplayDeviceRepository: Display device changed state: "内置å±å¹•", ON
01-01 00:01:01.876 1155 1155 D SystemServerTiming: StartDomainVerificationService took to complete: 3ms
01-01 00:01:01.876 1155 1155 I SystemServerTiming: StartPackageManagerService
01-01 00:01:01.876 1155 1155 I Watchdog: Pausing HandlerChecker: main thread for reason: packagemanagermain. Pause count: 1
01-01 00:01:01.878 1155 1155 I PackageManagerTiming: create package manager
01-01 00:01:02.088 0 0 E kona-asoc-snd soc: qcom,msm-audio-apr:qcom,q6core-audio:sound: ASoC: no source widget found for ADC3_OUTPUT
01-01 00:01:01.888 1155 1155 I PackageManagerTiming: readListOfPackagesToBeDisabled
01-01 00:01:01.888 1155 1155 D PackageManagerTiming: readListOfPackagesToBeDisabled took to complete: 0ms
01-01 00:01:01.889 1155 1155 I PackageManagerTiming: createSubComponents
01-01 00:01:02.135 0 0 I qcom,camera ac4f000.qcom,cci: qcom,cam-sensor0: Linked as a consumer to regulator.55
01-01 00:01:02.145 0 0 E kona-asoc-snd soc: qcom,msm-audio-apr:qcom,q6core-audio:sound: ASoC: Failed to add route ADC3_OUTPUT -> direct -> VA SWR_ADC2
01-01 00:01:01.950 1155 1155 D PackageManagerTiming: createSubComponents took to complete: 61ms
01-01 00:01:01.950 1155 1155 I PackageManagerTiming: addSharedUsers
01-01 00:01:01.950 1155 1155 D PackageManagerTiming: addSharedUsers took to complete: 1ms
01-01 00:01:01.951 1155 1155 I PackageManagerTiming: get system config
01-01 00:01:01.951 1155 1155 D PackageManagerTiming: get system config took to complete: 0ms
01-01 00:01:01.957 1155 1155 D PackageManager: Directories scanned as system partitions: [/system:0, /vendor:524288, /odm:4194304, /oem:262144, /product:1048576, /system_ext:2097152, /apex/com.android.vndk.v30:8388608, /apex/com.android.wifi:8388608, /apex/com.android.vndk.v31:8388608, /apex/com.android.tzdata:8388608, /apex/com.android.tethering:8388608, /apex/com.android.sdkext:8388608, /apex/com.android.scheduling:8388608, /apex/com.android.runtime:8388608, /apex/com.android.resolv:8388608, /apex/com.android.permission:8388608, /apex/com.android.os.statsd:8388608, /apex/com.android.neuralnetworks:8388608, /apex/com.android.mediaprovider:8388608, /apex/com.android.media.swcodec:8388608, /apex/com.android.media:8388608, /apex/com.android.ipsec:8388608, /apex/com.android.i18n:8388608, /apex/com.android.extservices:8388608, /apex/com.android.conscrypt:8388608, /apex/com.android.art:8388608, /apex/com.android.appsearch:8388608, /apex/com.android.adbd:8388608]
01-01 00:01:02.167 0 0 I qcom,camera ac4f000.qcom,cci: qcom,cam-sensor0: Linked as a consumer to regulator.52
01-01 00:01:02.168 0 0 E kona-asoc-snd soc: qcom,msm-audio-apr:qcom,q6core-audio:sound: ASoC: no source widget found for ADC4_OUTPUT
01-01 00:01:01.967 1155 1155 D SELinuxMMAC: Using policy file /system/etc/selinux/plat_mac_permissions.xml
01-01 00:01:01.970 1155 1155 D SELinuxMMAC: Using policy file /system_ext/etc/selinux/system_ext_mac_permissions.xml
01-01 00:01:01.970 1155 1155 D SELinuxMMAC: Using policy file /product/etc/selinux/product_mac_permissions.xml
01-01 00:01:01.971 1155 1155 D SELinuxMMAC: Using policy file /vendor/etc/selinux/vendor_mac_permissions.xml
01-01 00:01:01.973 1155 1155 D SELinuxMMAC: Using policy file /odm/etc/selinux/odm_mac_permissions.xml
01-01 00:01:01.974 1155 1155 I PackageManagerTiming: loadFallbacks
01-01 00:01:01.975 1155 1155 D PackageManagerTiming: loadFallbacks took to complete: 1ms
01-01 00:01:01.975 1155 1155 I PackageManagerTiming: read user settings
01-01 00:01:02.188 0 0 I qcom,camera ac4f000.qcom,cci: qcom,cam-sensor0: Linked as a consumer to regulator.57
01-01 00:01:02.192 0 0 E kona-asoc-snd soc: qcom,msm-audio-apr:qcom,q6core-audio:sound: ASoC: Failed to add route ADC4_OUTPUT -> direct -> VA SWR_ADC3
01-01 00:01:02.225 0 0 I qcom,camera ac4f000.qcom,cci: qcom,cam-sensor0: Linked as a consumer to regulator.77
01-01 00:01:02.228 0 0 E kona-asoc-snd soc: qcom,msm-audio-apr:qcom,q6core-audio:sound: ASoC: no source widget found for DMIC1_OUTPUT
01-01 00:01:02.231 0 0 I binder : 1297:1297 ioctl 40046210 7fe3dc3004 returned -22
01-01 00:01:02.250 0 0 I binder : 1302:1302 ioctl 40046210 7fc239b084 returned -22
01-01 00:01:02.251 0 0 E kona-asoc-snd soc: qcom,msm-audio-apr:qcom,q6core-audio:sound: ASoC: Failed to add route DMIC1_OUTPUT -> direct -> VA SWR_MIC0
01-01 00:01:02.260 0 0 I CAM_ERR : CAM-CCI: cam_cci_irq: 238 Base:ffffff801a045000, M0_Q1 NACK ERROR: 0x10000000
01-01 00:01:02.264 0 0 I CAM_ERR : CAM-CCI: cam_cci_read: 1306 ERROR with Slave 0x34:
01-01 00:01:02.064 1155 1262 W ProcessCpuTracker: Failed to stat(/proc/1256): android.system.ErrnoException: stat failed: ENOENT (No such file or directory)
01-01 00:01:02.064 1155 1262 W ProcessCpuTracker: Skipping unknown process pid 1256
01-01 00:01:02.066 1155 1262 W ProcessCpuTracker: Failed to stat(/proc/1265): android.system.ErrnoException: stat failed: ENOENT (No such file or directory)
01-01 00:01:02.066 1155 1262 W ProcessCpuTracker: Skipping unknown process pid 1265
01-01 00:01:02.067 1155 1155 W android.permission.PermissionManager: Missing ActivityManager; assuming 1000 holds android.permission.SET_PREFERRED_APPLICATIONS
01-01 00:01:02.067 1155 1155 W android.permission.PermissionManager: Missing ActivityManager; assuming 1000 holds android.permission.SET_PREFERRED_APPLICATIONS
01-01 00:01:02.068 1155 1155 W android.permission.PermissionManager: Missing ActivityManager; assuming 1000 holds android.permission.SET_PREFERRED_APPLICATIONS
01-01 00:01:02.072 1155 1155 W android.permission.PermissionManager: Missing ActivityManager; assuming 1000 holds android.permission.SET_PREFERRED_APPLICATIONS
01-01 00:01:02.072 1155 1155 W android.permission.PermissionManager: Missing ActivityManager; assuming 1000 holds android.permission.SET_PREFERRED_APPLICATIONS
01-01 00:01:02.073 1155 1155 W android.permission.PermissionManager: Missing ActivityManager; assuming 1000 holds android.permission.SET_PREFERRED_APPLICATIONS
01-01 00:01:02.074 1155 1155 W android.permission.PermissionManager: Missing ActivityManager; assuming 1000 holds android.permission.SET_PREFERRED_APPLICATIONS
01-01 00:01:02.074 1155 1155 W android.permission.PermissionManager: Missing ActivityManager; assuming 1000 holds android.permission.SET_PREFERRED_APPLICATIONS
01-01 00:01:02.075 1155 1155 W android.permission.PermissionManager: Missing ActivityManager; assuming 1000 holds android.permission.SET_PREFERRED_APPLICATIONS
01-01 00:01:02.075 1155 1155 W android.permission.PermissionManager: Missing ActivityManager; assuming 1000 holds android.permission.SET_PREFERRED_APPLICATIONS
01-01 00:01:02.076 1155 1155 W android.permission.PermissionManager: Missing ActivityManager; assuming 1000 holds android.permission.SET_PREFERRED_APPLICATIONS
01-01 00:01:02.076 1155 1155 W android.permission.PermissionManager: Missing ActivityManager; assuming 1000 holds android.permission.SET_PREFERRED_APPLICATIONS
01-01 00:01:02.077 1155 1155 W android.permission.PermissionManager: Missing ActivityManager; assuming 1000 holds android.permission.SET_PREFERRED_APPLICATIONS
01-01 00:01:02.077 1155 1155 W android.permission.PermissionManager: Missing ActivityManager; assuming 1000 holds android.permission.SET_PREFERRED_APPLICATIONS
01-01 00:01:02.078 1155 1155 W android.permission.PermissionManager: Missing ActivityManager; assuming 1000 holds android.permission.SET_PREFERRED_APPLICATIONS
01-01 00:01:02.077 1309 1309 I installd: installd firing up
01-01 00:01:02.078 1155 1155 W android.permission.PermissionManager: Missing ActivityManager; assuming 1000 holds android.permission.SET_PREFERRED_APPLICATIONS
01-01 00:01:02.078 1155 1155 W android.permission.PermissionManager: Missing ActivityManager; assuming 1000 holds android.permission.SET_PREFERRED_APPLICATIONS
01-01 00:01:02.079 1155 1155 W android.permission.PermissionManager: Missing ActivityManager; assuming 1000 holds android.permission.SET_PREFERRED_APPLICATIONS
01-01 00:01:02.079 1155 1155 W android.permission.PermissionManager: Missing ActivityManager; assuming 1000 holds android.permission.SET_PREFERRED_APPLICATIONS
01-01 00:01:02.080 1155 1155 W android.permission.PermissionManager: Missing ActivityManager; assuming 1000 holds android.permission.SET_PREFERRED_APPLICATIONS
01-01 00:01:02.080 1155 1155 W android.permission.PermissionManager: Missing ActivityManager; assuming 1000 holds android.permission.SET_PREFERRED_APPLICATIONS
01-01 00:01:02.081 1155 1155 W android.permission.PermissionManager: Missing ActivityManager; assuming 1000 holds android.permission.SET_PREFERRED_APPLICATIONS
01-01 00:01:02.276 0 0 E kona-asoc-snd soc: qcom,msm-audio-apr:qcom,q6core-audio:sound: ASoC: no source widget found for DMIC2_OUTPUT
01-01 00:01:02.286 0 0 I CAM_ERR : CAM-CCI: cam_cci_read_bytes: 1561 failed to read rc:-22
01-01 00:01:02.296 0 0 I binder : 1309:1309 ioctl 40046210 7fd386b394 returned -22
01-01 00:01:02.299 0 0 E kona-asoc-snd soc: qcom,msm-audio-apr:qcom,q6core-audio:sound: ASoC: Failed to add route DMIC2_OUTPUT -> direct -> VA SWR_MIC1
01-01 00:01:02.299 0 0 E kona-asoc-snd soc: qcom,msm-audio-apr:qcom,q6core-audio:sound: ASoC: no source widget found for DMIC3_OUTPUT
01-01 00:01:02.299 0 0 E kona-asoc-snd soc: qcom,msm-audio-apr:qcom,q6core-audio:sound: ASoC: Failed to add route DMIC3_OUTPUT -> direct -> VA SWR_MIC2
01-01 00:01:02.299 0 0 E kona-asoc-snd soc: qcom,msm-audio-apr:qcom,q6core-audio:sound: ASoC: no source widget found for DMIC4_OUTPUT
01-01 00:01:02.299 0 0 E kona-asoc-snd soc: qcom,msm-audio-apr:qcom,q6core-audio:sound: ASoC: Failed to add route DMIC4_OUTPUT -> direct -> VA SWR_MIC3
01-01 00:01:02.299 0 0 E kona-asoc-snd soc: qcom,msm-audio-apr:qcom,q6core-audio:sound: ASoC: no source widget found for DMIC5_OUTPUT
01-01 00:01:02.299 0 0 E kona-asoc-snd soc: qcom,msm-audio-apr:qcom,q6core-audio:sound: ASoC: Failed to add route DMIC5_OUTPUT -> direct -> VA SWR_MIC4
01-01 00:01:02.299 0 0 E kona-asoc-snd soc: qcom,msm-audio-apr:qcom,q6core-audio:sound: ASoC: no source widget found for DMIC6_OUTPUT
01-01 00:01:02.082 1155 1155 W android.permission.PermissionManager: Missing ActivityManager; assuming 1000 holds android.permission.SET_PREFERRED_APPLICATIONS
01-01 00:01:02.082 1155 1155 W android.permission.PermissionManager: Missing ActivityManager; assuming 1000 holds android.permission.SET_PREFERRED_APPLICATIONS
01-01 00:01:02.084 1155 1155 W android.permission.PermissionManager: Missing ActivityManager; assuming 1000 holds android.permission.SET_PREFERRED_APPLICATIONS
01-01 00:01:02.090 1155 1155 W android.permission.PermissionManager: Missing ActivityManager; assuming 1000 holds android.permission.SET_PREFERRED_APPLICATIONS
01-01 00:01:02.090 1155 1155 W android.permission.PermissionManager: Missing ActivityManager; assuming 1000 holds android.permission.SET_PREFERRED_APPLICATIONS
01-01 00:01:02.091 1155 1155 W android.permission.PermissionManager: Missing ActivityManager; assuming 1000 holds android.permission.SET_PREFERRED_APPLICATIONS
01-01 00:01:02.092 1155 1155 W android.permission.PermissionManager: Missing ActivityManager; assuming 1000 holds android.permission.SET_PREFERRED_APPLICATIONS
01-01 00:01:02.092 1155 1155 W android.permission.PermissionManager: Missing ActivityManager; assuming 1000 holds android.permission.SET_PREFERRED_APPLICATIONS
01-01 00:01:02.093 1155 1155 W android.permission.PermissionManager: Missing ActivityManager; assuming 1000 holds android.permission.SET_PREFERRED_APPLICATIONS
01-01 00:01:02.093 1155 1155 W android.permission.PermissionManager: Missing ActivityManager; assuming 1000 holds android.permission.SET_PREFERRED_APPLICATIONS
01-01 00:01:02.094 1155 1155 W android.permission.PermissionManager: Missing ActivityManager; assuming 1000 holds android.permission.SET_PREFERRED_APPLICATIONS
01-01 00:01:02.094 1155 1155 W android.permission.PermissionManager: Missing ActivityManager; assuming 1000 holds android.permission.SET_PREFERRED_APPLICATIONS
01-01 00:01:02.310 0 0 I CAM_ERR : CAM-SENSOR: cam_cci_i2c_read: 35 rc = -22
01-01 00:01:02.311 0 0 I CAM_WARN: CAM-SENSOR: cam_sensor_match_id: 769 read id: 0x0 expected id 0x519:
01-01 00:01:02.095 1155 1155 W android.permission.PermissionManager: Missing ActivityManager; assuming 1000 holds android.permission.SET_PREFERRED_APPLICATIONS
01-01 00:01:02.095 1155 1155 W android.permission.PermissionManager: Missing ActivityManager; assuming 1000 holds android.permission.SET_PREFERRED_APPLICATIONS
01-01 00:01:02.095 1155 1155 W android.permission.PermissionManager: Missing ActivityManager; assuming 1000 holds android.permission.SET_PREFERRED_APPLICATIONS
01-01 00:01:02.096 1155 1155 W android.permission.PermissionManager: Missing ActivityManager; assuming 1000 holds android.permission.SET_PREFERRED_APPLICATIONS
01-01 00:01:02.096 1155 1155 W android.permission.PermissionManager: Missing ActivityManager; assuming 1000 holds android.permission.SET_PREFERRED_APPLICATIONS
01-01 00:01:02.097 1155 1155 W android.permission.PermissionManager: Missing ActivityManager; assuming 1000 holds android.permission.SET_PREFERRED_APPLICATIONS
01-01 00:01:02.097 1155 1155 W android.permission.PermissionManager: Missing ActivityManager; assuming 1000 holds android.permission.SET_PREFERRED_APPLICATIONS
01-01 00:01:02.097 1155 1155 W android.permission.PermissionManager: Missing ActivityManager; assuming 1000 holds android.permission.SET_PREFERRED_APPLICATIONS
01-01 00:01:02.098 1155 1155 W android.permission.PermissionManager: Missing ActivityManager; assuming 1000 holds android.permission.SET_PREFERRED_APPLICATIONS
01-01 00:01:02.098 1155 1155 W android.permission.PermissionManager: Missing ActivityManager; assuming 1000 holds android.permission.SET_PREFERRED_APPLICATIONS
01-01 00:01:02.099 1155 1155 W android.permission.PermissionManager: Missing ActivityManager; assuming 1000 holds android.permission.SET_PREFERRED_APPLICATIONS
01-01 00:01:02.099 1155 1155 W android.permission.PermissionManager: Missing ActivityManager; assuming 1000 holds android.permission.SET_PREFERRED_APPLICATIONS
01-01 00:01:02.099 1155 1155 W android.permission.PermissionManager: Missing ActivityManager; assuming 1000 holds android.permission.SET_PREFERRED_APPLICATIONS
01-01 00:01:02.100 1155 1155 W android.permission.PermissionManager: Missing ActivityManager; assuming 1000 holds android.permission.SET_PREFERRED_APPLICATIONS
01-01 00:01:02.100 1155 1155 W android.permission.PermissionManager: Missing ActivityManager; assuming 1000 holds android.permission.SET_PREFERRED_APPLICATIONS
01-01 00:01:02.101 1155 1155 W android.permission.PermissionManager: Missing ActivityManager; assuming 1000 holds android.permission.SET_PREFERRED_APPLICATIONS
01-01 00:01:02.101 1155 1155 W android.permission.PermissionManager: Missing ActivityManager; assuming 1000 holds android.permission.SET_PREFERRED_APPLICATIONS
01-01 00:01:02.102 1155 1155 W android.permission.PermissionManager: Missing ActivityManager; assuming 1000 holds android.permission.SET_PREFERRED_APPLICATIONS
01-01 00:01:02.102 1155 1155 W android.permission.PermissionManager: Missing ActivityManager; assuming 1000 holds android.permission.SET_PREFERRED_APPLICATIONS
01-01 00:01:02.103 1155 1155 W android.permission.PermissionManager: Missing ActivityManager; assuming 1000 holds android.permission.SET_PREFERRED_APPLICATIONS
01-01 00:01:02.103 1155 1155 W android.permission.PermissionManager: Missing ActivityManager; assuming 1000 holds android.permission.SET_PREFERRED_APPLICATIONS
01-01 00:01:02.103 1155 1155 W android.permission.PermissionManager: Missing ActivityManager; assuming 1000 holds android.permission.SET_PREFERRED_APPLICATIONS
01-01 00:01:02.313 0 0 I qcom,camera ac4f000.qcom,cci: qcom,cam-sensor0: Dropping the link to regulator.77
01-01 00:01:02.323 0 0 E kona-asoc-snd soc: qcom,msm-audio-apr:qcom,q6core-audio:sound: ASoC: Failed to add route DMIC6_OUTPUT -> direct -> VA SWR_MIC5
01-01 00:01:02.104 1155 1155 W android.permission.PermissionManager: Missing ActivityManager; assuming 1000 holds android.permission.SET_PREFERRED_APPLICATIONS
01-01 00:01:02.105 1155 1155 W android.permission.PermissionManager: Missing ActivityManager; assuming 1000 holds android.permission.SET_PREFERRED_APPLICATIONS
01-01 00:01:02.105 1155 1155 W android.permission.PermissionManager: Missing ActivityManager; assuming 1000 holds android.permission.SET_PREFERRED_APPLICATIONS
01-01 00:01:02.106 1155 1155 W android.permission.PermissionManager: Missing ActivityManager; assuming 1000 holds android.permission.SET_PREFERRED_APPLICATIONS
01-01 00:01:02.106 1155 1155 W android.permission.PermissionManager: Missing ActivityManager; assuming 1000 holds android.permission.SET_PREFERRED_APPLICATIONS
01-01 00:01:02.106 1155 1155 W android.permission.PermissionManager: Missing ActivityManager; assuming 1000 holds android.permission.SET_PREFERRED_APPLICATIONS
01-01 00:01:02.107 1155 1155 W android.permission.PermissionManager: Missing ActivityManager; assuming 1000 holds android.permission.SET_PREFERRED_APPLICATIONS
01-01 00:01:02.108 1155 1155 W android.permission.PermissionManager: Missing ActivityManager; assuming 1000 holds android.permission.SET_PREFERRED_APPLICATIONS
01-01 00:01:02.108 1155 1155 W android.permission.PermissionManager: Missing ActivityManager; assuming 1000 holds android.permission.SET_PREFERRED_APPLICATIONS
01-01 00:01:02.108 1155 1155 W android.permission.PermissionManager: Missing ActivityManager; assuming 1000 holds android.permission.SET_PREFERRED_APPLICATIONS
01-01 00:01:02.109 1155 1155 W android.permission.PermissionManager: Missing ActivityManager; assuming 1000 holds android.permission.SET_PREFERRED_APPLICATIONS
01-01 00:01:02.109 1155 1155 W android.permission.PermissionManager: Missing ActivityManager; assuming 1000 holds android.permission.SET_PREFERRED_APPLICATIONS
01-01 00:01:02.110 1155 1155 W android.permission.PermissionManager: Missing ActivityManager; assuming 1000 holds android.permission.SET_PREFERRED_APPLICATIONS
01-01 00:01:02.110 1155 1155 W android.permission.PermissionManager: Missing ActivityManager; assuming 1000 holds android.permission.SET_PREFERRED_APPLICATIONS
01-01 00:01:02.111 1155 1155 W android.permission.PermissionManager: Missing ActivityManager; assuming 1000 holds android.permission.SET_PREFERRED_APPLICATIONS
01-01 00:01:02.111 1155 1155 W android.permission.PermissionManager: Missing ActivityManager; assuming 1000 holds android.permission.SET_PREFERRED_APPLICATIONS
01-01 00:01:02.111 1155 1155 W android.permission.PermissionManager: Missing ActivityManager; assuming 1000 holds android.permission.SET_PREFERRED_APPLICATIONS
01-01 00:01:02.112 1155 1155 W android.permission.PermissionManager: Missing ActivityManager; assuming 1000 holds android.permission.SET_PREFERRED_APPLICATIONS
01-01 00:01:02.112 1155 1155 W android.permission.PermissionManager: Missing ActivityManager; assuming 1000 holds android.permission.SET_PREFERRED_APPLICATIONS
01-01 00:01:02.113 1155 1155 W android.permission.PermissionManager: Missing ActivityManager; assuming 1000 holds android.permission.SET_PREFERRED_APPLICATIONS
01-01 00:01:02.113 1155 1155 W android.permission.PermissionManager: Missing ActivityManager; assuming 1000 holds android.permission.SET_PREFERRED_APPLICATIONS
01-01 00:01:02.113 1155 1155 W android.permission.PermissionManager: Missing ActivityManager; assuming 1000 holds android.permission.SET_PREFERRED_APPLICATIONS
01-01 00:01:02.114 1155 1155 W android.permission.PermissionManager: Missing ActivityManager; assuming 1000 holds android.permission.SET_PREFERRED_APPLICATIONS
01-01 00:01:02.114 1155 1155 W android.permission.PermissionManager: Missing ActivityManager; assuming 1000 holds android.permission.SET_PREFERRED_APPLICATIONS
01-01 00:01:02.115 1155 1155 W android.permission.PermissionManager: Missing ActivityManager; assuming 1000 holds android.permission.SET_PREFERRED_APPLICATIONS
01-01 00:01:02.115 1155 1155 W android.permission.PermissionManager: Missing ActivityManager; assuming 1000 holds android.permission.SET_PREFERRED_APPLICATIONS
01-01 00:01:02.115 1155 1155 W android.permission.PermissionManager: Missing ActivityManager; assuming 1000 holds android.permission.SET_PREFERRED_APPLICATIONS
01-01 00:01:02.116 1155 1155 W android.permission.PermissionManager: Missing ActivityManager; assuming 1000 holds android.permission.SET_PREFERRED_APPLICATIONS
01-01 00:01:02.116 1155 1155 W android.permission.PermissionManager: Missing ActivityManager; assuming 1000 holds android.permission.SET_PREFERRED_APPLICATIONS
01-01 00:01:02.117 1155 1155 W android.permission.PermissionManager: Missing ActivityManager; assuming 1000 holds android.permission.SET_PREFERRED_APPLICATIONS
01-01 00:01:02.117 1155 1155 W android.permission.PermissionManager: Missing ActivityManager; assuming 1000 holds android.permission.SET_PREFERRED_APPLICATIONS
01-01 00:01:02.118 1155 1155 W android.permission.PermissionManager: Missing ActivityManager; assuming 1000 holds android.permission.SET_PREFERRED_APPLICATIONS
01-01 00:01:02.118 1155 1155 W android.permission.PermissionManager: Missing ActivityManager; assuming 1000 holds android.permission.SET_PREFERRED_APPLICATIONS
01-01 00:01:02.118 1155 1155 W android.permission.PermissionManager: Missing ActivityManager; assuming 1000 holds android.permission.SET_PREFERRED_APPLICATIONS
01-01 00:01:02.119 1155 1155 W android.permission.PermissionManager: Missing ActivityManager; assuming 1000 holds android.permission.SET_PREFERRED_APPLICATIONS
01-01 00:01:02.119 1155 1155 W android.permission.PermissionManager: Missing ActivityManager; assuming 1000 holds android.permission.SET_PREFERRED_APPLICATIONS
01-01 00:01:02.120 1155 1155 W android.permission.PermissionManager: Missing ActivityManager; assuming 1000 holds android.permission.SET_PREFERRED_APPLICATIONS
01-01 00:01:02.120 1155 1155 W android.permission.PermissionManager: Missing ActivityManager; assuming 1000 holds android.permission.SET_PREFERRED_APPLICATIONS
01-01 00:01:02.121 1155 1155 W android.permission.PermissionManager: Missing ActivityManager; assuming 1000 holds android.permission.SET_PREFERRED_APPLICATIONS
01-01 00:01:02.121 1155 1155 W android.permission.PermissionManager: Missing ActivityManager; assuming 1000 holds android.permission.SET_PREFERRED_APPLICATIONS
01-01 00:01:02.122 1155 1155 W android.permission.PermissionManager: Missing ActivityManager; assuming 1000 holds android.permission.SET_PREFERRED_APPLICATIONS
01-01 00:01:02.123 1155 1155 W android.permission.PermissionManager: Missing ActivityManager; assuming 1000 holds android.permission.SET_PREFERRED_APPLICATIONS
01-01 00:01:02.123 1155 1155 W android.permission.PermissionManager: Missing ActivityManager; assuming 1000 holds android.permission.SET_PREFERRED_APPLICATIONS
01-01 00:01:02.124 1155 1155 W android.permission.PermissionManager: Missing ActivityManager; assuming 1000 holds android.permission.SET_PREFERRED_APPLICATIONS
01-01 00:01:02.124 1155 1155 W android.permission.PermissionManager: Missing ActivityManager; assuming 1000 holds android.permission.SET_PREFERRED_APPLICATIONS
01-01 00:01:02.125 1155 1155 W android.permission.PermissionManager: Missing ActivityManager; assuming 1000 holds android.permission.SET_PREFERRED_APPLICATIONS
01-01 00:01:02.125 1155 1155 W android.permission.PermissionManager: Missing ActivityManager; assuming 1000 holds android.permission.SET_PREFERRED_APPLICATIONS
01-01 00:01:02.126 1155 1155 W android.permission.PermissionManager: Missing ActivityManager; assuming 1000 holds android.permission.SET_PREFERRED_APPLICATIONS
01-01 00:01:02.126 1155 1155 W android.permission.PermissionManager: Missing ActivityManager; assuming 1000 holds android.permission.SET_PREFERRED_APPLICATIONS
01-01 00:01:02.127 1155 1155 W android.permission.PermissionManager: Missing ActivityManager; assuming 1000 holds android.permission.SET_PREFERRED_APPLICATIONS
01-01 00:01:02.127 1155 1155 W android.permission.PermissionManager: Missing ActivityManager; assuming 1000 holds android.permission.SET_PREFERRED_APPLICATIONS
01-01 00:01:02.128 1155 1155 W android.permission.PermissionManager: Missing ActivityManager; assuming 1000 holds android.permission.SET_PREFERRED_APPLICATIONS
