08-30 00:52:10.682 1044 1044 I SystemServerTiming: MakePackageManagerServiceReady
01-01 08:21:56.053 0 0 I IPv6 : ADDRCONF(NETDEV_UP): vlan8: link is not ready
08-30 00:52:10.711 1044 1044 I commit_sys_config_file: [package-session,12]
08-30 00:52:10.712 1044 1044 V UserDataPreparer: Found /data/user_de/0 with serial number 0
08-30 00:52:10.713 1044 1044 V UserDataPreparer: Found /data/user/0 with serial number 0
08-30 00:52:10.713 1044 1044 V UserDataPreparer: Found /data/system_de/0 with serial number 0
08-30 00:52:10.713 1044 1044 W UserDataPreparer: Invalid user directory /data/system_de/usagestats
08-30 00:52:10.714 1044 1044 V UserDataPreparer: Found /data/system_ce/0 with serial number 0
08-30 00:52:10.714 1044 1044 V UserDataPreparer: Found /data/misc_ce/0 with serial number 0
08-30 00:52:10.715 1044 1044 I PackageManager: Permission ownership changed. Updating all permissions.
08-30 00:52:10.747 1044 1044 D StagingManagerTiming: restoreSessions took to complete: 3ms
08-30 00:52:10.747 1044 1044 D SystemServerTiming: MakePackageManagerServiceReady took to complete: 65ms
08-30 00:52:10.747 1044 1044 I SystemServerTiming: MakeDisplayManagerServiceReady
08-30 00:52:10.753 1044 1245 E DefaultPermGrantPolicy: Package not found: com.qualcomm.qti.cne
08-30 00:52:10.755 1044 1179 E DisplayModeDirector: Asked about unknown display, returning empty display mode specs!(id=0)
08-30 00:52:10.755 1044 1179 E DisplayModeDirector: Asked about unknown display, returning empty display mode specs!(id=0)
08-30 00:52:10.763 1044 1044 D SystemServerTiming: MakeDisplayManagerServiceReady took to complete: 16ms
08-30 00:52:10.763 1044 1044 I SystemServerTiming: StartDeviceSpecificServices
08-30 00:52:10.763 1044 1044 D SystemServerTiming: StartDeviceSpecificServices took to complete: 0ms
08-30 00:52:10.763 1044 1044 I SystemServerTiming: GameManagerService
08-30 00:52:10.763 1044 1044 I SystemServiceManager: Starting com.android.server.app.GameManagerService$Lifecycle
08-30 00:52:10.771 1044 1044 D SystemServerTiming: GameManagerService took to complete: 8ms
08-30 00:52:10.771 1044 1044 I SystemServerTiming: StartBootPhaseDeviceSpecificServicesReady
08-30 00:52:10.771 1044 1044 I SystemServiceManager: Starting phase 520
08-30 00:52:10.771 1044 1044 I SystemServerTiming: OnBootPhase_520
08-30 00:52:10.771 1044 1044 I SystemServerTiming: OnBootPhase_520_com.android.server.security.FileIntegrityService
08-30 00:52:10.772 1044 1044 D SystemServerTiming: OnBootPhase_520_com.android.server.security.FileIntegrityService took to complete: 0ms
08-30 00:52:10.772 1044 1044 I SystemServerTiming: OnBootPhase_520_com.android.server.pm.Installer
08-30 00:52:10.772 1044 1044 D SystemServerTiming: OnBootPhase_520_com.android.server.pm.Installer took to complete: 0ms
08-30 00:52:10.772 1044 1044 I SystemServerTiming: OnBootPhase_520_com.android.server.os.DeviceIdentifiersPolicyService
08-30 00:52:10.772 1044 1044 D SystemServerTiming: OnBootPhase_520_com.android.server.os.DeviceIdentifiersPolicyService took to complete: 0ms
08-30 00:52:10.772 1044 1044 I SystemServerTiming: OnBootPhase_520_com.android.server.uri.UriGrantsManagerService$Lifecycle
08-30 00:52:10.772 1044 1044 D SystemServerTiming: OnBootPhase_520_com.android.server.uri.UriGrantsManagerService$Lifecycle took to complete: 0ms
08-30 00:52:10.772 1044 1044 I SystemServerTiming: OnBootPhase_520_com.android.server.powerstats.PowerStatsService
08-30 00:52:10.772 1044 1044 D SystemServerTiming: OnBootPhase_520_com.android.server.powerstats.PowerStatsService took to complete: 0ms
08-30 00:52:10.772 1044 1044 I SystemServerTiming: OnBootPhase_520_com.android.server.wm.ActivityTaskManagerService$Lifecycle
08-30 00:52:10.772 1044 1044 D SystemServerTiming: OnBootPhase_520_com.android.server.wm.ActivityTaskManagerService$Lifecycle took to complete: 0ms
08-30 00:52:10.772 1044 1044 I SystemServerTiming: OnBootPhase_520_com.android.server.am.ActivityManagerService$Lifecycle
08-30 00:52:10.772 1044 1044 D SystemServerTiming: OnBootPhase_520_com.android.server.am.ActivityManagerService$Lifecycle took to complete: 0ms
08-30 00:52:10.772 1044 1044 I SystemServerTiming: OnBootPhase_520_com.android.server.pm.DataLoaderManagerService
08-30 00:52:10.772 1044 1044 D SystemServerTiming: OnBootPhase_520_com.android.server.pm.DataLoaderManagerService took to complete: 0ms
08-30 00:52:10.772 1044 1044 I SystemServerTiming: OnBootPhase_520_com.android.server.power.PowerManagerService
08-30 00:52:10.772 1044 1044 D SystemServerTiming: OnBootPhase_520_com.android.server.power.PowerManagerService took to complete: 0ms
08-30 00:52:10.772 1044 1044 I SystemServerTiming: OnBootPhase_520_com.android.server.power.ThermalManagerService
08-30 00:52:10.772 1044 1044 D SystemServerTiming: OnBootPhase_520_com.android.server.power.ThermalManagerService took to complete: 0ms
08-30 00:52:10.773 1044 1044 I SystemServerTiming: OnBootPhase_520_com.android.server.power.hint.HintManagerService
08-30 00:52:10.773 1044 1044 D SystemServerTiming: OnBootPhase_520_com.android.server.power.hint.HintManagerService took to complete: 0ms
08-30 00:52:10.773 1044 1044 I SystemServerTiming: OnBootPhase_520_com.android.server.recoverysystem.RecoverySystemService$Lifecycle
08-30 00:52:10.773 1044 1044 D SystemServerTiming: OnBootPhase_520_com.android.server.recoverysystem.RecoverySystemService$Lifecycle took to complete: 0ms
08-30 00:52:10.773 1044 1044 I SystemServerTiming: OnBootPhase_520_com.android.server.lights.LightsService
08-30 00:52:10.773 1044 1044 D SystemServerTiming: OnBootPhase_520_com.android.server.lights.LightsService took to complete: 0ms
08-30 00:52:10.773 1044 1044 I SystemServerTiming: OnBootPhase_520_com.android.server.display.DisplayManagerService
08-30 00:52:10.773 1044 1044 D SystemServerTiming: OnBootPhase_520_com.android.server.display.DisplayManagerService took to complete: 0ms
08-30 00:52:10.773 1044 1044 I SystemServerTiming: OnBootPhase_520_com.android.server.pm.verify.domain.DomainVerificationService
08-30 00:52:10.773 1044 1044 D SystemServerTiming: OnBootPhase_520_com.android.server.pm.verify.domain.DomainVerificationService took to complete: 0ms
08-30 00:52:10.773 1044 1044 I SystemServerTiming: OnBootPhase_520_com.android.server.pm.PackageInstallerService$Lifecycle
08-30 00:52:10.773 1044 1044 D SystemServerTiming: OnBootPhase_520_com.android.server.pm.PackageInstallerService$Lifecycle took to complete: 0ms
08-30 00:52:10.773 1044 1044 I SystemServerTiming: OnBootPhase_520_com.android.server.pm.UserManagerService$LifeCycle
08-30 00:52:10.773 1044 1044 D SystemServerTiming: OnBootPhase_520_com.android.server.pm.UserManagerService$LifeCycle took to complete: 0ms
08-30 00:52:10.773 1044 1044 I SystemServerTiming: OnBootPhase_520_com.android.server.om.OverlayManagerService
08-30 00:52:10.773 1044 1044 D SystemServerTiming: OnBootPhase_520_com.android.server.om.OverlayManagerService took to complete: 0ms
08-30 00:52:10.773 1044 1044 I SystemServerTiming: OnBootPhase_520_com.android.server.SensorPrivacyService
08-30 00:52:10.773 1044 1044 D SystemServerTiming: OnBootPhase_520_com.android.server.SensorPrivacyService took to complete: 0ms
08-30 00:52:10.774 1044 1044 I SystemServerTiming: OnBootPhase_520_com.android.server.sensors.SensorService
08-30 00:52:10.774 1044 1044 D SystemServerTiming: OnBootPhase_520_com.android.server.sensors.SensorService took to complete: 0ms
08-30 00:52:10.774 1044 1044 I SystemServerTiming: OnBootPhase_520_com.android.server.SystemConfigService
08-30 00:52:10.774 1044 1044 D SystemServerTiming: OnBootPhase_520_com.android.server.SystemConfigService took to complete: 0ms
08-30 00:52:10.774 1044 1044 I SystemServerTiming: OnBootPhase_520_com.android.server.BatteryService
08-30 00:52:10.774 1044 1044 D SystemServerTiming: OnBootPhase_520_com.android.server.BatteryService took to complete: 0ms
08-30 00:52:10.774 1044 1044 I SystemServerTiming: OnBootPhase_520_com.android.server.usage.UsageStatsService
08-30 00:52:10.774 1044 1044 D SystemServerTiming: OnBootPhase_520_com.android.server.usage.UsageStatsService took to complete: 0ms
08-30 00:52:10.774 1044 1044 I SystemServerTiming: OnBootPhase_520_com.android.server.webkit.WebViewUpdateService
08-30 00:52:10.774 1044 1044 D SystemServerTiming: OnBootPhase_520_com.android.server.webkit.WebViewUpdateService took to complete: 0ms
08-30 00:52:10.774 1044 1044 I SystemServerTiming: OnBootPhase_520_com.android.server.CachedDeviceStateService
08-30 00:52:10.774 1044 1044 D SystemServerTiming: OnBootPhase_520_com.android.server.CachedDeviceStateService took to complete: 0ms
08-30 00:52:10.774 1044 1044 I SystemServerTiming: OnBootPhase_520_com.android.server.BinderCallsStatsService$LifeCycle
08-30 00:52:10.774 1044 1044 D SystemServerTiming: OnBootPhase_520_com.android.server.BinderCallsStatsService$LifeCycle took to complete: 0ms
08-30 00:52:10.774 1044 1044 I SystemServerTiming: OnBootPhase_520_com.android.server.LooperStatsService$Lifecycle
08-30 00:52:10.774 1044 1044 D SystemServerTiming: OnBootPhase_520_com.android.server.LooperStatsService$Lifecycle took to complete: 0ms
08-30 00:52:10.774 1044 1044 I SystemServerTiming: OnBootPhase_520_com.android.server.rollback.RollbackManagerService
08-30 00:52:10.774 1044 1044 D SystemServerTiming: OnBootPhase_520_com.android.server.rollback.RollbackManagerService took to complete: 0ms
08-30 00:52:10.775 1044 1044 I SystemServerTiming: OnBootPhase_520_com.android.server.os.NativeTombstoneManagerService
08-30 00:52:10.775 1044 1044 D SystemServerTiming: OnBootPhase_520_com.android.server.os.NativeTombstoneManagerService took to complete: 0ms
08-30 00:52:10.775 1044 1044 I SystemServerTiming: OnBootPhase_520_com.android.server.os.BugreportManagerService
08-30 00:52:10.775 1044 1044 D SystemServerTiming: OnBootPhase_520_com.android.server.os.BugreportManagerService took to complete: 0ms
08-30 00:52:10.775 1044 1044 I SystemServerTiming: OnBootPhase_520_com.android.server.gpu.GpuService
08-30 00:52:10.775 1044 1044 D SystemServerTiming: OnBootPhase_520_com.android.server.gpu.GpuService took to complete: 0ms
08-30 00:52:10.775 1044 1044 I SystemServerTiming: OnBootPhase_520_com.android.server.security.KeyChainSystemService
08-30 00:52:10.775 1044 1044 D SystemServerTiming: OnBootPhase_520_com.android.server.security.KeyChainSystemService took to complete: 0ms
08-30 00:52:10.775 1044 1044 I SystemServerTiming: OnBootPhase_520_com.android.server.telecom.TelecomLoaderService
08-30 00:52:10.775 1044 1044 D SystemServerTiming: OnBootPhase_520_com.android.server.telecom.TelecomLoaderService took to complete: 0ms
08-30 00:52:10.775 1044 1044 I SystemServerTiming: OnBootPhase_520_com.android.server.accounts.AccountManagerService$Lifecycle
08-30 00:52:10.775 1044 1044 D SystemServerTiming: OnBootPhase_520_com.android.server.accounts.AccountManagerService$Lifecycle took to complete: 0ms
08-30 00:52:10.775 1044 1044 I SystemServerTiming: OnBootPhase_520_com.android.server.content.ContentService$Lifecycle
08-30 00:52:10.775 1044 1044 D SystemServerTiming: OnBootPhase_520_com.android.server.content.ContentService$Lifecycle took to complete: 0ms
08-30 00:52:10.775 1044 1044 I SystemServerTiming: OnBootPhase_520_com.android.server.DropBoxManagerService
08-30 00:52:10.775 1044 1044 D SystemServerTiming: OnBootPhase_520_com.android.server.DropBoxManagerService took to complete: 0ms
08-30 00:52:10.775 1044 1044 I SystemServerTiming: OnBootPhase_520_com.android.role.RoleService
08-30 00:52:10.775 1044 1044 D SystemServerTiming: OnBootPhase_520_com.android.role.RoleService took to complete: 0ms
08-30 00:52:10.775 1044 1044 I SystemServerTiming: OnBootPhase_520_com.android.server.vibrator.VibratorManagerService$Lifecycle
08-30 00:52:10.776 1044 1044 D SystemServerTiming: OnBootPhase_520_com.android.server.vibrator.VibratorManagerService$Lifecycle took to complete: 0ms
08-30 00:52:10.776 1044 1044 I SystemServerTiming: OnBootPhase_520_com.android.server.alarm.AlarmManagerService
08-30 00:52:10.776 1044 1044 D SystemServerTiming: OnBootPhase_520_com.android.server.alarm.AlarmManagerService took to complete: 0ms
08-30 00:52:10.776 1044 1044 I SystemServerTiming: OnBootPhase_520_com.android.server.devicestate.DeviceStateManagerService
08-30 00:52:10.776 1044 1044 D SystemServerTiming: OnBootPhase_520_com.android.server.devicestate.DeviceStateManagerService took to complete: 0ms
08-30 00:52:10.776 1044 1044 I SystemServerTiming: OnBootPhase_520_com.android.server.camera.CameraServiceProxy
08-30 00:52:10.776 1044 1044 D SystemServerTiming: OnBootPhase_520_com.android.server.camera.CameraServiceProxy took to complete: 0ms
08-30 00:52:10.776 1044 1044 I SystemServerTiming: OnBootPhase_520_com.android.server.BluetoothService
08-30 00:52:10.776 1044 1044 D SystemServerTiming: OnBootPhase_520_com.android.server.BluetoothService took to complete: 0ms
08-30 00:52:10.776 1044 1044 I SystemServerTiming: OnBootPhase_520_com.android.server.connectivity.IpConnectivityMetrics
08-30 00:52:10.776 1044 1044 D SystemServerTiming: OnBootPhase_520_com.android.server.connectivity.IpConnectivityMetrics took to complete: 0ms
08-30 00:52:10.776 1044 1044 I SystemServerTiming: OnBootPhase_520_com.android.server.net.watchlist.NetworkWatchlistService$Lifecycle
08-30 00:52:10.776 1044 1044 D SystemServerTiming: OnBootPhase_520_com.android.server.net.watchlist.NetworkWatchlistService$Lifecycle took to complete: 0ms
08-30 00:52:10.776 1044 1044 I SystemServerTiming: OnBootPhase_520_com.android.server.PinnerService
08-30 00:52:10.777 1044 1044 D SystemServerTiming: OnBootPhase_520_com.android.server.PinnerService took to complete: 0ms
08-30 00:52:10.777 1044 1044 I SystemServerTiming: OnBootPhase_520_com.google.android.startop.iorap.IorapForwardingService
08-30 00:52:10.777 1044 1044 D SystemServerTiming: OnBootPhase_520_com.google.android.startop.iorap.IorapForwardingService took to complete: 0ms
08-30 00:52:10.777 1044 1044 I SystemServerTiming: OnBootPhase_520_com.android.server.ActivityTriggerService
08-30 00:52:10.777 1044 1044 D SystemServerTiming: OnBootPhase_520_com.android.server.ActivityTriggerService took to complete: 0ms
08-30 00:52:10.777 1044 1044 I SystemServerTiming: OnBootPhase_520_com.android.server.integrity.AppIntegrityManagerService
08-30 00:52:10.777 1044 1044 D SystemServerTiming: OnBootPhase_520_com.android.server.integrity.AppIntegrityManagerService took to complete: 0ms
08-30 00:52:10.777 1044 1044 I SystemServerTiming: OnBootPhase_520_com.android.server.inputmethod.InputMethodManagerService$Lifecycle
08-30 00:52:10.777 1044 1044 D SystemServerTiming: OnBootPhase_520_com.android.server.inputmethod.InputMethodManagerService$Lifecycle took to complete: 0ms
08-30 00:52:10.777 1044 1044 I SystemServerTiming: OnBootPhase_520_com.android.server.accessibility.AccessibilityManagerService$Lifecycle
08-30 00:52:10.777 1044 1044 D SystemServerTiming: OnBootPhase_520_com.android.server.accessibility.AccessibilityManagerService$Lifecycle took to complete: 0ms
08-30 00:52:10.777 1044 1044 I SystemServerTiming: OnBootPhase_520_com.android.server.StorageManagerService$Lifecycle
08-30 00:52:10.777 1044 1044 D SystemServerTiming: OnBootPhase_520_com.android.server.StorageManagerService$Lifecycle took to complete: 0ms
08-30 00:52:10.777 1044 1044 I SystemServerTiming: OnBootPhase_520_com.android.server.usage.StorageStatsService$Lifecycle
08-30 00:52:10.777 1044 1044 D SystemServerTiming: OnBootPhase_520_com.android.server.usage.StorageStatsService$Lifecycle took to complete: 0ms
08-30 00:52:10.777 1044 1044 I SystemServerTiming: OnBootPhase_520_com.android.server.UiModeManagerService
08-30 00:52:10.777 1044 1044 D SystemServerTiming: OnBootPhase_520_com.android.server.UiModeManagerService took to complete: 0ms
08-30 00:52:10.777 1044 1044 I SystemServerTiming: OnBootPhase_520_com.android.server.locksettings.LockSettingsService$Lifecycle
08-30 00:52:10.777 1044 1044 D SystemServerTiming: OnBootPhase_520_com.android.server.locksettings.LockSettingsService$Lifecycle took to complete: 0ms
08-30 00:52:10.778 1044 1044 I SystemServerTiming: OnBootPhase_520_com.android.server.PersistentDataBlockService
08-30 00:52:10.778 1044 1044 D SystemServerTiming: OnBootPhase_520_com.android.server.PersistentDataBlockService took to complete: 0ms
08-30 00:52:10.778 1044 1044 I SystemServerTiming: OnBootPhase_520_com.android.server.testharness.TestHarnessModeService
08-30 00:52:10.778 1044 1044 D SystemServerTiming: OnBootPhase_520_com.android.server.testharness.TestHarnessModeService took to complete: 0ms
08-30 00:52:10.778 1044 1044 I SystemServerTiming: OnBootPhase_520_com.android.server.oemlock.OemLockService
08-30 00:52:10.778 1044 1044 D SystemServerTiming: OnBootPhase_520_com.android.server.oemlock.OemLockService took to complete: 0ms
08-30 00:52:10.778 1044 1044 I SystemServerTiming: OnBootPhase_520_com.android.server.DeviceIdleController
08-30 00:52:10.778 1044 1044 D SystemServerTiming: OnBootPhase_520_com.android.server.DeviceIdleController took to complete: 0ms
08-30 00:52:10.778 1044 1044 I SystemServerTiming: OnBootPhase_520_com.android.server.devicepolicy.DevicePolicyManagerService$Lifecycle
08-30 00:52:10.778 1044 1044 D SystemServerTiming: OnBootPhase_520_com.android.server.devicepolicy.DevicePolicyManagerService$Lifecycle took to complete: 0ms
08-30 00:52:10.778 1044 1044 I SystemServerTiming: OnBootPhase_520_com.android.server.texttospeech.TextToSpeechManagerService
08-30 00:52:10.778 1044 1044 D SystemServerTiming: OnBootPhase_520_com.android.server.texttospeech.TextToSpeechManagerService took to complete: 0ms
08-30 00:52:10.778 1044 1044 I SystemServerTiming: OnBootPhase_520_com.android.server.speech.SpeechRecognitionManagerService
08-30 00:52:10.778 1044 1044 D SystemServerTiming: OnBootPhase_520_com.android.server.speech.SpeechRecognitionManagerService took to complete: 0ms
08-30 00:52:10.778 1044 1044 I SystemServerTiming: OnBootPhase_520_com.android.server.searchui.SearchUiManagerService
08-30 00:52:10.779 1044 1044 D SystemServerTiming: OnBootPhase_520_com.android.server.searchui.SearchUiManagerService took to complete: 0ms
08-30 00:52:10.779 1044 1044 I SystemServerTiming: OnBootPhase_520_com.android.server.smartspace.SmartspaceManagerService
08-30 00:52:10.779 1044 1044 D SystemServerTiming: OnBootPhase_520_com.android.server.smartspace.SmartspaceManagerService took to complete: 0ms
08-30 00:52:10.779 1044 1044 I SystemServerTiming: OnBootPhase_520_com.android.server.graphics.fonts.FontManagerService$Lifecycle
08-30 00:52:10.779 1044 1044 D SystemServerTiming: OnBootPhase_520_com.android.server.graphics.fonts.FontManagerService$Lifecycle took to complete: 0ms
08-30 00:52:10.779 1044 1044 I SystemServerTiming: OnBootPhase_520_com.android.server.textservices.TextServicesManagerService$Lifecycle
08-30 00:52:10.779 1044 1044 D SystemServerTiming: OnBootPhase_520_com.android.server.textservices.TextServicesManagerService$Lifecycle took to complete: 0ms
08-30 00:52:10.779 1044 1044 I SystemServerTiming: OnBootPhase_520_com.android.server.textclassifier.TextClassificationManagerService$Lifecycle
08-30 00:52:10.779 1044 1044 D SystemServerTiming: OnBootPhase_520_com.android.server.textclassifier.TextClassificationManagerService$Lifecycle took to complete: 0ms
08-30 00:52:10.779 1044 1044 I SystemServerTiming: OnBootPhase_520_com.android.server.NetworkScoreService$Lifecycle
08-30 00:52:10.779 1044 1044 D SystemServerTiming: OnBootPhase_520_com.android.server.NetworkScoreService$Lifecycle took to complete: 0ms
08-30 00:52:10.779 1044 1044 I SystemServerTiming: OnBootPhase_520_com.android.server.wifi.WifiService
08-30 00:52:10.779 1044 1044 D SystemServerTiming: OnBootPhase_520_com.android.server.wifi.WifiService took to complete: 0ms
08-30 00:52:10.779 1044 1044 I SystemServerTiming: OnBootPhase_520_com.android.server.wifi.scanner.WifiScanningService
08-30 00:52:10.779 1044 1044 D SystemServerTiming: OnBootPhase_520_com.android.server.wifi.scanner.WifiScanningService took to complete: 0ms
08-30 00:52:10.779 1044 1044 I SystemServerTiming: OnBootPhase_520_com.android.server.wifi.rtt.RttService
08-30 00:52:10.779 1044 1044 D SystemServerTiming: OnBootPhase_520_com.android.server.wifi.rtt.RttService took to complete: 0ms
08-30 00:52:10.780 1044 1044 I SystemServerTiming: OnBootPhase_520_com.android.server.wifi.aware.WifiAwareService
08-30 00:52:10.780 1044 1044 D SystemServerTiming: OnBootPhase_520_com.android.server.wifi.aware.WifiAwareService took to complete: 0ms
08-30 00:52:10.780 1044 1044 I SystemServerTiming: OnBootPhase_520_com.android.server.wifi.p2p.WifiP2pService
08-30 00:52:10.780 1044 1044 D SystemServerTiming: OnBootPhase_520_com.android.server.wifi.p2p.WifiP2pService took to complete: 0ms
08-30 00:52:10.780 1044 1044 I SystemServerTiming: OnBootPhase_520_com.android.server.ethernet.EthernetService
08-30 00:52:10.780 1044 1044 D SystemServerTiming: OnBootPhase_520_com.android.server.ethernet.EthernetService took to complete: 0ms
08-30 00:52:10.780 1044 1044 I SystemServerTiming: OnBootPhase_520_com.android.server.ConnectivityServiceInitializer
08-30 00:52:10.780 1044 1044 D SystemServerTiming: OnBootPhase_520_com.android.server.ConnectivityServiceInitializer took to complete: 0ms
08-30 00:52:10.780 1044 1044 I SystemServerTiming: OnBootPhase_520_com.android.server.notification.NotificationManagerService
08-30 00:52:10.780 1044 1044 D SystemServerTiming: OnBootPhase_520_com.android.server.notification.NotificationManagerService took to complete: 0ms
08-30 00:52:10.780 1044 1044 I SystemServerTiming: OnBootPhase_520_com.android.server.storage.DeviceStorageMonitorService
08-30 00:52:10.780 1044 1044 D SystemServerTiming: OnBootPhase_520_com.android.server.storage.DeviceStorageMonitorService took to complete: 0ms
08-30 00:52:10.780 1044 1044 I SystemServerTiming: OnBootPhase_520_com.android.server.location.LocationManagerService$Lifecycle
08-30 00:52:10.781 1044 1044 D SystemServerTiming: OnBootPhase_520_com.android.server.location.LocationManagerService$Lifecycle took to complete: 0ms
08-30 00:52:10.781 1044 1044 I SystemServerTiming: OnBootPhase_520_com.android.server.timedetector.TimeDetectorService$Lifecycle
08-30 00:52:10.781 1044 1044 D SystemServerTiming: OnBootPhase_520_com.android.server.timedetector.TimeDetectorService$Lifecycle took to complete: 0ms
08-30 00:52:10.781 1044 1044 I SystemServerTiming: OnBootPhase_520_com.android.server.timezonedetector.TimeZoneDetectorService$Lifecycle
08-30 00:52:10.781 1044 1044 D SystemServerTiming: OnBootPhase_520_com.android.server.timezonedetector.TimeZoneDetectorService$Lifecycle took to complete: 0ms
08-30 00:52:10.781 1044 1044 I SystemServerTiming: OnBootPhase_520_com.android.server.timezonedetector.location.LocationTimeZoneManagerService$Lifecycle
08-30 00:52:10.781 1044 1044 D SystemServerTiming: OnBootPhase_520_com.android.server.timezonedetector.location.LocationTimeZoneManagerService$Lifecycle took to complete: 0ms
08-30 00:52:10.781 1044 1044 I SystemServerTiming: OnBootPhase_520_com.android.server.search.SearchManagerService$Lifecycle
08-30 00:52:10.781 1044 1044 D SystemServerTiming: OnBootPhase_520_com.android.server.search.SearchManagerService$Lifecycle took to complete: 0ms
08-30 00:52:10.781 1044 1044 I SystemServerTiming: OnBootPhase_520_com.android.server.wallpaper.WallpaperManagerService$Lifecycle
08-30 00:52:10.781 1044 1044 D SystemServerTiming: OnBootPhase_520_com.android.server.wallpaper.WallpaperManagerService$Lifecycle took to complete: 0ms
08-30 00:52:10.781 1044 1044 I SystemServerTiming: OnBootPhase_520_com.android.server.audio.AudioService$Lifecycle
08-30 00:52:10.781 1044 1044 D SystemServerTiming: OnBootPhase_520_com.android.server.audio.AudioService$Lifecycle took to complete: 0ms
08-30 00:52:10.781 1044 1044 I SystemServerTiming: OnBootPhase_520_com.android.server.soundtrigger_middleware.SoundTriggerMiddlewareService$Lifecycle
08-30 00:52:10.781 1044 1044 D SystemServerTiming: OnBootPhase_520_com.android.server.soundtrigger_middleware.SoundTriggerMiddlewareService$Lifecycle took to complete: 0ms
08-30 00:52:10.785 1044 1044 I SystemServerTiming: OnBootPhase_520_com.android.server.DockObserver
08-30 00:52:10.785 1044 1044 D SystemServerTiming: OnBootPhase_520_com.android.server.DockObserver took to complete: 0ms
08-30 00:52:10.785 1044 1044 I SystemServerTiming: OnBootPhase_520_com.android.server.midi.MidiService$Lifecycle
08-30 00:52:10.785 1044 1044 D SystemServerTiming: OnBootPhase_520_com.android.server.midi.MidiService$Lifecycle took to complete: 0ms
08-30 00:52:10.785 1044 1044 I SystemServerTiming: OnBootPhase_520_com.android.server.adb.AdbService$Lifecycle
08-30 00:52:10.785 1044 1044 D SystemServerTiming: OnBootPhase_520_com.android.server.adb.AdbService$Lifecycle took to complete: 0ms
08-30 00:52:10.785 1044 1044 I SystemServerTiming: OnBootPhase_520_com.android.server.usb.UsbService$Lifecycle
08-30 00:52:10.785 1044 1044 D SystemServerTiming: OnBootPhase_520_com.android.server.usb.UsbService$Lifecycle took to complete: 0ms
08-30 00:52:10.785 1044 1044 I SystemServerTiming: OnBootPhase_520_com.android.server.twilight.TwilightService
08-30 00:52:10.785 1044 1044 D SystemServerTiming: OnBootPhase_520_com.android.server.twilight.TwilightService took to complete: 0ms
08-30 00:52:10.785 1044 1044 I SystemServerTiming: OnBootPhase_520_com.android.server.display.color.ColorDisplayService
08-30 00:52:10.785 1044 1044 D SystemServerTiming: OnBootPhase_520_com.android.server.display.color.ColorDisplayService took to complete: 0ms
08-30 00:52:10.785 1044 1044 I SystemServerTiming: OnBootPhase_520_com.android.server.job.JobSchedulerService
08-30 00:52:10.785 1044 1044 D SystemServerTiming: OnBootPhase_520_com.android.server.job.JobSchedulerService took to complete: 0ms
08-30 00:52:10.786 1044 1044 I SystemServerTiming: OnBootPhase_520_com.android.server.soundtrigger.SoundTriggerService
08-30 00:52:10.786 1044 1044 D SoundTriggerService: onBootPhase: 520 : false
08-30 00:52:10.786 1044 1044 D SystemServerTiming: OnBootPhase_520_com.android.server.soundtrigger.SoundTriggerService took to complete: 1ms
08-30 00:52:10.786 1044 1044 I SystemServerTiming: OnBootPhase_520_com.android.server.trust.TrustManagerService
08-30 00:52:10.786 1044 1044 D SystemServerTiming: OnBootPhase_520_com.android.server.trust.TrustManagerService took to complete: 0ms
08-30 00:52:10.786 1044 1044 I SystemServerTiming: OnBootPhase_520_com.android.server.backup.BackupManagerService$Lifecycle
08-30 00:52:10.786 1044 1044 D SystemServerTiming: OnBootPhase_520_com.android.server.backup.BackupManagerService$Lifecycle took to complete: 0ms
08-30 00:52:10.786 1044 1044 I SystemServerTiming: OnBootPhase_520_com.android.server.appwidget.AppWidgetService
08-30 00:52:10.786 1044 1044 D SystemServerTiming: OnBootPhase_520_com.android.server.appwidget.AppWidgetService took to complete: 0ms
08-30 00:52:10.786 1044 1044 I SystemServerTiming: OnBootPhase_520_com.android.server.voiceinteraction.VoiceInteractionManagerService
08-30 00:52:10.786 1044 1044 D SystemServerTiming: OnBootPhase_520_com.android.server.voiceinteraction.VoiceInteractionManagerService took to complete: 0ms
08-30 00:52:10.786 1044 1044 I SystemServerTiming: OnBootPhase_520_com.android.server.apphibernation.AppHibernationService
08-30 00:52:10.786 1044 1044 D SystemServerTiming: OnBootPhase_520_com.android.server.apphibernation.AppHibernationService took to complete: 0ms
08-30 00:52:10.786 1044 1044 I SystemServerTiming: OnBootPhase_520_com.android.server.GestureLauncherService
08-30 00:52:10.786 1044 1044 D SystemServerTiming: OnBootPhase_520_com.android.server.GestureLauncherService took to complete: 0ms
08-30 00:52:10.786 1044 1044 I SystemServerTiming: OnBootPhase_520_com.android.server.SensorNotificationService
08-30 00:52:10.787 1044 1044 D SystemServerTiming: OnBootPhase_520_com.android.server.SensorNotificationService took to complete: 0ms
08-30 00:52:10.787 1044 1044 I SystemServerTiming: OnBootPhase_520_com.android.server.emergency.EmergencyAffordanceService
08-30 00:52:10.787 1044 1044 D SystemServerTiming: OnBootPhase_520_com.android.server.emergency.EmergencyAffordanceService took to complete: 0ms
08-30 00:52:10.787 1044 1044 I SystemServerTiming: OnBootPhase_520_com.android.server.blob.BlobStoreManagerService
08-30 00:52:10.787 1044 1044 D SystemServerTiming: OnBootPhase_520_com.android.server.blob.BlobStoreManagerService took to complete: 0ms
08-30 00:52:10.787 1044 1044 I SystemServerTiming: OnBootPhase_520_com.android.server.dreams.DreamManagerService
08-30 00:52:10.788 1044 1044 D SystemServerTiming: OnBootPhase_520_com.android.server.dreams.DreamManagerService took to complete: 0ms
08-30 00:52:10.788 1044 1044 I SystemServerTiming: OnBootPhase_520_com.android.server.companion.CompanionDeviceManagerService
08-30 00:52:10.788 1044 1044 D SystemServerTiming: OnBootPhase_520_com.android.server.companion.CompanionDeviceManagerService took to complete: 0ms
08-30 00:52:10.788 1044 1044 I SystemServerTiming: OnBootPhase_520_com.android.server.restrictions.RestrictionsManagerService
08-30 00:52:10.788 1044 1044 D SystemServerTiming: OnBootPhase_520_com.android.server.restrictions.RestrictionsManagerService took to complete: 0ms
08-30 00:52:10.788 1044 1044 I SystemServerTiming: OnBootPhase_520_com.android.server.media.MediaSessionService
08-30 00:52:10.788 1044 1044 D SystemServerTiming: OnBootPhase_520_com.android.server.media.MediaSessionService took to complete: 0ms
08-30 00:52:10.788 1044 1044 I SystemServerTiming: OnBootPhase_520_com.android.server.media.MediaResourceMonitorService
08-30 00:52:10.788 1044 1044 D SystemServerTiming: OnBootPhase_520_com.android.server.media.MediaResourceMonitorService took to complete: 0ms
08-30 00:52:10.788 1044 1044 I SystemServerTiming: OnBootPhase_520_com.android.server.biometrics.sensors.fingerprint.FingerprintService
08-30 00:52:10.788 1044 1044 D SystemServerTiming: OnBootPhase_520_com.android.server.biometrics.sensors.fingerprint.FingerprintService took to complete: 0ms
08-30 00:52:10.788 1044 1044 I SystemServerTiming: OnBootPhase_520_com.android.server.biometrics.BiometricService
08-30 00:52:10.788 1044 1044 D SystemServerTiming: OnBootPhase_520_com.android.server.biometrics.BiometricService took to complete: 0ms
08-30 00:52:10.788 1044 1044 I SystemServerTiming: OnBootPhase_520_com.android.server.biometrics.AuthService
08-30 00:52:10.788 1044 1044 D SystemServerTiming: OnBootPhase_520_com.android.server.biometrics.AuthService took to complete: 0ms
08-30 00:52:10.788 1044 1044 I SystemServerTiming: OnBootPhase_520_com.android.server.pm.ShortcutService$Lifecycle
08-30 00:52:10.788 1044 1044 D SystemServerTiming: OnBootPhase_520_com.android.server.pm.ShortcutService$Lifecycle took to complete: 0ms
08-30 00:52:10.788 1044 1044 I SystemServerTiming: OnBootPhase_520_com.android.server.pm.LauncherAppsService
08-30 00:52:10.789 1044 1044 D SystemServerTiming: OnBootPhase_520_com.android.server.pm.LauncherAppsService took to complete: 0ms
08-30 00:52:10.789 1044 1044 I SystemServerTiming: OnBootPhase_520_com.android.server.pm.CrossProfileAppsService
08-30 00:52:10.789 1044 1044 D SystemServerTiming: OnBootPhase_520_com.android.server.pm.CrossProfileAppsService took to complete: 0ms
08-30 00:52:10.789 1044 1044 I SystemServerTiming: OnBootPhase_520_com.android.server.people.PeopleService
08-30 00:52:10.789 1044 1044 D SystemServerTiming: OnBootPhase_520_com.android.server.people.PeopleService took to complete: 0ms
08-30 00:52:10.789 1044 1044 I SystemServerTiming: OnBootPhase_520_com.android.server.media.metrics.MediaMetricsManagerService
08-30 00:52:10.789 1044 1044 D SystemServerTiming: OnBootPhase_520_com.android.server.media.metrics.MediaMetricsManagerService took to complete: 0ms
08-30 00:52:10.789 1044 1044 I SystemServerTiming: OnBootPhase_520_com.android.server.media.projection.MediaProjectionManagerService
08-30 00:52:10.789 1044 1044 D SystemServerTiming: OnBootPhase_520_com.android.server.media.projection.MediaProjectionManagerService took to complete: 0ms
08-30 00:52:10.789 1044 1044 I SystemServerTiming: OnBootPhase_520_com.android.server.slice.SliceManagerService$Lifecycle
08-30 00:52:10.789 1044 1044 D SystemServerTiming: OnBootPhase_520_com.android.server.slice.SliceManagerService$Lifecycle took to complete: 0ms
08-30 00:52:10.789 1044 1044 I SystemServerTiming: OnBootPhase_520_com.android.server.stats.StatsCompanion$Lifecycle
08-30 00:52:10.789 1044 1044 D SystemServerTiming: OnBootPhase_520_com.android.server.stats.StatsCompanion$Lifecycle took to complete: 0ms
08-30 00:52:10.789 1044 1044 I SystemServerTiming: OnBootPhase_520_com.android.server.scheduling.RebootReadinessManagerService$Lifecycle
08-30 00:52:10.789 1044 1044 D SystemServerTiming: OnBootPhase_520_com.android.server.scheduling.RebootReadinessManagerService$Lifecycle took to complete: 0ms
08-30 00:52:10.789 1044 1044 I SystemServerTiming: OnBootPhase_520_com.android.server.stats.pull.StatsPullAtomService
08-30 00:52:10.789 1044 1044 D SystemServerTiming: OnBootPhase_520_com.android.server.stats.pull.StatsPullAtomService took to complete: 0ms
08-30 00:52:10.789 1044 1044 I SystemServerTiming: OnBootPhase_520_com.android.server.incident.IncidentCompanionService
08-30 00:52:10.789 1044 1044 D SystemServerTiming: OnBootPhase_520_com.android.server.incident.IncidentCompanionService took to complete: 0ms
08-30 00:52:10.789 1044 1044 I SystemServerTiming: OnBootPhase_520_com.android.server.MmsServiceBroker
08-30 00:52:10.789 1044 1044 D SystemServerTiming: OnBootPhase_520_com.android.server.MmsServiceBroker took to complete: 0ms
08-30 00:52:10.790 1044 1044 I SystemServerTiming: OnBootPhase_520_com.android.server.autofill.AutofillManagerService
08-30 00:52:10.790 1044 1044 D SystemServerTiming: OnBootPhase_520_com.android.server.autofill.AutofillManagerService took to complete: 0ms
08-30 00:52:10.790 1044 1044 I SystemServerTiming: OnBootPhase_520_com.android.server.clipboard.ClipboardService
08-30 00:52:10.790 1044 1044 D SystemServerTiming: OnBootPhase_520_com.android.server.clipboard.ClipboardService took to complete: 0ms
08-30 00:52:10.790 1044 1044 I SystemServerTiming: OnBootPhase_520_com.android.server.appbinding.AppBindingService$Lifecycle
08-30 00:52:10.790 1044 1044 D SystemServerTiming: OnBootPhase_520_com.android.server.appbinding.AppBindingService$Lifecycle took to complete: 0ms
08-30 00:52:10.790 1044 1044 I SystemServerTiming: OnBootPhase_520_com.android.server.tracing.TracingServiceProxy
08-30 00:52:10.790 1044 1044 D SystemServerTiming: OnBootPhase_520_com.android.server.tracing.TracingServiceProxy took to complete: 0ms
08-30 00:52:10.790 1044 1044 I SystemServerTiming: OnBootPhase_520_com.android.server.policy.PermissionPolicyService
08-30 00:52:10.790 1044 1044 D SystemServerTiming: OnBootPhase_520_com.android.server.policy.PermissionPolicyService took to complete: 0ms
08-30 00:52:10.790 1044 1044 I SystemServerTiming: OnBootPhase_520_com.android.server.pm.StagingManager$Lifecycle
08-30 00:52:10.790 1044 1044 D SystemServerTiming: OnBootPhase_520_com.android.server.pm.StagingManager$Lifecycle took to complete: 0ms
08-30 00:52:10.790 1044 1044 I SystemServerTiming: OnBootPhase_520_com.android.server.app.GameManagerService$Lifecycle
08-30 00:52:10.790 1044 1044 D SystemServerTiming: OnBootPhase_520_com.android.server.app.GameManagerService$Lifecycle took to complete: 0ms
08-30 00:52:10.791 1044 1044 D SystemServerTiming: OnBootPhase_520 took to complete: 19ms
08-30 00:52:10.791 1044 1044 D SystemServerTiming: StartBootPhaseDeviceSpecificServicesReady took to complete: 19ms
08-30 00:52:10.791 1044 1044 I SystemServerTiming: AppSearchManagerService
08-30 00:52:10.796 1044 1044 I SystemServiceManager: Starting com.android.server.appsearch.AppSearchManagerService
08-30 00:52:10.798 1044 1044 D SystemServerTiming: AppSearchManagerService took to complete: 7ms
08-30 00:52:10.799 1044 1044 I SystemServerTiming: StartMediaCommunicationService
08-30 00:52:10.799 1044 1044 I SystemServiceManager: Starting com.android.server.media.MediaCommunicationService
08-30 00:52:10.803 1044 1044 D SystemServerTiming: StartMediaCommunicationService took to complete: 5ms
08-30 00:52:10.803 1044 1044 I SystemServerTiming: PhaseActivityManagerReady
08-30 00:52:10.803 1044 1044 I SystemServerTiming: controllersReady
08-30 00:52:10.808 1044 1614 I SystemServerTimingAsync: InitThreadPoolExec:Update app-ops uidState in case package com.android.providers.media.module changed
08-30 00:52:10.808 1044 1614 D SystemServerInitThreadPool: Started executing Update app-ops uidState in case package com.android.providers.media.module changed
08-30 00:52:10.808 1044 1632 I SystemServerTimingAsync: InitThreadPoolExec:Update app-ops uidState in case package com.qualcomm.qtil.aptxui changed
08-30 00:52:10.808 1044 1614 D SystemServerInitThreadPool: Finished executing Update app-ops uidState in case package com.android.providers.media.module changed
08-30 00:52:10.808 1044 1683 I SystemServerTimingAsync: InitThreadPoolExec:Update app-ops uidState in case package com.qualcomm.qti.workloadclassifier changed
08-30 00:52:10.808 1044 1721 I SystemServerTimingAsync: InitThreadPoolExec:Update app-ops uidState in case package com.android.systemui changed
08-30 00:52:10.808 1044 1632 D SystemServerInitThreadPool: Started executing Update app-ops uidState in case package com.qualcomm.qtil.aptxui changed
08-30 00:52:10.809 1044 1723 I SystemServerTimingAsync: InitThreadPoolExec:Update app-ops uidState in case package com.qualcomm.location changed
08-30 00:52:10.809 1044 1723 D SystemServerInitThreadPool: Started executing Update app-ops uidState in case package com.qualcomm.location changed
08-30 00:52:10.809 1044 1044 D SystemServerTiming: controllersReady took to complete: 5ms
08-30 00:52:10.809 1044 1723 D SystemServerInitThreadPool: Finished executing Update app-ops uidState in case package com.qualcomm.location changed
08-30 00:52:10.809 1044 1632 D SystemServerInitThreadPool: Finished executing Update app-ops uidState in case package com.qualcomm.qtil.aptxui changed
08-30 00:52:10.809 1044 1632 D SystemServerTimingAsync: InitThreadPoolExec:Update app-ops uidState in case package com.qualcomm.qtil.aptxui changed took to complete: 1ms
08-30 00:52:10.810 1044 1632 I SystemServerTimingAsync: InitThreadPoolExec:Update app-ops uidState in case package com.qti.ltebc changed
08-30 00:52:10.810 1044 1632 D SystemServerInitThreadPool: Started executing Update app-ops uidState in case package com.qti.ltebc changed
08-30 00:52:10.810 1044 1614 D SystemServerTimingAsync: InitThreadPoolExec:Update app-ops uidState in case package com.android.providers.media.module changed took to complete: 0ms
08-30 00:52:10.810 1044 1614 I SystemServerTimingAsync: InitThreadPoolExec:Update app-ops uidState in case package com.android.providers.calendar changed
08-30 00:52:10.810 1044 1614 D SystemServerInitThreadPool: Started executing Update app-ops uidState in case package com.android.providers.calendar changed
08-30 00:52:10.810 1044 1614 D SystemServerInitThreadPool: Finished executing Update app-ops uidState in case package com.android.providers.calendar changed
08-30 00:52:10.811 1044 1632 D SystemServerInitThreadPool: Finished executing Update app-ops uidState in case package com.qti.ltebc changed
08-30 00:52:10.811 1044 1632 D SystemServerTimingAsync: InitThreadPoolExec:Update app-ops uidState in case package com.qti.ltebc changed took to complete: 1ms
08-30 00:52:10.811 1044 1632 I SystemServerTimingAsync: InitThreadPoolExec:Update app-ops uidState in case package com.android.bluetooth changed
08-30 00:52:10.811 1044 1632 D SystemServerInitThreadPool: Started executing Update app-ops uidState in case package com.android.bluetooth changed
08-30 00:52:10.811 1044 1632 D SystemServerInitThreadPool: Finished executing Update app-ops uidState in case package com.android.bluetooth changed
08-30 00:52:10.811 1044 1631 I SystemServerTimingAsync: InitThreadPoolExec:Update app-ops uidState in case package com.android.deskclock changed
08-30 00:52:10.811 1044 1632 D SystemServerTimingAsync: InitThreadPoolExec:Update app-ops uidState in case package com.android.bluetooth changed took to complete: 0ms
08-30 00:52:10.811 1044 1631 D SystemServerInitThreadPool: Started executing Update app-ops uidState in case package com.android.deskclock changed
08-30 00:52:10.811 1044 1614 D SystemServerTimingAsync: InitThreadPoolExec:Update app-ops uidState in case package com.android.providers.calendar changed took to complete: 0ms
08-30 00:52:10.811 1044 1614 I SystemServerTimingAsync: InitThreadPoolExec:Update app-ops uidState in case package com.android.server.telecom changed
08-30 00:52:10.812 1044 1614 D SystemServerInitThreadPool: Started executing Update app-ops uidState in case package com.android.server.telecom changed
08-30 00:52:10.812 1044 1184 I SystemServerTimingAsync: InitThreadPoolExec:Update app-ops uidState in case package com.android.providers.contacts changed
08-30 00:52:10.812 1044 1184 D SystemServerInitThreadPool: Started executing Update app-ops uidState in case package com.android.providers.contacts changed
08-30 00:52:10.812 1044 1184 D SystemServerInitThreadPool: Finished executing Update app-ops uidState in case package com.android.providers.contacts changed
08-30 00:52:10.812 1044 1184 D SystemServerTimingAsync: InitThreadPoolExec:Update app-ops uidState in case package com.android.providers.contacts changed took to complete: 0ms
08-30 00:52:10.812 1044 1184 I SystemServerTimingAsync: InitThreadPoolExec:Update app-ops uidState in case package com.android.settings changed
08-30 00:52:10.812 1044 1184 D SystemServerInitThreadPool: Started executing Update app-ops uidState in case package com.android.settings changed
08-30 00:52:10.812 1044 1184 D SystemServerInitThreadPool: Finished executing Update app-ops uidState in case package com.android.settings changed
08-30 00:52:10.812 1044 1184 D SystemServerTimingAsync: InitThreadPoolExec:Update app-ops uidState in case package com.android.settings changed took to complete: 0ms
08-30 00:52:10.812 1044 1184 I SystemServerTimingAsync: InitThreadPoolExec:Update app-ops uidState in case package com.android.wallpaperbackup changed
08-30 00:52:10.812 1044 1184 D SystemServerInitThreadPool: Started executing Update app-ops uidState in case package com.android.wallpaperbackup changed
08-30 00:52:10.813 1044 1184 D SystemServerInitThreadPool: Finished executing Update app-ops uidState in case package com.android.wallpaperbackup changed
08-30 00:52:10.813 1044 1184 D SystemServerTimingAsync: InitThreadPoolExec:Update app-ops uidState in case package com.android.wallpaperbackup changed took to complete: 0ms
08-30 00:52:10.813 1044 1362 I SystemServerTimingAsync: InitThreadPoolExec:Update app-ops uidState in case package com.android.providers.downloads changed
08-30 00:52:10.813 1044 1362 D SystemServerInitThreadPool: Started executing Update app-ops uidState in case package com.android.providers.downloads changed
08-30 00:52:10.813 1044 1362 D SystemServerInitThreadPool: Finished executing Update app-ops uidState in case package com.android.providers.downloads changed
08-30 00:52:10.813 1044 1362 D SystemServerTimingAsync: InitThreadPoolExec:Update app-ops uidState in case package com.android.providers.downloads changed took to complete: 0ms
08-30 00:52:10.818 1044 1044 I SystemServerTiming: killProcesses
08-30 00:52:10.818 1044 1044 D SystemServerTiming: killProcesses took to complete: 0ms
08-30 00:52:10.818 1044 1044 I ActivityManager: System now ready
08-30 00:52:10.818 1044 1044 I boot_progress_ams_ready: 58564
08-30 00:52:10.818 1044 1044 I SystemServerTiming: updateTopComponentForFactoryTest
08-30 00:52:10.818 1044 1044 D SystemServerTiming: updateTopComponentForFactoryTest took to complete: 0ms
08-30 00:52:10.819 1044 1044 I SystemServerTiming: registerActivityLaunchObserver
08-30 00:52:10.819 1044 1044 D SystemServerTiming: registerActivityLaunchObserver took to complete: 1ms
08-30 00:52:10.819 1044 1044 I SystemServerTiming: watchDeviceProvisioning
08-30 00:52:10.820 1044 1632 I SystemServerTimingAsync: InitThreadPoolExec:Update app-ops uidState in case package android changed
08-30 00:52:10.820 1044 1631 D SystemServerInitThreadPool: Finished executing Update app-ops uidState in case package com.android.deskclock changed
08-30 00:52:10.821 1044 1631 D SystemServerTimingAsync: InitThreadPoolExec:Update app-ops uidState in case package com.android.deskclock changed took to complete: 9ms
08-30 00:52:10.821 1044 1721 D SystemServerInitThreadPool: Started executing Update app-ops uidState in case package com.android.systemui changed
08-30 00:52:10.821 1044 1683 D SystemServerInitThreadPool: Started executing Update app-ops uidState in case package com.qualcomm.qti.workloadclassifier changed
08-30 00:52:10.821 1044 1721 D SystemServerInitThreadPool: Finished executing Update app-ops uidState in case package com.android.systemui changed
08-30 00:52:10.821 1044 1721 D SystemServerTimingAsync: InitThreadPoolExec:Update app-ops uidState in case package com.android.systemui changed took to complete: 13ms
08-30 00:52:10.821 1044 1632 D SystemServerInitThreadPool: Started executing Update app-ops uidState in case package android changed
08-30 00:52:10.821 1044 1723 D SystemServerTimingAsync: InitThreadPoolExec:Update app-ops uidState in case package com.qualcomm.location changed took to complete: 0ms
08-30 00:52:10.821 1044 1632 D SystemServerInitThreadPool: Finished executing Update app-ops uidState in case package android changed
08-30 00:52:10.821 1044 1632 D SystemServerTimingAsync: InitThreadPoolExec:Update app-ops uidState in case package android changed took to complete: 1ms
08-30 00:52:10.821 1044 1683 D SystemServerInitThreadPool: Finished executing Update app-ops uidState in case package com.qualcomm.qti.workloadclassifier changed
08-30 00:52:10.821 1044 1683 D SystemServerTimingAsync: InitThreadPoolExec:Update app-ops uidState in case package com.qualcomm.qti.workloadclassifier changed took to complete: 13ms
08-30 00:52:10.821 1044 1614 D SystemServerInitThreadPool: Finished executing Update app-ops uidState in case package com.android.server.telecom changed
08-30 00:52:10.821 1044 1614 D SystemServerTimingAsync: InitThreadPoolExec:Update app-ops uidState in case package com.android.server.telecom changed took to complete: 10ms
08-30 00:52:10.829 1044 1044 D SystemServerTiming: watchDeviceProvisioning took to complete: 10ms
08-30 00:52:10.829 1044 1044 I SystemServerTiming: retrieveSettings
08-30 00:52:10.831 1044 1044 I configuration_changed: 268435456
08-30 00:52:10.832 1044 1044 I ActivityTaskManager: Config changes=10000000 {1.0 ?mcc?mnc [zh_CN] ldltr sw680dp w1586dp h608dp 240dpi lrg long land -touch -keyb/v/h -nav/h winConfig={ mBounds=Rect(0, 0 - 2380, 1020) mAppBounds=Rect(0, 0 - 2380, 948) mMaxBounds=Rect(0, 0 - 2380, 1020) mWindowingMode=fullscreen mDisplayWindowingMode=fullscreen mActivityType=undefined mAlwaysOnTop=undefined mRotation=ROTATION_0} s.6 fontWeightAdjustment=0}
08-30 00:52:10.833 1044 1044 I WindowManager: Override config changes=10000000 {1.0 ?mcc?mnc [zh_CN] ldltr sw680dp w1586dp h608dp 240dpi lrg long land -touch -keyb/v/h -nav/h winConfig={ mBounds=Rect(0, 0 - 2380, 1020) mAppBounds=Rect(0, 0 - 2380, 948) mMaxBounds=Rect(0, 0 - 2380, 1020) mWindowingMode=fullscreen mDisplayWindowingMode=fullscreen mActivityType=undefined mAlwaysOnTop=undefined mRotation=ROTATION_0} s.6 fontWeightAdjustment=0} for displayId=0
08-30 00:52:10.836 1044 1044 D SystemServerTiming: retrieveSettings took to complete: 6ms
08-30 00:52:10.836 1044 1044 I SystemServerTiming: Ugm.onSystemReady
08-30 00:52:10.836 1044 1044 D SystemServerTiming: Ugm.onSystemReady took to complete: 0ms
08-30 00:52:10.836 1044 1044 I SystemServerTiming: updateForceBackgroundCheck
08-30 00:52:10.836 1044 1044 D SystemServerTiming: updateForceBackgroundCheck took to complete: 0ms
08-30 00:52:10.837 1044 1044 I SystemServer: Making services ready
08-30 00:52:10.837 1044 1044 I SystemServerTiming: StartActivityManagerReadyPhase
08-30 00:52:10.837 1044 1044 I SystemServiceManager: Starting phase 550
08-30 00:52:10.837 1044 1044 I SystemServerTiming: OnBootPhase_550
08-30 00:52:10.837 1044 1044 I SystemServerTiming: OnBootPhase_550_com.android.server.security.FileIntegrityService
08-30 00:52:10.837 1044 1044 D SystemServerTiming: OnBootPhase_550_com.android.server.security.FileIntegrityService took to complete: 0ms
08-30 00:52:10.837 1044 1044 I SystemServerTiming: OnBootPhase_550_com.android.server.pm.Installer
08-30 00:52:10.837 1044 1044 D SystemServerTiming: OnBootPhase_550_com.android.server.pm.Installer took to complete: 0ms
08-30 00:52:10.837 1044 1044 I SystemServerTiming: OnBootPhase_550_com.android.server.os.DeviceIdentifiersPolicyService
08-30 00:52:10.837 1044 1044 D SystemServerTiming: OnBootPhase_550_com.android.server.os.DeviceIdentifiersPolicyService took to complete: 0ms
08-30 00:52:10.837 1044 1044 I SystemServerTiming: OnBootPhase_550_com.android.server.uri.UriGrantsManagerService$Lifecycle
08-30 00:52:10.837 1044 1044 D SystemServerTiming: OnBootPhase_550_com.android.server.uri.UriGrantsManagerService$Lifecycle took to complete: 0ms
08-30 00:52:10.837 1044 1044 I SystemServerTiming: OnBootPhase_550_com.android.server.powerstats.PowerStatsService
08-30 00:52:10.837 1044 1044 D SystemServerTiming: OnBootPhase_550_com.android.server.powerstats.PowerStatsService took to complete: 0ms
08-30 00:52:10.838 1044 1044 I SystemServerTiming: OnBootPhase_550_com.android.server.wm.ActivityTaskManagerService$Lifecycle
08-30 00:52:10.838 1044 1044 D SystemServerTiming: OnBootPhase_550_com.android.server.wm.ActivityTaskManagerService$Lifecycle took to complete: 0ms
