01-01 08:21:57.683 0 0 D cnss : PM relax, state: 0x10, count: 0
01-01 08:21:57.683 0 0 D cnss : PM stay awake, state: 0x10, count: 1
01-01 08:21:57.683 0 0 D cnss : PM relax, state: 0x10, count: 0
01-01 08:21:57.692 0 0 I msm_vidc: high: 00000001: h265d: Closed video instance: ffffffce07420000
08-30 00:52:12.143 1879 2094 D bt_device_interop: feature:: 28, key :: 00:08:8a, value :: Address_Based
08-30 00:52:12.143 1879 2094 D bt_device_interop: feature:: 28, key :: JABRA EASYGO, value :: Name_Based
08-30 00:52:12.143 1879 2094 D bt_device_interop: feature:: 28, key :: 55:55:55, value :: Address_Based
08-30 00:52:12.143 1879 2094 D bt_device_interop: feature:: 28, key :: LG HBSF110 Master, value :: Name_Based
08-30 00:52:12.143 1879 2094 D bt_device_interop: feature:: 29, key :: 00:09:93, value :: Address_Based
08-30 00:52:12.143 1879 2094 D bt_device_interop: feature:: 29, key :: 74:6f:f7, value :: Address_Based
08-30 00:52:12.143 1879 2094 D bt_device_interop: feature:: 29, key :: A0:56:B2:4F, value :: Address_Based
08-30 00:52:12.144 1879 2094 D bt_device_interop: feature:: 29, key :: 00:54:AF, value :: Address_Based
08-30 00:52:12.144 1879 2094 D bt_device_interop: feature:: 29, key :: 00:00:2E, value :: Address_Based
08-30 00:52:12.144 1879 2094 D bt_device_interop: feature:: 29, key :: A0:56:B2:5A, value :: Address_Based
08-30 00:52:12.144 1879 2094 D bt_device_interop: feature:: 9, key :: 08:62:66, value :: Address_Based
08-30 00:52:12.144 1879 2094 D bt_device_interop: feature:: 9, key :: 38:2C:4A:C9, value :: Address_Based
08-30 00:52:12.144 1879 2094 D bt_device_interop: feature:: 9, key :: 38:2C:4A:E6, value :: Address_Based
08-30 00:52:12.144 1879 2094 D bt_device_interop: feature:: 9, key :: 54:A0:50:D9, value :: Address_Based
08-30 00:52:12.144 1879 2094 D bt_device_interop: feature:: 9, key :: AC:9E:17, value :: Address_Based
08-30 00:52:12.144 1879 2094 D bt_device_interop: feature:: 9, key :: F0:79:59, value :: Address_Based
08-30 00:52:12.144 1879 2094 D bt_device_interop: feature:: 23, key :: 00:1D:86, value :: Address_Based
08-30 00:52:12.144 1879 2094 D bt_device_interop: feature:: 23, key :: KMM-BT51*HD, value :: Name_Based
08-30 00:52:12.144 1879 2094 D bt_device_interop: feature:: 10, key :: Pixel C Keyboard, value :: Name_Based
08-30 00:52:12.144 1879 2094 D bt_device_interop: feature:: 10, key :: MiMouse, value :: Name_Based
08-30 00:52:12.144 1879 2094 D bt_device_interop: feature:: 10, key :: HTC Fetch, value :: Name_Based
08-30 00:52:12.145 1879 2094 D bt_device_interop: feature:: 31, key :: LG Lighting, value :: Name_Based
08-30 00:52:12.145 1879 2094 D bt_device_interop: feature:: 31, key :: KS_5w4Zu, value :: Name_Based
08-30 00:52:12.151 1350 1418 I OMXClient: IOmx service obtained
08-30 00:52:12.152 1372 1963 I OMXMaster: makeComponentInstance(OMX.google.h263.decoder) in android.hardwar process
08-30 00:52:12.159 1613 1613 I adbd : UsbFfs: already offline
08-30 00:52:12.161 1372 1416 E OMXNodeInstance: getExtensionIndex(0xf4a80b00:google.h263.decoder, OMX.google.android.index.configureVideoTunnelMode) ERROR: UnsupportedIndex(0x8000101a)
08-30 00:52:12.161 1350 1418 D MediaCodecInfo: detail feature-tunneled-playback wasn't present to remove
08-30 00:52:12.162 1613 1613 I adbd : authentication not required
08-30 00:52:12.162 1372 1963 E OMXNodeInstance: getExtensionIndex(0xf4a80b00:google.h263.decoder, OMX.google.android.index.enableAndroidNativeBuffers) ERROR: UnsupportedIndex(0x8000101a)
08-30 00:52:12.171 1044 1873 I am_proc_bound: [0,2078,.qtidataservices]
08-30 00:52:12.172 1044 1873 D CompatibilityChangeReporter: Compat change id reported: 168419799; UID 10053; state: DISABLED
08-30 00:52:12.172 1044 1873 D CompatibilityInfo: mCompatibilityFlags - 4
08-30 00:52:12.172 1044 1873 D CompatibilityInfo: applicationDensity - 240
08-30 00:52:12.173 1044 1873 D CompatibilityInfo: applicationScale - 1.0
08-30 00:52:12.174 685 685 D Zygote : Forked child process 2131
01-01 08:21:57.724 0 0 E : INFO: trying to register non-static key.
08-30 00:52:12.174 1280 1280 D hw-ProcessState: Binder ioctl to enable oneway spam detection failed: Invalid argument
08-30 00:52:12.175 1044 1199 W ActivityManager: Slow operation: 620ms so far, now at startProcess: returned from zygote!
08-30 00:52:12.179 2093 2093 I WebViewZygoteInit: Beginning application preload for com.android.webview
08-30 00:52:12.185 1044 1044 D NetworkSecurityConfig: No Network Security Config specified, using platform default
08-30 00:52:12.185 1044 1044 D NetworkSecurityConfig: No Network Security Config specified, using platform default
08-30 00:52:12.186 1044 1194 I service_manager_slow: [73,alarm]
08-30 00:52:12.186 1044 1194 W BestClock: java.time.DateTimeException: Missing NTP fix
08-30 00:52:12.186 1044 1194 I netstats_mobile_sample: [0,0,0,0,0,0,0,0,0,0,0,0,1661791932186]
08-30 00:52:12.186 1044 1194 I netstats_wifi_sample: [0,0,0,0,0,0,0,0,0,0,0,0,1661791932186]
08-30 00:52:12.186 587 587 E android.hardware.atrace@1.0-service: Failed to enable tracing on: /sys/kernel/debug/tracing/events/mdss/enable
08-30 00:52:12.190 587 587 E android.hardware.atrace@1.0-service: Failed to enable tracing on: /sys/kernel/debug/tracing/events/mali_systrace/enable
08-30 00:52:12.190 1044 1734 W BestClock: java.time.DateTimeException: Missing NTP fix
08-30 00:52:12.192 587 587 E android.hardware.atrace@1.0-service: Failed to disable tracing on: /sys/kernel/debug/tracing/events/mdss/enable
08-30 00:52:12.194 587 587 E android.hardware.atrace@1.0-service: Failed to disable tracing on: /sys/kernel/debug/tracing/events/mali_systrace/enable
08-30 00:52:12.195 1044 1734 W BestClock: java.time.DateTimeException: Missing NTP fix
08-30 00:52:12.196 2011 2136 I QmiAgentHwInterface: handling GET_SERVICE in ServiceFetcher
08-30 00:52:12.196 2011 2011 I DynamicDDSService: onBind Received
08-30 00:52:12.196 2011 2136 D hw-ProcessState: Binder ioctl to enable oneway spam detection failed: Invalid argument
08-30 00:52:12.198 2011 2137 I SubManager: handling GET_SERVICE in ServiceFetcher
08-30 00:52:12.198 1044 1873 D CompatibilityChangeReporter: Compat change id reported: 181136395; UID 1000; state: DISABLED
08-30 00:52:12.199 2011 2136 I android_os_HwBinder: HwBinder: Starting thread pool for getting: vendor.qti.data.factory@2.0::IFactory/default
08-30 00:52:12.199 2011 2136 I QmiAgentHwInterface: Cnd HAL is up
08-30 00:52:12.200 2011 2132 I QmiAgentHwInterface: handling HAL_SERVER_UP
08-30 00:52:12.200 1044 1873 D CompatibilityChangeReporter: Compat change id reported: 174042936; UID 1000; state: DISABLED
08-30 00:52:12.200 1044 1873 I am_uid_active: 10053
08-30 00:52:12.201 2011 2132 I android_os_HwBinder: HwBinder: Starting thread pool for getting: vendor.qti.data.factory@2.0::IFactory/default
08-30 00:52:12.203 2011 2132 I QmiAgent/ServiceCallback: <- RCV:OnAvailableEvent{}
08-30 00:52:12.203 2011 2132 I QmiAgentHwInterface: Connected to qmi agent SUCC
08-30 00:52:12.203 2011 2129 I DynamicDDSService: Qmi HwInterface Service listener: onAvailable
08-30 00:52:12.203 1044 1734 W BestClock: java.time.DateTimeException: Missing NTP fix
08-30 00:52:12.206 2011 2137 I android_os_HwBinder: HwBinder: Starting thread pool for getting: vendor.qti.data.factory@2.0::IFactory/default
08-30 00:52:12.206 2011 2137 I SubManager: Cnd HAL is up
08-30 00:52:12.206 2011 2132 I SubManager: handling HAL_SERVER_UP
08-30 00:52:12.207 2011 2132 I android_os_HwBinder: HwBinder: Starting thread pool for getting: vendor.qti.data.factory@2.0::IFactory/default
08-30 00:52:12.209 2011 2132 I DynamicDDS/Token: <- RCV:OnAvailableEvent{}
08-30 00:52:12.209 2011 2129 I DynamicDDSService: Subscription Manager Service listener: onAvailable
08-30 00:52:12.210 587 587 E android.hardware.atrace@1.0-service: Failed to disable tracing on: /sys/kernel/debug/tracing/events/mdss/enable
08-30 00:52:12.210 587 587 E android.hardware.atrace@1.0-service: Failed to disable tracing on: /sys/kernel/debug/tracing/events/mali_systrace/enable
08-30 00:52:12.210 2011 2132 I SubManager: Connected to dynamicdds subscription manager SUCC
08-30 00:52:12.212 2093 2093 D nativeloader: classloader namespace configured for unbundled product apk. library_path=/product/app/webview/lib/arm:/product/app/webview/webview.apk!/lib/armeabi-v7a:/product/lib:/system/product/lib
08-30 00:52:12.145 1879 2094 D bt_device_interop: feature:: 31, key :: ZUK, value :: Name_Based
08-30 00:52:12.214 1879 2094 D bt_device_interop: feature:: 31, key :: ITAG, value :: Name_Based
08-30 00:52:12.214 1879 2094 D bt_device_interop: feature:: 31, key :: Pokemon GO Plus, value :: Name_Based
08-30 00:52:12.214 1879 2094 D bt_device_interop: feature:: 31, key :: FeiZhiX8/X8Pro, value :: Name_Based
08-30 00:52:12.214 1879 2094 D bt_device_interop: feature:: 31, key :: FeiZhiAPEX, value :: Name_Based
08-30 00:52:12.214 1879 2094 D bt_device_interop: feature:: 31, key :: FeiZhiWee, value :: Name_Based
08-30 00:52:12.214 1879 2094 D bt_device_interop: feature:: 31, key :: FeiZhi Wee 2T, value :: Name_Based
08-30 00:52:12.214 1879 2094 D bt_device_interop: feature:: 34, key :: 2c:dc:ad:08, value :: Address_Based
08-30 00:52:12.214 1879 2094 D bt_device_interop: feature:: 34, key :: 74:6f:f7, value :: Address_Based
08-30 00:52:12.214 1879 2094 D bt_device_interop: feature:: 34, key :: 90:03:b7, value :: Address_Based
08-30 00:52:12.214 1879 2094 D bt_device_interop: feature:: 34, key :: 00:06:F5, value :: Address_Based
08-30 00:52:12.214 1879 2094 D bt_device_interop: feature:: 35, key :: 50:65:83, value :: Address_Based
08-30 00:52:12.214 1879 2094 D bt_device_interop: feature:: 35, key :: 28:3f:69, value :: Address_Based
08-30 00:52:12.214 1879 2094 D bt_device_interop: feature:: 35, key :: AirPods, value :: Name_Based
08-30 00:52:12.214 1879 2094 D bt_device_interop: feature:: 35, key :: 0x0094, value :: Manufacturer_Based
08-30 00:52:12.214 1879 2094 D bt_device_interop: feature:: 37, key :: 10:b7:f6, value :: Address_Based
08-30 00:52:12.215 1350 1418 I OMXClient: IOmx service obtained
08-30 00:52:12.215 1044 1734 W BestClock: java.time.DateTimeException: Missing NTP fix
08-30 00:52:12.215 1372 1963 I OMXMaster: makeComponentInstance(OMX.qcom.video.decoder.hevc) in android.hardwar process
08-30 00:52:12.215 1372 1963 D PlatformConfig: getInstance: Enter
08-30 00:52:12.215 515 2091 W libc : Unable to set property "ctl.interface_start" to "vendor.qti.hardware.iop@2.0::IIop/default": error code: 0x20
08-30 00:52:12.216 1372 1963 D PlatformConfig: getConfigStoreBool: vpp/enable=false, returning false
08-30 00:52:12.216 515 2091 I hwservicemanager: Tried to start vendor.qti.hardware.iop@2.0::IIop/default as a lazy service, but was unable to. Usually this happens when a service is not installed, but if the service is intended to be used as a lazy service, then it may be configured incorrectly.
08-30 00:52:12.214 1879 2094 D bt_device_interop: feature:: 37, key :: AirPods, value :: Name_Based
08-30 00:52:12.216 1879 2094 D bt_device_interop: feature:: 42, key :: 00:0E:9F, value :: Address_Based
08-30 00:52:12.216 1879 2094 D bt_device_interop: feature:: 38, key :: 98:B6:E9, value :: Address_Based
08-30 00:52:12.216 1879 2094 D bt_device_interop: feature:: 40, key :: 04:4E:AF, value :: Address_Based
08-30 00:52:12.216 1879 2094 D bt_device_interop: feature:: 40, key :: HB20, value :: Name_Based
08-30 00:52:12.216 1879 2094 D bt_device_interop: feature:: 40, key :: HB 20, value :: Name_Based
08-30 00:52:12.216 1879 2094 D bt_device_interop: feature:: 41, key :: com.google.android.apps.youtube.music, value :: Name_Based
08-30 00:52:12.216 1879 2094 D bt_device_interop: feature:: 41, key :: com.gaana, value :: Name_Based
08-30 00:52:12.217 1879 2094 D bt_device_interop: feature:: 43, key :: BC:30:7E, value :: Address_Based
08-30 00:52:12.217 1879 2094 D bt_device_interop: feature:: 43, key :: 2C:DC:AD, value :: Address_Based
08-30 00:52:12.217 1879 2094 D bt_device_interop: feature:: 43, key :: 00:1E:43, value :: Address_Based
08-30 00:52:12.217 1879 2094 D bt_device_interop: feature:: 43, key :: 9C:DF:03, value :: Address_Based
08-30 00:52:12.217 1879 2094 D bt_device_interop: feature:: 43, key :: 00:0A:08, value :: Address_Based
08-30 00:52:12.217 1879 2094 D bt_device_interop: feature:: 43, key :: 00:04:79, value :: Address_Based
08-30 00:52:12.217 1879 2094 D bt_device_interop: feature:: 43, key :: 28:A1:83, value :: Address_Based
08-30 00:52:12.217 1879 2094 D bt_device_interop: feature:: 43, key :: 24:df:6a, value :: Address_Based
08-30 00:52:12.217 1044 1734 W BestClock: java.time.DateTimeException: Missing NTP fix
08-30 00:52:12.217 1879 2094 D bt_device_interop: feature:: 43, key :: 30:C3:D9, value :: Address_Based
08-30 00:52:12.217 1879 2094 D bt_device_interop: feature:: 43, key :: Audi, value :: Name_Based
08-30 00:52:12.217 1879 2094 D bt_device_interop: feature:: 43, key :: Porsche, value :: Name_Based
08-30 00:52:12.218 1879 2094 D bt_device_interop: feature:: 44, key :: 00:23:3D, value :: Address_Based
08-30 00:52:12.218 1879 2094 D bt_device_interop: feature:: 45, key :: 10:4F:A8, value :: Address_Based
08-30 00:52:12.218 1879 2094 D bt_device_interop: feature:: 46, key :: 00:15:83, value :: Address_Based
08-30 00:52:12.218 1879 2094 D bt_device_interop: feature:: 46, key :: 2a:eb:00, value :: Address_Based
08-30 00:52:12.218 1879 2094 D bt_device_interop: feature:: 46, key :: 30:53:00, value :: Address_Based
08-30 00:52:12.218 1879 2094 D bt_device_interop: feature:: 46, key :: 00:17:53, value :: Address_Based
08-30 00:52:12.218 1879 2094 D bt_device_interop: feature:: 46, key :: 40:ef:4c, value :: Address_Based
08-30 00:52:12.218 1879 2094 D bt_device_interop: feature:: 46, key :: 00:07:04, value :: Address_Based
08-30 00:52:12.218 1879 2094 D bt_device_interop: feature:: 46, key :: 18:48:ca, value :: Address_Based
08-30 00:52:12.218 1879 2094 D bt_device_interop: feature:: 47, key :: f4:15:fd, value :: Address_Based
08-30 00:52:12.218 1879 2094 D bt_device_interop: feature:: 47, key :: 94:B2:CC:52, value :: Address_Based
08-30 00:52:12.218 1879 2094 D bt_device_interop: feature:: 48, key :: Geely_BT, value :: Name_Based
08-30 00:52:12.218 1879 2094 D bt_device_interop: feature:: 49, key :: Microsoft Bluetooth Mouse, value :: Name_Based
08-30 00:52:12.218 1879 2094 D bt_device_interop: feature:: 50, key :: Bose Mini II SoundLink, value :: Name_Based
08-30 00:52:12.218 1879 2094 D bt_device_interop: feature:: 50, key :: Honda HFT, value :: Name_Based
08-30 00:52:12.218 1879 2094 D bt_device_interop: feature:: 50, key :: HAVAL M6, value :: Name_Based
08-30 00:52:12.218 1879 2094 D bt_device_interop: feature:: 51, key :: 00:09:93, value :: Address_Based
08-30 00:52:12.218 1879 2094 D bt_device_interop: feature:: 52, key :: 4c:fc:aa, value :: Address_Based
08-30 00:52:12.222 1044 1199 I dvm_lock_sample: [system_server,1,ActivityManager:procStart,46,ProcessList.java,2160,void com.android.server.am.ProcessList.handleProcessStart(com.android.server.am.ProcessRecord, java.lang.String, int[], int, int, int, java.lang.String, java.lang.String, java.lang.String, long),ActivityManagerService.java,4737,void com.android.server.am.ActivityManagerService.attachApplication(android.app.IApplicationThread, long),9]
08-30 00:52:12.223 1044 1199 W ActivityManager: Slow operation: 667ms so far, now at startProcess: done updating battery stats
08-30 00:52:12.223 1044 1199 I am_proc_start: [0,2131,1073,com.android.networkstack.process,added application,com.android.networkstack.process]
08-30 00:52:12.223 1044 1199 W ActivityManager: Slow operation: 668ms so far, now at startProcess: building log message
08-30 00:52:12.223 1044 1199 I ActivityManager: Start proc 2131:com.android.networkstack.process/1073 for added application com.android.networkstack.process
08-30 00:52:12.223 1044 1199 W ActivityManager: Slow operation: 668ms so far, now at startProcess: starting to update pids map
08-30 00:52:12.223 1044 1199 W ActivityManager: Slow operation: 668ms so far, now at startProcess: done updating pids map
08-30 00:52:12.223 1044 1199 W ActivityManager: Slow operation: 667ms so far, now at startProcess: asking zygote to start proc
08-30 00:52:12.223 1044 1044 W Looper : Slow dispatch took 277ms main h=android.app.ActivityThread$H c=null m=114
08-30 00:52:12.224 1044 1734 W BestClock: java.time.DateTimeException: Missing NTP fix
08-30 00:52:12.225 1044 1044 I PackageWatchdog: Syncing health check requests for packages: {com.qualcomm.qti.devicestatisticsservice}
08-30 00:52:12.225 1044 1044 I ExplicitHealthCheckController: Service not ready to get health check supported packages. Binding...
08-30 00:52:12.225 2011 2129 E QmiAgentHwInterface: Failed to sendRequest: android.os.RemoteException: sendRequest failed with status: 2
08-30 00:52:12.225 1044 1179 I dvm_lock_sample: [system_server,1,android.display,25,ActivityManagerService.java,16153,void com.android.server.am.ActivityManagerService$LocalService.startProcess(java.lang.String, android.content.pm.ApplicationInfo, boolean, boolean, java.lang.String, android.content.ComponentName),-,4737,void com.android.server.am.ActivityManagerService.attachApplication(android.app.IApplicationThread, long),5]
08-30 00:52:12.226 1044 1044 I ExplicitHealthCheckController: Explicit health check service is bound
08-30 00:52:12.227 1879 2094 W bt_device_profile: profile_config_init load config file succesful : /data/misc/bluedroid/bt_profile.conf
08-30 00:52:12.227 1879 2094 W bt_device_profile: AVRCP_ID: key :: avrcp_0103_support, value :: false
08-30 00:52:12.227 1879 2094 W bt_device_profile: AVRCP_ID: entry->profile_feature_type.avrcp_feature_entry.avrcp_0103_support false
08-30 00:52:12.227 1879 2094 W bt_device_profile: AVRCP_ID: key :: avrcp_coverart_support, value :: true
08-30 00:52:12.227 1879 2094 W bt_device_profile: AVRCP_ID: &entry->profile_feature_type.avrcp_feature_entry.avrcp_coverart_support true
08-30 00:52:12.227 1879 2094 D bt_device_profile: Entry is already present in the list
08-30 00:52:12.227 1879 2094 W bt_device_profile: PBAP_ID: key :: pbap_0102_support, value :: true
08-30 00:52:12.227 1879 2094 W bt_device_profile: PBAP_ID: key :: use_sim_support, value :: true
08-30 00:52:12.227 1879 2094 D bt_device_profile: Entry is already present in the list
08-30 00:52:12.227 1879 2094 W bt_device_profile: MAP_ID: key :: map_email_support, value :: true
08-30 00:52:12.227 1879 2094 W bt_device_profile: MAP_ID: key :: map_0104_support, value :: true
08-30 00:52:12.227 1879 2094 D bt_device_profile: Entry is already present in the list
08-30 00:52:12.227 1879 2094 W bt_device_profile: MAX_POW_ID: key :: BLE_max_pow_support, value :: 0x80
08-30 00:52:12.227 1879 2094 W bt_device_profile: MAX_POW_ID: BLE_pow :: 80
08-30 00:52:12.228 1879 2094 W bt_device_profile: OPP_ID: key :: opp_0100_support, value :: false
08-30 00:52:12.228 1879 2094 W bt_device_profile: RF_PATH_LOSS_ID: key :: RF_TX_Path_Compensation_Value, value :: 0x0000
08-30 00:52:12.228 1879 2094 W bt_device_profile: RF_PATH_LOSS_ID: key :: RF_RX_Path_Compensation_Value, value :: 0x0000
08-30 00:52:12.228 1879 2094 D bt_device_profile: Entry is already present in the list
08-30 00:52:12.231 2078 2078 D CompatibilityChangeReporter: Compat change id reported: 171979766; UID 10053; state: DISABLED
08-30 00:52:12.232 1879 2094 I bt_stack_config: init attempt to load stack conf from /etc/bluetooth/bt_stack.conf
08-30 00:52:12.235 1565 1565 I qcc-trd : qcc-trd version: QCC-TR2.0-20211124-0326190 started
08-30 00:52:12.235 1565 1565 D qcc-trd : Make and model is not of internal devices
08-30 00:52:12.235 1565 1565 E qcc-trd : Failed to load Dyn. Lib for collector diag
01-01 08:21:57.729 0 0 E : the code is fine but needs lockdep annotation.
01-01 08:21:57.735 0 0 I : CPU: 5 PID: 292 Comm: kworker/u16:8 Tainted: G S W O 4.19.157+ #1
01-01 08:21:57.735 0 0 I Hardware name: Qualcomm Technologies, Inc. kona MTP-RmPM8150b (DT)
08-30 00:52:12.235 1565 1565 D qcc-trd : Make and model is not of internal devices
01-01 08:21:57.735 0 0 I Workqueue: events_unbound ion_system_secure_heap_prefetch_work
01-01 08:21:57.735 0 0 I Call trace:
01-01 08:21:57.735 0 0 I : dump_backtrace+0x0/0x258
01-01 08:21:57.735 0 0 I : show_stack+0x20/0x30
01-01 08:21:57.735 0 0 I : dump_stack+0xd8/0x12c
01-01 08:21:57.735 0 0 I : register_lock_class+0x4d0/0x5c8
01-01 08:21:57.735 0 0 I : __lock_acquire+0xbc/0x1e58
08-30 00:52:12.235 1565 1565 E qcc-trd : Failed to load Dyn. Lib for collector lmtp
01-01 08:21:57.735 0 0 I : lock_acquire+0x1cc/0x218
01-01 08:21:57.735 0 0 I : _raw_spin_lock_irqsave+0x54/0x98
01-01 08:21:57.735 0 0 I : ion_system_secure_heap_prefetch_work+0x94/0x2c0
01-01 08:21:57.735 0 0 I : process_one_work+0x38c/0x660
01-01 08:21:57.735 0 0 I : worker_thread+0x268/0x4b8
01-01 08:21:57.735 0 0 I : kthread+0x140/0x150
01-01 08:21:57.735 0 0 I : ret_from_fork+0x10/0x1c
08-30 00:52:12.236 1565 1565 D qcc-trd : Collectors by Managers = 5, Total = 9 Enabled 3
08-30 00:52:12.238 1565 1565 D qcc-trd : Collectors wout Managers = 4, Total = 9 Enabled 4
08-30 00:52:12.244 1044 1194 W BestClock: java.time.DateTimeException: Missing NTP fix
01-01 08:21:57.744 0 0 E : [drm:dp_display_init_aux_switch][msm-dp-err][85 ]failed to register notifier (-22)
01-01 08:21:57.747 0 0 E : INFO: trying to register non-static key.
01-01 08:21:57.758 0 0 E : the code is fine but needs lockdep annotation.
01-01 08:21:57.763 0 0 I : CPU: 5 PID: 292 Comm: kworker/u16:8 Tainted: G S W O 4.19.157+ #1
01-01 08:21:57.763 0 0 I Hardware name: Qualcomm Technologies, Inc. kona MTP-RmPM8150b (DT)
01-01 08:21:57.763 0 0 I Workqueue: events_unbound ion_system_secure_heap_prefetch_work
01-01 08:21:57.763 0 0 I Call trace:
01-01 08:21:57.763 0 0 I : dump_backtrace+0x0/0x258
01-01 08:21:57.763 0 0 I : show_stack+0x20/0x30
01-01 08:21:57.763 0 0 I : dump_stack+0xd8/0x12c
01-01 08:21:57.763 0 0 I : register_lock_class+0x4d0/0x5c8
01-01 08:21:57.763 0 0 I : __lock_acquire+0xbc/0x1e58
01-01 08:21:57.763 0 0 I : lock_acquire+0x1cc/0x218
01-01 08:21:57.763 0 0 I : _raw_spin_lock_irqsave+0x54/0x98
01-01 08:21:57.763 0 0 I : ion_system_secure_heap_prefetch_work+0x94/0x2c0
01-01 08:21:57.763 0 0 I : process_one_work+0x38c/0x660
01-01 08:21:57.763 0 0 I : worker_thread+0x268/0x4b8
01-01 08:21:57.763 0 0 I : kthread+0x140/0x150
01-01 08:21:57.763 0 0 I : ret_from_fork+0x10/0x1c
01-01 08:21:57.776 0 0 E : INFO: trying to register non-static key.
01-01 08:21:57.777 0 0 I binder : 1879:1879 ioctl 40046210 7fc43865c4 returned -22
01-01 08:21:57.781 0 0 E : the code is fine but needs lockdep annotation.
01-01 08:21:57.781 0 0 I : CPU: 5 PID: 292 Comm: kworker/u16:8 Tainted: G S W O 4.19.157+ #1
01-01 08:21:57.781 0 0 I Hardware name: Qualcomm Technologies, Inc. kona MTP-RmPM8150b (DT)
01-01 08:21:57.781 0 0 I Workqueue: events_unbound ion_system_secure_heap_prefetch_work
01-01 08:21:57.781 0 0 I Call trace:
01-01 08:21:57.781 0 0 I : dump_backtrace+0x0/0x258
01-01 08:21:57.781 0 0 I : show_stack+0x20/0x30
01-01 08:21:57.781 0 0 I : dump_stack+0xd8/0x12c
01-01 08:21:57.781 0 0 I : register_lock_class+0x4d0/0x5c8
01-01 08:21:57.781 0 0 I : __lock_acquire+0xbc/0x1e58
01-01 08:21:57.781 0 0 I : lock_acquire+0x1cc/0x218
01-01 08:21:57.781 0 0 I : _raw_spin_lock_irqsave+0x54/0x98
01-01 08:21:57.781 0 0 I : ion_system_secure_heap_prefetch_work+0x94/0x2c0
01-01 08:21:57.781 0 0 I : process_one_work+0x38c/0x660
01-01 08:21:57.781 0 0 I : worker_thread+0x268/0x4b8
01-01 08:21:57.781 0 0 I : kthread+0x140/0x150
01-01 08:21:57.781 0 0 I : ret_from_fork+0x10/0x1c
01-01 08:21:57.793 0 0 E : INFO: trying to register non-static key.
01-01 08:21:57.798 0 0 E : the code is fine but needs lockdep annotation.
01-01 08:21:57.804 0 0 I : CPU: 5 PID: 292 Comm: kworker/u16:8 Tainted: G S W O 4.19.157+ #1
01-01 08:21:57.804 0 0 I Hardware name: Qualcomm Technologies, Inc. kona MTP-RmPM8150b (DT)
01-01 08:21:57.804 0 0 I Workqueue: events_unbound ion_system_secure_heap_prefetch_work
01-01 08:21:57.804 0 0 I Call trace:
01-01 08:21:57.804 0 0 I : dump_backtrace+0x0/0x258
01-01 08:21:57.804 0 0 I : show_stack+0x20/0x30
01-01 08:21:57.804 0 0 I : dump_stack+0xd8/0x12c
01-01 08:21:57.804 0 0 I : register_lock_class+0x4d0/0x5c8
01-01 08:21:57.804 0 0 I : __lock_acquire+0xbc/0x1e58
01-01 08:21:57.804 0 0 I : lock_acquire+0x1cc/0x218
01-01 08:21:57.804 0 0 I : _raw_spin_lock_irqsave+0x54/0x98
01-01 08:21:57.804 0 0 I : ion_system_secure_heap_prefetch_work+0x94/0x2c0
01-01 08:21:57.804 0 0 I : process_one_work+0x38c/0x660
01-01 08:21:57.804 0 0 I : worker_thread+0x268/0x4b8
01-01 08:21:57.804 0 0 I : kthread+0x140/0x150
01-01 08:21:57.804 0 0 I : ret_from_fork+0x10/0x1c
01-01 08:21:57.816 0 0 E : INFO: trying to register non-static key.
01-01 08:21:57.818 0 0 I msm_vidc: high: 00000001: ....d: Opening video instance: ffffffce1da74000, 1
01-01 08:21:57.821 0 0 E : the code is fine but needs lockdep annotation.
01-01 08:21:57.821 0 0 I : CPU: 5 PID: 292 Comm: kworker/u16:8 Tainted: G S W O 4.19.157+ #1
01-01 08:21:57.826 0 0 I Hardware name: Qualcomm Technologies, Inc. kona MTP-RmPM8150b (DT)
01-01 08:21:57.826 0 0 I Workqueue: events_unbound ion_system_secure_heap_prefetch_work
01-01 08:21:57.826 0 0 I Call trace:
01-01 08:21:57.826 0 0 I : dump_backtrace+0x0/0x258
01-01 08:21:57.826 0 0 I : show_stack+0x20/0x30
01-01 08:21:57.826 0 0 I : dump_stack+0xd8/0x12c
01-01 08:21:57.826 0 0 I : register_lock_class+0x4d0/0x5c8
01-01 08:21:57.826 0 0 I : __lock_acquire+0xbc/0x1e58
01-01 08:21:57.826 0 0 I : lock_acquire+0x1cc/0x218
01-01 08:21:57.826 0 0 I : _raw_spin_lock_irqsave+0x54/0x98
01-01 08:21:57.826 0 0 I : ion_system_secure_heap_prefetch_work+0x94/0x2c0
01-01 08:21:57.826 0 0 I : process_one_work+0x38c/0x660
08-30 00:52:12.248 2131 2131 D ProcessState: Binder ioctl to enable oneway spam detection failed: Invalid argument
01-01 08:21:57.826 0 0 I : worker_thread+0x268/0x4b8
08-30 00:52:12.249 1879 2163 I bt_osi_thread: run_thread: thread id 2163, thread name bt_jni_workqueue started
08-30 00:52:12.249 1879 2094 I bt_btif_core: btif_init_bluetooth finished
08-30 00:52:12.249 1879 2163 I bt_btif_core: run_message_loop entered
08-30 00:52:12.249 1879 2094 W droid.bluetoot: [0830/005212.249593:WARNING:stack_interface.cc(101)] btif_stack_state OnStackState 0x01
08-30 00:52:12.249 1879 2094 I bt_stack_manager: event_init_stack finished
08-30 00:52:12.251 684 759 I netd : trafficSwapActiveStatsMap() <5.72ms>
08-30 00:52:12.252 2078 2078 D ApplicationLoaders: Returning zygote-cached class loader: /system/framework/android.test.base.jar
08-30 00:52:12.254 1879 1879 I bt_btif : get_profile_interface: id = socket
01-01 08:21:57.826 0 0 I : kthread+0x140/0x150
01-01 08:21:57.826 0 0 I : ret_from_fork+0x10/0x1c
01-01 08:21:57.831 0 0 E swr-wcd rx_swr_ctrl: swrm_get_logical_dev_num: device 0xd01170224 is not ready
01-01 08:21:57.842 0 0 E swr_get_logical_dev_num: Error -22 to get logical addr for device d01170224
08-30 00:52:12.256 2139 2139 F linker : CANNOT LINK EXECUTABLE "/vendor/bin/hw/sxrservice": library "vendor.qti.hardware.qxr-V1-ndk_platform.so" not found: needed by main executable
01-01 08:21:57.847 0 0 E : INFO: trying to register non-static key.
08-30 00:52:12.257 1613 1648 I adbd : jdwp connection from 2131
08-30 00:52:12.257 684 759 I netd : tetherGetStats() -> {[]} <4.12ms>
08-30 00:52:12.259 1879 2163 E bt_btif_storage: btif_storage_get_adapter_property: Controller not ready! Unable to return Bluetooth Address
08-30 00:52:12.259 1879 2163 E BluetoothServiceJni: adapter_properties_callback: Status 1 is incorrect
08-30 00:52:12.263 1565 2154 D qcc-trd : Campaign Manager Main Thread
08-30 00:52:12.263 1565 2149 D qcc-trd : gpu_monitor created
08-30 00:52:12.263 1565 2148 D qcc-trd : collector_monitor(): microdump_collector created
08-30 00:52:12.264 1565 2148 I qcc-trd : collector_clear_all_event_signal: Clear all events
08-30 00:52:12.264 1565 2152 D qcc-trd : mccbandlist_monitor created
08-30 00:52:12.264 1565 2152 I qcc-trd-mbl: g_is_debug_build 1
08-30 00:52:12.265 1565 2151 D qcc-trd : mps_main created
08-30 00:52:12.265 1565 2150 D qcc-trd : static_monitor created
08-30 00:52:12.265 1879 2163 D AdapterProperties: Name is: QCOM-BTD
08-30 00:52:12.267 1565 2146 D qcc-trd : collector_monitor(): alog_collector created
08-30 00:52:12.267 1565 2146 D qcc-trd : collector_clear_all_event_signal(): ALOG collector
01-01 08:21:57.856 0 0 E : the code is fine but needs lockdep annotation.
01-01 08:21:57.859 0 0 E : INFO: trying to register non-static key.
08-30 00:52:12.267 1565 2146 I qcc-trd : collector_clear_all_event_signal: Clear all events
01-01 08:21:57.861 0 0 I : CPU: 0 PID: 2189 Comm: VideoDecMsgThre Tainted: G S W O 4.19.157+ #1
01-01 08:21:57.861 0 0 E swr-wcd rx_swr_ctrl: swrm_get_logical_dev_num: device 0xd01170224 is not ready
08-30 00:52:12.267 1565 2146 D qcc-trd-alog: alog_monitor_init()
01-01 08:21:57.861 0 0 E swr_get_logical_dev_num: Error -22 to get logical addr for device d01170224
01-01 08:21:57.862 0 0 E swr-wcd rx_swr_ctrl: swrm_get_logical_dev_num: device 0xd01170224 is not ready
08-30 00:52:12.268 1565 2147 D qcc-trd : collector_monitor(): cpu_collector created
01-01 08:21:57.862 0 0 E swr_get_logical_dev_num: Error -22 to get logical addr for device d01170224
08-30 00:52:12.268 1565 2147 I qcc-trd : collector_clear_all_event_signal: Clear all events
08-30 00:52:12.269 1565 2152 I qcc-trd : wait until /data/vendor/qdma/down/51 is ready
08-30 00:52:12.271 1879 1879 D BluetoothKeystoreService: initJni()
01-01 08:21:57.862 0 0 E swr-wcd rx_swr_ctrl: swrm_get_logical_dev_num: device 0xd01170224 is not ready
01-01 08:21:57.862 0 0 E swr_get_logical_dev_num: Error -22 to get logical addr for device d01170224
08-30 00:52:12.272 1565 2154 D qcc-trd : In function campaign_mgr_load_campaigns_from_storage
01-01 08:21:57.862 0 0 E swr-wcd rx_swr_ctrl: swrm_get_logical_dev_num: device 0xd01170224 is not ready
01-01 08:21:57.862 0 0 E swr_get_logical_dev_num: Error -22 to get logical addr for device d01170224
08-30 00:52:12.272 1565 2154 D qcc-trd : campaign_mgr_load_campaigns_from_storage Directory opened succesfully
01-01 08:21:57.862 0 0 E wcd938x_codec wcd938x-codec: wcd938x_bind: Slave bind failed, ret = -517
01-01 08:21:57.866 0 0 E : the code is fine but needs lockdep annotation.
01-01 08:21:57.866 0 0 E : [drm:dp_display_init_aux_switch][msm-dp-err][85 ]failed to register notifier (-22)
08-30 00:52:12.272 1565 2154 E qcc-trd : Not a recongnizable campaign file .
01-01 08:21:57.875 0 0 I Hardware name: Qualcomm Technologies, Inc. kona MTP-RmPM8150b (DT)
08-30 00:52:12.272 1565 2154 E qcc-trd : Not a recongnizable campaign file ..
08-30 00:52:12.272 1879 1879 I bt_btif : get_profile_interface: id = bluetooth_keystore
01-01 08:21:57.875 0 0 I Call trace:
01-01 08:21:57.875 0 0 I : dump_backtrace+0x0/0x258
01-01 08:21:57.875 0 0 I : show_stack+0x20/0x30
08-30 00:52:12.273 2131 2131 I service_manager_slow: [10,activity]
01-01 08:21:57.875 0 0 I : dump_stack+0xd8/0x12c
01-01 08:21:57.875 0 0 I : register_lock_class+0x4d0/0x5c8
01-01 08:21:57.875 0 0 I : __lock_acquire+0xbc/0x1e58
08-30 00:52:12.274 1044 2140 I am_proc_bound: [0,2131,com.android.networkstack.process]
01-01 08:21:57.875 0 0 I : lock_acquire+0x1cc/0x218
08-30 00:52:12.275 1879 1879 I bt_btif : get_profile_interface: id = sdp
01-01 08:21:57.875 0 0 I : _raw_spin_lock_irqsave+0x54/0x98
08-30 00:52:12.277 1044 1044 D NetworkSecurityConfig: No Network Security Config specified, using platform default
08-30 00:52:12.277 1280 1280 I perfetto: probes_producer.cc:241 Ftrace setup (target_buf=1)
01-01 08:21:57.875 0 0 I : __ion_system_secure_heap_resize+0x768/0x8c0
01-01 08:21:57.875 0 0 I : ion_system_secure_heap_prefetch+0x28/0x38
01-01 08:21:57.875 0 0 I : ion_walk_heaps+0x88/0xb8
01-01 08:21:57.875 0 0 I : ion_ioctl+0x1b0/0x2a8
01-01 08:21:57.875 0 0 I : __arm64_compat_sys_ioctl+0xf4/0x240
01-01 08:21:57.875 0 0 I : el0_svc_common+0xa4/0x190
01-01 08:21:57.875 0 0 I : el0_svc_compat_handler+0x28/0x38
01-01 08:21:57.875 0 0 I : el0_svc_compat+0x8/0x34
01-01 08:21:57.875 0 0 I : CPU: 5 PID: 292 Comm: kworker/u16:8 Tainted: G S W O 4.19.157+ #1
01-01 08:21:57.875 0 0 I Hardware name: Qualcomm Technologies, Inc. kona MTP-RmPM8150b (DT)
01-01 08:21:57.875 0 0 I Workqueue: events_unbound ion_system_secure_heap_prefetch_work
01-01 08:21:57.879 0 0 E : INFO: trying to register non-static key.
01-01 08:21:57.879 0 0 E : the code is fine but needs lockdep annotation.
08-30 00:52:12.278 2133 2133 F linker : CANNOT LINK EXECUTABLE "/vendor/bin/hw/qvrservice": library "vendor.qti.hardware.qxr-V1-ndk_platform.so" not found: needed by /vendor/lib64/libqvrservice.so in namespace (default)
08-30 00:52:12.280 1372 1963 D PlatformConfig: getInstance: Enter
08-30 00:52:12.280 1372 1963 D PlatformConfig: getInt32 Config name: vidc_dec_log_in value: 0
08-30 00:52:12.280 1372 1963 D PlatformConfig: getInstance: Enter
08-30 00:52:12.280 1372 1963 D PlatformConfig: getInt32 Config name: vidc_dec_log_out value: 0
08-30 00:52:12.280 1372 1963 D PlatformConfig: getInstance: Enter
08-30 00:52:12.280 1372 1963 D PlatformConfig: getInt32 Config name: vidc_dec_sec_prefetch_size_internal value: 209715200
08-30 00:52:12.280 1372 1963 D PlatformConfig: getInstance: Enter
08-30 00:52:12.280 1372 1963 D PlatformConfig: getInt32 Config name: vidc_dec_sec_prefetch_size_output value: 13434880
08-30 00:52:12.280 1372 1963 D PlatformConfig: getInstance: Enter
08-30 00:52:12.280 1372 1963 D PlatformConfig: getInt32 Config name: vidc_perf_control_enable value: 0
08-30 00:52:12.280 1372 1963 D PlatformConfig: getInstance: Enter
08-30 00:52:12.280 1372 1963 D PlatformConfig: getInt32 Config name: vidc_dec_thumbnail_yuv_output value: 0
08-30 00:52:12.280 1372 1963 D PlatformConfig: getInstance: Enter
08-30 00:52:12.280 1372 1963 D PlatformConfig: getInt32: Returning default
08-30 00:52:12.280 1372 1963 D PlatformConfig: getInstance: Enter
08-30 00:52:12.280 1372 1963 D PlatformConfig: getInt32 Config name: vidc_dec_output_rate value: 120
08-30 00:52:12.281 1044 2140 D CompatibilityChangeReporter: Compat change id reported: 168419799; UID 1073; state: DISABLED
08-30 00:52:12.281 1044 2140 D CompatibilityInfo: mCompatibilityFlags - 4
08-30 00:52:12.281 1044 2140 D CompatibilityInfo: applicationDensity - 240
08-30 00:52:12.281 1044 2140 D CompatibilityInfo: applicationScale - 1.0
08-30 00:52:12.281 1372 1963 I OMX-VDEC-1080P: component_init: OMX.qcom.video.decoder.hevc : fd=7
08-30 00:52:12.282 1044 1194 W BestClock: java.time.DateTimeException: Missing NTP fix
08-30 00:52:12.282 1044 1194 I netstats_mobile_sample: [0,0,0,0,0,0,0,0,0,0,0,0,1661791932282]
08-30 00:52:12.282 1044 1194 I netstats_wifi_sample: [0,0,0,0,0,0,0,0,0,0,0,0,1661791932282]
08-30 00:52:12.285 1044 2140 I am_uid_active: 1073
08-30 00:52:12.285 1882 1882 W OneHandedController: Device doesn't support OneHanded feature
08-30 00:52:12.288 1044 2140 D CompatibilityInfo: mCompatibilityFlags - 4
08-30 00:52:12.288 1044 2140 D CompatibilityInfo: applicationDensity - 240
08-30 00:52:12.288 1044 2140 D CompatibilityInfo: applicationScale - 1.0
08-30 00:52:12.294 2078 2078 D nativeloader: classloader namespace configured for unbundled vendor apk. library_path=/vendor/app/CACertService/lib/arm64:/vendor/lib64
08-30 00:52:12.296 1372 1963 E OMX-VDEC-1080P: Unsupported output color format for c2d (2141391876)
08-30 00:52:12.296 1372 1963 E OMX-VDEC-1080P: Setting color format failed
08-30 00:52:12.297 1044 2140 D CompatibilityChangeReporter: Compat change id reported: 168419799; UID 1073; state: DISABLED
08-30 00:52:12.297 1044 2140 D CompatibilityInfo: mCompatibilityFlags - 4
08-30 00:52:12.297 1044 2140 D CompatibilityInfo: applicationDensity - 240
08-30 00:52:12.297 1044 2140 D CompatibilityInfo: applicationScale - 1.0
08-30 00:52:12.297 1044 1734 W BestClock: java.time.DateTimeException: Missing NTP fix
08-30 00:52:12.297 1372 1963 D PlatformConfig: getInstance: Enter
08-30 00:52:12.297 1372 1963 D PlatformConfig: getInt32: Returning default
08-30 00:52:12.298 1372 1963 D PlatformConfig: getInstance: Enter
08-30 00:52:12.298 1372 1963 D PlatformConfig: getInt32: Returning default
08-30 00:52:12.298 1372 1963 I OMX-VDEC-1080P: omx_vdec::component_init() success : fd=7
08-30 00:52:12.302 1372 1416 E OMX-VDEC-1080P: Extension: OMX.google.android.index.storeANWBufferInMetadata not implemented
08-30 00:52:12.302 1372 1416 E OMX-VDEC-1080P: Extension: OMX.google.android.index.configureVideoTunnelMode not implemented
08-30 00:52:12.302 1372 1416 E OMX-VDEC-1080P: Extension: OMX.google.android.index.useAndroidNativeBuffer is supported
08-30 00:52:12.302 1044 1176 I ServiceWatcher: [fused] connected to {com.android.location.fused/com.android.location.fused.FusedLocationService}
08-30 00:52:12.304 1879 1879 D BluetoothDatabase: start()
08-30 00:52:12.304 1372 1416 E OMXNodeInstance: getParameter(0xf3280014:qcom.decoder.hevc, ??(0x7f000044)) ERROR: UnsupportedSetting(0x80001019)
08-30 00:52:12.305 1372 1416 E OMXNodeInstance: getParameter(0xf3280014:qcom.decoder.hevc, ??(0x7f000044)) ERROR: UnsupportedSetting(0x80001019)
08-30 00:52:12.306 1044 1044 E WiredAccessoryManager: No state change.
08-30 00:52:12.308 1372 1416 E OMX-VDEC-1080P: Extension: OMX.google.android.index.configureVideoTunnelMode not implemented
08-30 00:52:12.308 1372 1416 E OMXNodeInstance: getExtensionIndex(0xf3280014:qcom.decoder.hevc, OMX.google.android.index.configureVideoTunnelMode) ERROR: NotImplemented(0x80001006)
08-30 00:52:12.308 1350 1418 D MediaCodecInfo: detail feature-tunneled-playback wasn't present to remove
08-30 00:52:12.309 1372 1416 E OMX-VDEC-1080P: set_parameter: Error: 0x80001019, setting param 0x7f00005d
08-30 00:52:12.309 1372 1416 E OMXNodeInstance: setParameter(0xf3280014:qcom.decoder.hevc, OMX.google.android.index.allocateNativeHandle(0x7f00005d): Output:1 en=0) ERROR: UnsupportedSetting(0x80001019)
08-30 00:52:12.309 1372 1416 E OMX-VDEC-1080P: Extension: OMX.google.android.index.storeANWBufferInMetadata not implemented
08-30 00:52:12.309 2131 2131 D CompatibilityChangeReporter: Compat change id reported: 171979766; UID 1073; state: ENABLED
08-30 00:52:12.312 1044 1734 W BestClock: java.time.DateTimeException: Missing NTP fix
08-30 00:52:12.314 1372 1416 I OMX-VDEC-1080P: omx_vdec::component_deinit() complete
08-30 00:52:12.314 1044 1734 W BestClock: java.time.DateTimeException: Missing NTP fix
08-30 00:52:12.315 1044 1044 W TrustManagerService: EXTRA_USER_HANDLE missing or invalid, value=0
08-30 00:52:12.315 1879 1879 D BluetoothDatabase: Load Database
08-30 00:52:12.315 1879 1879 D BluetoothAdapterService: Phone policy enabled
08-30 00:52:12.318 1879 1879 D BluetoothBondStateMachine: make
08-30 00:52:12.320 1879 1879 D BluetoothActiveDeviceManager: start()
08-30 00:52:12.321 1879 2173 I BluetoothBondStateMachine: StableState(): Entering Off State
08-30 00:52:12.327 1044 1734 W BestClock: java.time.DateTimeException: Missing NTP fix
08-30 00:52:12.328 1044 1734 W BestClock: java.time.DateTimeException: Missing NTP fix
08-30 00:52:12.333 1372 1416 I OMX-VDEC-1080P: Exit OMX vdec Destructor: fd=7
08-30 00:52:12.333 1044 1194 W BestClock: java.time.DateTimeException: Missing NTP fix
08-30 00:52:12.335 1044 1044 I SystemServerTiming: ManagedServices.unbindOtherUserServices_current0
08-30 00:52:12.335 1044 1044 D SystemServerTiming: ManagedServices.unbindOtherUserServices_current0 took to complete: 0ms
08-30 00:52:12.336 1044 1044 I SystemServerTiming: ManagedServices.unbindOtherUserServices_current0
08-30 00:52:12.336 1044 1044 D SystemServerTiming: ManagedServices.unbindOtherUserServices_current0 took to complete: 0ms
08-30 00:52:12.336 1044 1044 I SystemServerTiming: ManagedServices.unbindOtherUserServices_current0
08-30 00:52:12.336 1044 1044 D SystemServerTiming: ManagedServices.unbindOtherUserServices_current0 took to complete: 0ms
08-30 00:52:12.336 1044 1044 V NotificationAssistants: enabling notification assistant for 0: ComponentInfo{android.ext.services/android.ext.services.notification.Assistant}
08-30 00:52:12.337 1044 1044 V NotificationAssistants: binding: Intent { act=android.service.notification.NotificationAssistantService cmp=android.ext.services/.notification.Assistant (has extras) }
08-30 00:52:12.340 1257 1257 I modprobe: Loaded kernel module /vendor/lib/modules/qca_cld3_qca6390.ko
08-30 00:52:12.341 1257 1257 I modprobe: Loading module /vendor/lib/modules/qca_cld3_qca6490.ko with args ""
08-30 00:52:12.358 684 759 I netd : trafficSwapActiveStatsMap() <24.58ms>
08-30 00:52:12.362 684 759 I netd : tetherGetStats() -> {[]} <2.26ms>
08-30 00:52:12.369 685 685 D Zygote : Forked child process 2178
01-01 08:21:57.966 0 0 I Call trace:
01-01 08:21:57.966 0 0 I : dump_backtrace+0x0/0x258
01-01 08:21:57.966 0 0 I : show_stack+0x20/0x30
01-01 08:21:57.966 0 0 I : dump_stack+0xd8/0x12c
01-01 08:21:57.966 0 0 I : register_lock_class+0x4d0/0x5c8
01-01 08:21:57.966 0 0 I : __lock_acquire+0xbc/0x1e58
01-01 08:21:57.966 0 0 I : lock_acquire+0x1cc/0x218
01-01 08:21:57.966 0 0 I : _raw_spin_lock_irqsave+0x54/0x98
01-01 08:21:57.966 0 0 I : ion_system_secure_heap_prefetch_work+0x94/0x2c0
01-01 08:21:57.966 0 0 I : process_one_work+0x38c/0x660
01-01 08:21:57.966 0 0 I : worker_thread+0x268/0x4b8
01-01 08:21:57.966 0 0 I : kthread+0x140/0x150
01-01 08:21:57.966 0 0 I : ret_from_fork+0x10/0x1c
01-01 08:21:57.966 0 0 I : CPU: 6 PID: 1963 Comm: HwBinder:1372_3 Tainted: G S W O 4.19.157+ #1
01-01 08:21:57.966 0 0 I Hardware name: Qualcomm Technologies, Inc. kona MTP-RmPM8150b (DT)
01-01 08:21:57.966 0 0 I Call trace:
01-01 08:21:57.966 0 0 I : dump_backtrace+0x0/0x258
01-01 08:21:57.966 0 0 I : show_stack+0x20/0x30
01-01 08:21:57.966 0 0 I : dump_stack+0xd8/0x12c
01-01 08:21:57.966 0 0 I : register_lock_class+0x4d0/0x5c8
01-01 08:21:57.966 0 0 I : __lock_acquire+0xbc/0x1e58
08-30 00:52:12.370 1044 1199 W ActivityManager: Slow operation: 813ms so far, now at startProcess: returned from zygote!
08-30 00:52:12.371 1044 1199 W ActivityManager: Slow operation: 815ms so far, now at startProcess: done updating battery stats
08-30 00:52:12.372 1044 1199 I am_proc_start: [0,2178,1000,vendor.qti.qesdk.sysservice,added application,vendor.qti.qesdk.sysservice]
08-30 00:52:12.372 1044 1199 W ActivityManager: Slow operation: 815ms so far, now at startProcess: building log message
08-30 00:52:12.372 1044 1199 I ActivityManager: Start proc 2178:vendor.qti.qesdk.sysservice/1000 for added application vendor.qti.qesdk.sysservice
08-30 00:52:12.372 1044 1199 W ActivityManager: Slow operation: 816ms so far, now at startProcess: starting to update pids map
08-30 00:52:12.372 823 1771 D audio_hw_primary: adev_set_mic_mute state 0
08-30 00:52:12.372 1044 1199 W ActivityManager: Slow operation: 816ms so far, now at startProcess: done updating pids map
08-30 00:52:12.372 1044 1199 W ActivityManager: Slow operation: 815ms so far, now at startProcess: asking zygote to start proc
08-30 00:52:12.372 1044 1199 D CompatibilityChangeReporter: Compat change id reported: 143937733; UID 10092; state: DISABLED
08-30 00:52:12.376 1879 2174 D BluetoothActiveDeviceManager: onAudioDevicesAdded
01-01 08:21:57.966 0 0 I : lock_acquire+0x1cc/0x218
08-30 00:52:12.376 1879 2174 D BluetoothActiveDeviceManager: Audio device added: figure type: 1
01-01 08:21:57.966 0 0 I : _raw_spin_lock_irqsave+0x54/0x98
01-01 08:21:57.966 0 0 I : __ion_system_secure_heap_resize+0x768/0x8c0
08-30 00:52:12.376 1879 2174 D BluetoothActiveDeviceManager: Audio device added: figure type: 2
01-01 08:21:57.966 0 0 I : ion_system_secure_heap_drain+0x28/0x38
01-01 08:21:57.966 0 0 I : ion_walk_heaps+0x88/0xb8
01-01 08:21:57.966 0 0 I : ion_ioctl+0x1b0/0x2a8
08-30 00:52:12.376 1879 2174 D BluetoothActiveDeviceManager: Audio device added: figure type: 18
01-01 08:21:57.966 0 0 I : __arm64_compat_sys_ioctl+0xf4/0x240
01-01 08:21:57.966 0 0 I : el0_svc_common+0xa4/0x190
01-01 08:21:57.966 0 0 I : el0_svc_compat_handler+0x28/0x38
08-30 00:52:12.376 1879 2174 D BluetoothActiveDeviceManager: Audio device added: figure type: 15
01-01 08:21:57.966 0 0 I : el0_svc_compat+0x8/0x34
08-30 00:52:12.376 1879 2174 D BluetoothActiveDeviceManager: Audio device added: figure type: 18
08-30 00:52:12.376 1879 2174 D BluetoothActiveDeviceManager: Audio device added: figure type: 15
08-30 00:52:12.376 1879 2174 D BluetoothActiveDeviceManager: Audio device added: figure type: 25
08-30 00:52:12.376 1879 2174 D BluetoothActiveDeviceManager: Audio device added: figure type: 16
08-30 00:52:12.397 1879 1879 D BluetoothAdapterService: setAdapterService com.android.bluetooth.btservice.AdapterService@af90ed7
08-30 00:52:12.399 1350 1418 I OMXClient: IOmx service obtained
08-30 00:52:12.399 1372 1963 I OMXMaster: makeComponentInstance(OMX.qcom.video.decoder.hevc.secure) in android.hardwar process
08-30 00:52:12.400 1372 1963 D PlatformConfig: getInstance: Enter
01-01 08:21:57.977 0 0 I msm_vidc: high: 00000001: h265d: Closed video instance: ffffffce1da74000
08-30 00:52:12.400 1372 1963 D PlatformConfig: getConfigStoreBool: vpp/enable=false, returning false
01-01 08:21:57.977 0 0 I perfetto: enabled ftrace
01-01 08:21:57.983 0 0 E : INFO: trying to register non-static key.
08-30 00:52:12.403 1044 1194 W BestClock: java.time.DateTimeException: Missing NTP fix
01-01 08:21:57.988 0 0 E : the code is fine but needs lockdep annotation.
01-01 08:21:57.993 0 0 I cnss-daemon: DMS thread joined succesfully
08-30 00:52:12.403 1044 1194 I netstats_mobile_sample: [0,0,0,0,0,0,0,0,0,0,0,0,1661791932403]
01-01 08:21:57.994 0 0 I : CPU: 4 PID: 292 Comm: kworker/u16:8 Tainted: G S W O 4.19.157+ #1
01-01 08:21:57.994 0 0 I Hardware name: Qualcomm Technologies, Inc. kona MTP-RmPM8150b (DT)
01-01 08:21:57.994 0 0 I Workqueue: events_unbound ion_system_secure_heap_prefetch_work
08-30 00:52:12.403 1044 1194 I netstats_wifi_sample: [0,0,0,0,0,0,0,0,0,0,0,0,1661791932403]
01-01 08:21:57.994 0 0 I Call trace:
01-01 08:21:57.994 0 0 I : dump_backtrace+0x0/0x258
08-30 00:52:12.405 1044 1734 W BestClock: java.time.DateTimeException: Missing NTP fix
01-01 08:21:57.994 0 0 I : show_stack+0x20/0x30
01-01 08:21:57.994 0 0 I : dump_stack+0xd8/0x12c
01-01 08:21:57.994 0 0 I : register_lock_class+0x4d0/0x5c8
08-30 00:52:12.407 1044 1734 W BestClock: java.time.DateTimeException: Missing NTP fix
01-01 08:21:57.994 0 0 I : __lock_acquire+0xbc/0x1e58
01-01 08:21:57.994 0 0 I : lock_acquire+0x1cc/0x218
08-30 00:52:12.409 1044 1734 W BestClock: java.time.DateTimeException: Missing NTP fix
01-01 08:21:57.994 0 0 I : _raw_spin_lock_irqsave+0x54/0x98
01-01 08:21:57.994 0 0 I : ion_system_secure_heap_prefetch_work+0x94/0x2c0
01-01 08:21:57.994 0 0 I : process_one_work+0x38c/0x660
08-30 00:52:12.409 1044 1734 W BestClock: java.time.DateTimeException: Missing NTP fix
01-01 08:21:57.994 0 0 I : worker_thread+0x268/0x4b8
01-01 08:21:57.994 0 0 I : kthread+0x140/0x150
08-30 00:52:12.415 1879 1879 I droid.bluetoot: [0830/005212.415626:INFO:com_android_bluetooth_btservice_vendor.cpp(869)] load_bt_configstore_lib loaded HAL: bt_configstore_interface_t=0x7557697970, bt_configstore_lib_handle=0x9a5e4242b73cefa3
01-01 08:21:57.994 0 0 I : ret_from_fork+0x10/0x1c
01-01 08:21:57.994 0 0 I cnss-daemon: wlfw_stop: Stop done: 0
01-01 08:21:57.994 0 0 I cnss-daemon: wlfw_start: Starting
08-30 00:52:12.416 1879 1879 I bt_config_store: getVendorProperties
01-01 08:21:58.012 0 0 I cnss-daemon: wlfw_service_request: Start the pthread: 0x0K
01-01 08:21:58.012 0 0 E : INFO: trying to register non-static key.
08-30 00:52:12.423 2078 2078 I Perf : Connecting to perf service.
01-01 08:21:58.017 0 0 E : the code is fine but needs lockdep annotation.
01-01 08:21:58.023 0 0 I : CPU: 4 PID: 292 Comm: kworker/u16:8 Tainted: G S W O 4.19.157+ #1
01-01 08:21:58.023 0 0 I Hardware name: Qualcomm Technologies, Inc. kona MTP-RmPM8150b (DT)
08-30 00:52:12.432 1879 1879 D hw-ProcessState: Binder ioctl to enable oneway spam detection failed: Invalid argument
01-01 08:21:58.023 0 0 I Workqueue: events_unbound ion_system_secure_heap_prefetch_work
08-30 00:52:12.434 1044 1194 W BestClock: java.time.DateTimeException: Missing NTP fix
08-30 00:52:12.442 1372 1963 D PlatformConfig: getInstance: Enter
08-30 00:52:12.442 1372 1963 D PlatformConfig: getInt32 Config name: vidc_dec_log_in value: 0
08-30 00:52:12.442 1372 1963 D PlatformConfig: getInstance: Enter
01-01 08:21:58.023 0 0 I Call trace:
01-01 08:21:58.023 0 0 I : dump_backtrace+0x0/0x258
08-30 00:52:12.442 1372 1963 D PlatformConfig: getInt32 Config name: vidc_dec_log_out value: 0
01-01 08:21:58.023 0 0 I : show_stack+0x20/0x30
01-01 08:21:58.023 0 0 I : dump_stack+0xd8/0x12c
01-01 08:21:58.023 0 0 I : register_lock_class+0x4d0/0x5c8
08-30 00:52:12.442 1372 1963 D PlatformConfig: getInstance: Enter
01-01 08:21:58.023 0 0 I : __lock_acquire+0xbc/0x1e58
01-01 08:21:58.023 0 0 I : lock_acquire+0x1cc/0x218
08-30 00:52:12.442 1372 1963 D PlatformConfig: getInt32 Config name: vidc_dec_sec_prefetch_size_internal value: 209715200
01-01 08:21:58.023 0 0 I : _raw_spin_lock_irqsave+0x54/0x98
01-01 08:21:58.023 0 0 I : ion_system_secure_heap_prefetch_work+0x94/0x2c0
01-01 08:21:58.023 0 0 I : process_one_work+0x38c/0x660
01-01 08:21:58.023 0 0 I : worker_thread+0x268/0x4b8
01-01 08:21:58.023 0 0 I : kthread+0x140/0x150
01-01 08:21:58.023 0 0 I : ret_from_fork+0x10/0x1c
01-01 08:21:58.031 0 0 I cnss-daemon: ro.baseband : [apq]
08-30 00:52:12.442 1372 1963 D PlatformConfig: getInstance: Enter
08-30 00:52:12.446 835 835 I vendor.qti.hardware.btconfigstore@2.0-BTConfigStore: getVendorProperties:: Bluetooth soc type set to: hastings, ret: 8
08-30 00:52:12.446 835 835 I vendor.qti.hardware.btconfigstore@2.0-BTConfigStore: getVendorProperties:: persist.vendor.qcom.bluetooth.enable.splita2dp: true, ret: 4
