01-01 08:21:48.835 0 0 I : softirqs last disabled at (299971): [] irq_exit+0xfc/0x120
01-01 08:21:48.835 0 0 W : ---[ end trace c3d72cd1a1b80c86 ]---
01-01 08:21:48.835 0 0 W : ------------[ cut here ]------------
01-01 08:21:48.835 0 0 I : cam_cc_mclk0_clk already unprepared
01-01 08:21:48.835 0 0 W : WARNING: CPU: 5 PID: 837 at drivers/clk/clk.c:981 clk_core_unprepare+0x384/0x400
01-01 08:21:48.835 0 0 I : Modules linked in: machine_dlkm(O) wcd938x_slave_dlkm(O) wcd938x_dlkm(O) wcd9xxx_dlkm(O) mbhc_dlkm(O) tx_macro_dlkm(O) rx_macro_dlkm(O) va_macro_dlkm(O) wsa_macro_dlkm(O) swr_ctrl_dlkm(O) bolero_cdc_dlkm(O) wsa881x_dlkm(O) wcd_core_dlkm(O) stub_dlkm(O) hdmi_dlkm(O) swr_dlkm(O) pinctrl_lpi_dlkm(O) pinctrl_wcd_dlkm(O) usf_dlkm(O) native_dlkm(O) platform_dlkm(O) q6_dlkm(O) adsp_loader_dlkm(O) apr_dlkm(O) snd_event_dlkm(O) q6_notifier_dlkm(O) q6_pdr_dlkm(O) msm_11ad_proxy
01-01 08:21:48.835 0 0 I : CPU: 5 PID: 837 Comm: android.hardwar Tainted: G S W O 4.19.157+ #1
01-01 08:21:48.835 0 0 I Hardware name: Qualcomm Technologies, Inc. kona MTP-RmPM8150b (DT)
01-01 08:21:48.835 0 0 I pstate : 60400005 (nZCv daif +PAN -UAO)
01-01 08:21:48.835 0 0 I pc : clk_core_unprepare+0x384/0x400
01-01 08:21:48.835 0 0 I lr : clk_core_unprepare+0x384/0x400
01-01 08:21:48.835 0 0 I sp : ffffff801405b960
01-01 08:21:48.835 0 0 I : x29: ffffff801405b960 x28: ffffffce44d59e80
01-01 08:21:48.835 0 0 I : x27: 0000000000000001 x26: 0000000000000068
01-01 08:21:48.835 0 0 I : x25: ffffffb0089272a8 x24: ffffffb009f511fe
01-01 08:21:48.835 0 0 I : x23: ffffffb009f51186 x22: ffffffce84f62d80
01-01 08:21:48.835 0 0 I : x21: ffffffb00c178000 x20: ffffffb00c178000
01-01 08:21:48.835 0 0 I : x19: ffffffce8c5acc80 x18: 0000000000000034
01-01 08:21:48.835 0 0 I : x17: ffffffb00b8f4000 x16: 00000000fffb3574
01-01 08:21:48.835 0 0 I : x15: 00000000000b3574 x14: 00000000000000c2
01-01 08:21:48.835 0 0 I : x13: 0000000000000004 x12: 000000003964dabe
01-01 08:21:48.835 0 0 I : x11: 0000000000000015 x10: 000000000682aaab
01-01 08:21:48.835 0 0 I : x9 : 18f88eb0e5208400 x8 : 18f88eb0e5208400
01-01 08:21:48.835 0 0 I : x7 : ffffffb007d82700 x6 : 0000000000000000
01-01 08:21:48.835 0 0 I : x5 : 0000000000000080 x4 : 0000000000000001
01-01 08:21:48.835 0 0 I : x3 : ffffff801405b588 x2 : 0000000000000007
01-01 08:21:48.835 0 0 I : x1 : ffffffb007d82874 x0 : 0000000000000023
01-01 08:21:48.835 0 0 I Call trace:
01-01 08:21:48.835 0 0 I : clk_core_unprepare+0x384/0x400
01-01 08:21:48.835 0 0 I : clk_unprepare+0x88/0x108
01-01 08:21:48.835 0 0 I : cam_soc_util_clk_disable+0x54/0x68
01-01 08:21:48.835 0 0 I : cam_sensor_util_power_down+0x258/0x4b8
01-01 08:21:48.835 0 0 I : cam_sensor_power_down+0x34/0x130
01-01 08:21:48.835 0 0 I : cam_sensor_driver_cmd+0x35c/0x12e0
01-01 08:21:48.835 0 0 I : cam_sensor_subdev_ioctl+0x3c/0x80
01-01 08:21:48.835 0 0 I : subdev_do_ioctl_lock+0x764/0xbc8
01-01 08:21:48.835 0 0 I : video_usercopy+0x38c/0x850
01-01 08:21:48.835 0 0 I : subdev_ioctl+0x38/0x48
01-01 08:21:48.835 0 0 I : v4l2_ioctl+0x6c/0x80
01-01 08:21:48.835 0 0 I : do_vfs_ioctl+0x748/0x1210
01-01 08:21:48.835 0 0 I : __arm64_sys_ioctl+0x78/0xa0
01-01 08:21:48.835 0 0 I : el0_svc_common+0xa4/0x190
01-01 08:21:48.835 0 0 I : el0_svc_handler+0x6c/0x88
01-01 08:21:48.835 0 0 I : el0_svc+0x8/0xc
01-01 08:21:48.835 0 0 I : irq event stamp: 300284
01-01 08:21:48.835 0 0 I : hardirqs last enabled at (300283): [] console_unlock+0x4bc/0x568
01-01 08:21:48.835 0 0 I : hardirqs last disabled at (300284): [] do_debug_exception+0x84/0x150
01-01 08:21:48.835 0 0 I : softirqs last enabled at (300000): [] __do_softirq+0x50c/0x554
01-01 08:21:48.835 0 0 I : softirqs last disabled at (299971): [] irq_exit+0xfc/0x120
01-01 08:21:48.835 0 0 W : ---[ end trace c3d72cd1a1b80c87 ]---
01-01 08:21:48.835 0 0 I qcom,camera ac4f000.qcom,cci: qcom,cam-sensor0: Dropping the link to regulator.77
01-01 08:21:47.825 1044 1184 I SystemConfig: Reading permissions from /system_ext/etc/permissions/izat.xt.srv.xml
01-01 08:21:47.827 1044 1184 I SystemConfig: Reading permissions from /system_ext/etc/permissions/dpmapi.xml
01-01 08:21:48.838 0 0 I CAM_ERR : CAM-UTIL: cam_soc_util_regulator_disable: 1415 Invalid NULL parameter
01-01 08:21:48.838 0 0 I CAM_ERR : CAM-SENSOR: cam_sensor_util_power_down: 2290 Reg: cam_vio disable failed
01-01 08:21:48.838 0 0 I CAM_ERR : CAM-UTIL: cam_soc_util_regulator_disable: 1415 Invalid NULL parameter
01-01 08:21:48.838 0 0 I CAM_ERR : CAM-SENSOR: cam_sensor_util_power_down: 2290 Reg: cam_vana disable failed
01-01 08:21:48.839 0 0 W : ------------[ cut here ]------------
01-01 08:21:48.839 0 0 I : unbalanced disables for titan_top_gdsc
01-01 08:21:48.839 0 0 W : WARNING: CPU: 4 PID: 837 at drivers/regulator/core.c:2401 _regulator_disable+0x1a0/0x1b0
01-01 08:21:48.839 0 0 I : Modules linked in: machine_dlkm(O) wcd938x_slave_dlkm(O) wcd938x_dlkm(O) wcd9xxx_dlkm(O) mbhc_dlkm(O) tx_macro_dlkm(O) rx_macro_dlkm(O) va_macro_dlkm(O) wsa_macro_dlkm(O) swr_ctrl_dlkm(O) bolero_cdc_dlkm(O) wsa881x_dlkm(O) wcd_core_dlkm(O) stub_dlkm(O) hdmi_dlkm(O) swr_dlkm(O) pinctrl_lpi_dlkm(O) pinctrl_wcd_dlkm(O) usf_dlkm(O) native_dlkm(O) platform_dlkm(O) q6_dlkm(O) adsp_loader_dlkm(O) apr_dlkm(O) snd_event_dlkm(O) q6_notifier_dlkm(O) q6_pdr_dlkm(O) msm_11ad_proxy
01-01 08:21:48.840 0 0 I : CPU: 4 PID: 837 Comm: android.hardwar Tainted: G S W O 4.19.157+ #1
01-01 08:21:48.840 0 0 I Hardware name: Qualcomm Technologies, Inc. kona MTP-RmPM8150b (DT)
01-01 08:21:48.840 0 0 I pstate : 60400005 (nZCv daif +PAN -UAO)
01-01 08:21:48.840 0 0 I pc : _regulator_disable+0x1a0/0x1b0
01-01 08:21:48.840 0 0 I lr : _regulator_disable+0x19c/0x1b0
01-01 08:21:48.840 0 0 I sp : ffffff801405b3d0
01-01 08:21:48.840 0 0 I : x29: ffffff801405b3d0 x28: 0000000000000000
01-01 08:21:48.840 0 0 I : x27: 0000007fde190970 x26: ffffffce84c90000
01-01 08:21:48.840 0 0 I : x25: ffffffb0089272a8 x24: ffffffce53a4cb40
01-01 08:21:48.840 0 0 I : x23: ffffffce84c92d18 x22: ffffffce84c4dbf0
01-01 08:21:48.840 0 0 I : x21: ffffffce8c4993a8 x20: 00000000fffffffb
01-01 08:21:48.840 0 0 I : x19: ffffffce8c499280 x18: 0000000000000038
01-01 08:21:48.840 0 0 I : x17: ffffffb00b8f4000 x16: 00000000fffb26ac
01-01 08:21:48.840 0 0 I : x15: 00000000000b26ac x14: 00000000000000c2
01-01 08:21:48.840 0 0 I : x13: 0000000000000004 x12: 0000000039662a6f
01-01 08:21:48.840 0 0 I : x11: 0000000000000015 x10: 000000000682aaab
01-01 08:21:48.840 0 0 I : x9 : 18f88eb0e5208400 x8 : 18f88eb0e5208400
01-01 08:21:48.840 0 0 I : x7 : ffffffb007d82700 x6 : 0000000000000000
01-01 08:21:48.840 0 0 I : x5 : 0000000000000080 x4 : 0000000000000001
01-01 08:21:48.840 0 0 I : x3 : ffffff801405aff8 x2 : ffffffb007c97b48
01-01 08:21:48.840 0 0 I : x1 : ffffffb007d82874 x0 : 0000000000000026
01-01 08:21:48.840 0 0 I Call trace:
01-01 08:21:48.840 0 0 I : _regulator_disable+0x1a0/0x1b0
01-01 08:21:48.840 0 0 I : regulator_disable+0x3c/0x88
01-01 08:21:48.840 0 0 I : cam_soc_util_disable_platform_resource+0xb0/0x100
01-01 08:21:48.840 0 0 I : cam_cpas_soc_disable_resources+0x30/0x78
01-01 08:21:48.840 0 0 I : cam_cpas_hw_stop+0x2a0/0x4e0
01-01 08:21:48.840 0 0 I : cam_cpas_stop+0x58/0x110
01-01 08:21:48.840 0 0 I : cam_cci_soc_release+0x110/0x1a0
01-01 08:21:48.840 0 0 I : cam_cci_core_cfg+0x14c/0x15e8
01-01 08:21:48.840 0 0 I : cam_cci_subdev_ioctl+0x50/0xc0
01-01 08:21:48.840 0 0 I : cam_sensor_cci_i2c_util+0x60/0xd0
01-01 08:21:48.840 0 0 I : camera_io_release+0x38/0x88
01-01 08:21:48.840 0 0 I : cam_sensor_power_down+0x64/0x130
01-01 08:21:48.840 0 0 I : cam_sensor_driver_cmd+0x35c/0x12e0
01-01 08:21:48.840 0 0 I : cam_sensor_subdev_ioctl+0x3c/0x80
01-01 08:21:48.840 0 0 I : subdev_do_ioctl_lock+0x764/0xbc8
01-01 08:21:48.840 0 0 I : video_usercopy+0x38c/0x850
01-01 08:21:48.840 0 0 I : subdev_ioctl+0x38/0x48
01-01 08:21:48.840 0 0 I : v4l2_ioctl+0x6c/0x80
01-01 08:21:48.840 0 0 I : do_vfs_ioctl+0x748/0x1210
01-01 08:21:48.840 0 0 I : __arm64_sys_ioctl+0x78/0xa0
01-01 08:21:48.840 0 0 I : el0_svc_common+0xa4/0x190
01-01 08:21:48.840 0 0 I : el0_svc_handler+0x6c/0x88
01-01 08:21:48.840 0 0 I : el0_svc+0x8/0xc
01-01 08:21:48.840 0 0 I : irq event stamp: 300548
01-01 08:21:48.840 0 0 I : hardirqs last enabled at (300547): [] console_unlock+0x4bc/0x568
01-01 08:21:48.840 0 0 I : hardirqs last disabled at (300548): [] do_debug_exception+0x84/0x150
01-01 08:21:48.840 0 0 I : softirqs last enabled at (300000): [] __do_softirq+0x50c/0x554
01-01 08:21:48.840 0 0 I : softirqs last disabled at (299971): [] irq_exit+0xfc/0x120
01-01 08:21:48.840 0 0 W : ---[ end trace c3d72cd1a1b80c88 ]---
01-01 08:21:47.829 1044 1184 I SystemConfig: Reading permissions from /system_ext/etc/permissions/com.nxp.nfc.nq.xml
01-01 08:21:47.831 1044 1184 I SystemConfig: Reading permissions from /system_ext/etc/permissions/com.qualcomm.qti.imscmservice-V2.1-java.xml
01-01 08:21:47.833 1044 1184 I SystemConfig: Reading permissions from /system_ext/etc/permissions/telephony_system-ext_privapp-permissions-qti.xml
01-01 08:21:47.836 1044 1184 I SystemConfig: Reading permissions from /system_ext/etc/permissions/com.android.storagemanager.xml
01-01 08:21:47.838 1044 1184 I SystemConfig: Reading permissions from /system_ext/etc/permissions/com.qualcomm.location.xml
01-01 08:21:47.840 1044 1184 I SystemConfig: Reading permissions from /system_ext/etc/permissions/qti_supplicant_interface.xml
01-01 08:21:47.842 1044 1184 I SystemConfig: Reading permissions from /system_ext/etc/permissions/vendor.qti.ims.rcsservice.xml
01-01 08:21:47.850 1044 1184 I SystemConfig: Reading permissions from /apex/com.android.ipsec/etc/permissions/android.net.ipsec.ike.xml
01-01 08:21:47.847 1201 1201 I auditd : type=1400 audit(0.0:18): avc: denied { write } for comm="ln" name="fs" dev="configfs" ino=49228 scontext=u:r:vendor_qti_init_shell:s0 tcontext=u:object_r:configfs:s0 tclass=dir permissive=0
01-01 08:21:47.855 1044 1184 D SystemConfig: readAllPermissions took to complete: 324ms
01-01 08:21:47.855 1044 1184 D SystemServerInitThreadPool: Finished executing ReadingSystemConfig
01-01 08:21:47.855 1044 1184 D SystemServerTimingAsync: InitThreadPoolExec:ReadingSystemConfig took to complete: 324ms
01-01 08:21:48.867 0 0 I qcom,camera ac4f000.qcom,cci: qcom,cam-sensor0: Linked as a consumer to regulator.55
01-01 08:21:48.868 0 0 I qcom,camera ac4f000.qcom,cci: qcom,cam-sensor0: Linked as a consumer to regulator.57
01-01 08:21:48.868 0 0 I qcom,camera ac4f000.qcom,cci: qcom,cam-sensor0: Linked as a consumer to regulator.77
01-01 08:21:48.868 0 0 I CAM_ERR : CAM-UTIL: cam_soc_util_regulator_enable: 1459 cam_clk set voltage failed
01-01 08:21:48.868 0 0 I CAM_ERR : CAM-SENSOR: cam_sensor_core_power_up: 1928 Reg enable failed
01-01 08:21:48.868 0 0 I CAM_ERR : CAM-SENSOR: cam_sensor_core_power_up: 2062 failed
01-01 08:21:48.868 0 0 I qcom,camera ac4f000.qcom,cci: qcom,cam-sensor0: Dropping the link to regulator.57
01-01 08:21:48.868 0 0 I CAM_ERR : CAM-SENSOR: cam_sensor_core_power_up: 2131 seq_val:100 > num_vreg: 4
01-01 08:21:48.868 0 0 I qcom,camera ac4f000.qcom,cci: qcom,cam-sensor0: Dropping the link to regulator.55
01-01 08:21:48.873 0 0 I CAM_ERR : CAM-CCI: cam_cci_irq: 238 Base:ffffff801a055000, M0_Q1 NACK ERROR: 0x10000000
01-01 08:21:48.875 0 0 I CAM_ERR : CAM-CCI: cam_cci_read: 1306 ERROR with Slave 0x20:
01-01 08:21:48.875 0 0 I CAM_ERR : CAM-CCI: cam_cci_read_bytes: 1561 failed to read rc:-22
01-01 08:21:48.875 0 0 I CAM_ERR : CAM-SENSOR: cam_cci_i2c_read: 35 rc = -22
01-01 08:21:48.875 0 0 I CAM_WARN: CAM-SENSOR: cam_sensor_match_id: 769 read id: 0x0 expected id 0x362:
01-01 08:21:48.875 0 0 W : ------------[ cut here ]------------
01-01 08:21:48.875 0 0 I : cam_cc_mclk0_clk already disabled
01-01 08:21:48.875 0 0 W : WARNING: CPU: 7 PID: 837 at drivers/clk/clk.c:1144 clk_core_disable+0x230/0x270
01-01 08:21:48.875 0 0 I : Modules linked in: machine_dlkm(O) wcd938x_slave_dlkm(O) wcd938x_dlkm(O) wcd9xxx_dlkm(O) mbhc_dlkm(O) tx_macro_dlkm(O) rx_macro_dlkm(O) va_macro_dlkm(O) wsa_macro_dlkm(O) swr_ctrl_dlkm(O) bolero_cdc_dlkm(O) wsa881x_dlkm(O) wcd_core_dlkm(O) stub_dlkm(O) hdmi_dlkm(O) swr_dlkm(O) pinctrl_lpi_dlkm(O) pinctrl_wcd_dlkm(O) usf_dlkm(O) native_dlkm(O) platform_dlkm(O) q6_dlkm(O) adsp_loader_dlkm(O) apr_dlkm(O) snd_event_dlkm(O) q6_notifier_dlkm(O) q6_pdr_dlkm(O) msm_11ad_proxy
01-01 08:21:48.875 0 0 I : CPU: 7 PID: 837 Comm: android.hardwar Tainted: G S W O 4.19.157+ #1
01-01 08:21:48.875 0 0 I Hardware name: Qualcomm Technologies, Inc. kona MTP-RmPM8150b (DT)
01-01 08:21:48.875 0 0 I pstate : 60400085 (nZCv daIf +PAN -UAO)
01-01 08:21:48.875 0 0 I pc : clk_core_disable+0x230/0x270
01-01 08:21:48.875 0 0 I lr : clk_core_disable+0x230/0x270
01-01 08:21:48.875 0 0 I sp : ffffff801405b970
01-01 08:21:48.875 0 0 I : x29: ffffff801405b970 x28: ffffffce3fb66e80
01-01 08:21:48.875 0 0 I : x27: 0000000000000000 x26: 0000000000000068
01-01 08:21:48.875 0 0 I : x25: ffffffb0089272a8 x24: ffffffb009f511fe
01-01 08:21:48.875 0 0 I : x23: ffffffb009f51186 x22: ffffffce84f62d80
01-01 08:21:48.875 0 0 I : x21: 0000000000000000 x20: ffffffce8c5acc80
01-01 08:21:48.875 0 0 I : x19: ffffffce8c5acc80 x18: 0000000000000034
01-01 08:21:48.875 0 0 I : x17: ffffffb00b8f4000 x16: 00000000fffb117c
01-01 08:21:48.875 0 0 I : x15: 00000000000b117c x14: 00000000000000c2
01-01 08:21:48.875 0 0 I : x13: 0000000000000000 x12: 00000000000000e0
01-01 08:21:48.875 0 0 I : x11: 0000000000000000 x10: 0000000000000000
01-01 08:21:48.875 0 0 I : x9 : 18f88eb0e5208400 x8 : 18f88eb0e5208400
01-01 08:21:48.875 0 0 I : x7 : ffffffb007d82700 x6 : 0000000000000000
01-01 08:21:48.875 0 0 I : x5 : 0000000000000080 x4 : 0000000000000001
01-01 08:21:48.875 0 0 I : x3 : 0000000000000000 x2 : 0000000000000003
01-01 08:21:48.875 0 0 I : x1 : 0000000000000003 x0 : 0000000000000021
01-01 08:21:48.875 0 0 I Call trace:
01-01 08:21:48.875 0 0 I : clk_core_disable+0x230/0x270
01-01 08:21:48.875 0 0 I : clk_disable+0x34/0x98
01-01 08:21:48.875 0 0 I : cam_soc_util_clk_disable+0x4c/0x68
01-01 08:21:48.875 0 0 I : cam_sensor_util_power_down+0x258/0x4b8
01-01 08:21:48.875 0 0 I : cam_sensor_power_down+0x34/0x130
01-01 08:21:48.875 0 0 I : cam_sensor_driver_cmd+0x35c/0x12e0
01-01 08:21:48.875 0 0 I : cam_sensor_subdev_ioctl+0x3c/0x80
01-01 08:21:48.875 0 0 I : subdev_do_ioctl_lock+0x764/0xbc8
01-01 08:21:48.875 0 0 I : video_usercopy+0x38c/0x850
01-01 08:21:48.875 0 0 I : subdev_ioctl+0x38/0x48
01-01 08:21:48.875 0 0 I : v4l2_ioctl+0x6c/0x80
01-01 08:21:48.875 0 0 I : do_vfs_ioctl+0x748/0x1210
01-01 08:21:48.875 0 0 I : __arm64_sys_ioctl+0x78/0xa0
01-01 08:21:48.875 0 0 I : el0_svc_common+0xa4/0x190
01-01 08:21:48.875 0 0 I : el0_svc_handler+0x6c/0x88
01-01 08:21:48.875 0 0 I : el0_svc+0x8/0xc
01-01 08:21:48.875 0 0 I : irq event stamp: 304428
01-01 08:21:48.875 0 0 I : hardirqs last enabled at (304427): [] console_unlock+0x4bc/0x568
01-01 08:21:48.875 0 0 I : hardirqs last disabled at (304428): [] clk_enable_lock+0x20/0xc8
01-01 08:21:48.875 0 0 I : softirqs last enabled at (301002): [] local_bh_enable+0x0/0x20
01-01 08:21:48.875 0 0 I : softirqs last disabled at (301000): [] local_bh_disable+0x0/0x20
01-01 08:21:48.875 0 0 W : ---[ end trace c3d72cd1a1b80c89 ]---
01-01 08:21:48.875 0 0 W : ------------[ cut here ]------------
01-01 08:21:48.875 0 0 I : cam_cc_mclk0_clk already unprepared
01-01 08:21:48.875 0 0 W : WARNING: CPU: 7 PID: 837 at drivers/clk/clk.c:981 clk_core_unprepare+0x384/0x400
01-01 08:21:48.875 0 0 I : Modules linked in: machine_dlkm(O) wcd938x_slave_dlkm(O) wcd938x_dlkm(O) wcd9xxx_dlkm(O) mbhc_dlkm(O) tx_macro_dlkm(O) rx_macro_dlkm(O) va_macro_dlkm(O) wsa_macro_dlkm(O) swr_ctrl_dlkm(O) bolero_cdc_dlkm(O) wsa881x_dlkm(O) wcd_core_dlkm(O) stub_dlkm(O) hdmi_dlkm(O) swr_dlkm(O) pinctrl_lpi_dlkm(O) pinctrl_wcd_dlkm(O) usf_dlkm(O) native_dlkm(O) platform_dlkm(O) q6_dlkm(O) adsp_loader_dlkm(O) apr_dlkm(O) snd_event_dlkm(O) q6_notifier_dlkm(O) q6_pdr_dlkm(O) msm_11ad_proxy
01-01 08:21:48.875 0 0 I : CPU: 7 PID: 837 Comm: android.hardwar Tainted: G S W O 4.19.157+ #1
01-01 08:21:48.875 0 0 I Hardware name: Qualcomm Technologies, Inc. kona MTP-RmPM8150b (DT)
01-01 08:21:48.875 0 0 I pstate : 60400005 (nZCv daif +PAN -UAO)
01-01 08:21:48.875 0 0 I pc : clk_core_unprepare+0x384/0x400
01-01 08:21:48.875 0 0 I lr : clk_core_unprepare+0x384/0x400
01-01 08:21:48.875 0 0 I sp : ffffff801405b960
01-01 08:21:48.875 0 0 I : x29: ffffff801405b960 x28: ffffffce3fb66e80
01-01 08:21:48.875 0 0 I : x27: 0000000000000000 x26: 0000000000000068
01-01 08:21:48.875 0 0 I : x25: ffffffb0089272a8 x24: ffffffb009f511fe
01-01 08:21:48.875 0 0 I : x23: ffffffb009f51186 x22: ffffffce84f62d80
01-01 08:21:48.875 0 0 I : x21: ffffffb00c178000 x20: ffffffb00c178000
01-01 08:21:48.875 0 0 I : x19: ffffffce8c5acc80 x18: 0000000000000034
01-01 08:21:48.875 0 0 I : x17: ffffffb00b8f4000 x16: 00000000fffb04e4
01-01 08:21:48.875 0 0 I : x15: 00000000000b04e4 x14: 00000000000000c2
01-01 08:21:48.875 0 0 I : x13: 0000000000000004 x12: 0000000039709e75
01-01 08:21:48.875 0 0 I : x11: 0000000000000015 x10: 000000000682aaab
01-01 08:21:48.875 0 0 I : x9 : 18f88eb0e5208400 x8 : 18f88eb0e5208400
01-01 08:21:48.875 0 0 I : x7 : ffffffb007d82700 x6 : 0000000000000000
01-01 08:21:48.875 0 0 I : x5 : 0000000000000080 x4 : 0000000000000001
01-01 08:21:48.875 0 0 I : x3 : ffffff801405b588 x2 : ffffffb007c97b48
01-01 08:21:48.875 0 0 I : x1 : ffffffb007d82874 x0 : 0000000000000023
01-01 08:21:48.875 0 0 I Call trace:
01-01 08:21:48.875 0 0 I : clk_core_unprepare+0x384/0x400
01-01 08:21:48.875 0 0 I : clk_unprepare+0x88/0x108
01-01 08:21:48.875 0 0 I : cam_soc_util_clk_disable+0x54/0x68
01-01 08:21:48.875 0 0 I : cam_sensor_util_power_down+0x258/0x4b8
01-01 08:21:48.875 0 0 I : cam_sensor_power_down+0x34/0x130
01-01 08:21:48.875 0 0 I : cam_sensor_driver_cmd+0x35c/0x12e0
01-01 08:21:48.875 0 0 I : cam_sensor_subdev_ioctl+0x3c/0x80
01-01 08:21:48.875 0 0 I : subdev_do_ioctl_lock+0x764/0xbc8
01-01 08:21:48.875 0 0 I : video_usercopy+0x38c/0x850
01-01 08:21:48.875 0 0 I : subdev_ioctl+0x38/0x48
01-01 08:21:48.875 0 0 I : v4l2_ioctl+0x6c/0x80
01-01 08:21:48.875 0 0 I : do_vfs_ioctl+0x748/0x1210
01-01 08:21:48.875 0 0 I : __arm64_sys_ioctl+0x78/0xa0
01-01 08:21:48.875 0 0 I : el0_svc_common+0xa4/0x190
01-01 08:21:48.875 0 0 I : el0_svc_handler+0x6c/0x88
01-01 08:21:48.875 0 0 I : el0_svc+0x8/0xc
01-01 08:21:48.875 0 0 I : irq event stamp: 304442
01-01 08:21:48.875 0 0 I : hardirqs last enabled at (304441): [] console_unlock+0x4bc/0x568
01-01 08:21:48.875 0 0 I : hardirqs last disabled at (304442): [] do_debug_exception+0x84/0x150
01-01 08:21:48.875 0 0 I : softirqs last enabled at (301002): [] local_bh_enable+0x0/0x20
01-01 08:21:48.875 0 0 I : softirqs last disabled at (301000): [] local_bh_disable+0x0/0x20
01-01 08:21:48.875 0 0 W : ---[ end trace c3d72cd1a1b80c8a ]---
01-01 08:21:48.876 0 0 I qcom,camera ac4f000.qcom,cci: qcom,cam-sensor0: Dropping the link to regulator.77
01-01 08:21:48.880 0 0 I CAM_ERR : CAM-UTIL: cam_soc_util_regulator_disable: 1415 Invalid NULL parameter
01-01 08:21:48.880 0 0 I CAM_ERR : CAM-SENSOR: cam_sensor_util_power_down: 2290 Reg: cam_vio disable failed
01-01 08:21:48.880 0 0 I CAM_ERR : CAM-UTIL: cam_soc_util_regulator_disable: 1415 Invalid NULL parameter
01-01 08:21:48.880 0 0 I CAM_ERR : CAM-SENSOR: cam_sensor_util_power_down: 2290 Reg: cam_vana disable failed
01-01 08:21:48.880 0 0 W : ------------[ cut here ]------------
01-01 08:21:48.880 0 0 I : unbalanced disables for titan_top_gdsc
01-01 08:21:48.880 0 0 W : WARNING: CPU: 7 PID: 837 at drivers/regulator/core.c:2401 _regulator_disable+0x1a0/0x1b0
01-01 08:21:48.880 0 0 I : Modules linked in: machine_dlkm(O) wcd938x_slave_dlkm(O) wcd938x_dlkm(O) wcd9xxx_dlkm(O) mbhc_dlkm(O) tx_macro_dlkm(O) rx_macro_dlkm(O) va_macro_dlkm(O) wsa_macro_dlkm(O) swr_ctrl_dlkm(O) bolero_cdc_dlkm(O) wsa881x_dlkm(O) wcd_core_dlkm(O) stub_dlkm(O) hdmi_dlkm(O) swr_dlkm(O) pinctrl_lpi_dlkm(O) pinctrl_wcd_dlkm(O) usf_dlkm(O) native_dlkm(O) platform_dlkm(O) q6_dlkm(O) adsp_loader_dlkm(O) apr_dlkm(O) snd_event_dlkm(O) q6_notifier_dlkm(O) q6_pdr_dlkm(O) msm_11ad_proxy
01-01 08:21:48.880 0 0 I : CPU: 7 PID: 837 Comm: android.hardwar Tainted: G S W O 4.19.157+ #1
01-01 08:21:48.880 0 0 I Hardware name: Qualcomm Technologies, Inc. kona MTP-RmPM8150b (DT)
01-01 08:21:48.880 0 0 I pstate : 60400005 (nZCv daif +PAN -UAO)
01-01 08:21:48.880 0 0 I pc : _regulator_disable+0x1a0/0x1b0
01-01 08:21:48.880 0 0 I lr : _regulator_disable+0x19c/0x1b0
01-01 08:21:48.880 0 0 I sp : ffffff801405b3d0
01-01 08:21:48.880 0 0 I : x29: ffffff801405b3d0 x28: 0000000000000000
01-01 08:21:48.880 0 0 I : x27: 0000007fde190970 x26: ffffffce84c90000
01-01 08:21:48.880 0 0 I : x25: ffffffb0089272a8 x24: ffffffce53a4cb40
01-01 08:21:48.880 0 0 I : x23: ffffffce84c92d18 x22: ffffffce84c4dbf0
01-01 08:21:48.880 0 0 I : x21: ffffffce8c4993a8 x20: 00000000fffffffb
01-01 08:21:48.880 0 0 I : x19: ffffffce8c499280 x18: 0000000000000038
01-01 08:21:48.880 0 0 I : x17: ffffffb00b8f4000 x16: 00000000fffaf614
01-01 08:21:48.880 0 0 I : x15: 00000000000af614 x14: 00000000000000c2
01-01 08:21:48.880 0 0 I : x13: 0000000000000004 x12: 0000000039721d0e
01-01 08:21:48.880 0 0 I : x11: 0000000000000015 x10: 000000000682aaab
01-01 08:21:48.880 0 0 I : x9 : 18f88eb0e5208400 x8 : 18f88eb0e5208400
01-01 08:21:48.880 0 0 I : x7 : ffffffb007d82700 x6 : 0000000000000000
01-01 08:21:48.880 0 0 I : x5 : 0000000000000080 x4 : 0000000000000001
01-01 08:21:48.880 0 0 I : x3 : ffffff801405aff8 x2 : ffffffb007c97b48
01-01 08:21:48.880 0 0 I : x1 : ffffffb007d82874 x0 : 0000000000000026
01-01 08:21:48.880 0 0 I Call trace:
01-01 08:21:48.880 0 0 I : _regulator_disable+0x1a0/0x1b0
01-01 08:21:48.880 0 0 I : regulator_disable+0x3c/0x88
01-01 08:21:48.880 0 0 I : cam_soc_util_disable_platform_resource+0xb0/0x100
01-01 08:21:48.880 0 0 I : cam_cpas_soc_disable_resources+0x30/0x78
01-01 08:21:48.880 0 0 I : cam_cpas_hw_stop+0x2a0/0x4e0
01-01 08:21:48.880 0 0 I : cam_cpas_stop+0x58/0x110
01-01 08:21:48.880 0 0 I : cam_cci_soc_release+0x110/0x1a0
01-01 08:21:48.880 0 0 I : cam_cci_core_cfg+0x14c/0x15e8
01-01 08:21:48.880 0 0 I : cam_cci_subdev_ioctl+0x50/0xc0
01-01 08:21:48.880 0 0 I : cam_sensor_cci_i2c_util+0x60/0xd0
01-01 08:21:48.880 0 0 I : camera_io_release+0x38/0x88
01-01 08:21:48.880 0 0 I : cam_sensor_power_down+0x64/0x130
01-01 08:21:48.880 0 0 I : cam_sensor_driver_cmd+0x35c/0x12e0
01-01 08:21:48.880 0 0 I : cam_sensor_subdev_ioctl+0x3c/0x80
01-01 08:21:48.880 0 0 I : subdev_do_ioctl_lock+0x764/0xbc8
01-01 08:21:48.880 0 0 I : video_usercopy+0x38c/0x850
01-01 08:21:48.880 0 0 I : subdev_ioctl+0x38/0x48
01-01 08:21:48.881 0 0 I : v4l2_ioctl+0x6c/0x80
01-01 08:21:48.881 0 0 I : do_vfs_ioctl+0x748/0x1210
01-01 08:21:48.881 0 0 I : __arm64_sys_ioctl+0x78/0xa0
01-01 08:21:48.881 0 0 I : el0_svc_common+0xa4/0x190
01-01 08:21:48.881 0 0 I : el0_svc_handler+0x6c/0x88
01-01 08:21:48.881 0 0 I : el0_svc+0x8/0xc
01-01 08:21:48.881 0 0 I : irq event stamp: 304716
01-01 08:21:48.881 0 0 I : hardirqs last enabled at (304715): [] console_unlock+0x4bc/0x568
01-01 08:21:48.881 0 0 I : hardirqs last disabled at (304716): [] do_debug_exception+0x84/0x150
01-01 08:21:48.881 0 0 I : softirqs last enabled at (301002): [] local_bh_enable+0x0/0x20
01-01 08:21:48.881 0 0 I : softirqs last disabled at (301000): [] local_bh_disable+0x0/0x20
01-01 08:21:48.881 0 0 W : ---[ end trace c3d72cd1a1b80c8b ]---
01-01 08:21:47.883 1204 1204 I auditd : type=1400 audit(0.0:19): avc: denied { write } for comm="ln" name="ss" dev="configfs" ino=49229 scontext=u:r:vendor_qti_init_shell:s0 tcontext=u:object_r:configfs:s0 tclass=dir permissive=0
01-01 08:21:47.901 1044 1044 D BatteryStatsImpl: Reading daily items from /data/system/batterystats-daily.xml
01-01 08:21:48.907 0 0 I qcom,camera ac4f000.qcom,cci: qcom,cam-sensor4: Linked as a consumer to regulator.55
01-01 08:21:48.912 0 0 I qcom,camera ac4f000.qcom,cci: qcom,cam-sensor4: Linked as a consumer to regulator.57
01-01 08:21:48.912 0 0 I qcom,camera ac4f000.qcom,cci: qcom,cam-sensor4: Linked as a consumer to regulator.77
01-01 08:21:48.913 0 0 I CAM_ERR : CAM-UTIL: cam_soc_util_regulator_enable: 1459 cam_clk set voltage failed
01-01 08:21:48.913 0 0 I CAM_ERR : CAM-SENSOR: cam_sensor_core_power_up: 1928 Reg enable failed
01-01 08:21:48.913 0 0 I CAM_ERR : CAM-SENSOR: cam_sensor_core_power_up: 2062 failed
01-01 08:21:48.913 0 0 I qcom,camera ac4f000.qcom,cci: qcom,cam-sensor4: Dropping the link to regulator.57
01-01 08:21:48.913 0 0 I CAM_ERR : CAM-SENSOR: cam_sensor_core_power_up: 2131 seq_val:100 > num_vreg: 4
01-01 08:21:48.915 0 0 I qcom,camera ac4f000.qcom,cci: qcom,cam-sensor4: Dropping the link to regulator.55
01-01 08:21:48.922 0 0 I CAM_ERR : CAM-CCI: cam_cci_irq: 238 Base:ffffff801a055000, M0_Q1 NACK ERROR: 0x10000000
01-01 08:21:48.923 0 0 I CAM_ERR : CAM-CCI: cam_cci_read: 1306 ERROR with Slave 0xc0:
01-01 08:21:48.923 0 0 I CAM_ERR : CAM-CCI: cam_cci_read_bytes: 1561 failed to read rc:-22
01-01 08:21:48.923 0 0 I CAM_ERR : CAM-SENSOR: cam_cci_i2c_read: 35 rc = -22
01-01 08:21:48.923 0 0 I CAM_WARN: CAM-SENSOR: cam_sensor_match_id: 769 read id: 0x0 expected id 0x9281:
01-01 08:21:48.923 0 0 W : ------------[ cut here ]------------
01-01 08:21:48.923 0 0 I : cam_cc_mclk0_clk already disabled
01-01 08:21:48.923 0 0 W : WARNING: CPU: 1 PID: 837 at drivers/clk/clk.c:1144 clk_core_disable+0x230/0x270
01-01 08:21:48.923 0 0 I : Modules linked in: machine_dlkm(O) wcd938x_slave_dlkm(O) wcd938x_dlkm(O) wcd9xxx_dlkm(O) mbhc_dlkm(O) tx_macro_dlkm(O) rx_macro_dlkm(O) va_macro_dlkm(O) wsa_macro_dlkm(O) swr_ctrl_dlkm(O) bolero_cdc_dlkm(O) wsa881x_dlkm(O) wcd_core_dlkm(O) stub_dlkm(O) hdmi_dlkm(O) swr_dlkm(O) pinctrl_lpi_dlkm(O) pinctrl_wcd_dlkm(O) usf_dlkm(O) native_dlkm(O) platform_dlkm(O) q6_dlkm(O) adsp_loader_dlkm(O) apr_dlkm(O) snd_event_dlkm(O) q6_notifier_dlkm(O) q6_pdr_dlkm(O) msm_11ad_proxy
01-01 08:21:48.923 0 0 I : CPU: 1 PID: 837 Comm: android.hardwar Tainted: G S W O 4.19.157+ #1
01-01 08:21:48.923 0 0 I Hardware name: Qualcomm Technologies, Inc. kona MTP-RmPM8150b (DT)
01-01 08:21:48.923 0 0 I pstate : 60400085 (nZCv daIf +PAN -UAO)
01-01 08:21:48.923 0 0 I pc : clk_core_disable+0x230/0x270
01-01 08:21:48.923 0 0 I lr : clk_core_disable+0x230/0x270
01-01 08:21:48.923 0 0 I sp : ffffff801405b970
01-01 08:21:48.923 0 0 I : x29: ffffff801405b970 x28: ffffffce3fbb9480
01-01 08:21:48.923 0 0 I : x27: 0000000000000000 x26: 0000000000000068
01-01 08:21:48.923 0 0 I : x25: ffffffb0089272a8 x24: ffffffb009f511fe
01-01 08:21:48.923 0 0 I : x23: ffffffb009f51186 x22: ffffffce84f6f500
01-01 08:21:48.923 0 0 I : x21: 0000000000000000 x20: ffffffce8c5acc80
01-01 08:21:48.923 0 0 I : x19: ffffffce8c5acc80 x18: 0000000000000034
01-01 08:21:48.923 0 0 I : x17: ffffffb00b8f4000 x16: 00000000fffae0dc
01-01 08:21:48.923 0 0 I : x15: 00000000000ae0dc x14: 00000000000000c2
01-01 08:21:48.923 0 0 I : x13: 0000000000000000 x12: 00000000000000e0
01-01 08:21:48.923 0 0 I : x11: 0000000000000000 x10: 0000000000000000
01-01 08:21:48.923 0 0 I : x9 : 18f88eb0e5208400 x8 : 18f88eb0e5208400
01-01 08:21:48.923 0 0 I : x7 : ffffffb007d82700 x6 : 0000000000000000
01-01 08:21:48.923 0 0 I : x5 : 0000000000000080 x4 : 0000000000000001
01-01 08:21:48.923 0 0 I : x3 : 0000000000000000 x2 : 0000000000000003
01-01 08:21:48.923 0 0 I : x1 : 0000000000000003 x0 : 0000000000000021
01-01 08:21:48.923 0 0 I Call trace:
01-01 08:21:48.923 0 0 I : clk_core_disable+0x230/0x270
01-01 08:21:48.923 0 0 I : clk_disable+0x34/0x98
01-01 08:21:48.923 0 0 I : cam_soc_util_clk_disable+0x4c/0x68
01-01 08:21:48.923 0 0 I : cam_sensor_util_power_down+0x258/0x4b8
01-01 08:21:48.923 0 0 I : cam_sensor_power_down+0x34/0x130
01-01 08:21:48.923 0 0 I : cam_sensor_driver_cmd+0x35c/0x12e0
01-01 08:21:48.923 0 0 I : cam_sensor_subdev_ioctl+0x3c/0x80
01-01 08:21:48.923 0 0 I : subdev_do_ioctl_lock+0x764/0xbc8
01-01 08:21:48.923 0 0 I : video_usercopy+0x38c/0x850
01-01 08:21:48.923 0 0 I : subdev_ioctl+0x38/0x48
01-01 08:21:48.923 0 0 I : v4l2_ioctl+0x6c/0x80
01-01 08:21:48.923 0 0 I : do_vfs_ioctl+0x748/0x1210
01-01 08:21:48.923 0 0 I : __arm64_sys_ioctl+0x78/0xa0
01-01 08:21:48.923 0 0 I : el0_svc_common+0xa4/0x190
01-01 08:21:48.923 0 0 I : el0_svc_handler+0x6c/0x88
01-01 08:21:48.923 0 0 I : el0_svc+0x8/0xc
01-01 08:21:48.923 0 0 I : irq event stamp: 308600
01-01 08:21:48.923 0 0 I : hardirqs last enabled at (308599): [] console_unlock+0x4bc/0x568
01-01 08:21:48.923 0 0 I : hardirqs last disabled at (308600): [] clk_enable_lock+0x20/0xc8
01-01 08:21:48.923 0 0 I : softirqs last enabled at (306648): [] __do_softirq+0x50c/0x554
01-01 08:21:48.923 0 0 I : softirqs last disabled at (306627): [] irq_exit+0xfc/0x120
01-01 08:21:48.923 0 0 W : ---[ end trace c3d72cd1a1b80c8c ]---
01-01 08:21:48.923 0 0 W : ------------[ cut here ]------------
01-01 08:21:48.923 0 0 I : cam_cc_mclk0_clk already unprepared
01-01 08:21:48.923 0 0 W : WARNING: CPU: 1 PID: 837 at drivers/clk/clk.c:981 clk_core_unprepare+0x384/0x400
01-01 08:21:48.923 0 0 I : Modules linked in: machine_dlkm(O) wcd938x_slave_dlkm(O) wcd938x_dlkm(O) wcd9xxx_dlkm(O) mbhc_dlkm(O) tx_macro_dlkm(O) rx_macro_dlkm(O) va_macro_dlkm(O) wsa_macro_dlkm(O) swr_ctrl_dlkm(O) bolero_cdc_dlkm(O) wsa881x_dlkm(O) wcd_core_dlkm(O) stub_dlkm(O) hdmi_dlkm(O) swr_dlkm(O) pinctrl_lpi_dlkm(O) pinctrl_wcd_dlkm(O) usf_dlkm(O) native_dlkm(O) platform_dlkm(O) q6_dlkm(O) adsp_loader_dlkm(O) apr_dlkm(O) snd_event_dlkm(O) q6_notifier_dlkm(O) q6_pdr_dlkm(O) msm_11ad_proxy
01-01 08:21:48.924 0 0 I : CPU: 1 PID: 837 Comm: android.hardwar Tainted: G S W O 4.19.157+ #1
01-01 08:21:48.924 0 0 I Hardware name: Qualcomm Technologies, Inc. kona MTP-RmPM8150b (DT)
01-01 08:21:48.924 0 0 I pstate : 60400005 (nZCv daif +PAN -UAO)
01-01 08:21:48.924 0 0 I pc : clk_core_unprepare+0x384/0x400
01-01 08:21:48.924 0 0 I lr : clk_core_unprepare+0x384/0x400
01-01 08:21:48.924 0 0 I sp : ffffff801405b960
01-01 08:21:48.924 0 0 I : x29: ffffff801405b960 x28: ffffffce3fbb9480
01-01 08:21:48.924 0 0 I : x27: 0000000000000000 x26: 0000000000000068
01-01 08:21:48.924 0 0 I : x25: ffffffb0089272a8 x24: ffffffb009f511fe
01-01 08:21:48.924 0 0 I : x23: ffffffb009f51186 x22: ffffffce84f6f500
01-01 08:21:48.924 0 0 I : x21: ffffffb00c178000 x20: ffffffb00c178000
01-01 08:21:48.924 0 0 I : x19: ffffffce8c5acc80 x18: 0000000000000034
01-01 08:21:48.924 0 0 I : x17: ffffffb00b8f4000 x16: 00000000fffad44c
01-01 08:21:48.924 0 0 I : x15: 00000000000ad44c x14: 00000000000000c2
01-01 08:21:48.924 0 0 I : x13: 0000000000000004 x12: 00000000397ec395
01-01 08:21:48.924 0 0 I : x11: 0000000000000015 x10: 000000000682aaab
01-01 08:21:48.924 0 0 I : x9 : 18f88eb0e5208400 x8 : 18f88eb0e5208400
01-01 08:21:48.924 0 0 I : x7 : ffffffb007d82700 x6 : 0000000000000000
01-01 08:21:48.924 0 0 I : x5 : 0000000000000080 x4 : 0000000000000001
01-01 08:21:48.924 0 0 I : x3 : ffffff801405b588 x2 : ffffffb007c97b48
01-01 08:21:48.924 0 0 I : x1 : ffffffb007d82874 x0 : 0000000000000023
01-01 08:21:48.924 0 0 I Call trace:
01-01 08:21:48.924 0 0 I : clk_core_unprepare+0x384/0x400
01-01 08:21:48.924 0 0 I : clk_unprepare+0x88/0x108
01-01 08:21:48.924 0 0 I : cam_soc_util_clk_disable+0x54/0x68
01-01 08:21:48.924 0 0 I : cam_sensor_util_power_down+0x258/0x4b8
01-01 08:21:48.924 0 0 I : cam_sensor_power_down+0x34/0x130
01-01 08:21:48.924 0 0 I : cam_sensor_driver_cmd+0x35c/0x12e0
01-01 08:21:48.924 0 0 I : cam_sensor_subdev_ioctl+0x3c/0x80
01-01 08:21:48.924 0 0 I : subdev_do_ioctl_lock+0x764/0xbc8
01-01 08:21:48.924 0 0 I : video_usercopy+0x38c/0x850
01-01 08:21:48.924 0 0 I : subdev_ioctl+0x38/0x48
01-01 08:21:48.924 0 0 I : v4l2_ioctl+0x6c/0x80
01-01 08:21:48.924 0 0 I : do_vfs_ioctl+0x748/0x1210
01-01 08:21:48.924 0 0 I : __arm64_sys_ioctl+0x78/0xa0
01-01 08:21:48.924 0 0 I : el0_svc_common+0xa4/0x190
01-01 08:21:48.924 0 0 I : el0_svc_handler+0x6c/0x88
01-01 08:21:48.924 0 0 I : el0_svc+0x8/0xc
01-01 08:21:48.924 0 0 I : irq event stamp: 308614
01-01 08:21:48.924 0 0 I : hardirqs last enabled at (308613): [] console_unlock+0x4bc/0x568
01-01 08:21:48.924 0 0 I : hardirqs last disabled at (308614): [] do_debug_exception+0x84/0x150
01-01 08:21:48.924 0 0 I : softirqs last enabled at (306648): [] __do_softirq+0x50c/0x554
01-01 08:21:48.924 0 0 I : softirqs last disabled at (306627): [] irq_exit+0xfc/0x120
01-01 08:21:48.924 0 0 W : ---[ end trace c3d72cd1a1b80c8d ]---
01-01 08:21:48.928 0 0 I qcom,camera ac4f000.qcom,cci: qcom,cam-sensor4: Dropping the link to regulator.77
01-01 08:21:47.917 1044 1211 I KernelCpuUidFreqTimeReader: mPerClusterTimesAvailable=false
01-01 08:21:47.923 1210 1210 I auditd : type=1400 audit(0.0:20): avc: denied { write } for comm="mkdir" name="uncompressed" dev="configfs" ino=49232 scontext=u:r:vendor_qti_init_shell:s0 tcontext=u:object_r:configfs:s0 tclass=dir permissive=0
01-01 08:21:48.939 0 0 I CAM_ERR : CAM-UTIL: cam_soc_util_regulator_disable: 1415 Invalid NULL parameter
01-01 08:21:48.939 0 0 I CAM_ERR : CAM-SENSOR: cam_sensor_util_power_down: 2290 Reg: cam_vio disable failed
01-01 08:21:48.939 0 0 I CAM_ERR : CAM-UTIL: cam_soc_util_regulator_disable: 1415 Invalid NULL parameter
01-01 08:21:48.939 0 0 I CAM_ERR : CAM-SENSOR: cam_sensor_util_power_down: 2290 Reg: cam_vana disable failed
01-01 08:21:48.940 0 0 W : ------------[ cut here ]------------
01-01 08:21:48.940 0 0 I : unbalanced disables for titan_top_gdsc
01-01 08:21:48.940 0 0 W : WARNING: CPU: 5 PID: 837 at drivers/regulator/core.c:2401 _regulator_disable+0x1a0/0x1b0
01-01 08:21:48.940 0 0 I : Modules linked in: machine_dlkm(O) wcd938x_slave_dlkm(O) wcd938x_dlkm(O) wcd9xxx_dlkm(O) mbhc_dlkm(O) tx_macro_dlkm(O) rx_macro_dlkm(O) va_macro_dlkm(O) wsa_macro_dlkm(O) swr_ctrl_dlkm(O) bolero_cdc_dlkm(O) wsa881x_dlkm(O) wcd_core_dlkm(O) stub_dlkm(O) hdmi_dlkm(O) swr_dlkm(O) pinctrl_lpi_dlkm(O) pinctrl_wcd_dlkm(O) usf_dlkm(O) native_dlkm(O) platform_dlkm(O) q6_dlkm(O) adsp_loader_dlkm(O) apr_dlkm(O) snd_event_dlkm(O) q6_notifier_dlkm(O) q6_pdr_dlkm(O) msm_11ad_proxy
01-01 08:21:48.940 0 0 I : CPU: 5 PID: 837 Comm: android.hardwar Tainted: G S W O 4.19.157+ #1
01-01 08:21:48.940 0 0 I Hardware name: Qualcomm Technologies, Inc. kona MTP-RmPM8150b (DT)
01-01 08:21:48.940 0 0 I pstate : 60400005 (nZCv daif +PAN -UAO)
01-01 08:21:48.940 0 0 I pc : _regulator_disable+0x1a0/0x1b0
01-01 08:21:48.940 0 0 I lr : _regulator_disable+0x19c/0x1b0
01-01 08:21:48.940 0 0 I sp : ffffff801405b3d0
01-01 08:21:48.940 0 0 I : x29: ffffff801405b3d0 x28: 0000000000000000
01-01 08:21:48.940 0 0 I : x27: 0000007fde190970 x26: ffffffce84c90000
01-01 08:21:48.940 0 0 I : x25: ffffffb0089272a8 x24: ffffffce53a3c780
01-01 08:21:48.940 0 0 I : x23: ffffffce84c92d18 x22: ffffffce84c4dbf0
01-01 08:21:48.940 0 0 I : x21: ffffffce8c4993a8 x20: 00000000fffffffb
01-01 08:21:48.940 0 0 I : x19: ffffffce8c499280 x18: 0000000000000038
01-01 08:21:48.940 0 0 I : x17: ffffffb00b8f4000 x16: 00000000fffac4a4
01-01 08:21:48.940 0 0 I : x15: 00000000000ac4a4 x14: 00000000000000c2
01-01 08:21:48.940 0 0 I : x13: 0000000000000004 x12: 0000000039839c43
01-01 08:21:48.940 0 0 I : x11: 0000000000000015 x10: 000000000682aaab
01-01 08:21:48.940 0 0 I : x9 : 18f88eb0e5208400 x8 : 18f88eb0e5208400
01-01 08:21:48.940 0 0 I : x7 : ffffffb007d82700 x6 : 0000000000000000
01-01 08:21:48.940 0 0 I : x5 : 0000000000000080 x4 : 0000000000000001
01-01 08:21:48.940 0 0 I : x3 : ffffff801405aff8 x2 : 0000000000000007
01-01 08:21:48.940 0 0 I : x1 : ffffffb007d82874 x0 : 0000000000000026
01-01 08:21:48.940 0 0 I Call trace:
01-01 08:21:48.940 0 0 I : _regulator_disable+0x1a0/0x1b0
01-01 08:21:48.940 0 0 I : regulator_disable+0x3c/0x88
01-01 08:21:48.940 0 0 I : cam_soc_util_disable_platform_resource+0xb0/0x100
01-01 08:21:48.940 0 0 I : cam_cpas_soc_disable_resources+0x30/0x78
01-01 08:21:48.940 0 0 I : cam_cpas_hw_stop+0x2a0/0x4e0
01-01 08:21:48.940 0 0 I : cam_cpas_stop+0x58/0x110
01-01 08:21:48.940 0 0 I : cam_cci_soc_release+0x110/0x1a0
01-01 08:21:48.940 0 0 I : cam_cci_core_cfg+0x14c/0x15e8
01-01 08:21:48.940 0 0 I : cam_cci_subdev_ioctl+0x50/0xc0
01-01 08:21:48.940 0 0 I : cam_sensor_cci_i2c_util+0x60/0xd0
01-01 08:21:48.940 0 0 I : camera_io_release+0x38/0x88
01-01 08:21:48.940 0 0 I : cam_sensor_power_down+0x64/0x130
01-01 08:21:48.940 0 0 I : cam_sensor_driver_cmd+0x35c/0x12e0
01-01 08:21:48.940 0 0 I : cam_sensor_subdev_ioctl+0x3c/0x80
01-01 08:21:48.940 0 0 I : subdev_do_ioctl_lock+0x764/0xbc8
01-01 08:21:48.940 0 0 I : video_usercopy+0x38c/0x850
01-01 08:21:48.940 0 0 I : subdev_ioctl+0x38/0x48
01-01 08:21:48.940 0 0 I : v4l2_ioctl+0x6c/0x80
01-01 08:21:48.940 0 0 I : do_vfs_ioctl+0x748/0x1210
01-01 08:21:48.940 0 0 I : __arm64_sys_ioctl+0x78/0xa0
01-01 08:21:48.940 0 0 I : el0_svc_common+0xa4/0x190
01-01 08:21:48.940 0 0 I : el0_svc_handler+0x6c/0x88
01-01 08:21:48.940 0 0 I : el0_svc+0x8/0xc
01-01 08:21:48.940 0 0 I : irq event stamp: 308906
01-01 08:21:48.940 0 0 I : hardirqs last enabled at (308905): [] console_unlock+0x4bc/0x568
01-01 08:21:48.940 0 0 I : hardirqs last disabled at (308906): [] do_debug_exception+0x84/0x150
01-01 08:21:48.940 0 0 I : softirqs last enabled at (308638): [] __do_softirq+0x50c/0x554
01-01 08:21:48.940 0 0 I : softirqs last disabled at (308623): [] irq_exit+0xfc/0x120
01-01 08:21:48.940 0 0 W : ---[ end trace c3d72cd1a1b80c8e ]---
01-01 08:21:47.952 1044 1211 W KernelCpuUidFreqTimeBpfMapReader: Failed to start tracking
01-01 08:21:48.951 0 0 E init : Control message: Could not find 'android.hardware.health@2.1::IHealth/default' for ctl.interface_start from pid: 515 (/system/bin/hwservicemanager)
01-01 08:21:47.958 1044 1211 W KernelCpuUidActiveTimeBpfMapReader: Failed to start tracking
01-01 08:21:47.961 1044 1211 W KernelCpuUidClusterTimeBpfMapReader: Failed to start tracking
01-01 08:21:47.962 1044 1211 E KernelCpuSpeedReader: Failed to read cpu-freq: /sys/devices/system/cpu/cpu4/cpufreq/stats/time_in_state: open failed: ENOENT (No such file or directory)
01-01 08:21:47.963 1044 1211 E KernelCpuSpeedReader: Failed to read cpu-freq: /sys/devices/system/cpu/cpu0/cpufreq/stats/time_in_state: open failed: ENOENT (No such file or directory)
01-01 08:21:48.978 0 0 I qcom,camera ac50000.qcom,cci: qcom,cam-sensor2: Linked as a consumer to regulator.56
01-01 08:21:47.963 585 585 I auditd : type=1400 audit(0.0:21): avc: denied { read } for comm="Binder:585_2" name="wakeup58" dev="sysfs" ino=88694 scontext=u:r:system_suspend:s0 tcontext=u:object_r:sysfs:s0 tclass=dir permissive=0
01-01 08:21:48.991 0 0 E i2c_geni 980000.i2c: i2c error :-107
01-01 08:21:48.997 0 0 E : [MAX975X:mcu_keep_wakeup_work_func] *ERROR* Failed to write dev:0x15 addr:0x22 value:0x00
01-01 08:21:48.997 0 0 I qcom,camera ac50000.qcom,cci: qcom,cam-sensor2: Linked as a consumer to regulator.54
01-01 08:21:47.991 585 585 I auditd : type=1400 audit(0.0:22): avc: denied { read } for comm="Binder:585_2" name="wakeup4" dev="sysfs" ino=52872 scontext=u:r:system_suspend:s0 tcontext=u:object_r:sysfs:s0 tclass=dir permissive=0
01-01 08:21:49.008 0 0 E i2c_geni 980000.i2c: i2c error :-107
01-01 08:21:47.991 585 585 I auditd : type=1400 audit(0.0:23): avc: denied { read } for comm="Binder:585_2" name="wakeup76" dev="sysfs" ino=93458 scontext=u:r:system_suspend:s0 tcontext=u:object_r:sysfs:s0 tclass=dir permissive=0
01-01 08:21:47.991 585 585 I auditd : type=1400 audit(0.0:24): avc: denied { read } for comm="Binder:585_2" name="wakeup38" dev="sysfs" ino=72843 scontext=u:r:system_suspend:s0 tcontext=u:object_r:sysfs:s0 tclass=dir permissive=0
01-01 08:21:47.991 585 585 I auditd : type=1400 audit(0.0:25): avc: denied { read } for comm="Binder:585_2" name="wakeup28" dev="sysfs" ino=62483 scontext=u:r:system_suspend:s0 tcontext=u:object_r:sysfs:s0 tclass=dir permissive=0
01-01 08:21:47.991 585 585 I auditd : type=1400 audit(0.0:26): avc: denied { read } for comm="Binder:585_2" name="wakeup56" dev="sysfs" ino=88622 scontext=u:r:system_suspend:s0 tcontext=u:object_r:sysfs:s0 tclass=dir permissive=0
01-01 08:21:47.995 585 585 I auditd : type=1400 audit(0.0:27): avc: denied { read } for comm="Binder:585_2" name="wakeup18" dev="sysfs" ino=61850 scontext=u:r:system_suspend:s0 tcontext=u:object_r:sysfs:s0 tclass=dir permissive=0
01-01 08:21:47.995 585 585 I auditd : type=1400 audit(0.0:28): avc: denied { read } for comm="Binder:585_2" name="wakeup2" dev="sysfs" ino=52396 scontext=u:r:system_suspend:s0 tcontext=u:object_r:sysfs:s0 tclass=dir permissive=0
01-01 08:21:47.995 585 585 I auditd : type=1400 audit(0.0:29): avc: denied { read } for comm="Binder:585_2" name="wakeup64" dev="sysfs" ino=88922 scontext=u:r:system_suspend:s0 tcontext=u:object_r:sysfs:s0 tclass=dir permissive=0
01-01 08:21:47.995 585 585 I auditd : type=1400 audit(0.0:30): avc: denied { read } for comm="Binder:585_2" name="wakeup26" dev="sysfs" ino=62260 scontext=u:r:system_suspend:s0 tcontext=u:object_r:sysfs:s0 tclass=dir permissive=0
01-01 08:21:47.999 585 585 I auditd : type=1400 audit(0.0:31): avc: denied { read } for comm="Binder:585_2" name="wakeup54" dev="sysfs" ino=88550 scontext=u:r:system_suspend:s0 tcontext=u:object_r:sysfs:s0 tclass=dir permissive=0
01-01 08:21:47.999 585 585 I auditd : type=1400 audit(0.0:32): avc: denied { read } for comm="Binder:585_2" name="wakeup16" dev="sysfs" ino=61750 scontext=u:r:system_suspend:s0 tcontext=u:object_r:sysfs:s0 tclass=dir permissive=0
01-01 08:21:47.999 585 585 I auditd : type=1400 audit(0.0:33): avc: denied { read } for comm="Binder:585_2" name="wakeup44" dev="sysfs" ino=83120 scontext=u:r:system_suspend:s0 tcontext=u:object_r:sysfs:s0 tclass=dir permissive=0
01-01 08:21:47.999 585 585 I auditd : type=1400 audit(0.0:34): avc: denied { read } for comm="Binder:585_2" name="wakeup0" dev="sysfs" ino=49641 scontext=u:r:system_suspend:s0 tcontext=u:object_r:sysfs:s0 tclass=dir permissive=0
01-01 08:21:49.013 0 0 E : [MAX975X:mcu_keep_wakeup_work_func] *ERROR* Failed to write dev:0x15 addr:0x20 value:0x09
01-01 08:21:49.016 0 0 I qcom,camera ac50000.qcom,cci: qcom,cam-sensor2: Linked as a consumer to regulator.57
01-01 08:21:49.017 0 0 E bolero-codec soc: qcom,msm-audio-apr:qcom,q6core-audio:bolero-cdc: ASoC: unknown pin WSA AIF VI
01-01 08:21:47.999 585 585 I auditd : type=1400 audit(0.0:35): avc: denied { read } for comm="Binder:585_2" name="wakeup34" dev="sysfs" ino=66767 scontext=u:r:system_suspend:s0 tcontext=u:object_r:sysfs:s0 tclass=dir permissive=0
01-01 08:21:47.999 585 585 I auditd : type=1400 audit(0.0:36): avc: denied { read } for comm="Binder:585_2" name="wakeup62" dev="sysfs" ino=88850 scontext=u:r:system_suspend:s0 tcontext=u:object_r:sysfs:s0 tclass=dir permissive=0
01-01 08:21:47.999 585 585 I auditd : type=1400 audit(0.0:37): avc: denied { read } for comm="Binder:585_2" name="wakeup24" dev="sysfs" ino=62161 scontext=u:r:system_suspend:s0 tcontext=u:object_r:sysfs:s0 tclass=dir permissive=0
01-01 08:21:47.999 585 585 I auditd : type=1400 audit(0.0:38): avc: denied { read } for comm="Binder:585_2" name="wakeup52" dev="sysfs" ino=88478 scontext=u:r:system_suspend:s0 tcontext=u:object_r:sysfs:s0 tclass=dir permissive=0
01-01 08:21:47.999 585 585 I auditd : type=1400 audit(0.0:39): avc: denied { read } for comm="Binder:585_2" name="wakeup9" dev="sysfs" ino=61403 scontext=u:r:system_suspend:s0 tcontext=u:object_r:sysfs:s0 tclass=dir permissive=0
01-01 08:21:48.007 585 585 I auditd : type=1400 audit(0.0:40): avc: denied { read } for comm="Binder:585_2" name="wakeup14" dev="sysfs" ino=61642 scontext=u:r:system_suspend:s0 tcontext=u:object_r:sysfs:s0 tclass=dir permissive=0
01-01 08:21:48.007 585 585 I auditd : type=1400 audit(0.0:41): avc: denied { read } for comm="Binder:585_2" name="wakeup42" dev="sysfs" ino=74143 scontext=u:r:system_suspend:s0 tcontext=u:object_r:sysfs:s0 tclass=dir permissive=0
01-01 08:21:48.007 585 585 I auditd : type=1400 audit(0.0:42): avc: denied { read } for comm="Binder:585_2" name="wakeup32" dev="sysfs" ino=62830 scontext=u:r:system_suspend:s0 tcontext=u:object_r:sysfs:s0 tclass=dir permissive=0
01-01 08:21:48.007 585 585 I auditd : type=1400 audit(0.0:43): avc: denied { read } for comm="Binder:585_2" name="wakeup60" dev="sysfs" ino=88778 scontext=u:r:system_suspend:s0 tcontext=u:object_r:sysfs:s0 tclass=dir permissive=0
01-01 08:21:48.007 585 585 I auditd : type=1400 audit(0.0:44): avc: denied { read } for comm="Binder:585_2" name="wakeup22" dev="sysfs" ino=62001 scontext=u:r:system_suspend:s0 tcontext=u:object_r:sysfs:s0 tclass=dir permissive=0
01-01 08:21:48.011 585 585 I auditd : type=1400 audit(0.0:45): avc: denied { read } for comm="Binder:585_2" name="wakeup7" dev="sysfs" ino=61351 scontext=u:r:system_suspend:s0 tcontext=u:object_r:sysfs:s0 tclass=dir permissive=0
01-01 08:21:48.011 585 585 I auditd : type=1400 audit(0.0:46): avc: denied { read } for comm="Binder:585_2" name="wakeup12" dev="sysfs" ino=61557 scontext=u:r:system_suspend:s0 tcontext=u:object_r:sysfs:s0 tclass=dir permissive=0
01-01 08:21:48.011 585 585 I auditd : type=1400 audit(0.0:47): avc: denied { read } for comm="Binder:585_2" name="wakeup40" dev="sysfs" ino=73296 scontext=u:r:system_suspend:s0 tcontext=u:object_r:sysfs:s0 tclass=dir permissive=0
01-01 08:21:48.015 585 585 I auditd : type=1400 audit(0.0:48): avc: denied { read } for comm="Binder:585_2" name="wakeup30" dev="sysfs" ino=62626 scontext=u:r:system_suspend:s0 tcontext=u:object_r:sysfs:s0 tclass=dir permissive=0
01-01 08:21:48.015 585 585 I auditd : type=1400 audit(0.0:49): avc: denied { read } for comm="Binder:585_2" name="wakeup59" dev="sysfs" ino=88730 scontext=u:r:system_suspend:s0 tcontext=u:object_r:sysfs:s0 tclass=dir permissive=0
01-01 08:21:48.015 585 585 I auditd : type=1400 audit(0.0:50): avc: denied { read } for comm="Binder:585_2" name="wakeup20" dev="sysfs" ino=61926 scontext=u:r:system_suspend:s0 tcontext=u:object_r:sysfs:s0 tclass=dir permissive=0
01-01 08:21:48.015 585 585 I auditd : type=1400 audit(0.0:51): avc: denied { read } for comm="Binder:585_2" name="wakeup49" dev="sysfs" ino=84497 scontext=u:r:system_suspend:s0 tcontext=u:object_r:sysfs:s0 tclass=dir permissive=0
01-01 08:21:48.015 585 585 I auditd : type=1400 audit(0.0:52): avc: denied { read } for comm="Binder:585_2" name="wakeup5" dev="sysfs" ino=52904 scontext=u:r:system_suspend:s0 tcontext=u:object_r:sysfs:s0 tclass=dir permissive=0
01-01 08:21:48.019 585 585 I auditd : type=1400 audit(0.0:53): avc: denied { read } for comm="Binder:585_2" name="wakeup10" dev="sysfs" ino=61481 scontext=u:r:system_suspend:s0 tcontext=u:object_r:sysfs:s0 tclass=dir permissive=0
01-01 08:21:48.019 585 585 I auditd : type=1400 audit(0.0:54): avc: denied { read } for comm="Binder:585_2" name="wakeup39" dev="sysfs" ino=72879 scontext=u:r:system_suspend:s0 tcontext=u:object_r:sysfs:s0 tclass=dir permissive=0
01-01 08:21:48.019 585 585 I auditd : type=1400 audit(0.0:55): avc: denied { read } for comm="Binder:585_2" name="wakeup29" dev="sysfs" ino=62517 scontext=u:r:system_suspend:s0 tcontext=u:object_r:sysfs:s0 tclass=dir permissive=0
01-01 08:21:48.019 585 585 I auditd : type=1400 audit(0.0:56): avc: denied { read } for comm="Binder:585_2" name="wakeup57" dev="sysfs" ino=88658 scontext=u:r:system_suspend:s0 tcontext=u:object_r:sysfs:s0 tclass=dir permissive=0
01-01 08:21:49.036 0 0 I qcom,camera ac50000.qcom,cci: qcom,cam-sensor2: Linked as a consumer to regulator.77
01-01 08:21:49.039 0 0 W swr-wcd tx_swr_ctrl: DMA mask not set
01-01 08:21:48.027 585 585 I auditd : type=1400 audit(0.0:57): avc: denied { read } for comm="Binder:585_2" name="wakeup55" dev="sysfs" ino=88586 scontext=u:r:system_suspend:s0 tcontext=u:object_r:sysfs:s0 tclass=dir permissive=0
01-01 08:21:48.027 585 585 I auditd : type=1400 audit(0.0:58): avc: denied { read } for comm="Binder:585_2" name="wakeup45" dev="sysfs" ino=83138 scontext=u:r:system_suspend:s0 tcontext=u:object_r:sysfs:s0 tclass=dir permissive=0
01-01 08:21:48.027 585 585 I auditd : type=1400 audit(0.0:59): avc: denied { read } for comm="Binder:585_2" name="wakeup1" dev="sysfs" ino=49669 scontext=u:r:system_suspend:s0 tcontext=u:object_r:sysfs:s0 tclass=dir permissive=0
01-01 08:21:48.027 1215 1215 I auditd : type=1400 audit(0.0:60): avc: denied { write } for comm="mkdir" name="uncompressed" dev="configfs" ino=49232 scontext=u:r:vendor_qti_init_shell:s0 tcontext=u:object_r:configfs:s0 tclass=dir permissive=0
01-01 08:21:48.035 585 585 I auditd : type=1400 audit(0.0:61): avc: denied { read } for comm="Binder:585_2" name="wakeup63" dev="sysfs" ino=88886 scontext=u:r:system_suspend:s0 tcontext=u:object_r:sysfs:s0 tclass=dir permissive=0
01-01 08:21:48.035 585 585 I auditd : type=1400 audit(0.0:62): avc: denied { read } for comm="Binder:585_2" name="wakeup53" dev="sysfs" ino=88514 scontext=u:r:system_suspend:s0 tcontext=u:object_r:sysfs:s0 tclass=dir permissive=0
01-01 08:21:48.039 585 585 I auditd : type=1400 audit(0.0:63): avc: denied { read } for comm="Binder:585_2" name="wakeup33" dev="sysfs" ino=62964 scontext=u:r:system_suspend:s0 tcontext=u:object_r:sysfs:s0 tclass=dir permissive=0
01-01 08:21:48.039 585 585 I auditd : type=1400 audit(0.0:64): avc: denied { read } for comm="Binder:585_2" name="wakeup61" dev="sysfs" ino=88814 scontext=u:r:system_suspend:s0 tcontext=u:object_r:sysfs:s0 tclass=dir permissive=0
01-01 08:21:48.039 585 585 I auditd : type=1400 audit(0.0:65): avc: denied { read } for comm="Binder:585_2" name="wakeup51" dev="sysfs" ino=88442 scontext=u:r:system_suspend:s0 tcontext=u:object_r:sysfs:s0 tclass=dir permissive=0
01-01 08:21:49.057 0 0 W swr-wcd wsa_swr_ctrl: DMA mask not set
01-01 08:21:48.039 585 585 I auditd : type=1400 audit(0.0:66): avc: denied { read } for comm="Binder:585_2" name="wakeup8" dev="sysfs" ino=61377 scontext=u:r:system_suspend:s0 tcontext=u:object_r:sysfs:s0 tclass=dir permissive=0
