01-01 08:21:58.079 0 0 I : lock_acquire+0x1cc/0x218
01-01 08:21:58.079 0 0 I : _raw_spin_lock_irqsave+0x54/0x98
01-01 08:21:58.079 0 0 I : ion_system_secure_heap_prefetch_work+0x94/0x2c0
01-01 08:21:58.079 0 0 I : process_one_work+0x38c/0x660
01-01 08:21:58.079 0 0 I : worker_thread+0x268/0x4b8
01-01 08:21:58.079 0 0 I : kthread+0x140/0x150
01-01 08:21:58.079 0 0 I : ret_from_fork+0x10/0x1c
01-01 08:21:58.082 0 0 D cnss : Posting event: SERVER_ARRIVE(0), state: 0x10 flags: 0x0
01-01 08:21:58.082 0 0 D cnss : PM stay awake, state: 0x10, count: 1
01-01 08:21:58.082 0 0 D cnss : PM relax, state: 0x10, count: 0
01-01 08:21:58.082 0 0 D cnss : PM stay awake, state: 0x10, count: 1
01-01 08:21:58.082 0 0 D cnss : Processing driver event: SERVER_ARRIVE(0), state: 0x10
01-01 08:21:58.082 0 0 I cnss : QMI WLFW service connected, state: 0x11
01-01 08:21:58.082 0 0 D cnss : Sending indication register message, state: 0x11
01-01 08:21:58.089 0 0 D cnss : Sending host capability message, state: 0x11
01-01 08:21:58.089 0 0 D cnss : Number of clients is 2
01-01 08:21:58.089 0 0 D cnss : Assign MSI to user: WAKE, num_vectors: 1, user_base_data: 813, base_vector: 13
01-01 08:21:58.089 0 0 D cnss : WAKE MSI base data is 813
01-01 08:21:58.089 0 0 D cnss : Calibration done is 1
01-01 08:21:58.089 0 0 D cnss : Sending iova starting 0xa0000000 with size 0x10010000
01-01 08:21:58.092 0 0 D cnss : PM relax, state: 0x11, count: 0
01-01 08:21:58.096 0 0 I binder : 2178:2178 ioctl 40046210 7fc4386f54 returned -22
01-01 08:21:58.112 0 0 I binder : 2191:2191 ioctl 40046210 7fc4386f54 returned -22
01-01 08:21:58.121 0 0 E : INFO: trying to register non-static key.
01-01 08:21:58.127 0 0 E : the code is fine but needs lockdep annotation.
01-01 08:21:58.132 0 0 I : CPU: 4 PID: 292 Comm: kworker/u16:8 Tainted: G S W O 4.19.157+ #1
01-01 08:21:58.132 0 0 I Hardware name: Qualcomm Technologies, Inc. kona MTP-RmPM8150b (DT)
01-01 08:21:58.132 0 0 I Workqueue: events_unbound ion_system_secure_heap_prefetch_work
01-01 08:21:58.132 0 0 I Call trace:
01-01 08:21:58.132 0 0 I : dump_backtrace+0x0/0x258
01-01 08:21:58.132 0 0 I : show_stack+0x20/0x30
01-01 08:21:58.132 0 0 I : dump_stack+0xd8/0x12c
01-01 08:21:58.132 0 0 I : register_lock_class+0x4d0/0x5c8
01-01 08:21:58.132 0 0 I : __lock_acquire+0xbc/0x1e58
01-01 08:21:58.132 0 0 I : lock_acquire+0x1cc/0x218
01-01 08:21:58.132 0 0 I : _raw_spin_lock_irqsave+0x54/0x98
01-01 08:21:58.132 0 0 I : ion_system_secure_heap_prefetch_work+0x94/0x2c0
01-01 08:21:58.132 0 0 I : process_one_work+0x38c/0x660
01-01 08:21:58.132 0 0 I : worker_thread+0x268/0x4b8
01-01 08:21:58.132 0 0 I : kthread+0x140/0x150
01-01 08:21:58.132 0 0 I : ret_from_fork+0x10/0x1c
01-01 08:21:58.164 0 0 I binder : 2199:2199 ioctl 40046210 7fc4386f54 returned -22
01-01 08:21:58.184 0 0 E : INFO: trying to register non-static key.
01-01 08:21:58.189 0 0 E : the code is fine but needs lockdep annotation.
01-01 08:21:58.194 0 0 I : CPU: 6 PID: 292 Comm: kworker/u16:8 Tainted: G S W O 4.19.157+ #1
01-01 08:21:58.194 0 0 I Hardware name: Qualcomm Technologies, Inc. kona MTP-RmPM8150b (DT)
01-01 08:21:58.194 0 0 I Workqueue: events_unbound ion_system_secure_heap_prefetch_work
01-01 08:21:58.194 0 0 I Call trace:
01-01 08:21:58.194 0 0 I : dump_backtrace+0x0/0x258
01-01 08:21:58.194 0 0 I : show_stack+0x20/0x30
01-01 08:21:58.194 0 0 I : dump_stack+0xd8/0x12c
01-01 08:21:58.194 0 0 I : register_lock_class+0x4d0/0x5c8
01-01 08:21:58.194 0 0 I : __lock_acquire+0xbc/0x1e58
01-01 08:21:58.194 0 0 I : lock_acquire+0x1cc/0x218
01-01 08:21:58.194 0 0 I : _raw_spin_lock_irqsave+0x54/0x98
01-01 08:21:58.194 0 0 I : ion_system_secure_heap_prefetch_work+0x94/0x2c0
01-01 08:21:58.194 0 0 I : process_one_work+0x38c/0x660
01-01 08:21:58.194 0 0 I : worker_thread+0x268/0x4b8
01-01 08:21:58.194 0 0 I : kthread+0x140/0x150
01-01 08:21:58.194 0 0 I : ret_from_fork+0x10/0x1c
01-01 08:21:58.223 0 0 I cnss-daemon: pm_release_vote: pm_handle is NULL
01-01 08:21:58.223 0 0 E : INFO: trying to register non-static key.
01-01 08:21:58.225 0 0 I cnss-daemon: pm_release_vote: pm_handle is NULL
01-01 08:21:58.225 0 0 I cnss-daemon: wlfw_build_cal_table: not read /data/vendor/wifi/wlfw_cal_00.bin
01-01 08:21:58.228 0 0 E : the code is fine but needs lockdep annotation.
01-01 08:21:58.228 0 0 I : CPU: 6 PID: 292 Comm: kworker/u16:8 Tainted: G S W O 4.19.157+ #1
01-01 08:21:58.228 0 0 I Hardware name: Qualcomm Technologies, Inc. kona MTP-RmPM8150b (DT)
01-01 08:21:58.228 0 0 I Workqueue: events_unbound ion_system_secure_heap_prefetch_work
01-01 08:21:58.228 0 0 I Call trace:
01-01 08:21:58.228 0 0 I : dump_backtrace+0x0/0x258
01-01 08:21:58.228 0 0 I : show_stack+0x20/0x30
01-01 08:21:58.228 0 0 I : dump_stack+0xd8/0x12c
01-01 08:21:58.228 0 0 I : register_lock_class+0x4d0/0x5c8
01-01 08:21:58.228 0 0 I : __lock_acquire+0xbc/0x1e58
01-01 08:21:58.228 0 0 I : lock_acquire+0x1cc/0x218
01-01 08:21:58.228 0 0 I : _raw_spin_lock_irqsave+0x54/0x98
01-01 08:21:58.228 0 0 I : ion_system_secure_heap_prefetch_work+0x94/0x2c0
01-01 08:21:58.228 0 0 I : process_one_work+0x38c/0x660
01-01 08:21:58.228 0 0 I : worker_thread+0x268/0x4b8
01-01 08:21:58.228 0 0 I : kthread+0x140/0x150
01-01 08:21:58.228 0 0 I : ret_from_fork+0x10/0x1c
01-01 08:21:58.238 0 0 E : INFO: trying to register non-static key.
01-01 08:21:58.243 0 0 E : the code is fine but needs lockdep annotation.
01-01 08:21:58.247 0 0 I msm_vidc: high: 00000001: ....d: Opening video instance: ffffffce9848c000, 1
01-01 08:21:58.249 0 0 I : CPU: 6 PID: 292 Comm: kworker/u16:8 Tainted: G S W O 4.19.157+ #1
01-01 08:21:58.249 0 0 I Hardware name: Qualcomm Technologies, Inc. kona MTP-RmPM8150b (DT)
01-01 08:21:58.249 0 0 I Workqueue: events_unbound ion_system_secure_heap_prefetch_work
01-01 08:21:58.249 0 0 I Call trace:
01-01 08:21:58.249 0 0 I : dump_backtrace+0x0/0x258
01-01 08:21:58.249 0 0 I : show_stack+0x20/0x30
01-01 08:21:58.249 0 0 I : dump_stack+0xd8/0x12c
01-01 08:21:58.249 0 0 I : register_lock_class+0x4d0/0x5c8
01-01 08:21:58.249 0 0 I : __lock_acquire+0xbc/0x1e58
01-01 08:21:58.249 0 0 I : lock_acquire+0x1cc/0x218
01-01 08:21:58.249 0 0 I : _raw_spin_lock_irqsave+0x54/0x98
01-01 08:21:58.249 0 0 I : ion_system_secure_heap_prefetch_work+0x94/0x2c0
01-01 08:21:58.249 0 0 I : process_one_work+0x38c/0x660
01-01 08:21:58.249 0 0 I : worker_thread+0x268/0x4b8
01-01 08:21:58.249 0 0 I : kthread+0x140/0x150
01-01 08:21:58.249 0 0 I : ret_from_fork+0x10/0x1c
01-01 08:21:58.249 0 0 I binder : 2247:2247 ioctl 40046210 7fc4386f54 returned -22
01-01 08:21:58.260 0 0 I cnss-daemon: wlfw_build_cal_table: not read /data/vendor/wifi/wlfw_cal_02.bin
01-01 08:21:58.266 0 0 D cnss : Received QMI WLFW request memory indication
01-01 08:21:58.266 0 0 D cnss : FW requests for memory, size: 0x5e0000, type: 1
01-01 08:21:58.266 0 0 D cnss : FW requests for memory, size: 0xd8000, type: 4
01-01 08:21:58.266 0 0 D cnss : Posting event: REQUEST_MEM(2), state: 0x11 flags: 0x0
01-01 08:21:58.266 0 0 D cnss : PM stay awake, state: 0x11, count: 1
01-01 08:21:58.266 0 0 D cnss : PM relax, state: 0x11, count: 0
01-01 08:21:58.266 0 0 D cnss : PM stay awake, state: 0x11, count: 1
01-01 08:21:58.266 0 0 D cnss : Processing driver event: REQUEST_MEM(2), state: 0x11
01-01 08:21:58.266 0 0 D cnss : Sending respond memory message, state: 0x11
01-01 08:21:58.266 0 0 D cnss : Memory for FW, va: 0xffffff802539b000, pa: 0x00000000a1000000, size: 0x5e0000, type: 1
01-01 08:21:58.266 0 0 D cnss : Memory for FW, va: 0xffffff8021035000, pa: 0x00000000a1600000, size: 0xd8000, type: 4
01-01 08:21:58.266 0 0 E : INFO: trying to register non-static key.
01-01 08:21:58.266 0 0 E : the code is fine but needs lockdep annotation.
01-01 08:21:58.266 0 0 I : CPU: 6 PID: 292 Comm: kworker/u16:8 Tainted: G S W O 4.19.157+ #1
01-01 08:21:58.277 0 0 I Hardware name: Qualcomm Technologies, Inc. kona MTP-RmPM8150b (DT)
01-01 08:21:58.277 0 0 I Workqueue: events_unbound ion_system_secure_heap_prefetch_work
01-01 08:21:58.277 0 0 I Call trace:
01-01 08:21:58.277 0 0 I : dump_backtrace+0x0/0x258
01-01 08:21:58.277 0 0 I : show_stack+0x20/0x30
01-01 08:21:58.277 0 0 I : dump_stack+0xd8/0x12c
01-01 08:21:58.277 0 0 I : register_lock_class+0x4d0/0x5c8
01-01 08:21:58.277 0 0 I : __lock_acquire+0xbc/0x1e58
01-01 08:21:58.277 0 0 I : lock_acquire+0x1cc/0x218
01-01 08:21:58.277 0 0 I : _raw_spin_lock_irqsave+0x54/0x98
01-01 08:21:58.277 0 0 I : ion_system_secure_heap_prefetch_work+0x94/0x2c0
01-01 08:21:58.277 0 0 I : process_one_work+0x38c/0x660
01-01 08:21:58.277 0 0 I : worker_thread+0x268/0x4b8
01-01 08:21:58.277 0 0 I : kthread+0x140/0x150
01-01 08:21:58.277 0 0 I : ret_from_fork+0x10/0x1c
01-01 08:21:58.284 0 0 D cnss : PM relax, state: 0x11, count: 0
01-01 08:21:58.284 0 0 I msm_vidc: high: 00000001: mpg2d: Closed video instance: ffffffce9848c000
01-01 08:21:58.287 0 0 D cnss : Received QMI WLFW FW memory ready indication
01-01 08:21:58.287 0 0 D cnss : Posting event: FW_MEM_READY(3), state: 0x11 flags: 0x0
01-01 08:21:58.287 0 0 D cnss : PM stay awake, state: 0x11, count: 1
01-01 08:21:58.288 0 0 D cnss : PM relax, state: 0x11, count: 0
01-01 08:21:58.288 0 0 D cnss : PM stay awake, state: 0x11, count: 1
01-01 08:21:58.288 0 0 D cnss : Processing driver event: FW_MEM_READY(3), state: 0x11
01-01 08:21:58.288 0 0 D cnss : Sending target capability message, state: 0x13
01-01 08:21:58.306 0 0 D cnss : Voltage for CPR: 948mV
01-01 08:21:58.306 0 0 D cnss : Update TCS CMD data address 0x000000000b2e5844 with voltage 950mV
01-01 08:21:58.306 0 0 D cnss : Device frequency is 24000000 HZ
01-01 08:21:58.306 0 0 D cnss : Target capability: chip_id: 0x0, chip_family: 0xb, board_id: 0xff, soc_id: 0xffffffff, fw_version: 0x101a0521, fw_build_timestamp: 2021-12-20 07:54, fw_build_id: QC_IMAGE_VERSION_STRING=WLAN.HST.1.0.1.r1-01313-QCAHSTSWPL_SILICONZ-1, otp_version: 0x480020
01-01 08:21:58.306 0 0 D cnss : Sending BDF download message, state: 0x13, type: 4
01-01 08:21:58.306 0 0 D cnss : FW name added with prefix: qca6390/regdb.bin
01-01 08:21:58.306 0 0 W cnss2 b0000000.qcom,cnss-qca6390: Falling back to syfs fallback for: qca6390/regdb.bin
01-01 08:21:58.307 0 0 E : INFO: trying to register non-static key.
01-01 08:21:58.312 0 0 E : the code is fine but needs lockdep annotation.
01-01 08:21:58.318 0 0 I : CPU: 6 PID: 292 Comm: kworker/u16:8 Tainted: G S W O 4.19.157+ #1
01-01 08:21:58.318 0 0 I Hardware name: Qualcomm Technologies, Inc. kona MTP-RmPM8150b (DT)
01-01 08:21:58.318 0 0 I Workqueue: events_unbound ion_system_secure_heap_prefetch_work
01-01 08:21:58.318 0 0 I Call trace:
01-01 08:21:58.318 0 0 I : dump_backtrace+0x0/0x258
01-01 08:21:58.318 0 0 I : show_stack+0x20/0x30
01-01 08:21:58.318 0 0 I : dump_stack+0xd8/0x12c
01-01 08:21:58.318 0 0 I : register_lock_class+0x4d0/0x5c8
01-01 08:21:58.318 0 0 I : __lock_acquire+0xbc/0x1e58
01-01 08:21:58.318 0 0 I : lock_acquire+0x1cc/0x218
01-01 08:21:58.318 0 0 I : _raw_spin_lock_irqsave+0x54/0x98
01-01 08:21:58.318 0 0 I : ion_system_secure_heap_prefetch_work+0x94/0x2c0
01-01 08:21:58.318 0 0 I : process_one_work+0x38c/0x660
01-01 08:21:58.318 0 0 I : worker_thread+0x268/0x4b8
01-01 08:21:58.318 0 0 I : kthread+0x140/0x150
01-01 08:21:58.318 0 0 I : ret_from_fork+0x10/0x1c
01-01 08:21:58.318 0 0 D : mv2112_read_status
01-01 08:21:58.318 0 0 D mv2112_update_link: 3.0x901(1G): 0x4
01-01 08:21:58.319 0 0 D mv2112_update_link: 3.0x8109(100M): 0x8
01-01 08:21:58.319 0 0 D mv2112_update_link: link 0x4
01-01 08:21:58.319 0 0 D mv2112_read_status: autoneg is disabled
01-01 08:21:58.340 0 0 I msm_vidc: high: 00000001: ....d: Opening video instance: ffffffce12cbc000, 1
01-01 08:21:58.344 0 0 I ueventd : firmware: loading 'qca6390/regdb.bin' for '/devices/platform/soc/b0000000.qcom,cnss-qca6390/firmware/qca6390!regdb.bin'
01-01 08:21:58.345 0 0 E : INFO: trying to register non-static key.
01-01 08:21:58.347 0 0 E ueventd : firmware: could not find firmware for qca6390/regdb.bin
01-01 08:21:58.350 0 0 E : the code is fine but needs lockdep annotation.
01-01 08:21:58.350 0 0 I : CPU: 7 PID: 2287 Comm: VideoDecMsgThre Tainted: G S W O 4.19.157+ #1
01-01 08:21:58.350 0 0 I Hardware name: Qualcomm Technologies, Inc. kona MTP-RmPM8150b (DT)
01-01 08:21:58.350 0 0 I Call trace:
01-01 08:21:58.350 0 0 I : dump_backtrace+0x0/0x258
01-01 08:21:58.350 0 0 I : show_stack+0x20/0x30
01-01 08:21:58.350 0 0 I : dump_stack+0xd8/0x12c
01-01 08:21:58.350 0 0 I : register_lock_class+0x4d0/0x5c8
01-01 08:21:58.350 0 0 I : __lock_acquire+0xbc/0x1e58
01-01 08:21:58.350 0 0 I : lock_acquire+0x1cc/0x218
01-01 08:21:58.350 0 0 I : _raw_spin_lock_irqsave+0x54/0x98
01-01 08:21:58.350 0 0 I : __ion_system_secure_heap_resize+0x768/0x8c0
01-01 08:21:58.363 0 0 I : ion_system_secure_heap_prefetch+0x28/0x38
01-01 08:21:58.363 0 0 I : ion_walk_heaps+0x88/0xb8
01-01 08:21:58.363 0 0 I : ion_ioctl+0x1b0/0x2a8
01-01 08:21:58.363 0 0 I : __arm64_compat_sys_ioctl+0xf4/0x240
01-01 08:21:58.363 0 0 I : el0_svc_common+0xa4/0x190
01-01 08:21:58.363 0 0 I : el0_svc_compat_handler+0x28/0x38
01-01 08:21:58.363 0 0 I : el0_svc_compat+0x8/0x34
01-01 08:21:58.370 0 0 E : INFO: trying to register non-static key.
01-01 08:21:58.375 0 0 E : INFO: trying to register non-static key.
01-01 08:21:58.375 0 0 E : the code is fine but needs lockdep annotation.
01-01 08:21:58.375 0 0 I : CPU: 7 PID: 2287 Comm: VideoDecMsgThre Tainted: G S W O 4.19.157+ #1
01-01 08:21:58.381 0 0 E : the code is fine but needs lockdep annotation.
01-01 08:21:58.386 0 0 I Hardware name: Qualcomm Technologies, Inc. kona MTP-RmPM8150b (DT)
01-01 08:21:58.386 0 0 I Call trace:
01-01 08:21:58.392 0 0 I : dump_backtrace+0x0/0x258
01-01 08:21:58.392 0 0 I : show_stack+0x20/0x30
01-01 08:21:58.392 0 0 I : dump_stack+0xd8/0x12c
01-01 08:21:58.392 0 0 I : register_lock_class+0x4d0/0x5c8
01-01 08:21:58.392 0 0 I : __lock_acquire+0xbc/0x1e58
01-01 08:21:58.392 0 0 I : lock_acquire+0x1cc/0x218
01-01 08:21:58.392 0 0 I : _raw_spin_lock_irqsave+0x54/0x98
01-01 08:21:58.392 0 0 I : __ion_system_secure_heap_resize+0x768/0x8c0
01-01 08:21:58.392 0 0 I : ion_system_secure_heap_prefetch+0x28/0x38
01-01 08:21:58.392 0 0 I : ion_walk_heaps+0x88/0xb8
01-01 08:21:58.392 0 0 I : ion_ioctl+0x1b0/0x2a8
01-01 08:21:58.392 0 0 I : __arm64_compat_sys_ioctl+0xf4/0x240
01-01 08:21:58.392 0 0 I : el0_svc_common+0xa4/0x190
01-01 08:21:58.392 0 0 I : el0_svc_compat_handler+0x28/0x38
01-01 08:21:58.392 0 0 I : el0_svc_compat+0x8/0x34
01-01 08:21:58.392 0 0 I : CPU: 3 PID: 292 Comm: kworker/u16:8 Tainted: G S W O 4.19.157+ #1
01-01 08:21:58.392 0 0 I Hardware name: Qualcomm Technologies, Inc. kona MTP-RmPM8150b (DT)
01-01 08:21:58.392 0 0 I Workqueue: events_unbound ion_system_secure_heap_prefetch_work
01-01 08:21:58.392 0 0 I Call trace:
01-01 08:21:58.392 0 0 I : dump_backtrace+0x0/0x258
01-01 08:21:58.392 0 0 I : show_stack+0x20/0x30
01-01 08:21:58.392 0 0 I : dump_stack+0xd8/0x12c
01-01 08:21:58.392 0 0 I : register_lock_class+0x4d0/0x5c8
01-01 08:21:58.392 0 0 I : __lock_acquire+0xbc/0x1e58
01-01 08:21:58.392 0 0 I : lock_acquire+0x1cc/0x218
01-01 08:21:58.392 0 0 I : _raw_spin_lock_irqsave+0x54/0x98
01-01 08:21:58.392 0 0 I : ion_system_secure_heap_prefetch_work+0x94/0x2c0
01-01 08:21:58.392 0 0 I : process_one_work+0x38c/0x660
01-01 08:21:58.392 0 0 I : worker_thread+0x268/0x4b8
01-01 08:21:58.392 0 0 I : kthread+0x140/0x150
01-01 08:21:58.392 0 0 I : ret_from_fork+0x10/0x1c
01-01 08:21:58.399 0 0 E : INFO: trying to register non-static key.
01-01 08:21:58.404 0 0 E : the code is fine but needs lockdep annotation.
01-01 08:21:58.410 0 0 I : CPU: 7 PID: 1417 Comm: HwBinder:1372_2 Tainted: G S W O 4.19.157+ #1
01-01 08:21:58.410 0 0 I Hardware name: Qualcomm Technologies, Inc. kona MTP-RmPM8150b (DT)
01-01 08:21:58.410 0 0 I Call trace:
01-01 08:21:58.410 0 0 I : dump_backtrace+0x0/0x258
01-01 08:21:58.410 0 0 I : show_stack+0x20/0x30
01-01 08:21:58.410 0 0 I : dump_stack+0xd8/0x12c
01-01 08:21:58.410 0 0 I : register_lock_class+0x4d0/0x5c8
01-01 08:21:58.410 0 0 I : __lock_acquire+0xbc/0x1e58
01-01 08:21:58.410 0 0 I : lock_acquire+0x1cc/0x218
01-01 08:21:58.410 0 0 I : _raw_spin_lock_irqsave+0x54/0x98
01-01 08:21:58.410 0 0 I : __ion_system_secure_heap_resize+0x768/0x8c0
01-01 08:21:58.410 0 0 I : ion_system_secure_heap_drain+0x28/0x38
01-01 08:21:58.410 0 0 I : ion_walk_heaps+0x88/0xb8
01-01 08:21:58.410 0 0 I : ion_ioctl+0x1b0/0x2a8
01-01 08:21:58.410 0 0 I : __arm64_compat_sys_ioctl+0xf4/0x240
01-01 08:21:58.410 0 0 I : el0_svc_common+0xa4/0x190
01-01 08:21:58.410 0 0 I : el0_svc_compat_handler+0x28/0x38
01-01 08:21:58.410 0 0 I : el0_svc_compat+0x8/0x34
01-01 08:21:58.410 0 0 E : INFO: trying to register non-static key.
01-01 08:21:58.411 0 0 E : INFO: trying to register non-static key.
01-01 08:21:58.415 0 0 E : the code is fine but needs lockdep annotation.
01-01 08:21:58.421 0 0 E : the code is fine but needs lockdep annotation.
01-01 08:21:58.421 0 0 I : CPU: 7 PID: 1417 Comm: HwBinder:1372_2 Tainted: G S W O 4.19.157+ #1
01-01 08:21:58.432 0 0 I Hardware name: Qualcomm Technologies, Inc. kona MTP-RmPM8150b (DT)
01-01 08:21:58.432 0 0 I Call trace:
01-01 08:21:58.432 0 0 I : dump_backtrace+0x0/0x258
01-01 08:21:58.432 0 0 I : show_stack+0x20/0x30
01-01 08:21:58.432 0 0 I : dump_stack+0xd8/0x12c
01-01 08:21:58.432 0 0 I : register_lock_class+0x4d0/0x5c8
01-01 08:21:58.432 0 0 I : __lock_acquire+0xbc/0x1e58
01-01 08:21:58.432 0 0 I : lock_acquire+0x1cc/0x218
01-01 08:21:58.432 0 0 I : _raw_spin_lock_irqsave+0x54/0x98
01-01 08:21:58.432 0 0 I : __ion_system_secure_heap_resize+0x768/0x8c0
01-01 08:21:58.432 0 0 I : ion_system_secure_heap_drain+0x28/0x38
01-01 08:21:58.432 0 0 I : ion_walk_heaps+0x88/0xb8
01-01 08:21:58.432 0 0 I : ion_ioctl+0x1b0/0x2a8
01-01 08:21:58.432 0 0 I : __arm64_compat_sys_ioctl+0xf4/0x240
01-01 08:21:58.432 0 0 I : el0_svc_common+0xa4/0x190
01-01 08:21:58.432 0 0 I : el0_svc_compat_handler+0x28/0x38
01-01 08:21:58.432 0 0 I : el0_svc_compat+0x8/0x34
01-01 08:21:58.432 0 0 I : CPU: 3 PID: 292 Comm: kworker/u16:8 Tainted: G S W O 4.19.157+ #1
01-01 08:21:58.432 0 0 I Hardware name: Qualcomm Technologies, Inc. kona MTP-RmPM8150b (DT)
01-01 08:21:58.432 0 0 I Workqueue: events_unbound ion_system_secure_heap_prefetch_work
01-01 08:21:58.432 0 0 I Call trace:
01-01 08:21:58.432 0 0 I : dump_backtrace+0x0/0x258
01-01 08:21:58.432 0 0 I : show_stack+0x20/0x30
01-01 08:21:58.432 0 0 I : dump_stack+0xd8/0x12c
01-01 08:21:58.432 0 0 I : register_lock_class+0x4d0/0x5c8
01-01 08:21:58.432 0 0 I : __lock_acquire+0xbc/0x1e58
01-01 08:21:58.432 0 0 I : lock_acquire+0x1cc/0x218
01-01 08:21:58.432 0 0 I : _raw_spin_lock_irqsave+0x54/0x98
01-01 08:21:58.432 0 0 I : ion_system_secure_heap_prefetch_work+0x94/0x2c0
01-01 08:21:58.432 0 0 I : process_one_work+0x38c/0x660
01-01 08:21:58.432 0 0 I : worker_thread+0x268/0x4b8
01-01 08:21:58.432 0 0 I : kthread+0x140/0x150
01-01 08:21:58.432 0 0 I : ret_from_fork+0x10/0x1c
01-01 08:21:58.434 0 0 W logd : Skipping entries from slow reader, pid 1284, fd 14, from LogBuffer::Prune()
01-01 08:21:58.434 0 0 W logd : Skipping entries from slow reader, pid 1284, fd 14, from LogBuffer::Prune()
01-01 08:21:58.443 0 0 I msm_vidc: high: 00000001: mpg2d: Closed video instance: ffffffce12cbc000
01-01 08:21:58.483 0 0 I binder : 2283:2283 ioctl 40046210 7fc4386f54 returned -22
01-01 08:21:58.528 0 0 I binder : 2293:2293 ioctl 40046210 7fc4386f54 returned -22
01-01 08:21:58.532 0 0 I msm_vidc: high: 00000001: ....d: Opening video instance: ffffffce122fc000, 1
01-01 08:21:58.549 0 0 E ueventd : firmware: attempted /etc/firmware/qca6390/regdb.bin, open failed: No such file or directory
01-01 08:21:58.557 0 0 I binder : 2199:2199 ioctl 40046210 7fc4385f04 returned -22
01-01 08:21:58.561 0 0 I msm_vidc: high: 00000001: vp8d: Closed video instance: ffffffce122fc000
08-30 00:52:13.111 1372 1417 I SWVDEC : >>> swvdec_getproperty():
08-30 00:52:13.111 1372 1417 I SWVDEC : --- get_property(): buffer requirements ip: 3133440 bytes x (1 to 32), 128-byte aligned
08-30 00:52:13.111 1372 1417 I OMX_SWVDEC: --- get_buffer_requirements_swvdec(): ip port: 3133440 bytes x 5, 128-byte aligned
08-30 00:52:13.111 1372 1417 I SWVDEC : >>> swvdec_getproperty():
08-30 00:52:13.111 1372 1417 I SWVDEC : --- get_property(): buffer requirements op: 4718592 bytes x (3 to 32), 128-byte aligned
08-30 00:52:13.112 1372 1417 I OMX_SWVDEC: --- get_buffer_requirements_swvdec(): op port: 4718592 bytes x 3, 128-byte aligned
08-30 00:52:13.112 2199 2199 V GraphicsEnvironment: ANGLE Developer option for 'com.android.se' set to: 'default'
08-30 00:52:13.113 2199 2199 V GraphicsEnvironment: ANGLE GameManagerService for com.android.se: false
08-30 00:52:13.114 1372 2309 I OMX_SWVDEC: --- async_thread(): created
08-30 00:52:13.114 1372 1417 I OMX_SWVDEC: --- component_init(): OMX_StateInvalid -> OMX_StateLoaded
08-30 00:52:13.114 1372 1417 I OMX_SWVDEC: >>> set_callbacks():
08-30 00:52:13.115 2199 2199 D NetworkSecurityConfig: No Network Security Config specified, using platform default
08-30 00:52:13.115 1372 1417 I OMX_SWVDEC: >>> set_parameter(): OMX_IndexParamStandardComponentRole 'video_decoder.mpeg4'
08-30 00:52:13.115 2199 2199 D NetworkSecurityConfig: No Network Security Config specified, using platform default
08-30 00:52:13.115 1372 1417 I OMX_SWVDEC: >>> get_parameter(): OMX_IndexParamVideoProfileLevelQuerySupported, port index 0, profile index 0
08-30 00:52:13.115 1372 1417 I OMX_SWVDEC: --- get_supported_profilelevel(): MPEG-4 simple profile, level 6
08-30 00:52:13.115 1372 1417 I OMX_SWVDEC: >>> get_parameter(): OMX_IndexParamVideoProfileLevelQuerySupported, port index 0, profile index 1
08-30 00:52:13.115 1372 1417 I OMX_SWVDEC: --- get_supported_profilelevel(): MPEG-4 advanced simple profile, level 5
08-30 00:52:13.116 1372 1417 I OMX_SWVDEC: >>> get_parameter(): OMX_IndexParamVideoProfileLevelQuerySupported, port index 0, profile index 2
08-30 00:52:13.116 1372 1417 I OMX_SWVDEC: --- get_supported_profilelevel(): profile index '2' unsupported; no more profiles
08-30 00:52:13.116 1372 1417 I OMX_SWVDEC: >>> get_parameter(): OMX_IndexParamVideoPortFormat, port index 1, index 0
08-30 00:52:13.116 1372 1417 I OMX_SWVDEC: --- get_video_port_format(): color format 0x7fa30c04, compression format 0x00000000
08-30 00:52:13.116 1372 1417 I OMX_SWVDEC: >>> get_extension_index(): 'OMX.google.android.index.describeColorFormat'
08-30 00:52:13.117 1372 1417 I OMX_SWVDEC: >>> get_extension_index(): 'OMX.google.android.index.storeMetaDataInBuffers'
08-30 00:52:13.117 1372 1417 I OMX_SWVDEC: >>> get_extension_index(): 'OMX.google.android.index.storeANWBufferInMetadata'
08-30 00:52:13.117 1372 1417 E OMX_SWVDEC: !!! get_extension_index(): 'OMX.google.android.index.storeANWBufferInMetadata': not implemented
08-30 00:52:13.117 1372 1417 I OMX_SWVDEC: >>> get_extension_index(): 'OMX.google.android.index.prepareForAdaptivePlayback'
08-30 00:52:13.117 1372 1417 I OMX_SWVDEC: >>> get_extension_index(): 'OMX.google.android.index.configureVideoTunnelMode'
08-30 00:52:13.117 1372 1417 E OMX_SWVDEC: !!! get_extension_index(): 'OMX.google.android.index.configureVideoTunnelMode': not implemented
08-30 00:52:13.117 1372 1417 I OMX_SWVDEC: >>> get_extension_index(): 'OMX.google.android.index.useAndroidNativeBuffer2'
08-30 00:52:13.117 1372 1417 I OMX_SWVDEC: >>> get_extension_index(): 'OMX.google.android.index.useAndroidNativeBuffer'
08-30 00:52:13.117 1372 1417 I OMX_SWVDEC: >>> get_extension_index(): 'OMX.google.android.index.enableAndroidNativeBuffers'
08-30 00:52:13.117 1372 1417 I OMX_SWVDEC: >>> get_extension_index(): 'OMX.google.android.index.allocateNativeHandle'
08-30 00:52:13.117 1372 1417 E OMX_SWVDEC: !!! get_extension_index(): 'OMX.google.android.index.allocateNativeHandle': not implemented
08-30 00:52:13.117 1372 1417 I OMX_SWVDEC: >>> get_extension_index(): 'OMX.google.android.index.getAndroidNativeBufferUsage'
08-30 00:52:13.117 1372 1417 I OMX_SWVDEC: >>> get_parameter(): OMX_QcomIndexFlexibleYUVDescription
08-30 00:52:13.117 1372 1417 I OMX_SWVDEC: >>> get_parameter(): OMX_IndexParamVideoPortFormat, port index 1, index 1
08-30 00:52:13.117 1372 1417 I OMX_SWVDEC: --- get_video_port_format(): color format 0x00000015, compression format 0x00000000
08-30 00:52:13.117 1372 1417 I OMX_SWVDEC: >>> get_extension_index(): 'OMX.google.android.index.describeColorFormat'
08-30 00:52:13.118 1372 1417 I OMX_SWVDEC: >>> get_parameter(): OMX_QcomIndexFlexibleYUVDescription
08-30 00:52:13.118 1372 1417 E OMXNodeInstance: getParameter(0xf49c5294:qti.decoder.mpeg4sw, ??(0x7f000044)) ERROR: UnsupportedSetting(0x80001019)
08-30 00:52:13.118 1372 1417 I OMX_SWVDEC: >>> get_parameter(): OMX_IndexParamVideoPortFormat, port index 1, index 2
08-30 00:52:13.118 1372 1417 I OMX_SWVDEC: --- get_video_port_format(): index '2' unsupported; no more color formats
08-30 00:52:13.118 1372 1417 I OMX_SWVDEC: >>> get_extension_index(): 'OMX.google.android.index.configureVideoTunnelMode'
08-30 00:52:13.118 1372 1417 E OMX_SWVDEC: !!! get_extension_index(): 'OMX.google.android.index.configureVideoTunnelMode': not implemented
08-30 00:52:13.118 1372 1417 E OMXNodeInstance: getExtensionIndex(0xf49c5294:qti.decoder.mpeg4sw, OMX.google.android.index.configureVideoTunnelMode) ERROR: NotImplemented(0x80001006)
08-30 00:52:13.119 1350 1418 D MediaCodecInfo: detail feature-tunneled-playback wasn't present to remove
08-30 00:52:13.119 1372 1417 I OMX_SWVDEC: >>> get_extension_index(): 'OMX.google.android.index.enableAndroidNativeBuffers'
08-30 00:52:13.119 1372 1417 I OMX_SWVDEC: >>> set_parameter(): OMX_GoogleAndroidIndexEnableAndroidNativeBuffers, enable
08-30 00:52:13.119 1372 1417 I OMX_SWVDEC: >>> get_extension_index(): 'OMX.google.android.index.allocateNativeHandle'
08-30 00:52:13.119 1372 1417 E OMX_SWVDEC: !!! get_extension_index(): 'OMX.google.android.index.allocateNativeHandle': not implemented
08-30 00:52:13.119 1372 1417 I OMX_SWVDEC: >>> get_extension_index(): 'OMX.google.android.index.storeANWBufferInMetadata'
08-30 00:52:13.119 1372 1417 E OMX_SWVDEC: !!! get_extension_index(): 'OMX.google.android.index.storeANWBufferInMetadata': not implemented
08-30 00:52:13.119 1372 1417 I OMX_SWVDEC: >>> get_extension_index(): 'OMX.google.android.index.storeMetaDataInBuffers'
08-30 00:52:13.119 1372 1417 I OMX_SWVDEC: >>> set_parameter(): OMX_QcomIndexParamVideoMetaBufferMode, port index 1, enable
08-30 00:52:13.119 1372 1417 I OMX_SWVDEC: >>> get_state(): OMX_StateLoaded
08-30 00:52:13.119 1372 1417 I OMX_SWVDEC: >>> get_state(): OMX_StateLoaded
08-30 00:52:13.119 1372 1417 I OMX_SWVDEC: >>> component_deinit():
08-30 00:52:13.119 1372 2309 I OMX_SWVDEC: --- async_thread(): exiting
01-01 08:21:58.578 0 0 E ueventd : firmware: attempted /odm/firmware/qca6390/regdb.bin, open failed: No such file or directory
08-30 00:52:13.120 1372 1417 I SWVDEC : >>> swvdec_deinit():
08-30 00:52:13.120 1372 1417 I SWVDEC : --- set_state(): SWVDEC_STATE_INIT -> SWVDEC_STATE_INVALID
08-30 00:52:13.120 1372 2308 I SWVDEC : --- thread_eventd(): SWVDEC_THREAD_SIGNAL_EXIT
08-30 00:52:13.120 1372 2307 I SWVDEC : --- thread_decoder(): SWVDEC_THREAD_SIGNAL_EXIT
08-30 00:52:13.120 1372 2306 I SWVDEC : --- thread_parser(): SWVDEC_THREAD_SIGNAL_EXIT
08-30 00:52:13.121 1372 1417 I SWVDEC : --- swvdec_deinit(): all done, goodbye!
08-30 00:52:13.121 1372 1417 I OMX_SWVDEC: --- component_deinit(): all done, goodbye!
08-30 00:52:13.122 1372 1417 I android.hardware.media.omx@1.0-service: vendor/qcom/proprietary/adsprpc/src/rpcmem_android.c:192: rpcmem_deinit_internal: closed ION fd 7
08-30 00:52:13.122 1372 1417 I android.hardware.media.omx@1.0-service: vendor/qcom/proprietary/adsprpc/src/fastrpc_apps_user.c:3019: fastrpc_apps_user_deinit done
08-30 00:52:13.124 2283 2283 D ProcessState: Binder ioctl to enable oneway spam detection failed: Invalid argument
08-30 00:52:13.126 1044 2310 I Telecom : Logging.Events: Non-call EVENT: AUDIO_ROUTE, Entering state QuiescentEarpieceRoute
08-30 00:52:13.126 1044 2310 I Telecom : BluetoothRouteManager: getBluetoothAudioConnectedDevice: no service available.
08-30 00:52:13.132 1350 1418 I OMXClient: IOmx service obtained
08-30 00:52:13.132 1372 1417 I OMXMaster: makeComponentInstance(OMX.google.mpeg4.decoder) in android.hardwar process
08-30 00:52:13.135 1372 1417 E OMXNodeInstance: getExtensionIndex(0xf4a81740:google.mpeg4.decoder, OMX.google.android.index.configureVideoTunnelMode) ERROR: UnsupportedIndex(0x8000101a)
08-30 00:52:13.135 1350 1418 D MediaCodecInfo: detail feature-tunneled-playback wasn't present to remove
08-30 00:52:13.135 1372 1417 E OMXNodeInstance: getExtensionIndex(0xf4a81740:google.mpeg4.decoder, OMX.google.android.index.enableAndroidNativeBuffers) ERROR: UnsupportedIndex(0x8000101a)
08-30 00:52:13.140 1044 1100 I am_proc_bound: [0,2283,com.qualcomm.qti.devicestatisticsservice]
08-30 00:52:13.142 1044 1100 D CompatibilityChangeReporter: Compat change id reported: 168419799; UID 10064; state: DISABLED
08-30 00:52:13.142 1044 1100 D CompatibilityInfo: mCompatibilityFlags - 4
08-30 00:52:13.142 1044 1100 D CompatibilityInfo: applicationDensity - 240
08-30 00:52:13.142 1044 1100 D CompatibilityInfo: applicationScale - 1.0
08-30 00:52:13.144 1350 1418 I OMXClient: IOmx service obtained
08-30 00:52:13.144 1044 1100 I am_uid_active: 10064
08-30 00:52:13.144 1372 1417 I OMXMaster: makeComponentInstance(OMX.qcom.video.decoder.vp8) in android.hardwar process
08-30 00:52:13.144 1372 1417 D PlatformConfig: getInstance: Enter
08-30 00:52:13.145 1372 1417 D PlatformConfig: getConfigStoreBool: vpp/enable=false, returning false
08-30 00:52:13.153 1044 1100 D CompatibilityInfo: mCompatibilityFlags - 4
08-30 00:52:13.153 1044 1100 D CompatibilityInfo: applicationDensity - 240
08-30 00:52:13.153 1044 1100 D CompatibilityInfo: applicationScale - 1.0
08-30 00:52:13.155 1613 1648 I adbd : jdwp connection from 2293
08-30 00:52:13.156 1882 2281 I service_manager_slow: [109,telecom]
08-30 00:52:13.160 1342 1342 I MMParserExtractor: Created(0xb400006e4bcec8d0)
08-30 00:52:13.165 515 515 I hwservicemanager: Since vendor.qti.hardware.iop@2.0::IIop/default is not registered, trying to start it as a lazy HAL.
08-30 00:52:13.166 1359 1359 E ANDR-IOP: IIop:: Iop HAL Service is not available.
08-30 00:52:13.168 1342 1403 I MMParserExtractor: Created(0xb400006e4bcee5b0)
08-30 00:52:13.168 2293 2293 D ProcessState: Binder ioctl to enable oneway spam detection failed: Invalid argument
08-30 00:52:13.171 1372 1417 D PlatformConfig: getInstance: Enter
08-30 00:52:13.172 1372 1417 D PlatformConfig: getInt32 Config name: vidc_dec_log_in value: 0
08-30 00:52:13.172 1372 1417 D PlatformConfig: getInstance: Enter
08-30 00:52:13.172 1372 1417 D PlatformConfig: getInt32 Config name: vidc_dec_log_out value: 0
08-30 00:52:13.172 1372 1417 D PlatformConfig: getInstance: Enter
08-30 00:52:13.172 1372 1417 D PlatformConfig: getInt32 Config name: vidc_dec_sec_prefetch_size_internal value: 209715200
08-30 00:52:13.172 1372 1417 D PlatformConfig: getInstance: Enter
08-30 00:52:13.172 1372 1417 D PlatformConfig: getInt32 Config name: vidc_dec_sec_prefetch_size_output value: 13434880
08-30 00:52:13.172 1372 1417 D PlatformConfig: getInstance: Enter
08-30 00:52:13.172 1372 1417 D PlatformConfig: getInt32 Config name: vidc_perf_control_enable value: 0
08-30 00:52:13.172 1372 1417 D PlatformConfig: getInstance: Enter
08-30 00:52:13.172 1372 1417 D PlatformConfig: getInt32 Config name: vidc_dec_thumbnail_yuv_output value: 0
08-30 00:52:13.172 1372 1417 D PlatformConfig: getInstance: Enter
08-30 00:52:13.172 1372 1417 D PlatformConfig: getInt32: Returning default
08-30 00:52:13.172 1372 1417 D PlatformConfig: getInstance: Enter
08-30 00:52:13.172 1372 1417 D PlatformConfig: getInt32 Config name: vidc_dec_output_rate value: 120
08-30 00:52:13.173 1372 1417 I OMX-VDEC-1080P: component_init: OMX.qcom.video.decoder.vp8 : fd=7
08-30 00:52:13.173 1372 1417 E OMX-VDEC-1080P: Unsupported output color format for c2d (2141391876)
08-30 00:52:13.173 1372 1417 E OMX-VDEC-1080P: Setting color format failed
08-30 00:52:13.176 1372 1417 D PlatformConfig: getInstance: Enter
08-30 00:52:13.176 1372 1417 D PlatformConfig: getInt32: Returning default
08-30 00:52:13.176 1372 1417 D PlatformConfig: getInstance: Enter
08-30 00:52:13.176 1372 1417 D PlatformConfig: getInt32: Returning default
08-30 00:52:13.176 1372 1417 I OMX-VDEC-1080P: omx_vdec::component_init() success : fd=7
08-30 00:52:13.178 1372 1416 E OMX-VDEC-1080P: Extension: OMX.google.android.index.storeANWBufferInMetadata not implemented
08-30 00:52:13.178 1372 1416 E OMX-VDEC-1080P: Extension: OMX.google.android.index.configureVideoTunnelMode not implemented
08-30 00:52:13.178 1372 1416 E OMX-VDEC-1080P: Extension: OMX.google.android.index.useAndroidNativeBuffer is supported
08-30 00:52:13.178 515 2327 W libc : Unable to set property "ctl.interface_start" to "vendor.qti.hardware.iop@2.0::IIop/default": error code: 0x20
08-30 00:52:13.178 515 2327 I hwservicemanager: Tried to start vendor.qti.hardware.iop@2.0::IIop/default as a lazy service, but was unable to. Usually this happens when a service is not installed, but if the service is intended to be used as a lazy service, then it may be configured incorrectly.
08-30 00:52:13.179 2199 2199 I SecureElementService: main onCreate
08-30 00:52:13.180 1372 1416 E OMXNodeInstance: getParameter(0xf3280014:qcom.decoder.vp8, ??(0x7f000044)) ERROR: UnsupportedSetting(0x80001019)
08-30 00:52:13.181 1372 1416 E OMXNodeInstance: getParameter(0xf3280014:qcom.decoder.vp8, ??(0x7f000044)) ERROR: UnsupportedSetting(0x80001019)
08-30 00:52:13.183 1372 1416 E OMX-VDEC-1080P: Extension: OMX.google.android.index.configureVideoTunnelMode not implemented
08-30 00:52:13.183 1372 1416 E OMXNodeInstance: getExtensionIndex(0xf3280014:qcom.decoder.vp8, OMX.google.android.index.configureVideoTunnelMode) ERROR: NotImplemented(0x80001006)
08-30 00:52:13.183 1350 1418 D MediaCodecInfo: detail feature-tunneled-playback wasn't present to remove
08-30 00:52:13.183 1372 1416 E OMX-VDEC-1080P: set_parameter: Error: 0x80001019, setting param 0x7f00005d
08-30 00:52:13.183 1372 1416 E OMXNodeInstance: setParameter(0xf3280014:qcom.decoder.vp8, OMX.google.android.index.allocateNativeHandle(0x7f00005d): Output:1 en=0) ERROR: UnsupportedSetting(0x80001019)
08-30 00:52:13.183 1372 1416 E OMX-VDEC-1080P: Extension: OMX.google.android.index.storeANWBufferInMetadata not implemented
08-30 00:52:13.184 1372 1416 I OMX-VDEC-1080P: omx_vdec::component_deinit() complete
08-30 00:52:13.184 2283 2283 D CompatibilityChangeReporter: Compat change id reported: 171979766; UID 10064; state: ENABLED
08-30 00:52:13.186 1044 1100 I am_proc_bound: [0,2293,com.qualcomm.qti.qdma]
08-30 00:52:13.188 1044 1100 D CompatibilityChangeReporter: Compat change id reported: 168419799; UID 1000; state: DISABLED
08-30 00:52:13.188 1044 1100 D CompatibilityInfo: mCompatibilityFlags - 4
08-30 00:52:13.188 1044 1100 D CompatibilityInfo: applicationDensity - 240
08-30 00:52:13.188 1044 1100 D CompatibilityInfo: applicationScale - 1.0
08-30 00:52:13.197 2293 2293 D CompatibilityChangeReporter: Compat change id reported: 171979766; UID 1000; state: ENABLED
08-30 00:52:13.197 2199 2199 I SecureElementService: Check if terminal eSE1 is available.
08-30 00:52:13.199 685 685 D Zygote : Forked child process 2342
08-30 00:52:13.200 1044 1199 W ActivityManager: Slow operation: 1335ms so far, now at startProcess: returned from zygote!
08-30 00:52:13.200 1044 1199 W ActivityManager: Slow operation: 1336ms so far, now at startProcess: done updating battery stats
01-01 08:21:58.629 0 0 E ueventd : firmware: attempted /vendor/firmware/qca6390/regdb.bin, open failed: No such file or directory
01-01 08:21:58.666 0 0 E ueventd : firmware: attempted /firmware/image/qca6390/regdb.bin, open failed: No such file or directory
01-01 08:21:58.722 0 0 E : INFO: trying to register non-static key.
01-01 08:21:58.727 0 0 E : the code is fine but needs lockdep annotation.
01-01 08:21:58.729 0 0 E ueventd : firmware: attempted /vendor/firmware_mnt/image/qca6390/regdb.bin, open failed: No such file or directory
01-01 08:21:58.731 0 0 I msm_vidc: high: 00000001: ....d: Opening video instance: ffffffce0d8b4000, 1
01-01 08:21:58.732 0 0 I : CPU: 3 PID: 292 Comm: kworker/u16:8 Tainted: G S W O 4.19.157+ #1
01-01 08:21:58.732 0 0 I Hardware name: Qualcomm Technologies, Inc. kona MTP-RmPM8150b (DT)
01-01 08:21:58.732 0 0 I Workqueue: events_unbound ion_system_secure_heap_prefetch_work
01-01 08:21:58.732 0 0 I Call trace:
01-01 08:21:58.732 0 0 I : dump_backtrace+0x0/0x258
01-01 08:21:58.732 0 0 I : show_stack+0x20/0x30
01-01 08:21:58.732 0 0 I : dump_stack+0xd8/0x12c
01-01 08:21:58.732 0 0 I : register_lock_class+0x4d0/0x5c8
01-01 08:21:58.732 0 0 I : __lock_acquire+0xbc/0x1e58
01-01 08:21:58.732 0 0 I : lock_acquire+0x1cc/0x218
01-01 08:21:58.732 0 0 I : _raw_spin_lock_irqsave+0x54/0x98
01-01 08:21:58.732 0 0 I : ion_system_secure_heap_prefetch_work+0x94/0x2c0
01-01 08:21:58.732 0 0 I : process_one_work+0x38c/0x660
01-01 08:21:58.732 0 0 I : worker_thread+0x268/0x4b8
01-01 08:21:58.743 0 0 I msm_vidc: high: 00000001: vp9d: Closed video instance: ffffffce0d8b4000
01-01 08:21:58.744 0 0 I : kthread+0x140/0x150
01-01 08:21:58.744 0 0 I : ret_from_fork+0x10/0x1c
01-01 08:21:58.747 0 0 E : INFO: trying to register non-static key.
01-01 08:21:58.752 0 0 E : the code is fine but needs lockdep annotation.
01-01 08:21:58.758 0 0 I : CPU: 3 PID: 292 Comm: kworker/u16:8 Tainted: G S W O 4.19.157+ #1
01-01 08:21:58.758 0 0 I Hardware name: Qualcomm Technologies, Inc. kona MTP-RmPM8150b (DT)
01-01 08:21:58.758 0 0 I Workqueue: events_unbound ion_system_secure_heap_prefetch_work
01-01 08:21:58.758 0 0 I Call trace:
01-01 08:21:58.758 0 0 I : dump_backtrace+0x0/0x258
01-01 08:21:58.758 0 0 I : show_stack+0x20/0x30
01-01 08:21:58.758 0 0 I : dump_stack+0xd8/0x12c
01-01 08:21:58.758 0 0 I : register_lock_class+0x4d0/0x5c8
01-01 08:21:58.758 0 0 I : __lock_acquire+0xbc/0x1e58
01-01 08:21:58.758 0 0 I : lock_acquire+0x1cc/0x218
01-01 08:21:58.758 0 0 I : _raw_spin_lock_irqsave+0x54/0x98
01-01 08:21:58.758 0 0 I : ion_system_secure_heap_prefetch_work+0x94/0x2c0
01-01 08:21:58.758 0 0 I : process_one_work+0x38c/0x660
01-01 08:21:58.758 0 0 I : worker_thread+0x268/0x4b8
01-01 08:21:58.758 0 0 I : kthread+0x140/0x150
01-01 08:21:58.758 0 0 I : ret_from_fork+0x10/0x1c
01-01 08:21:58.760 0 0 E : INFO: trying to register non-static key.
01-01 08:21:58.765 0 0 E : the code is fine but needs lockdep annotation.
01-01 08:21:58.771 0 0 I : CPU: 3 PID: 292 Comm: kworker/u16:8 Tainted: G S W O 4.19.157+ #1
01-01 08:21:58.771 0 0 I Hardware name: Qualcomm Technologies, Inc. kona MTP-RmPM8150b (DT)
01-01 08:21:58.771 0 0 I Workqueue: events_unbound ion_system_secure_heap_prefetch_work
08-30 00:52:13.200 1044 1199 I am_proc_start: [0,2342,1000,com.android.settings,top-activity,{com.android.settings/com.android.settings.FallbackHome}]
08-30 00:52:13.200 1044 1199 W ActivityManager: Slow operation: 1336ms so far, now at startProcess: building log message
08-30 00:52:13.200 1044 1199 I ActivityManager: Start proc 2342:com.android.settings/1000 for top-activity {com.android.settings/com.android.settings.FallbackHome}
08-30 00:52:13.200 1044 1199 W ActivityManager: Slow operation: 1336ms so far, now at startProcess: starting to update pids map
08-30 00:52:13.201 1044 2324 I Telecom : CallAudioModeStateMachine: Message received: null.: TS.init->CAMSM.pM_1@AAA
08-30 00:52:13.202 1372 1416 I OMX-VDEC-1080P: Exit OMX vdec Destructor: fd=7
08-30 00:52:13.205 1044 1199 W ActivityManager: Slow operation: 1341ms so far, now at startProcess: done updating pids map
08-30 00:52:13.205 1044 1199 W ActivityManager: Slow operation: 1277ms so far, now at startProcess: asking zygote to start proc
08-30 00:52:13.206 1044 1199 D CompatibilityChangeReporter: Compat change id reported: 143937733; UID 10100; state: ENABLED
08-30 00:52:13.209 2199 2199 D hw-ProcessState: Binder ioctl to enable oneway spam detection failed: Invalid argument
08-30 00:52:13.211 1044 1044 I Telecom : MissedCallNotifierImpl: reloadFromDatabase: Boot not yet complete -- call log db may not be available. Deferring loading until boot complete for user 0: TS.init@AAA
08-30 00:52:13.216 2199 2199 I android_os_HwBinder: HwBinder: Starting thread pool for getting: android.hardware.secure_element@1.2::ISecureElement/eSE1
08-30 00:52:13.216 1044 1044 D TelephonyRegistry: listen oscl: mHasNotifySubscriptionInfoChangedOccurred==false no callback
08-30 00:52:13.217 1044 1044 I Telecom : MissedCallNotifierImpl: reloadFromDatabase: Boot not yet complete -- call log db may not be available. Deferring loading until boot complete for user 0: TS.init@AAA
08-30 00:52:13.220 1044 1044 I Telecom : Class: TelecomSystem.INSTANCE being set
08-30 00:52:13.221 1044 1044 W Looper : Slow dispatch took 265ms main h=android.app.ActivityThread$H c=android.app.LoadedApk$ServiceDispatcher$RunConnection@54f8d3b m=0
08-30 00:52:13.221 1044 1044 D ActivityNotifier: onServiceConnected called
08-30 00:52:13.227 2283 2283 D nativeloader: classloader namespace configured for unbundled product apk. library_path=/product/app/DeviceStatisticsService/lib/arm64:/product/lib64:/system/product/lib64
08-30 00:52:13.236 2247 2247 I Perf : Connecting to perf service.
08-30 00:52:13.239 1008 1024 D GPTEE : [TEE_client_api.cpp:122 TEEC_InitializeContext] No variant specified, using default: GPQTEEC
01-01 08:21:58.771 0 0 I Call trace:
08-30 00:52:13.239 1008 1024 D GPTEE : [TEE_client_api.cpp:138 TEEC_InitializeContext] Loading module: libGPQTEEC_vendor.so
08-30 00:52:13.241 1044 1044 D CompatibilityChangeReporter: Compat change id reported: 150939131; UID 1000; state: ENABLED
08-30 00:52:13.242 1044 1044 D BluetoothManagerService: Bluetooth Adapter name changed to QCOM-BTD by android
08-30 00:52:13.242 1044 1044 D BluetoothManagerService: Stored Bluetooth name: QCOM-BTD
08-30 00:52:13.242 1044 1044 D AutofillManagerService: Restriction did not change for user 0
08-30 00:52:13.245 1008 1024 D GPQeSE-HAL: nativeeSEPowerON
08-30 00:52:13.245 1008 1024 D GPQeSE-HAL: Try 1.1 IEsePowerManager HIDL interface
08-30 00:52:13.245 1044 1044 D BluetoothManagerService: BluetoothServiceConnection: com.android.bluetooth.btservice.AdapterService
08-30 00:52:13.246 1044 1178 D BluetoothManagerService: MESSAGE_BLUETOOTH_SERVICE_CONNECTED: 1
08-30 00:52:13.247 1350 1418 I OMXClient: IOmx service obtained
08-30 00:52:13.248 1372 1417 I OMXMaster: makeComponentInstance(OMX.google.vp8.decoder) in android.hardwar process
08-30 00:52:13.252 1044 1044 I ConnectivityModuleConnector: Networking module service connected
08-30 00:52:13.252 1044 1044 I ConnectivityModuleConnector: Networking module service connected
08-30 00:52:13.252 1044 1044 I NetworkStackClient: Network stack service connected
08-30 00:52:13.256 1879 1925 D BluetoothAdapterService: enable() - Enable called with quiet mode status = false
08-30 00:52:13.257 1044 1178 D BluetoothManagerService: MESSAGE_INFORM_ADAPTER_SERVICE_UP
08-30 00:52:13.257 1044 1178 D BluetoothManagerService: Broadcasting onBluetoothServiceUp() to 3 receivers.
08-30 00:52:13.257 1044 1178 D BluetoothAdapter: onBluetoothServiceUp: android.bluetooth.IBluetooth$Stub$Proxy@7ba3b2b
08-30 00:52:13.259 1879 2077 I AdapterState: BLE_TURNING_ON : entered
08-30 00:52:13.259 1879 2077 D AdapterProperties: Setting state to BLE_TURNING_ON
08-30 00:52:13.259 2247 2247 I service_manager_slow: [22,vendor.perfservice]
08-30 00:52:13.261 1882 1926 D BluetoothAdapter: onBluetoothServiceUp: android.bluetooth.IBluetooth$Stub$Proxy@59dced6
08-30 00:52:13.263 1879 2077 D BluetoothAdapterService: updateAdapterState() - Broadcasting state BLE_TURNING_ON to 1 receivers.
08-30 00:52:13.266 970 970 D eSEPowerManager@1.1: Power ON - PID = 1008
08-30 00:52:13.266 970 970 E eSEPowerManager@1.1: openNode: eSE opening failed : No such file or directory
08-30 00:52:13.266 970 970 E eSEPowerManager@1.1: powerOn: ESE_GET_PWR failed: No such file or directory
08-30 00:52:13.266 970 970 E eSEPowerManager@1.1: closeNode: eSE ioctl close failed : Bad file descriptor
08-30 00:52:13.270 1044 1178 D BluetoothManagerService: MESSAGE_BLUETOOTH_STATE_CHANGE: OFF > BLE_TURNING_ON
08-30 00:52:13.270 1044 1178 D BluetoothManagerService: Sending BLE State Change: OFF > BLE_TURNING_ON
08-30 00:52:13.272 1879 1925 D BluetoothAdapter: onBluetoothServiceUp: com.android.bluetooth.btservice.AdapterService$AdapterServiceBinder@cc2a389
08-30 00:52:13.279 1879 2077 D BluetoothAdapterService: bleOnProcessStart()
08-30 00:52:13.279 1879 2077 D BluetoothAdapterService: setAdvanceAudioSupport
08-30 00:52:13.279 1879 2077 D BluetoothGroupService: setAdvanceAudioSupport: Setting support from LEA Module
08-30 00:52:13.279 1879 2077 D AdapterServiceConfig: initAdvAudioConfig: adv_audio_feature_mask = 0
08-30 00:52:13.283 1044 1044 I notification_cancel_all: [1000,1044,com.android.systemui,0,0,0,20,NULL]
08-30 00:52:13.284 1044 1044 D TelephonyRegistry: notifyCellLocationForSubscriber: subId=2147483647 cellIdentity=null
08-30 00:52:13.285 1044 1044 I notification_enqueue: [1000,1044,android,32,NULL,-1,Notification(channel=USB shortcut=null contentView=null vibrate=null sound=null tick defaults=0x0 flags=0x2 color=0x00000000 vis=PUBLIC),0]
08-30 00:52:13.286 1044 1044 I ConnectivityModuleConnector: Networking module service connected
08-30 00:52:13.286 1044 1044 I ConnectivityModuleConnector: Networking module service connected
08-30 00:52:13.287 1044 1044 I Telecom : WiredHeadsetManager: ACTION_HEADSET_PLUG event, plugged in: false, : WHC.oADA@AAE
08-30 00:52:13.287 1882 2284 D KeyguardViewMediator: updateActivityLockScreenState(false, false)
08-30 00:52:13.290 1044 1044 D MediaSessionService: Global priority session is changed from null to com.android.server.telecom/HeadsetMediaButton (userId=0)
08-30 00:52:13.290 1044 1044 D CompanionDeviceManagerService: Received BT state transition broadcast: OFF -> BLE_TURNING_ON
08-30 00:52:13.291 1044 1044 W Looper : Drained
08-30 00:52:13.291 1044 1044 I sysui_multi_action: [757,1501,758,1,793,348,794,0,795,348,796,32,806,android,857,USB,858,1,947,0,1500,0]
08-30 00:52:13.291 1044 1044 I sysui_multi_action: [757,804,799,note_interruptive,801,0,802,1]
08-30 00:52:13.296 1044 1044 W NotificationHistory: Attempted to add notif for locked/gone/disabled user 0
01-01 08:21:58.771 0 0 I : dump_backtrace+0x0/0x258
08-30 00:52:13.298 2293 2293 W alcomm.qti.qdm: ClassLoaderContext shared library size mismatch. Expected=0, found=1 (PCL[] | PCL[]{PCL[/system/framework/org.apache.http.legacy.jar*2058259660]})
01-01 08:21:58.771 0 0 I : show_stack+0x20/0x30
01-01 08:21:58.771 0 0 I : dump_stack+0xd8/0x12c
08-30 00:52:13.299 1879 2077 W AdapterServiceConfig: LC3 Codec is not supported. adv_audio_feature_mask = 0
01-01 08:21:58.771 0 0 I : register_lock_class+0x4d0/0x5c8
01-01 08:21:58.771 0 0 I : __lock_acquire+0xbc/0x1e58
08-30 00:52:13.299 1879 2077 D AdapterServiceConfig: getAudioProperties mIsA2dpSink false mIsBAEnabled false mIsSplitA2dpEnabled true
01-01 08:21:58.771 0 0 I : lock_acquire+0x1cc/0x218
01-01 08:21:58.771 0 0 I : _raw_spin_lock_irqsave+0x54/0x98
08-30 00:52:13.299 1879 2077 V AdapterServiceConfig: Adding HeadsetService
01-01 08:21:58.771 0 0 I : ion_system_secure_heap_prefetch_work+0x94/0x2c0
01-01 08:21:58.771 0 0 I : process_one_work+0x38c/0x660
08-30 00:52:13.299 1879 2077 V AdapterServiceConfig: Adding A2dpService
01-01 08:21:58.771 0 0 I : worker_thread+0x268/0x4b8
01-01 08:21:58.771 0 0 I : kthread+0x140/0x150
01-01 08:21:58.771 0 0 I : ret_from_fork+0x10/0x1c
08-30 00:52:13.299 1879 2077 I AdapterServiceConfig: Profile A2dpSinkService Not added
08-30 00:52:13.299 1879 2077 V AdapterServiceConfig: Adding HidHostService
08-30 00:52:13.299 1879 2077 V AdapterServiceConfig: Adding PanService
01-01 08:21:58.774 0 0 E : INFO: trying to register non-static key.
08-30 00:52:13.300 1879 2077 V AdapterServiceConfig: Adding GattService
08-30 00:52:13.300 1879 2077 V AdapterServiceConfig: Adding BluetoothMapService
08-30 00:52:13.300 1879 2077 V AdapterServiceConfig: Adding AvrcpControllerService
08-30 00:52:13.300 1879 2077 V AdapterServiceConfig: Adding SapService
08-30 00:52:13.300 1879 2077 V AdapterServiceConfig: Adding BluetoothOppService
08-30 00:52:13.300 1879 2077 V AdapterServiceConfig: Adding BluetoothPbapService
08-30 00:52:13.301 1879 2077 V AdapterServiceConfig: Feature Flag enables support for HearingAidService
08-30 00:52:13.301 1879 2077 V AdapterServiceConfig: Adding HearingAidService
08-30 00:52:13.301 1879 2077 I AdapterServiceConfig: Profile BATService Not added
08-30 00:52:13.301 1879 2077 D BluetoothAdapterService: BleOnProcessStart() - Make Bond State Machine
08-30 00:52:13.306 2283 2283 I Perf : Connecting to perf service.
08-30 00:52:13.310 1372 1416 E OMXNodeInstance: getExtensionIndex(0xf4a804e0:google.vp8.decoder, OMX.google.android.index.configureVideoTunnelMode) ERROR: UnsupportedIndex(0x8000101a)
08-30 00:52:13.310 1350 1418 D MediaCodecInfo: detail feature-tunneled-playback wasn't present to remove
08-30 00:52:13.310 1372 1416 E OMXNodeInstance: getExtensionIndex(0xf4a804e0:google.vp8.decoder, OMX.google.android.index.enableAndroidNativeBuffers) ERROR: UnsupportedIndex(0x8000101a)
08-30 00:52:13.312 2247 2247 V GraphicsEnvironment: ANGLE Developer option for 'com.thundercomm.remotecontrolservice' set to: 'default'
08-30 00:52:13.312 1044 1466 D CompatibilityChangeReporter: Compat change id reported: 168419799; UID 1002; state: DISABLED
08-30 00:52:13.312 1044 1466 D CompatibilityInfo: mCompatibilityFlags - 4
08-30 00:52:13.312 1044 1466 D CompatibilityInfo: applicationDensity - 240
08-30 00:52:13.312 1044 1466 D CompatibilityInfo: applicationScale - 1.0
08-30 00:52:13.313 2247 2247 V GraphicsEnvironment: ANGLE GameManagerService for com.thundercomm.remotecontrolservice: false
