08-30 00:52:17.885 823 2798 D ACDB-LOADER: ACDB -> ACDB_CMD_GET_AUDPROC_INSTANCE_GAIN_DEP_STEP_TABLE, vol index 0
08-30 00:52:17.885 823 2798 D ACDB-LOADER: ACDB -> AUDIO_SET_VOL_CAL cal type = 40
08-30 00:52:17.887 823 860 D audio_hw_extn: audio_extn_fm_set_parameters: Enter
08-30 00:52:17.889 823 2796 D audio_hw_primary: out_set_parameters: enter: usecase(1: low-latency-playback) kvpairs: suspend_playback=true
08-30 00:52:17.889 823 2796 D audio_hw_extn: audio_extn_fm_set_parameters: Enter
08-30 00:52:17.894 1549 1549 I update_engine: [INFO:cleanup_previous_update_action.cc(287)] Can't find any snapshot to merge.
08-30 00:52:17.909 823 2796 D audio_hw_primary: out_set_parameters: enter: usecase(1: low-latency-playback) kvpairs: suspend_playback=false
08-30 00:52:17.909 823 2796 D audio_hw_extn: audio_extn_fm_set_parameters: Enter
08-30 00:52:17.911 823 860 D audio_hw_primary: out_set_parameters: enter: usecase(1: low-latency-playback) kvpairs: suspend_playback=true
08-30 00:52:17.911 823 860 D audio_hw_extn: audio_extn_fm_set_parameters: Enter
08-30 00:52:17.913 2749 2749 V GraphicsEnvironment: ANGLE Developer option for 'com.qualcomm.location' set to: 'default'
08-30 00:52:17.916 513 513 I lowmemorykiller: Using psi monitors for memory pressure detection
08-30 00:52:17.916 513 513 I lowmemorykiller: Properties reinitilized
08-30 00:52:17.916 2795 2795 I lowmemorykiller: lmkd updated properties successfully
08-30 00:52:17.917 2749 2749 V GraphicsEnvironment: ANGLE GameManagerService for com.qualcomm.location: false
08-30 00:52:17.920 513 513 I lowmemorykiller: lmkd data connection dropped
08-30 00:52:17.921 513 513 I lowmemorykiller: closing lmkd data connection
08-30 00:52:17.931 1549 1549 E update_engine: Read state file failed: No such file or directory
08-30 00:52:17.932 823 860 D audio_hw_primary: out_set_parameters: enter: usecase(1: low-latency-playback) kvpairs: suspend_playback=false
08-30 00:52:17.933 823 860 D audio_hw_extn: audio_extn_fm_set_parameters: Enter
08-30 00:52:17.933 2749 2749 D NetworkSecurityConfig: No Network Security Config specified, using platform default
08-30 00:52:17.934 823 2796 D msm8974_platform: platform_split_snd_device: snd_device(2) num devices(1) new_snd_devices(0)
08-30 00:52:17.934 823 2796 D ACDB-LOADER: ACDB -> send_audvoltable
08-30 00:52:17.934 823 2796 D ACDB-LOADER: ACDB -> ACDB_CMD_GET_AUDPROC_INSTANCE_GAIN_DEP_STEP_TABLE_SIZE
08-30 00:52:17.934 823 2796 D ACDB-LOADER: ACDB -> ACDB_CMD_GET_AUDPROC_INSTANCE_GAIN_DEP_STEP_TABLE, vol index 2
08-30 00:52:17.934 823 2796 D ACDB-LOADER: ACDB -> AUDIO_SET_VOL_CAL cal type = 40
08-30 00:52:17.934 2749 2749 D NetworkSecurityConfig: No Network Security Config specified, using platform default
08-30 00:52:17.947 515 515 I hwservicemanager: Since vendor.qti.hardware.iop@2.0::IIop/default is not registered, trying to start it as a lazy HAL.
08-30 00:52:17.948 1359 1359 E ANDR-IOP: IIop:: Iop HAL Service is not available.
08-30 00:52:17.959 1653 1653 I MSM-irqbalance: Discovered a new IRQ: 16
08-30 00:52:17.960 1653 1653 I MSM-irqbalance: Discovered a new IRQ: 17
08-30 00:52:17.960 1653 1653 I MSM-irqbalance: Discovered a new IRQ: 19
08-30 00:52:17.960 2799 2799 I ThermalEngine: Thermal daemon started
08-30 00:52:17.961 2799 2799 E ThermalEngine: Unknown target identified with soc id 481
08-30 00:52:17.961 2799 2799 I ThermalEngine: No target config file, falling back to '/vendor/etc/thermal-engine.conf'
08-30 00:52:17.965 1549 1549 I update_engine: [INFO:cleanup_previous_update_action.cc(130)] Stopping/suspending/completing CleanupPreviousUpdateAction
08-30 00:52:17.970 515 2809 W libc : Unable to set property "ctl.interface_start" to "vendor.qti.hardware.iop@2.0::IIop/default": error code: 0x20
08-30 00:52:17.972 515 2809 I hwservicemanager: Tried to start vendor.qti.hardware.iop@2.0::IIop/default as a lazy service, but was unable to. Usually this happens when a service is not installed, but if the service is intended to be used as a lazy service, then it may be configured incorrectly.
08-30 00:52:17.982 1044 1466 D CompatibilityInfo: mCompatibilityFlags - 4
08-30 00:52:17.982 1044 1466 D CompatibilityInfo: applicationDensity - 240
08-30 00:52:17.982 1044 1466 D CompatibilityInfo: applicationScale - 1.0
08-30 00:52:17.993 1549 1549 I update_engine: [INFO:cleanup_previous_update_action.cc(469)] Not reporting merge stats because state is None
08-30 00:52:18.002 1044 1466 D CompatibilityInfo: mCompatibilityFlags - 4
08-30 00:52:18.002 1044 1466 D CompatibilityInfo: applicationDensity - 240
08-30 00:52:18.002 1044 1466 D CompatibilityInfo: applicationScale - 1.0
08-30 00:52:18.005 1549 1549 I update_engine: [INFO:cleanup_previous_update_action.cc(130)] Stopping/suspending/completing CleanupPreviousUpdateAction
08-30 00:52:18.013 1044 1466 D CompatibilityInfo: mCompatibilityFlags - 4
08-30 00:52:18.013 1044 1466 D CompatibilityInfo: applicationDensity - 240
08-30 00:52:18.013 1044 1466 D CompatibilityInfo: applicationScale - 1.0
08-30 00:52:18.015 2491 2491 I QCCAuthMgr: BootReceiver - onReceive
08-30 00:52:18.016 2491 2491 I QCCAuthMgr: android.intent.action.LOCKED_BOOT_COMPLETED intent received
08-30 00:52:18.017 2491 2491 D QCCAuthMgr: SMQContentProvider query uri: content://com.qti.smq.Feedback.provider/smq_settings, selection: key=?, uri_matcher: 1
08-30 00:52:18.019 2491 2491 D QCCAuthMgr: SMQContentProvider query tableName: smq_settings
08-30 00:52:18.021 2491 2491 I QCCAuthMgr: BootReceiver - db is not initial
08-30 00:52:18.023 1549 1549 I update_engine: [INFO:action_processor.cc(116)] ActionProcessor: finished last action CleanupPreviousUpdateAction with code ErrorCode::kSuccess
08-30 00:52:18.035 1044 1466 I service_manager_slow: [11,platform_compat]
08-30 00:52:18.036 1044 1466 D CompatibilityChangeReporter: Compat change id reported: 168419799; UID 1000; state: DISABLED
08-30 00:52:18.036 1044 1466 D CompatibilityInfo: mCompatibilityFlags - 4
08-30 00:52:18.036 1044 1466 D CompatibilityInfo: applicationDensity - 240
08-30 00:52:18.036 1044 1466 D CompatibilityInfo: applicationScale - 1.0
08-30 00:52:18.038 2749 2813 D LocIDLClientBase: try to get LOCAIDL service
08-30 00:52:18.041 2293 2293 I QCC:QDMAEmbargoesList: checkEmbargoesListFile
08-30 00:52:18.044 514 514 E servicemanager: Could not find vendor.qti.gnss.ILocAidlGnss/default in the VINTF manifest.
01-01 08:22:03.409 0 0 I binder : 2749:2813 ioctl 40046210 75be383934 returned -22
08-30 00:52:18.045 2749 2813 D LocIDLClientBase: LOCAIDL service not available
08-30 00:52:18.045 2749 2813 D LocIDLClientBase: try to get 4.1 service
08-30 00:52:18.046 1536 1572 D LOWI-9.0.0.87.a: [LOWINetlinkSocketReceiver] unpackRTMLinkMessage: RTM_NEWLINK - ifname vlan0, flags 0x11043 ([UP][RUNNING])
08-30 00:52:18.050 2749 2813 D hw-ProcessState: Binder ioctl to enable oneway spam detection failed: Invalid argument
08-30 00:52:18.052 515 515 I hwservicemanager: getTransport: Cannot find entry vendor.qti.gnss@4.1::ILocHidlGnss/gnss_vendor in either framework or device VINTF manifest.
08-30 00:52:18.054 2749 2813 D LocIDLClientBase: NoSuchElementException: java.util.NoSuchElementException
08-30 00:52:18.054 2749 2813 D LocIDLClientBase: try to get 4.0 service
08-30 00:52:18.059 1549 1549 I update_engine: [INFO:update_attempter_android.cc(546)] Processing Done.
08-30 00:52:18.064 2293 2293 I QCC:QDMAEmbargoesList: QDMAEmbargoesIsDeviceInRegulatedArea regulated:false
08-30 00:52:18.065 2293 2293 I QCC:OptInOutHandler: getAppStatusOptInOut
08-30 00:52:18.071 2491 2515 D QCCAuthMgr: SMQContentProvider query uri: content://com.qti.smq.Feedback.provider/smq_settings, selection: key=?, uri_matcher: 1
08-30 00:52:18.072 2491 2515 D QCCAuthMgr: SMQContentProvider query tableName: smq_settings
01-01 08:22:03.437 0 0 D : mv2112_read_status
08-30 00:52:18.074 2749 2813 I android_os_HwBinder: HwBinder: Starting thread pool for getting: vendor.qti.gnss@4.0::ILocHidlGnss/gnss_vendor
01-01 08:22:03.437 0 0 D mv2112_update_link: 3.0x901(1G): 0x4
01-01 08:22:03.438 0 0 D mv2112_update_link: 3.0x8109(100M): 0x8
08-30 00:52:18.076 1549 1549 I update_engine: [INFO:update_attempter_android.cc(694)] Terminating cleanup previous update.
01-01 08:22:03.438 0 0 D mv2112_update_link: link 0x4
01-01 08:22:03.438 0 0 D mv2112_read_status: autoneg is disabled
08-30 00:52:18.080 2749 2749 E RilInfoMonitorAidlClient: ILocAidlGnss handle is null
08-30 00:52:18.080 890 890 V LocSvc_HIDL_HidlGnss: [getExtensionLocHidlIzatSubscription_1_1][395] [HS] <<<<= [HC]
08-30 00:52:18.083 2293 2293 I QCC:OptInOutHandler: getAppStatusOptInOut, ret = false
08-30 00:52:18.084 2293 2293 I QCC:OperationMode: readOpMode operationMode: 1
08-30 00:52:18.084 2293 2293 E QCC:OperationMode: isQDMAUIInstalled - non exist: android.content.pm.PackageManager$NameNotFoundException: com.qualcomm.qti.smq
08-30 00:52:18.084 2293 2293 I QCC:OperationMode: isQDMAUIInstalled : false
08-30 00:52:18.084 2293 2293 I QCC:Collector: calling forceDisableQdmaStatsD
08-30 00:52:18.084 2293 2293 I QCC:Collector: calling forceDisabledAllCollectors
08-30 00:52:18.085 2293 2293 I QCC:Collector: deleteDir: /data/misc/qdma/down/1 already disabled
08-30 00:52:18.090 2749 2749 D RilInfoMonitor: ILocHidlGnss.getService(), service = vendor.qti.gnss@4.0::ILocHidlGnss@Proxy
08-30 00:52:18.091 890 890 V LocSvc_HIDL_HidlGnss: [getExtensionLocHidlRilInfoMonitor][306] [HS] <<<<= [HC]
08-30 00:52:18.094 2749 2749 D RilInfoMonitor: getRilInfoMonitorIface, mRilInfoMonitor=vendor.qti.gnss@1.1::ILocHidlRilInfoMonitor@Proxy
08-30 00:52:18.094 2293 2293 I QCC:OmaDMNative: qcc_hidl_update_vendor_dropbox(), path=/data/misc/qdma/down/1 isEnabled=0
08-30 00:52:18.095 985 985 D QCC:qccvndhal: /data/vendor/qdma/down/1 is null
08-30 00:52:18.095 2293 2293 I QCC:OmaDMNative: qcc_hidl_update_vendor_dropbox() res=0
08-30 00:52:18.095 2293 2293 I QCC:Collector: deleteDir: /data/misc/qdma/down/3 already disabled
08-30 00:52:18.096 890 890 V LocSvc_HIDL_RilInfoMonitor: [init][18] [HS] <<<<= [HC]
08-30 00:52:18.096 2749 2749 D RilInfoMonitor: RilInfoMonitorHidlClient hidl init
08-30 00:52:18.097 2293 2293 I QCC:OmaDMNative: qcc_hidl_update_vendor_dropbox(), path=/data/misc/qdma/down/3 isEnabled=0
08-30 00:52:18.098 985 985 D QCC:qccvndhal: /data/vendor/qdma/down/3 is null
08-30 00:52:18.098 2293 2293 I QCC:OmaDMNative: qcc_hidl_update_vendor_dropbox() res=0
08-30 00:52:18.098 2293 2293 I QCC:Collector: deleteDir: /data/misc/qdma/down/1500 already disabled
08-30 00:52:18.107 2293 2293 I QCC:OmaDMNative: qcc_hidl_update_vendor_dropbox(), path=/data/misc/qdma/down/1500 isEnabled=0
08-30 00:52:18.107 890 890 V LocSvc_HIDL_IzatSubscription: [init][171] [HS] <<<<= [HC]
08-30 00:52:18.107 985 985 D QCC:qccvndhal: /data/vendor/qdma/down/1500 is null
08-30 00:52:18.107 890 890 V LocSvc_HIDL_IzatSubscription: [updateSubscribe][58] [HS] =>>>> [HC]
08-30 00:52:18.107 2293 2293 I QCC:OmaDMNative: qcc_hidl_update_vendor_dropbox() res=0
08-30 00:52:18.108 2293 2293 I QCC:Collector: deleteDir: /data/misc/qdma/down/1504 already disabled
08-30 00:52:18.117 2749 2812 D OsAgent : [updateSubscribe][2914] [HC] <<= [HS]
08-30 00:52:18.119 890 890 V LocSvc_HIDL_IzatSubscription: [requestData][88] [HS] =>>>> [HC]
08-30 00:52:18.120 2749 2812 D OsAgent : [requestData][2904] [HC] <<= [HS]
08-30 00:52:18.121 890 890 V LocSvc_HIDL_IzatSubscription: [updateSubscribe][58] [HS] =>>>> [HC]
08-30 00:52:18.122 2749 2812 D OsAgent : [updateSubscribe][2914] [HC] <<= [HS]
08-30 00:52:18.125 2293 2293 I QCC:OmaDMNative: qcc_hidl_update_vendor_dropbox(), path=/data/misc/qdma/down/1504 isEnabled=0
08-30 00:52:18.128 985 985 D QCC:qccvndhal: /data/vendor/qdma/down/1504 is null
08-30 00:52:18.129 2293 2293 I QCC:OmaDMNative: qcc_hidl_update_vendor_dropbox() res=0
08-30 00:52:18.129 2293 2293 I QCC:Collector: deleteDir: /data/misc/qdma/down/6 already disabled
08-30 00:52:18.148 2293 2293 I QCC:OmaDMNative: qcc_hidl_update_vendor_dropbox(), path=/data/misc/qdma/down/6 isEnabled=0
08-30 00:52:18.148 985 985 D QCC:qccvndhal: /data/vendor/qdma/down/6 is null
08-30 00:52:18.149 2293 2293 I QCC:OmaDMNative: qcc_hidl_update_vendor_dropbox() res=0
08-30 00:52:18.150 2293 2293 I QCC:Collector: deleteDir: /data/misc/qdma/down/51 already disabled
08-30 00:52:18.153 2749 2812 D CompatibilityChangeReporter: Compat change id reported: 147600208; UID 10085; state: ENABLED
08-30 00:52:18.155 1044 2457 I LocationAccessPolicy: com.qualcomm.location is aware of fine but the app-ops permission is specifically denied.
08-30 00:52:18.158 2293 2293 I QCC:OmaDMNative: qcc_hidl_update_vendor_dropbox(), path=/data/misc/qdma/down/51 isEnabled=0
08-30 00:52:18.158 985 985 D QCC:qccvndhal: /data/vendor/qdma/down/51 is null
08-30 00:52:18.159 2293 2293 I QCC:OmaDMNative: qcc_hidl_update_vendor_dropbox() res=0
08-30 00:52:18.160 2293 2293 I QCC:Collector: deleteDir: /data/misc/qdma/down/102 already disabled
08-30 00:52:18.160 2293 2293 I QCC:Collector: deleteDir: /data/misc/qdma/down/104 already disabled
08-30 00:52:18.160 2293 2293 I QCC:Collector: deleteDir: /data/misc/qdma/down/1501 already disabled
08-30 00:52:18.165 2293 2293 I QCC:OmaDMNative: qcc_hidl_update_vendor_dropbox(), path=/data/misc/qdma/down/1501 isEnabled=0
08-30 00:52:18.166 985 985 D QCC:qccvndhal: /data/vendor/qdma/down/1501 is null
08-30 00:52:18.166 2749 2812 D RilInfoMonitor: handleMessage what - 601
08-30 00:52:18.167 2749 2812 D RilInfoMonitor: SGLTE with ES SUPL
08-30 00:52:18.168 2749 2812 D RilInfoMonitor: [init][321] [HC] =>> [HS]
08-30 00:52:18.166 2293 2293 I QCC:OmaDMNative: qcc_hidl_update_vendor_dropbox() res=0
08-30 00:52:18.168 890 890 V LocSvc_HIDL_RilInfoMonitor: [init][18] [HS] <<<<= [HC]
08-30 00:52:18.169 2293 2293 I QCC:Collector: deleteDir: /data/misc/qdma/down/1502 already disabled
08-30 00:52:18.169 2749 2812 D LocSvc_java: [init][993] [HC] =>> [HS]
08-30 00:52:18.170 890 890 V LocSvc_HIDL_HidlGnss: [getExtensionLocHidlGnssNi][282] [HS] <<<<= [HC]
08-30 00:52:18.173 2749 2812 D LocSvc_java: getGnssNiIface, sGnssNi=vendor.qti.gnss@1.1::ILocHidlGnssNi@Proxy
08-30 00:52:18.174 890 890 V LocSvc_HIDL_HidlGnss: [getExtensionLocHidlAGnss_2_1][438] [HS] <<<<= [HC]
08-30 00:52:18.178 2749 2812 D LocSvc_java: getAGnssIface with instanceOf, sAGnss_2_1=vendor.qti.gnss@2.1::ILocHidlAGnss@Proxy
08-30 00:52:18.180 890 890 V LocSvc_HIDL_GnssNi: [setVendorCallback][36] [HS] <<<<= [HC]
08-30 00:52:18.181 890 890 V LocSvc_HIDL_HidlAGnss: [setCallbackExt][328] [HS] <<<<= [HC]
08-30 00:52:18.182 890 890 D LocSvc_HIDL_HidlAGnss: getGnssInterface]: loading libgnss.so::getGnssInterface ...
08-30 00:52:18.187 1536 1572 D LOWI-9.0.0.87.a: [LOWINetlinkSocketReceiver] unpackRTMLinkMessage: RTM_NEWLINK - ifname vlan0, flags 0x11043 ([UP][RUNNING])
08-30 00:52:18.188 2293 2293 I QCC:OmaDMNative: qcc_hidl_update_vendor_dropbox(), path=/data/misc/qdma/down/1502 isEnabled=0
08-30 00:52:18.191 985 985 D QCC:qccvndhal: /data/vendor/qdma/down/1502 is null
08-30 00:52:18.191 2293 2293 I QCC:OmaDMNative: qcc_hidl_update_vendor_dropbox() res=0
08-30 00:52:18.192 2293 2293 I QCC:Collector: deleteDir: /data/misc/qdma/down/1503 already disabled
08-30 00:52:18.196 2749 2812 D GeocoderService: handleMessage what - 700
08-30 00:52:18.196 2749 2812 D GeocoderService: GeocoderProxy init
08-30 00:52:18.199 1044 2058 D TelephonyRegistry: listen oscl: mHasNotifySubscriptionInfoChangedOccurred==false no callback
08-30 00:52:18.201 2293 2293 I QCC:OmaDMNative: qcc_hidl_update_vendor_dropbox(), path=/data/misc/qdma/down/1503 isEnabled=0
08-30 00:52:18.202 985 985 D QCC:qccvndhal: /data/vendor/qdma/down/1503 is null
08-30 00:52:18.202 2293 2293 I QCC:OmaDMNative: qcc_hidl_update_vendor_dropbox() res=0
08-30 00:52:18.203 2293 2293 I QCC:OperationMode: bQDMAUIEnabled : false
08-30 00:52:18.210 2293 2293 I QCC:OperationMode: prepareProvisioned nProvisioned = 1
08-30 00:52:18.211 2293 2293 I QCC:OperationMode: readOpMode operationMode: 1
08-30 00:52:18.217 2749 2812 D OsAgent : [string_dataitem_update][2980] [HC] =>> [HS]
08-30 00:52:18.221 890 890 V LocSvc_HIDL_IzatSubscription: [stringDataItemUpdate][283] [HS] <<<<= [HC]
08-30 00:52:18.221 890 950 I LocSvc_SystemStatusOsObserver: DataItem: MCCMNC: - >> XtraSystemStatusObserver
08-30 00:52:18.228 2799 2799 I ThermalEngine: devices_manager_init: Init
08-30 00:52:18.228 2799 2799 I ThermalEngine: Number of gpus :1
08-30 00:52:18.228 2799 2799 I ThermalEngine: Number of cpus :8
08-30 00:52:18.215 2293 2293 I QCC:OperationMode: DEVICE_PROVISIONED done or need to opmode as 3
08-30 00:52:18.231 2799 2799 I ThermalEngine: update_cpu_topology: Cluster info node not found/sys/module/msm_thermal/cluster_info
08-30 00:52:18.233 2293 2293 W ContextImpl: Calling a method in the system process without a qualified user: android.app.ContextImpl.startService:1816 android.content.ContextWrapper.startService:774 android.content.ContextWrapper.startService:774 com.qualcomm.qti.qdma.app.BootReceiver.onBootReceived:115 com.qualcomm.qti.innodme.InnoBootReceiver.onReceive:22
08-30 00:52:18.235 2799 2799 E ThermalEngine: tmd_add_cpufreq_dev_data: Invalid or no boost freqs
08-30 00:52:18.237 1044 2457 D CompatibilityInfo: mCompatibilityFlags - 4
08-30 00:52:18.237 1044 2457 D CompatibilityInfo: applicationDensity - 240
08-30 00:52:18.237 1044 2457 D CompatibilityInfo: applicationScale - 1.0
08-30 00:52:18.246 1044 2457 D CompatibilityInfo: mCompatibilityFlags - 4
08-30 00:52:18.246 1044 2457 D CompatibilityInfo: applicationDensity - 240
08-30 00:52:18.246 1044 2457 D CompatibilityInfo: applicationScale - 1.0
08-30 00:52:18.257 2293 2828 I QCC:ActiveCareService: onStartCommand :Intent: Intent { act=com.qualcomm.qti.qdma.DEVICE_BOOTED cmp=com.qualcomm.qti.qdma/.app.ActiveCareService }
08-30 00:52:18.258 2293 2828 I QCC:ApplicationManager: isItDMSessionRecovery, Invoked.?
08-30 00:52:18.258 2293 2828 I QCC:ApplicationManager: isItDMSessionRecovery, return false.
08-30 00:52:18.270 2011 2011 D RCSService BC-Receiver: Boot Complete Event Received. Is IMS RCS Single Reg enabled0
08-30 00:52:18.271 2799 2799 E ThermalEngine: tmd_add_cpufreq_dev_data: Invalid or no boost freqs
08-30 00:52:18.271 2011 2011 D RCSService BC-Receiver: START RCS SERVICE ON BOOTUP
08-30 00:52:18.280 2293 2828 I QCC:PeriodicCI: PeriodicCI.start()
08-30 00:52:18.281 2293 2828 I QCC:PeriodicCI: sw_ver is changed
08-30 00:52:18.282 2293 2828 I QCC:PeriodicCI: PeriodicCI.run() invoked, status=0, use wifi=false
08-30 00:52:18.283 2293 2828 I QCC:PeriodicCI: Starting Registration session...
08-30 00:52:18.284 2293 2828 W ContextImpl: Calling a method in the system process without a qualified user: android.app.ContextImpl.startService:1816 android.content.ContextWrapper.startService:774 com.qualcomm.qti.qdma.util.PeriodicCI.run:477 com.qualcomm.qti.qdma.util.PeriodicCI.start:390 com.qualcomm.qti.qdma.app.ActiveCareService$ProcessSessionRequest.run:457
08-30 00:52:18.286 2799 2799 E ThermalEngine: tmd_add_cpufreq_dev_data: Invalid or no boost freqs
08-30 00:52:18.298 1044 2058 D CompatibilityInfo: mCompatibilityFlags - 4
08-30 00:52:18.299 1044 2058 D CompatibilityInfo: applicationDensity - 240
08-30 00:52:18.299 1044 2058 D CompatibilityInfo: applicationScale - 1.0
08-30 00:52:18.305 2293 2830 I QCC:ActiveCareService: onStartCommand :Intent: Intent { act=com.qualcomm.qti.qdma.PERIODIC_CLIENT_INITIATED_REGISTRATION cmp=com.qualcomm.qti.qdma/.app.ActiveCareService }
08-30 00:52:18.307 2293 2830 I QCC:QDMAEmbargoesList: updateEmbargoesRequest
08-30 00:52:18.307 2293 2830 I QCC:QDMAEmbargoesList: makeRequest
08-30 00:52:18.313 1044 1466 I am_uid_running: 10093
08-30 00:52:18.314 1044 1466 D CompatibilityChangeReporter: Compat change id reported: 135634846; UID 10093; state: DISABLED
08-30 00:52:18.315 1044 1466 D CompatibilityChangeReporter: Compat change id reported: 177438394; UID 10093; state: DISABLED
08-30 00:52:18.315 1044 1466 D CompatibilityChangeReporter: Compat change id reported: 135772972; UID 10093; state: DISABLED
08-30 00:52:18.316 1044 1466 D CompatibilityChangeReporter: Compat change id reported: 135754954; UID 10093; state: ENABLED
08-30 00:52:18.318 1044 1199 D CompatibilityChangeReporter: Compat change id reported: 143937733; UID 10093; state: ENABLED
08-30 00:52:18.319 2293 2830 I QCC:QDMAEmbargoesList: existEmbargoesReq
08-30 00:52:18.320 2293 2830 I QCC:QDMAEmbargoesList: existEmbargoesReq entryFile: /data/misc/qdma/down/100/100-1.0-EmbargoesList.key.0.req
08-30 00:52:18.320 2293 2830 I QCC:QDMAEmbargoesList: existEmbargoesReq existed request: /data/misc/qdma/down/100/100-1.0-EmbargoesList.key.0.req
08-30 00:52:18.321 2293 2830 I QCC:QDMAEmbargoesList: existEmbargoesReq ret: true
08-30 00:52:18.322 2293 2830 I QCC:UploaderPolicy: updateUploadPolicyRequest
08-30 00:52:18.323 2293 2830 E QCC:OperationMode: isQDMAUIInstalled - non exist: android.content.pm.PackageManager$NameNotFoundException: com.qualcomm.qti.smq
08-30 00:52:18.323 2293 2830 I QCC:OperationMode: isQDMAUIInstalled : false
08-30 00:52:18.323 2293 2830 I QCC:Collector: calling forceDisableQdmaStatsD
08-30 00:52:18.323 2293 2830 I QCC:Collector: calling forceDisabledAllCollectors
08-30 00:52:18.324 2293 2830 I QCC:Collector: deleteDir: /data/misc/qdma/down/1 already disabled
08-30 00:52:18.328 2799 2799 I ThermalEngine: tmd_init_cluster_devs: No clusters found
08-30 00:52:18.335 2749 2812 E OsAgent : Wifi Scan Always Available: 0
08-30 00:52:18.337 2293 2830 I QCC:OmaDMNative: qcc_hidl_update_vendor_dropbox(), path=/data/misc/qdma/down/1 isEnabled=0
08-30 00:52:18.337 985 985 D QCC:qccvndhal: /data/vendor/qdma/down/1 is null
08-30 00:52:18.338 2293 2830 I QCC:OmaDMNative: qcc_hidl_update_vendor_dropbox() res=0
01-01 08:22:03.747 0 0 E i2c_geni 980000.i2c: i2c error :-107
08-30 00:52:18.338 2293 2830 I QCC:Collector: deleteDir: /data/misc/qdma/down/3 already disabled
01-01 08:22:03.773 0 0 E : [MAX975X:mcu_keep_wakeup_work_func] *ERROR* Failed to write dev:0x15 addr:0x22 value:0x80
08-30 00:52:18.345 2799 2799 E ThermalEngine: devices_init: Init NPU TMD failed 5
08-30 00:52:18.346 1536 1572 D LOWI-9.0.0.87.a: [LOWINetlinkSocketReceiver] unpackRTMLinkMessage: RTM_NEWLINK - ifname vlan0, flags 0x11043 ([UP][RUNNING])
08-30 00:52:18.347 2749 2812 D OsAgent : [bool_dataitem_update][2966] [HC] =>> [HS]
08-30 00:52:18.348 890 890 V LocSvc_HIDL_IzatSubscription: [boolDataItemUpdate][223] [HS] <<<<= [HC]
08-30 00:52:18.349 890 890 I Xt_Adapter: setXtAdapterUserPref() pref 0
08-30 00:52:18.351 890 950 I LocSvc_SystemStatusOsObserver: DataItem: IS_QUALCOMM_ENHANCED_PROVIDER_ENABLED: false >> ComboNetworkProvider
08-30 00:52:18.351 890 950 I LocSvc_SystemStatusOsObserver: DataItem: IS_WIFI_HARDWARE_ON: false >> Wiper
08-30 00:52:18.352 2293 2830 I QCC:OmaDMNative: qcc_hidl_update_vendor_dropbox(), path=/data/misc/qdma/down/3 isEnabled=0
08-30 00:52:18.353 985 985 D QCC:qccvndhal: /data/vendor/qdma/down/3 is null
08-30 00:52:18.353 2293 2830 I QCC:OmaDMNative: qcc_hidl_update_vendor_dropbox() res=0
08-30 00:52:18.353 2293 2830 I QCC:Collector: deleteDir: /data/misc/qdma/down/1500 already disabled
08-30 00:52:18.353 2749 2812 D OsAgent : [string_dataitem_update][2980] [HC] =>> [HS]
08-30 00:52:18.353 890 890 V LocSvc_HIDL_IzatSubscription: [stringDataItemUpdate][283] [HS] <<<<= [HC]
08-30 00:52:18.354 890 950 I LocSvc_SystemStatusOsObserver: DataItem: TAC: - >> XtraSystemStatusObserver
08-30 00:52:18.359 2293 2830 I QCC:OmaDMNative: qcc_hidl_update_vendor_dropbox(), path=/data/misc/qdma/down/1500 isEnabled=0
08-30 00:52:18.360 985 985 D QCC:qccvndhal: /data/vendor/qdma/down/1500 is null
08-30 00:52:18.360 2293 2830 I QCC:OmaDMNative: qcc_hidl_update_vendor_dropbox() res=0
08-30 00:52:18.361 2293 2830 I QCC:Collector: deleteDir: /data/misc/qdma/down/1504 already disabled
08-30 00:52:18.362 2799 2799 I ThermalEngine: vdd_rstr_init: Could not read /sys/module/msm_thermal/vdd_restriction/enabled
08-30 00:52:18.362 2011 2011 I QRCSService: onCreate: Attempt to start service
08-30 00:52:18.366 2293 2830 I QCC:OmaDMNative: qcc_hidl_update_vendor_dropbox(), path=/data/misc/qdma/down/1504 isEnabled=0
08-30 00:52:18.367 985 985 D QCC:qccvndhal: /data/vendor/qdma/down/1504 is null
08-30 00:52:18.367 2293 2830 I QCC:OmaDMNative: qcc_hidl_update_vendor_dropbox() res=0
08-30 00:52:18.368 2293 2830 I QCC:Collector: deleteDir: /data/misc/qdma/down/6 already disabled
08-30 00:52:18.368 2799 2799 E ThermalEngine: Error reading /sys/class/leds/lcd-backlight/max_brightness
08-30 00:52:18.368 2799 2799 E ThermalEngine: open/sys/class/power_supply/battery/system_temp_level failed2
08-30 00:52:18.368 2799 2799 E ThermalEngine: Unable to init battery charging mitigation to 0
08-30 00:52:18.371 2749 2812 D OsAgent : [timezone_change_update][3149] [HC] =>> [HS]
08-30 00:52:18.371 890 890 V LocSvc_HIDL_IzatSubscription: [timezoneChangeUpdate][624] [HS] <<<<= [HC]
08-30 00:52:18.372 890 950 I LocSvc_SystemStatusOsObserver: DataItem: IS_TIMEZONE_CHANGED: true >> Wiper
08-30 00:52:18.373 2749 2812 D OsAgent : [time_change_update][3164] [HC] =>> [HS]
08-30 00:52:18.373 890 890 V LocSvc_HIDL_IzatSubscription: [timeChangeUpdate][645] [HS] <<<<= [HC]
08-30 00:52:18.374 2293 2830 I QCC:OmaDMNative: qcc_hidl_update_vendor_dropbox(), path=/data/misc/qdma/down/6 isEnabled=0
08-30 00:52:18.374 890 950 I LocSvc_SystemStatusOsObserver: DataItem: IS_TIME_CHANGED: true >> Wiper
08-30 00:52:18.375 985 985 D QCC:qccvndhal: /data/vendor/qdma/down/6 is null
08-30 00:52:18.375 2293 2830 I QCC:OmaDMNative: qcc_hidl_update_vendor_dropbox() res=0
08-30 00:52:18.376 2293 2830 I QCC:Collector: deleteDir: /data/misc/qdma/down/51 already disabled
08-30 00:52:18.377 2293 2820 I DrmHal : found instance=clearkey version=android.hardware.drm@1.3::IDrmFactory
01-01 08:22:03.789 0 0 E i2c_geni 980000.i2c: i2c error :-107
08-30 00:52:18.377 2293 2820 I DrmHal : found instance=wfdhdcp version=android.hardware.drm@1.3::IDrmFactory
08-30 00:52:18.378 1364 1389 D HDCPManagerAdapter: getHDCPFactory get new Instance
08-30 00:52:18.386 2293 2830 I QCC:OmaDMNative: qcc_hidl_update_vendor_dropbox(), path=/data/misc/qdma/down/51 isEnabled=0
08-30 00:52:18.389 985 985 D QCC:qccvndhal: /data/vendor/qdma/down/51 is null
08-30 00:52:18.389 2011 2011 D CompatibilityChangeReporter: Compat change id reported: 147600208; UID 1001; state: ENABLED
08-30 00:52:18.389 2293 2830 I QCC:OmaDMNative: qcc_hidl_update_vendor_dropbox() res=0
08-30 00:52:18.390 2293 2830 I QCC:Collector: deleteDir: /data/misc/qdma/down/102 already disabled
08-30 00:52:18.390 2293 2830 I QCC:Collector: deleteDir: /data/misc/qdma/down/104 already disabled
08-30 00:52:18.391 2293 2830 I QCC:Collector: deleteDir: /data/misc/qdma/down/1501 already disabled
08-30 00:52:18.392 1364 1389 D HDCPManagerAdapter: getHDCPFactory got new Instance
08-30 00:52:18.392 1364 1389 W HDCPManagerAdapter: HDCPManagerAdapter::isHDCPAvailable 0
08-30 00:52:18.395 1364 1389 W HDCPManagerAdapter: HDCPManagerAdapter::isHDCPAvailable 0
08-30 00:52:18.397 1364 1389 W HDCPManagerAdapter: HDCPManagerAdapter::isHDCPAvailable 0
08-30 00:52:18.399 2293 2830 I QCC:OmaDMNative: qcc_hidl_update_vendor_dropbox(), path=/data/misc/qdma/down/1501 isEnabled=0
08-30 00:52:18.399 985 985 D QCC:qccvndhal: /data/vendor/qdma/down/1501 is null
08-30 00:52:18.399 1364 1364 W HDCPManagerAdapter: HDCPManagerAdapter::isHDCPAvailable 0
08-30 00:52:18.399 2293 2830 I QCC:OmaDMNative: qcc_hidl_update_vendor_dropbox() res=0
08-30 00:52:18.400 2293 2830 I QCC:Collector: deleteDir: /data/misc/qdma/down/1502 already disabled
08-30 00:52:18.401 2293 2820 E DrmHal : uuid=[edef8ba979d64ace a3c827dcd51d21ed] No supported hal instance found
08-30 00:52:18.402 2749 2812 E OsAgent : Wifi Scan Always Available: 0
08-30 00:52:18.404 2749 2812 D OsAgent : [bool_dataitem_update][2966] [HC] =>> [HS]
08-30 00:52:18.404 890 890 V LocSvc_HIDL_IzatSubscription: [boolDataItemUpdate][223] [HS] <<<<= [HC]
08-30 00:52:18.405 2799 2799 I ThermalEngine: sensors_manager_init: Init
08-30 00:52:18.406 2293 2830 I QCC:OmaDMNative: qcc_hidl_update_vendor_dropbox(), path=/data/misc/qdma/down/1502 isEnabled=0
08-30 00:52:18.406 985 985 D QCC:qccvndhal: /data/vendor/qdma/down/1502 is null
08-30 00:52:18.403 2247 2835 D RemoteControlService: start reader thread, mServerIp = 192.168.1.100, mServerPort = 12600
08-30 00:52:18.407 2293 2830 I QCC:OmaDMNative: qcc_hidl_update_vendor_dropbox() res=0
08-30 00:52:18.407 2293 2830 I QCC:Collector: deleteDir: /data/misc/qdma/down/1503 already disabled
08-30 00:52:18.411 2293 2820 E WidevineCollector: android.media.UnsupportedSchemeException: Failed to instantiate drm object: NO_INIT
08-30 00:52:18.411 2293 2820 E WidevineCollector: ============================== Beginning of DRM Plugin Log ==============================
08-30 00:52:18.411 2293 2820 E WidevineCollector:
08-30 00:52:18.377 I found instance=clearkey version=android.hardware.drm@1.3::IDrmFactory
08-30 00:52:18.411 2293 2820 E WidevineCollector:
08-30 00:52:18.377 I found instance=wfdhdcp version=android.hardware.drm@1.3::IDrmFactory
08-30 00:52:18.411 2293 2820 E WidevineCollector:
08-30 00:52:18.401 E uuid=[edef8ba979d64ace a3c827dcd51d21ed] No supported hal instance found
08-30 00:52:18.411 2293 2820 E WidevineCollector: ============================== End of DRM Plugin Log ==============================
08-30 00:52:18.411 2293 2820 E WidevineCollector: android.media.UnsupportedSchemeException: Failed to instantiate drm object: NO_INIT
08-30 00:52:18.411 2293 2820 E WidevineCollector: ============================== Beginning of DRM Plugin Log ==============================
08-30 00:52:18.411 2293 2820 E WidevineCollector:
08-30 00:52:18.377 I found instance=clearkey version=android.hardware.drm@1.3::IDrmFactory
08-30 00:52:18.411 2293 2820 E WidevineCollector:
08-30 00:52:18.377 I found instance=wfdhdcp version=android.hardware.drm@1.3::IDrmFactory
08-30 00:52:18.411 2293 2820 E WidevineCollector:
08-30 00:52:18.401 E uuid=[edef8ba979d64ace a3c827dcd51d21ed] No supported hal instance found
08-30 00:52:18.411 2293 2820 E WidevineCollector: ============================== End of DRM Plugin Log ==============================
08-30 00:52:18.411 2293 2820 E WidevineCollector: at android.media.MediaDrm.native_setup(Native Method)
08-30 00:52:18.411 2293 2820 E WidevineCollector: at android.media.MediaDrm.(MediaDrm.java:293)
08-30 00:52:18.411 2293 2820 E WidevineCollector: at com.qualcomm.qti.qdma.collector.WidevineCollector$1.run(WidevineCollector.java:81)
08-30 00:52:18.411 2293 2820 E WidevineCollector: at java.util.TimerThread.mainLoop(Timer.java:562)
08-30 00:52:18.411 2293 2820 E WidevineCollector: at java.util.TimerThread.run(Timer.java:512)
08-30 00:52:18.412 2247 2836 D RemoteControlService: run: called
08-30 00:52:18.412 2247 2836 D RemoteControlService: getEvent: start waiting...
08-30 00:52:18.414 2293 2830 I QCC:OmaDMNative: qcc_hidl_update_vendor_dropbox(), path=/data/misc/qdma/down/1503 isEnabled=0
08-30 00:52:18.414 985 985 D QCC:qccvndhal: /data/vendor/qdma/down/1503 is null
08-30 00:52:18.415 2293 2830 I QCC:OmaDMNative: qcc_hidl_update_vendor_dropbox() res=0
08-30 00:52:18.418 2293 2830 I QCC:QccLicenseListGen: qccCheckInstalledIsv
08-30 00:52:18.427 1044 2457 D CompatibilityChangeReporter: Compat change id reported: 182478738; UID 1001; state: DISABLED
08-30 00:52:18.437 2011 2011 I QRCSService: onCreate: isSimInserted[false]
08-30 00:52:18.438 2011 2011 I QRCSService: onStartCommand- Call
08-30 00:52:18.439 2799 2826 I ThermalEngine: ADSP thermal mitigation available.
08-30 00:52:18.441 2799 2826 I ThermalEngine: Mitigation:vdd_restriction[ADSP]:0 pending QMI request succeded
08-30 00:52:18.443 2491 2515 D QCCAuthMgr: SMQContentProvider query uri: content://com.qti.smq.Feedback.provider/IsvAppTbl, selection: null, uri_matcher: 5
08-30 00:52:18.444 2491 2515 D QCCAuthMgr: SMQContentProvider query tableName: IsvAppTbl
08-30 00:52:18.449 2011 2845 I QRCSService: start service isHidlServiceUp[false], isSimInserted[false], mHidlService is [false]
08-30 00:52:18.449 2011 2845 I QRCSService: Attempting to get HIDL-IUceService
08-30 00:52:18.449 2011 2845 D Aidl-shim UceServiceStub: getService start
08-30 00:52:18.455 2293 2830 I QCC:QccLicenseListGen: qccCheckLicenseExpiredIsv
08-30 00:52:18.456 2491 2515 D QCCAuthMgr: SMQContentProvider query uri: content://com.qti.smq.Feedback.provider/IsvLicenseTbl, selection: null, uri_matcher: 3
08-30 00:52:18.456 2491 2515 D QCCAuthMgr: SMQContentProvider query tableName: IsvLicenseTbl
08-30 00:52:18.455 2011 2845 D Aidl-shim UceServiceStub: Hal_2_3 bindToHal
08-30 00:52:18.461 1044 1176 V PackageManager: reconcileAppsData finished 137 packages
08-30 00:52:18.462 1044 1176 I ActivityManager: User 0 state changed from RUNNING_LOCKED to RUNNING_UNLOCKING
08-30 00:52:18.462 1044 1176 I am_user_state_changed: [0,2]
08-30 00:52:18.464 1044 1176 D ActivityManager: Unlocking user 0 progress 20
08-30 00:52:18.464 1044 1198 I ssm_user_unlocking: 0
08-30 00:52:18.464 1044 1176 W Looper : Slow dispatch took 2019ms android.fg h=android.os.Handler c=com.android.server.am.UserController$$ExternalSyntheticLambda3@a04ff85 m=0
08-30 00:52:18.465 1044 1198 I SystemServerTimingAsync: ssm.UnlockingUser-0
08-30 00:52:18.465 1044 1198 I SystemServiceManager: Calling onUnlockingUser 0
08-30 00:52:18.465 1044 1198 I SystemServerTimingAsync: ssm.onUnlockingUser-0_com.android.server.security.FileIntegrityService
08-30 00:52:18.465 1044 1198 D SystemServerTimingAsync: ssm.onUnlockingUser-0_com.android.server.security.FileIntegrityService took to complete: 0ms
08-30 00:52:18.465 1044 1198 I SystemServerTimingAsync: ssm.onUnlockingUser-0_com.android.server.pm.Installer
08-30 00:52:18.465 1044 1198 D SystemServerTimingAsync: ssm.onUnlockingUser-0_com.android.server.pm.Installer took to complete: 0ms
08-30 00:52:18.465 1044 1198 I SystemServerTimingAsync: ssm.onUnlockingUser-0_com.android.server.os.DeviceIdentifiersPolicyService
08-30 00:52:18.465 1044 1198 D SystemServerTimingAsync: ssm.onUnlockingUser-0_com.android.server.os.DeviceIdentifiersPolicyService took to complete: 0ms
08-30 00:52:18.465 1044 1198 I SystemServerTimingAsync: ssm.onUnlockingUser-0_com.android.server.uri.UriGrantsManagerService$Lifecycle
08-30 00:52:18.465 1044 1198 D SystemServerTimingAsync: ssm.onUnlockingUser-0_com.android.server.uri.UriGrantsManagerService$Lifecycle took to complete: 0ms
08-30 00:52:18.465 1044 1198 I SystemServerTimingAsync: ssm.onUnlockingUser-0_com.android.server.powerstats.PowerStatsService
08-30 00:52:18.466 1044 1176 W Looper : Slow delivery took 2019ms android.fg h=android.os.Handler c=com.android.server.am.UserController$$ExternalSyntheticLambda1@dc8e60b m=0
08-30 00:52:18.466 1044 1198 D SystemServerTimingAsync: ssm.onUnlockingUser-0_com.android.server.powerstats.PowerStatsService took to complete: 0ms
08-30 00:52:18.466 1044 1198 I SystemServerTimingAsync: ssm.onUnlockingUser-0_com.android.server.wm.ActivityTaskManagerService$Lifecycle
08-30 00:52:18.466 1044 1198 D SystemServerTimingAsync: ssm.onUnlockingUser-0_com.android.server.wm.ActivityTaskManagerService$Lifecycle took to complete: 0ms
08-30 00:52:18.466 1044 1198 I SystemServerTimingAsync: ssm.onUnlockingUser-0_com.android.server.am.ActivityManagerService$Lifecycle
08-30 00:52:18.466 1044 1198 D SystemServerTimingAsync: ssm.onUnlockingUser-0_com.android.server.am.ActivityManagerService$Lifecycle took to complete: 0ms
08-30 00:52:18.466 1044 1198 I SystemServerTimingAsync: ssm.onUnlockingUser-0_com.android.server.pm.DataLoaderManagerService
08-30 00:52:18.466 1044 1198 D SystemServerTimingAsync: ssm.onUnlockingUser-0_com.android.server.pm.DataLoaderManagerService took to complete: 0ms
08-30 00:52:18.466 1044 1198 I SystemServerTimingAsync: ssm.onUnlockingUser-0_com.android.server.power.PowerManagerService
08-30 00:52:18.466 1044 1198 D SystemServerTimingAsync: ssm.onUnlockingUser-0_com.android.server.power.PowerManagerService took to complete: 0ms
08-30 00:52:18.466 1044 1198 I SystemServerTimingAsync: ssm.onUnlockingUser-0_com.android.server.power.ThermalManagerService
08-30 00:52:18.466 1044 1198 D SystemServerTimingAsync: ssm.onUnlockingUser-0_com.android.server.power.ThermalManagerService took to complete: 0ms
08-30 00:52:18.466 1044 1198 I SystemServerTimingAsync: ssm.onUnlockingUser-0_com.android.server.power.hint.HintManagerService
08-30 00:52:18.467 1044 1198 D SystemServerTimingAsync: ssm.onUnlockingUser-0_com.android.server.power.hint.HintManagerService took to complete: 0ms
08-30 00:52:18.467 1044 1198 I SystemServerTimingAsync: ssm.onUnlockingUser-0_com.android.server.recoverysystem.RecoverySystemService$Lifecycle
08-30 00:52:18.467 1044 1198 D SystemServerTimingAsync: ssm.onUnlockingUser-0_com.android.server.recoverysystem.RecoverySystemService$Lifecycle took to complete: 0ms
08-30 00:52:18.467 1044 1198 I SystemServerTimingAsync: ssm.onUnlockingUser-0_com.android.server.lights.LightsService
08-30 00:52:18.467 1044 1198 D SystemServerTimingAsync: ssm.onUnlockingUser-0_com.android.server.lights.LightsService took to complete: 0ms
08-30 00:52:18.467 1044 1198 I SystemServerTimingAsync: ssm.onUnlockingUser-0_com.android.server.display.DisplayManagerService
08-30 00:52:18.467 1044 1198 D SystemServerTimingAsync: ssm.onUnlockingUser-0_com.android.server.display.DisplayManagerService took to complete: 0ms
08-30 00:52:18.467 1044 1198 I SystemServerTimingAsync: ssm.onUnlockingUser-0_com.android.server.pm.verify.domain.DomainVerificationService
08-30 00:52:18.467 1044 1198 D SystemServerTimingAsync: ssm.onUnlockingUser-0_com.android.server.pm.verify.domain.DomainVerificationService took to complete: 0ms
08-30 00:52:18.467 1044 1198 I SystemServerTimingAsync: ssm.onUnlockingUser-0_com.android.server.pm.PackageInstallerService$Lifecycle
08-30 00:52:18.467 1044 1198 D SystemServerTimingAsync: ssm.onUnlockingUser-0_com.android.server.pm.PackageInstallerService$Lifecycle took to complete: 0ms
08-30 00:52:18.467 1044 1198 I SystemServerTimingAsync: ssm.onUnlockingUser-0_com.android.server.pm.UserManagerService$LifeCycle
08-30 00:52:18.467 1044 1198 D SystemServerTimingAsync: ssm.onUnlockingUser-0_com.android.server.pm.UserManagerService$LifeCycle took to complete: 0ms
08-30 00:52:18.467 1044 1198 I SystemServerTimingAsync: ssm.onUnlockingUser-0_com.android.server.om.OverlayManagerService
08-30 00:52:18.467 1044 1198 D SystemServerTimingAsync: ssm.onUnlockingUser-0_com.android.server.om.OverlayManagerService took to complete: 0ms
08-30 00:52:18.467 1044 1198 I SystemServerTimingAsync: ssm.onUnlockingUser-0_com.android.server.SensorPrivacyService
01-01 08:22:03.795 0 0 E : [MAX975X:mcu_keep_wakeup_work_func] *ERROR* Failed to write dev:0x15 addr:0x20 value:0x09
01-01 08:22:03.910 0 0 I zram0 : detected capacity change from 0 to 4294967296
01-01 08:22:03.926 0 0 I : sdcardfs version 2.0
01-01 08:22:03.927 0 0 I sdcardfs: dev_name -> /data/media
01-01 08:22:03.927 0 0 I sdcardfs: options -> fsuid=1023,fsgid=1023,multiuser,derive_gid,default_normal,unshared_obb,mask=6,userid=0,gid=1015
01-01 08:22:03.927 0 0 I sdcardfs: mnt -> ffffffcdf78365e0
01-01 08:22:03.928 0 0 I sdcardfs: mounted on top of /data/media type f2fs
01-01 08:22:03.968 0 0 I : Remount options were mask=23,gid=9997 for vfsmnt ffffffce00113f60.
01-01 08:22:03.968 0 0 I sdcardfs: options - debug:1
01-01 08:22:03.968 0 0 I sdcardfs: options - gid:9997
01-01 08:22:03.968 0 0 I sdcardfs: options - mask:23
08-30 00:52:18.467 1044 1198 D SystemServerTimingAsync: ssm.onUnlockingUser-0_com.android.server.SensorPrivacyService took to complete: 0ms
08-30 00:52:18.467 1044 1198 I SystemServerTimingAsync: ssm.onUnlockingUser-0_com.android.server.sensors.SensorService
08-30 00:52:18.468 1044 1198 D SystemServerTimingAsync: ssm.onUnlockingUser-0_com.android.server.sensors.SensorService took to complete: 0ms
08-30 00:52:18.468 1044 1198 I SystemServerTimingAsync: ssm.onUnlockingUser-0_com.android.server.SystemConfigService
08-30 00:52:18.468 1044 1198 D SystemServerTimingAsync: ssm.onUnlockingUser-0_com.android.server.SystemConfigService took to complete: 0ms
08-30 00:52:18.468 1044 1198 I SystemServerTimingAsync: ssm.onUnlockingUser-0_com.android.server.BatteryService
08-30 00:52:18.468 1044 1198 D SystemServerTimingAsync: ssm.onUnlockingUser-0_com.android.server.BatteryService took to complete: 0ms
08-30 00:52:18.468 1044 1198 I SystemServerTimingAsync: ssm.onUnlockingUser-0_com.android.server.usage.UsageStatsService
08-30 00:52:18.468 1044 1198 D SystemServerTimingAsync: ssm.onUnlockingUser-0_com.android.server.usage.UsageStatsService took to complete: 0ms
08-30 00:52:18.468 1044 1198 I SystemServerTimingAsync: ssm.onUnlockingUser-0_com.android.server.webkit.WebViewUpdateService
08-30 00:52:18.468 1044 1198 D SystemServerTimingAsync: ssm.onUnlockingUser-0_com.android.server.webkit.WebViewUpdateService took to complete: 0ms
08-30 00:52:18.468 1044 1198 I SystemServerTimingAsync: ssm.onUnlockingUser-0_com.android.server.CachedDeviceStateService
08-30 00:52:18.468 1044 1198 D SystemServerTimingAsync: ssm.onUnlockingUser-0_com.android.server.CachedDeviceStateService took to complete: 0ms
08-30 00:52:18.468 1044 1198 I SystemServerTimingAsync: ssm.onUnlockingUser-0_com.android.server.BinderCallsStatsService$LifeCycle
08-30 00:52:18.468 1044 1198 D SystemServerTimingAsync: ssm.onUnlockingUser-0_com.android.server.BinderCallsStatsService$LifeCycle took to complete: 0ms
08-30 00:52:18.468 1044 1198 I SystemServerTimingAsync: ssm.onUnlockingUser-0_com.android.server.LooperStatsService$Lifecycle
08-30 00:52:18.468 1044 1198 D SystemServerTimingAsync: ssm.onUnlockingUser-0_com.android.server.LooperStatsService$Lifecycle took to complete: 0ms
08-30 00:52:18.469 1044 1198 I SystemServerTimingAsync: ssm.onUnlockingUser-0_com.android.server.rollback.RollbackManagerService
08-30 00:52:18.470 2799 2837 E ThermalEngine: socket creation success
08-30 00:52:18.471 1044 1198 D SystemServerTimingAsync: ssm.onUnlockingUser-0_com.android.server.rollback.RollbackManagerService took to complete: 3ms
08-30 00:52:18.471 1044 1198 I SystemServerTimingAsync: ssm.onUnlockingUser-0_com.android.server.os.NativeTombstoneManagerService
08-30 00:52:18.471 1044 1198 D SystemServerTimingAsync: ssm.onUnlockingUser-0_com.android.server.os.NativeTombstoneManagerService took to complete: 0ms
08-30 00:52:18.471 1044 1198 I SystemServerTimingAsync: ssm.onUnlockingUser-0_com.android.server.os.BugreportManagerService
08-30 00:52:18.472 1044 1198 D SystemServerTimingAsync: ssm.onUnlockingUser-0_com.android.server.os.BugreportManagerService took to complete: 0ms
08-30 00:52:18.472 1044 1198 I SystemServerTimingAsync: ssm.onUnlockingUser-0_com.android.server.gpu.GpuService
08-30 00:52:18.472 1044 1198 D SystemServerTimingAsync: ssm.onUnlockingUser-0_com.android.server.gpu.GpuService took to complete: 0ms
08-30 00:52:18.472 1044 1198 I SystemServerTimingAsync: ssm.onUnlockingUser-0_com.android.server.security.KeyChainSystemService
08-30 00:52:18.472 1044 1198 D SystemServerTimingAsync: ssm.onUnlockingUser-0_com.android.server.security.KeyChainSystemService took to complete: 0ms
08-30 00:52:18.472 1044 1198 I SystemServerTimingAsync: ssm.onUnlockingUser-0_com.android.server.telecom.TelecomLoaderService
08-30 00:52:18.472 1044 1198 D SystemServerTimingAsync: ssm.onUnlockingUser-0_com.android.server.telecom.TelecomLoaderService took to complete: 0ms
08-30 00:52:18.472 1044 1198 I SystemServerTimingAsync: ssm.onUnlockingUser-0_com.android.server.accounts.AccountManagerService$Lifecycle
08-30 00:52:18.472 1044 1198 D SystemServerTimingAsync: ssm.onUnlockingUser-0_com.android.server.accounts.AccountManagerService$Lifecycle took to complete: 0ms
08-30 00:52:18.472 1044 1198 I SystemServerTimingAsync: ssm.onUnlockingUser-0_com.android.server.content.ContentService$Lifecycle
08-30 00:52:18.473 1044 1198 D SystemServerTimingAsync: ssm.onUnlockingUser-0_com.android.server.content.ContentService$Lifecycle took to complete: 1ms
08-30 00:52:18.473 1044 1198 I SystemServerTimingAsync: ssm.onUnlockingUser-0_com.android.server.DropBoxManagerService
08-30 00:52:18.473 1044 1198 D SystemServerTimingAsync: ssm.onUnlockingUser-0_com.android.server.DropBoxManagerService took to complete: 0ms
08-30 00:52:18.473 1044 1198 I SystemServerTimingAsync: ssm.onUnlockingUser-0_com.android.role.RoleService
08-30 00:52:18.473 1044 1198 D SystemServerTimingAsync: ssm.onUnlockingUser-0_com.android.role.RoleService took to complete: 0ms
08-30 00:52:18.473 1044 1198 I SystemServerTimingAsync: ssm.onUnlockingUser-0_com.android.server.vibrator.VibratorManagerService$Lifecycle
08-30 00:52:18.473 1044 1198 D SystemServerTimingAsync: ssm.onUnlockingUser-0_com.android.server.vibrator.VibratorManagerService$Lifecycle took to complete: 0ms
08-30 00:52:18.473 1044 1198 I SystemServerTimingAsync: ssm.onUnlockingUser-0_com.android.server.alarm.AlarmManagerService
08-30 00:52:18.473 1044 1198 D SystemServerTimingAsync: ssm.onUnlockingUser-0_com.android.server.alarm.AlarmManagerService took to complete: 0ms
08-30 00:52:18.473 1044 1198 I SystemServerTimingAsync: ssm.onUnlockingUser-0_com.android.server.devicestate.DeviceStateManagerService
08-30 00:52:18.473 1044 1198 D SystemServerTimingAsync: ssm.onUnlockingUser-0_com.android.server.devicestate.DeviceStateManagerService took to complete: 0ms
08-30 00:52:18.473 1044 1198 I SystemServerTimingAsync: ssm.onUnlockingUser-0_com.android.server.camera.CameraServiceProxy
08-30 00:52:18.473 1044 1198 D SystemServerTimingAsync: ssm.onUnlockingUser-0_com.android.server.camera.CameraServiceProxy took to complete: 0ms
08-30 00:52:18.473 1044 1198 I SystemServerTimingAsync: ssm.onUnlockingUser-0_com.android.server.BluetoothService
08-30 00:52:18.473 1044 1198 D BluetoothManagerService: User 0 unlocked
08-30 00:52:18.474 1044 1198 D SystemServerTimingAsync: ssm.onUnlockingUser-0_com.android.server.BluetoothService took to complete: 0ms
08-30 00:52:18.474 1044 1198 I SystemServerTimingAsync: ssm.onUnlockingUser-0_com.android.server.connectivity.IpConnectivityMetrics
08-30 00:52:18.474 1044 1198 D SystemServerTimingAsync: ssm.onUnlockingUser-0_com.android.server.connectivity.IpConnectivityMetrics took to complete: 0ms
08-30 00:52:18.474 1044 1198 I SystemServerTimingAsync: ssm.onUnlockingUser-0_com.android.server.net.watchlist.NetworkWatchlistService$Lifecycle
08-30 00:52:18.474 1044 1198 D SystemServerTimingAsync: ssm.onUnlockingUser-0_com.android.server.net.watchlist.NetworkWatchlistService$Lifecycle took to complete: 0ms
08-30 00:52:18.474 1044 1198 I SystemServerTimingAsync: ssm.onUnlockingUser-0_com.android.server.PinnerService
08-30 00:52:18.474 1044 1198 D SystemServerTimingAsync: ssm.onUnlockingUser-0_com.android.server.PinnerService took to complete: 0ms
08-30 00:52:18.474 1044 1198 I SystemServerTimingAsync: ssm.onUnlockingUser-0_com.google.android.startop.iorap.IorapForwardingService
08-30 00:52:18.475 1044 1198 D SystemServerTimingAsync: ssm.onUnlockingUser-0_com.google.android.startop.iorap.IorapForwardingService took to complete: 0ms
08-30 00:52:18.475 1044 1198 I SystemServerTimingAsync: ssm.onUnlockingUser-0_com.android.server.ActivityTriggerService
08-30 00:52:18.475 1044 1198 D SystemServerTimingAsync: ssm.onUnlockingUser-0_com.android.server.ActivityTriggerService took to complete: 0ms
08-30 00:52:18.475 1044 1198 I SystemServerTimingAsync: ssm.onUnlockingUser-0_com.android.server.integrity.AppIntegrityManagerService
08-30 00:52:18.475 1044 1198 D SystemServerTimingAsync: ssm.onUnlockingUser-0_com.android.server.integrity.AppIntegrityManagerService took to complete: 0ms
08-30 00:52:18.475 1044 1198 I SystemServerTimingAsync: ssm.onUnlockingUser-0_com.android.server.inputmethod.InputMethodManagerService$Lifecycle
08-30 00:52:18.475 1044 1198 D SystemServerTimingAsync: ssm.onUnlockingUser-0_com.android.server.inputmethod.InputMethodManagerService$Lifecycle took to complete: 0ms
08-30 00:52:18.475 1044 1198 I SystemServerTimingAsync: ssm.onUnlockingUser-0_com.android.server.accessibility.AccessibilityManagerService$Lifecycle
08-30 00:52:18.475 1044 1198 D SystemServerTimingAsync: ssm.onUnlockingUser-0_com.android.server.accessibility.AccessibilityManagerService$Lifecycle took to complete: 0ms
08-30 00:52:18.475 1044 1198 I SystemServerTimingAsync: ssm.onUnlockingUser-0_com.android.server.StorageManagerService$Lifecycle
08-30 00:52:18.475 1044 1198 D StorageManagerService: onUnlockUser 0
08-30 00:52:18.475 1044 1198 I StorageSessionController: On user unlock 0
08-30 00:52:18.475 1044 1198 I StorageSessionController: Initialialising...
08-30 00:52:18.476 1044 1178 D BluetoothManagerService: MESSAGE_USER_UNLOCKED
08-30 00:52:18.480 2011 2845 I android_os_HwBinder: HwBinder: Starting thread pool for getting: com.qualcomm.qti.uceservice@2.3::IUceService/com.qualcomm.qti.uceservice
08-30 00:52:18.479 2293 2830 I QCC:OperationMode: prepareProvisioned nProvisioned = 1
08-30 00:52:18.483 2011 2845 I QRCSService: Received HIDL-UCEService :VERSION_2_3
08-30 00:52:18.483 2011 2845 D Aidl-shim UceServiceStub: RCSStartRCSService setHidlUceService
08-30 00:52:18.485 1044 1466 W OverlayManager: service 'idmap' died
08-30 00:52:18.486 560 560 I vold : onUserStarted: 0
08-30 00:52:18.488 1044 1466 V StorageManagerService: Found primary storage at VolumeInfo{emulated;0}:
08-30 00:52:18.488 1044 1466 V StorageManagerService: type=EMULATED diskId=null partGuid= mountFlags=0 mountUserId=0
08-30 00:52:18.488 1044 1466 V StorageManagerService: state=UNMOUNTED
08-30 00:52:18.488 1044 1466 V StorageManagerService: fsType=null fsUuid=null fsLabel=null
08-30 00:52:18.488 1044 1466 V StorageManagerService: path=null internalPath=null
08-30 00:52:18.489 1044 1711 I StorageManagerService: Mounting volume VolumeInfo{emulated;0}:
08-30 00:52:18.489 1044 1711 I StorageManagerService: type=EMULATED diskId=null partGuid= mountFlags=PRIMARY|VISIBLE
08-30 00:52:18.489 1044 1711 I StorageManagerService: mountUserId=0 state=UNMOUNTED
