08-30 00:52:14.809 1882 1882 E EmergencyButton: at com.android.keyguard.KeyguardUpdateMonitor.sendUpdates(KeyguardUpdateMonitor.java:3085)
08-30 00:52:14.809 1882 1882 E EmergencyButton: at com.android.keyguard.KeyguardUpdateMonitor.registerCallback(KeyguardUpdateMonitor.java:3062)
08-30 00:52:14.809 1882 1882 E EmergencyButton: at com.android.keyguard.EmergencyButtonController.onViewAttached(EmergencyButtonController.java:119)
08-30 00:52:14.809 1882 1882 E EmergencyButton: at com.android.systemui.util.ViewController$1.onViewAttachedToWindow(ViewController.java:52)
08-30 00:52:14.809 1882 1882 E EmergencyButton: at android.view.View.dispatchAttachedToWindow(View.java:20768)
08-30 00:52:14.809 1882 1882 E EmergencyButton: at android.view.ViewGroup.dispatchAttachedToWindow(ViewGroup.java:3497)
08-30 00:52:14.809 1882 1882 E EmergencyButton: at android.view.ViewGroup.dispatchAttachedToWindow(ViewGroup.java:3497)
08-30 00:52:14.809 1882 1882 E EmergencyButton: at android.view.ViewGroup.dispatchAttachedToWindow(ViewGroup.java:3497)
08-30 00:52:14.809 1882 1882 E EmergencyButton: at android.view.ViewGroup.dispatchAttachedToWindow(ViewGroup.java:3497)
08-30 00:52:14.809 1882 1882 E EmergencyButton: at android.view.ViewRootImpl.performTraversals(ViewRootImpl.java:2633)
08-30 00:52:14.809 1882 1882 E EmergencyButton: at android.view.ViewRootImpl.doTraversal(ViewRootImpl.java:2146)
08-30 00:52:14.809 1882 1882 E EmergencyButton: at android.view.ViewRootImpl$TraversalRunnable.run(ViewRootImpl.java:8675)
08-30 00:52:14.809 1882 1882 E EmergencyButton: at android.view.Choreographer$CallbackRecord.run(Choreographer.java:1120)
08-30 00:52:14.809 1882 1882 E EmergencyButton: at android.view.Choreographer.doCallbacks(Choreographer.java:926)
08-30 00:52:14.809 1882 1882 E EmergencyButton: at android.view.Choreographer.doFrame(Choreographer.java:859)
08-30 00:52:14.809 1882 1882 E EmergencyButton: at android.view.Choreographer$FrameDisplayEventReceiver.run(Choreographer.java:1105)
08-30 00:52:14.809 1882 1882 E EmergencyButton: at android.os.Handler.handleCallback(Handler.java:938)
08-30 00:52:14.809 1882 1882 E EmergencyButton: at android.os.Handler.dispatchMessage(Handler.java:99)
08-30 00:52:14.809 1882 1882 E EmergencyButton: at android.os.Looper.loopOnce(Looper.java:201)
08-30 00:52:14.809 1882 1882 E EmergencyButton: at android.os.Looper.loop(Looper.java:288)
08-30 00:52:14.809 1882 1882 E EmergencyButton: at android.app.ActivityThread.main(ActivityThread.java:7880)
08-30 00:52:14.809 1882 1882 E EmergencyButton: at java.lang.reflect.Method.invoke(Native Method)
08-30 00:52:14.809 1882 1882 E EmergencyButton: at com.android.internal.os.RuntimeInit$MethodAndArgsCaller.run(RuntimeInit.java:548)
08-30 00:52:14.809 1882 1882 E EmergencyButton: at com.android.internal.os.ZygoteInit.main(ZygoteInit.java:1009)
08-30 00:52:14.810 1882 1882 V KeyguardUpdateMonitor: *** register callback for com.android.keyguard.LockIconViewController$3@8608cba
08-30 00:52:14.810 1882 1882 V KeyguardUpdateMonitor: *** unregister callback for null
08-30 00:52:14.811 1882 1882 V KeyguardUpdateMonitor: *** register callback for com.android.keyguard.KeyguardStatusViewController$2@dd8c76b
08-30 00:52:14.811 1882 1882 V KeyguardUpdateMonitor: *** unregister callback for null
08-30 00:52:14.814 1450 1567 V C2Store : in ~ComponentModule
08-30 00:52:14.814 1450 1567 V C2Store : unloading dll
08-30 00:52:14.814 1450 1567 V C2Store : in init
08-30 00:52:14.814 1450 1567 V C2Store : loading dll
01-01 08:22:00.165 0 0 E : INFO: trying to register non-static key.
01-01 08:22:00.170 0 0 E : the code is fine but needs lockdep annotation.
01-01 08:22:00.175 0 0 I : CPU: 6 PID: 292 Comm: kworker/u16:8 Tainted: G S W O 4.19.157+ #1
01-01 08:22:00.175 0 0 I Hardware name: Qualcomm Technologies, Inc. kona MTP-RmPM8150b (DT)
01-01 08:22:00.175 0 0 I Workqueue: events_unbound ion_system_secure_heap_prefetch_work
01-01 08:22:00.175 0 0 I Call trace:
01-01 08:22:00.175 0 0 I : dump_backtrace+0x0/0x258
01-01 08:22:00.175 0 0 I : show_stack+0x20/0x30
01-01 08:22:00.175 0 0 I : dump_stack+0xd8/0x12c
01-01 08:22:00.175 0 0 I : register_lock_class+0x4d0/0x5c8
01-01 08:22:00.175 0 0 I : __lock_acquire+0xbc/0x1e58
01-01 08:22:00.175 0 0 I : lock_acquire+0x1cc/0x218
01-01 08:22:00.175 0 0 I : _raw_spin_lock_irqsave+0x54/0x98
01-01 08:22:00.175 0 0 I : ion_system_secure_heap_prefetch_work+0x94/0x2c0
01-01 08:22:00.175 0 0 I : process_one_work+0x38c/0x660
01-01 08:22:00.175 0 0 I : worker_thread+0x268/0x4b8
01-01 08:22:00.175 0 0 I : kthread+0x140/0x150
01-01 08:22:00.175 0 0 I : ret_from_fork+0x10/0x1c
08-30 00:52:14.819 1882 1882 V KeyguardUpdateMonitor: *** register callback for com.android.keyguard.AnimatableClockController$4@6b2709d
08-30 00:52:14.819 1882 1882 V KeyguardUpdateMonitor: *** unregister callback for null
08-30 00:52:14.819 1450 1567 V C2Store : in ~ComponentModule
08-30 00:52:14.819 1450 1567 V C2Store : unloading dll
08-30 00:52:14.819 1450 1567 V C2Store : in init
08-30 00:52:14.819 1450 1567 V C2Store : loading dll
08-30 00:52:14.820 1882 1882 V KeyguardUpdateMonitor: *** register callback for com.android.keyguard.AnimatableClockController$4@7ca7999
08-30 00:52:14.820 1882 1882 V KeyguardUpdateMonitor: *** unregister callback for null
08-30 00:52:14.825 1450 1567 V C2Store : in ~ComponentModule
08-30 00:52:14.825 1450 1567 V C2Store : unloading dll
08-30 00:52:14.826 1450 1567 V C2Store : in init
08-30 00:52:14.826 1450 1567 V C2Store : loading dll
01-01 08:22:00.189 0 0 E : INFO: trying to register non-static key.
01-01 08:22:00.194 0 0 E : the code is fine but needs lockdep annotation.
01-01 08:22:00.200 0 0 I : CPU: 2 PID: 292 Comm: kworker/u16:8 Tainted: G S W O 4.19.157+ #1
01-01 08:22:00.200 0 0 I Hardware name: Qualcomm Technologies, Inc. kona MTP-RmPM8150b (DT)
01-01 08:22:00.200 0 0 I Workqueue: events_unbound ion_system_secure_heap_prefetch_work
01-01 08:22:00.200 0 0 I Call trace:
01-01 08:22:00.200 0 0 I : dump_backtrace+0x0/0x258
01-01 08:22:00.200 0 0 I : show_stack+0x20/0x30
01-01 08:22:00.200 0 0 I : dump_stack+0xd8/0x12c
01-01 08:22:00.200 0 0 I : register_lock_class+0x4d0/0x5c8
01-01 08:22:00.200 0 0 I : __lock_acquire+0xbc/0x1e58
01-01 08:22:00.200 0 0 I : lock_acquire+0x1cc/0x218
01-01 08:22:00.200 0 0 I : _raw_spin_lock_irqsave+0x54/0x98
01-01 08:22:00.200 0 0 I : ion_system_secure_heap_prefetch_work+0x94/0x2c0
01-01 08:22:00.200 0 0 I : process_one_work+0x38c/0x660
01-01 08:22:00.200 0 0 I : worker_thread+0x268/0x4b8
01-01 08:22:00.200 0 0 I : kthread+0x140/0x150
01-01 08:22:00.200 0 0 I : ret_from_fork+0x10/0x1c
08-30 00:52:14.851 1450 1567 V C2Store : in ~ComponentModule
08-30 00:52:14.851 1450 1567 V C2Store : unloading dll
08-30 00:52:14.851 1450 1567 V C2Store : in init
08-30 00:52:14.851 1450 1567 V C2Store : loading dll
08-30 00:52:14.852 1882 2343 W ActivityThread: Failed to find provider info for com.android.contacts (user not unlocked)
08-30 00:52:14.860 1450 1567 I C2SoftVp8Enc: setting temporal layering 0 + 0
08-30 00:52:14.861 1450 1567 V C2Store : in ~ComponentModule
08-30 00:52:14.861 1450 1567 V C2Store : unloading dll
08-30 00:52:14.861 1450 1567 V C2Store : in init
08-30 00:52:14.861 1450 1567 V C2Store : loading dll
08-30 00:52:14.868 1450 1567 V C2Store : in ~ComponentModule
08-30 00:52:14.868 1450 1567 V C2Store : unloading dll
08-30 00:52:14.868 1450 1567 V C2Store : in init
08-30 00:52:14.868 1450 1567 V C2Store : loading dll
01-01 08:22:00.219 0 0 E : INFO: trying to register non-static key.
01-01 08:22:00.224 0 0 E : the code is fine but needs lockdep annotation.
01-01 08:22:00.229 0 0 I : CPU: 5 PID: 292 Comm: kworker/u16:8 Tainted: G S W O 4.19.157+ #1
01-01 08:22:00.229 0 0 I Hardware name: Qualcomm Technologies, Inc. kona MTP-RmPM8150b (DT)
01-01 08:22:00.229 0 0 I Workqueue: events_unbound ion_system_secure_heap_prefetch_work
01-01 08:22:00.229 0 0 I Call trace:
01-01 08:22:00.229 0 0 I : dump_backtrace+0x0/0x258
01-01 08:22:00.229 0 0 I : show_stack+0x20/0x30
01-01 08:22:00.229 0 0 I : dump_stack+0xd8/0x12c
01-01 08:22:00.229 0 0 I : register_lock_class+0x4d0/0x5c8
01-01 08:22:00.229 0 0 I : __lock_acquire+0xbc/0x1e58
01-01 08:22:00.229 0 0 I : lock_acquire+0x1cc/0x218
01-01 08:22:00.229 0 0 I : _raw_spin_lock_irqsave+0x54/0x98
01-01 08:22:00.229 0 0 I : ion_system_secure_heap_prefetch_work+0x94/0x2c0
01-01 08:22:00.229 0 0 I : process_one_work+0x38c/0x660
01-01 08:22:00.229 0 0 I : worker_thread+0x268/0x4b8
01-01 08:22:00.229 0 0 I : kthread+0x140/0x150
01-01 08:22:00.229 0 0 I : ret_from_fork+0x10/0x1c
08-30 00:52:14.876 1882 2343 W ActivityThread: Failed to find provider info for com.android.contacts (user not unlocked)
08-30 00:52:14.877 1450 1567 I C2SoftVp9Enc: setting temporal layering 0 + 0
08-30 00:52:14.877 1450 1567 V C2Store : in ~ComponentModule
08-30 00:52:14.877 1450 1567 V C2Store : unloading dll
08-30 00:52:14.879 1350 1418 D MediaCodecsXmlParser: parsing /apex/com.android.media.swcodec/etc/media_codecs.xml...
08-30 00:52:14.881 1350 1418 D MediaCodecsXmlParser: disabling c2.android.gsm.decoder
08-30 00:52:14.882 1350 1418 D MediaCodecsXmlParser: disabling c2.android.mpeg2.decoder
08-30 00:52:14.882 1350 1418 I MediaCodecsXmlParser: Did not find media_codecs_performance.xml in search path
08-30 00:52:14.883 1350 1418 D MediaCodecsXmlParser: parsing /vendor/etc/media_codecs_c2.xml...
08-30 00:52:14.884 1350 1418 D MediaCodecsXmlParser: parsing /vendor/etc/media_codecs_google_audio.xml...
08-30 00:52:14.884 1350 1418 D MediaCodecsXmlParser: parsing /vendor/etc/media_codecs_google_telephony.xml...
08-30 00:52:14.886 1350 1418 D MediaCodecsXmlParser: parsing /vendor/etc/media_codecs_google_c2.xml...
01-01 08:22:00.240 0 0 E : INFO: trying to register non-static key.
01-01 08:22:00.246 0 0 E : the code is fine but needs lockdep annotation.
01-01 08:22:00.251 0 0 I : CPU: 5 PID: 292 Comm: kworker/u16:8 Tainted: G S W O 4.19.157+ #1
01-01 08:22:00.251 0 0 I Hardware name: Qualcomm Technologies, Inc. kona MTP-RmPM8150b (DT)
01-01 08:22:00.251 0 0 I Workqueue: events_unbound ion_system_secure_heap_prefetch_work
01-01 08:22:00.251 0 0 I Call trace:
01-01 08:22:00.251 0 0 I : dump_backtrace+0x0/0x258
01-01 08:22:00.251 0 0 I : show_stack+0x20/0x30
01-01 08:22:00.251 0 0 I : dump_stack+0xd8/0x12c
01-01 08:22:00.251 0 0 I : register_lock_class+0x4d0/0x5c8
01-01 08:22:00.251 0 0 I : __lock_acquire+0xbc/0x1e58
01-01 08:22:00.251 0 0 I : lock_acquire+0x1cc/0x218
01-01 08:22:00.251 0 0 I : _raw_spin_lock_irqsave+0x54/0x98
01-01 08:22:00.251 0 0 I : ion_system_secure_heap_prefetch_work+0x94/0x2c0
01-01 08:22:00.251 0 0 I : process_one_work+0x38c/0x660
01-01 08:22:00.251 0 0 I : worker_thread+0x268/0x4b8
01-01 08:22:00.251 0 0 I : kthread+0x140/0x150
01-01 08:22:00.251 0 0 I : ret_from_fork+0x10/0x1c
08-30 00:52:14.892 1882 1882 V KeyguardUpdateMonitor: *** register callback for com.android.systemui.biometrics.AuthRippleController$keyguardUpdateMonitorCallback$1@e18825d
08-30 00:52:14.893 1882 1882 V KeyguardUpdateMonitor: *** unregister callback for null
08-30 00:52:14.898 1350 1418 D MediaCodecsXmlParser: parsing /vendor/etc/media_codecs_google_c2_audio.xml...
08-30 00:52:14.898 835 2401 D vendor.qti.bluetooth@1.0-patch_dl_manager: ReadHciEvent: Expected CC
08-30 00:52:14.898 835 2401 I vendor.qti.bluetooth@1.0-patch_dl_manager: SocInit: Download TLV file successfully
08-30 00:52:14.899 835 2401 D vendor.qti.bluetooth@1.0-patch_dl_manager: ReadHciEvent: Expected CC
08-30 00:52:14.899 835 2401 I vendor.qti.bluetooth@1.0-patch_dl_manager: HandleEdlCmdResEvt: BT SoC FW SU Build info: BTFM.HST.2.0.0.c3-00477-QCACHROMZ-1, 35
08-30 00:52:14.899 835 2401 D vendor.qti.bluetooth@1.0-patch_dl_manager: HandleEdlCmdResEvt: Writing SU build info. in /data/vendor/bluetooth/bt_fw_version.txt
08-30 00:52:14.899 835 2401 D vendor.qti.bluetooth@1.0-patch_dl_manager: HandleEdlCmdResEvt: Done Writing SU build info. in /data/vendor/bluetooth/bt_fw_version.txt
08-30 00:52:14.900 835 2401 D vendor.qti.bluetooth@1.0-patch_dl_manager: GetAddOnFeatureList: Sending HCI_VS_GET_ADDON_FEATURES_SUPPORT
08-30 00:52:14.900 835 2401 D vendor.qti.bluetooth@1.0-patch_dl_manager: HCI-CMD: 0x1 0x1d 0xfc 0x0
08-30 00:52:14.900 1350 1418 D MediaCodecsXmlParser: MediaCodec: cannot add existing codec: c2.android.mp3.decoder at line 19 of /vendor/etc/media_codecs_google_c2_audio.xml
08-30 00:52:14.900 1350 1418 D MediaCodecsXmlParser: MediaCodec: cannot add existing codec: c2.android.amrnb.decoder at line 25 of /vendor/etc/media_codecs_google_c2_audio.xml
08-30 00:52:14.900 1350 1418 D MediaCodecsXmlParser: MediaCodec: cannot add existing codec: c2.android.amrwb.decoder at line 31 of /vendor/etc/media_codecs_google_c2_audio.xml
08-30 00:52:14.900 1350 1418 D MediaCodecsXmlParser: MediaCodec: cannot add existing codec: c2.android.aac.decoder at line 37 of /vendor/etc/media_codecs_google_c2_audio.xml
08-30 00:52:14.900 1350 1418 D MediaCodecsXmlParser: MediaCodec: cannot add existing codec: c2.android.g711.alaw.decoder at line 43 of /vendor/etc/media_codecs_google_c2_audio.xml
08-30 00:52:14.900 1350 1418 D MediaCodecsXmlParser: MediaCodec: cannot add existing codec: c2.android.g711.mlaw.decoder at line 49 of /vendor/etc/media_codecs_google_c2_audio.xml
08-30 00:52:14.900 1350 1418 D MediaCodecsXmlParser: MediaCodec: cannot add existing codec: c2.android.vorbis.decoder at line 55 of /vendor/etc/media_codecs_google_c2_audio.xml
08-30 00:52:14.900 1350 1418 D MediaCodecsXmlParser: MediaCodec: cannot add existing codec: c2.android.opus.decoder at line 61 of /vendor/etc/media_codecs_google_c2_audio.xml
08-30 00:52:14.900 1350 1418 D MediaCodecsXmlParser: MediaCodec: cannot add existing codec: c2.android.raw.decoder at line 67 of /vendor/etc/media_codecs_google_c2_audio.xml
08-30 00:52:14.900 1350 1418 D MediaCodecsXmlParser: MediaCodec: cannot add existing codec: c2.android.flac.decoder at line 73 of /vendor/etc/media_codecs_google_c2_audio.xml
08-30 00:52:14.900 1350 1418 D MediaCodecsXmlParser: MediaCodec: cannot add existing codec: c2.android.aac.encoder at line 81 of /vendor/etc/media_codecs_google_c2_audio.xml
08-30 00:52:14.900 1350 1418 D MediaCodecsXmlParser: MediaCodec: cannot add existing codec: c2.android.amrnb.encoder at line 88 of /vendor/etc/media_codecs_google_c2_audio.xml
08-30 00:52:14.900 1350 1418 D MediaCodecsXmlParser: MediaCodec: cannot add existing codec: c2.android.amrwb.encoder at line 95 of /vendor/etc/media_codecs_google_c2_audio.xml
08-30 00:52:14.901 1350 1418 D MediaCodecsXmlParser: MediaCodec: cannot add existing codec: c2.android.flac.encoder at line 102 of /vendor/etc/media_codecs_google_c2_audio.xml
08-30 00:52:14.901 1350 1418 D MediaCodecsXmlParser: MediaCodec: cannot add existing codec: c2.android.opus.encoder at line 110 of /vendor/etc/media_codecs_google_c2_audio.xml
08-30 00:52:14.901 1350 1418 D MediaCodecsXmlParser: parsing /vendor/etc/media_codecs_google_c2_video.xml...
08-30 00:52:14.903 1350 1418 D MediaCodecsXmlParser: MediaCodec: cannot add existing codec: c2.android.mpeg4.decoder at line 19 of /vendor/etc/media_codecs_google_c2_video.xml
08-30 00:52:14.903 1350 1418 D MediaCodecsXmlParser: MediaCodec: cannot add existing codec: c2.android.h263.decoder at line 29 of /vendor/etc/media_codecs_google_c2_video.xml
08-30 00:52:14.903 1350 1418 D MediaCodecsXmlParser: MediaCodec: cannot add existing codec: c2.android.avc.decoder at line 38 of /vendor/etc/media_codecs_google_c2_video.xml
08-30 00:52:14.903 1350 1418 D MediaCodecsXmlParser: MediaCodec: cannot add existing codec: c2.android.hevc.decoder at line 49 of /vendor/etc/media_codecs_google_c2_video.xml
08-30 00:52:14.903 1350 1418 D MediaCodecsXmlParser: MediaCodec: cannot add existing codec: c2.android.vp8.decoder at line 60 of /vendor/etc/media_codecs_google_c2_video.xml
08-30 00:52:14.903 1350 1418 D MediaCodecsXmlParser: MediaCodec: cannot add existing codec: c2.android.vp9.decoder at line 70 of /vendor/etc/media_codecs_google_c2_video.xml
08-30 00:52:14.903 1350 1418 D MediaCodecsXmlParser: MediaCodec: cannot add existing codec: c2.android.av1.decoder at line 80 of /vendor/etc/media_codecs_google_c2_video.xml
08-30 00:52:14.903 1350 1418 D MediaCodecsXmlParser: MediaCodec: cannot add existing codec: c2.android.h263.encoder at line 92 of /vendor/etc/media_codecs_google_c2_video.xml
08-30 00:52:14.903 1350 1418 D MediaCodecsXmlParser: MediaCodec: cannot add existing codec: c2.android.avc.encoder at line 99 of /vendor/etc/media_codecs_google_c2_video.xml
08-30 00:52:14.903 1350 1418 D MediaCodecsXmlParser: MediaCodec: cannot add existing codec: c2.android.hevc.encoder at line 110 of /vendor/etc/media_codecs_google_c2_video.xml
08-30 00:52:14.903 1350 1418 D MediaCodecsXmlParser: MediaCodec: cannot add existing codec: c2.android.mpeg4.encoder at line 123 of /vendor/etc/media_codecs_google_c2_video.xml
08-30 00:52:14.903 1350 1418 D MediaCodecsXmlParser: MediaCodec: cannot add existing codec: c2.android.vp8.encoder at line 132 of /vendor/etc/media_codecs_google_c2_video.xml
08-30 00:52:14.903 1350 1418 D MediaCodecsXmlParser: MediaCodec: cannot add existing codec: c2.android.vp9.encoder at line 143 of /vendor/etc/media_codecs_google_c2_video.xml
08-30 00:52:14.904 1350 1418 D MediaCodecsXmlParser: parsing /vendor/etc/media_codecs_performance_c2.xml...
08-30 00:52:14.907 1350 1418 I MediaCodecsXmlParser: getVendorXmlPath /vendor/etc/media_codecs_kona_vendor.xml
08-30 00:52:14.907 1350 1418 D MediaCodecsXmlParser: parsing /vendor/etc/media_codecs_kona_vendor.xml...
08-30 00:52:14.909 1350 1418 D MediaCodecsXmlParser: parsing /vendor/etc/media_codecs_google_audio.xml...
08-30 00:52:14.909 1350 1418 D MediaCodecsXmlParser: MediaCodec: cannot add existing codec: OMX.google.mp3.decoder at line 19 of /vendor/etc/media_codecs_google_audio.xml
08-30 00:52:14.910 1350 1418 D MediaCodecsXmlParser: MediaCodec: cannot add existing codec: OMX.google.amrnb.decoder at line 24 of /vendor/etc/media_codecs_google_audio.xml
08-30 00:52:14.910 1350 1418 D MediaCodecsXmlParser: MediaCodec: cannot add existing codec: OMX.google.amrwb.decoder at line 29 of /vendor/etc/media_codecs_google_audio.xml
08-30 00:52:14.910 1350 1418 D MediaCodecsXmlParser: MediaCodec: cannot add existing codec: OMX.google.aac.decoder at line 34 of /vendor/etc/media_codecs_google_audio.xml
08-30 00:52:14.910 1350 1418 D MediaCodecsXmlParser: MediaCodec: cannot add existing codec: OMX.google.g711.alaw.decoder at line 39 of /vendor/etc/media_codecs_google_audio.xml
08-30 00:52:14.910 1350 1418 D MediaCodecsXmlParser: MediaCodec: cannot add existing codec: OMX.google.g711.mlaw.decoder at line 44 of /vendor/etc/media_codecs_google_audio.xml
08-30 00:52:14.910 1350 1418 D MediaCodecsXmlParser: MediaCodec: cannot add existing codec: OMX.google.vorbis.decoder at line 49 of /vendor/etc/media_codecs_google_audio.xml
08-30 00:52:14.910 1350 1418 D MediaCodecsXmlParser: MediaCodec: cannot add existing codec: OMX.google.opus.decoder at line 54 of /vendor/etc/media_codecs_google_audio.xml
08-30 00:52:14.910 1350 1418 D MediaCodecsXmlParser: MediaCodec: cannot add existing codec: OMX.google.raw.decoder at line 59 of /vendor/etc/media_codecs_google_audio.xml
08-30 00:52:14.910 1350 1418 D MediaCodecsXmlParser: MediaCodec: cannot add existing codec: OMX.google.flac.decoder at line 64 of /vendor/etc/media_codecs_google_audio.xml
08-30 00:52:14.910 1350 1418 D MediaCodecsXmlParser: MediaCodec: cannot add existing codec: OMX.google.aac.encoder at line 71 of /vendor/etc/media_codecs_google_audio.xml
08-30 00:52:14.910 1350 1418 D MediaCodecsXmlParser: MediaCodec: cannot add existing codec: OMX.google.amrnb.encoder at line 77 of /vendor/etc/media_codecs_google_audio.xml
08-30 00:52:14.910 1350 1418 D MediaCodecsXmlParser: MediaCodec: cannot add existing codec: OMX.google.amrwb.encoder at line 83 of /vendor/etc/media_codecs_google_audio.xml
08-30 00:52:14.910 1350 1418 D MediaCodecsXmlParser: MediaCodec: cannot add existing codec: OMX.google.flac.encoder at line 89 of /vendor/etc/media_codecs_google_audio.xml
08-30 00:52:14.910 1350 1418 D MediaCodecsXmlParser: parsing /vendor/etc/media_codecs_vendor_audio.xml...
08-30 00:52:14.910 1350 1418 D MediaCodecsXmlParser: parsing /vendor/etc/media_codecs_google_telephony.xml...
08-30 00:52:14.910 1350 1418 D MediaCodecsXmlParser: MediaCodec: cannot add existing codec: OMX.google.gsm.decoder at line 19 of /vendor/etc/media_codecs_google_telephony.xml
08-30 00:52:14.910 1350 1418 D MediaCodecsXmlParser: Setting: updating existing setting at line 189 of /vendor/etc/media_codecs_kona_vendor.xml
08-30 00:52:14.911 1350 1418 D MediaCodecsXmlParser: MediaCodec: cannot add existing codec: OMX.qcom.video.encoder.avc at line 193 of /vendor/etc/media_codecs_kona_vendor.xml
08-30 00:52:14.911 1350 1418 D MediaCodecsXmlParser: MediaCodec: cannot add existing codec: OMX.qcom.video.encoder.vp8 at line 211 of /vendor/etc/media_codecs_kona_vendor.xml
08-30 00:52:14.911 1350 1418 D MediaCodecsXmlParser: MediaCodec: cannot add existing codec: OMX.qcom.video.encoder.hevc at line 226 of /vendor/etc/media_codecs_kona_vendor.xml
08-30 00:52:14.911 1350 1418 D MediaCodecsXmlParser: MediaCodec: cannot add existing codec: OMX.qcom.video.decoder.avc at line 310 of /vendor/etc/media_codecs_kona_vendor.xml
08-30 00:52:14.911 1350 1418 D MediaCodecsXmlParser: MediaCodec: cannot add existing codec: OMX.qcom.video.decoder.avc.secure at line 329 of /vendor/etc/media_codecs_kona_vendor.xml
08-30 00:52:14.911 1350 1418 D MediaCodecsXmlParser: MediaCodec: cannot add existing codec: OMX.qcom.video.decoder.mpeg2 at line 345 of /vendor/etc/media_codecs_kona_vendor.xml
08-30 00:52:14.911 1350 1418 D MediaCodecsXmlParser: MediaCodec: cannot add existing codec: OMX.qcom.video.decoder.mpeg2.secure at line 359 of /vendor/etc/media_codecs_kona_vendor.xml
08-30 00:52:14.911 1350 1418 D MediaCodecsXmlParser: MediaCodec: cannot add existing codec: OMX.qcom.video.decoder.vp8 at line 374 of /vendor/etc/media_codecs_kona_vendor.xml
08-30 00:52:14.911 1350 1418 D MediaCodecsXmlParser: MediaCodec: cannot add existing codec: OMX.qcom.video.decoder.vp9 at line 390 of /vendor/etc/media_codecs_kona_vendor.xml
08-30 00:52:14.911 1350 1418 D MediaCodecsXmlParser: MediaCodec: cannot add existing codec: OMX.qcom.video.decoder.vp9.secure at line 409 of /vendor/etc/media_codecs_kona_vendor.xml
08-30 00:52:14.911 1350 1418 D MediaCodecsXmlParser: MediaCodec: cannot add existing codec: OMX.qcom.video.decoder.hevc at line 425 of /vendor/etc/media_codecs_kona_vendor.xml
08-30 00:52:14.911 1350 1418 D MediaCodecsXmlParser: MediaCodec: cannot add existing codec: OMX.qcom.video.decoder.hevc.secure at line 444 of /vendor/etc/media_codecs_kona_vendor.xml
08-30 00:52:14.912 1350 1418 D MediaCodecsXmlParser: parsing /vendor/etc/media_codecs_google_video.xml...
08-30 00:52:14.912 1350 1418 I MediaCodecsXmlParser: getVendorXmlPath /vendor/etc/media_codecs_performance_kona_vendor.xml
08-30 00:52:14.912 1350 1418 D MediaCodecsXmlParser: parsing /vendor/etc/media_codecs_performance_kona_vendor.xml...
08-30 00:52:14.916 1350 1418 I MediaCodecsXmlParser: Did not find media_codecs_shaping.xml in search path
01-01 08:22:00.264 0 0 E : INFO: trying to register non-static key.
01-01 08:22:00.267 0 0 I [kworke][0x5598e857][00:52:14.908431] wlan: [335:I:DP] Peer pool init
01-01 08:22:00.269 0 0 E : the code is fine but needs lockdep annotation.
01-01 08:22:00.269 0 0 I : CPU: 5 PID: 292 Comm: kworker/u16:8 Tainted: G S W O 4.19.157+ #1
01-01 08:22:00.269 0 0 I Hardware name: Qualcomm Technologies, Inc. kona MTP-RmPM8150b (DT)
01-01 08:22:00.269 0 0 I Workqueue: events_unbound ion_system_secure_heap_prefetch_work
01-01 08:22:00.269 0 0 I Call trace:
01-01 08:22:00.269 0 0 I : dump_backtrace+0x0/0x258
01-01 08:22:00.269 0 0 I : show_stack+0x20/0x30
01-01 08:22:00.275 0 0 I : dump_stack+0xd8/0x12c
01-01 08:22:00.275 0 0 I : register_lock_class+0x4d0/0x5c8
01-01 08:22:00.275 0 0 I : __lock_acquire+0xbc/0x1e58
01-01 08:22:00.275 0 0 I : lock_acquire+0x1cc/0x218
01-01 08:22:00.275 0 0 I : _raw_spin_lock_irqsave+0x54/0x98
01-01 08:22:00.275 0 0 I : ion_system_secure_heap_prefetch_work+0x94/0x2c0
01-01 08:22:00.275 0 0 I : process_one_work+0x38c/0x660
01-01 08:22:00.275 0 0 I : worker_thread+0x268/0x4b8
01-01 08:22:00.275 0 0 I : kthread+0x140/0x150
01-01 08:22:00.275 0 0 I : ret_from_fork+0x10/0x1c
08-30 00:52:14.917 1350 1418 I MediaCodecsXmlParser: Did not find media_codecs_shaping.xml in search path
08-30 00:52:14.918 1002 1002 I vendor.qti.media.c2@1.0-service: missing struct descriptor #Param::CoreIndex(-V8010) for field window of struct #Param::CoreIndex(FV1800e)
08-30 00:52:14.918 1002 1002 E VendorCaps: Failed to read platform LTR max count
08-30 00:52:14.918 1002 1002 I VendorCaps: LTR Max Count - 0
08-30 00:52:14.918 1002 1002 E VendorCaps: Failed to read platform max supported render rate
08-30 00:52:14.918 1002 1002 E VendorCaps: Failed to read platform preprocess rotation
08-30 00:52:14.918 1002 1002 I VendorCaps: Preprocess Rotation - 0
08-30 00:52:14.918 1002 1002 E VendorCaps: Failed to read platform preprocess max downscale factor
08-30 00:52:14.918 1002 1002 I VendorCaps: Preprocess Max Down Scale Factor - 0
08-30 00:52:14.918 1002 1002 E VendorCaps: Failed to read platform VT driver version
08-30 00:52:14.918 1002 1002 I VendorCaps: VT Driver Version - 0
08-30 00:52:14.918 1002 1002 I vendor.qti.media.c2@1.0-service: missing struct descriptor #Param::CoreIndex(-V801a) for field misr_info_top_field of struct #Param::CoreIndex(-V801b)
08-30 00:52:14.918 1002 1002 I vendor.qti.media.c2@1.0-service: missing struct descriptor #Param::CoreIndex(-V801a) for field misr_info_bottom_field of struct #Param::CoreIndex(-V801b)
08-30 00:52:14.918 1002 1002 I vendor.qti.media.c2@1.0-service: missing struct descriptor #Param::CoreIndex(--002) for field mastering of struct #Param::CoreIndex(--180a)
08-30 00:52:14.919 1002 1002 I QC2CompStore: Created interface(c2.qti.avc.decoder) id(0)
08-30 00:52:14.920 1350 1418 I Codec2InfoBuilder: adding type 'video/avc'
01-01 08:22:00.278 0 0 W [kworke][0x559c1d31][00:52:14.919378] wlan: [335:W:DP] dp_rx_pdev_mon_attach: pdev attach id=0
08-30 00:52:14.931 1002 1160 I vendor.qti.media.c2@1.0-service: missing struct descriptor #Param::CoreIndex(-V8010) for field window of struct #Param::CoreIndex(FV1800e)
08-30 00:52:14.931 1002 1160 E VendorCaps: Failed to read platform LTR max count
08-30 00:52:14.931 1002 1160 I VendorCaps: LTR Max Count - 0
08-30 00:52:14.931 1002 1160 E VendorCaps: Failed to read platform max supported render rate
08-30 00:52:14.931 1882 1882 D StatusBar: disable disable2
08-30 00:52:14.931 1002 1160 E VendorCaps: Failed to read platform preprocess rotation
08-30 00:52:14.931 1002 1160 I VendorCaps: Preprocess Rotation - 0
08-30 00:52:14.932 1002 1160 E VendorCaps: Failed to read platform preprocess max downscale factor
08-30 00:52:14.932 1002 1160 I VendorCaps: Preprocess Max Down Scale Factor - 0
08-30 00:52:14.932 1002 1160 E VendorCaps: Failed to read platform VT driver version
08-30 00:52:14.932 1002 1160 I VendorCaps: VT Driver Version - 0
08-30 00:52:14.932 1002 1160 I vendor.qti.media.c2@1.0-service: missing struct descriptor #Param::CoreIndex(-V801a) for field misr_info_top_field of struct #Param::CoreIndex(-V801b)
08-30 00:52:14.932 1002 1160 I vendor.qti.media.c2@1.0-service: missing struct descriptor #Param::CoreIndex(-V801a) for field misr_info_bottom_field of struct #Param::CoreIndex(-V801b)
08-30 00:52:14.933 1002 1160 I vendor.qti.media.c2@1.0-service: missing struct descriptor #Param::CoreIndex(--002) for field mastering of struct #Param::CoreIndex(--180a)
08-30 00:52:14.933 1002 1160 I QC2CompStore: Created interface(c2.qti.avc.decoder.secure) id(1)
08-30 00:52:14.938 1002 1002 I vendor.qti.media.c2@1.0-service: missing struct descriptor #Param::CoreIndex(-V8010) for field window of struct #Param::CoreIndex(FV1800e)
08-30 00:52:14.938 1002 1002 E VendorCaps: Failed to read platform LTR max count
08-30 00:52:14.938 1002 1002 I VendorCaps: LTR Max Count - 0
08-30 00:52:14.938 1002 1002 E VendorCaps: Failed to read platform max supported render rate
08-30 00:52:14.938 1002 1002 E VendorCaps: Failed to read platform preprocess rotation
08-30 00:52:14.938 1002 1002 I VendorCaps: Preprocess Rotation - 0
08-30 00:52:14.938 1002 1002 E VendorCaps: Failed to read platform preprocess max downscale factor
08-30 00:52:14.938 1002 1002 I VendorCaps: Preprocess Max Down Scale Factor - 0
08-30 00:52:14.938 1002 1002 E VendorCaps: Failed to read platform VT driver version
08-30 00:52:14.938 1002 1002 I VendorCaps: VT Driver Version - 0
08-30 00:52:14.938 1002 1002 I vendor.qti.media.c2@1.0-service: missing struct descriptor #Param::CoreIndex(-V801a) for field misr_info_top_field of struct #Param::CoreIndex(-V801b)
08-30 00:52:14.938 1002 1002 I vendor.qti.media.c2@1.0-service: missing struct descriptor #Param::CoreIndex(-V801a) for field misr_info_bottom_field of struct #Param::CoreIndex(-V801b)
08-30 00:52:14.938 1002 1002 I vendor.qti.media.c2@1.0-service: missing struct descriptor #Param::CoreIndex(--002) for field mastering of struct #Param::CoreIndex(--180a)
08-30 00:52:14.938 1002 1002 I QC2CompStore: Created interface(c2.qti.hevc.decoder) id(2)
08-30 00:52:14.942 1002 1160 I vendor.qti.media.c2@1.0-service: missing struct descriptor #Param::CoreIndex(-V8010) for field window of struct #Param::CoreIndex(FV1800e)
08-30 00:52:14.943 1002 1160 E VendorCaps: Failed to read platform LTR max count
08-30 00:52:14.943 1002 1160 I VendorCaps: LTR Max Count - 0
08-30 00:52:14.943 1002 1160 E VendorCaps: Failed to read platform max supported render rate
08-30 00:52:14.943 1002 1160 E VendorCaps: Failed to read platform preprocess rotation
08-30 00:52:14.943 1002 1160 I VendorCaps: Preprocess Rotation - 0
08-30 00:52:14.943 1002 1160 E VendorCaps: Failed to read platform preprocess max downscale factor
08-30 00:52:14.943 1002 1160 I VendorCaps: Preprocess Max Down Scale Factor - 0
08-30 00:52:14.944 1002 1160 E VendorCaps: Failed to read platform VT driver version
08-30 00:52:14.944 1002 1160 I VendorCaps: VT Driver Version - 0
08-30 00:52:14.944 1002 1160 I vendor.qti.media.c2@1.0-service: missing struct descriptor #Param::CoreIndex(-V801a) for field misr_info_top_field of struct #Param::CoreIndex(-V801b)
08-30 00:52:14.944 1002 1160 I vendor.qti.media.c2@1.0-service: missing struct descriptor #Param::CoreIndex(-V801a) for field misr_info_bottom_field of struct #Param::CoreIndex(-V801b)
08-30 00:52:14.944 1002 1160 I vendor.qti.media.c2@1.0-service: missing struct descriptor #Param::CoreIndex(--002) for field mastering of struct #Param::CoreIndex(--180a)
08-30 00:52:14.944 1002 1160 I QC2CompStore: Created interface(c2.qti.hevc.decoder.secure) id(3)
08-30 00:52:14.948 1002 2540 I vendor.qti.media.c2@1.0-service: missing struct descriptor #Param::CoreIndex(-V8010) for field window of struct #Param::CoreIndex(FV1800e)
08-30 00:52:14.948 1002 2540 E VendorCaps: Failed to read platform LTR max count
08-30 00:52:14.948 1002 2540 I VendorCaps: LTR Max Count - 0
08-30 00:52:14.948 1002 2540 E VendorCaps: Failed to read platform max supported render rate
08-30 00:52:14.948 1002 2540 E VendorCaps: Failed to read platform preprocess rotation
08-30 00:52:14.948 1002 2540 I VendorCaps: Preprocess Rotation - 0
08-30 00:52:14.948 1002 2540 E VendorCaps: Failed to read platform preprocess max downscale factor
08-30 00:52:14.948 1002 2540 I VendorCaps: Preprocess Max Down Scale Factor - 0
08-30 00:52:14.949 1002 2540 E VendorCaps: Failed to read platform VT driver version
08-30 00:52:14.949 1002 2540 I VendorCaps: VT Driver Version - 0
08-30 00:52:14.949 1002 2540 I vendor.qti.media.c2@1.0-service: missing struct descriptor #Param::CoreIndex(-V801a) for field misr_info_top_field of struct #Param::CoreIndex(-V801b)
08-30 00:52:14.949 1002 2540 I vendor.qti.media.c2@1.0-service: missing struct descriptor #Param::CoreIndex(-V801a) for field misr_info_bottom_field of struct #Param::CoreIndex(-V801b)
08-30 00:52:14.949 1002 2540 I vendor.qti.media.c2@1.0-service: missing struct descriptor #Param::CoreIndex(--002) for field mastering of struct #Param::CoreIndex(--180a)
08-30 00:52:14.949 1002 2540 I QC2CompStore: Created interface(c2.qti.vp8.decoder) id(4)
08-30 00:52:14.951 1002 1160 I vendor.qti.media.c2@1.0-service: missing struct descriptor #Param::CoreIndex(-V8010) for field window of struct #Param::CoreIndex(FV1800e)
08-30 00:52:14.951 1002 1160 E VendorCaps: Failed to read platform LTR max count
08-30 00:52:14.951 1002 1160 I VendorCaps: LTR Max Count - 0
08-30 00:52:14.951 1002 1160 E VendorCaps: Failed to read platform max supported render rate
08-30 00:52:14.952 1002 1160 E VendorCaps: Failed to read platform preprocess rotation
08-30 00:52:14.952 1002 1160 I VendorCaps: Preprocess Rotation - 0
08-30 00:52:14.952 1002 1160 E VendorCaps: Failed to read platform preprocess max downscale factor
08-30 00:52:14.952 1002 1160 I VendorCaps: Preprocess Max Down Scale Factor - 0
08-30 00:52:14.952 1002 1160 E VendorCaps: Failed to read platform VT driver version
08-30 00:52:14.952 1002 1160 I VendorCaps: VT Driver Version - 0
08-30 00:52:14.952 1002 1160 I vendor.qti.media.c2@1.0-service: missing struct descriptor #Param::CoreIndex(-V801a) for field misr_info_top_field of struct #Param::CoreIndex(-V801b)
08-30 00:52:14.952 1002 1160 I vendor.qti.media.c2@1.0-service: missing struct descriptor #Param::CoreIndex(-V801a) for field misr_info_bottom_field of struct #Param::CoreIndex(-V801b)
08-30 00:52:14.952 1002 1160 I vendor.qti.media.c2@1.0-service: missing struct descriptor #Param::CoreIndex(--002) for field mastering of struct #Param::CoreIndex(--180a)
08-30 00:52:14.952 1002 1160 I QC2CompStore: Created interface(c2.qti.vp9.decoder) id(5)
01-01 08:22:00.313 0 0 W logd : Skipping entries from slow reader, pid 1284, fd 14, from LogBuffer::Prune()
01-01 08:22:00.313 0 0 W logd : Skipping entries from slow reader, pid 1284, fd 14, from LogBuffer::Prune()
08-30 00:52:14.954 1882 1882 D KeyguardUpdateMonitor: handleServiceStateChange(subId=-1, serviceState=null
08-30 00:52:14.955 1882 1882 W KeyguardUpdateMonitor: invalid subId in handleServiceStateChange()
08-30 00:52:14.956 835 2401 D vendor.qti.bluetooth@1.0-patch_dl_manager: ReadHciEvent: Expected CC
08-30 00:52:14.956 835 2401 I vendor.qti.bluetooth@1.0-patch_dl_manager: GetAddOnFeatureList: param_len 13, cmd_status = 0
08-30 00:52:14.956 835 2401 I vendor.qti.bluetooth@1.0-patch_dl_manager: GetAddOnFeatureList: feat_mask_len 5 product_id = 16, rsp_version = 1
08-30 00:52:14.956 835 2401 I vendor.qti.bluetooth@1.0-patch_dl_manager: GetOTPBytesInfo: Sending HCI_VS_PERSIST_ACCESS_OTP_GET cmd
08-30 00:52:14.957 835 2401 D vendor.qti.bluetooth@1.0-patch_dl_manager: ReadHciEvent: Expected CC
08-30 00:52:14.958 835 2401 E vendor.qti.bluetooth@1.0-patch_dl_manager: GetVsHciEvent: HCI_VS_PERSIST_ACCESS_OTP_GET cmd failed config_type: 0xa subopcode: 0x0 status: 0x12
08-30 00:52:14.958 835 2401 I vendor.qti.bluetooth@1.0-patch_dl_manager: EnableEnhControllerLog: disabled(0)
08-30 00:52:14.958 1002 1002 I vendor.qti.media.c2@1.0-service: missing struct descriptor #Param::CoreIndex(-V8010) for field window of struct #Param::CoreIndex(FV1800e)
08-30 00:52:14.958 1002 1002 E VendorCaps: Failed to read platform LTR max count
08-30 00:52:14.958 1002 1002 I VendorCaps: LTR Max Count - 0
08-30 00:52:14.958 1002 1002 E VendorCaps: Failed to read platform max supported render rate
08-30 00:52:14.959 1002 1002 E VendorCaps: Failed to read platform preprocess rotation
08-30 00:52:14.959 1002 1002 I VendorCaps: Preprocess Rotation - 0
08-30 00:52:14.959 1002 1002 E VendorCaps: Failed to read platform preprocess max downscale factor
08-30 00:52:14.959 1002 1002 I VendorCaps: Preprocess Max Down Scale Factor - 0
08-30 00:52:14.959 1002 1002 E VendorCaps: Failed to read platform VT driver version
08-30 00:52:14.959 1002 1002 I VendorCaps: VT Driver Version - 0
08-30 00:52:14.960 1002 1002 I vendor.qti.media.c2@1.0-service: missing struct descriptor #Param::CoreIndex(-V801a) for field misr_info_top_field of struct #Param::CoreIndex(-V801b)
08-30 00:52:14.960 1002 1002 I vendor.qti.media.c2@1.0-service: missing struct descriptor #Param::CoreIndex(-V801a) for field misr_info_bottom_field of struct #Param::CoreIndex(-V801b)
08-30 00:52:14.960 1002 1002 I vendor.qti.media.c2@1.0-service: missing struct descriptor #Param::CoreIndex(--002) for field mastering of struct #Param::CoreIndex(--180a)
08-30 00:52:14.960 1002 1002 I QC2CompStore: Created interface(c2.qti.vp9.decoder.secure) id(6)
08-30 00:52:14.963 835 2401 D vendor.qti.bluetooth@1.0-patch_dl_manager: ReadHciEvent: Expected CC
08-30 00:52:14.963 835 2401 I vendor.qti.bluetooth@1.0-patch_dl_manager: HciReset: HCI RESET
08-30 00:52:14.963 1882 1926 I OpenGLRenderer: Davey! duration=2799ms; Flags=1, FrameTimelineVsyncId=112, IntendedVsync=59897587438, Vsync=62297587342, InputEventId=0, HandleInputStart=62300311484, AnimationStart=62300313255, PerformTraversalsStart=62300904661, DrawStart=62691702995, FrameDeadline=59914254104, FrameInterval=62300227838, FrameStartTime=16666666, SyncQueued=62691920599, SyncStart=62692439297, IssueDrawCommandsStart=62692876640, SwapBuffers=62693954192, FrameCompleted=62698001224, DequeueBufferDuration=21459, QueueBufferDuration=1428698, GpuCompleted=62696464974, SwapBuffersCompleted=62698001224, DisplayPresentTime=0,
08-30 00:52:14.964 1882 1882 E EmergencyButton: Fail to call TelephonyManager.requestCellInfoUpdate
08-30 00:52:14.964 1882 1882 E EmergencyButton: java.lang.IllegalStateException: Telephony is null
08-30 00:52:14.964 1882 1882 E EmergencyButton: at android.telephony.TelephonyManager.requestCellInfoUpdate(TelephonyManager.java:6362)
08-30 00:52:14.964 1882 1882 E EmergencyButton: at com.android.keyguard.EmergencyButtonController.requestCellInfoUpdate(EmergencyButtonController.java:182)
08-30 00:52:14.964 1882 1882 E EmergencyButton: at com.android.keyguard.EmergencyButtonController.access$100(EmergencyButtonController.java:51)
08-30 00:52:14.964 1882 1882 E EmergencyButton: at com.android.keyguard.EmergencyButtonController$1.onServiceStateChanged(EmergencyButtonController.java:84)
08-30 00:52:14.964 1882 1882 E EmergencyButton: at com.android.keyguard.KeyguardUpdateMonitor.handleServiceStateChange(KeyguardUpdateMonitor.java:2851)
08-30 00:52:14.964 1882 1882 E EmergencyButton: at com.android.keyguard.KeyguardUpdateMonitor$15.handleMessage(KeyguardUpdateMonitor.java:1839)
08-30 00:52:14.964 1882 1882 E EmergencyButton: at android.os.Handler.dispatchMessage(Handler.java:106)
08-30 00:52:14.964 1882 1882 E EmergencyButton: at android.os.Looper.loopOnce(Looper.java:201)
08-30 00:52:14.964 1882 1882 E EmergencyButton: at android.os.Looper.loop(Looper.java:288)
08-30 00:52:14.964 1882 1882 E EmergencyButton: at android.app.ActivityThread.main(ActivityThread.java:7880)
08-30 00:52:14.964 1882 1882 E EmergencyButton: at java.lang.reflect.Method.invoke(Native Method)
08-30 00:52:14.964 1882 1882 E EmergencyButton: at com.android.internal.os.RuntimeInit$MethodAndArgsCaller.run(RuntimeInit.java:548)
08-30 00:52:14.964 1882 1882 E EmergencyButton: at com.android.internal.os.ZygoteInit.main(ZygoteInit.java:1009)
08-30 00:52:14.966 1882 1882 D KeyguardUpdateMonitor: handleLockScreenMode(1)
08-30 00:52:14.968 1002 2540 I vendor.qti.media.c2@1.0-service: missing struct descriptor #Param::CoreIndex(-V8010) for field window of struct #Param::CoreIndex(FV1800e)
08-30 00:52:14.968 1002 2540 E VendorCaps: Failed to read platform LTR max count
08-30 00:52:14.968 1002 2540 I VendorCaps: LTR Max Count - 0
08-30 00:52:14.968 1002 2540 E VendorCaps: Failed to read platform max supported render rate
08-30 00:52:14.968 835 2401 D vendor.qti.bluetooth@1.0-patch_dl_manager: ReadCmdCmplEvent: Cmd Cmpl received for opcode c03
08-30 00:52:14.968 1002 2540 E VendorCaps: Failed to read platform preprocess rotation
08-30 00:52:14.969 835 2401 D vendor.qti.bluetooth@1.0-uart_controller: add on features read true
08-30 00:52:14.969 1002 2540 I VendorCaps: Preprocess Rotation - 0
08-30 00:52:14.969 1002 2540 E VendorCaps: Failed to read platform preprocess max downscale factor
08-30 00:52:14.969 1002 2540 I VendorCaps: Preprocess Max Down Scale Factor - 0
08-30 00:52:14.969 1002 2540 E VendorCaps: Failed to read platform VT driver version
08-30 00:52:14.969 1002 2540 I VendorCaps: VT Driver Version - 0
08-30 00:52:14.969 1002 2540 I vendor.qti.media.c2@1.0-service: missing struct descriptor #Param::CoreIndex(-V801a) for field misr_info_top_field of struct #Param::CoreIndex(-V801b)
08-30 00:52:14.969 1002 2540 I vendor.qti.media.c2@1.0-service: missing struct descriptor #Param::CoreIndex(-V801a) for field misr_info_bottom_field of struct #Param::CoreIndex(-V801b)
08-30 00:52:14.969 1002 2540 I vendor.qti.media.c2@1.0-service: missing struct descriptor #Param::CoreIndex(--002) for field mastering of struct #Param::CoreIndex(--180a)
08-30 00:52:14.970 1002 2540 I QC2CompStore: Created interface(c2.qti.mpeg2.decoder) id(7)
08-30 00:52:14.973 835 2401 I vendor.qti.bluetooth@1.0-diag_interface: Init: Init diag completed
08-30 00:52:14.973 835 2401 D vendor.qti.bluetooth@1.0-logger: Init: Registered Diag callbacks
08-30 00:52:14.974 835 2401 D vendor.qti.bluetooth@1.0-power_manager: SetPower: enable: 1
08-30 00:52:14.974 835 2401 E vendor.qti.bluetooth@1.0-power_manager:
08-30 00:52:14.974 835 2401 E vendor.qti.bluetooth@1.0-power_manager: PowerUpChip enable(1) retentionMode(1)
08-30 00:52:14.974 1044 1044 D BluetoothA2dp: Binding service...
08-30 00:52:14.976 1044 1044 D BluetoothHearingAid: Binding service...
08-30 00:52:14.986 1002 1160 I vendor.qti.media.c2@1.0-service: missing struct descriptor #Param::CoreIndex(-V8010) for field window of struct #Param::CoreIndex(FV1800e)
08-30 00:52:14.986 1002 1160 E VendorCaps: Failed to read platform LTR max count
08-30 00:52:14.986 1002 1160 I VendorCaps: LTR Max Count - 0
08-30 00:52:14.986 1002 1160 E VendorCaps: Failed to read platform max supported render rate
08-30 00:52:14.987 1002 1160 E VendorCaps: Failed to read platform preprocess rotation
08-30 00:52:14.987 1002 1160 I VendorCaps: Preprocess Rotation - 0
08-30 00:52:14.987 1002 1160 E VendorCaps: Failed to read platform preprocess max downscale factor
08-30 00:52:14.987 1002 1160 I VendorCaps: Preprocess Max Down Scale Factor - 0
08-30 00:52:14.987 1002 1160 E VendorCaps: Failed to read platform VT driver version
08-30 00:52:14.987 1002 1160 I VendorCaps: VT Driver Version - 0
08-30 00:52:14.988 1002 1160 I vendor.qti.media.c2@1.0-service: missing struct descriptor #Param::CoreIndex(-V801a) for field misr_info_top_field of struct #Param::CoreIndex(-V801b)
08-30 00:52:14.988 1002 1160 I vendor.qti.media.c2@1.0-service: missing struct descriptor #Param::CoreIndex(-V801a) for field misr_info_bottom_field of struct #Param::CoreIndex(-V801b)
08-30 00:52:14.988 1002 1160 I vendor.qti.media.c2@1.0-service: missing struct descriptor #Param::CoreIndex(--002) for field mastering of struct #Param::CoreIndex(--180a)
08-30 00:52:14.988 1002 1160 I QC2CompStore: Created interface(c2.qti.mpeg2.decoder.secure) id(8)
01-01 08:22:00.334 0 0 E bt_ioctl: BT_CMD_PWR_CTRL pwr_cntrl:2
01-01 08:22:00.340 0 0 E bt_vreg_unvote: vreg_unvote successful for : qca,bt-vdd-rfa2
01-01 08:22:00.348 0 0 E bt_vreg_unvote: vreg_unvote successful for : qca,bt-vdd-rfa1
08-30 00:52:14.992 1350 1418 D Codec2InfoBuilder: component 'c2.qti.mpeg2.decoder.secure' not found in xml
08-30 00:52:14.995 1002 1002 E VendorCaps: Failed to read platform LTR max count
08-30 00:52:14.995 1002 1002 I VendorCaps: LTR Max Count - 0
08-30 00:52:14.995 1002 1002 E VendorCaps: Failed to read platform VT driver version
08-30 00:52:14.995 1002 1002 I VendorCaps: VT Driver Version - 0
08-30 00:52:14.996 1002 1002 I vendor.qti.media.c2@1.0-service: missing struct descriptor #Param::CoreIndex(-V801f) for field ubwcStats of struct #Param::CoreIndex(-V8020)
08-30 00:52:14.996 1002 1002 I vendor.qti.media.c2@1.0-service: missing struct descriptor #Param::CoreIndex(--002) for field mastering of struct #Param::CoreIndex(--180a)
08-30 00:52:14.996 1002 1002 E VendorCaps: Failed to read platform preprocess max downscale factor
08-30 00:52:14.996 1002 1002 I VendorCaps: Preprocess Max Down Scale Factor - 0
08-30 00:52:14.996 1002 1002 E VendorCaps: Failed to read platform preprocess rotation
08-30 00:52:14.997 1002 1002 I VendorCaps: Preprocess Rotation - 0
08-30 00:52:14.997 1002 1002 E StandardCaps: Failed to read platform linear color format
08-30 00:52:14.997 1002 1002 I vendor.qti.media.c2@1.0-service: missing struct descriptor #Param::CoreIndex(--004) for field values of struct #Param::CoreIndex(F-12004)
08-30 00:52:14.998 1002 1002 E StandardCaps: Failed to read platform default max MBs per second
08-30 00:52:14.998 1002 1002 E StandardCaps: Failed to read platform default B-frame count
08-30 00:52:14.998 1002 1002 W StandardCaps: Preconditions for b-frame didn't meet. Disabling b-frame!
08-30 00:52:14.998 1002 1002 I QC2CompStore: Created interface(c2.qti.avc.encoder) id(9)
01-01 08:22:00.355 0 0 E bt_vreg_unvote: vreg_unvote successful for : qca,bt-vdd-dig
01-01 08:22:00.356 0 0 D cnss : Assign MSI to user: DP, num_vectors: 18, user_base_data: 814, base_vector: 14
01-01 08:22:00.362 0 0 E bt_vreg_unvote: vreg_unvote successful for : qca,bt-vdd-aon
08-30 00:52:15.003 1350 1418 I Codec2InfoBuilder: adding type 'video/avc'
01-01 08:22:00.362 0 0 D cnss : Get IRQ number 426 for vector index 14
01-01 08:22:00.365 0 0 D : mv2112_read_status
01-01 08:22:00.365 0 0 D mv2112_update_link: 3.0x901(1G): 0x4
01-01 08:22:00.366 0 0 D mv2112_update_link: 3.0x8109(100M): 0x8
01-01 08:22:00.366 0 0 D mv2112_update_link: link 0x4
01-01 08:22:00.366 0 0 D mv2112_read_status: autoneg is disabled
01-01 08:22:00.369 0 0 D cnss : Assign MSI to user: DP, num_vectors: 18, user_base_data: 814, base_vector: 14
01-01 08:22:00.369 0 0 D cnss : Get IRQ number 427 for vector index 15
01-01 08:22:00.369 0 0 D cnss : Assign MSI to user: DP, num_vectors: 18, user_base_data: 814, base_vector: 14
01-01 08:22:00.369 0 0 D cnss : Get IRQ number 428 for vector index 16
01-01 08:22:00.369 0 0 D cnss : Assign MSI to user: DP, num_vectors: 18, user_base_data: 814, base_vector: 14
01-01 08:22:00.370 0 0 D cnss : Get IRQ number 429 for vector index 17
01-01 08:22:00.370 0 0 D cnss : Assign MSI to user: DP, num_vectors: 18, user_base_data: 814, base_vector: 14
01-01 08:22:00.370 0 0 D cnss : Assign MSI to user: DP, num_vectors: 18, user_base_data: 814, base_vector: 14
01-01 08:22:00.370 0 0 D cnss : Get IRQ number 431 for vector index 19
01-01 08:22:00.370 0 0 D cnss : Assign MSI to user: DP, num_vectors: 18, user_base_data: 814, base_vector: 14
01-01 08:22:00.370 0 0 D cnss : Get IRQ number 432 for vector index 20
08-30 00:52:15.010 835 2401 D vendor.qti.bluetooth@1.0-uart_controller: Init succeded
08-30 00:52:15.010 835 2401 I vendor.qti.bluetooth@1.0-data_handler: SetHostAddOnFeatures: chip_ver: (0x400a020000100200), chip_ver_str: HASTINGS_VER_2_0
08-30 00:52:15.010 835 2401 I vendor.qti.bluetooth@1.0-data_handler: SetHostAddOnFeatures: before get_soc_info call
08-30 00:52:15.011 835 2401 I vendor.qti.bluetooth@1.0-data_handler: SetHostAddOnFeatures: after get_soc_info call
08-30 00:52:15.011 835 2401 W vendor.qti.bluetooth@1.0-data_handler: SetHostAddOnFeatures: failed to get soc info or feat not req for this chip
08-30 00:52:15.011 835 2401 D vendor.qti.bluetooth@1.0-data_handler: StopInitTimer: InitTimer Stopped
08-30 00:52:15.011 835 2401 D vendor.qti.bluetooth@1.0-data_handler: Firmware download succeded.
08-30 00:52:15.011 835 2401 I vendor.qti.bluetooth@1.0-bluetooth_hci: operator(): Set callbacks received from BT client inorder to provide status and data through them
08-30 00:52:15.011 1879 2369 I bt_hci : event_finish_startup
08-30 00:52:15.012 1879 2094 I bt_core_module: module_start_up Started module "hci_module"
08-30 00:52:15.015 1879 2545 I bt_osi_thread: run_thread: thread id 2545, thread name bt_workqueue started
08-30 00:52:15.016 1879 2545 I droid.bluetoot: [0830/005215.016540:INFO:btu_task.cc(107)] Bluetooth chip preload is complete
08-30 00:52:15.018 1879 2545 W bt_l2cap: L2CAP - L2CA_Register() called for PSM: 0x0001
08-30 00:52:15.019 1879 2545 W bt_l2cap: L2CAP - L2CA_Register() called for PSM: 0x001f
08-30 00:52:15.019 1879 2545 I droid.bluetoot: [0830/005215.019395:INFO:gatt_api.cc(1223)] GATT_Register 81818181-8181-8181-8181-818181818181
08-30 00:52:15.019 1879 2545 I droid.bluetoot: [0830/005215.019494:INFO:gatt_api.cc(1244)] allocated gatt_if=1
08-30 00:52:15.019 1879 2545 I droid.bluetoot: [0830/005215.019535:INFO:gatt_api.cc(166)] GATTS_AddService
08-30 00:52:15.019 1879 2545 I droid.bluetoot: [0830/005215.019580:INFO:gatt_api.cc(269)] GATTS_AddService: service parsed correctly, now starting
08-30 00:52:15.019 1879 2545 W bt_l2cap: L2CAP - L2CA_Register() called for PSM: 0x0003
08-30 00:52:15.019 1879 2545 I droid.bluetoot: [0830/005215.019770:INFO:gatt_api.cc(1223)] GATT_Register 82828282-8282-8282-8282-828282828282
08-30 00:52:15.019 1879 2545 I droid.bluetoot: [0830/005215.019829:INFO:gatt_api.cc(1244)] allocated gatt_if=2
08-30 00:52:15.019 1879 2545 I droid.bluetoot: [0830/005215.019882:INFO:gatt_api.cc(166)] GATTS_AddService
08-30 00:52:15.019 1879 2545 I droid.bluetoot: [0830/005215.019928:INFO:gatt_api.cc(269)] GATTS_AddService: service parsed correctly, now starting
08-30 00:52:15.021 1879 2547 I bt_osi_thread: run_thread: thread id 2547, thread name btu message loop started
08-30 00:52:15.023 1002 2540 E StandardCaps: Failed to read platform linear color format
08-30 00:52:15.024 1879 2548 I bt_osi_thread: run_thread: thread id 2548, thread name module_wrapper started
