01-01 08:21:48.039 585 585 I auditd : type=1400 audit(0.0:67): avc: denied { read } for comm="Binder:585_2" name="wakeup41" dev="sysfs" ino=73332 scontext=u:r:system_suspend:s0 tcontext=u:object_r:sysfs:s0 tclass=dir permissive=0
01-01 08:21:48.039 585 585 I auditd : type=1400 audit(0.0:68): avc: denied { read } for comm="Binder:585_2" name="wakeup31" dev="sysfs" ino=62732 scontext=u:r:system_suspend:s0 tcontext=u:object_r:sysfs:s0 tclass=dir permissive=0
01-01 08:21:48.039 585 585 I auditd : type=1400 audit(0.0:69): avc: denied { read } for comm="Binder:585_2" name="wakeup6" dev="sysfs" ino=53076 scontext=u:r:system_suspend:s0 tcontext=u:object_r:sysfs:s0 tclass=dir permissive=0
01-01 08:21:48.048 1044 1211 W KernelMemoryBandwidthStats: No kernel memory bandwidth stats available
01-01 08:21:48.055 1044 1044 I service_manager_stats: [100,74,50450]
01-01 08:21:49.071 0 0 I CAM_ERR : CAM-CCI: cam_cci_irq: 238 Base:ffffff801a05d000, M0_Q1 NACK ERROR: 0x10000000
01-01 08:21:49.072 0 0 I CAM_ERR : CAM-CCI: cam_cci_read: 1306 ERROR with Slave 0x20:
01-01 08:21:49.072 0 0 I CAM_ERR : CAM-CCI: cam_cci_read_bytes: 1561 failed to read rc:-22
01-01 08:21:49.072 0 0 I CAM_ERR : CAM-SENSOR: cam_cci_i2c_read: 35 rc = -22
01-01 08:21:49.072 0 0 I CAM_WARN: CAM-SENSOR: cam_sensor_match_id: 769 read id: 0x0 expected id 0x9281:
01-01 08:21:49.072 0 0 I qcom,camera ac50000.qcom,cci: qcom,cam-sensor2: Dropping the link to regulator.77
01-01 08:21:48.062 1044 1194 I commit_sys_config_file: [batterystats,12]
01-01 08:21:49.076 0 0 I qcom,camera ac50000.qcom,cci: qcom,cam-sensor2: Dropping the link to regulator.57
01-01 08:21:49.076 0 0 I qcom,camera ac50000.qcom,cci: qcom,cam-sensor2: Dropping the link to regulator.54
01-01 08:21:49.076 0 0 I qcom,camera ac50000.qcom,cci: qcom,cam-sensor2: Dropping the link to regulator.56
01-01 08:21:49.078 0 0 E msm-dcc 1023000.dcc_v2: DCC is not ready Disabling DCC...
01-01 08:21:48.068 1044 1194 I commit_sys_config_file: [batterystats,6]
01-01 08:21:49.081 0 0 E kona-asoc-snd soc: qcom,msm-audio-apr:qcom,q6core-audio:sound: ASoC: no source widget found for MIC BIAS1
01-01 08:21:48.087 1223 1223 I auditd : type=1400 audit(0.0:70): avc: denied { write } for comm="mkdir" name="mjpeg" dev="configfs" ino=49233 scontext=u:r:vendor_qti_init_shell:s0 tcontext=u:object_r:configfs:s0 tclass=dir permissive=0
01-01 08:21:48.088 1044 1044 I IntentFirewall: Read new rules (A:0 B:0 S:0)
01-01 08:21:49.107 0 0 E kona-asoc-snd soc: qcom,msm-audio-apr:qcom,q6core-audio:sound: ASoC: Failed to add route MIC BIAS1 -> direct -> AMIC1
01-01 08:21:49.115 0 0 I qcom,camera ac4f000.qcom,cci: qcom,cam-sensor0: Linked as a consumer to regulator.55
01-01 08:21:49.119 0 0 E swr-wcd rx_swr_ctrl: swrm_get_logical_dev_num: device 0xd01170224 is not ready
01-01 08:21:48.108 1044 1044 D AppOps : AppOpsService published
01-01 08:21:48.109 1044 1044 D SystemServerTiming: StartActivityManager took to complete: 360ms
01-01 08:21:48.109 1044 1044 I SystemServerTiming: StartDataLoaderManagerService
01-01 08:21:48.109 1044 1044 I SystemServiceManager: Starting com.android.server.pm.DataLoaderManagerService
01-01 08:21:48.111 1044 1044 D SystemServerTiming: StartDataLoaderManagerService took to complete: 2ms
01-01 08:21:48.112 1044 1044 I SystemServerTiming: StartIncrementalService
01-01 08:21:49.128 0 0 I qcom,camera ac4f000.qcom,cci: qcom,cam-sensor0: Linked as a consumer to regulator.57
01-01 08:21:49.129 0 0 E kona-asoc-snd soc: qcom,msm-audio-apr:qcom,q6core-audio:sound: ASoC: no sink widget found for MIC BIAS1
01-01 08:21:48.121 1044 1044 D SystemServerTiming: StartIncrementalService took to complete: 10ms
01-01 08:21:48.121 1044 1044 I SystemServerTiming: StartPowerManager
01-01 08:21:48.121 1044 1044 I SystemServiceManager: Starting com.android.server.power.PowerManagerService
01-01 08:21:49.132 0 0 I qcom,camera ac4f000.qcom,cci: qcom,cam-sensor0: Linked as a consumer to regulator.77
01-01 08:21:49.140 0 0 E swr_get_logical_dev_num: Error -22 to get logical addr for device d01170224
01-01 08:21:49.140 0 0 I CAM_ERR : CAM-UTIL: cam_soc_util_regulator_enable: 1459 cam_clk set voltage failed
01-01 08:21:49.148 0 0 I CAM_ERR : CAM-SENSOR: cam_sensor_core_power_up: 1928 Reg enable failed
01-01 08:21:49.148 0 0 I CAM_ERR : CAM-SENSOR: cam_sensor_core_power_up: 2062 failed
01-01 08:21:49.148 0 0 I qcom,camera ac4f000.qcom,cci: qcom,cam-sensor0: Dropping the link to regulator.57
01-01 08:21:49.151 0 0 I CAM_ERR : CAM-SENSOR: cam_sensor_core_power_up: 2131 seq_val:100 > num_vreg: 4
01-01 08:21:49.152 0 0 E kona-asoc-snd soc: qcom,msm-audio-apr:qcom,q6core-audio:sound: ASoC: Failed to add route Analog Mic1 -> direct -> MIC BIAS1
01-01 08:21:48.143 1226 1226 I auditd : type=1400 audit(0.0:71): avc: denied { write } for comm="mkdir" name="mjpeg" dev="configfs" ino=49233 scontext=u:r:vendor_qti_init_shell:s0 tcontext=u:object_r:configfs:s0 tclass=dir permissive=0
01-01 08:21:49.154 0 0 I qcom,camera ac4f000.qcom,cci: qcom,cam-sensor0: Dropping the link to regulator.55
01-01 08:21:49.165 0 0 E swr-wcd wsa_swr_ctrl: swrm_get_logical_dev_num: device 0x1020170211 is not ready
01-01 08:21:48.160 1044 1044 D SystemServerTiming: StartPowerManager took to complete: 39ms
01-01 08:21:48.160 1044 1044 I SystemServerTiming: StartThermalManager
01-01 08:21:48.160 1044 1044 I SystemServiceManager: Starting com.android.server.power.ThermalManagerService
01-01 08:21:48.162 1044 1044 D SystemServerTiming: StartThermalManager took to complete: 2ms
01-01 08:21:48.162 1044 1044 I SystemServerTiming: StartHintManager
01-01 08:21:48.162 1044 1044 I SystemServiceManager: Starting com.android.server.power.hint.HintManagerService
01-01 08:21:48.165 1044 1044 D SystemServerTiming: StartHintManager took to complete: 3ms
01-01 08:21:48.166 1044 1044 I SystemServerTiming: InitPowerManagement
01-01 08:21:48.167 1044 1044 D SystemServerTiming: InitPowerManagement took to complete: 2ms
01-01 08:21:48.167 1044 1044 I SystemServerTiming: StartRecoverySystemService
01-01 08:21:48.167 1044 1044 I SystemServiceManager: Starting com.android.server.recoverysystem.RecoverySystemService$Lifecycle
01-01 08:21:48.169 1044 1044 D SystemServerTiming: StartRecoverySystemService took to complete: 2ms
01-01 08:21:49.175 0 0 E swr-wcd rx_swr_ctrl: swrm_get_logical_dev_num: device 0xd01170224 is not ready
01-01 08:21:49.180 0 0 I CAM_ERR : CAM-CCI: cam_cci_irq: 238 Base:ffffff801a055000, M0_Q1 NACK ERROR: 0x10000000
01-01 08:21:49.183 0 0 E swr_get_logical_dev_num: Error -22 to get logical addr for device 1020170211
01-01 08:21:48.175 1044 1044 I rescue_note: [0,1,50566]
01-01 08:21:48.176 1044 1044 I SystemServerTiming: StartLightsService
01-01 08:21:48.176 1044 1044 I SystemServiceManager: Starting com.android.server.lights.LightsService
01-01 08:21:48.181 1044 1044 D SystemServerTiming: StartLightsService took to complete: 6ms
01-01 08:21:48.182 1044 1044 I SystemServerTiming: StartSidekickService
01-01 08:21:48.182 1044 1044 D SystemServerTiming: StartSidekickService took to complete: 0ms
01-01 08:21:48.182 1044 1044 I SystemServerTiming: StartDisplayManager
01-01 08:21:48.182 1044 1044 I SystemServiceManager: Starting com.android.server.display.DisplayManagerService
01-01 08:21:49.184 0 0 I CAM_ERR : CAM-CCI: cam_cci_read: 1306 ERROR with Slave 0x34:
01-01 08:21:49.192 0 0 E swr_get_logical_dev_num: Error -22 to get logical addr for device d01170224
01-01 08:21:49.192 0 0 I CAM_ERR : CAM-CCI: cam_cci_read_bytes: 1561 failed to read rc:-22
01-01 08:21:49.201 0 0 I CAM_ERR : CAM-SENSOR: cam_cci_i2c_read: 35 rc = -22
01-01 08:21:49.201 0 0 I CAM_WARN: CAM-SENSOR: cam_sensor_match_id: 769 read id: 0x0 expected id 0x519:
01-01 08:21:49.201 0 0 E kona-asoc-snd soc: qcom,msm-audio-apr:qcom,q6core-audio:sound: ASoC: no source widget found for MIC BIAS2
01-01 08:21:49.202 0 0 W : ------------[ cut here ]------------
01-01 08:21:49.212 0 0 I : cam_cc_mclk0_clk already disabled
01-01 08:21:49.212 0 0 W : WARNING: CPU: 4 PID: 837 at drivers/clk/clk.c:1144 clk_core_disable+0x230/0x270
01-01 08:21:49.212 0 0 I : Modules linked in: machine_dlkm(O) wcd938x_slave_dlkm(O) wcd938x_dlkm(O) wcd9xxx_dlkm(O) mbhc_dlkm(O) tx_macro_dlkm(O) rx_macro_dlkm(O) va_macro_dlkm(O) wsa_macro_dlkm(O) swr_ctrl_dlkm(O) bolero_cdc_dlkm(O) wsa881x_dlkm(O) wcd_core_dlkm(O) stub_dlkm(O) hdmi_dlkm(O) swr_dlkm(O) pinctrl_lpi_dlkm(O) pinctrl_wcd_dlkm(O) usf_dlkm(O) native_dlkm(O) platform_dlkm(O) q6_dlkm(O) adsp_loader_dlkm(O) apr_dlkm(O) snd_event_dlkm(O) q6_notifier_dlkm(O) q6_pdr_dlkm(O) msm_11ad_proxy
01-01 08:21:49.212 0 0 I : CPU: 4 PID: 837 Comm: android.hardwar Tainted: G S W O 4.19.157+ #1
01-01 08:21:49.212 0 0 I Hardware name: Qualcomm Technologies, Inc. kona MTP-RmPM8150b (DT)
01-01 08:21:49.212 0 0 I pstate : 60400085 (nZCv daIf +PAN -UAO)
01-01 08:21:49.212 0 0 I pc : clk_core_disable+0x230/0x270
01-01 08:21:49.212 0 0 I lr : clk_core_disable+0x230/0x270
01-01 08:21:49.212 0 0 I sp : ffffff801405b970
01-01 08:21:49.212 0 0 I : x29: ffffff801405b970 x28: ffffffce3ef29480
01-01 08:21:49.212 0 0 I : x27: 0000000000000001 x26: 0000000000000068
01-01 08:21:49.212 0 0 I : x25: ffffffb0089272a8 x24: ffffffb009f511fe
01-01 08:21:49.212 0 0 I : x23: ffffffb009f51186 x22: ffffffce84f62d80
01-01 08:21:49.212 0 0 I : x21: 0000000000000000 x20: ffffffce8c5acc80
01-01 08:21:49.212 0 0 I : x19: ffffffce8c5acc80 x18: 0000000000000034
01-01 08:21:49.212 0 0 I : x17: ffffffb00b8f4000 x16: 00000000fffa9d58
01-01 08:21:49.212 0 0 I : x15: 00000000000a9d58 x14: 00000000000000c2
01-01 08:21:49.212 0 0 I : x13: 0000000000000000 x12: 00000000000000e0
01-01 08:21:49.212 0 0 I : x11: 0000000000000000 x10: 0000000000000001
01-01 08:21:49.212 0 0 I : x9 : 18f88eb0e5208400 x8 : 18f88eb0e5208400
01-01 08:21:49.212 0 0 I : x7 : ffffffb007d82700 x6 : 0000000000000000
01-01 08:21:49.212 0 0 I : x5 : 0000000000000080 x4 : 0000000000000001
01-01 08:21:49.212 0 0 I : x3 : 0000000000000000 x2 : 0000000000000007
01-01 08:21:49.212 0 0 I : x1 : 0000000000000007 x0 : 0000000000000021
01-01 08:21:49.212 0 0 I Call trace:
01-01 08:21:49.212 0 0 I : clk_core_disable+0x230/0x270
01-01 08:21:49.212 0 0 I : clk_disable+0x34/0x98
01-01 08:21:49.212 0 0 I : cam_soc_util_clk_disable+0x4c/0x68
01-01 08:21:49.212 0 0 I : cam_sensor_util_power_down+0x258/0x4b8
01-01 08:21:49.212 0 0 I : cam_sensor_power_down+0x34/0x130
01-01 08:21:49.212 0 0 I : cam_sensor_driver_cmd+0x35c/0x12e0
01-01 08:21:49.212 0 0 I : cam_sensor_subdev_ioctl+0x3c/0x80
01-01 08:21:49.212 0 0 I : subdev_do_ioctl_lock+0x764/0xbc8
01-01 08:21:49.212 0 0 I : video_usercopy+0x38c/0x850
01-01 08:21:49.212 0 0 I : subdev_ioctl+0x38/0x48
01-01 08:21:49.212 0 0 I : v4l2_ioctl+0x6c/0x80
01-01 08:21:49.212 0 0 I : do_vfs_ioctl+0x748/0x1210
01-01 08:21:49.212 0 0 I : __arm64_sys_ioctl+0x78/0xa0
01-01 08:21:49.212 0 0 I : el0_svc_common+0xa4/0x190
01-01 08:21:49.212 0 0 I : el0_svc_handler+0x6c/0x88
01-01 08:21:49.212 0 0 I : el0_svc+0x8/0xc
01-01 08:21:49.212 0 0 I : irq event stamp: 317688
01-01 08:21:49.212 0 0 I : hardirqs last enabled at (317687): [] _raw_spin_unlock_irq+0x34/0x68
01-01 08:21:49.212 0 0 I : hardirqs last disabled at (317688): [] clk_enable_lock+0x20/0xc8
01-01 08:21:49.212 0 0 I : softirqs last enabled at (317662): [] __do_softirq+0x50c/0x554
01-01 08:21:49.212 0 0 I : softirqs last disabled at (317643): [] irq_exit+0xfc/0x120
01-01 08:21:49.212 0 0 W : ---[ end trace c3d72cd1a1b80c8f ]---
01-01 08:21:49.212 0 0 W wsa881x : probe of wsa881x.1020170211 failed with error -22
01-01 08:21:49.213 0 0 W : ------------[ cut here ]------------
01-01 08:21:49.213 0 0 I : cam_cc_mclk0_clk already unprepared
01-01 08:21:49.213 0 0 W : WARNING: CPU: 4 PID: 837 at drivers/clk/clk.c:981 clk_core_unprepare+0x384/0x400
01-01 08:21:49.213 0 0 I : Modules linked in: machine_dlkm(O) wcd938x_slave_dlkm(O) wcd938x_dlkm(O) wcd9xxx_dlkm(O) mbhc_dlkm(O) tx_macro_dlkm(O) rx_macro_dlkm(O) va_macro_dlkm(O) wsa_macro_dlkm(O) swr_ctrl_dlkm(O) bolero_cdc_dlkm(O) wsa881x_dlkm(O) wcd_core_dlkm(O) stub_dlkm(O) hdmi_dlkm(O) swr_dlkm(O) pinctrl_lpi_dlkm(O) pinctrl_wcd_dlkm(O) usf_dlkm(O) native_dlkm(O) platform_dlkm(O) q6_dlkm(O) adsp_loader_dlkm(O) apr_dlkm(O) snd_event_dlkm(O) q6_notifier_dlkm(O) q6_pdr_dlkm(O) msm_11ad_proxy
01-01 08:21:49.213 0 0 I : CPU: 4 PID: 837 Comm: android.hardwar Tainted: G S W O 4.19.157+ #1
01-01 08:21:49.213 0 0 I Hardware name: Qualcomm Technologies, Inc. kona MTP-RmPM8150b (DT)
01-01 08:21:49.213 0 0 I pstate : 60400005 (nZCv daif +PAN -UAO)
01-01 08:21:49.213 0 0 I pc : clk_core_unprepare+0x384/0x400
01-01 08:21:49.213 0 0 I lr : clk_core_unprepare+0x384/0x400
01-01 08:21:49.213 0 0 I sp : ffffff801405b960
01-01 08:21:49.213 0 0 I : x29: ffffff801405b960 x28: ffffffce3ef29480
01-01 08:21:49.213 0 0 I : x27: 0000000000000001 x26: 0000000000000068
01-01 08:21:49.213 0 0 I : x25: ffffffb0089272a8 x24: ffffffb009f511fe
01-01 08:21:49.213 0 0 I : x23: ffffffb009f51186 x22: ffffffce84f62d80
01-01 08:21:49.213 0 0 I : x21: ffffffb00c178000 x20: ffffffb00c178000
01-01 08:21:49.213 0 0 I : x19: ffffffce8c5acc80 x18: 0000000000000034
01-01 08:21:49.213 0 0 I : x17: ffffffb00b8f4000 x16: 00000000fffa9078
01-01 08:21:49.213 0 0 I : x15: 00000000000a9078 x14: 00000000000000c2
01-01 08:21:49.213 0 0 I : x13: 0000000000000004 x12: 0000000039d38aeb
01-01 08:21:49.213 0 0 I : x11: 0000000000000015 x10: 000000000682aaab
01-01 08:21:49.213 0 0 I : x9 : 18f88eb0e5208400 x8 : 18f88eb0e5208400
01-01 08:21:49.213 0 0 I : x7 : ffffffb007d82700 x6 : 0000000000000000
01-01 08:21:49.213 0 0 I : x5 : 0000000000000080 x4 : 0000000000000001
01-01 08:21:49.213 0 0 I : x3 : ffffff801405b588 x2 : 0000000000000007
01-01 08:21:49.213 0 0 I : x1 : ffffffb007d82874 x0 : 0000000000000023
01-01 08:21:49.213 0 0 I Call trace:
01-01 08:21:49.213 0 0 I : clk_core_unprepare+0x384/0x400
01-01 08:21:49.213 0 0 I : clk_unprepare+0x88/0x108
01-01 08:21:49.213 0 0 I : cam_soc_util_clk_disable+0x54/0x68
01-01 08:21:49.213 0 0 I : cam_sensor_util_power_down+0x258/0x4b8
01-01 08:21:49.213 0 0 I : cam_sensor_power_down+0x34/0x130
01-01 08:21:49.213 0 0 I : cam_sensor_driver_cmd+0x35c/0x12e0
01-01 08:21:49.213 0 0 I : cam_sensor_subdev_ioctl+0x3c/0x80
01-01 08:21:49.213 0 0 I : subdev_do_ioctl_lock+0x764/0xbc8
01-01 08:21:49.213 0 0 I : video_usercopy+0x38c/0x850
01-01 08:21:49.213 0 0 I : subdev_ioctl+0x38/0x48
01-01 08:21:49.213 0 0 I : v4l2_ioctl+0x6c/0x80
01-01 08:21:49.213 0 0 I : do_vfs_ioctl+0x748/0x1210
01-01 08:21:49.213 0 0 I : __arm64_sys_ioctl+0x78/0xa0
01-01 08:21:49.213 0 0 I : el0_svc_common+0xa4/0x190
01-01 08:21:49.213 0 0 I : el0_svc_handler+0x6c/0x88
01-01 08:21:49.213 0 0 I : el0_svc+0x8/0xc
01-01 08:21:49.213 0 0 I : irq event stamp: 317750
01-01 08:21:49.213 0 0 I : hardirqs last enabled at (317749): [] console_unlock+0x4bc/0x568
01-01 08:21:49.213 0 0 I : hardirqs last disabled at (317750): [] do_debug_exception+0x84/0x150
01-01 08:21:49.213 0 0 I : softirqs last enabled at (317734): [] __do_softirq+0x50c/0x554
01-01 08:21:49.213 0 0 I : softirqs last disabled at (317691): [] irq_exit+0xfc/0x120
01-01 08:21:49.213 0 0 W : ---[ end trace c3d72cd1a1b80c90 ]---
01-01 08:21:49.213 0 0 I qcom,camera ac4f000.qcom,cci: qcom,cam-sensor0: Dropping the link to regulator.77
01-01 08:21:49.216 0 0 I CAM_ERR : CAM-UTIL: cam_soc_util_regulator_disable: 1415 Invalid NULL parameter
01-01 08:21:49.216 0 0 I CAM_ERR : CAM-SENSOR: cam_sensor_util_power_down: 2290 Reg: cam_vio disable failed
01-01 08:21:49.216 0 0 I CAM_ERR : CAM-UTIL: cam_soc_util_regulator_disable: 1415 Invalid NULL parameter
01-01 08:21:49.216 0 0 I CAM_ERR : CAM-SENSOR: cam_sensor_util_power_down: 2290 Reg: cam_vana disable failed
01-01 08:21:48.205 1044 1044 D SystemServerTiming: StartDisplayManager took to complete: 23ms
01-01 08:21:48.205 1044 1044 I SystemServerTiming: WaitForDisplay
01-01 08:21:48.199 1234 1234 I auditd : type=1400 audit(0.0:72): avc: denied { write } for comm="mkdir" name="h264" dev="configfs" ino=49234 scontext=u:r:vendor_qti_init_shell:s0 tcontext=u:object_r:configfs:s0 tclass=dir permissive=0
01-01 08:21:48.205 1044 1044 I SystemServiceManager: Starting phase 100
01-01 08:21:48.205 1044 1044 I SystemServerTiming: OnBootPhase_100
01-01 08:21:48.205 1044 1044 I SystemServerTiming: OnBootPhase_100_com.android.server.security.FileIntegrityService
01-01 08:21:48.206 1044 1044 D SystemServerTiming: OnBootPhase_100_com.android.server.security.FileIntegrityService took to complete: 0ms
01-01 08:21:48.206 1044 1044 I SystemServerTiming: OnBootPhase_100_com.android.server.pm.Installer
01-01 08:21:48.206 1044 1044 D SystemServerTiming: OnBootPhase_100_com.android.server.pm.Installer took to complete: 0ms
01-01 08:21:48.206 1044 1044 I SystemServerTiming: OnBootPhase_100_com.android.server.os.DeviceIdentifiersPolicyService
01-01 08:21:48.206 1044 1044 D SystemServerTiming: OnBootPhase_100_com.android.server.os.DeviceIdentifiersPolicyService took to complete: 0ms
01-01 08:21:48.206 1044 1044 I SystemServerTiming: OnBootPhase_100_com.android.server.uri.UriGrantsManagerService$Lifecycle
01-01 08:21:48.206 1044 1044 D SystemServerTiming: OnBootPhase_100_com.android.server.uri.UriGrantsManagerService$Lifecycle took to complete: 0ms
01-01 08:21:48.206 1044 1044 I SystemServerTiming: OnBootPhase_100_com.android.server.powerstats.PowerStatsService
01-01 08:21:48.206 1044 1044 D SystemServerTiming: OnBootPhase_100_com.android.server.powerstats.PowerStatsService took to complete: 0ms
01-01 08:21:48.206 1044 1044 I SystemServerTiming: OnBootPhase_100_com.android.server.wm.ActivityTaskManagerService$Lifecycle
01-01 08:21:48.206 1044 1044 D SystemServerTiming: OnBootPhase_100_com.android.server.wm.ActivityTaskManagerService$Lifecycle took to complete: 0ms
01-01 08:21:48.207 1044 1044 I SystemServerTiming: OnBootPhase_100_com.android.server.am.ActivityManagerService$Lifecycle
01-01 08:21:48.207 1044 1044 D SystemServerTiming: OnBootPhase_100_com.android.server.am.ActivityManagerService$Lifecycle took to complete: 0ms
01-01 08:21:48.207 1044 1044 I SystemServerTiming: OnBootPhase_100_com.android.server.pm.DataLoaderManagerService
01-01 08:21:48.207 1044 1044 D SystemServerTiming: OnBootPhase_100_com.android.server.pm.DataLoaderManagerService took to complete: 0ms
01-01 08:21:48.207 1044 1044 I SystemServerTiming: OnBootPhase_100_com.android.server.power.PowerManagerService
01-01 08:21:48.207 1044 1044 D SystemServerTiming: OnBootPhase_100_com.android.server.power.PowerManagerService took to complete: 0ms
01-01 08:21:48.207 1044 1044 I SystemServerTiming: OnBootPhase_100_com.android.server.power.ThermalManagerService
01-01 08:21:48.207 1044 1044 D SystemServerTiming: OnBootPhase_100_com.android.server.power.ThermalManagerService took to complete: 0ms
01-01 08:21:48.207 1044 1044 I SystemServerTiming: OnBootPhase_100_com.android.server.power.hint.HintManagerService
01-01 08:21:48.207 1044 1044 D SystemServerTiming: OnBootPhase_100_com.android.server.power.hint.HintManagerService took to complete: 0ms
01-01 08:21:48.207 1044 1044 I SystemServerTiming: OnBootPhase_100_com.android.server.recoverysystem.RecoverySystemService$Lifecycle
01-01 08:21:48.207 1044 1044 D SystemServerTiming: OnBootPhase_100_com.android.server.recoverysystem.RecoverySystemService$Lifecycle took to complete: 0ms
01-01 08:21:48.207 1044 1044 I SystemServerTiming: OnBootPhase_100_com.android.server.lights.LightsService
01-01 08:21:48.208 1044 1044 D SystemServerTiming: OnBootPhase_100_com.android.server.lights.LightsService took to complete: 0ms
01-01 08:21:48.208 1044 1044 I SystemServerTiming: OnBootPhase_100_com.android.server.display.DisplayManagerService
01-01 08:21:49.217 0 0 E kona-asoc-snd soc: qcom,msm-audio-apr:qcom,q6core-audio:sound: ASoC: Failed to add route MIC BIAS2 -> direct -> AMIC2
01-01 08:21:49.219 0 0 W : ------------[ cut here ]------------
01-01 08:21:49.229 0 0 I : unbalanced disables for titan_top_gdsc
01-01 08:21:49.229 0 0 W : WARNING: CPU: 4 PID: 837 at drivers/regulator/core.c:2401 _regulator_disable+0x1a0/0x1b0
01-01 08:21:49.229 0 0 I : Modules linked in: machine_dlkm(O) wcd938x_slave_dlkm(O) wcd938x_dlkm(O) wcd9xxx_dlkm(O) mbhc_dlkm(O) tx_macro_dlkm(O) rx_macro_dlkm(O) va_macro_dlkm(O) wsa_macro_dlkm(O) swr_ctrl_dlkm(O) bolero_cdc_dlkm(O) wsa881x_dlkm(O) wcd_core_dlkm(O) stub_dlkm(O) hdmi_dlkm(O) swr_dlkm(O) pinctrl_lpi_dlkm(O) pinctrl_wcd_dlkm(O) usf_dlkm(O) native_dlkm(O) platform_dlkm(O) q6_dlkm(O) adsp_loader_dlkm(O) apr_dlkm(O) snd_event_dlkm(O) q6_notifier_dlkm(O) q6_pdr_dlkm(O) msm_11ad_proxy
01-01 08:21:49.229 0 0 I : CPU: 4 PID: 837 Comm: android.hardwar Tainted: G S W O 4.19.157+ #1
01-01 08:21:49.229 0 0 I Hardware name: Qualcomm Technologies, Inc. kona MTP-RmPM8150b (DT)
01-01 08:21:49.229 0 0 I pstate : 60400005 (nZCv daif +PAN -UAO)
01-01 08:21:49.229 0 0 I pc : _regulator_disable+0x1a0/0x1b0
01-01 08:21:49.229 0 0 I lr : _regulator_disable+0x19c/0x1b0
01-01 08:21:49.229 0 0 I sp : ffffff801405b3d0
01-01 08:21:49.229 0 0 I : x29: ffffff801405b3d0 x28: 0000000000000000
01-01 08:21:49.229 0 0 I : x27: 0000007fde190970 x26: ffffffce84c90000
01-01 08:21:49.229 0 0 I : x25: ffffffb0089272a8 x24: ffffffce53a4cb40
01-01 08:21:49.229 0 0 I : x23: ffffffce84c92d18 x22: ffffffce84c4dbf0
01-01 08:21:49.229 0 0 I : x21: ffffffce8c4993a8 x20: 00000000fffffffb
01-01 08:21:49.229 0 0 I : x19: ffffffce8c499280 x18: 0000000000000038
01-01 08:21:49.229 0 0 I : x17: ffffffb00b8f4000 x16: 00000000fffa80d8
01-01 08:21:49.229 0 0 I : x15: 00000000000a80d8 x14: 00000000000000c2
01-01 08:21:49.229 0 0 I : x13: 0000000000000004 x12: 0000000039d84199
01-01 08:21:49.229 0 0 I : x11: 0000000000000015 x10: 000000000682aaab
01-01 08:21:49.229 0 0 I : x9 : 18f88eb0e5208400 x8 : 18f88eb0e5208400
01-01 08:21:49.229 0 0 I : x7 : ffffffb007d82700 x6 : 0000000000000000
01-01 08:21:49.229 0 0 I : x5 : 0000000000000080 x4 : 0000000000000001
01-01 08:21:49.229 0 0 I : x3 : ffffff801405aff8 x2 : 0000000000000007
01-01 08:21:49.229 0 0 I : x1 : ffffffb007d82874 x0 : 0000000000000026
01-01 08:21:49.229 0 0 I Call trace:
01-01 08:21:49.229 0 0 I : _regulator_disable+0x1a0/0x1b0
01-01 08:21:49.229 0 0 I : regulator_disable+0x3c/0x88
01-01 08:21:49.229 0 0 I : cam_soc_util_disable_platform_resource+0xb0/0x100
01-01 08:21:49.229 0 0 I : cam_cpas_soc_disable_resources+0x30/0x78
01-01 08:21:49.229 0 0 I : cam_cpas_hw_stop+0x2a0/0x4e0
01-01 08:21:49.229 0 0 I : cam_cpas_stop+0x58/0x110
01-01 08:21:49.229 0 0 I : cam_cci_soc_release+0x110/0x1a0
01-01 08:21:49.229 0 0 I : cam_cci_core_cfg+0x14c/0x15e8
01-01 08:21:49.229 0 0 I : cam_cci_subdev_ioctl+0x50/0xc0
01-01 08:21:49.229 0 0 I : cam_sensor_cci_i2c_util+0x60/0xd0
01-01 08:21:49.229 0 0 I : camera_io_release+0x38/0x88
01-01 08:21:49.229 0 0 I : cam_sensor_power_down+0x64/0x130
01-01 08:21:49.229 0 0 I : cam_sensor_driver_cmd+0x35c/0x12e0
01-01 08:21:49.229 0 0 I : cam_sensor_subdev_ioctl+0x3c/0x80
01-01 08:21:49.229 0 0 I : subdev_do_ioctl_lock+0x764/0xbc8
01-01 08:21:49.229 0 0 I : video_usercopy+0x38c/0x850
01-01 08:21:49.229 0 0 I : subdev_ioctl+0x38/0x48
01-01 08:21:49.229 0 0 I : v4l2_ioctl+0x6c/0x80
01-01 08:21:49.229 0 0 E swr-wcd rx_swr_ctrl: swrm_get_logical_dev_num: device 0xd01170224 is not ready
01-01 08:21:49.238 0 0 I : do_vfs_ioctl+0x748/0x1210
01-01 08:21:49.238 0 0 I : __arm64_sys_ioctl+0x78/0xa0
01-01 08:21:49.238 0 0 I : el0_svc_common+0xa4/0x190
01-01 08:21:49.238 0 0 I : el0_svc_handler+0x6c/0x88
01-01 08:21:49.238 0 0 I : el0_svc+0x8/0xc
01-01 08:21:49.238 0 0 I : irq event stamp: 318030
01-01 08:21:49.238 0 0 I : hardirqs last enabled at (318029): [] console_unlock+0x4bc/0x568
01-01 08:21:49.238 0 0 I : hardirqs last disabled at (318030): [] do_debug_exception+0x84/0x150
01-01 08:21:49.238 0 0 I : softirqs last enabled at (318020): [] __do_softirq+0x50c/0x554
01-01 08:21:49.238 0 0 I : softirqs last disabled at (318009): [] irq_exit+0xfc/0x120
01-01 08:21:49.238 0 0 W : ---[ end trace c3d72cd1a1b80c91 ]---
01-01 08:21:49.238 0 0 E swr-wcd wsa_swr_ctrl: swrm_get_logical_dev_num: device 0x1020170212 is not ready
01-01 08:21:48.237 1044 1179 I DisplayDeviceRepository: Display device added: DisplayDeviceInfo{"内置å±å¹•": uniqueId="local:4630946370410392961", 2380 x 1020, modeId 1, defaultModeId 1, supportedModes [{id=1, width=2380, height=1020, fps=60.000004, alternativeRefreshRates=[]}], colorMode 0, supportedColorModes [0], hdrCapabilities HdrCapabilities{mSupportedHdrTypes=[2, 3, 4], mMaxLuminance=500.0, mMaxAverageLuminance=500.0, mMinLuminance=0.0}, allmSupported false, gameContentTypeSupported false, density 240, 319.851 x 319.851 dpi, appVsyncOff 1000000, presDeadline 16666666, touch INTERNAL, rotation 0, type INTERNAL, address {port=129, model=0x40446d3026322d}, deviceProductInfo DeviceProductInfo{name=, manufacturerPnpId=QCM, productId=1, modelYear=null, manufactureDate=ManufactureDate{week=27, year=2006}, connectionToSinkType=0}, state UNKNOWN, frameRateOverride , brightnessMinimum 0.0, brightnessMaximum 1.0, brightnessDefault 0.39763778, FLAG_DEFAULT_DISPLAY, FLAG_ROTATES_WITH_CONTENT, FLAG_SECURE, FLAG_SUPPORTS_PROTECTED_BUFFERS}
01-01 08:21:48.239 1044 1179 I LogicalDisplayMapper: Applying layout: [{addr: {port=129, model=0x40446d3026322d}, dispId: 0(ON)}], Previous layout: null
01-01 08:21:49.247 0 0 E kona-asoc-snd soc: qcom,msm-audio-apr:qcom,q6core-audio:sound: ASoC: no sink widget found for MIC BIAS2
01-01 08:21:48.247 1044 1179 I LogicalDisplayMapper: Adding new display: 0: DisplayInfo{"内置å±å¹•", displayId 0", displayGroupId -1, FLAG_SECURE, FLAG_SUPPORTS_PROTECTED_BUFFERS, FLAG_TRUSTED, real 2380 x 1020, largest app 2380 x 1020, smallest app 2380 x 1020, appVsyncOff 1000000, presDeadline 16666666, mode 1, defaultMode 1, modes [{id=1, width=2380, height=1020, fps=60.000004, alternativeRefreshRates=[]}], hdrCapabilities HdrCapabilities{mSupportedHdrTypes=[2, 3, 4], mMaxLuminance=500.0, mMaxAverageLuminance=500.0, mMinLuminance=0.0}, userDisabledHdrTypes [], minimalPostProcessingSupported false, rotation 0, state UNKNOWN, type INTERNAL, uniqueId "local:4630946370410392961", app 2380 x 1020, density 240 (319.851 x 319.851) dpi, layerStack 0, colorMode 0, supportedColorModes [0], address {port=129, model=0x40446d3026322d}, deviceProductInfo DeviceProductInfo{name=, manufacturerPnpId=QCM, productId=1, modelYear=null, manufactureDate=ManufactureDate{week=27, year=2006}, connectionToSinkType=0}, removeMode 0, refreshRateOverride 0.0, brightnessMinimum 0.0, brightnessMaximum 1.0, brightnessDefault 0.39763778}
01-01 08:21:48.248 1044 1179 I LogicalDisplayMapper: Setting new display group 0 for display 0, from previous group: null
01-01 08:21:49.258 0 0 E swr_get_logical_dev_num: Error -22 to get logical addr for device 1020170212
01-01 08:21:49.267 0 0 E swr_get_logical_dev_num: Error -22 to get logical addr for device d01170224
01-01 08:21:48.253 1044 1179 E DisplayDeviceConfig: requesting nits when no mapping exists.
01-01 08:21:48.256 1044 1179 I am_wtf : [0,1044,system_server,-1,DisplayDeviceConfig,requesting nits when no mapping exists.]
01-01 08:21:48.256 1044 1179 E DisplayDeviceConfig: requesting nits when no mapping exists.
01-01 08:21:48.257 1044 1179 I am_wtf : [0,1044,system_server,-1,DisplayDeviceConfig,requesting nits when no mapping exists.]
01-01 08:21:49.273 0 0 I qcom,camera ac4f000.qcom,cci: qcom,cam-sensor0: Linked as a consumer to regulator.55
01-01 08:21:48.258 1044 1044 W SystemServiceManager: Service com.android.server.display.DisplayManagerService took 51 ms in onBootPhase
01-01 08:21:48.258 1044 1044 D SystemServerTiming: OnBootPhase_100_com.android.server.display.DisplayManagerService took to complete: 51ms
01-01 08:21:48.259 1044 1044 D SystemServerTiming: OnBootPhase_100 took to complete: 53ms
01-01 08:21:48.259 1044 1044 D SystemServerTiming: WaitForDisplay took to complete: 53ms
01-01 08:21:48.259 1044 1044 I SystemServerTiming: StartDomainVerificationService
01-01 08:21:48.264 1044 1044 D SystemServerTiming: StartDomainVerificationService took to complete: 4ms
01-01 08:21:48.264 1044 1044 I SystemServerTiming: StartPackageManagerService
01-01 08:21:48.264 1044 1044 I Watchdog: Pausing HandlerChecker: main thread for reason: packagemanagermain. Pause count: 1
01-01 08:21:48.266 1044 1044 I PackageManagerTiming: create package manager
01-01 08:21:48.267 1044 1179 I DisplayDeviceRepository: Display device changed state: "内置å±å¹•", ON
01-01 08:21:49.275 0 0 E kona-asoc-snd soc: qcom,msm-audio-apr:qcom,q6core-audio:sound: ASoC: Failed to add route Analog Mic2 -> direct -> MIC BIAS2
01-01 08:21:48.271 1044 1044 I boot_progress_pms_start: 50666
01-01 08:21:48.271 1044 1044 I PackageManagerTiming: readListOfPackagesToBeDisabled
01-01 08:21:48.271 1044 1044 D PackageManagerTiming: readListOfPackagesToBeDisabled took to complete: 0ms
01-01 08:21:48.271 1044 1044 I PackageManagerTiming: createSubComponents
01-01 08:21:49.288 0 0 W wsa881x : probe of wsa881x.1020170212 failed with error -22
01-01 08:21:49.288 0 0 I qcom,camera ac4f000.qcom,cci: qcom,cam-sensor0: Linked as a consumer to regulator.57
01-01 08:21:49.289 0 0 I qcom,camera ac4f000.qcom,cci: qcom,cam-sensor0: Linked as a consumer to regulator.77
01-01 08:21:49.289 0 0 I CAM_ERR : CAM-UTIL: cam_soc_util_regulator_enable: 1459 cam_clk set voltage failed
01-01 08:21:49.289 0 0 I CAM_ERR : CAM-SENSOR: cam_sensor_core_power_up: 1928 Reg enable failed
01-01 08:21:49.289 0 0 I CAM_ERR : CAM-SENSOR: cam_sensor_core_power_up: 2062 failed
01-01 08:21:49.290 0 0 I qcom,camera ac4f000.qcom,cci: qcom,cam-sensor0: Dropping the link to regulator.57
01-01 08:21:49.290 0 0 I CAM_ERR : CAM-SENSOR: cam_sensor_core_power_up: 2131 seq_val:100 > num_vreg: 4
01-01 08:21:49.292 0 0 E swr-wcd rx_swr_ctrl: swrm_get_logical_dev_num: device 0xd01170224 is not ready
01-01 08:21:49.293 0 0 I qcom,camera ac4f000.qcom,cci: qcom,cam-sensor0: Dropping the link to regulator.55
01-01 08:21:49.301 0 0 E swr-wcd wsa_swr_ctrl: swrm_get_logical_dev_num: device 0x1021170213 is not ready
01-01 08:21:49.301 0 0 E swr_get_logical_dev_num: Error -22 to get logical addr for device 1021170213
01-01 08:21:49.303 0 0 E swr_get_logical_dev_num: Error -22 to get logical addr for device d01170224
01-01 08:21:49.327 0 0 I CAM_ERR : CAM-CCI: cam_cci_irq: 238 Base:ffffff801a055000, M0_Q1 NACK ERROR: 0x10000000
01-01 08:21:49.327 0 0 W wsa881x : probe of wsa881x.1021170213 failed with error -22
01-01 08:21:49.327 0 0 I CAM_ERR : CAM-CCI: cam_cci_read: 1306 ERROR with Slave 0xc0:
01-01 08:21:49.327 0 0 I CAM_ERR : CAM-CCI: cam_cci_read_bytes: 1561 failed to read rc:-22
01-01 08:21:49.327 0 0 I CAM_ERR : CAM-SENSOR: cam_cci_i2c_read: 35 rc = -22
01-01 08:21:49.327 0 0 I CAM_WARN: CAM-SENSOR: cam_sensor_match_id: 769 read id: 0x0 expected id 0x9281:
01-01 08:21:49.327 0 0 W : ------------[ cut here ]------------
01-01 08:21:49.327 0 0 I : cam_cc_mclk0_clk already disabled
01-01 08:21:49.327 0 0 W : WARNING: CPU: 0 PID: 837 at drivers/clk/clk.c:1144 clk_core_disable+0x230/0x270
01-01 08:21:49.327 0 0 I : Modules linked in: machine_dlkm(O) wcd938x_slave_dlkm(O) wcd938x_dlkm(O) wcd9xxx_dlkm(O) mbhc_dlkm(O) tx_macro_dlkm(O) rx_macro_dlkm(O) va_macro_dlkm(O) wsa_macro_dlkm(O) swr_ctrl_dlkm(O) bolero_cdc_dlkm(O) wsa881x_dlkm(O) wcd_core_dlkm(O) stub_dlkm(O) hdmi_dlkm(O) swr_dlkm(O) pinctrl_lpi_dlkm(O) pinctrl_wcd_dlkm(O) usf_dlkm(O) native_dlkm(O) platform_dlkm(O) q6_dlkm(O) adsp_loader_dlkm(O) apr_dlkm(O) snd_event_dlkm(O) q6_notifier_dlkm(O) q6_pdr_dlkm(O) msm_11ad_proxy
01-01 08:21:49.327 0 0 I : CPU: 0 PID: 837 Comm: android.hardwar Tainted: G S W O 4.19.157+ #1
01-01 08:21:49.327 0 0 I Hardware name: Qualcomm Technologies, Inc. kona MTP-RmPM8150b (DT)
01-01 08:21:49.327 0 0 I pstate : 60400085 (nZCv daIf +PAN -UAO)
01-01 08:21:49.327 0 0 I pc : clk_core_disable+0x230/0x270
01-01 08:21:49.327 0 0 I lr : clk_core_disable+0x230/0x270
01-01 08:21:49.327 0 0 I sp : ffffff801405b970
01-01 08:21:49.327 0 0 I : x29: ffffff801405b970 x28: ffffffce3ef29e80
01-01 08:21:49.327 0 0 I : x27: 0000000000000000 x26: 0000000000000068
01-01 08:21:49.327 0 0 I : x25: ffffffb0089272a8 x24: ffffffb009f511fe
01-01 08:21:49.327 0 0 I : x23: ffffffb009f51186 x22: ffffffce84f62d80
01-01 08:21:49.327 0 0 I : x21: 0000000000000000 x20: ffffffce8c5acc80
01-01 08:21:49.327 0 0 I : x19: ffffffce8c5acc80 x18: 0000000000000034
01-01 08:21:49.327 0 0 I : x17: ffffffb00b8f4000 x16: 00000000fffa6690
01-01 08:21:49.327 0 0 I : x15: 00000000000a6690 x14: 00000000000000c2
01-01 08:21:49.327 0 0 I : x13: 0000000000000000 x12: 00000000000000e0
01-01 08:21:49.327 0 0 I : x11: 0000000000000000 x10: 0000000000000000
01-01 08:21:49.327 0 0 I : x9 : 18f88eb0e5208400 x8 : 18f88eb0e5208400
01-01 08:21:49.327 0 0 I : x7 : ffffffb007d82700 x6 : 0000000000000000
01-01 08:21:49.327 0 0 I : x5 : 0000000000000080 x4 : 0000000000000001
01-01 08:21:49.327 0 0 I : x3 : 0000000000000000 x2 : 0000000000000003
01-01 08:21:49.327 0 0 I : x1 : 0000000000000003 x0 : 0000000000000021
01-01 08:21:49.327 0 0 I Call trace:
01-01 08:21:49.327 0 0 I : clk_core_disable+0x230/0x270
01-01 08:21:49.327 0 0 I : clk_disable+0x34/0x98
01-01 08:21:49.327 0 0 I : cam_soc_util_clk_disable+0x4c/0x68
01-01 08:21:49.328 0 0 I : cam_sensor_util_power_down+0x258/0x4b8
01-01 08:21:49.328 0 0 I : cam_sensor_power_down+0x34/0x130
01-01 08:21:49.328 0 0 I : cam_sensor_driver_cmd+0x35c/0x12e0
01-01 08:21:49.328 0 0 I : cam_sensor_subdev_ioctl+0x3c/0x80
01-01 08:21:49.328 0 0 I : subdev_do_ioctl_lock+0x764/0xbc8
01-01 08:21:49.328 0 0 I : video_usercopy+0x38c/0x850
01-01 08:21:49.328 0 0 I : subdev_ioctl+0x38/0x48
01-01 08:21:49.328 0 0 I : v4l2_ioctl+0x6c/0x80
01-01 08:21:49.328 0 0 I : do_vfs_ioctl+0x748/0x1210
01-01 08:21:49.328 0 0 I : __arm64_sys_ioctl+0x78/0xa0
01-01 08:21:49.328 0 0 I : el0_svc_common+0xa4/0x190
01-01 08:21:49.328 0 0 I : el0_svc_handler+0x6c/0x88
01-01 08:21:49.328 0 0 I : el0_svc+0x8/0xc
01-01 08:21:49.328 0 0 I : irq event stamp: 322046
01-01 08:21:49.328 0 0 I : hardirqs last enabled at (322045): [] console_unlock+0x4bc/0x568
01-01 08:21:49.328 0 0 I : hardirqs last disabled at (322046): [] clk_enable_lock+0x20/0xc8
01-01 08:21:49.328 0 0 I : softirqs last enabled at (321970): [] __do_softirq+0x50c/0x554
01-01 08:21:49.328 0 0 I : softirqs last disabled at (321961): [] irq_exit+0xfc/0x120
01-01 08:21:49.328 0 0 W : ---[ end trace c3d72cd1a1b80c92 ]---
01-01 08:21:49.328 0 0 W : ------------[ cut here ]------------
01-01 08:21:49.328 0 0 I : cam_cc_mclk0_clk already unprepared
01-01 08:21:49.328 0 0 W : WARNING: CPU: 0 PID: 837 at drivers/clk/clk.c:981 clk_core_unprepare+0x384/0x400
01-01 08:21:49.328 0 0 I : Modules linked in: machine_dlkm(O) wcd938x_slave_dlkm(O) wcd938x_dlkm(O) wcd9xxx_dlkm(O) mbhc_dlkm(O) tx_macro_dlkm(O) rx_macro_dlkm(O) va_macro_dlkm(O) wsa_macro_dlkm(O) swr_ctrl_dlkm(O) bolero_cdc_dlkm(O) wsa881x_dlkm(O) wcd_core_dlkm(O) stub_dlkm(O) hdmi_dlkm(O) swr_dlkm(O) pinctrl_lpi_dlkm(O) pinctrl_wcd_dlkm(O) usf_dlkm(O) native_dlkm(O) platform_dlkm(O) q6_dlkm(O) adsp_loader_dlkm(O) apr_dlkm(O) snd_event_dlkm(O) q6_notifier_dlkm(O) q6_pdr_dlkm(O) msm_11ad_proxy
01-01 08:21:49.328 0 0 I : CPU: 0 PID: 837 Comm: android.hardwar Tainted: G S W O 4.19.157+ #1
01-01 08:21:49.328 0 0 I Hardware name: Qualcomm Technologies, Inc. kona MTP-RmPM8150b (DT)
01-01 08:21:49.328 0 0 I pstate : 60400005 (nZCv daif +PAN -UAO)
01-01 08:21:49.328 0 0 I pc : clk_core_unprepare+0x384/0x400
01-01 08:21:49.328 0 0 I lr : clk_core_unprepare+0x384/0x400
01-01 08:21:49.328 0 0 I sp : ffffff801405b960
01-01 08:21:49.328 0 0 I : x29: ffffff801405b960 x28: ffffffce3ef29e80
01-01 08:21:49.328 0 0 I : x27: 0000000000000000 x26: 0000000000000068
01-01 08:21:49.328 0 0 I : x25: ffffffb0089272a8 x24: ffffffb009f511fe
01-01 08:21:49.328 0 0 I : x23: ffffffb009f51186 x22: ffffffce84f62d80
01-01 08:21:49.328 0 0 I : x21: ffffffb00c178000 x20: ffffffb00c178000
01-01 08:21:49.328 0 0 I : x19: ffffffce8c5acc80 x18: 0000000000000034
01-01 08:21:49.328 0 0 I : x17: ffffffb00b8f4000 x16: 00000000fffa5a00
01-01 08:21:49.328 0 0 I : x15: 00000000000a5a00 x14: 00000000000000c2
01-01 08:21:49.328 0 0 I : x13: 0000000000000004 x12: 0000000039f53588
01-01 08:21:49.328 0 0 I : x11: 0000000000000015 x10: 000000000682aaab
01-01 08:21:49.328 0 0 I : x9 : 18f88eb0e5208400 x8 : 18f88eb0e5208400
01-01 08:21:49.328 0 0 I : x7 : ffffffb007d82700 x6 : 0000000000000000
01-01 08:21:49.328 0 0 I : x5 : 0000000000000080 x4 : 0000000000000001
01-01 08:21:49.328 0 0 I : x3 : ffffff801405b588 x2 : ffffffb007c97b48
01-01 08:21:49.328 0 0 I : x1 : ffffffb007d82874 x0 : 0000000000000023
01-01 08:21:49.328 0 0 I Call trace:
01-01 08:21:49.328 0 0 I : clk_core_unprepare+0x384/0x400
01-01 08:21:49.328 0 0 I : clk_unprepare+0x88/0x108
01-01 08:21:49.328 0 0 I : cam_soc_util_clk_disable+0x54/0x68
01-01 08:21:49.328 0 0 I : cam_sensor_util_power_down+0x258/0x4b8
01-01 08:21:49.328 0 0 I : cam_sensor_power_down+0x34/0x130
01-01 08:21:49.328 0 0 I : cam_sensor_driver_cmd+0x35c/0x12e0
01-01 08:21:49.328 0 0 I : cam_sensor_subdev_ioctl+0x3c/0x80
01-01 08:21:49.328 0 0 I : subdev_do_ioctl_lock+0x764/0xbc8
01-01 08:21:49.328 0 0 I : video_usercopy+0x38c/0x850
01-01 08:21:49.328 0 0 I : subdev_ioctl+0x38/0x48
01-01 08:21:49.329 0 0 I : v4l2_ioctl+0x6c/0x80
01-01 08:21:49.329 0 0 I : do_vfs_ioctl+0x748/0x1210
01-01 08:21:49.329 0 0 I : __arm64_sys_ioctl+0x78/0xa0
01-01 08:21:49.329 0 0 I : el0_svc_common+0xa4/0x190
01-01 08:21:49.329 0 0 I : el0_svc_handler+0x6c/0x88
01-01 08:21:49.329 0 0 I : el0_svc+0x8/0xc
01-01 08:21:49.329 0 0 I : irq event stamp: 322060
01-01 08:21:49.329 0 0 I : hardirqs last enabled at (322059): [] console_unlock+0x4bc/0x568
01-01 08:21:49.329 0 0 I : hardirqs last disabled at (322060): [] do_debug_exception+0x84/0x150
01-01 08:21:49.329 0 0 I : softirqs last enabled at (321970): [] __do_softirq+0x50c/0x554
01-01 08:21:49.329 0 0 I : softirqs last disabled at (321961): [] irq_exit+0xfc/0x120
01-01 08:21:49.329 0 0 W : ---[ end trace c3d72cd1a1b80c93 ]---
01-01 08:21:49.329 0 0 I qcom,camera ac4f000.qcom,cci: qcom,cam-sensor0: Dropping the link to regulator.77
01-01 08:21:49.331 0 0 E kona-asoc-snd soc: qcom,msm-audio-apr:qcom,q6core-audio:sound: ASoC: no source widget found for MIC BIAS3
01-01 08:21:49.333 0 0 I CAM_ERR : CAM-UTIL: cam_soc_util_regulator_disable: 1415 Invalid NULL parameter
01-01 08:21:49.336 0 0 E msm-dcc 1023000.dcc_v2: DCC list passed 3
01-01 08:21:49.337 0 0 I msm-dcc 1023000.dcc_v2: All values written to enable.
01-01 08:21:49.337 0 0 E msm-dcc 1023000.dcc_v2: DCC list passed 4
01-01 08:21:49.337 0 0 I msm-dcc 1023000.dcc_v2: All values written to enable.
01-01 08:21:49.338 0 0 E msm-dcc 1023000.dcc_v2: DCC list passed 6
01-01 08:21:49.338 0 0 I msm-dcc 1023000.dcc_v2: All values written to enable.
01-01 08:21:48.315 1242 1242 I auditd : type=1400 audit(0.0:74): avc: denied { write } for comm="mkdir" name="header" dev="configfs" ino=49231 scontext=u:r:vendor_qti_init_shell:s0 tcontext=u:object_r:configfs:s0 tclass=dir permissive=0
01-01 08:21:49.342 0 0 E swr-wcd wsa_swr_ctrl: swrm_get_logical_dev_num: device 0x1021170214 is not ready
01-01 08:21:49.350 0 0 I CAM_ERR : CAM-SENSOR: cam_sensor_util_power_down: 2290 Reg: cam_vio disable failed
01-01 08:21:49.352 0 0 E kona-asoc-snd soc: qcom,msm-audio-apr:qcom,q6core-audio:sound: ASoC: Failed to add route MIC BIAS3 -> direct -> AMIC3
01-01 08:21:49.360 0 0 I CAM_ERR : CAM-UTIL: cam_soc_util_regulator_disable: 1415 Invalid NULL parameter
01-01 08:21:49.366 0 0 E swr_get_logical_dev_num: Error -22 to get logical addr for device 1021170214
01-01 08:21:48.352 1044 1044 D PackageManagerTiming: createSubComponents took to complete: 81ms
01-01 08:21:48.352 1044 1044 I PackageManagerTiming: addSharedUsers
01-01 08:21:48.353 1044 1044 D PackageManagerTiming: addSharedUsers took to complete: 1ms
01-01 08:21:48.354 1044 1044 I PackageManagerTiming: get system config
01-01 08:21:48.354 1044 1044 D PackageManagerTiming: get system config took to complete: 0ms
01-01 08:21:48.360 1044 1044 D PackageManager: Directories scanned as system partitions: [/system:0, /vendor:524288, /odm:4194304, /oem:262144, /product:1048576, /system_ext:2097152, /apex/com.android.vndk.v30:8388608, /apex/com.android.wifi:8388608, /apex/com.android.vndk.v31:8388608, /apex/com.android.tzdata:8388608, /apex/com.android.tethering:8388608, /apex/com.android.sdkext:8388608, /apex/com.android.scheduling:8388608, /apex/com.android.runtime:8388608, /apex/com.android.resolv:8388608, /apex/com.android.permission:8388608, /apex/com.android.os.statsd:8388608, /apex/com.android.neuralnetworks:8388608, /apex/com.android.mediaprovider:8388608, /apex/com.android.media.swcodec:8388608, /apex/com.android.media:8388608, /apex/com.android.ipsec:8388608, /apex/com.android.i18n:8388608, /apex/com.android.extservices:8388608, /apex/com.android.conscrypt:8388608, /apex/com.android.art:8388608, /apex/com.android.appsearch:8388608, /apex/com.android.adbd:8388608]
01-01 08:21:49.367 0 0 W wsa881x : probe of wsa881x.1021170214 failed with error -22
01-01 08:21:49.380 0 0 I CAM_ERR : CAM-SENSOR: cam_sensor_util_power_down: 2290 Reg: cam_vana disable failed
01-01 08:21:49.390 0 0 W : ------------[ cut here ]------------
01-01 08:21:49.390 0 0 I : unbalanced disables for titan_top_gdsc
01-01 08:21:49.390 0 0 W : WARNING: CPU: 4 PID: 837 at drivers/regulator/core.c:2401 _regulator_disable+0x1a0/0x1b0
01-01 08:21:49.390 0 0 I : Modules linked in: machine_dlkm(O) wcd938x_slave_dlkm(O) wcd938x_dlkm(O) wcd9xxx_dlkm(O) mbhc_dlkm(O) tx_macro_dlkm(O) rx_macro_dlkm(O) va_macro_dlkm(O) wsa_macro_dlkm(O) swr_ctrl_dlkm(O) bolero_cdc_dlkm(O) wsa881x_dlkm(O) wcd_core_dlkm(O) stub_dlkm(O) hdmi_dlkm(O) swr_dlkm(O) pinctrl_lpi_dlkm(O) pinctrl_wcd_dlkm(O) usf_dlkm(O) native_dlkm(O) platform_dlkm(O) q6_dlkm(O) adsp_loader_dlkm(O) apr_dlkm(O) snd_event_dlkm(O) q6_notifier_dlkm(O) q6_pdr_dlkm(O) msm_11ad_proxy
01-01 08:21:49.390 0 0 I : CPU: 4 PID: 837 Comm: android.hardwar Tainted: G S W O 4.19.157+ #1
01-01 08:21:49.390 0 0 I Hardware name: Qualcomm Technologies, Inc. kona MTP-RmPM8150b (DT)
01-01 08:21:49.390 0 0 I pstate : 60400005 (nZCv daif +PAN -UAO)
01-01 08:21:49.390 0 0 I pc : _regulator_disable+0x1a0/0x1b0
01-01 08:21:49.390 0 0 I lr : _regulator_disable+0x19c/0x1b0
01-01 08:21:49.390 0 0 I sp : ffffff801405b3d0
01-01 08:21:49.390 0 0 I : x29: ffffff801405b3d0 x28: 0000000000000000
01-01 08:21:49.390 0 0 I : x27: 0000007fde190970 x26: ffffffce84c90000
01-01 08:21:49.390 0 0 I : x25: ffffffb0089272a8 x24: ffffffce53a4cb40
01-01 08:21:49.390 0 0 I : x23: ffffffce84c92d18 x22: ffffffce84c4dbf0
01-01 08:21:49.390 0 0 I : x21: ffffffce8c4993a8 x20: 00000000fffffffb
01-01 08:21:49.390 0 0 I : x19: ffffffce8c499280 x18: 0000000000000038
01-01 08:21:49.390 0 0 I : x17: ffffffb00b8f4000 x16: 00000000fffa45b0
01-01 08:21:49.390 0 0 I : x15: 00000000000a45b0 x14: 00000000000000c2
01-01 08:21:49.390 0 0 I : x13: 0000000000000004 x12: 000000003a077f71
01-01 08:21:49.390 0 0 I : x11: 0000000000000015 x10: 000000000682aaab
01-01 08:21:49.390 0 0 I : x9 : 18f88eb0e5208400 x8 : 18f88eb0e5208400
01-01 08:21:49.390 0 0 I : x7 : ffffffb007d82700 x6 : 0000000000000000
01-01 08:21:49.390 0 0 I : x5 : 0000000000000080 x4 : 0000000000000001
01-01 08:21:49.390 0 0 I : x3 : ffffff801405aff8 x2 : 0000000000000007
01-01 08:21:49.390 0 0 I : x1 : ffffffb007d82874 x0 : 0000000000000026
01-01 08:21:49.390 0 0 I Call trace:
01-01 08:21:49.390 0 0 I : _regulator_disable+0x1a0/0x1b0
01-01 08:21:49.390 0 0 I : regulator_disable+0x3c/0x88
01-01 08:21:49.390 0 0 I : cam_soc_util_disable_platform_resource+0xb0/0x100
01-01 08:21:49.390 0 0 I : cam_cpas_soc_disable_resources+0x30/0x78
01-01 08:21:49.390 0 0 I : cam_cpas_hw_stop+0x2a0/0x4e0
01-01 08:21:49.390 0 0 I : cam_cpas_stop+0x58/0x110
01-01 08:21:49.390 0 0 E swr-wcd rx_swr_ctrl: swrm_get_logical_dev_num: device 0xd01170224 is not ready
01-01 08:21:49.390 0 0 E swr_get_logical_dev_num: Error -22 to get logical addr for device d01170224
01-01 08:21:48.383 1044 1044 D SELinuxMMAC: Using policy file /system/etc/selinux/plat_mac_permissions.xml
01-01 08:21:49.399 0 0 I : cam_cci_soc_release+0x110/0x1a0
01-01 08:21:49.399 0 0 I : cam_cci_core_cfg+0x14c/0x15e8
01-01 08:21:49.399 0 0 I : cam_cci_subdev_ioctl+0x50/0xc0
01-01 08:21:49.399 0 0 I : cam_sensor_cci_i2c_util+0x60/0xd0
01-01 08:21:49.399 0 0 I : camera_io_release+0x38/0x88
01-01 08:21:49.399 0 0 I : cam_sensor_power_down+0x64/0x130
01-01 08:21:49.399 0 0 I : cam_sensor_driver_cmd+0x35c/0x12e0
01-01 08:21:49.399 0 0 I : cam_sensor_subdev_ioctl+0x3c/0x80
01-01 08:21:49.399 0 0 I : subdev_do_ioctl_lock+0x764/0xbc8
01-01 08:21:49.399 0 0 I : video_usercopy+0x38c/0x850
01-01 08:21:49.399 0 0 I : subdev_ioctl+0x38/0x48
01-01 08:21:49.407 0 0 I : v4l2_ioctl+0x6c/0x80
01-01 08:21:49.407 0 0 I : do_vfs_ioctl+0x748/0x1210
01-01 08:21:49.407 0 0 I : __arm64_sys_ioctl+0x78/0xa0
01-01 08:21:49.407 0 0 I : el0_svc_common+0xa4/0x190
01-01 08:21:49.407 0 0 I : el0_svc_handler+0x6c/0x88
01-01 08:21:49.407 0 0 I : el0_svc+0x8/0xc
01-01 08:21:49.407 0 0 I : irq event stamp: 322484
01-01 08:21:49.407 0 0 I : hardirqs last enabled at (322483): [] console_unlock+0x4bc/0x568
01-01 08:21:49.407 0 0 I : hardirqs last disabled at (322484): [] do_debug_exception+0x84/0x150
01-01 08:21:49.407 0 0 I : softirqs last enabled at (322332): [] __do_softirq+0x50c/0x554
01-01 08:21:49.407 0 0 I : softirqs last disabled at (322315): [] irq_exit+0xfc/0x120
01-01 08:21:49.407 0 0 W : ---[ end trace c3d72cd1a1b80c94 ]---
01-01 08:21:49.407 0 0 E kona-asoc-snd soc: qcom,msm-audio-apr:qcom,q6core-audio:sound: ASoC: no sink widget found for MIC BIAS3
01-01 08:21:48.396 1044 1044 D SELinuxMMAC: Using policy file /system_ext/etc/selinux/system_ext_mac_permissions.xml
01-01 08:21:48.398 1044 1044 D SELinuxMMAC: Using policy file /product/etc/selinux/product_mac_permissions.xml
01-01 08:21:48.399 1044 1044 D SELinuxMMAC: Using policy file /vendor/etc/selinux/vendor_mac_permissions.xml
01-01 08:21:48.402 1044 1044 D SELinuxMMAC: Using policy file /odm/etc/selinux/odm_mac_permissions.xml
01-01 08:21:48.403 1044 1044 I PackageManagerTiming: loadFallbacks
01-01 08:21:48.404 1044 1044 D PackageManagerTiming: loadFallbacks took to complete: 1ms
01-01 08:21:48.404 1044 1044 I PackageManagerTiming: read user settings
01-01 08:21:49.418 0 0 E kona-asoc-snd soc: qcom,msm-audio-apr:qcom,q6core-audio:sound: ASoC: Failed to add route Analog Mic3 -> direct -> MIC BIAS3
01-01 08:21:49.431 0 0 E wcd938x_codec wcd938x-codec: wcd938x_bind: Slave bind failed, ret = -517
01-01 08:21:48.431 1244 1244 I auditd : type=1400 audit(0.0:75): avc: denied { write } for comm="ln" name="header" dev="configfs" ino=49231 scontext=u:r:vendor_qti_init_shell:s0 tcontext=u:object_r:configfs:s0 tclass=dir permissive=0
01-01 08:21:49.451 0 0 E kona-asoc-snd soc: qcom,msm-audio-apr:qcom,q6core-audio:sound: ASoC: no source widget found for MIC BIAS3
01-01 08:21:49.456 0 0 I qcom,camera ac4f000.qcom,cci: qcom,cam-sensor5: Linked as a consumer to regulator.56
01-01 08:21:49.462 0 0 E kona-asoc-snd soc: qcom,msm-audio-apr:qcom,q6core-audio:sound: ASoC: Failed to add route MIC BIAS3 -> direct -> AMIC4
01-01 08:21:49.469 0 0 I qcom,camera ac4f000.qcom,cci: qcom,cam-sensor5: Linked as a consumer to regulator.53
01-01 08:21:48.469 1044 1227 W ProcessCpuTracker: Failed to stat(/proc/1234): android.system.ErrnoException: stat failed: ENOENT (No such file or directory)
01-01 08:21:49.476 0 0 E kona-asoc-snd soc: qcom,msm-audio-apr:qcom,q6core-audio:sound: ASoC: no sink widget found for MIC BIAS3
01-01 08:21:48.469 1044 1227 W ProcessCpuTracker: Skipping unknown process pid 1234
01-01 08:21:49.479 0 0 I qcom,camera ac4f000.qcom,cci: qcom,cam-sensor5: Linked as a consumer to regulator.57
01-01 08:21:49.487 0 0 E kona-asoc-snd soc: qcom,msm-audio-apr:qcom,q6core-audio:sound: ASoC: Failed to add route Analog Mic4 -> direct -> MIC BIAS3
01-01 08:21:49.488 0 0 I qcom,camera ac4f000.qcom,cci: qcom,cam-sensor5: Linked as a consumer to regulator.77
01-01 08:21:49.500 0 0 E kona-asoc-snd soc: qcom,msm-audio-apr:qcom,q6core-audio:sound: ASoC: no source widget found for MIC BIAS4
01-01 08:21:48.491 1247 1247 I auditd : type=1400 audit(0.0:76): avc: denied { write } for comm="ln" name="header" dev="configfs" ino=49231 scontext=u:r:vendor_qti_init_shell:s0 tcontext=u:object_r:configfs:s0 tclass=dir permissive=0
01-01 08:21:49.511 0 0 E kona-asoc-snd soc: qcom,msm-audio-apr:qcom,q6core-audio:sound: ASoC: Failed to add route MIC BIAS4 -> direct -> AMIC5
01-01 08:21:48.507 1044 1044 W android.permission.PermissionManager: Missing ActivityManager; assuming 1000 holds android.permission.SET_PREFERRED_APPLICATIONS
01-01 08:21:48.507 1044 1044 W android.permission.PermissionManager: Missing ActivityManager; assuming 1000 holds android.permission.SET_PREFERRED_APPLICATIONS
01-01 08:21:48.508 1044 1044 W android.permission.PermissionManager: Missing ActivityManager; assuming 1000 holds android.permission.SET_PREFERRED_APPLICATIONS
01-01 08:21:48.508 1044 1044 W android.permission.PermissionManager: Missing ActivityManager; assuming 1000 holds android.permission.SET_PREFERRED_APPLICATIONS
01-01 08:21:48.510 1044 1044 W android.permission.PermissionManager: Missing ActivityManager; assuming 1000 holds android.permission.SET_PREFERRED_APPLICATIONS
01-01 08:21:48.510 1044 1044 W android.permission.PermissionManager: Missing ActivityManager; assuming 1000 holds android.permission.SET_PREFERRED_APPLICATIONS
01-01 08:21:48.511 1044 1044 W android.permission.PermissionManager: Missing ActivityManager; assuming 1000 holds android.permission.SET_PREFERRED_APPLICATIONS
01-01 08:21:48.511 1044 1044 W android.permission.PermissionManager: Missing ActivityManager; assuming 1000 holds android.permission.SET_PREFERRED_APPLICATIONS
01-01 08:21:48.512 1044 1044 W android.permission.PermissionManager: Missing ActivityManager; assuming 1000 holds android.permission.SET_PREFERRED_APPLICATIONS
