08-30 00:52:13.853 835 2401 I vendor.qti.bluetooth@1.0-patch_dl_manager: Length : 205716 bytes
08-30 00:52:13.853 835 2401 I vendor.qti.bluetooth@1.0-patch_dl_manager: Total Length : 205684 bytes
08-30 00:52:13.853 835 2401 I vendor.qti.bluetooth@1.0-patch_dl_manager: Patch Data Length : 205648 bytes
08-30 00:52:13.853 835 2401 I vendor.qti.bluetooth@1.0-patch_dl_manager: Signing Format Version : 0x1
08-30 00:52:13.853 835 2401 I vendor.qti.bluetooth@1.0-patch_dl_manager: Signature Algorithm : 0x0
08-30 00:52:13.853 835 2401 I vendor.qti.bluetooth@1.0-patch_dl_manager: Event Handling : 0x3
08-30 00:52:13.853 835 2401 I vendor.qti.bluetooth@1.0-patch_dl_manager: Reserved : 0x0
08-30 00:52:13.853 835 2401 I vendor.qti.bluetooth@1.0-patch_dl_manager: Product ID : 0x0010
08-30 00:52:13.853 835 2401 I vendor.qti.bluetooth@1.0-patch_dl_manager: Rom Build Version : 0x0200
08-30 00:52:13.853 835 2401 I vendor.qti.bluetooth@1.0-patch_dl_manager: Patch Version : 0x45df
08-30 00:52:13.853 835 2401 I vendor.qti.bluetooth@1.0-patch_dl_manager: Reserved : 0x0
08-30 00:52:13.853 835 2401 I vendor.qti.bluetooth@1.0-patch_dl_manager: Patch Entry Address : 0x0
08-30 00:52:13.853 835 2401 I vendor.qti.bluetooth@1.0-patch_dl_manager: ====================================================
08-30 00:52:13.853 835 2401 I vendor.qti.bluetooth@1.0-patch_dl_manager: TlvDnldReq: TLV size: 205720, Total Seg num: 846, remain size: 142
08-30 00:52:13.853 835 2401 I vendor.qti.bluetooth@1.0-patch_dl_manager: Event handling type: SKIP_EVT_VSE_CC
08-30 00:52:13.853 1044 1044 V NotificationAssistants: 0 notification assistant service connected: ComponentInfo{android.ext.services/android.ext.services.notification.Assistant}
08-30 00:52:13.853 2293 2293 I QCC:OmaDMNative: qcc_hidl_update_vendor_dropbox(), path=/data/misc/qdma/down/3 isEnabled=0
08-30 00:52:13.856 985 985 D QCC:qccvndhal: /data/vendor/qdma/down/3 is null
08-30 00:52:13.860 1882 1882 V KeyguardUpdateMonitor: *** register callback for com.android.systemui.statusbar.KeyguardIndicationController$BaseKeyguardCallback@47254f2
08-30 00:52:13.860 1882 1882 V KeyguardUpdateMonitor: *** unregister callback for null
08-30 00:52:13.860 2293 2293 I QCC:OmaDMNative: qcc_hidl_update_vendor_dropbox() res=0
08-30 00:52:13.860 1882 1882 V KeyguardUpdateMonitor: *** register callback for com.android.systemui.statusbar.KeyguardIndicationController$4@fbc1743
08-30 00:52:13.860 1882 1882 V KeyguardUpdateMonitor: *** unregister callback for null
08-30 00:52:13.860 2342 2342 I wm_on_top_resumed_gained_called: [170454660,com.android.settings.FallbackHome,topStateChangedWhenResumed]
08-30 00:52:13.861 2293 2293 I QCC:Collector: deleteDir: /data/misc/qdma/down/1500 already disabled
08-30 00:52:13.863 1044 1466 I ExplicitHealthCheckController: Explicit health check supported packages [PackageConfig{com.android.networkstack, 86400000}]
08-30 00:52:13.863 1044 1466 D PackageWatchdog: Received supported packages [PackageConfig{com.android.networkstack, 86400000}]
08-30 00:52:13.863 1044 1466 I PackageWatchdog: Updated health check state for package com.qualcomm.qti.devicestatisticsservice: INACTIVE -> PASSED
08-30 00:52:13.864 1044 1466 I PackageWatchdog: Syncing state, reason: updated health check supported packages [PackageConfig{com.android.networkstack, 86400000}]
08-30 00:52:13.864 1044 1194 I PackageWatchdog: Saving observer state to file
08-30 00:52:13.865 1044 1466 D ExplicitHealthCheckController: Getting health check requested packages
08-30 00:52:13.865 1882 1882 D StatusBar: disable disable2
08-30 00:52:13.866 1350 1418 I OMXClient: IOmx service obtained
08-30 00:52:13.866 1372 1372 I OMXMaster: makeComponentInstance(OMX.google.h263.encoder) in android.hardwar process
08-30 00:52:13.867 1044 1466 I ExplicitHealthCheckController: Explicit health check requested packages []
08-30 00:52:13.867 1044 2444 I StatusBarManagerService: registerStatusBar bar=com.android.internal.statusbar.IStatusBar$Stub$Proxy@9a229f1
08-30 00:52:13.867 1044 1466 I ExplicitHealthCheckController: No more health check requests, unbinding...
08-30 00:52:13.869 1044 2058 E Binder : Outgoing transactions from this process must be FLAG_ONEWAY
08-30 00:52:13.869 1044 2058 E Binder : java.lang.Throwable
08-30 00:52:13.869 1044 2058 E Binder : at android.os.BinderProxy.transact(BinderProxy.java:528)
08-30 00:52:13.869 1044 2058 E Binder : at com.android.internal.statusbar.IStatusBar$Stub$Proxy.abortTransient(IStatusBar.java:2518)
08-30 00:52:13.869 1044 2058 E Binder : at com.android.server.statusbar.StatusBarManagerService$1.abortTransient(StatusBarManagerService.java:558)
08-30 00:52:13.869 1044 2058 E Binder : at com.android.server.wm.InsetsPolicy.abortTransient(InsetsPolicy.java:318)
08-30 00:52:13.869 1044 2058 E Binder : at com.android.server.wm.InsetsPolicy.updateBarControlTarget(InsetsPolicy.java:135)
08-30 00:52:13.869 1044 2058 E Binder : at com.android.server.wm.DisplayPolicy.updateSystemUiVisibilityLw(DisplayPolicy.java:2657)
08-30 00:52:13.869 1044 2058 E Binder : at com.android.server.wm.DisplayPolicy.finishPostLayoutPolicyLw(DisplayPolicy.java:2046)
08-30 00:52:13.869 1044 2058 E Binder : at com.android.server.wm.DisplayContent.applySurfaceChangesTransaction(DisplayContent.java:4318)
08-30 00:52:13.869 1044 2058 E Binder : at com.android.server.wm.RootWindowContainer.applySurfaceChangesTransaction(RootWindowContainer.java:1076)
08-30 00:52:13.869 1044 2058 E Binder : at com.android.server.wm.RootWindowContainer.performSurfacePlacementNoTrace(RootWindowContainer.java:852)
08-30 00:52:13.869 1044 2058 E Binder : at com.android.server.wm.RootWindowContainer.performSurfacePlacement(RootWindowContainer.java:805)
08-30 00:52:13.869 1044 2058 E Binder : at com.android.server.wm.WindowSurfacePlacer.performSurfacePlacementLoop(WindowSurfacePlacer.java:177)
08-30 00:52:13.869 1044 2058 E Binder : at com.android.server.wm.WindowSurfacePlacer.performSurfacePlacement(WindowSurfacePlacer.java:126)
08-30 00:52:13.869 1044 2058 E Binder : at com.android.server.wm.WindowManagerService.relayoutWindow(WindowManagerService.java:2393)
08-30 00:52:13.869 1044 2058 E Binder : at com.android.server.wm.Session.relayout(Session.java:235)
08-30 00:52:13.869 1044 2058 E Binder : at android.view.IWindowSession$Stub.onTransact(IWindowSession.java:735)
08-30 00:52:13.869 1044 2058 E Binder : at com.android.server.wm.Session.onTransact(Session.java:169)
08-30 00:52:13.869 1044 2058 E Binder : at android.os.Binder.execTransactInternal(Binder.java:1179)
08-30 00:52:13.869 1044 2058 E Binder : at android.os.Binder.execTransact(Binder.java:1143)
08-30 00:52:13.870 1372 1372 I SoftMPEG4Encoder: Construct SoftMPEG4Encoder
08-30 00:52:13.871 1044 1198 I am_wtf : [0,1044,system_server,-1,Binder,Outgoing transactions from this process must be FLAG_ONEWAY]
08-30 00:52:13.871 1044 1466 I ExplicitHealthCheckController: Explicit health check service is unbound
08-30 00:52:13.875 1044 1198 I DropBoxManagerService: add tag=system_server_wtf isTagEnabled=true flags=0x2
08-30 00:52:13.878 1044 1181 I input_focus: [Focus request e5748fe com.android.settings/com.android.settings.FallbackHome,reason=UpdateInputWindows]
08-30 00:52:13.878 1350 1418 W OMXUtils: do not know color format 0x7f000789 = 2130708361
08-30 00:52:13.879 1372 1372 E OMXNodeInstance: getConfig(0xf4a80d30:google.h263.encoder, ConfigAndroidIntraRefresh(0x6f60000a)) ERROR: Undefined(0x80001001)
08-30 00:52:13.879 1372 1372 E OMXNodeInstance: getParameter(0xf4a80d30:google.h263.encoder, ParamVideoIntraRefresh(0x6000006)) ERROR: UnsupportedIndex(0x8000101a)
08-30 00:52:13.880 1350 1418 D MediaCodecInfo: detail feature-frame-parsing wasn't present to remove
08-30 00:52:13.880 2293 2293 I QCC:OmaDMNative: qcc_hidl_update_vendor_dropbox(), path=/data/misc/qdma/down/1500 isEnabled=0
08-30 00:52:13.880 985 985 D QCC:qccvndhal: /data/vendor/qdma/down/1500 is null
08-30 00:52:13.881 2293 2293 I QCC:OmaDMNative: qcc_hidl_update_vendor_dropbox() res=0
08-30 00:52:13.881 2293 2293 I QCC:Collector: deleteDir: /data/misc/qdma/down/1504 already disabled
08-30 00:52:13.883 1044 1753 D ConnectivityService: [100 ETHERNET] EVENT_NETWORK_INFO_CHANGED, going from CONNECTING to CONNECTING
08-30 00:52:13.883 2342 2436 I AdrenoGLES-0: QUALCOMM build : 47421dbee6, I139f36ad46
08-30 00:52:13.883 2342 2436 I AdrenoGLES-0: Build Date : 02/18/22
08-30 00:52:13.883 2342 2436 I AdrenoGLES-0: OpenGL ES Shader Compiler Version: EV031.32.02.17
08-30 00:52:13.883 2342 2436 I AdrenoGLES-0: Local Branch :
08-30 00:52:13.883 2342 2436 I AdrenoGLES-0: Remote Branch :
08-30 00:52:13.883 2342 2436 I AdrenoGLES-0: Remote Branch :
08-30 00:52:13.883 2342 2436 I AdrenoGLES-0: Reconstruct Branch :
08-30 00:52:13.883 2342 2436 I AdrenoGLES-0: Build Config : S P 10.0.7 AArch64
08-30 00:52:13.883 1044 1753 D ConnectivityService: [100 ETHERNET] EVENT_NETWORK_INFO_CHANGED, going from CONNECTING to CONNECTED
08-30 00:52:13.883 2342 2436 I AdrenoGLES-0: Driver Path : /vendor/lib64/egl/libGLESv2_adreno.so
01-01 08:21:59.255 0 0 E : INFO: trying to register non-static key.
01-01 08:21:59.260 0 0 E : the code is fine but needs lockdep annotation.
01-01 08:21:59.265 0 0 I : CPU: 4 PID: 292 Comm: kworker/u16:8 Tainted: G S W O 4.19.157+ #1
01-01 08:21:59.265 0 0 I Hardware name: Qualcomm Technologies, Inc. kona MTP-RmPM8150b (DT)
01-01 08:21:59.265 0 0 I Workqueue: events_unbound ion_system_secure_heap_prefetch_work
01-01 08:21:59.265 0 0 I Call trace:
01-01 08:21:59.265 0 0 I : dump_backtrace+0x0/0x258
01-01 08:21:59.265 0 0 I : show_stack+0x20/0x30
01-01 08:21:59.265 0 0 I : dump_stack+0xd8/0x12c
01-01 08:21:59.265 0 0 I : register_lock_class+0x4d0/0x5c8
01-01 08:21:59.265 0 0 I : __lock_acquire+0xbc/0x1e58
01-01 08:21:59.265 0 0 I : lock_acquire+0x1cc/0x218
01-01 08:21:59.265 0 0 I : _raw_spin_lock_irqsave+0x54/0x98
01-01 08:21:59.265 0 0 I : ion_system_secure_heap_prefetch_work+0x94/0x2c0
01-01 08:21:59.265 0 0 I : process_one_work+0x38c/0x660
01-01 08:21:59.265 0 0 I : worker_thread+0x268/0x4b8
01-01 08:21:59.265 0 0 I : kthread+0x140/0x150
01-01 08:21:59.265 0 0 I : ret_from_fork+0x10/0x1c
01-01 08:21:59.268 0 0 W : (NULL device *): Falling back to syfs fallback for: wlan/qca_cld/qca6390/WCNSS_qcom_cfg.ini
08-30 00:52:13.884 684 759 D TcpSocketMonitor: resuming tcpinfo polling (interval=30000ms)
08-30 00:52:13.884 684 759 I netd : networkCreate(NativeNetworkConfig{netId: 100, networkType: PHYSICAL, permission: 0, secure: false, vpnType: -1}) <0.20ms>
08-30 00:52:13.885 684 759 I netd : createNetworkCache(100) <0.67ms>
08-30 00:52:13.887 1044 1753 W DnsManager: updatePrivateDns(100, PrivateDnsConfig{true:/[]})
08-30 00:52:13.887 1044 1753 D ConnectivityService: Setting DNS servers for network 100 to [/192.168.1.1]
08-30 00:52:13.888 1044 1753 D DnsManager: sendDnsConfigurationForNetwork(100, [192.168.1.1], [], 1800, 25, 8, 64, 0, 0, , [192.168.1.1])
08-30 00:52:13.889 684 759 D resolv : PrivateDnsConfiguration::set(100, 0xf0064, 1, )
08-30 00:52:13.889 684 759 I resolv : resolv_set_nameservers: netId = 100, numservers = 1
08-30 00:52:13.889 684 759 D resolv : android_getaddrinfofornetcontext: explore_numeric: ai_family=10 ai_socktype=2 ai_protocol=17
08-30 00:52:13.889 684 759 D resolv : explore_numeric_scope
08-30 00:52:13.889 684 759 D resolv : android_getaddrinfofornetcontext: explore_numeric: ai_family=2 ai_socktype=2 ai_protocol=17
08-30 00:52:13.889 1882 1882 I CameraManagerGlobal: Connecting to camera service
08-30 00:52:13.889 684 759 D resolv : explore_numeric_scope
08-30 00:52:13.889 684 759 I resolv : resolv_set_nameservers: netid = 100, addr = 192.168.1.1
08-30 00:52:13.889 684 759 I netd : DnsResolverService::setResolverConfiguration(100, [192.168.1.1], [], 1800, 25, 8, 64, 0, 0, "", [192.168.1.1]) -> (0) (1ms)
08-30 00:52:13.890 684 759 I netd : setResolverConfiguration(ResolverParamsParcel{netId: 100, sampleValiditySeconds: 1800, successThreshold: 25, minSamples: 8, maxSamples: 64, baseTimeoutMsec: 0, retryCount: 0, servers: [192.168.1.1], domains: [], tlsName: , tlsServers: [192.168.1.1], tlsFingerprints: [], caCertificate: , tlsConnectTimeoutMs: 0, resolverOptions: (null), transportTypes: [3]}) <1.09ms>
08-30 00:52:13.891 1044 1044 I PackageWatchdog: Syncing health check requests for packages: {}
08-30 00:52:13.891 1044 1044 I ExplicitHealthCheckController: Service not ready to get health check supported packages. Binding...
08-30 00:52:13.891 2293 2293 I QCC:OmaDMNative: qcc_hidl_update_vendor_dropbox(), path=/data/misc/qdma/down/1504 isEnabled=0
08-30 00:52:13.892 985 985 D QCC:qccvndhal: /data/vendor/qdma/down/1504 is null
08-30 00:52:13.892 2293 2293 I QCC:OmaDMNative: qcc_hidl_update_vendor_dropbox() res=0
08-30 00:52:13.893 2293 2293 I QCC:Collector: deleteDir: /data/misc/qdma/down/6 already disabled
08-30 00:52:13.893 684 2463 W resolv : Validating DnsTlsServer 192.168.1.1 with mark 0xf0064
08-30 00:52:13.893 684 2463 D resolv : Beginning validation with mark f0064
08-30 00:52:13.893 684 2463 D resolv : No socket for query. Opening socket and sending.
08-30 00:52:13.893 684 2463 D resolv : Constructing new socket
08-30 00:52:13.894 515 515 I hwservicemanager: getTransport: Cannot find entry android.hardware.graphics.mapper@4.0::IMapper/default in either framework or device VINTF manifest.
08-30 00:52:13.894 684 2463 D resolv : DnsTlsSocket is initialized with { mConnectTimeoutMs: 127000, mAsyncHandshake: 0 }
08-30 00:52:13.894 684 2463 D resolv : 983140 connecting TCP socket
08-30 00:52:13.898 2293 2293 I QCC:OmaDMNative: qcc_hidl_update_vendor_dropbox(), path=/data/misc/qdma/down/6 isEnabled=0
08-30 00:52:13.899 985 985 D QCC:qccvndhal: /data/vendor/qdma/down/6 is null
08-30 00:52:13.899 2293 2293 I QCC:OmaDMNative: qcc_hidl_update_vendor_dropbox() res=0
08-30 00:52:13.899 2293 2293 I QCC:Collector: deleteDir: /data/misc/qdma/down/51 already disabled
08-30 00:52:13.905 2342 2436 I AdrenoGLES-0: PFP: 0x016dd093, ME: 0x00000000
08-30 00:52:13.907 684 2463 D resolv : No known sessions
08-30 00:52:13.907 684 2463 D resolv : No session available
08-30 00:52:13.907 684 2463 D resolv : Calling SSL_connect with mark 0xf0064
08-30 00:52:13.908 684 2463 D resolv : SSL_connect returned -1 with mark 0xf0064
08-30 00:52:13.911 1882 1882 E ThemeUtils: View class com.airbnb.lottie.LottieAnimationView is an AppCompat widget that can only be used with a Theme.AppCompat theme (or descendant).
08-30 00:52:13.912 2418 2418 I Perf : Connecting to perf service.
08-30 00:52:13.917 1044 1753 D ConnectivityService: Adding iface eth0 to network 100
08-30 00:52:13.921 1044 1044 I dvm_lock_sample: [system_server,0,main,24,ActivityManagerService.java,12114,int com.android.server.am.ActivityManagerService.bindIsolatedService(android.app.IApplicationThread, android.os.IBinder, android.content.Intent, java.lang.String, android.app.IServiceConnection, int, java.lang.String, java.lang.String, int),-,13716,int com.android.server.am.ActivityManagerService.broadcastIntentWithFeature(android.app.IApplicationThread, java.lang.String, android.content.Intent, java.lang.String, android.content.IIntentReceiver, int, java.lang.String, android.os.Bundle, java.lang.String[], java.lang.String[], int, android.os.Bundle, boolean, boolean, int),4]
08-30 00:52:13.923 1044 1044 D CompatibilityInfo: mCompatibilityFlags - 4
08-30 00:52:13.923 1044 1044 D CompatibilityInfo: applicationDensity - 240
08-30 00:52:13.923 1044 1044 D CompatibilityInfo: applicationScale - 1.0
08-30 00:52:13.924 1044 1044 I ExplicitHealthCheckController: Explicit health check service is bound
08-30 00:52:13.925 2293 2293 I QCC:OmaDMNative: qcc_hidl_update_vendor_dropbox(), path=/data/misc/qdma/down/51 isEnabled=0
08-30 00:52:13.925 985 985 D QCC:qccvndhal: /data/vendor/qdma/down/51 is null
08-30 00:52:13.926 2293 2293 I QCC:OmaDMNative: qcc_hidl_update_vendor_dropbox() res=0
08-30 00:52:13.926 2293 2293 I QCC:Collector: deleteDir: /data/misc/qdma/down/102 already disabled
08-30 00:52:13.926 2293 2293 I QCC:Collector: deleteDir: /data/misc/qdma/down/104 already disabled
08-30 00:52:13.926 2293 2293 I QCC:Collector: deleteDir: /data/misc/qdma/down/1501 already disabled
01-01 08:21:59.276 0 0 E : INFO: trying to register non-static key.
01-01 08:21:59.281 0 0 E : the code is fine but needs lockdep annotation.
01-01 08:21:59.287 0 0 I : CPU: 4 PID: 292 Comm: kworker/u16:8 Tainted: G S W O 4.19.157+ #1
01-01 08:21:59.287 0 0 I Hardware name: Qualcomm Technologies, Inc. kona MTP-RmPM8150b (DT)
01-01 08:21:59.287 0 0 I Workqueue: events_unbound ion_system_secure_heap_prefetch_work
01-01 08:21:59.287 0 0 I Call trace:
01-01 08:21:59.287 0 0 I : dump_backtrace+0x0/0x258
01-01 08:21:59.287 0 0 I : show_stack+0x20/0x30
01-01 08:21:59.287 0 0 I : dump_stack+0xd8/0x12c
01-01 08:21:59.287 0 0 I : register_lock_class+0x4d0/0x5c8
01-01 08:21:59.287 0 0 I : __lock_acquire+0xbc/0x1e58
01-01 08:21:59.287 0 0 I : lock_acquire+0x1cc/0x218
01-01 08:21:59.287 0 0 I : _raw_spin_lock_irqsave+0x54/0x98
01-01 08:21:59.287 0 0 I : ion_system_secure_heap_prefetch_work+0x94/0x2c0
01-01 08:21:59.287 0 0 I : process_one_work+0x38c/0x660
01-01 08:21:59.287 0 0 I : worker_thread+0x268/0x4b8
01-01 08:21:59.287 0 0 I : kthread+0x140/0x150
01-01 08:21:59.287 0 0 I : ret_from_fork+0x10/0x1c
08-30 00:52:13.930 1350 1418 I OMXClient: IOmx service obtained
08-30 00:52:13.930 1372 1372 I OMXMaster: makeComponentInstance(OMX.qcom.video.encoder.hevc) in android.hardwar process
08-30 00:52:13.932 1044 1044 I ExplicitHealthCheckController: Explicit health check service is connected ComponentInfo{android.ext.services/android.ext.services.watchdog.ExplicitHealthCheckServiceImpl}
08-30 00:52:13.932 1044 1044 I ExplicitHealthCheckController: Service initialized, syncing requests
08-30 00:52:13.932 1882 1882 D CompatibilityChangeReporter: Compat change id reported: 170233598; UID 10087; state: DISABLED
08-30 00:52:13.932 1044 1044 I PackageWatchdog: Syncing health check requests for packages: {}
08-30 00:52:13.932 1044 1044 D ExplicitHealthCheckController: Getting health check supported packages
08-30 00:52:13.933 1044 2140 I ExplicitHealthCheckController: Explicit health check supported packages [PackageConfig{com.android.networkstack, 86400000}]
08-30 00:52:13.933 1044 2140 D PackageWatchdog: Received supported packages [PackageConfig{com.android.networkstack, 86400000}]
08-30 00:52:13.933 1044 2140 D ExplicitHealthCheckController: Getting health check requested packages
08-30 00:52:13.934 1044 2140 I ExplicitHealthCheckController: Explicit health check requested packages []
08-30 00:52:13.934 1044 2140 I ExplicitHealthCheckController: No more health check requests, unbinding...
08-30 00:52:13.936 1044 2140 I ExplicitHealthCheckController: Explicit health check service is unbound
08-30 00:52:13.940 2418 2418 W ContextImpl: Failed to ensure /data/user/0/com.android.launcher3/cache: mkdir failed: errno 126 (Required key not available)
08-30 00:52:13.941 2418 2418 W ContextImpl: Failed to update user.inode_cache: stat failed: ENOENT (No such file or directory)
08-30 00:52:13.946 2418 2418 V GraphicsEnvironment: ANGLE Developer option for 'com.android.launcher3' set to: 'default'
08-30 00:52:13.946 2293 2293 I QCC:OmaDMNative: qcc_hidl_update_vendor_dropbox(), path=/data/misc/qdma/down/1501 isEnabled=0
08-30 00:52:13.947 985 985 D QCC:qccvndhal: /data/vendor/qdma/down/1501 is null
08-30 00:52:13.947 2293 2293 I QCC:OmaDMNative: qcc_hidl_update_vendor_dropbox() res=0
08-30 00:52:13.947 2293 2293 I QCC:Collector: deleteDir: /data/misc/qdma/down/1502 already disabled
01-01 08:21:59.297 0 0 E : INFO: trying to register non-static key.
01-01 08:21:59.302 0 0 E : the code is fine but needs lockdep annotation.
01-01 08:21:59.307 0 0 I : CPU: 4 PID: 292 Comm: kworker/u16:8 Tainted: G S W O 4.19.157+ #1
01-01 08:21:59.307 0 0 I Hardware name: Qualcomm Technologies, Inc. kona MTP-RmPM8150b (DT)
01-01 08:21:59.307 0 0 I Workqueue: events_unbound ion_system_secure_heap_prefetch_work
01-01 08:21:59.307 0 0 I Call trace:
01-01 08:21:59.307 0 0 I : dump_backtrace+0x0/0x258
01-01 08:21:59.307 0 0 I : show_stack+0x20/0x30
01-01 08:21:59.307 0 0 I : dump_stack+0xd8/0x12c
01-01 08:21:59.307 0 0 I : register_lock_class+0x4d0/0x5c8
01-01 08:21:59.307 0 0 I : __lock_acquire+0xbc/0x1e58
01-01 08:21:59.307 0 0 I : lock_acquire+0x1cc/0x218
01-01 08:21:59.307 0 0 I : _raw_spin_lock_irqsave+0x54/0x98
01-01 08:21:59.307 0 0 I : ion_system_secure_heap_prefetch_work+0x94/0x2c0
01-01 08:21:59.307 0 0 I : process_one_work+0x38c/0x660
01-01 08:21:59.307 0 0 I : worker_thread+0x268/0x4b8
01-01 08:21:59.307 0 0 I : kthread+0x140/0x150
01-01 08:21:59.307 0 0 I : ret_from_fork+0x10/0x1c
08-30 00:52:13.948 2418 2418 V GraphicsEnvironment: ANGLE GameManagerService for com.android.launcher3: false
08-30 00:52:13.949 1044 1178 I DropBoxManagerService: add tag=system_app_strictmode isTagEnabled=true flags=0x2
08-30 00:52:13.950 2418 2418 D NetworkSecurityConfig: No Network Security Config specified, using platform default
08-30 00:52:13.950 2418 2418 D NetworkSecurityConfig: No Network Security Config specified, using platform default
08-30 00:52:13.950 1044 1827 I AS.BtHelper: In resetBluetoothSco(), calling clearAllScoClients()
08-30 00:52:13.951 823 1826 D audio_hw_primary: adev_set_parameters: enter: BT_SCO=off
08-30 00:52:13.952 823 1826 D audio_hw_hfp: hfp_set_parameters: enter
08-30 00:52:13.952 823 1826 D audio_hw_extn: audio_extn_fm_set_parameters: Enter
08-30 00:52:13.954 1044 1827 I AS.AudioDeviceInventory: removePreferredDevicesForStrategySync, strategy: 15
08-30 00:52:13.957 684 759 I netd : networkAddInterface(100, eth0) <39.82ms>
08-30 00:52:13.959 515 515 I hwservicemanager: Since vendor.qti.hardware.iop@2.0::IIop/default is not registered, trying to start it as a lazy HAL.
08-30 00:52:13.959 2293 2293 I QCC:OmaDMNative: qcc_hidl_update_vendor_dropbox(), path=/data/misc/qdma/down/1502 isEnabled=0
08-30 00:52:13.959 985 985 D QCC:qccvndhal: /data/vendor/qdma/down/1502 is null
08-30 00:52:13.959 2293 2293 I QCC:OmaDMNative: qcc_hidl_update_vendor_dropbox() res=0
08-30 00:52:13.960 1372 1372 I android.hardware.media.omx@1.0-service: vendor/qcom/proprietary/adsprpc/src/rpcmem_android.c:159: rpcmem_init_internal: opened ION device fd 7, configured heap IDs: system (0x2000000), contig (0x400000), secure (0x200), secure flags (0x80080000)
08-30 00:52:13.960 2293 2293 I QCC:Collector: deleteDir: /data/misc/qdma/down/1503 already disabled
08-30 00:52:13.960 1372 1372 I android.hardware.media.omx@1.0-service: vendor/qcom/proprietary/adsprpc/src/fastrpc_apps_user.c:3087: fastrpc_apps_user_init done with default domain:3 and &fastrpc_trace:0xf25f3c1c
08-30 00:52:13.960 1359 1359 E ANDR-IOP: IIop:: Iop HAL Service is not available.
08-30 00:52:13.961 684 684 I netd : networkAddRouteParcel(100, RouteInfoParcel{destination: fe80::/64, ifName: eth0, nextHop: , mtu: 0}) <2.08ms>
08-30 00:52:13.962 1044 1178 I DropBoxManagerService: add tag=system_app_strictmode isTagEnabled=true flags=0x2
08-30 00:52:13.962 684 684 I netd : networkAddRouteParcel(100, RouteInfoParcel{destination: 192.168.1.0/24, ifName: eth0, nextHop: , mtu: 0}) <0.85ms>
08-30 00:52:13.964 684 684 I netd : networkAddRouteParcel(100, RouteInfoParcel{destination: 0.0.0.0/0, ifName: eth0, nextHop: 192.168.1.1, mtu: 0}) <0.81ms>
08-30 00:52:13.964 1044 1753 D ConnectivityService: Setting DNS servers for network 100 to [/192.168.1.1]
08-30 00:52:13.965 2293 2293 I QCC:OmaDMNative: qcc_hidl_update_vendor_dropbox(), path=/data/misc/qdma/down/1503 isEnabled=0
08-30 00:52:13.965 1044 1753 D DnsManager: sendDnsConfigurationForNetwork(100, [192.168.1.1], [], 1800, 25, 8, 64, 0, 0, , [192.168.1.1])
08-30 00:52:13.965 985 985 D QCC:qccvndhal: /data/vendor/qdma/down/1503 is null
08-30 00:52:13.965 2293 2293 I QCC:OmaDMNative: qcc_hidl_update_vendor_dropbox() res=0
08-30 00:52:13.965 684 755 D resolv : PrivateDnsConfiguration::set(100, 0xf0064, 1, )
08-30 00:52:13.966 684 755 I resolv : resolv_set_nameservers: netId = 100, numservers = 1
08-30 00:52:13.966 684 755 D resolv : android_getaddrinfofornetcontext: explore_numeric: ai_family=10 ai_socktype=2 ai_protocol=17
08-30 00:52:13.966 684 755 D resolv : explore_numeric_scope
08-30 00:52:13.966 684 755 D resolv : android_getaddrinfofornetcontext: explore_numeric: ai_family=2 ai_socktype=2 ai_protocol=17
08-30 00:52:13.966 684 755 D resolv : explore_numeric_scope
08-30 00:52:13.966 684 755 I netd : DnsResolverService::setResolverConfiguration(100, [192.168.1.1], [], 1800, 25, 8, 64, 0, 0, "", [192.168.1.1]) -> (0) (0.2ms)
08-30 00:52:13.966 684 755 I netd : setResolverConfiguration(ResolverParamsParcel{netId: 100, sampleValiditySeconds: 1800, successThreshold: 25, minSamples: 8, maxSamples: 64, baseTimeoutMsec: 0, retryCount: 0, servers: [192.168.1.1], domains: [], tlsName: , tlsServers: [192.168.1.1], tlsFingerprints: [], caCertificate: , tlsConnectTimeoutMs: 0, resolverOptions: (null), transportTypes: [3]}) <0.29ms>
08-30 00:52:13.966 2293 2293 I QCC:Collector: calling forceDisableQdmaStatsD
08-30 00:52:13.966 2293 2293 I QCC:Collector: calling forceDisabledAllCollectors
01-01 08:21:59.329 0 0 I : ueventd (2467) used greatest stack depth: 9584 bytes left
08-30 00:52:13.967 2293 2293 I QCC:Collector: deleteDir: /data/misc/qdma/down/1 already disabled
08-30 00:52:13.970 515 2468 W libc : Unable to set property "ctl.interface_start" to "vendor.qti.hardware.iop@2.0::IIop/default": error code: 0x20
08-30 00:52:13.970 1044 1753 W BestClock: java.time.DateTimeException: Missing NTP fix
08-30 00:52:13.970 515 2468 I hwservicemanager: Tried to start vendor.qti.hardware.iop@2.0::IIop/default as a lazy service, but was unable to. Usually this happens when a service is not installed, but if the service is intended to be used as a lazy service, then it may be configured incorrectly.
08-30 00:52:13.971 684 759 I netd : trafficSwapActiveStatsMap() <0.79ms>
08-30 00:52:13.972 1044 1178 I DropBoxManagerService: add tag=system_app_strictmode isTagEnabled=true flags=0x2
08-30 00:52:13.973 1372 1372 D PlatformConfig: getInstance: Enter
08-30 00:52:13.974 1372 1372 D PlatformConfig: getInt32 Config name: vidc_perf_control_enable value: 0
08-30 00:52:13.974 1372 1372 D PlatformConfig: getInstance: Enter
08-30 00:52:13.974 1044 1178 I DropBoxManagerService: add tag=system_app_strictmode isTagEnabled=true flags=0x2
08-30 00:52:13.975 2293 2293 I QCC:OmaDMNative: qcc_hidl_update_vendor_dropbox(), path=/data/misc/qdma/down/1 isEnabled=0
08-30 00:52:13.975 985 985 D QCC:qccvndhal: /data/vendor/qdma/down/1 is null
08-30 00:52:13.975 2293 2293 I QCC:OmaDMNative: qcc_hidl_update_vendor_dropbox() res=0
08-30 00:52:13.975 2293 2293 I QCC:Collector: deleteDir: /data/misc/qdma/down/3 already disabled
08-30 00:52:13.974 1372 1372 D PlatformConfig: getInt32: Returning default
08-30 00:52:13.976 1372 1372 D PlatformConfig: getInstance: Enter
08-30 00:52:13.976 1372 1372 D PlatformConfig: getInt32 Config name: vidc_enc_log_in value: 0
08-30 00:52:13.976 1372 1372 D PlatformConfig: getInstance: Enter
08-30 00:52:13.976 1372 1372 D PlatformConfig: getInt32 Config name: vidc_enc_log_out value: 0
08-30 00:52:13.976 1372 1372 D PlatformConfig: getInstance: Enter
08-30 00:52:13.976 1372 1372 D PlatformConfig: getInt32 Config name: vidc_enc_csc_custom_matrix value: 0
08-30 00:52:13.976 1372 1372 D PlatformConfig: getInstance: Enter
08-30 00:52:13.976 1372 1372 D PlatformConfig: getInt32 Config name: vidc_enc_auto_blur_disable value: 0
08-30 00:52:13.976 1372 1372 D PlatformConfig: getInstance: Enter
08-30 00:52:13.976 1372 1372 D PlatformConfig: getInt32: Returning default
08-30 00:52:13.976 1372 1372 D PlatformConfig: getInstance: Enter
08-30 00:52:13.976 1372 1372 D PlatformConfig: getInt32 Config name: vidc_enc_linear_color_format value: 0
08-30 00:52:13.976 1372 1372 D PlatformConfig: getInstance: Enter
08-30 00:52:13.976 1372 1372 D PlatformConfig: getInt32 Config name: vidc_enc_bitrate_savings_enable value: 3
08-30 00:52:13.976 1372 1372 D PlatformConfig: getInstance: Enter
08-30 00:52:13.976 1372 1372 D PlatformConfig: getInt32 Config name: vidc_enc_quality_boost_enable value: 1
08-30 00:52:13.978 2293 2293 I QCC:OmaDMNative: qcc_hidl_update_vendor_dropbox(), path=/data/misc/qdma/down/3 isEnabled=0
08-30 00:52:13.978 985 985 D QCC:qccvndhal: /data/vendor/qdma/down/3 is null
08-30 00:52:13.978 2293 2293 I QCC:OmaDMNative: qcc_hidl_update_vendor_dropbox() res=0
08-30 00:52:13.978 2293 2293 I QCC:Collector: deleteDir: /data/misc/qdma/down/1500 already disabled
08-30 00:52:13.980 2293 2293 I QCC:OmaDMNative: qcc_hidl_update_vendor_dropbox(), path=/data/misc/qdma/down/1500 isEnabled=0
08-30 00:52:13.980 985 985 D QCC:qccvndhal: /data/vendor/qdma/down/1500 is null
08-30 00:52:13.980 2293 2293 I QCC:OmaDMNative: qcc_hidl_update_vendor_dropbox() res=0
08-30 00:52:13.980 2293 2293 I QCC:Collector: deleteDir: /data/misc/qdma/down/1504 already disabled
08-30 00:52:13.981 684 2469 I netd : tetherGetStats() -> {[]} <2.12ms>
01-01 08:21:59.331 0 0 E : INFO: trying to register non-static key.
01-01 08:21:59.336 0 0 I msm_vidc: high: 00000001: ....e: Opening video instance: ffffffce96da4000, 0
01-01 08:21:59.336 0 0 E : the code is fine but needs lockdep annotation.
08-30 00:52:13.982 2293 2293 I QCC:OmaDMNative: qcc_hidl_update_vendor_dropbox(), path=/data/misc/qdma/down/1504 isEnabled=0
08-30 00:52:13.982 985 985 D QCC:qccvndhal: /data/vendor/qdma/down/1504 is null
08-30 00:52:13.982 2293 2293 I QCC:OmaDMNative: qcc_hidl_update_vendor_dropbox() res=0
08-30 00:52:13.982 2293 2293 I QCC:Collector: deleteDir: /data/misc/qdma/down/6 already disabled
08-30 00:52:13.987 2293 2293 I QCC:OmaDMNative: qcc_hidl_update_vendor_dropbox(), path=/data/misc/qdma/down/6 isEnabled=0
08-30 00:52:13.987 985 985 D QCC:qccvndhal: /data/vendor/qdma/down/6 is null
08-30 00:52:13.987 2293 2293 I QCC:OmaDMNative: qcc_hidl_update_vendor_dropbox() res=0
08-30 00:52:13.987 2293 2293 I QCC:Collector: deleteDir: /data/misc/qdma/down/51 already disabled
08-30 00:52:13.990 974 1124 I SDM : HWCDisplay::GetColorModeCount: Supported color mode count = 1
08-30 00:52:13.990 974 1124 I SDM : HWCDisplay::GetColorModes: Color mode = 0 is supported
01-01 08:21:59.336 0 0 I : CPU: 4 PID: 292 Comm: kworker/u16:8 Tainted: G S W O 4.19.157+ #1
01-01 08:21:59.342 0 0 I Hardware name: Qualcomm Technologies, Inc. kona MTP-RmPM8150b (DT)
01-01 08:21:59.342 0 0 I Workqueue: events_unbound ion_system_secure_heap_prefetch_work
01-01 08:21:59.342 0 0 I Call trace:
01-01 08:21:59.342 0 0 I : dump_backtrace+0x0/0x258
01-01 08:21:59.342 0 0 I : show_stack+0x20/0x30
01-01 08:21:59.342 0 0 I : dump_stack+0xd8/0x12c
01-01 08:21:59.342 0 0 I : register_lock_class+0x4d0/0x5c8
01-01 08:21:59.342 0 0 I : __lock_acquire+0xbc/0x1e58
01-01 08:21:59.342 0 0 I : lock_acquire+0x1cc/0x218
01-01 08:21:59.342 0 0 I : _raw_spin_lock_irqsave+0x54/0x98
01-01 08:21:59.342 0 0 I : ion_system_secure_heap_prefetch_work+0x94/0x2c0
01-01 08:21:59.342 0 0 I : process_one_work+0x38c/0x660
01-01 08:21:59.342 0 0 I : worker_thread+0x268/0x4b8
01-01 08:21:59.342 0 0 I : kthread+0x140/0x150
01-01 08:21:59.342 0 0 I : ret_from_fork+0x10/0x1c
01-01 08:21:59.342 0 0 D : mv2112_read_status
01-01 08:21:59.342 0 0 D mv2112_update_link: 3.0x901(1G): 0x4
01-01 08:21:59.343 0 0 D mv2112_update_link: 3.0x8109(100M): 0x8
01-01 08:21:59.343 0 0 D mv2112_update_link: link 0x4
01-01 08:21:59.343 0 0 D mv2112_read_status: autoneg is disabled
08-30 00:52:13.990 1067 1115 E HWComposer: getSupportedContentTypes: getSupportedContentTypes failed for display 4630946370410392961: Unsupported (8)
01-01 08:21:59.352 0 0 I binder : 2342:2436 ioctl 40046210 75be3bf1f4 returned -22
08-30 00:52:13.992 2342 2436 D hw-ProcessState: Binder ioctl to enable oneway spam detection failed: Invalid argument
08-30 00:52:13.993 2293 2293 I QCC:OmaDMNative: qcc_hidl_update_vendor_dropbox(), path=/data/misc/qdma/down/51 isEnabled=0
08-30 00:52:13.993 985 985 D QCC:qccvndhal: /data/vendor/qdma/down/51 is null
08-30 00:52:13.993 2293 2293 I QCC:OmaDMNative: qcc_hidl_update_vendor_dropbox() res=0
08-30 00:52:13.994 2293 2293 I QCC:Collector: deleteDir: /data/misc/qdma/down/102 already disabled
08-30 00:52:13.994 2293 2293 I QCC:Collector: deleteDir: /data/misc/qdma/down/104 already disabled
08-30 00:52:13.995 2293 2293 I QCC:Collector: deleteDir: /data/misc/qdma/down/1501 already disabled
01-01 08:21:59.354 0 0 E : INFO: trying to register non-static key.
08-30 00:52:13.995 1372 1372 I OMX-VENC: Component_init : OMX.qcom.video.encoder.hevc : return = 0x0
08-30 00:52:13.997 1372 2410 I OMX-VENC: venc_dev: v4l2 profile : 0 flags : 7
08-30 00:52:13.997 1372 2410 I OMX-VENC: venc_dev: v4l2 profile : 2 flags : 7
08-30 00:52:13.998 1372 2410 I OMX-VENC: venc_dev: v4l2 profile : 1 flags : 7
08-30 00:52:13.998 1372 2410 I OMX-VENC: venc_dev: v4l2 profile : 2 flags : 7
08-30 00:52:13.999 1372 2410 I OMX-VENC: venc_dev: v4l2 profile : 2 flags : 7
08-30 00:52:14.000 1044 1753 W BestClock: java.time.DateTimeException: Missing NTP fix
08-30 00:52:14.001 1350 1418 W OMXUtils: do not know color format 0x7fa30c06 = 2141391878
08-30 00:52:14.001 1044 1753 I netstats_mobile_sample: [0,0,0,0,0,0,0,0,0,0,0,0,1661791934001]
08-30 00:52:14.001 1044 1753 I netstats_wifi_sample: [0,0,0,0,0,0,0,0,0,0,0,0,1661791934001]
08-30 00:52:14.002 1350 1418 W OMXUtils: do not know color format 0x7fa30c04 = 2141391876
08-30 00:52:14.003 1350 1418 W OMXUtils: do not know color format 0x7fa30c00 = 2141391872
08-30 00:52:14.003 1044 1753 D ConnectivityService: NetReassign [22 : null → 100, 15 : null → 100, 7 : null → 100, 19 : null → 100, 17 : null → 100, 24 : null → 100, 1 : null → 100]
08-30 00:52:14.003 1044 1734 W BestClock: java.time.DateTimeException: Missing NTP fix
01-01 08:21:59.359 0 0 E : the code is fine but needs lockdep annotation.
01-01 08:21:59.361 0 0 I [kworke][0x548f8281][00:52:14.002542] wlan: [335:I:HDD] hdd_pm_qos_add_request: 9360: Set cpu_mask 0f for affine_cores
01-01 08:21:59.364 0 0 I : CPU: 4 PID: 292 Comm: kworker/u16:8 Tainted: G S W O 4.19.157+ #1
01-01 08:21:59.364 0 0 I Hardware name: Qualcomm Technologies, Inc. kona MTP-RmPM8150b (DT)
01-01 08:21:59.364 0 0 I Workqueue: events_unbound ion_system_secure_heap_prefetch_work
01-01 08:21:59.364 0 0 I Call trace:
01-01 08:21:59.364 0 0 I : dump_backtrace+0x0/0x258
01-01 08:21:59.364 0 0 I : show_stack+0x20/0x30
01-01 08:21:59.364 0 0 I : dump_stack+0xd8/0x12c
01-01 08:21:59.364 0 0 I : register_lock_class+0x4d0/0x5c8
01-01 08:21:59.364 0 0 I : __lock_acquire+0xbc/0x1e58
01-01 08:21:59.364 0 0 I : lock_acquire+0x1cc/0x218
01-01 08:21:59.364 0 0 I : _raw_spin_lock_irqsave+0x54/0x98
01-01 08:21:59.364 0 0 I [kworke][0x54905fa1][00:52:14.005490] wlan: [335:I:HDD] hdd_pm_qos_add_request: 9362: Set cpu_mask 0f for affine_cores
01-01 08:21:59.364 0 0 I : ion_system_secure_heap_prefetch_work+0x94/0x2c0
01-01 08:21:59.364 0 0 I : process_one_work+0x38c/0x660
01-01 08:21:59.364 0 0 I : worker_thread+0x268/0x4b8
01-01 08:21:59.364 0 0 I : kthread+0x140/0x150
01-01 08:21:59.364 0 0 I : ret_from_fork+0x10/0x1c
01-01 08:21:59.365 0 0 D cnss : Sending ini sync request, state: 0x17, fw_log_mode: 1
08-30 00:52:14.004 1044 1753 D ConnectivityService: Switching to new default network for: uid/pid:1000/1044 activeRequest: 1 callbackRequest: 1 [NetworkRequest [ REQUEST id=1, [ Capabilities: INTERNET&NOT_RESTRICTED&TRUSTED&NOT_VPN&NOT_VCN_MANAGED RequestorUid: 1000 RequestorPkg: android] ]] callback flags: 1 priority: 2147483647 using NetworkAgentInfo{network{100} handle{432902426637} ni{Ethernet CONNECTED extra: 00:80:0f:74:31:00} Score(70 ; KeepConnected : 0 ; Policies : IS_UNMETERED) lp{{InterfaceName: eth0 LinkAddresses: [ fe80::9f5c:a99d:246d:f633/64,192.168.1.100/24 ] DnsAddresses: [ /192.168.1.1 ] Domains: null MTU: 0 ServerAddress: /192.168.1.1 TcpBufferSizes: 524288,1048576,3145728,524288,1048576,2097152 Routes: [ fe80::/64 -> :: eth0 mtu 0,192.168.1.0/24 -> 0.0.0.0 eth0 mtu 0,0.0.0.0/0 -> 192.168.1.1 eth0 mtu 0 ]}} nc{[ Transports: ETHERNET Capabilities: NOT_METERED&INTERNET&NOT_RESTRICTED&TRUSTED&NOT_VPN&NOT_ROAMING&FOREGROUND&NOT_CONGESTED&NOT_SUSPENDED&NOT_VCN_MANAGED LinkUpBandwidth>=100000Kbps LinkDnBandwidth>=100000Kbps]}}
08-30 00:52:14.004 1350 1418 W OMXUtils: do not know color format 0x7fa30c09 = 2141391881
01-01 08:21:59.371 0 0 I [kworke][0x54924477][00:52:14.011954] wlan: [335:I:HIF] Initializing Runtime PM wakelock &sc->prevent_linkdown_lock
01-01 08:21:59.371 0 0 I [kworke][0x54924820][00:52:14.012002] wlan: [335:I:HIF] hif_pci_enable_bus: con_mode = 0x0, WLAN_SOC_device_id = 0x1101
01-01 08:21:59.371 0 0 I [kworke][0x54924947][00:52:14.012017] wlan: [335:I:HIF] hif_pci_enable_bus: hif_enable_pci done
08-30 00:52:14.004 684 2469 I netd : networkSetDefault(100) <0.58ms>
08-30 00:52:14.005 1350 1418 W OMXUtils: do not know color format 0x7fa30c0a = 2141391882
08-30 00:52:14.005 684 2469 I netd : setTcpRWmemorySize(524288 1048576 3145728, 524288 1048576 2097152) <0.36ms>
08-30 00:52:14.005 1044 1734 W BestClock: java.time.DateTimeException: Missing NTP fix
08-30 00:52:14.005 515 515 I hwservicemanager: getTransport: Cannot find entry android.hardware.graphics.mapper@4.0::IMapper/default in either framework or device VINTF manifest.
01-01 08:21:59.371 0 0 I [kworke][0x5492653a][00:52:14.012390] wlan: [335:I:HIF] *********** QCA6390 *************
01-01 08:21:59.371 0 0 I [kworke][0x549265da][00:52:14.012398] wlan: [335:I:HIF] hif_pci_enable_bus: hif_type = 0x12, target_type = 0x17
01-01 08:21:59.371 0 0 I [kworke][0x549266c6][00:52:14.012410] wlan: [335:I:HIF] hif_register_tbl_attach: HIF_TYPE_QCA6390
01-01 08:21:59.371 0 0 I [kworke][0x5492675a][00:52:14.012418] wlan: [335:I:HIF] hif_target_register_tbl_attach: TARGET_TYPE_QCA6390
01-01 08:21:59.371 0 0 I [kworke][0x549267f0][00:52:14.012426] wlan: [335:I:HIF] hif_pci_enable_bus:Skip tgt_wake up for srng devices
01-01 08:21:59.372 0 0 E [kworke][0x5492880c][00:52:14.012854] wlan: [335:E:TXRX] hif_print_hal_shadow_register_cfg: num_config 28
08-30 00:52:14.006 2342 2471 I Gralloc4: mapper 4.x is not supported
08-30 00:52:14.006 2293 2293 I QCC:OmaDMNative: qcc_hidl_update_vendor_dropbox(), path=/data/misc/qdma/down/1501 isEnabled=0
08-30 00:52:14.006 985 985 D QCC:qccvndhal: /data/vendor/qdma/down/1501 is null
08-30 00:52:14.006 2293 2293 I QCC:OmaDMNative: qcc_hidl_update_vendor_dropbox() res=0
08-30 00:52:14.011 2293 2293 I QCC:Collector: deleteDir: /data/misc/qdma/down/1502 already disabled
08-30 00:52:14.012 515 515 I hwservicemanager: getTransport: Cannot find entry android.hardware.graphics.allocator@4.0::IAllocator/default in either framework or device VINTF manifest.
08-30 00:52:14.012 2342 2471 W Gralloc4: allocator 4.x is not supported
08-30 00:52:14.012 1350 1418 W OMXUtils: do not know color format 0x7fa30c08 = 2141391880
08-30 00:52:14.013 1044 1753 W BestClock: java.time.DateTimeException: Missing NTP fix
08-30 00:52:14.014 1350 1418 W OMXUtils: do not know color format 0x7fa30c07 = 2141391879
08-30 00:52:14.015 1350 1418 W OMXUtils: do not know color format 0x7f000789 = 2130708361
08-30 00:52:14.017 1372 2473 E OMX-VENC: venc_dev: async_venc_message_thread interrupted to be exited
08-30 00:52:14.018 2293 2293 I QCC:OmaDMNative: qcc_hidl_update_vendor_dropbox(), path=/data/misc/qdma/down/1502 isEnabled=0
08-30 00:52:14.019 985 985 D QCC:qccvndhal: /data/vendor/qdma/down/1502 is null
08-30 00:52:14.019 2293 2293 I QCC:OmaDMNative: qcc_hidl_update_vendor_dropbox() res=0
08-30 00:52:14.020 2293 2293 I QCC:Collector: deleteDir: /data/misc/qdma/down/1503 already disabled
01-01 08:21:59.381 0 0 E : INFO: trying to register non-static key.
01-01 08:21:59.382 0 0 I msm_vidc: high: 00000001: h265e: Closed video instance: ffffffce96da4000
08-30 00:52:14.023 1372 2410 I OMX-VENC: Component Deinit
08-30 00:52:14.025 2293 2293 I QCC:OmaDMNative: qcc_hidl_update_vendor_dropbox(), path=/data/misc/qdma/down/1503 isEnabled=0
08-30 00:52:14.026 985 985 D QCC:qccvndhal: /data/vendor/qdma/down/1503 is null
08-30 00:52:14.026 2293 2293 I QCC:OmaDMNative: qcc_hidl_update_vendor_dropbox() res=0
08-30 00:52:14.029 684 2469 I netd : trafficSwapActiveStatsMap() <16.16ms>
08-30 00:52:14.030 2131 2477 D NetworkMonitor/100: Validation disabled.
08-30 00:52:14.033 1372 2410 I android.hardware.media.omx@1.0-service: vendor/qcom/proprietary/adsprpc/src/rpcmem_android.c:192: rpcmem_deinit_internal: closed ION fd 7
08-30 00:52:14.033 1372 2410 I android.hardware.media.omx@1.0-service: vendor/qcom/proprietary/adsprpc/src/fastrpc_apps_user.c:3019: fastrpc_apps_user_deinit done
08-30 00:52:14.030 2293 2293 W QCC:Collector: enable: already enabled /data/misc/qdma/down/200
01-01 08:21:59.388 0 0 E : the code is fine but needs lockdep annotation.
01-01 08:21:59.393 0 0 I : CPU: 6 PID: 292 Comm: kworker/u16:8 Tainted: G S W O 4.19.157+ #1
01-01 08:21:59.393 0 0 I Hardware name: Qualcomm Technologies, Inc. kona MTP-RmPM8150b (DT)
01-01 08:21:59.393 0 0 I Workqueue: events_unbound ion_system_secure_heap_prefetch_work
01-01 08:21:59.393 0 0 I Call trace:
01-01 08:21:59.393 0 0 I : dump_backtrace+0x0/0x258
01-01 08:21:59.393 0 0 I : show_stack+0x20/0x30
01-01 08:21:59.393 0 0 I : dump_stack+0xd8/0x12c
01-01 08:21:59.393 0 0 I : register_lock_class+0x4d0/0x5c8
01-01 08:21:59.393 0 0 I : __lock_acquire+0xbc/0x1e58
01-01 08:21:59.393 0 0 I : lock_acquire+0x1cc/0x218
01-01 08:21:59.393 0 0 I : _raw_spin_lock_irqsave+0x54/0x98
01-01 08:21:59.393 0 0 I : ion_system_secure_heap_prefetch_work+0x94/0x2c0
01-01 08:21:59.393 0 0 I : process_one_work+0x38c/0x660
01-01 08:21:59.393 0 0 I : worker_thread+0x268/0x4b8
01-01 08:21:59.393 0 0 I : kthread+0x140/0x150
01-01 08:21:59.393 0 0 I : ret_from_fork+0x10/0x1c
01-01 08:21:59.394 0 0 I [kworke][0x54990c79][00:52:14.035101] wlan: [335:I:TXRX] hif_print_hal_shadow_register_cfg: i 0, val a3b034
01-01 08:21:59.394 0 0 I [kworke][0x54990db5][00:52:14.035116] wlan: [335:I:TXRX] hif_print_hal_shadow_register_cfg: i 1, val a3b03c
01-01 08:21:59.394 0 0 I [kworke][0x54990e6e][00:52:14.035126] wlan: [335:I:TXRX] hif_print_hal_shadow_register_cfg: i 2, val a3b044
01-01 08:21:59.394 0 0 I [kworke][0x54990f1f][00:52:14.035135] wlan: [335:I:TXRX] hif_print_hal_shadow_register_cfg: i 3, val a3b04c
01-01 08:21:59.394 0 0 I [kworke][0x54990fce][00:52:14.035144] wlan: [335:I:TXRX] hif_print_hal_shadow_register_cfg: i 4, val a3b054
01-01 08:21:59.394 0 0 I [kworke][0x5499107d][00:52:14.035153] wlan: [335:I:TXRX] hif_print_hal_shadow_register_cfg: i 5, val a3b028
01-01 08:21:59.394 0 0 I [kworke][0x54991129][00:52:14.035162] wlan: [335:I:TXRX] hif_print_hal_shadow_register_cfg: i 6, val a3b020
01-01 08:21:59.394 0 0 I [kworke][0x549911bb][00:52:14.035170] wlan: [335:I:TXRX] hif_print_hal_shadow_register_cfg: i 7, val a3b06c
01-01 08:21:59.394 0 0 I [kworke][0x54991242][00:52:14.035177] wlan: [335:I:TXRX] hif_print_hal_shadow_register_cfg: i 8, val a46000
01-01 08:21:59.394 0 0 I [kworke][0x549912c3][00:52:14.035184] wlan: [335:I:TXRX] hif_print_hal_shadow_register_cfg: i 9, val a46008
01-01 08:21:59.394 0 0 I [kworke][0x54991347][00:52:14.035190] wlan: [335:I:TXRX] hif_print_hal_shadow_register_cfg: i 10, val a46010
01-01 08:21:59.394 0 0 I [kworke][0x549913cc][00:52:14.035197] wlan: [335:I:TXRX] hif_print_hal_shadow_register_cfg: i 11, val a46018
01-01 08:21:59.394 0 0 I [kworke][0x54991453][00:52:14.035204] wlan: [335:I:TXRX] hif_print_hal_shadow_register_cfg: i 12, val a46034
01-01 08:21:59.394 0 0 I [kworke][0x549914da][00:52:14.035211] wlan: [335:I:TXRX] hif_print_hal_shadow_register_cfg: i 13, val a370b0
01-01 08:21:59.394 0 0 I [kworke][0x54991561][00:52:14.035218] wlan: [335:I:TXRX] hif_print_hal_shadow_register_cfg: i 14, val a37018
01-01 08:21:59.394 0 0 I [kworke][0x549915e3][00:52:14.035225] wlan: [335:I:TXRX] hif_print_hal_shadow_register_cfg: i 15, val a370c4
01-01 08:21:59.394 0 0 I [kworke][0x54991666][00:52:14.035232] wlan: [335:I:TXRX] hif_print_hal_shadow_register_cfg: i 16, val a370cc
01-01 08:21:59.394 0 0 I [kworke][0x549916e7][00:52:14.035239] wlan: [335:I:TXRX] hif_print_hal_shadow_register_cfg: i 17, val a370d4
01-01 08:21:59.394 0 0 I [kworke][0x54991cbd][00:52:14.035316] wlan: [335:I:TXRX] hif_print_hal_shadow_register_cfg: i 18, val a370dc
01-01 08:21:59.394 0 0 I [kworke][0x54991d41][00:52:14.035323] wlan: [335:I:TXRX] hif_print_hal_shadow_register_cfg: i 19, val a00400
01-01 08:21:59.394 0 0 I [kworke][0x54991dc6][00:52:14.035330] wlan: [335:I:TXRX] hif_print_hal_shadow_register_cfg: i 20, val a03400
01-01 08:21:59.394 0 0 I [kworke][0x54991e47][00:52:14.035337] wlan: [335:I:TXRX] hif_print_hal_shadow_register_cfg: i 21, val a0340c
01-01 08:21:59.394 0 0 I [kworke][0x54991ec8][00:52:14.035344] wlan: [335:I:TXRX] hif_print_hal_shadow_register_cfg: i 22, val a05400
01-01 08:21:59.394 0 0 I [kworke][0x54991f47][00:52:14.035350] wlan: [335:I:TXRX] hif_print_hal_shadow_register_cfg: i 23, val a0540c
01-01 08:21:59.394 0 0 I [kworke][0x54991fc6][00:52:14.035357] wlan: [335:I:TXRX] hif_print_hal_shadow_register_cfg: i 24, val a06400
01-01 08:21:59.394 0 0 I [kworke][0x54992045][00:52:14.035364] wlan: [335:I:TXRX] hif_print_hal_shadow_register_cfg: i 25, val a08400
01-01 08:21:59.394 0 0 I [kworke][0x549920c4][00:52:14.035370] wlan: [335:I:TXRX] hif_print_hal_shadow_register_cfg: i 26, val a0b400
01-01 08:21:59.394 0 0 I [kworke][0x54992146][00:52:14.035377] wlan: [335:I:TXRX] hif_print_hal_shadow_register_cfg: i 27, val a0b40c
01-01 08:21:59.394 0 0 D cnss : Mode: 0, config: ffffff801b02b7b8, host_version: 5.2.022.10G
01-01 08:21:59.394 0 0 D cnss : Sending WLAN config message, state: 0x17
01-01 08:21:59.399 0 0 D cnss : Sending mode message, mode: MISSION(0), state: 0x17
08-30 00:52:14.038 1882 1882 D NavigationModeController: getCurrentInteractionMode: mode=2 contextUser=0
08-30 00:52:14.040 2131 2459 W UnsafeUtil: platform method missing - proto runtime falling back to safer methods: java.lang.NoSuchMethodException: sun.misc.Unsafe.copyMemory [class java.lang.Object, long, class java.lang.Object, long, long]
08-30 00:52:14.040 684 2469 I netd : tetherGetStats() -> {[]} <8.55ms>
08-30 00:52:14.044 2293 2293 W QCC:Collector: enable: already enabled /data/misc/qdma/down/101
08-30 00:52:14.044 1044 1753 W BestClock: java.time.DateTimeException: Missing NTP fix
08-30 00:52:14.044 1044 1753 I netstats_mobile_sample: [0,0,0,0,0,0,0,0,0,0,0,0,1661791934044]
08-30 00:52:14.044 1044 1753 I netstats_wifi_sample: [0,0,0,0,0,0,0,0,0,0,0,0,1661791934044]
08-30 00:52:14.047 1044 1734 W BestClock: java.time.DateTimeException: Missing NTP fix
08-30 00:52:14.047 1044 1987 D NetworkTimeUpdateService: New default network 100; checking time.
08-30 00:52:14.047 2131 2251 D UpstreamNetworkMonitor: New default Internet network: 100
08-30 00:52:14.047 1044 1753 D ConnectivityService: Sending CONNECTED broadcast for type 9 [100 ETHERNET] isDefaultNetwork=true
08-30 00:52:14.048 1044 1753 W ContextImpl: Calling a method in the system process without a qualified user: android.app.ContextImpl.sendStickyBroadcast:1559 com.android.server.ConnectivityService.sendStickyBroadcast:2811 com.android.server.ConnectivityService.sendGeneralBroadcast:2786 com.android.server.ConnectivityService.sendConnectedBroadcast:2759 com.android.server.ConnectivityService.sendLegacyNetworkBroadcast:8704
08-30 00:52:14.049 1044 1753 D ConnectivityService: [100 ETHERNET] validation passed
08-30 00:52:14.050 1044 1753 D ConnectivityService: NetReassign [no changes]
08-30 00:52:14.051 1044 1044 I SyncManager: Loaded persisted syncs: 0 periodic syncs, 0 oneshot syncs, 11 total system server jobs, JobStats: FirstLoad: 5/4/0 LastSave: -1/-1/-1
08-30 00:52:14.052 1044 1734 W BestClock: java.time.DateTimeException: Missing NTP fix
08-30 00:52:14.052 1044 1179 I ActivityManagerTiming: FinishBooting
08-30 00:52:14.052 1044 1179 I boot_progress_enable_screen: 61798
08-30 00:52:14.054 2293 2293 I QCC:OmaDMNative: qcc_hidl_update_vendor_dropbox(), path=/data/misc/qdma/down/101 isEnabled=1
08-30 00:52:14.055 985 985 D QCC:qccvndhal: /data/vendor/qdma/down/101 is already exist
08-30 00:52:14.056 2293 2293 I QCC:OmaDMNative: qcc_hidl_update_vendor_dropbox() res=0
08-30 00:52:14.056 2293 2293 I QCC:OperationMode: runOperationMode
08-30 00:52:14.057 1044 1176 E TelephonyManager: Error calling #isDataEnabled, returning default (false).
08-30 00:52:14.057 1044 1176 E TelephonyManager: java.lang.IllegalStateException: telephony service is null.
08-30 00:52:14.057 1044 1176 E TelephonyManager: at android.telephony.TelephonyManager.isDataEnabledForReason(TelephonyManager.java:12461)
08-30 00:52:14.057 1044 1176 E TelephonyManager: at android.telephony.TelephonyManager.isDataEnabledForReason(TelephonyManager.java:12452)
08-30 00:52:14.057 1044 1176 E TelephonyManager: at android.telephony.TelephonyManager.isDataEnabled(TelephonyManager.java:10019)
08-30 00:52:14.057 1044 1176 E TelephonyManager: at android.telephony.TelephonyManager.getDataEnabled(TelephonyManager.java:9993)
08-30 00:52:14.057 1044 1176 E TelephonyManager: at com.android.server.location.gnss.GnssNetworkConnectivityHandler.handleUpdateNetworkState(GnssNetworkConnectivityHandler.java:436)
08-30 00:52:14.057 1044 1176 E TelephonyManager: at com.android.server.location.gnss.GnssNetworkConnectivityHandler.access$700(GnssNetworkConnectivityHandler.java:54)
08-30 00:52:14.057 1044 1176 E TelephonyManager: at com.android.server.location.gnss.GnssNetworkConnectivityHandler$2.onCapabilitiesChanged(GnssNetworkConnectivityHandler.java:369)
08-30 00:52:14.057 1044 1176 E TelephonyManager: at android.net.ConnectivityManager$NetworkCallback.onAvailable(ConnectivityManager.java:3565)
08-30 00:52:14.057 1044 1176 E TelephonyManager: at android.net.ConnectivityManager$NetworkCallback.onAvailable(ConnectivityManager.java:3542)
