01-01 08:21:52.893 0 0 E msm-ext-disp-audio-codec-rx soc: qcom,msm-ext-disp:qcom,msm-ext-disp-audio-codec-rx: msm_ext_disp_audio_type_get: get_audio_edid_blk() or get_intf_id is NULL
01-01 08:21:52.931 0 0 E msm_ext_disp_update_audio_ops: Display not found (EXT_DISPLAY_TYPE_DP) ctld (0) stream (0)
01-01 08:21:52.869 1044 1631 I SystemServerTimingAsync: InitThreadPoolExec:SecondaryZygotePreload
01-01 08:21:52.869 1044 1631 D SystemServerInitThreadPool: Started executing SecondaryZygotePreload
01-01 08:21:52.869 1044 1631 I SystemServer: SecondaryZygotePreload
01-01 08:21:52.869 1044 1631 I SystemServerTimingAsync: SecondaryZygotePreload
01-01 08:21:52.874 1044 1044 D SystemServerTiming: StartEntropyMixer took to complete: 11ms
01-01 08:21:52.874 1044 1044 I SystemServerTiming: StartAccountManagerService
01-01 08:21:52.874 1044 1044 I SystemServiceManager: Starting com.android.server.accounts.AccountManagerService$Lifecycle
01-01 08:21:52.878 1595 1595 D TLOC : [TLOCChannel]"The channel was initialized successfully for TLOCD"
01-01 08:21:52.888 1595 1595 D TLOC : [TLOCChannel]"The channel was initialized successfully for TLOCL"
01-01 08:21:52.893 1595 1595 D TLOC : [TLOCChannel]"The channel was initialized successfully for MODEM"
01-01 08:21:52.893 1595 1595 D TLOC : [TLOCChannel]"TLOCChannel was initialized successfully"
01-01 08:21:52.893 1595 1595 D TLOC : [TLOCChannel] "TLOCChannel is already initialized"
01-01 08:21:52.907 1044 1044 D SystemServerTiming: StartAccountManagerService took to complete: 32ms
01-01 08:21:52.907 1044 1044 I SystemServerTiming: StartContentService
01-01 08:21:52.907 1044 1044 I SystemServiceManager: Starting com.android.server.content.ContentService$Lifecycle
01-01 08:21:52.908 1044 1044 D SystemServerTiming: StartContentService took to complete: 1ms
01-01 08:21:52.908 1044 1044 I SystemServerTiming: InstallSystemProviders
01-01 08:21:52.947 686 686 D ZygoteInitTiming_lazy: BeginPreload took to complete: 71ms
01-01 08:21:52.945 0 0 E msm-ext-disp-audio-codec-rx soc: qcom,msm-ext-disp:qcom,msm-ext-disp-audio-codec-rx: msm_ext_disp_audio_type_get: get_audio_edid_blk() or get_intf_id is NULL
01-01 08:21:52.948 1044 1632 I SystemServerTimingAsync: InitThreadPoolExec:SchedulingPolicyService.
01-01 08:21:52.949 1044 1632 D SystemServerInitThreadPool: Started executing SchedulingPolicyService.
01-01 08:21:52.966 0 0 E msm-ext-disp-audio-codec-rx soc: qcom,msm-ext-disp:qcom,msm-ext-disp-audio-codec-rx: msm_ext_disp_audio_device_get: invalid dai id: 4
01-01 08:21:52.967 0 0 I IPv6 : ADDRCONF(NETDEV_UP): vlan0: link is not ready
01-01 08:21:53.009 0 0 I : ip (1622) used greatest stack depth: 9736 bytes left
01-01 08:21:53.049 0 0 E : [MAX975X:max96755x_drm_notifier_callback] *ERROR* receives EARLY_BLANK:UNBLANK
01-01 08:21:53.058 0 0 I [drm:dsi_display_set_mode] [msm-dsi-info]: mdp_transfer_time_us=0 us
01-01 08:21:53.058 0 0 I [drm:dsi_display_set_mode] [msm-dsi-info]: hactive= 2380,vactive= 1020,fps=60
01-01 08:21:53.060 0 0 I [drm:dsi_ctrl_isr_configure] [msm-dsi-info]: dsi-ctrl-0: IRQ 462 registered
01-01 08:21:53.125 0 0 I : read descriptors
01-01 08:21:53.125 0 0 I : read strings
01-01 08:21:53.126 0 0 E : msm_pcm_volume_ctl_get substream not found
01-01 08:21:52.991 1044 1044 I service_manager_slow: [14,appops]
01-01 08:21:53.105 1044 1632 D SystemServerInitThreadPool: Finished executing SchedulingPolicyService.
01-01 08:21:53.105 1044 1632 D SystemServerTimingAsync: InitThreadPoolExec:SchedulingPolicyService. took to complete: 157ms
01-01 08:21:53.129 1044 1044 W SettingsState: No settings state /data/system/users/0/settings_ssaid.xml
01-01 08:21:53.152 0 0 E : [MAX975X:max96755x_drm_notifier_callback] *ERROR* receives BLANK:UNBLANK
01-01 08:21:53.166 0 0 E i2c_geni 980000.i2c: i2c error :-107
01-01 08:21:53.171 0 0 E : msm_qti_pp_get_rms_value_control, back not active to query rms be_idx:3
01-01 08:21:53.178 0 0 E : [MAX975X:mcu_keep_wakeup_work_func] *ERROR* Failed to write dev:0x15 addr:0x22 value:0x80
01-01 08:21:53.184 0 0 W QSEECOM : qseecom_load_app: App (fingerpr) does'nt exist, loading apps for first time
01-01 08:21:53.147 1044 1044 I SettingsState: directory info for directory/file /data/system/users/0/settings_ssaid.xml with stacktrace
01-01 08:21:53.147 1044 1044 I SettingsState: java.lang.Exception
01-01 08:21:53.147 1044 1044 I SettingsState: at com.android.providers.settings.SettingsState.logSettingsDirectoryInformation(SettingsState.java:877)
01-01 08:21:53.147 1044 1044 I SettingsState: at com.android.providers.settings.SettingsState.readStateSyncLocked(SettingsState.java:1008)
01-01 08:21:53.147 1044 1044 I SettingsState: at com.android.providers.settings.SettingsState.(SettingsState.java:283)
01-01 08:21:53.147 1044 1044 I SettingsState: at com.android.providers.settings.SettingsProvider$SettingsRegistry.ensureSettingsStateLocked(SettingsProvider.java:2883)
01-01 08:21:53.147 1044 1044 I SettingsState: at com.android.providers.settings.SettingsProvider$SettingsRegistry.ensureSettingsForUserLocked(SettingsProvider.java:2871)
01-01 08:21:53.147 1044 1044 I SettingsState: at com.android.providers.settings.SettingsProvider$SettingsRegistry.peekSettingsStateLocked(SettingsProvider.java:3191)
01-01 08:21:53.147 1044 1044 I SettingsState: at com.android.providers.settings.SettingsProvider$SettingsRegistry.getSettingsNamesLocked(SettingsProvider.java:2813)
01-01 08:21:53.147 1044 1044 I SettingsState: at com.android.providers.settings.SettingsProvider$SettingsRegistry.syncSsaidTableOnStartLocked(SettingsProvider.java:2796)
01-01 08:21:53.147 1044 1044 I SettingsState: at com.android.providers.settings.SettingsProvider$SettingsRegistry.access$100(SettingsProvider.java:2666)
01-01 08:21:53.147 1044 1044 I SettingsState: at com.android.providers.settings.SettingsProvider.onCreate(SettingsProvider.java:396)
01-01 08:21:53.147 1044 1044 I SettingsState: at android.content.ContentProvider.attachInfo(ContentProvider.java:2404)
01-01 08:21:53.147 1044 1044 I SettingsState: at android.content.ContentProvider.attachInfo(ContentProvider.java:2374)
01-01 08:21:53.147 1044 1044 I SettingsState: at android.app.ActivityThread.installProvider(ActivityThread.java:7463)
01-01 08:21:53.147 1044 1044 I SettingsState: at android.app.ActivityThread.installContentProviders(ActivityThread.java:6980)
01-01 08:21:53.147 1044 1044 I SettingsState: at android.app.ActivityThread.installSystemProviders(ActivityThread.java:7650)
01-01 08:21:53.147 1044 1044 I SettingsState: at com.android.server.am.ContentProviderHelper.installSystemProviders(ContentProviderHelper.java:1247)
01-01 08:21:53.147 1044 1044 I SettingsState: at com.android.server.SystemServer.startOtherServices(SystemServer.java:1439)
01-01 08:21:53.147 1044 1044 I SettingsState: at com.android.server.SystemServer.run(SystemServer.java:883)
01-01 08:21:53.147 1044 1044 I SettingsState: at com.android.server.SystemServer.main(SystemServer.java:614)
01-01 08:21:53.147 1044 1044 I SettingsState: at java.lang.reflect.Method.invoke(Native Method)
01-01 08:21:53.147 1044 1044 I SettingsState: at com.android.internal.os.RuntimeInit$MethodAndArgsCaller.run(RuntimeInit.java:548)
01-01 08:21:53.147 1044 1044 I SettingsState: at com.android.internal.os.ZygoteInit.main(ZygoteInit.java:987)
01-01 08:21:53.147 1044 1044 I SettingsState: ancestor directory /data/system/users/0 exists
01-01 08:21:53.148 1044 1044 I SettingsState: ancestor directory /data/system/users/0 permissions: r: true w: true x: true
01-01 08:21:53.148 1044 1044 I SettingsState: ancestor's parent directory /data/system/users permissions: r: true w: true x: true
01-01 08:21:53.186 1044 1198 D ActivityManager: Freezer enabled
01-01 08:21:53.187 1044 1198 D ActivityManager: freezer override set to false
01-01 08:21:53.190 1044 1044 D SystemServerTiming: InstallSystemProviders took to complete: 282ms
01-01 08:21:53.190 1044 1044 I SystemServerTiming: StartDropBoxManager
01-01 08:21:53.190 1044 1044 I SystemServiceManager: Starting com.android.server.DropBoxManagerService
01-01 08:21:53.215 1044 1044 D SystemServerTiming: StartDropBoxManager took to complete: 25ms
01-01 08:21:53.215 1044 1044 I SystemServerTiming: StartRoleManagerService
01-01 08:21:53.216 1044 1044 I SystemServiceManager: Starting com.android.role.RoleService
01-01 08:21:53.288 0 0 I android_work: did not send uevent (0 0 0000000000000000)
01-01 08:21:53.301 0 0 E i2c_geni 980000.i2c: i2c error :-107
01-01 08:21:53.306 0 0 I core_get_license_status: cmdrsp_license_result.result = 0x15 for module 0x131ff
01-01 08:21:53.307 0 0 I capability: warning: `msm_irqbalance' uses 32-bit capabilities (legacy support in use)
01-01 08:21:53.307 0 0 E msm_ext_disp_update_audio_ops: Display not found (EXT_DISPLAY_TYPE_DP) ctld (0) stream (0)
01-01 08:21:53.313 0 0 E : [MAX975X:mcu_keep_wakeup_work_func] *ERROR* Failed to write dev:0x15 addr:0x20 value:0x09
01-01 08:21:53.242 1044 1044 D SystemServerTiming: StartRoleManagerService took to complete: 26ms
01-01 08:21:53.242 1044 1044 I SystemServerTiming: StartVibratorManagerService
01-01 08:21:53.242 1044 1044 I SystemServiceManager: Starting com.android.server.vibrator.VibratorManagerService$Lifecycle
01-01 08:21:53.249 1044 1044 I service_manager_stats: [253,143,5194]
01-01 08:21:53.259 1044 1044 D SystemServerTiming: StartVibratorManagerService took to complete: 17ms
01-01 08:21:53.259 1044 1044 I SystemServerTiming: StartDynamicSystemService
01-01 08:21:53.260 1044 1044 D SystemServerTiming: StartDynamicSystemService took to complete: 1ms
01-01 08:21:53.260 1044 1044 I SystemServerTiming: StartConsumerIrService
01-01 08:21:53.263 1044 1044 D SystemServerTiming: StartConsumerIrService took to complete: 2ms
01-01 08:21:53.263 1044 1044 I SystemServerTiming: StartAlarmManagerService
01-01 08:21:53.263 1044 1044 I SystemServiceManager: Starting com.android.server.alarm.AlarmManagerService
01-01 08:21:53.335 0 0 E msm_ext_disp_update_audio_ops: Display not found (EXT_DISPLAY_TYPE_HDMI) ctld (0) stream (0)
01-01 08:21:53.389 0 0 E msm_ext_disp_update_audio_ops: Display not found (EXT_DISPLAY_TYPE_DP) ctld (0) stream (0)
01-01 08:21:53.351 1044 1044 I AlarmManager: Current time only 1313351, advancing to build time 1661791928000
08-30 00:52:08.006 1044 1044 W SystemServiceManager: Service com.android.server.alarm.AlarmManagerService took 94 ms in onStart
08-30 00:52:08.006 1044 1044 D SystemServerTiming: StartAlarmManagerService took to complete: 95ms
08-30 00:52:08.006 1044 1044 I SystemServerTiming: StartInputManagerService
08-30 00:52:08.006 1044 1044 I InputManager: Initializing input manager, mUseDevInputEventForAudioJack=true
08-30 00:52:08.026 1044 1044 D SystemServerTiming: StartInputManagerService took to complete: 20ms
08-30 00:52:08.026 1044 1044 I SystemServerTiming: DeviceStateManagerService
08-30 00:52:08.027 1044 1044 I SystemServiceManager: Starting com.android.server.devicestate.DeviceStateManagerService
08-30 00:52:08.039 1044 1044 D SystemServerTiming: DeviceStateManagerService took to complete: 13ms
08-30 00:52:08.039 1044 1044 I SystemServerTiming: StartCameraServiceProxy
08-30 00:52:08.039 1044 1044 I SystemServiceManager: Starting com.android.server.camera.CameraServiceProxy
08-30 00:52:08.047 1044 1044 D SystemServerTiming: StartCameraServiceProxy took to complete: 8ms
08-30 00:52:08.047 1044 1044 I SystemServerTiming: StartWindowManagerService
08-30 00:52:08.047 1044 1044 I SystemServiceManager: Starting phase 200
08-30 00:52:08.047 1044 1044 I SystemServerTiming: OnBootPhase_200
08-30 00:52:08.047 1044 1044 I SystemServerTiming: OnBootPhase_200_com.android.server.security.FileIntegrityService
08-30 00:52:08.047 1044 1044 D SystemServerTiming: OnBootPhase_200_com.android.server.security.FileIntegrityService took to complete: 0ms
08-30 00:52:08.047 1044 1044 I SystemServerTiming: OnBootPhase_200_com.android.server.pm.Installer
08-30 00:52:08.047 1044 1044 D SystemServerTiming: OnBootPhase_200_com.android.server.pm.Installer took to complete: 0ms
08-30 00:52:08.047 1044 1044 I SystemServerTiming: OnBootPhase_200_com.android.server.os.DeviceIdentifiersPolicyService
08-30 00:52:08.047 1044 1044 D SystemServerTiming: OnBootPhase_200_com.android.server.os.DeviceIdentifiersPolicyService took to complete: 0ms
08-30 00:52:08.047 1044 1044 I SystemServerTiming: OnBootPhase_200_com.android.server.uri.UriGrantsManagerService$Lifecycle
08-30 00:52:08.047 1044 1044 D SystemServerTiming: OnBootPhase_200_com.android.server.uri.UriGrantsManagerService$Lifecycle took to complete: 0ms
08-30 00:52:08.047 1044 1044 I SystemServerTiming: OnBootPhase_200_com.android.server.powerstats.PowerStatsService
08-30 00:52:08.047 1044 1044 D SystemServerTiming: OnBootPhase_200_com.android.server.powerstats.PowerStatsService took to complete: 0ms
08-30 00:52:08.047 1044 1044 I SystemServerTiming: OnBootPhase_200_com.android.server.wm.ActivityTaskManagerService$Lifecycle
08-30 00:52:08.047 1044 1044 D SystemServerTiming: OnBootPhase_200_com.android.server.wm.ActivityTaskManagerService$Lifecycle took to complete: 0ms
08-30 00:52:08.047 1044 1044 I SystemServerTiming: OnBootPhase_200_com.android.server.am.ActivityManagerService$Lifecycle
08-30 00:52:08.047 1044 1044 D SystemServerTiming: OnBootPhase_200_com.android.server.am.ActivityManagerService$Lifecycle took to complete: 0ms
08-30 00:52:08.048 1044 1044 I SystemServerTiming: OnBootPhase_200_com.android.server.pm.DataLoaderManagerService
08-30 00:52:08.048 1044 1044 D SystemServerTiming: OnBootPhase_200_com.android.server.pm.DataLoaderManagerService took to complete: 0ms
08-30 00:52:08.048 1044 1044 I SystemServerTiming: OnBootPhase_200_com.android.server.power.PowerManagerService
08-30 00:52:08.048 1044 1044 D SystemServerTiming: OnBootPhase_200_com.android.server.power.PowerManagerService took to complete: 0ms
08-30 00:52:08.048 1044 1044 I SystemServerTiming: OnBootPhase_200_com.android.server.power.ThermalManagerService
08-30 00:52:08.048 1044 1044 D SystemServerTiming: OnBootPhase_200_com.android.server.power.ThermalManagerService took to complete: 0ms
08-30 00:52:08.048 1044 1044 I SystemServerTiming: OnBootPhase_200_com.android.server.power.hint.HintManagerService
08-30 00:52:08.048 1044 1044 D SystemServerTiming: OnBootPhase_200_com.android.server.power.hint.HintManagerService took to complete: 0ms
08-30 00:52:08.048 1044 1044 I SystemServerTiming: OnBootPhase_200_com.android.server.recoverysystem.RecoverySystemService$Lifecycle
08-30 00:52:08.048 1044 1044 D SystemServerTiming: OnBootPhase_200_com.android.server.recoverysystem.RecoverySystemService$Lifecycle took to complete: 0ms
08-30 00:52:08.048 1044 1044 I SystemServerTiming: OnBootPhase_200_com.android.server.lights.LightsService
08-30 00:52:08.048 1044 1044 D SystemServerTiming: OnBootPhase_200_com.android.server.lights.LightsService took to complete: 0ms
08-30 00:52:08.048 1044 1044 I SystemServerTiming: OnBootPhase_200_com.android.server.display.DisplayManagerService
08-30 00:52:08.048 1044 1044 D SystemServerTiming: OnBootPhase_200_com.android.server.display.DisplayManagerService took to complete: 0ms
08-30 00:52:08.048 1044 1044 I SystemServerTiming: OnBootPhase_200_com.android.server.pm.verify.domain.DomainVerificationService
08-30 00:52:08.048 1044 1044 D SystemServerTiming: OnBootPhase_200_com.android.server.pm.verify.domain.DomainVerificationService took to complete: 0ms
08-30 00:52:08.048 1044 1044 I SystemServerTiming: OnBootPhase_200_com.android.server.pm.PackageInstallerService$Lifecycle
08-30 00:52:08.048 1044 1044 D SystemServerTiming: OnBootPhase_200_com.android.server.pm.PackageInstallerService$Lifecycle took to complete: 0ms
08-30 00:52:08.048 1044 1044 I SystemServerTiming: OnBootPhase_200_com.android.server.pm.UserManagerService$LifeCycle
08-30 00:52:08.049 1044 1044 D SystemServerTiming: OnBootPhase_200_com.android.server.pm.UserManagerService$LifeCycle took to complete: 0ms
08-30 00:52:08.049 1044 1044 I SystemServerTiming: OnBootPhase_200_com.android.server.om.OverlayManagerService
08-30 00:52:08.049 1044 1044 D SystemServerTiming: OnBootPhase_200_com.android.server.om.OverlayManagerService took to complete: 0ms
08-30 00:52:08.049 1044 1044 I SystemServerTiming: OnBootPhase_200_com.android.server.SensorPrivacyService
08-30 00:52:08.049 1044 1044 D SystemServerTiming: OnBootPhase_200_com.android.server.SensorPrivacyService took to complete: 0ms
08-30 00:52:08.049 1044 1044 I SystemServerTiming: OnBootPhase_200_com.android.server.sensors.SensorService
08-30 00:52:08.049 1044 1044 D SystemServerTiming: OnBootPhase_200_com.android.server.sensors.SensorService took to complete: 0ms
08-30 00:52:08.049 1044 1044 I SystemServerTiming: OnBootPhase_200_com.android.server.SystemConfigService
08-30 00:52:08.049 1044 1044 D SystemServerTiming: OnBootPhase_200_com.android.server.SystemConfigService took to complete: 0ms
08-30 00:52:08.049 1044 1044 I SystemServerTiming: OnBootPhase_200_com.android.server.BatteryService
08-30 00:52:08.049 1044 1044 D SystemServerTiming: OnBootPhase_200_com.android.server.BatteryService took to complete: 0ms
08-30 00:52:08.049 1044 1044 I SystemServerTiming: OnBootPhase_200_com.android.server.usage.UsageStatsService
08-30 00:52:08.049 1044 1044 D SystemServerTiming: OnBootPhase_200_com.android.server.usage.UsageStatsService took to complete: 0ms
08-30 00:52:08.049 1044 1044 I SystemServerTiming: OnBootPhase_200_com.android.server.webkit.WebViewUpdateService
08-30 00:52:08.049 1044 1044 D SystemServerTiming: OnBootPhase_200_com.android.server.webkit.WebViewUpdateService took to complete: 0ms
08-30 00:52:08.049 1044 1044 I SystemServerTiming: OnBootPhase_200_com.android.server.CachedDeviceStateService
08-30 00:52:08.049 1044 1044 D SystemServerTiming: OnBootPhase_200_com.android.server.CachedDeviceStateService took to complete: 0ms
08-30 00:52:08.049 1044 1044 I SystemServerTiming: OnBootPhase_200_com.android.server.BinderCallsStatsService$LifeCycle
08-30 00:52:08.049 1044 1044 D SystemServerTiming: OnBootPhase_200_com.android.server.BinderCallsStatsService$LifeCycle took to complete: 0ms
08-30 00:52:08.049 1044 1044 I SystemServerTiming: OnBootPhase_200_com.android.server.LooperStatsService$Lifecycle
08-30 00:52:08.049 1044 1044 D SystemServerTiming: OnBootPhase_200_com.android.server.LooperStatsService$Lifecycle took to complete: 0ms
08-30 00:52:08.049 1044 1044 I SystemServerTiming: OnBootPhase_200_com.android.server.rollback.RollbackManagerService
08-30 00:52:08.049 1044 1044 D SystemServerTiming: OnBootPhase_200_com.android.server.rollback.RollbackManagerService took to complete: 0ms
08-30 00:52:08.049 1044 1044 I SystemServerTiming: OnBootPhase_200_com.android.server.os.NativeTombstoneManagerService
08-30 00:52:08.050 1044 1044 D SystemServerTiming: OnBootPhase_200_com.android.server.os.NativeTombstoneManagerService took to complete: 0ms
08-30 00:52:08.050 1044 1044 I SystemServerTiming: OnBootPhase_200_com.android.server.os.BugreportManagerService
08-30 00:52:08.050 1044 1044 D SystemServerTiming: OnBootPhase_200_com.android.server.os.BugreportManagerService took to complete: 0ms
08-30 00:52:08.050 1044 1044 I SystemServerTiming: OnBootPhase_200_com.android.server.gpu.GpuService
08-30 00:52:08.050 1044 1044 D SystemServerTiming: OnBootPhase_200_com.android.server.gpu.GpuService took to complete: 0ms
08-30 00:52:08.050 1044 1044 I SystemServerTiming: OnBootPhase_200_com.android.server.security.KeyChainSystemService
08-30 00:52:08.050 1044 1044 D SystemServerTiming: OnBootPhase_200_com.android.server.security.KeyChainSystemService took to complete: 0ms
08-30 00:52:08.050 1044 1044 I SystemServerTiming: OnBootPhase_200_com.android.server.telecom.TelecomLoaderService
08-30 00:52:08.050 1044 1044 D SystemServerTiming: OnBootPhase_200_com.android.server.telecom.TelecomLoaderService took to complete: 0ms
08-30 00:52:08.050 1044 1044 I SystemServerTiming: OnBootPhase_200_com.android.server.accounts.AccountManagerService$Lifecycle
08-30 00:52:08.050 1044 1044 D SystemServerTiming: OnBootPhase_200_com.android.server.accounts.AccountManagerService$Lifecycle took to complete: 0ms
08-30 00:52:08.050 1044 1044 I SystemServerTiming: OnBootPhase_200_com.android.server.content.ContentService$Lifecycle
08-30 00:52:08.050 1044 1044 D SystemServerTiming: OnBootPhase_200_com.android.server.content.ContentService$Lifecycle took to complete: 0ms
08-30 00:52:08.050 1044 1044 I SystemServerTiming: OnBootPhase_200_com.android.server.DropBoxManagerService
08-30 00:52:08.050 1044 1044 D SystemServerTiming: OnBootPhase_200_com.android.server.DropBoxManagerService took to complete: 0ms
08-30 00:52:08.050 1044 1044 I SystemServerTiming: OnBootPhase_200_com.android.role.RoleService
08-30 00:52:08.050 1044 1044 D SystemServerTiming: OnBootPhase_200_com.android.role.RoleService took to complete: 0ms
08-30 00:52:08.051 1044 1044 I SystemServerTiming: OnBootPhase_200_com.android.server.vibrator.VibratorManagerService$Lifecycle
08-30 00:52:08.051 1044 1044 D SystemServerTiming: OnBootPhase_200_com.android.server.vibrator.VibratorManagerService$Lifecycle took to complete: 0ms
08-30 00:52:08.051 1044 1044 I SystemServerTiming: OnBootPhase_200_com.android.server.alarm.AlarmManagerService
08-30 00:52:08.051 1044 1044 D SystemServerTiming: OnBootPhase_200_com.android.server.alarm.AlarmManagerService took to complete: 0ms
08-30 00:52:08.051 1044 1044 I SystemServerTiming: OnBootPhase_200_com.android.server.devicestate.DeviceStateManagerService
08-30 00:52:08.051 1044 1044 D SystemServerTiming: OnBootPhase_200_com.android.server.devicestate.DeviceStateManagerService took to complete: 0ms
08-30 00:52:08.051 1044 1044 I SystemServerTiming: OnBootPhase_200_com.android.server.camera.CameraServiceProxy
08-30 00:52:08.051 1044 1044 D SystemServerTiming: OnBootPhase_200_com.android.server.camera.CameraServiceProxy took to complete: 0ms
08-30 00:52:08.051 1044 1044 D SystemServerTiming: OnBootPhase_200 took to complete: 4ms
08-30 00:52:08.052 1044 1044 I WindowManager: No existing display settings, starting empty
08-30 00:52:08.052 1044 1044 I WindowManager: No existing display settings, starting empty
01-01 08:21:53.400 0 0 E msm-dwc3 a600000.ssusb: Could not get usb psy
01-01 08:21:53.422 0 0 E msm_ext_disp_update_audio_ops: Display not found (EXT_DISPLAY_TYPE_DP) ctld (0) stream (0)
01-01 08:21:53.450 0 0 E msm_ext_disp_update_audio_ops: Display not found (EXT_DISPLAY_TYPE_DP) ctld (0) stream (0)
01-01 08:21:53.455 0 0 W QSEECOM : qseecom_load_app: App with id 6 (fingerpr) now loaded
01-01 08:21:53.461 0 0 E msm-ext-disp-audio-codec-rx soc: qcom,msm-ext-disp:qcom,msm-ext-disp-audio-codec-rx: msm_ext_disp_audio_type_get: get_audio_edid_blk() or get_intf_id is NULL
08-30 00:52:08.073 1044 1044 D SystemServerTiming: StartWindowManagerService took to complete: 26ms
08-30 00:52:08.073 1044 1044 I SystemServerTiming: SetWindowManagerService
08-30 00:52:08.124 1044 1044 I ActivityTaskManager: Loaded persisted task ids for user 0
08-30 00:52:08.125 1044 1044 I wm_task_created: [1,-1]
08-30 00:52:08.134 1044 1044 D SystemServerTiming: SetWindowManagerService took to complete: 61ms
08-30 00:52:08.135 1044 1044 I SystemServerTiming: WindowManagerServiceOnInitReady
08-30 00:52:08.141 1044 1179 I sysui_multi_action: [757,1594,758,4,759,0,806,NULL]
01-01 08:21:53.480 0 0 E msm-dwc3 a600000.ssusb: Could not get usb psy
01-01 08:21:53.482 0 0 E msm_ext_disp_update_audio_ops: Display not found (EXT_DISPLAY_TYPE_DP) ctld (0) stream (0)
01-01 08:21:53.496 0 0 E msm-ext-disp-audio-codec-rx soc: qcom,msm-ext-disp:qcom,msm-ext-disp-audio-codec-rx: msm_ext_disp_audio_type_get: get_audio_edid_blk() or get_intf_id is NULL
01-01 08:21:53.515 0 0 E msm_ext_disp_update_audio_ops: Display not found (EXT_DISPLAY_TYPE_DP) ctld (0) stream (0)
01-01 08:21:53.525 0 0 E msm-ext-disp-audio-codec-rx soc: qcom,msm-ext-disp:qcom,msm-ext-disp-audio-codec-rx: msm_ext_disp_audio_type_get: get_audio_edid_blk() or get_intf_id is NULL
01-01 08:21:53.538 0 0 I android_work: sent uevent USB_STATE=CONNECTED
08-30 00:52:08.201 1044 1177 I service_manager_slow: [33,window]
08-30 00:52:08.205 1044 1044 D SystemServerTiming: WindowManagerServiceOnInitReady took to complete: 71ms
08-30 00:52:08.206 1044 1044 I SystemServerTiming: StartInputManager
08-30 00:52:08.206 1044 1044 I InputManager: Starting input manager
01-01 08:21:53.546 0 0 E msm-ext-disp-audio-codec-rx soc: qcom,msm-ext-disp:qcom,msm-ext-disp-audio-codec-rx: msm_ext_disp_audio_device_get: invalid dai id: 4
01-01 08:21:53.573 0 0 I configfs-gadget gadget: high-speed config #1: b
01-01 08:21:53.578 0 0 I android_work: sent uevent USB_STATE=CONFIGURED
08-30 00:52:08.219 1044 1044 D SystemServerTiming: StartInputManager took to complete: 13ms
08-30 00:52:08.219 1044 1044 I SystemServerTiming: DisplayManagerWindowManagerAndInputReady
08-30 00:52:08.219 1044 1044 D SystemServerTiming: DisplayManagerWindowManagerAndInputReady took to complete: 0ms
08-30 00:52:08.219 1044 1179 I LogicalDisplayMapper: Requesting Transition to state: 0
08-30 00:52:08.220 1044 1044 I SystemServerTiming: StartBluetoothService
08-30 00:52:08.220 1044 1044 I SystemServiceManager: Starting com.android.server.BluetoothService
08-30 00:52:08.220 1044 1179 I LogicalDisplayMapper: Applying layout: [{addr: {port=129, model=0x40446d3026322d}, dispId: 0(ON)}], Previous layout: [{addr: {port=129, model=0x40446d3026322d}, dispId: 0(ON)}]
08-30 00:52:08.221 1044 1683 I SystemServerTimingAsync: InitThreadPoolExec:StartHidlServices
08-30 00:52:08.221 1044 1683 D SystemServerInitThreadPool: Started executing StartHidlServices
08-30 00:52:08.221 1044 1683 I SystemServerTimingAsync: StartHidlServices
08-30 00:52:08.225 1044 1044 D BluetoothManagerService: Loading stored name and address
08-30 00:52:08.225 1044 1044 D BluetoothManagerService: Stored bluetooth Name=QCOM-BTD,Address=22:22:6D:AA:47:B1
08-30 00:52:08.227 1044 1044 D BluetoothManagerService: Bluetooth persisted state: 1
08-30 00:52:08.227 1044 1044 D BluetoothManagerService: Startup: Bluetooth persisted state is ON.
08-30 00:52:08.227 1044 1044 D BluetoothManagerService: Detected SystemUiUid: 10087
08-30 00:52:08.227 1044 1044 D SystemServerTiming: StartBluetoothService took to complete: 7ms
08-30 00:52:08.227 1044 1044 I SystemServerTiming: IpConnectivityMetrics
08-30 00:52:08.228 1044 1044 I SystemServiceManager: Starting com.android.server.connectivity.IpConnectivityMetrics
08-30 00:52:08.229 1044 1044 D SystemServerTiming: IpConnectivityMetrics took to complete: 2ms
08-30 00:52:08.229 1044 1044 I SystemServerTiming: NetworkWatchlistService
08-30 00:52:08.229 1044 1044 I SystemServiceManager: Starting com.android.server.net.watchlist.NetworkWatchlistService$Lifecycle
08-30 00:52:08.252 1044 1683 D SystemServerTimingAsync: StartHidlServices took to complete: 31ms
08-30 00:52:08.252 1044 1683 D SystemServerInitThreadPool: Finished executing StartHidlServices
08-30 00:52:08.252 1044 1683 D SystemServerTimingAsync: InitThreadPoolExec:StartHidlServices took to complete: 31ms
08-30 00:52:08.257 1044 1044 I WatchlistSettings: Reload watchlist settings done
08-30 00:52:08.260 1044 1044 D SystemServerTiming: NetworkWatchlistService took to complete: 31ms
08-30 00:52:08.260 1044 1689 I WatchlistLoggingHandler: No need to aggregate record yet.
08-30 00:52:08.260 1044 1044 I SystemServerTiming: PinnerService
08-30 00:52:08.260 1044 1044 I SystemServiceManager: Starting com.android.server.PinnerService
08-30 00:52:08.261 1044 1044 V HistoricalRegistry: Interaction before persistence initialized
08-30 00:52:08.264 1044 1044 D SystemServerTiming: PinnerService took to complete: 4ms
08-30 00:52:08.264 1044 1044 I SystemServerTiming: IorapForwardingService
08-30 00:52:08.264 1044 1044 I SystemServiceManager: Starting com.google.android.startop.iorap.IorapForwardingService
08-30 00:52:08.267 1044 1044 W BackgroundDexOptService: SysProp pm.dexopt.downgrade_after_inactive_days not set
08-30 00:52:08.267 1044 1044 D SystemServerTiming: IorapForwardingService took to complete: 3ms
08-30 00:52:08.267 1044 1044 I SystemServiceManager: Starting com.android.server.ActivityTriggerService
08-30 00:52:08.268 1044 1044 I ActivityTriggerService: Starting ActivityTriggerService
08-30 00:52:08.269 1044 1044 I SystemServerTiming: SignedConfigService
08-30 00:52:08.269 1044 1044 D SystemServerTiming: SignedConfigService took to complete: 1ms
08-30 00:52:08.269 1044 1044 I SystemServerTiming: AppIntegrityService
08-30 00:52:08.269 1044 1044 I SystemServiceManager: Starting com.android.server.integrity.AppIntegrityManagerService
08-30 00:52:08.273 1044 1689 I WatchlistLoggingHandler: Milliseconds spent on tryAggregateRecords(): 2
08-30 00:52:08.276 1044 1194 D PinnerService: pinRangeStream: null
08-30 00:52:08.292 1044 1044 E IntegrityFileManager: Error creating staging and rules directory
01-01 08:21:53.646 0 0 E ipa_mpm_vote_unvote_pcie_clk: 1530 MHI not initialized yet
01-01 08:21:53.673 0 0 E ipa_mpm_start_stop_remote_mhip_chan: 1644 MHI not initialized yet, probe in progress
08-30 00:52:08.320 1044 1227 W ProcessCpuTracker: Failed to stat(/proc/1598): android.system.ErrnoException: stat failed: ENOENT (No such file or directory)
08-30 00:52:08.320 1044 1227 W ProcessCpuTracker: Skipping unknown process pid 1598
08-30 00:52:08.323 1044 1227 W ProcessCpuTracker: Failed to stat(/proc/1656): android.system.ErrnoException: stat failed: ENOENT (No such file or directory)
08-30 00:52:08.323 1044 1227 W ProcessCpuTracker: Skipping unknown process pid 1656
08-30 00:52:08.323 1044 1227 W ProcessCpuTracker: Failed to stat(/proc/1666): android.system.ErrnoException: stat failed: ENOENT (No such file or directory)
08-30 00:52:08.324 1044 1227 W ProcessCpuTracker: Skipping unknown process pid 1666
08-30 00:52:08.324 1044 1227 W ProcessCpuTracker: Failed to stat(/proc/1667): android.system.ErrnoException: stat failed: ENOENT (No such file or directory)
08-30 00:52:08.324 1044 1227 W ProcessCpuTracker: Skipping unknown process pid 1667
08-30 00:52:08.324 1044 1227 W ProcessCpuTracker: Failed to stat(/proc/1668): android.system.ErrnoException: stat failed: ENOENT (No such file or directory)
08-30 00:52:08.324 1044 1227 W ProcessCpuTracker: Skipping unknown process pid 1668
01-01 08:21:53.706 0 0 E ipa_mpm_start_stop_mhip_chan: 1736 MHIP probe 1 not initialized
08-30 00:52:08.365 1044 1194 D PinnerService: pinRangeStream: null
01-01 08:21:53.720 0 0 E ipa3_cfg_ep_ctrl: 4812 pipe setting delay is not supported
08-30 00:52:08.366 1044 1194 D PinnerService: pinRangeStream: null
08-30 00:52:08.367 1044 1194 D PinnerService: pinRangeStream: null
08-30 00:52:08.367 1044 1044 W SystemServiceManager: Service com.android.server.integrity.AppIntegrityManagerService took 97 ms in onStart
08-30 00:52:08.367 1044 1044 D SystemServerTiming: AppIntegrityService took to complete: 98ms
08-30 00:52:08.378 1044 1044 I WindowManager: SAFE MODE not enabled
08-30 00:52:08.378 1044 1044 I SystemServerTiming: StartInputMethodManagerLifecycle
08-30 00:52:08.378 1044 1044 I SystemServiceManager: Starting com.android.server.inputmethod.InputMethodManagerService$Lifecycle
08-30 00:52:08.395 1044 1044 D SystemServerTiming: StartInputMethodManagerLifecycle took to complete: 17ms
08-30 00:52:08.395 1044 1044 I SystemServerTiming: StartAccessibilityManagerService
08-30 00:52:08.395 1044 1044 I SystemServiceManager: Starting com.android.server.accessibility.AccessibilityManagerService$Lifecycle
01-01 08:21:53.757 0 0 E ipa_usb_notify_cb: Set net_ready_trigger
01-01 08:21:53.764 0 0 E ipa_mpm_vote_unvote_pcie_clk: 1530 MHI not initialized yet
01-01 08:21:53.776 0 0 E ipa_mpm_start_stop_remote_mhip_chan: 1644 MHI not initialized yet, probe in progress
01-01 08:21:53.782 0 0 E msm-dwc3 a600000.ssusb: Could not get usb psy
08-30 00:52:08.476 1044 1044 D SystemServerTiming: StartAccessibilityManagerService took to complete: 81ms
08-30 00:52:08.477 1044 1044 I SystemServerTiming: MakeDisplayReady
01-01 08:21:53.787 0 0 E ipa_usb_notify_cb: Set net_ready_trigger
01-01 08:21:53.828 0 0 E : msm_pcm_volume_ctl_get substream not found
08-30 00:52:08.481 1044 1044 I configuration_changed: 536894968
08-30 00:52:08.481 1044 1044 I ActivityTaskManager: Config changes=20005df8 {1.0 ?mcc?mnc [zh_CN] ldltr sw680dp w1586dp h608dp 240dpi lrg long land ?uimode ?night -touch -keyb/v/h -nav/h winConfig={ mBounds=Rect(0, 0 - 2380, 1020) mAppBounds=Rect(0, 0 - 2380, 948) mMaxBounds=Rect(0, 0 - 2380, 1020) mWindowingMode=fullscreen mDisplayWindowingMode=fullscreen mActivityType=undefined mAlwaysOnTop=undefined mRotation=ROTATION_0} s.2 ?fontWeightAdjustment}
08-30 00:52:08.482 1044 1044 I WindowManager: Override config changes=60007dfc {1.0 ?mcc?mnc [zh_CN] ldltr sw680dp w1586dp h608dp 240dpi lrg long land ?uimode ?night -touch -keyb/v/h -nav/h winConfig={ mBounds=Rect(0, 0 - 2380, 1020) mAppBounds=Rect(0, 0 - 2380, 948) mMaxBounds=Rect(0, 0 - 2380, 1020) mWindowingMode=fullscreen mDisplayWindowingMode=fullscreen mActivityType=undefined mAlwaysOnTop=undefined mRotation=ROTATION_0} s.2 ?fontWeightAdjustment} for displayId=0
08-30 00:52:08.483 1044 1044 I sysui_multi_action: [757,1659,758,4,759,2,1660,0]
08-30 00:52:08.495 1044 1044 D SystemServerTiming: MakeDisplayReady took to complete: 17ms
08-30 00:52:08.495 1044 1044 I SystemServerTiming: StartStorageManagerService
08-30 00:52:08.495 1044 1044 I SystemServiceManager: Starting com.android.server.StorageManagerService$Lifecycle
08-30 00:52:08.580 1044 1194 D PinnerService: pinRangeStream: null
08-30 00:52:08.582 1044 1194 D PinnerService: pinRangeStream: null
08-30 00:52:08.598 1044 1711 D StorageManagerService: Thinking about init, mBootCompleted=false, mDaemonConnected=true
08-30 00:52:08.598 1044 1711 D StorageManagerService: Thinking about reset, mBootCompleted=false, mDaemonConnected=true
08-30 00:52:08.599 1044 1194 D PinnerService: pinRangeStream: null
08-30 00:52:08.599 1044 1044 W SystemServiceManager: Service com.android.server.StorageManagerService$Lifecycle took 104 ms in onStart
08-30 00:52:08.599 1044 1711 D StorageManagerService: Thinking about init, mBootCompleted=false, mDaemonConnected=true
08-30 00:52:08.600 1044 1711 D StorageManagerService: Thinking about reset, mBootCompleted=false, mDaemonConnected=true
08-30 00:52:08.600 1044 1044 D SystemServerTiming: StartStorageManagerService took to complete: 105ms
08-30 00:52:08.600 1044 1044 I SystemServerTiming: StartStorageStatsService
08-30 00:52:08.600 1044 1044 I SystemServiceManager: Starting com.android.server.usage.StorageStatsService$Lifecycle
08-30 00:52:08.609 1044 1044 D SystemServerTiming: StartStorageStatsService took to complete: 9ms
08-30 00:52:08.609 1044 1044 I SystemServerTiming: StartUiModeManager
08-30 00:52:08.609 1044 1044 I SystemServiceManager: Starting com.android.server.UiModeManagerService
01-01 08:21:54.067 0 0 W QSEECOM : __qseecom_unload_app: App (6) is unloaded
01-01 08:21:54.071 0 0 D qbt : qbt_release: entry minor_no=0 fd_available=0
01-01 08:21:54.071 0 0 D qbt : qbt_release: Releasing wakelock
01-01 08:21:54.072 0 0 D qbt : qbt_release: exit : fd_available=1
01-01 08:21:54.072 0 0 D qbt : qbt_release: entry minor_no=1 fd_available=1
01-01 08:21:54.072 0 0 D qbt : qbt_release: exit : fd_available=1
08-30 00:52:08.744 1044 1194 D PinnerService: pinRangeStream: null
08-30 00:52:08.745 1044 1721 I SystemServerTimingAsync: InitThreadPoolExec:UiModeManager.onStart
01-01 08:21:54.108 0 0 E MAIN_MGR: hvdcp_opti Version: 3:0:0
08-30 00:52:08.745 1044 1721 D SystemServerInitThreadPool: Started executing UiModeManager.onStart
08-30 00:52:08.746 1044 1044 W SystemServiceManager: Service com.android.server.UiModeManagerService took 137 ms in onStart
08-30 00:52:08.746 1044 1044 D SystemServerTiming: StartUiModeManager took to complete: 137ms
08-30 00:52:08.746 1044 1044 I SystemServerTiming: UpdatePackagesIfNeeded
08-30 00:52:08.746 1044 1044 I Watchdog: Pausing HandlerChecker: main thread for reason: dexopt. Pause count: 1
08-30 00:52:08.746 1044 1044 I Watchdog: Resuming HandlerChecker: main thread for reason: dexopt. Pause count: 0
08-30 00:52:08.746 1044 1044 D SystemServerTiming: UpdatePackagesIfNeeded took to complete: 0ms
08-30 00:52:08.746 1044 1044 I SystemServerTiming: PerformFstrimIfNeeded
08-30 00:52:08.747 1044 1044 D SystemServerTiming: PerformFstrimIfNeeded took to complete: 1ms
08-30 00:52:08.747 1044 1044 I SystemServerTiming: StartLockSettingsService
08-30 00:52:08.747 1044 1044 I SystemServiceManager: Starting com.android.server.locksettings.LockSettingsService$Lifecycle
08-30 00:52:08.762 1044 1721 D SystemServerInitThreadPool: Finished executing UiModeManager.onStart
08-30 00:52:08.762 1044 1721 D SystemServerTimingAsync: InitThreadPoolExec:UiModeManager.onStart took to complete: 17ms
08-30 00:52:08.771 1716 1716 I auditd : type=1400 audit(0.0:84): avc: denied { read } for comm="hvdcp_opti" name="devices" dev="sysfs" ino=52698 scontext=u:r:vendor_hvdcp:s0 tcontext=u:object_r:sysfs:s0 tclass=dir permissive=0
01-01 08:21:54.133 0 0 E MAIN_MGR: set keepcaps failed!
01-01 08:21:54.135 0 0 I qcom_rpmh DRV: apps_rsc TCS Busy, retrying RPMH message send: addr=0x50000
01-01 08:21:54.140 0 0 E CHG_POLICY_PATH: Failed to get IIO path for MAIN_PSY
08-30 00:52:08.809 1044 1044 W SystemServiceManager: Service com.android.server.locksettings.LockSettingsService$Lifecycle took 61 ms in onStart
08-30 00:52:08.809 1044 1044 D SystemServerTiming: StartLockSettingsService took to complete: 62ms
08-30 00:52:08.809 1044 1044 I SystemServerTiming: StartPersistentDataBlock
08-30 00:52:08.809 1044 1044 I SystemServiceManager: Starting com.android.server.PersistentDataBlockService
08-30 00:52:08.811 1044 1044 D SystemServerTiming: StartPersistentDataBlock took to complete: 2ms
08-30 00:52:08.811 1044 1044 I SystemServerTiming: StartTestHarnessMode
08-30 00:52:08.811 1044 1044 I SystemServiceManager: Starting com.android.server.testharness.TestHarnessModeService
08-30 00:52:08.812 1044 1194 D PinnerService: pinRangeStream: null
08-30 00:52:08.813 1044 1723 I SystemServerTimingAsync: InitThreadPoolExec:PersistentDataBlockService.onStart
08-30 00:52:08.814 1044 1044 D SystemServerTiming: StartTestHarnessMode took to complete: 3ms
08-30 00:52:08.814 1044 1044 I SystemServerTiming: StartOemLockService
08-30 00:52:08.814 1044 1044 I SystemServiceManager: Starting com.android.server.oemlock.OemLockService
08-30 00:52:08.815 1044 1723 D SystemServerInitThreadPool: Started executing PersistentDataBlockService.onStart
08-30 00:52:08.815 1044 1194 D PinnerService: pinRangeStream: null
08-30 00:52:08.815 1044 1044 I OemLock : OemLock HAL not present on device
08-30 00:52:08.815 1044 1044 I OemLock : Using persistent data block based lock
08-30 00:52:08.816 1044 1723 E PersistentDataBlockService: not able to find package com.google.android.gms
08-30 00:52:08.816 1044 1723 E PersistentDataBlockService: android.content.pm.PackageManager$NameNotFoundException: com.google.android.gms
08-30 00:52:08.816 1044 1723 E PersistentDataBlockService: at android.app.ApplicationPackageManager.getPackageUidAsUser(ApplicationPackageManager.java:364)
08-30 00:52:08.816 1044 1723 E PersistentDataBlockService: at com.android.server.PersistentDataBlockService.getAllowedUid(PersistentDataBlockService.java:162)
08-30 00:52:08.816 1044 1723 E PersistentDataBlockService: at com.android.server.PersistentDataBlockService.lambda$onStart$0$PersistentDataBlockService(PersistentDataBlockService.java:176)
08-30 00:52:08.816 1044 1723 E PersistentDataBlockService: at com.android.server.PersistentDataBlockService$$ExternalSyntheticLambda0.run(Unknown Source:2)
08-30 00:52:08.816 1044 1723 E PersistentDataBlockService: at com.android.server.SystemServerInitThreadPool.lambda$submitTask$0$SystemServerInitThreadPool(SystemServerInitThreadPool.java:105)
08-30 00:52:08.816 1044 1723 E PersistentDataBlockService: at com.android.server.SystemServerInitThreadPool$$ExternalSyntheticLambda0.run(Unknown Source:6)
08-30 00:52:08.816 1044 1723 E PersistentDataBlockService: at java.util.concurrent.Executors$RunnableAdapter.call(Executors.java:462)
08-30 00:52:08.816 1044 1723 E PersistentDataBlockService: at java.util.concurrent.FutureTask.run(FutureTask.java:266)
08-30 00:52:08.816 1044 1723 E PersistentDataBlockService: at java.util.concurrent.ThreadPoolExecutor.runWorker(ThreadPoolExecutor.java:1167)
08-30 00:52:08.816 1044 1723 E PersistentDataBlockService: at java.util.concurrent.ThreadPoolExecutor$Worker.run(ThreadPoolExecutor.java:641)
08-30 00:52:08.816 1044 1723 E PersistentDataBlockService: at com.android.internal.util.ConcurrentUtils$1$1.run(ConcurrentUtils.java:65)
08-30 00:52:08.817 1044 1044 D SystemServerTiming: StartOemLockService took to complete: 2ms
08-30 00:52:08.817 1044 1044 I SystemServerTiming: StartDeviceIdleController
08-30 00:52:08.817 1044 1044 I SystemServiceManager: Starting com.android.server.DeviceIdleController
08-30 00:52:08.821 1044 1044 D SystemServerTiming: StartDeviceIdleController took to complete: 5ms
08-30 00:52:08.821 1044 1044 I SystemServerTiming: StartDevicePolicyManager
08-30 00:52:08.821 1044 1044 I SystemServiceManager: Starting com.android.server.devicepolicy.DevicePolicyManagerService$Lifecycle
08-30 00:52:08.841 1044 1723 D SystemServerInitThreadPool: Finished executing PersistentDataBlockService.onStart
08-30 00:52:08.841 1044 1723 D SystemServerTimingAsync: InitThreadPoolExec:PersistentDataBlockService.onStart took to complete: 27ms
08-30 00:52:08.850 1044 1194 D PinnerService: pinRangeStream: null
08-30 00:52:08.851 1044 1044 D SLog : static_init took to complete: 2ms
08-30 00:52:08.851 1044 1044 I DevicePolicyManager: Set ro.organization_owned property to false
08-30 00:52:08.852 1044 1194 D PinnerService: pinRangeStream: null
08-30 00:52:08.853 1044 1194 E PinnerService: Could not pin file /system/lib64/libsurfaceflinger.so
08-30 00:52:08.853 1044 1194 E PinnerService: android.system.ErrnoException: open failed: ENOENT (No such file or directory)
08-30 00:52:08.853 1044 1194 E PinnerService: at libcore.io.Linux.open(Native Method)
08-30 00:52:08.853 1044 1194 E PinnerService: at libcore.io.ForwardingOs.open(ForwardingOs.java:567)
08-30 00:52:08.853 1044 1194 E PinnerService: at libcore.io.BlockGuardOs.open(BlockGuardOs.java:273)
08-30 00:52:08.853 1044 1194 E PinnerService: at android.system.Os.open(Os.java:501)
08-30 00:52:08.853 1044 1194 E PinnerService: at com.android.server.PinnerService.pinFileRanges(PinnerService.java:939)
08-30 00:52:08.853 1044 1194 E PinnerService: at com.android.server.PinnerService.pinFile(PinnerService.java:814)
08-30 00:52:08.853 1044 1194 E PinnerService: at com.android.server.PinnerService.handlePinOnStart(PinnerService.java:273)
08-30 00:52:08.853 1044 1194 E PinnerService: at com.android.server.PinnerService.access$1600(PinnerService.java:91)
08-30 00:52:08.853 1044 1194 E PinnerService: at com.android.server.PinnerService$PinnerHandler.handleMessage(PinnerService.java:1183)
08-30 00:52:08.853 1044 1194 E PinnerService: at android.os.Handler.dispatchMessage(Handler.java:106)
08-30 00:52:08.853 1044 1194 E PinnerService: at android.os.Looper.loopOnce(Looper.java:201)
08-30 00:52:08.853 1044 1194 E PinnerService: at android.os.Looper.loop(Looper.java:288)
08-30 00:52:08.853 1044 1194 E PinnerService: at android.os.HandlerThread.run(HandlerThread.java:67)
08-30 00:52:08.853 1044 1194 E PinnerService: Failed to pin file = /system/lib64/libsurfaceflinger.so
08-30 00:52:08.855 1044 1044 D SystemServerTiming: StartDevicePolicyManager took to complete: 34ms
08-30 00:52:08.855 1044 1044 I SystemServerTiming: StartStatusBarManagerService
08-30 00:52:08.857 1044 1044 D SystemServerTiming: StartStatusBarManagerService took to complete: 1ms
08-30 00:52:08.857 1044 1044 D SystemServer: MusicRecognitionManagerService not defined by OEM or disabled by flag
08-30 00:52:08.857 1044 1044 D SystemServer: ContentCaptureService disabled because resource is not overlaid
08-30 00:52:08.857 1044 1044 D SystemServer: AttentionService is not configured on this device
08-30 00:52:08.857 1044 1044 D SystemServer: RotationResolverService is not configured on this device
08-30 00:52:08.857 1044 1044 D SystemServer: SystemCaptionsManagerService disabled because resource is not overlaid
08-30 00:52:08.857 1044 1044 I SystemServerTiming: StartTextToSpeechManagerService
08-30 00:52:08.857 1044 1044 I SystemServiceManager: Starting com.android.server.texttospeech.TextToSpeechManagerService
08-30 00:52:08.859 1044 1044 D SystemServerTiming: StartTextToSpeechManagerService took to complete: 2ms
08-30 00:52:08.860 1044 1044 I SystemServerTiming: StartSpeechRecognitionManagerService
08-30 00:52:08.860 1044 1044 I SystemServiceManager: Starting com.android.server.speech.SpeechRecognitionManagerService
08-30 00:52:08.866 1044 1044 D SystemServerTiming: StartSpeechRecognitionManagerService took to complete: 7ms
08-30 00:52:08.866 1044 1044 D SystemServer: AppPredictionService not defined by OEM
08-30 00:52:08.867 1044 1044 D SystemServer: ContentSuggestionsService not defined by OEM
08-30 00:52:08.867 1044 1044 I SystemServerTiming: StartSearchUiService
08-30 00:52:08.867 1044 1044 I SystemServiceManager: Starting com.android.server.searchui.SearchUiManagerService
08-30 00:52:08.868 1044 1044 D SystemServerTiming: StartSearchUiService took to complete: 1ms
08-30 00:52:08.868 1044 1044 I SystemServerTiming: StartSmartspaceService
08-30 00:52:08.868 1044 1044 I SystemServiceManager: Starting com.android.server.smartspace.SmartspaceManagerService
08-30 00:52:08.870 1044 1044 D SystemServerTiming: StartSmartspaceService took to complete: 2ms
08-30 00:52:08.870 1044 1044 I SystemServerTiming: InitConnectivityModuleConnector
08-30 00:52:08.870 1044 1044 D ConnectivityModuleConnector: Network stack init
08-30 00:52:08.871 1044 1044 D SystemServerTiming: InitConnectivityModuleConnector took to complete: 1ms
08-30 00:52:08.871 1044 1044 I SystemServerTiming: InitNetworkStackClient
08-30 00:52:08.871 1044 1044 D SystemServerTiming: InitNetworkStackClient took to complete: 0ms
08-30 00:52:08.871 1044 1044 I SystemServerTiming: StartNetworkManagementService
08-30 00:52:08.882 1044 1044 D SystemServerTiming: StartNetworkManagementService took to complete: 11ms
08-30 00:52:08.883 1044 1044 I SystemServerTiming: StartIpSecService
08-30 00:52:08.885 1044 1044 D SystemServerTiming: StartIpSecService took to complete: 2ms
08-30 00:52:08.885 1044 1044 I SystemServerTiming: StartFontManagerService
01-01 08:21:54.406 0 0 I IPv6 : ADDRCONF(NETDEV_UP): vlan1: link is not ready
08-30 00:52:09.135 1044 1044 D SystemServerTiming: StartFontManagerService took to complete: 250ms
08-30 00:52:09.135 1044 1044 I SystemServerTiming: StartTextServicesManager
08-30 00:52:09.136 1044 1044 I SystemServiceManager: Starting com.android.server.textservices.TextServicesManagerService$Lifecycle
08-30 00:52:09.137 1044 1044 D SystemServerTiming: StartTextServicesManager took to complete: 2ms
08-30 00:52:09.137 1044 1044 I SystemServerTiming: StartTextClassificationManagerService
08-30 00:52:09.137 1044 1044 I SystemServiceManager: Starting com.android.server.textclassifier.TextClassificationManagerService$Lifecycle
08-30 00:52:09.139 1044 1044 D SystemServerTiming: StartTextClassificationManagerService took to complete: 2ms
08-30 00:52:09.140 1044 1044 I SystemServerTiming: StartNetworkScoreService
08-30 00:52:09.140 1044 1044 I SystemServiceManager: Starting com.android.server.NetworkScoreService$Lifecycle
08-30 00:52:09.141 1044 1044 D SystemServerTiming: StartNetworkScoreService took to complete: 2ms
08-30 00:52:09.141 1044 1044 I SystemServerTiming: StartNetworkStatsService
08-30 00:52:09.148 1044 1044 D SystemServerTiming: StartNetworkStatsService took to complete: 7ms
08-30 00:52:09.148 1044 1044 I SystemServerTiming: StartNetworkPolicyManagerService
08-30 00:52:09.162 1044 1044 D SystemServerTiming: StartNetworkPolicyManagerService took to complete: 14ms
08-30 00:52:09.162 1044 1044 I SystemServerTiming: StartWifi
08-30 00:52:09.209 1044 1044 I SystemServiceManager: Starting com.android.server.wifi.WifiService
08-30 00:52:09.233 686 686 D ZygoteInitTiming_lazy: PreloadClasses took to complete: 1637ms
08-30 00:52:09.262 686 686 D ZygoteInitTiming_lazy: CacheNonBootClasspathClassLoaders took to complete: 29ms --------- beginning of radio
08-30 00:52:09.295 1044 1044 D TelephonyRegistry: listen oscl: mHasNotifySubscriptionInfoChangedOccurred==false no callback
08-30 00:52:09.296 686 686 D ZygoteInitTiming_lazy: PreloadResources took to complete: 34ms
08-30 00:52:09.323 1357 1357 I wificond: New wificond event callback registered
08-30 00:52:09.326 1044 1044 V HistoricalRegistry: Interaction before persistence initialized
08-30 00:52:09.333 1044 1044 D SystemServerTiming: StartWifi took to complete: 171ms
08-30 00:52:09.333 1044 1044 I SystemServerTiming: StartWifiScanning
08-30 00:52:09.334 1044 1044 I SystemServiceManager: Starting com.android.server.wifi.scanner.WifiScanningService
08-30 00:52:09.348 1044 1044 D SystemServerTiming: StartWifiScanning took to complete: 15ms
08-30 00:52:09.348 1044 1044 I SystemServerTiming: StartRttService
08-30 00:52:09.348 1044 1044 I SystemServiceManager: Starting com.android.server.wifi.rtt.RttService
08-30 00:52:09.350 1044 1044 D SystemServerTiming: StartRttService took to complete: 1ms
08-30 00:52:09.350 1044 1044 I SystemServerTiming: StartWifiAware
08-30 00:52:09.350 1044 1044 I SystemServiceManager: Starting com.android.server.wifi.aware.WifiAwareService
08-30 00:52:09.351 1044 1044 D SystemServerTiming: StartWifiAware took to complete: 1ms
08-30 00:52:09.351 1044 1044 I SystemServerTiming: StartWifiP2P
08-30 00:52:09.351 1044 1044 I SystemServiceManager: Starting com.android.server.wifi.p2p.WifiP2pService
08-30 00:52:09.356 1044 1044 D SystemServerTiming: StartWifiP2P took to complete: 5ms
08-30 00:52:09.357 1044 1044 I SystemServerTiming: StartEthernet
