08-30 00:52:15.024 1002 2540 E StandardCaps: Failed to read platform linear color format
08-30 00:52:15.024 1002 2540 E StandardCaps: Failed to read platform linear color format
08-30 00:52:15.025 1879 2548 I bt_core_module: module_start_up Starting module "controller_module"
08-30 00:52:15.025 1002 2540 E StandardCaps: Failed to read platform linear color format
08-30 00:52:15.025 1879 2548 I bt_stack: [INFO:controller.cc(1326)] load_bt_configstore_lib loaded HAL: bt_configstore_interface_t=0x7557697970, bt_configstore_lib_handle=0x9a5e4242b73cefa3
08-30 00:52:15.025 1879 2548 I bt_config_store: getVendorProperties
08-30 00:52:15.026 1002 2540 E StandardCaps: Failed to read platform linear color format
08-30 00:52:15.028 835 835 I vendor.qti.hardware.btconfigstore@2.0-BTConfigStore: getVendorProperties:: Bluetooth soc type set to: hastings, ret: 8
08-30 00:52:15.028 835 835 I vendor.qti.hardware.btconfigstore@2.0-BTConfigStore: getVendorProperties:: persist.vendor.qcom.bluetooth.enable.splita2dp: true, ret: 4
08-30 00:52:15.028 835 835 I vendor.qti.hardware.btconfigstore@2.0-BTConfigStore: getVendorProperties:: persist.vendor.qcom.bluetooth.a2dp_offload_cap: sbc-aptx-aptxtws-aptxhd-aac-ldac-aptxadaptiver2, ret: 47
08-30 00:52:15.028 835 835 I vendor.qti.hardware.btconfigstore@2.0-BTConfigStore: getVendorProperties:: ro.vendor.bluetooth.wipower: false, ret: 5
08-30 00:52:15.028 835 835 I vendor.qti.hardware.btconfigstore@2.0-BTConfigStore: getVendorProperties:: persist.vendor.qcom.bluetooth.aac_frm_ctl.enabled: true, ret: 4
08-30 00:52:15.028 835 835 I vendor.qti.hardware.btconfigstore@2.0-BTConfigStore: getVendorProperties:: persist.vendor.qcom.bluetooth.enable.swb: true, ret: 4
08-30 00:52:15.028 835 835 I vendor.qti.hardware.btconfigstore@2.0-BTConfigStore: getVendorProperties:: persist.vendor.qcom.bluetooth.enable.swbpm: true, ret: 4
08-30 00:52:15.028 835 835 I vendor.qti.hardware.btconfigstore@2.0-BTConfigStore: getVendorProperties:: persist.vendor.qcom.bluetooth.a2dp_mcast_test.enabled: false, ret: 5
08-30 00:52:15.028 835 835 I vendor.qti.hardware.btconfigstore@2.0-BTConfigStore: getVendorProperties:: persist.vendor.qcom.bluetooth.twsp_state.enabled: false, ret: 5
08-30 00:52:15.028 835 835 I vendor.qti.hardware.btconfigstore@2.0-BTConfigStore: getVendorProperties:: persist.vendor.qcom.bluetooth.max_power_support: false, ret: 5
08-30 00:52:15.029 1002 1161 E VendorCaps: Failed to read platform LTR max count
08-30 00:52:15.029 1002 1161 I VendorCaps: LTR Max Count - 0
08-30 00:52:15.029 1002 1161 E VendorCaps: Failed to read platform VT driver version
08-30 00:52:15.029 1002 1161 I VendorCaps: VT Driver Version - 0
08-30 00:52:15.029 1002 1161 I vendor.qti.media.c2@1.0-service: missing struct descriptor #Param::CoreIndex(--002) for field mastering of struct #Param::CoreIndex(--180a)
08-30 00:52:15.029 1879 2548 I bt_config_store: prop type: BT_PROP_SOC_TYPE, prop_value: hastings
08-30 00:52:15.029 1002 1161 I vendor.qti.media.c2@1.0-service: missing struct descriptor #Param::CoreIndex(-V801f) for field ubwcStats of struct #Param::CoreIndex(-V8020)
08-30 00:52:15.029 1879 2548 I bt_config_store: prop type: BT_PROP_SPILT_A2DP, prop_value: true
08-30 00:52:15.029 1002 1161 E VendorCaps: Failed to read platform preprocess rotation
08-30 00:52:15.029 1002 1161 I VendorCaps: Preprocess Rotation - 0
08-30 00:52:15.029 1879 2548 I bt_config_store: prop type: BT_PROP_A2DP_OFFLOAD_CAP, prop_value: sbc-aptx-aptxtws-aptxhd-aac-ldac-aptxadaptiver2
08-30 00:52:15.029 1879 2548 I bt_config_store: prop type: BT_PROP_WIPOWER, prop_value: false
08-30 00:52:15.029 1002 1161 E VendorCaps: Failed to read platform preprocess max downscale factor
08-30 00:52:15.029 1002 1161 I VendorCaps: Preprocess Max Down Scale Factor - 0
08-30 00:52:15.029 1879 2548 I bt_config_store: prop type: BT_PROP_AAC_FRAME_CTL, prop_value: true
08-30 00:52:15.029 1002 1161 E StandardCaps: Failed to read platform linear color format
08-30 00:52:15.029 1879 2548 I bt_config_store: not handled propType = 6
08-30 00:52:15.029 1879 2548 I bt_config_store: prop type: not handled, prop_value: true
08-30 00:52:15.029 1002 1161 I vendor.qti.media.c2@1.0-service: missing struct descriptor #Param::CoreIndex(--004) for field values of struct #Param::CoreIndex(F-12004)
08-30 00:52:15.029 1002 1161 E StandardCaps: Failed to read platform default max MBs per second
08-30 00:52:15.029 1002 1161 E StandardCaps: Failed to read platform default B-frame count
08-30 00:52:15.029 1879 2548 I bt_config_store: not handled propType = 7
08-30 00:52:15.029 1002 1161 W StandardCaps: Preconditions for b-frame didn't meet. Disabling b-frame!
08-30 00:52:15.029 1002 1161 I QC2CompStore: Created interface(c2.qti.hevc.encoder) id(10)
08-30 00:52:15.029 1879 2548 I bt_config_store: prop type: not handled, prop_value: true
08-30 00:52:15.030 1879 2548 I bt_config_store: not handled propType = 8
08-30 00:52:15.030 1879 2548 I bt_config_store: prop type: not handled, prop_value: false
08-30 00:52:15.030 1879 2548 I bt_config_store: not handled propType = 9
08-30 00:52:15.030 1879 2548 I bt_config_store: prop type: not handled, prop_value: false
08-30 00:52:15.030 1879 2548 I bt_config_store: not handled propType = 11
08-30 00:52:15.030 1879 2548 I bt_config_store: prop type: not handled, prop_value: false
08-30 00:52:15.030 1879 2548 I bt_config_store: soc_name: hastings, soc_type = 0004
08-30 00:52:15.030 1879 2548 I bt_controller: start_up:: soc_name:hastings, soc_type = 4
08-30 00:52:15.030 1879 2548 I bt_controller: start_up:: spilt_a2dp_supported = 1
08-30 00:52:15.031 1879 2548 I bt_controller: start_up:: a2dp_offload_Cap = sbc-aptx-aptxtws-aptxhd-aac-ldac-aptxadaptiver2
08-30 00:52:15.031 1879 2548 I bt_controller: start_up:: wipower_supported = 0
08-30 00:52:15.031 1879 2548 I bt_controller: start_up:: aac_frame_ctl_enabled = 1
08-30 00:52:15.031 1879 2548 I bt_controller: start_up:: a2dp_multicast_supported = 0
08-30 00:52:15.031 1879 2548 I bt_controller: start_up:: twsp_state_supported = 0
08-30 00:52:15.031 1879 2548 I bt_controller: decode_max_power_values: MAX POW property is not set
08-30 00:52:15.031 1879 2548 I bt_controller: start_up:: max_power_prop_enabled = 0
08-30 00:52:15.032 835 835 I vendor.qti.bluetooth@1.0-ibs_handler: DeviceWakeUp: Writing IBS_WAKE_IND
08-30 00:52:15.033 835 2542 I vendor.qti.bluetooth@1.0-ibs_handler: ProcessIbsCmd: Received IBS_WAKE_ACK: 0xFC
08-30 00:52:15.033 835 2542 I vendor.qti.bluetooth@1.0-ibs_handler: ProcessIbsCmd: Signal wack_cond_
08-30 00:52:15.033 835 835 D vendor.qti.bluetooth@1.0-ibs_handler: DeviceWakeUp: Unblocked from waiting for FC, pthread_cond_timedwait ret = 0
08-30 00:52:15.035 1002 1160 E VendorCaps: Failed to read platform LTR max count
08-30 00:52:15.035 1002 1160 I VendorCaps: LTR Max Count - 0
08-30 00:52:15.035 1002 1160 E VendorCaps: Failed to read platform VT driver version
08-30 00:52:15.035 1002 1160 I VendorCaps: VT Driver Version - 0
08-30 00:52:15.035 1002 1160 I vendor.qti.media.c2@1.0-service: missing struct descriptor #Param::CoreIndex(--002) for field mastering of struct #Param::CoreIndex(--180a)
08-30 00:52:15.035 1002 1160 I vendor.qti.media.c2@1.0-service: missing struct descriptor #Param::CoreIndex(-V801f) for field ubwcStats of struct #Param::CoreIndex(-V8020)
08-30 00:52:15.035 1002 1160 E VendorCaps: Failed to read platform preprocess rotation
08-30 00:52:15.035 1002 1160 I VendorCaps: Preprocess Rotation - 0
08-30 00:52:15.036 1002 1160 E VendorCaps: Failed to read platform preprocess max downscale factor
08-30 00:52:15.036 1002 1160 I VendorCaps: Preprocess Max Down Scale Factor - 0
08-30 00:52:15.036 1002 1160 E StandardCaps: Failed to read platform linear color format
08-30 00:52:15.036 1002 1160 I vendor.qti.media.c2@1.0-service: missing struct descriptor #Param::CoreIndex(--004) for field values of struct #Param::CoreIndex(F-12004)
08-30 00:52:15.036 1002 1160 E StandardCaps: Failed to read platform default max MBs per second
08-30 00:52:15.036 1002 1160 E StandardCaps: Failed to read platform default B-frame count
08-30 00:52:15.036 1002 1160 W StandardCaps: Preconditions for b-frame didn't meet. Disabling b-frame!
08-30 00:52:15.036 1002 1160 I QC2CompStore: Created interface(c2.qti.hevc.encoder.cq) id(11)
08-30 00:52:15.037 835 2401 D vendor.qti.bluetooth@1.0-data_handler: operator(): init thread exited now
08-30 00:52:15.038 1002 2540 E VendorCaps: Failed to read platform LTR max count
08-30 00:52:15.038 1002 2540 I VendorCaps: LTR Max Count - 0
08-30 00:52:15.038 1002 2540 E VendorCaps: Failed to read platform VT driver version
08-30 00:52:15.038 1002 2540 I VendorCaps: VT Driver Version - 0
08-30 00:52:15.038 1002 2540 I vendor.qti.media.c2@1.0-service: missing struct descriptor #Param::CoreIndex(-V801f) for field ubwcStats of struct #Param::CoreIndex(-V8020)
08-30 00:52:15.038 1002 2540 I vendor.qti.media.c2@1.0-service: missing struct descriptor #Param::CoreIndex(--002) for field mastering of struct #Param::CoreIndex(--180a)
08-30 00:52:15.039 1002 2540 E VendorCaps: Failed to read platform preprocess rotation
08-30 00:52:15.039 1002 2540 I VendorCaps: Preprocess Rotation - 0
08-30 00:52:15.039 1002 2540 E VendorCaps: Failed to read platform preprocess max downscale factor
08-30 00:52:15.039 1002 2540 I VendorCaps: Preprocess Max Down Scale Factor - 0
08-30 00:52:15.039 1002 2540 E StandardCaps: Failed to read platform linear color format
08-30 00:52:15.039 1002 2540 I vendor.qti.media.c2@1.0-service: missing struct descriptor #Param::CoreIndex(--004) for field values of struct #Param::CoreIndex(F-12004)
08-30 00:52:15.039 1002 2540 E StandardCaps: Failed to read platform default max MBs per second
08-30 00:52:15.039 1002 2540 E StandardCaps: Failed to read platform default B-frame count
08-30 00:52:15.039 1002 2540 W StandardCaps: Preconditions for b-frame didn't meet. Disabling b-frame!
08-30 00:52:15.039 1002 2540 I QC2CompStore: Created interface(c2.qti.heic.encoder) id(12)
08-30 00:52:15.040 835 2542 D vendor.qti.bluetooth@1.0-ibs_handler: ibs_spurious_wake_timer_start: Spurious wake timer created
08-30 00:52:15.041 1002 1002 E VendorCaps: Failed to read platform LTR max count
08-30 00:52:15.041 1002 1002 I VendorCaps: LTR Max Count - 0
08-30 00:52:15.041 1002 1002 E VendorCaps: Failed to read platform VT driver version
08-30 00:52:15.041 1002 1002 I VendorCaps: VT Driver Version - 0
08-30 00:52:15.041 1002 1002 I vendor.qti.media.c2@1.0-service: missing struct descriptor #Param::CoreIndex(-V801f) for field ubwcStats of struct #Param::CoreIndex(-V8020)
08-30 00:52:15.041 1002 1002 I vendor.qti.media.c2@1.0-service: missing struct descriptor #Param::CoreIndex(--002) for field mastering of struct #Param::CoreIndex(--180a)
08-30 00:52:15.041 1002 1002 E VendorCaps: Failed to read platform preprocess rotation
08-30 00:52:15.041 1002 1002 I VendorCaps: Preprocess Rotation - 0
08-30 00:52:15.042 1002 1002 E VendorCaps: Failed to read platform preprocess max downscale factor
08-30 00:52:15.042 1002 1002 I VendorCaps: Preprocess Max Down Scale Factor - 0
08-30 00:52:15.042 1002 1002 E StandardCaps: Failed to read platform linear color format
08-30 00:52:15.042 1002 1002 I vendor.qti.media.c2@1.0-service: missing struct descriptor #Param::CoreIndex(--004) for field values of struct #Param::CoreIndex(F-12004)
08-30 00:52:15.042 1002 1002 E StandardCaps: Failed to read platform default max MBs per second
08-30 00:52:15.042 1002 1002 E StandardCaps: Failed to read platform default B-frame count
08-30 00:52:15.042 1002 1002 W StandardCaps: Preconditions for b-frame didn't meet. Disabling b-frame!
08-30 00:52:15.042 1002 1002 I QC2CompStore: Created interface(c2.qti.vp8.encoder) id(13)
08-30 00:52:15.042 1882 1882 V WallpaperService: Setting wallpaper dimming: 0
08-30 00:52:15.044 835 2556 D vendor.qti.bluetooth@1.0-data_handler: operator(): Resetting Rx thread stuck prop
08-30 00:52:15.045 1002 2551 E QC2CompStore: Failed to locate interface with name c2.android.aac.decoder
08-30 00:52:15.047 1450 1567 V C2Store : in init
08-30 00:52:15.047 1450 1567 V C2Store : loading dll
01-01 08:22:00.395 0 0 E [kworke][0x55be3a60][00:52:15.035819] wlan: [335:E:HIF] hif_pci_ce_irq_set_affinity_hint: 3708: Unable to set cpu mask for offline CPU 0
08-30 00:52:15.049 1882 1882 D Tonal : Tonal Palette - index: 7. Main color: ffb2566e
08-30 00:52:15.049 1882 1882 D Tonal : Colors: ff030102, ff17070b, ff2a0d16, ff421423, ff5f1d35, ff7c263c, ff992f4b, ffb2566e, ffce6176, ffd67888, ffde949c, ffeabbbf, fff2d6da
08-30 00:52:15.050 1882 1882 D Tonal : Gradients:
08-30 00:52:15.050 1882 1882 D Tonal : Normal GradientColors(ffb2566e, ffb2566e)
08-30 00:52:15.050 1882 1882 D Tonal : Dark GradientColors(ff421423, ff421423)
08-30 00:52:15.050 1882 1882 D Tonal : Extra dark: GradientColors(ff2a0d16, ff2a0d16)
08-30 00:52:15.050 1882 1882 D Tonal : Tonal Palette - index: 7. Main color: ffb2566e
08-30 00:52:15.050 1882 1882 D Tonal : Colors: ff030102, ff17070b, ff2a0d16, ff421423, ff5f1d35, ff7c263c, ff992f4b, ffb2566e, ffce6176, ffd67888, ffde949c, ffeabbbf, fff2d6da
08-30 00:52:15.050 1882 1882 D Tonal : Gradients:
08-30 00:52:15.050 1882 1882 D Tonal : Normal GradientColors(ffb2566e, ffb2566e)
08-30 00:52:15.050 1882 1882 D Tonal : Dark GradientColors(ff421423, ff421423)
08-30 00:52:15.050 1882 1882 D Tonal : Extra dark: GradientColors(ff2a0d16, ff2a0d16)
08-30 00:52:15.057 1882 2241 D EglHelper: createEglContext start
08-30 00:52:15.059 835 2556 D vendor.qti.bluetooth@1.0-data_handler: operator(): Resetting Rx thread stuck prop completed
08-30 00:52:15.060 1882 2241 D EglHelper: createEglContext done
08-30 00:52:15.060 1882 2241 D EglHelper: createEglSurface start
08-30 00:52:15.060 1882 2241 D EglHelper: createEglSurface done
08-30 00:52:15.051 1350 1418 I Codec2InfoBuilder: adding type 'audio/mp4a-latm'
01-01 08:22:00.426 0 0 I [kworke][0x55c75aac][00:52:15.066971] wlan: [333:I:WMA] wma_rx_service_ready_event: Firmware build version : 101a0521
01-01 08:22:00.426 0 0 I [kworke][0x55c76078][00:52:15.067049] wlan: [333:I:WMA] wma_rx_service_ready_event: Board id: 0, Board version: 8 0 0 0 6
08-30 00:52:15.080 1002 1160 E QC2CompStore: Failed to locate interface with name c2.android.aac.encoder
08-30 00:52:15.080 1450 1450 V C2Store : in ~ComponentModule
08-30 00:52:15.080 1450 1450 V C2Store : unloading dll
08-30 00:52:15.081 1450 1450 V C2Store : in init
08-30 00:52:15.081 1450 1450 V C2Store : loading dll
08-30 00:52:15.083 1350 1418 I Codec2InfoBuilder: adding type 'audio/mp4a-latm'
08-30 00:52:15.089 1450 1450 V C2Store : in ~ComponentModule
08-30 00:52:15.089 1002 1160 E QC2CompStore: Failed to locate interface with name c2.android.amrnb.decoder
08-30 00:52:15.089 1450 1450 V C2Store : unloading dll
08-30 00:52:15.090 1450 1567 V C2Store : in init
08-30 00:52:15.090 1450 1567 V C2Store : loading dll
08-30 00:52:15.094 1350 1418 I Codec2InfoBuilder: adding type 'audio/3gpp'
08-30 00:52:15.095 1450 1567 V C2Store : in ~ComponentModule
08-30 00:52:15.095 1450 1567 V C2Store : unloading dll
08-30 00:52:15.096 1002 1160 E QC2CompStore: Failed to locate interface with name c2.android.amrnb.encoder
08-30 00:52:15.096 1450 1567 V C2Store : in init
08-30 00:52:15.096 1450 1567 V C2Store : loading dll
08-30 00:52:15.098 1350 1418 I Codec2InfoBuilder: adding type 'audio/3gpp'
01-01 08:22:00.442 0 0 I [kworke][0x55cc32e9][00:52:15.083508] wlan: [333:I:WMA] wma_is_dbs_mandatory: 5417: MAC0 does not support both bands 2 DBS is mandatory
01-01 08:22:00.443 0 0 E [kworke][0x55cc5616][00:52:15.083977] wlan: [333:E:QDF] copy_fw_abi_version_tlv: 6979: copy_fw_abi_version_tlv: INIT_CMD version: 1, 0, 0x5f414351, 0x4c4d, 0x0, 0x0
08-30 00:52:15.100 1450 1567 V C2Store : in ~ComponentModule
08-30 00:52:15.100 1002 1160 E QC2CompStore: Failed to locate interface with name c2.android.amrwb.decoder
08-30 00:52:15.100 1450 1567 V C2Store : unloading dll
08-30 00:52:15.100 1450 2557 V C2Store : in init
08-30 00:52:15.100 1450 2557 V C2Store : loading dll
08-30 00:52:15.103 1350 1418 I Codec2InfoBuilder: adding type 'audio/amr-wb'
08-30 00:52:15.105 1450 1567 V C2Store : in ~ComponentModule
08-30 00:52:15.105 1002 1160 E QC2CompStore: Failed to locate interface with name c2.android.amrwb.encoder
08-30 00:52:15.105 1450 1567 V C2Store : unloading dll
08-30 00:52:15.106 1450 1567 V C2Store : in init
08-30 00:52:15.106 1450 1567 V C2Store : loading dll
08-30 00:52:15.108 1350 1418 I Codec2InfoBuilder: adding type 'audio/amr-wb'
08-30 00:52:15.109 1002 1160 E QC2CompStore: Failed to locate interface with name c2.android.av1.decoder
08-30 00:52:15.109 1450 2557 V C2Store : in ~ComponentModule
08-30 00:52:15.109 1450 2557 V C2Store : unloading dll
08-30 00:52:15.110 1450 1567 V C2Store : in init
08-30 00:52:15.110 1450 1567 V C2Store : loading dll
08-30 00:52:15.112 1350 1418 I Codec2InfoBuilder: adding type 'video/av01'
08-30 00:52:15.116 1002 1160 E QC2CompStore: Failed to locate interface with name c2.android.avc.decoder
08-30 00:52:15.116 1450 1567 V C2Store : in ~ComponentModule
08-30 00:52:15.116 1450 1567 V C2Store : unloading dll
08-30 00:52:15.117 1450 2557 V C2Store : in init
08-30 00:52:15.117 1450 2557 V C2Store : loading dll
08-30 00:52:15.119 1350 1418 I Codec2InfoBuilder: adding type 'video/avc'
08-30 00:52:15.119 1044 1684 I InputDispatcher: Erasing monitor swipe-up (server) on display 0, pid=2418
01-01 08:22:00.470 0 0 E : INFO: trying to register non-static key.
01-01 08:22:00.475 0 0 E : the code is fine but needs lockdep annotation.
01-01 08:22:00.480 0 0 I : CPU: 3 PID: 292 Comm: kworker/u16:8 Tainted: G S W O 4.19.157+ #1
01-01 08:22:00.480 0 0 I Hardware name: Qualcomm Technologies, Inc. kona MTP-RmPM8150b (DT)
01-01 08:22:00.480 0 0 I Workqueue: events_unbound ion_system_secure_heap_prefetch_work
01-01 08:22:00.480 0 0 I Call trace:
01-01 08:22:00.480 0 0 I : dump_backtrace+0x0/0x258
01-01 08:22:00.480 0 0 I : show_stack+0x20/0x30
01-01 08:22:00.480 0 0 I : dump_stack+0xd8/0x12c
01-01 08:22:00.481 0 0 I : register_lock_class+0x4d0/0x5c8
01-01 08:22:00.481 0 0 I : __lock_acquire+0xbc/0x1e58
01-01 08:22:00.481 0 0 I : lock_acquire+0x1cc/0x218
01-01 08:22:00.481 0 0 I : _raw_spin_lock_irqsave+0x54/0x98
01-01 08:22:00.481 0 0 I : ion_system_secure_heap_prefetch_work+0x94/0x2c0
01-01 08:22:00.481 0 0 I : process_one_work+0x38c/0x660
01-01 08:22:00.481 0 0 I : worker_thread+0x268/0x4b8
01-01 08:22:00.481 0 0 I : kthread+0x140/0x150
01-01 08:22:00.481 0 0 I : ret_from_fork+0x10/0x1c
08-30 00:52:15.122 1044 2457 I InputDispatcher: Created monitor swipe-up for display 0, gesture=true, pid=2418
08-30 00:52:15.125 1002 1160 E QC2CompStore: Failed to locate interface with name c2.android.avc.encoder
08-30 00:52:15.126 1882 1882 D QSTileHost: Recreating tiles
08-30 00:52:15.126 1450 1567 V C2Store : in ~ComponentModule
08-30 00:52:15.126 1882 1882 D QSTileHost: Creating tile: internet
08-30 00:52:15.126 1450 1567 V C2Store : unloading dll
08-30 00:52:15.126 1450 2558 V C2Store : in init
08-30 00:52:15.126 1450 2558 V C2Store : loading dll
08-30 00:52:15.127 1450 2558 I mediaswcodec: missing struct descriptor #Param::CoreIndex(--004) for field values of struct #Param::CoreIndex(F-12004)
08-30 00:52:15.128 1450 2558 I mediaswcodec: missing struct descriptor #Param::CoreIndex(--1812) for field values of struct #Param::CoreIndex(F-11812)
08-30 00:52:15.128 1450 2558 I mediaswcodec: missing struct descriptor #Param::CoreIndex(--004) for field values of struct #Param::CoreIndex(F-12004)
08-30 00:52:15.128 1450 2558 I mediaswcodec: missing struct descriptor #Param::CoreIndex(--1812) for field values of struct #Param::CoreIndex(F-11812)
08-30 00:52:15.128 1882 1882 D QSTileHost: Creating tile: bt
08-30 00:52:15.129 1882 1882 D QSTileHost: Creating tile: screenshot
08-30 00:52:15.129 1879 2548 D bt_controller: start_up read local simple pairing options
08-30 00:52:15.130 1882 1882 D QSTileHost: Creating tile: screenrecord
08-30 00:52:15.130 1350 1418 I Codec2InfoBuilder: adding type 'video/avc'
08-30 00:52:15.130 1882 1882 D QSTileHost: Creating tile: dark
08-30 00:52:15.130 1879 2548 D bt_controller: start_up simple pairing options is 0x1
08-30 00:52:15.130 1879 2548 W bt_device_profile: rf_path_loss_values_fetch:profile 6
08-30 00:52:15.130 1879 2548 W bt_device_profile: rf_path_loss_values_fetch:RF_TX_PATH_COMPENSATION_VALUE found, tx value : 0
08-30 00:52:15.130 1882 1882 D QSTileHost: Creating tile: night
08-30 00:52:15.130 1879 2548 W bt_device_profile: rf_path_loss_values_fetch:profile 6
08-30 00:52:15.130 1879 2548 W bt_device_profile: rf_path_loss_values_fetch:RF_RX_PATH_COMPENSATION_VALUE found, rx value : 0
08-30 00:52:15.132 1882 1882 D QSTileHost: Creating tile: dbg:mem
08-30 00:52:15.133 1879 2548 D bt_controller: start_up HCI write RF compensation tx value : 0, rx value : 0
08-30 00:52:15.133 1879 2548 I bt_config_store: getHostAddOnFeatures
08-30 00:52:15.134 835 835 D vendor.qti.bluetooth@1.0-data_handler: isProtocolInitialized:
08-30 00:52:15.134 835 835 I vendor.qti.bluetooth@1.0-data_handler: isProtocolInitialized: status:1
08-30 00:52:15.135 835 835 I vendor.qti.hardware.btconfigstore@2.0-BTConfigStore: getHostAddOnFeatures: 0x0
08-30 00:52:15.135 1879 2548 I bt_config_store: getHostAddOnFeatures:: halResult = 1
08-30 00:52:15.135 1879 2548 I bt_config_store: getControllerAddOnFeatures
08-30 00:52:15.135 1002 1160 E QC2CompStore: Failed to locate interface with name c2.android.flac.decoder
08-30 00:52:15.135 1450 1567 V C2Store : in ~ComponentModule
08-30 00:52:15.135 1450 1567 V C2Store : unloading dll
08-30 00:52:15.135 1450 2557 V C2Store : in init
08-30 00:52:15.135 1450 2557 V C2Store : loading dll
01-01 08:22:00.484 0 0 E : INFO: trying to register non-static key.
01-01 08:22:00.489 0 0 E : the code is fine but needs lockdep annotation.
01-01 08:22:00.495 0 0 I : CPU: 3 PID: 292 Comm: kworker/u16:8 Tainted: G S W O 4.19.157+ #1
01-01 08:22:00.495 0 0 I Hardware name: Qualcomm Technologies, Inc. kona MTP-RmPM8150b (DT)
01-01 08:22:00.495 0 0 I Workqueue: events_unbound ion_system_secure_heap_prefetch_work
01-01 08:22:00.495 0 0 I Call trace:
01-01 08:22:00.495 0 0 I : dump_backtrace+0x0/0x258
01-01 08:22:00.495 0 0 I : show_stack+0x20/0x30
01-01 08:22:00.495 0 0 I : dump_stack+0xd8/0x12c
01-01 08:22:00.495 0 0 I : register_lock_class+0x4d0/0x5c8
01-01 08:22:00.495 0 0 I : __lock_acquire+0xbc/0x1e58
01-01 08:22:00.495 0 0 I : lock_acquire+0x1cc/0x218
01-01 08:22:00.495 0 0 I : _raw_spin_lock_irqsave+0x54/0x98
01-01 08:22:00.495 0 0 I : ion_system_secure_heap_prefetch_work+0x94/0x2c0
01-01 08:22:00.495 0 0 I : process_one_work+0x38c/0x660
01-01 08:22:00.495 0 0 I : worker_thread+0x268/0x4b8
01-01 08:22:00.495 0 0 I : kthread+0x140/0x150
01-01 08:22:00.495 0 0 I : ret_from_fork+0x10/0x1c
08-30 00:52:15.137 835 835 D vendor.qti.bluetooth@1.0-data_handler: isProtocolInitialized:
08-30 00:52:15.137 835 835 I vendor.qti.bluetooth@1.0-data_handler: isProtocolInitialized: status:1
08-30 00:52:15.137 835 835 I vendor.qti.hardware.btconfigstore@2.0-BTConfigStore: getControllerAddOnFeatures: 0x79c4d7f6e8
08-30 00:52:15.137 1879 2548 I bt_config_store: getControllerAddOnFeatures:: halResult = 0
08-30 00:52:15.137 1879 2548 I bt_config_store: getControllerAddOnFeatures:: product_id = 16, version = 1, feat_mask_len = 5 features data: 0x1c 0xfd 0x7f 0xe 0x1
08-30 00:52:15.144 1879 2548 I bt_core_module: module_start_up Started module "controller_module"
08-30 00:52:15.144 1879 2548 W bt_osi_thread: run_thread: thread id 2548, thread name module_wrapper exited
08-30 00:52:15.145 1879 2545 V bt_stack: [VERBOSE1:connection_manager.cc(198)] reset : after_reset1
08-30 00:52:15.146 1879 2545 W bt_btm : btm_decode_ext_features_page: feature page 1 ignored
08-30 00:52:15.146 1879 2545 W bt_btm : btm_decode_ext_features_page: feature page 2 ignored
01-01 08:22:00.500 0 0 E : INFO: trying to register non-static key.
01-01 08:22:00.505 0 0 E : the code is fine but needs lockdep annotation.
01-01 08:22:00.510 0 0 I : CPU: 4 PID: 292 Comm: kworker/u16:8 Tainted: G S W O 4.19.157+ #1
01-01 08:22:00.510 0 0 I Hardware name: Qualcomm Technologies, Inc. kona MTP-RmPM8150b (DT)
01-01 08:22:00.510 0 0 I Workqueue: events_unbound ion_system_secure_heap_prefetch_work
01-01 08:22:00.510 0 0 I Call trace:
01-01 08:22:00.510 0 0 I : dump_backtrace+0x0/0x258
01-01 08:22:00.510 0 0 I : show_stack+0x20/0x30
01-01 08:22:00.510 0 0 I : dump_stack+0xd8/0x12c
01-01 08:22:00.510 0 0 I : register_lock_class+0x4d0/0x5c8
01-01 08:22:00.510 0 0 I : __lock_acquire+0xbc/0x1e58
01-01 08:22:00.510 0 0 I : lock_acquire+0x1cc/0x218
01-01 08:22:00.510 0 0 I : _raw_spin_lock_irqsave+0x54/0x98
01-01 08:22:00.510 0 0 I : ion_system_secure_heap_prefetch_work+0x94/0x2c0
01-01 08:22:00.510 0 0 I : process_one_work+0x38c/0x660
01-01 08:22:00.510 0 0 I : worker_thread+0x268/0x4b8
01-01 08:22:00.510 0 0 I : kthread+0x140/0x150
01-01 08:22:00.510 0 0 I : ret_from_fork+0x10/0x1c
08-30 00:52:15.146 1350 1418 I Codec2InfoBuilder: adding type 'audio/flac'
08-30 00:52:15.146 1879 2547 I bt_btm_sec: BTM_SecRegister p_cb_info->p_le_callback == 0x0x755366f738
08-30 00:52:15.146 1879 2547 I bt_btm_sec: BTM_SecRegister btm_cb.api.p_le_callback = 0x0x755366f738
08-30 00:52:15.147 1002 1160 E QC2CompStore: Failed to locate interface with name c2.android.flac.encoder
08-30 00:52:15.147 1450 2558 V C2Store : in init
08-30 00:52:15.147 1450 2558 V C2Store : loading dll
08-30 00:52:15.149 1879 2547 V bt_stack: [VERBOSE1:bta_gattc_act.cc(210)] bta_gattc_register: state:0
08-30 00:52:15.149 1879 2547 V bt_stack: [VERBOSE1:bta_gattc_act.cc(132)] bta_gattc_enable
08-30 00:52:15.150 1879 2547 I bt_stack: [INFO:gatt_api.cc(1223)] GATT_Register d9c1bd77-de1e-4fc8-c8d4-457db8781c83
08-30 00:52:15.150 1879 2547 I bt_stack: [INFO:gatt_api.cc(1244)] allocated gatt_if=3
08-30 00:52:15.150 1350 1418 I Codec2InfoBuilder: adding type 'audio/flac'
08-30 00:52:15.150 1879 2547 V bt_stack: [VERBOSE1:gatt_api.cc(1369)] GATT_StartIf gatt_if=3
08-30 00:52:15.150 1879 2547 V bt_stack: [VERBOSE1:gatt_utils.cc(293)] gatt_find_the_connected_bda start_idx=0
08-30 00:52:15.150 1879 2547 V bt_stack: [VERBOSE1:gatt_utils.cc(305)] found=0 found_idx=10
08-30 00:52:15.151 1450 2558 V C2Store : in ~ComponentModule
08-30 00:52:15.151 1002 1160 E QC2CompStore: Failed to locate interface with name c2.android.g711.alaw.decoder
08-30 00:52:15.151 1450 2558 V C2Store : unloading dll
08-30 00:52:15.151 1882 1882 D ControlsFavoritePersistenceWrapper: No favorites, returning empty list
08-30 00:52:15.151 1450 1450 V C2Store : in init
08-30 00:52:15.151 1450 1450 V C2Store : loading dll
08-30 00:52:15.152 1882 1882 I WalletControllerImpl: Setting WalletTile position: null
08-30 00:52:15.152 1882 2176 D ControlsListingControllerImpl: Unsubscribing callback
08-30 00:52:15.153 1350 1418 I Codec2InfoBuilder: adding type 'audio/g711-alaw'
08-30 00:52:15.154 1882 2176 D ControlsListingControllerImpl: Subscribing callback, service count: 0
08-30 00:52:15.154 1002 1160 E QC2CompStore: Failed to locate interface with name c2.android.g711.mlaw.decoder
08-30 00:52:15.154 1882 2176 D ControlsListingControllerImpl: Subscribing callback, service count: 0
08-30 00:52:15.155 1450 1567 V C2Store : in init
08-30 00:52:15.155 1450 1567 V C2Store : loading dll
08-30 00:52:15.155 1450 1450 V C2Store : in ~ComponentModule
08-30 00:52:15.155 1450 1450 V C2Store : unloading dll
08-30 00:52:15.156 1350 1418 I Codec2InfoBuilder: adding type 'audio/g711-mlaw'
08-30 00:52:15.157 1002 1160 E QC2CompStore: Failed to locate interface with name c2.android.gsm.decoder
08-30 00:52:15.158 1450 2558 V C2Store : in init
08-30 00:52:15.158 1450 2557 V C2Store : in ~ComponentModule
08-30 00:52:15.158 1450 2557 V C2Store : unloading dll
08-30 00:52:15.158 1450 2558 V C2Store : loading dll
08-30 00:52:15.162 1350 1418 D Codec2InfoBuilder: codec entry for 'c2.android.gsm.decoder' is disabled
08-30 00:52:15.162 1002 1160 E QC2CompStore: Failed to locate interface with name c2.android.h263.decoder
08-30 00:52:15.163 1450 2558 V C2Store : in ~ComponentModule
08-30 00:52:15.163 1450 2558 V C2Store : unloading dll
08-30 00:52:15.163 1450 2559 V C2Store : in init
08-30 00:52:15.163 1450 2559 V C2Store : loading dll
08-30 00:52:15.164 1450 2558 V C2Store : in ~ComponentModule
08-30 00:52:15.164 1450 2558 V C2Store : unloading dll
08-30 00:52:15.165 1879 2547 V bt_stack: [VERBOSE1:ble_advertiser_hci_interface.cc(943)] Initialize
08-30 00:52:15.165 1879 2547 I bt_stack: [INFO:ble_advertiser_hci_interface.cc(947)] Extended advertising will be in use
08-30 00:52:15.165 1879 2163 D AdapterProperties: BT_PROPERTY_LOCAL_LE_FEATURES: update from BT controller mNumOfAdvertisementInstancesSupported = 16 mRpaOffloadSupported = true mNumOfOffloadedIrkSupported = 32 mNumOfOffloadedScanFilterSupported = 32 mOffloadedScanResultStorageBytes= 10240 mIsActivityAndEnergyReporting = true mVersSupported = 96 mTotNumOfTrackableAdv = 32 mIsExtendedScanSupported = true mIsDebugLogSupported = false mIsLe2MPhySupported = true mIsLeCodedPhySupported = true mIsLeExtendedAdvertisingSupported = true mIsLePeriodicAdvertisingSupported = true mLeMaximumAdvertisingDataLength = 1650 mDynamicAudioBufferSizeSupportedCodecsGroup1 = 0 mDynamicAudioBufferSizeSupportedCodecsGroup2 = 0
08-30 00:52:15.166 1350 1418 I Codec2InfoBuilder: adding type 'video/3gpp'
01-01 08:22:00.514 0 0 E : INFO: trying to register non-static key.
01-01 08:22:00.519 0 0 E : the code is fine but needs lockdep annotation.
01-01 08:22:00.525 0 0 I : CPU: 3 PID: 292 Comm: kworker/u16:8 Tainted: G S W O 4.19.157+ #1
01-01 08:22:00.525 0 0 I Hardware name: Qualcomm Technologies, Inc. kona MTP-RmPM8150b (DT)
01-01 08:22:00.525 0 0 I Workqueue: events_unbound ion_system_secure_heap_prefetch_work
01-01 08:22:00.525 0 0 I Call trace:
01-01 08:22:00.525 0 0 I : dump_backtrace+0x0/0x258
01-01 08:22:00.525 0 0 I : show_stack+0x20/0x30
01-01 08:22:00.525 0 0 I : dump_stack+0xd8/0x12c
01-01 08:22:00.525 0 0 I : register_lock_class+0x4d0/0x5c8
01-01 08:22:00.525 0 0 I : __lock_acquire+0xbc/0x1e58
01-01 08:22:00.525 0 0 I : lock_acquire+0x1cc/0x218
01-01 08:22:00.525 0 0 I : _raw_spin_lock_irqsave+0x54/0x98
01-01 08:22:00.525 0 0 I : ion_system_secure_heap_prefetch_work+0x94/0x2c0
01-01 08:22:00.525 0 0 I : process_one_work+0x38c/0x660
01-01 08:22:00.525 0 0 I : worker_thread+0x268/0x4b8
01-01 08:22:00.525 0 0 I : kthread+0x140/0x150
01-01 08:22:00.525 0 0 I : ret_from_fork+0x10/0x1c
08-30 00:52:15.167 1879 2163 E bt_btif_storage: btif_storage_get_adapter_property: Controller ready!
08-30 00:52:15.168 1879 2163 I bt_btif_storage: btif_storage_get_adapter_property service_mask:0x20000000
08-30 00:52:15.169 1879 2163 D AdapterProperties: Address is:22:22:6D:AA:47:B1
08-30 00:52:15.170 1002 1160 E QC2CompStore: Failed to locate interface with name c2.android.h263.encoder
08-30 00:52:15.170 1450 2557 V C2Store : in init
08-30 00:52:15.170 1450 2557 V C2Store : loading dll
08-30 00:52:15.171 1450 1567 V C2Store : in ~ComponentModule
08-30 00:52:15.171 1450 1567 V C2Store : unloading dll
08-30 00:52:15.172 1350 1418 I Codec2InfoBuilder: adding type 'video/3gpp'
08-30 00:52:15.174 1044 1044 D BluetoothManagerService: Bluetooth Adapter address changed to 22:22:6D:AA:47:B1
08-30 00:52:15.174 1879 2547 I bt_stack: [INFO:btm_ble_bgconn.cc(429)] Already connection initiated (or) No Pending connections(or) Resources of lcb are exhausted
08-30 00:52:15.175 1044 1044 D BluetoothManagerService: Stored Bluetoothaddress: 22:22:6D:AA:47:B1
08-30 00:52:15.175 1044 1044 D BluetoothManagerService: Bluetooth Adapter name changed to QCOM-BTD by android
08-30 00:52:15.175 1044 1044 D BluetoothManagerService: Stored Bluetooth name: QCOM-BTD
08-30 00:52:15.175 1450 2558 V C2Store : in ~ComponentModule
08-30 00:52:15.176 1450 2558 V C2Store : unloading dll
08-30 00:52:15.176 1879 2163 D AdapterProperties: Name is: QCOM-BTD
08-30 00:52:15.176 1002 1160 E QC2CompStore: Failed to locate interface with name c2.android.hevc.decoder
08-30 00:52:15.176 1450 2558 V C2Store : in init
08-30 00:52:15.176 1450 2558 V C2Store : loading dll
08-30 00:52:15.177 1879 2163 D AdapterProperties: Scan Mode:20
08-30 00:52:15.177 1879 2163 D AdapterProperties: Discoverable Timeout:120
08-30 00:52:15.177 1879 2163 E BluetoothVendorJni: adapter_vendor_properties_callback: Status is: 0, Properties: 1
08-30 00:52:15.177 1879 2163 D BluetoothVendorService: Property type: 5
08-30 00:52:15.177 1879 2163 D AdapterProperties: BT_PROPERTY_ADD_ON_FEATURES: update from BT controller
08-30 00:52:15.177 1879 2163 D AdapterProperties: mWiPowerFastbootEnabled = false
08-30 00:52:15.177 1879 2163 D AdapterProperties: SplitA2DPScrambleDataRequired = false
08-30 00:52:15.177 1879 2163 D AdapterProperties: mSplitA2DP44p1KhzSampleFreq = true
08-30 00:52:15.177 1879 2163 D AdapterProperties: mSplitA2DP48KhzSampleFreq = true
08-30 00:52:15.177 1879 2163 D AdapterProperties: mSplitA2DPSingleVSCommandSupport = true
08-30 00:52:15.177 1879 2163 D AdapterProperties: mSplitA2DPSourceSBCEncoding = false
08-30 00:52:15.177 1879 2163 D AdapterProperties: mSplitA2DPSourceSBC = true
08-30 00:52:15.177 1879 2163 D AdapterProperties: mSplitA2DPSourceMP3 = false
08-30 00:52:15.177 1879 2163 D AdapterProperties: mSplitA2DPSourceAAC = true
08-30 00:52:15.177 1879 2163 D AdapterProperties: mSplitA2DPSourceLDAC = true
08-30 00:52:15.177 1879 2163 D AdapterProperties: mSplitA2DPSourceAPTX = true
08-30 00:52:15.177 1879 2163 D AdapterProperties: mSplitA2DPSourceAPTXHD = true
08-30 00:52:15.177 1879 2163 D AdapterProperties: mSplitA2DPSourceAPTXADAPTIVE = true
08-30 00:52:15.177 1879 2163 D AdapterProperties: mSplitA2DPSourceAPTXTWSPLUS = true
08-30 00:52:15.177 1879 2163 D AdapterProperties: mSplitA2DPSinkSBC = true
08-30 00:52:15.177 1879 2163 D AdapterProperties: mSplitA2DPSinkMP3 = true
08-30 00:52:15.177 1879 2163 D AdapterProperties: mSplitA2DPSinkAAC = true
08-30 00:52:15.177 1879 2163 D AdapterProperties: mSplitA2DPSinkLDAC = true
08-30 00:52:15.177 1879 2163 D AdapterProperties: mSplitA2DPSinkAPTX = true
08-30 00:52:15.177 1879 2163 D AdapterProperties: mSplitA2DPSinkAPTXHD = true
08-30 00:52:15.177 1879 2163 D AdapterProperties: mSplitA2DPSinkAPTXADAPTIVE = true
08-30 00:52:15.177 1879 2163 D AdapterProperties: mSplitA2DPSinkAPTXTWSPLUS = false
08-30 00:52:15.177 1879 2163 D AdapterProperties: mVoiceDualSCO = false
08-30 00:52:15.177 1879 2163 D AdapterProperties: mVoiceTWSPLUSeSCOAG = true
08-30 00:52:15.177 1879 2163 D AdapterProperties: mSWBVoicewithAptxAdaptiveAG = true
08-30 00:52:15.177 1879 2163 D AdapterProperties: SplitA2DPSourceAACABR = false
08-30 00:52:15.177 1879 2163 D AdapterProperties: SplitA2DPSourceTxSplitAPTXADAPTIVE = false
08-30 00:52:15.177 1879 2163 D AdapterProperties: BroadcastAudioTxwithEC_2_5 = true
08-30 00:52:15.177 1879 2163 D AdapterProperties: mBroadcastAudioTxwithEC_3_9 = false
08-30 00:52:15.177 1879 2163 D AdapterProperties: mBroadcastAudioRxwithEC_2_5 = false
08-30 00:52:15.177 1879 2163 D AdapterProperties: mBroadcastAudioRxwithEC_3_9= false
08-30 00:52:15.177 1879 2163 D bt_btif_vendor: btif_vendor_update_whitelisted_media_players
08-30 00:52:15.177 1879 2163 D bt_device_interop: interop_get_whitelisted_media_players_list :
08-30 00:52:15.177 1879 2163 D bt_device_interop: interop_database_get_whitelisted_media_players_list()
08-30 00:52:15.177 1879 2163 E bt_device_interop: interop_database_get_whitelisted_media_players_list(): found feature - INTEROP_BROWSE_PLAYER_WHITE_LIST
08-30 00:52:15.177 1879 2163 W bt_btif : fetch_whitelisted_media_players: Found list of Whitelisted media players
08-30 00:52:15.178 1879 2163 D bt_btif_vendor: btif_vendor_update_whitelisted_media_players: 2 - WL media players found
08-30 00:52:15.178 1879 2163 E BluetoothVendorJni: whitelisted_players_properties_callback: Status is: 0, Properties: 1
08-30 00:52:15.178 1879 2163 D BluetoothVendorService: Property type: 6
08-30 00:52:15.178 1879 2163 D BluetoothVendorService: player_name :com.google.android.apps.youtube.music
08-30 00:52:15.178 1879 2163 D AdapterProperties: updateWhitelistedMediaPlayers
08-30 00:52:15.178 1879 2163 D AdapterProperties: Adding to Whitelisted Players list:com.google.android.apps.youtube.music
08-30 00:52:15.178 1879 2163 D BluetoothVendorService: player_name :com.gaana
08-30 00:52:15.178 1879 2163 D AdapterProperties: updateWhitelistedMediaPlayers
08-30 00:52:15.178 1879 2163 D AdapterProperties: Adding to Whitelisted Players list:com.gaana
08-30 00:52:15.178 1879 2163 I bt_stack: [INFO:btif_bqr.cc(304)] EnableBtQualityReport: is_enable: 1
08-30 00:52:15.178 1879 2163 W bt_stack: [WARNING:btif_bqr.cc(318)] EnableBtQualityReport: Bluetooth Quality Report - Root inflammation event enabled, bqr_prop_evtmask: 16, bqr_prop_interval_ms: 0
08-30 00:52:15.178 1879 2163 I bt_stack: [INFO:btif_bqr.cc(353)] EnableBtQualityReport: Event Mask: 0x00040010, Interval: 0
08-30 00:52:15.178 1879 2163 I bt_stack: [INFO:btif_bqr.cc(402)] ConfigureBqr: Action:
08-30 00:52:15.178 1879 2163 I bt_btif_core: btif_enable_bluetooth_evt entered: status 0
08-30 00:52:15.178 1879 2163 W bt_btif : btif_enable_bluetooth_evt: Saving the Adapter Address
08-30 00:52:15.179 1879 2163 D AdapterProperties: Address is:22:22:6D:AA:47:B1
08-30 00:52:15.181 1879 2562 I bt_osi_thread: run_thread: thread id 2562, thread name btif_sock started
01-01 08:22:00.528 0 0 E : INFO: trying to register non-static key.
01-01 08:22:00.533 0 0 E : the code is fine but needs lockdep annotation.
01-01 08:22:00.539 0 0 I : CPU: 6 PID: 292 Comm: kworker/u16:8 Tainted: G S W O 4.19.157+ #1
01-01 08:22:00.539 0 0 I Hardware name: Qualcomm Technologies, Inc. kona MTP-RmPM8150b (DT)
01-01 08:22:00.539 0 0 I Workqueue: events_unbound ion_system_secure_heap_prefetch_work
01-01 08:22:00.539 0 0 I Call trace:
01-01 08:22:00.539 0 0 I : dump_backtrace+0x0/0x258
01-01 08:22:00.539 0 0 I : show_stack+0x20/0x30
01-01 08:22:00.539 0 0 I : dump_stack+0xd8/0x12c
01-01 08:22:00.539 0 0 I : register_lock_class+0x4d0/0x5c8
01-01 08:22:00.539 0 0 I : __lock_acquire+0xbc/0x1e58
01-01 08:22:00.539 0 0 I : lock_acquire+0x1cc/0x218
01-01 08:22:00.539 0 0 I : _raw_spin_lock_irqsave+0x54/0x98
01-01 08:22:00.539 0 0 I : ion_system_secure_heap_prefetch_work+0x94/0x2c0
01-01 08:22:00.539 0 0 I : process_one_work+0x38c/0x660
01-01 08:22:00.539 0 0 I : worker_thread+0x268/0x4b8
01-01 08:22:00.539 0 0 I : kthread+0x140/0x150
01-01 08:22:00.539 0 0 I : ret_from_fork+0x10/0x1c
01-01 08:22:00.541 0 0 E : INFO: trying to register non-static key.
08-30 00:52:15.182 835 835 D vendor.qti.bluetooth@1.0-uart_controller: CheckForBQRRootInflammationBit: BQR root inflammation enabled
08-30 00:52:15.182 1350 1418 I Codec2InfoBuilder: adding type 'video/hevc'
08-30 00:52:15.181 1044 1044 D BluetoothManagerService: Bluetooth Adapter address changed to 22:22:6D:AA:47:B1
08-30 00:52:15.182 1044 1044 D BluetoothManagerService: Stored Bluetoothaddress: 22:22:6D:AA:47:B1
08-30 00:52:15.184 1879 2547 I bt_stack: [INFO:btif_bqr.cc(386)] BqrVscCompleteCallback, current event mask: 0x00040010
08-30 00:52:15.184 1879 2547 I bt_stack: [INFO:btif_bqr.cc(288)] ConfigureBqrCmpl: current_evt_mask: 0x00040010
08-30 00:52:15.184 1879 2547 I bt_stack: [INFO:btm_devctl.cc(1311)] BTM_BT_Quality_Report_VSE_Register: Success to (un)register VSEvents. is_register: 1
08-30 00:52:15.184 1879 2547 W bt_stack: [WARNING:btif_bqr.cc(265)] ConfigBqrA2dpScoThreshold: a2dp_choppy_threshold: 0, sco_choppy_threshold: 0
08-30 00:52:15.190 1879 2163 D bt_bte_conf: Device ID record 1 : primary
08-30 00:52:15.190 1879 2163 D bt_bte_conf: vendorId = 001d
08-30 00:52:15.190 1879 2163 D bt_bte_conf: vendorIdSource = 0001
08-30 00:52:15.190 1879 2163 D bt_bte_conf: product = 1200
08-30 00:52:15.190 1879 2163 D bt_bte_conf: version = 1436
08-30 00:52:15.190 1879 2163 D bt_bte_conf: clientExecutableURL =
08-30 00:52:15.190 1879 2163 D bt_bte_conf: serviceDescription =
08-30 00:52:15.190 1879 2163 D bt_bte_conf: documentationURL =
08-30 00:52:15.190 1879 2163 D bt_bte_conf: bte_load_did_conf no section named DID2.
08-30 00:52:15.190 1002 1160 E QC2CompStore: Failed to locate interface with name c2.android.hevc.encoder
08-30 00:52:15.191 1879 2163 I bt_btif_core: btif_enable_bluetooth_evt finished
08-30 00:52:15.191 1450 2559 V C2Store : in ~ComponentModule
08-30 00:52:15.191 1450 2559 V C2Store : unloading dll
08-30 00:52:15.191 1879 2094 I bt_stack_manager: event_start_up_stack finished
08-30 00:52:15.191 1450 2558 V C2Store : in init
08-30 00:52:15.191 1450 2558 V C2Store : loading dll
08-30 00:52:15.192 1450 2558 I mediaswcodec: missing struct descriptor #Param::CoreIndex(--004) for field values of struct #Param::CoreIndex(F-12004)
08-30 00:52:15.192 1450 2558 D C2SoftHevcEnc: Given level 6000 does not cover current configuration: adjusting to 6001
08-30 00:52:15.192 1450 2558 I mediaswcodec: missing struct descriptor #Param::CoreIndex(--004) for field values of struct #Param::CoreIndex(F-12004)
08-30 00:52:15.193 1450 2558 D C2SoftHevcEnc: Given level 6000 does not cover current configuration: adjusting to 6001
01-01 08:22:00.547 0 0 E : the code is fine but needs lockdep annotation.
01-01 08:22:00.552 0 0 I : CPU: 6 PID: 292 Comm: kworker/u16:8 Tainted: G S W O 4.19.157+ #1
01-01 08:22:00.552 0 0 I Hardware name: Qualcomm Technologies, Inc. kona MTP-RmPM8150b (DT)
01-01 08:22:00.552 0 0 I Workqueue: events_unbound ion_system_secure_heap_prefetch_work
01-01 08:22:00.552 0 0 I Call trace:
01-01 08:22:00.552 0 0 I : dump_backtrace+0x0/0x258
01-01 08:22:00.552 0 0 I : show_stack+0x20/0x30
01-01 08:22:00.552 0 0 I : dump_stack+0xd8/0x12c
01-01 08:22:00.552 0 0 I : register_lock_class+0x4d0/0x5c8
01-01 08:22:00.552 0 0 I : __lock_acquire+0xbc/0x1e58
01-01 08:22:00.552 0 0 I : lock_acquire+0x1cc/0x218
01-01 08:22:00.552 0 0 I : _raw_spin_lock_irqsave+0x54/0x98
08-30 00:52:15.194 1879 2163 I bt_btif_queue: btif_disconnect_queue_disconnect_next
01-01 08:22:00.552 0 0 I : ion_system_secure_heap_prefetch_work+0x94/0x2c0
01-01 08:22:00.552 0 0 I : process_one_work+0x38c/0x660
08-30 00:52:15.194 1879 2163 W bt_stack: [WARNING:stack_interface.cc(101)] btif_stack_state OnStackState 0x03
01-01 08:22:00.552 0 0 I : worker_thread+0x268/0x4b8
01-01 08:22:00.552 0 0 I : kthread+0x140/0x150
01-01 08:22:00.552 0 0 I : ret_from_fork+0x10/0x1c
08-30 00:52:15.195 1879 2077 I AdapterState: BLE_ON : entered
08-30 00:52:15.195 1879 2077 D AdapterProperties: Setting state to BLE_ON
08-30 00:52:15.197 1350 1418 I Codec2InfoBuilder: adding type 'video/hevc'
08-30 00:52:15.197 1879 2077 D BluetoothAdapterService: updateAdapterState() - Broadcasting state BLE_ON to 1 receivers.
08-30 00:52:15.201 1044 1178 D BluetoothManagerService: MESSAGE_BLUETOOTH_STATE_CHANGE: BLE_TURNING_ON > BLE_ON
08-30 00:52:15.202 1044 1178 D BluetoothManagerService: Bluetooth is in LE only mode
08-30 00:52:15.202 1450 2557 V C2Store : in ~ComponentModule
08-30 00:52:15.202 1044 1178 D BluetoothManagerService: Binding Bluetooth GATT service
08-30 00:52:15.202 1450 2557 V C2Store : unloading dll
08-30 00:52:15.203 1002 1160 E QC2CompStore: Failed to locate interface with name c2.android.mp3.decoder
08-30 00:52:15.203 1450 2559 V C2Store : in init
08-30 00:52:15.203 1450 2559 V C2Store : loading dll
08-30 00:52:15.204 1044 1178 D BluetoothManagerService: Sending BLE State Change: BLE_TURNING_ON > BLE_ON
08-30 00:52:15.205 1044 1044 D CompanionDeviceManagerService: Received BT state transition broadcast: BLE_TURNING_ON -> BLE_ON
08-30 00:52:15.206 1044 1044 I CompanionDeviceManagerService: startBleScan()
08-30 00:52:15.206 1044 1044 I CompanionDeviceManagerService: Read associations from disk: {0=[]}
08-30 00:52:15.207 1044 1044 D BluetoothManagerService: BluetoothServiceConnection: com.android.bluetooth.gatt.GattService
08-30 00:52:15.207 1044 1178 D BluetoothManagerService: MESSAGE_BLUETOOTH_SERVICE_CONNECTED: 2
08-30 00:52:15.207 1044 1178 D BluetoothManagerService: continueFromBleOnState()
01-01 08:22:00.556 0 0 E : INFO: trying to register non-static key.
01-01 08:22:00.561 0 0 E : the code is fine but needs lockdep annotation.
01-01 08:22:00.567 0 0 I : CPU: 6 PID: 292 Comm: kworker/u16:8 Tainted: G S W O 4.19.157+ #1
01-01 08:22:00.567 0 0 I Hardware name: Qualcomm Technologies, Inc. kona MTP-RmPM8150b (DT)
01-01 08:22:00.567 0 0 I Workqueue: events_unbound ion_system_secure_heap_prefetch_work
01-01 08:22:00.567 0 0 I Call trace:
01-01 08:22:00.567 0 0 I : dump_backtrace+0x0/0x258
01-01 08:22:00.567 0 0 I : show_stack+0x20/0x30
01-01 08:22:00.567 0 0 I : dump_stack+0xd8/0x12c
01-01 08:22:00.567 0 0 I : register_lock_class+0x4d0/0x5c8
01-01 08:22:00.567 0 0 I : __lock_acquire+0xbc/0x1e58
01-01 08:22:00.567 0 0 I : lock_acquire+0x1cc/0x218
01-01 08:22:00.567 0 0 I : _raw_spin_lock_irqsave+0x54/0x98
01-01 08:22:00.567 0 0 I : ion_system_secure_heap_prefetch_work+0x94/0x2c0
01-01 08:22:00.567 0 0 I : process_one_work+0x38c/0x660
01-01 08:22:00.567 0 0 I : worker_thread+0x268/0x4b8
01-01 08:22:00.567 0 0 I : kthread+0x140/0x150
01-01 08:22:00.567 0 0 I : ret_from_fork+0x10/0x1c
08-30 00:52:15.208 1350 1418 I Codec2InfoBuilder: adding type 'audio/mpeg'
08-30 00:52:15.210 1450 2559 V C2Store : in ~ComponentModule
08-30 00:52:15.210 1450 2559 V C2Store : unloading dll
08-30 00:52:15.211 1002 1160 E QC2CompStore: Failed to locate interface with name c2.android.mpeg2.decoder
08-30 00:52:15.211 1879 1907 D BluetoothAdapterService: updateQuietModeStatus()-updateQuietModeStatus called with quiet mode status:false
08-30 00:52:15.211 1450 2559 V C2Store : in init
08-30 00:52:15.211 1450 2559 V C2Store : loading dll
08-30 00:52:15.212 1879 2077 I BluetoothVendorJni: bredrstartupNative
08-30 00:52:15.212 1044 1178 D BluetoothManagerService: Persisting Bluetooth Setting: 1
08-30 00:52:15.212 1879 2077 I bt_btif_vendor: bredrstartup
08-30 00:52:15.213 1879 2077 I AdapterState: TURNING_ON : entered
08-30 00:52:15.213 1879 2077 D AdapterProperties: Setting state to TURNING_ON
01-01 08:22:00.571 0 0 E : INFO: trying to register non-static key.
01-01 08:22:00.576 0 0 E : the code is fine but needs lockdep annotation.
01-01 08:22:00.581 0 0 I : CPU: 6 PID: 292 Comm: kworker/u16:8 Tainted: G S W O 4.19.157+ #1
01-01 08:22:00.581 0 0 I Hardware name: Qualcomm Technologies, Inc. kona MTP-RmPM8150b (DT)
01-01 08:22:00.581 0 0 I Workqueue: events_unbound ion_system_secure_heap_prefetch_work
01-01 08:22:00.581 0 0 I Call trace:
01-01 08:22:00.581 0 0 I : dump_backtrace+0x0/0x258
01-01 08:22:00.581 0 0 I : show_stack+0x20/0x30
01-01 08:22:00.581 0 0 I : dump_stack+0xd8/0x12c
01-01 08:22:00.581 0 0 I : register_lock_class+0x4d0/0x5c8
01-01 08:22:00.581 0 0 I : __lock_acquire+0xbc/0x1e58
01-01 08:22:00.581 0 0 I : lock_acquire+0x1cc/0x218
01-01 08:22:00.581 0 0 I : _raw_spin_lock_irqsave+0x54/0x98
01-01 08:22:00.581 0 0 I : ion_system_secure_heap_prefetch_work+0x94/0x2c0
01-01 08:22:00.581 0 0 I : process_one_work+0x38c/0x660
01-01 08:22:00.581 0 0 I : worker_thread+0x268/0x4b8
01-01 08:22:00.581 0 0 I : kthread+0x140/0x150
01-01 08:22:00.581 0 0 I : ret_from_fork+0x10/0x1c
08-30 00:52:15.215 1350 1418 D Codec2InfoBuilder: codec entry for 'c2.android.mpeg2.decoder' is disabled
08-30 00:52:15.215 1002 1160 E QC2CompStore: Failed to locate interface with name c2.android.mpeg4.decoder
08-30 00:52:15.216 1879 2077 D BluetoothAdapterService: updateAdapterState() - Broadcasting state TURNING_ON to 1 receivers.
08-30 00:52:15.216 1450 2558 V C2Store : in init
08-30 00:52:15.216 1450 2558 V C2Store : loading dll
08-30 00:52:15.216 1450 2559 V C2Store : in ~ComponentModule
08-30 00:52:15.216 1450 2559 V C2Store : unloading dll
08-30 00:52:15.217 1044 1178 D BluetoothManagerService: MESSAGE_BLUETOOTH_STATE_CHANGE: BLE_ON > TURNING_ON
08-30 00:52:15.217 1044 1178 D BluetoothManagerService: Sending BLE State Change: BLE_ON > TURNING_ON
08-30 00:52:15.217 1879 2077 D BluetoothAdapterService: startCoreServices()
08-30 00:52:15.217 1879 2077 I AdapterServiceConfig: Stereo recording and unicast features are disabled in Host AddOn features
08-30 00:52:15.218 1879 2077 I AdapterServiceConfig: BCA disabled in Host AddOn features
08-30 00:52:15.218 1879 2077 I AdapterServiceConfig: BCS disabled in Host AddOn features
08-30 00:52:15.218 1044 1178 D BluetoothManagerService: Sending State Change: OFF > TURNING_ON
08-30 00:52:15.218 1044 1044 D CompanionDeviceManagerService: Received BT state transition broadcast: BLE_ON -> TURNING_ON
08-30 00:52:15.218 1350 1418 I Codec2InfoBuilder: adding type 'video/mp4v-es'
08-30 00:52:15.221 1002 1160 E QC2CompStore: Failed to locate interface with name c2.android.mpeg4.encoder
08-30 00:52:15.221 1450 2557 V C2Store : in init
08-30 00:52:15.221 1450 2557 V C2Store : loading dll
08-30 00:52:15.222 1450 2559 V C2Store : in ~ComponentModule
08-30 00:52:15.222 1450 2559 V C2Store : unloading dll
08-30 00:52:15.224 1350 1418 I Codec2InfoBuilder: adding type 'video/mp4v-es'
08-30 00:52:15.227 1002 1160 E QC2CompStore: Failed to locate interface with name c2.android.opus.decoder
08-30 00:52:15.227 1450 2557 V C2Store : in ~ComponentModule
08-30 00:52:15.227 1450 1567 V C2Store : in init
08-30 00:52:15.227 1450 2557 V C2Store : unloading dll
08-30 00:52:15.227 1450 1567 V C2Store : loading dll
08-30 00:52:15.230 1879 2077 D AdapterServiceConfig: adv_audio_feature_mask = 0
08-30 00:52:15.230 1879 2077 D BluetoothAdapterService: Calling setProfileServiceState for: HeadsetService
08-30 00:52:15.231 1879 2174 D BluetoothActiveDeviceManager: handleMessage(MESSAGE_ADAPTER_ACTION_STATE_CHANGED): newState=11
08-30 00:52:15.234 1044 1466 D CompatibilityInfo: mCompatibilityFlags - 4
08-30 00:52:15.234 1044 1466 D CompatibilityInfo: applicationDensity - 240
08-30 00:52:15.234 1044 1466 D CompatibilityInfo: applicationScale - 1.0
08-30 00:52:15.235 1350 1418 I Codec2InfoBuilder: adding type 'audio/opus'
