08-30 00:52:15.444 1879 1879 D a2dp_codec: createCodec: codec LDAC
08-30 00:52:15.444 1044 1890 D CCodecConfig: c2 config diff is c2::u32 coded.bitrate.value = 140000
08-30 00:52:15.444 1879 1879 D a2dp_codec: setCodecPriority: codec_priority_: 3001
08-30 00:52:15.444 1879 1879 D a2dp_codec: A2dpCodecConfig: init all codec caps info
08-30 00:52:15.444 1879 1879 D a2dp_vendor_ldac: init: LDAC enabled in HW mode
08-30 00:52:15.444 1879 1879 I a2dp_codec: init: updated LDAC codec priority to 3001
08-30 00:52:15.444 1882 2339 W Codec2Client: query -- param skipped: index = 1342179345.
08-30 00:52:15.444 1879 1879 D a2dp_codec: createCodec: codec aptX-adaptive
08-30 00:52:15.444 1882 2339 W Codec2Client: query -- param skipped: index = 2415921170.
08-30 00:52:15.444 1044 1890 W Codec2Client: query -- param skipped: index = 1107298332.
08-30 00:52:15.444 1879 1879 D a2dp_codec: setCodecPriority: codec_priority_: 8001
08-30 00:52:15.444 1044 1890 D CCodec : setup formats input: AMessage(what = 0x00000000) = {
08-30 00:52:15.444 1044 1890 D CCodec : int32_t bitrate = 140000
08-30 00:52:15.444 1044 1890 D CCodec : int32_t channel-count = 1
08-30 00:52:15.444 1044 1890 D CCodec : int32_t max-input-size = 65307
08-30 00:52:15.444 1044 1890 D CCodec : string mime = "audio/vorbis"
08-30 00:52:15.444 1044 1890 D CCodec : int32_t sample-rate = 48000
08-30 00:52:15.444 1044 1890 D CCodec : }
08-30 00:52:15.444 1044 1890 D CCodec : setup formats output: AMessage(what = 0x00000000) = {
08-30 00:52:15.444 1044 1890 D CCodec : int32_t channel-count = 1
08-30 00:52:15.444 1044 1890 D CCodec : string mime = "audio/raw"
08-30 00:52:15.444 1044 1890 D CCodec : int32_t sample-rate = 48000
08-30 00:52:15.444 1044 1890 D CCodec : int32_t android._config-pcm-encoding = 2
08-30 00:52:15.444 1044 1890 D CCodec : }
08-30 00:52:15.444 1879 1879 D a2dp_codec: A2dpCodecConfig: init all codec caps info
08-30 00:52:15.444 1879 1879 D a2dp_vendor_aptx_adaptive: init: APTX-Adaptive enabled in HW mode
08-30 00:52:15.444 1879 1879 I a2dp_codec: init: updated aptX-adaptive codec priority to 8001
08-30 00:52:15.444 1879 1879 D a2dp_codec: createCodec: codec aptX-TWS
08-30 00:52:15.444 1879 1879 D a2dp_codec: setCodecPriority: codec_priority_: 7001
08-30 00:52:15.444 1879 1879 D a2dp_codec: A2dpCodecConfig: init all codec caps info
08-30 00:52:15.444 1044 1890 I CCodecConfig: query failed after returning 7 values (BAD_INDEX)
08-30 00:52:15.444 1882 2339 D C2Store : Using ION
08-30 00:52:15.444 1879 1879 E a2dp_vendor_aptx_tws: init: APTX-Tws enabled in HW mode
08-30 00:52:15.445 1879 1879 I a2dp_codec: init: updated aptX-TWS codec priority to 7001
08-30 00:52:15.445 1879 1879 D a2dp_codec: createCodec: codec SBC SINK
08-30 00:52:15.445 1879 1879 D a2dp_codec: setDefaultCodecPriority: default_codec_priority_: 0
08-30 00:52:15.445 1879 1879 D a2dp_codec: setDefaultCodecPriority: Compute the default codec priority
08-30 00:52:15.445 1879 1879 D a2dp_codec: setDefaultCodecPriority: codec_priority_: 8001
08-30 00:52:15.445 1879 1879 D a2dp_codec: setCodecPriority: codec_priority_: 8001
08-30 00:52:15.445 1879 1879 D a2dp_codec: A2dpCodecConfig: init all codec caps info
08-30 00:52:15.445 1879 1879 D a2dp_codec: createCodec: codec UNKNOWN CODEC INDEX
08-30 00:52:15.445 1879 1879 D a2dp_codec: createCodec: codec UNKNOWN CODEC INDEX
08-30 00:52:15.445 1879 1879 I a2dp_codec: init: initialized Source codec aptX-adaptive
08-30 00:52:15.445 1879 1879 I a2dp_codec: init: initialized Source codec aptX-TWS
08-30 00:52:15.445 1879 1879 I a2dp_codec: init: initialized Source codec aptX-HD
08-30 00:52:15.446 1879 1879 I a2dp_codec: init: initialized Source codec aptX
08-30 00:52:15.446 1879 1879 I a2dp_codec: init: initialized Source codec LDAC
08-30 00:52:15.446 1879 1879 I a2dp_codec: init: initialized Source codec AAC
08-30 00:52:15.447 1879 1879 I a2dp_codec: init: initialized Source codec SBC
08-30 00:52:15.447 1879 1879 I a2dp_codec: init: initialized Sink codec SBC(Sink)
08-30 00:52:15.448 1044 1897 W Codec2Client: query -- param skipped: index = 1342179345.
08-30 00:52:15.448 1044 1897 W Codec2Client: query -- param skipped: index = 2415921170.
08-30 00:52:15.448 1882 2339 D CCodecBufferChannel: [c2.android.vorbis.decoder#531] Created input block pool with allocatorID 16 => poolID 17 - OK (0)
08-30 00:52:15.448 1879 1879 E bt_btif : btif_sm_get_state : Invalid handle
08-30 00:52:15.448 1879 1879 E bt_btif : btif_media_send_reset_vendor_state:
08-30 00:52:15.448 1044 1897 D C2Store : Using ION
08-30 00:52:15.448 1879 1879 I btif_av : isBATEnabled: 0
08-30 00:52:15.449 1879 2589 D bt_btif_a2dp_source: btif_a2dp_source_command_ready: event: 7 BTIF_MEDIA_RESET_VS_STATE
08-30 00:52:15.449 1879 2589 D bt_btif_a2dp_source: btif_a2dp_source_command_ready: event: 2 BTIF_MEDIA_AUDIO_TX_STOP
08-30 00:52:15.449 1879 2589 E bt_stack: [ERROR:a2dp_encoding.cc(2718)] read: BluetoothAudio HAL is not enabled
08-30 00:52:15.449 1879 2589 E bt_btif : Invalid cmd pending for ack
08-30 00:52:15.449 1879 1879 E bt_btif : bta_av_co_get_active_peer: peer index out of bounds: 5
08-30 00:52:15.449 1450 2557 D C2Store : Using ION
08-30 00:52:15.449 1879 1879 E bt_btif : btif_av_is_split_a2dp_enabled: No active peer codec config found, by default splitmode
08-30 00:52:15.449 1879 1879 E bt_btif : btif_media_send_reset_vendor_state:
08-30 00:52:15.449 1044 1890 W Codec2Client: query -- param skipped: index = 1342179345.
08-30 00:52:15.449 1879 2589 D bt_btif_a2dp_source: btif_a2dp_source_command_ready: event: 7 BTIF_MEDIA_RESET_VS_STATE
08-30 00:52:15.450 1879 1879 D A2dpService: A2DP offload flag set to true
08-30 00:52:15.450 1879 2163 E bt_btif : btif_a2dp_source_startup: A2DP Source media task already running
08-30 00:52:15.450 1879 2163 D bt_btif : btif_av_state_idle_handler: event:UNKNOWN_EVENT flags: 0 on index: 0, codec_cfg_change: 0
08-30 00:52:15.450 1879 2163 W bt_btif : btif_av_state_idle_handler: unhandled event=UNKNOWN_EVENT
08-30 00:52:15.450 1879 2163 E bt_btif : BTA_AvEnable:
08-30 00:52:15.450 1882 2337 W Codec2Client: query -- param skipped: index = 1342179345.
08-30 00:52:15.451 1882 2337 W Codec2Client: query -- param skipped: index = 2415921170.
08-30 00:52:15.451 1044 1890 W Codec2Client: query -- param skipped: index = 2415921170.
08-30 00:52:15.451 1044 1897 D CCodecBufferChannel: [c2.android.vorbis.decoder#947] Created input block pool with allocatorID 16 => poolID 17 - OK (0)
08-30 00:52:15.451 1879 2547 W bt_btif : bta_av_api_enable
08-30 00:52:15.452 1879 2547 W bt_l2cap: L2CAP - L2CA_Register() called for PSM: 0x0019
08-30 00:52:15.452 1879 2547 W bt_l2cap: L2CAP - L2CA_Register() called for PSM: 0x0017
08-30 00:52:15.452 1879 2547 W bt_l2cap: L2CAP - L2CA_Register() called for PSM: 0x001b
08-30 00:52:15.452 1879 2547 E bt_btif : bta_av_co_get_active_peer: peer index out of bounds: 5
08-30 00:52:15.452 1879 2547 D a2dp_codec: A2DP_InitCodecConfig: codec SBC
08-30 00:52:15.452 1879 2547 D a2dp_sbc: A2DP_InitCodecConfigSbc:
08-30 00:52:15.452 1879 2547 E bt_btif : bta_av_co_get_active_peer: peer index out of bounds: 5
08-30 00:52:15.452 1879 2547 D a2dp_codec: A2DP_InitCodecConfig: codec AAC
08-30 00:52:15.452 1879 2547 D a2dp_aac: A2DP_BuildInfoAac: media_type: 0, p_ie->bitRate: 165000
08-30 00:52:15.452 1879 2547 E bt_btif : bta_av_co_get_active_peer: peer index out of bounds: 5
08-30 00:52:15.452 1879 2547 D a2dp_codec: A2DP_InitCodecConfig: codec aptX
08-30 00:52:15.452 1879 2547 E bt_btif : bta_av_co_get_active_peer: peer index out of bounds: 5
08-30 00:52:15.452 1879 2547 D a2dp_codec: A2DP_InitCodecConfig: codec aptX-HD
08-30 00:52:15.452 1879 2547 E bt_btif : bta_av_co_get_active_peer: peer index out of bounds: 5
08-30 00:52:15.452 1879 2547 D a2dp_codec: A2DP_InitCodecConfig: codec LDAC
08-30 00:52:15.453 1879 2547 E bt_btif : bta_av_co_get_active_peer: peer index out of bounds: 5
08-30 00:52:15.453 1879 2547 D a2dp_codec: A2DP_InitCodecConfig: codec aptX-adaptive
08-30 00:52:15.453 1879 2547 E bt_btif : bta_av_co_get_active_peer: peer index out of bounds: 5
08-30 00:52:15.453 1879 2547 D a2dp_codec: A2DP_InitCodecConfig: codec aptX-TWS
08-30 00:52:15.453 1879 2547 W bt_btif : bta_av_get_rcb_by_shdl: shdl = 0, rcb[i].shdl = 0, rcb[i].handle = 255, rcb[i].lidx = 0
08-30 00:52:15.453 1879 2547 W bt_btif : bta_av_get_rcb_by_shdl: shdl = 0, rcb[i].shdl = 0, rcb[i].handle = 255, rcb[i].lidx = 0
01-01 08:22:00.802 0 0 E : INFO: trying to register non-static key.
01-01 08:22:00.807 0 0 E : the code is fine but needs lockdep annotation.
01-01 08:22:00.808 0 0 E [kworke][0x56373cc3][00:52:15.448865] wlan: [335:E:WMI] send_action_oui_cmd_tlv: 220: Invalid action id
01-01 08:22:00.813 0 0 I : CPU: 3 PID: 292 Comm: kworker/u16:8 Tainted: G S W O 4.19.157+ #1
01-01 08:22:00.813 0 0 I Hardware name: Qualcomm Technologies, Inc. kona MTP-RmPM8150b (DT)
01-01 08:22:00.813 0 0 I Workqueue: events_unbound ion_system_secure_heap_prefetch_work
01-01 08:22:00.813 0 0 I Call trace:
01-01 08:22:00.813 0 0 I : dump_backtrace+0x0/0x258
01-01 08:22:00.813 0 0 I : show_stack+0x20/0x30
01-01 08:22:00.813 0 0 I : dump_stack+0xd8/0x12c
01-01 08:22:00.813 0 0 I : register_lock_class+0x4d0/0x5c8
01-01 08:22:00.813 0 0 I : __lock_acquire+0xbc/0x1e58
01-01 08:22:00.813 0 0 I : lock_acquire+0x1cc/0x218
01-01 08:22:00.813 0 0 I : _raw_spin_lock_irqsave+0x54/0x98
01-01 08:22:00.813 0 0 I : ion_system_secure_heap_prefetch_work+0x94/0x2c0
01-01 08:22:00.813 0 0 I : process_one_work+0x38c/0x660
01-01 08:22:00.813 0 0 I : worker_thread+0x268/0x4b8
01-01 08:22:00.813 0 0 I : kthread+0x140/0x150
01-01 08:22:00.813 0 0 I : ret_from_fork+0x10/0x1c
08-30 00:52:15.453 1879 2547 W bt_btif : bta_av_get_rcb_by_shdl: shdl = 0, rcb[i].shdl = 0, rcb[i].handle = 255, rcb[i].lidx = 0
08-30 00:52:15.453 1879 2547 W bt_btif : bta_av_get_rcb_by_shdl: shdl = 0, rcb[i].shdl = 0, rcb[i].handle = 255, rcb[i].lidx = 0
08-30 00:52:15.453 1879 2547 W bt_btif : bta_av_get_rcb_by_shdl: shdl = 0, rcb[i].shdl = 0, rcb[i].handle = 255, rcb[i].lidx = 0
08-30 00:52:15.453 1879 2547 W bt_btif : bta_av_get_rcb_by_shdl: shdl = 0, rcb[i].shdl = 0, rcb[i].handle = 255, rcb[i].lidx = 0
08-30 00:52:15.453 1879 2547 W bt_btif : bta_av_get_rcb_by_shdl: shdl = 0, rcb[i].shdl = 0, rcb[i].handle = 255, rcb[i].lidx = 0
08-30 00:52:15.453 1882 2339 I CCodecBufferChannel: [c2.android.vorbis.decoder#531] Created output block pool with allocatorID 16 => poolID 17 - OK
08-30 00:52:15.453 1879 2547 D bt_btif : AVRC_Open role: 1, control:67 status:0, handle:0
08-30 00:52:15.453 1879 2547 W bt_btif : bta_av_rc_create RC handle 0 is connected
08-30 00:52:15.453 1879 2547 D bt_btif : rc_acp_handle: 0 idx: 1
08-30 00:52:15.453 1879 2547 D bt_btif : bta_av_rc_create create 0, role: 1, shdl:0, rc_handle:0, lidx:6, status:0x10
08-30 00:52:15.453 1882 2339 D CCodecBufferChannel: [c2.android.vorbis.decoder#531] Configured output block pool ids 17 => OK
08-30 00:52:15.453 1879 2163 I bt_btif_storage: btif_storage_get_adapter_property service_mask:0x220000048
08-30 00:52:15.453 1879 2547 E bt_btif : bta_av_co_get_active_peer: peer index out of bounds: 5
08-30 00:52:15.454 1879 2163 I bt_btif_storage: btif_storage_get_adapter_property service_mask:0x220000048
08-30 00:52:15.454 1879 2547 D a2dp_codec: A2DP_InitCodecConfig: codec SBC
08-30 00:52:15.454 1879 2547 D a2dp_sbc: A2DP_InitCodecConfigSbc:
08-30 00:52:15.454 1879 2547 E bt_btif : bta_av_co_get_active_peer: peer index out of bounds: 5
08-30 00:52:15.454 1879 2547 D a2dp_codec: A2DP_InitCodecConfig: codec AAC
08-30 00:52:15.454 1879 2547 D a2dp_aac: A2DP_BuildInfoAac: media_type: 0, p_ie->bitRate: 165000
08-30 00:52:15.454 1879 2547 E bt_btif : bta_av_co_get_active_peer: peer index out of bounds: 5
08-30 00:52:15.455 1879 2547 D a2dp_codec: A2DP_InitCodecConfig: codec aptX
08-30 00:52:15.455 1879 2547 E bt_btif : bta_av_co_get_active_peer: peer index out of bounds: 5
08-30 00:52:15.455 1879 2547 D a2dp_codec: A2DP_InitCodecConfig: codec aptX-HD
08-30 00:52:15.455 1879 2547 E bt_btif : bta_av_co_get_active_peer: peer index out of bounds: 5
08-30 00:52:15.455 1879 2547 D a2dp_codec: A2DP_InitCodecConfig: codec LDAC
08-30 00:52:15.455 1879 2547 E bt_btif : bta_av_co_get_active_peer: peer index out of bounds: 5
08-30 00:52:15.455 1879 2547 D a2dp_codec: A2DP_InitCodecConfig: codec aptX-adaptive
08-30 00:52:15.455 1879 2547 E bt_btif : bta_av_co_get_active_peer: peer index out of bounds: 5
08-30 00:52:15.455 1882 2339 D CCodecBufferChannel: [c2.android.vorbis.decoder#531] start: updating output delay 0
08-30 00:52:15.455 1879 2547 D a2dp_codec: A2DP_InitCodecConfig: codec aptX-TWS
08-30 00:52:15.455 1879 2547 E bt_btif : bta_av_co_get_active_peer: peer index out of bounds: 5
08-30 00:52:15.456 1879 2547 D a2dp_codec: A2DP_InitCodecConfig: codec SBC
08-30 00:52:15.456 1879 2547 D a2dp_sbc: A2DP_InitCodecConfigSbc:
08-30 00:52:15.456 1879 2547 E bt_btif : bta_av_co_get_active_peer: peer index out of bounds: 5
08-30 00:52:15.456 1879 2547 D a2dp_codec: A2DP_InitCodecConfig: codec AAC
08-30 00:52:15.456 1879 2547 D a2dp_aac: A2DP_BuildInfoAac: media_type: 0, p_ie->bitRate: 165000
08-30 00:52:15.456 1879 2547 E bt_btif : bta_av_co_get_active_peer: peer index out of bounds: 5
08-30 00:52:15.456 1879 2547 D a2dp_codec: A2DP_InitCodecConfig: codec aptX
08-30 00:52:15.456 1879 2547 E bt_btif : bta_av_co_get_active_peer: peer index out of bounds: 5
08-30 00:52:15.456 1879 2547 D a2dp_codec: A2DP_InitCodecConfig: codec aptX-HD
08-30 00:52:15.456 1879 2547 E bt_btif : bta_av_co_get_active_peer: peer index out of bounds: 5
08-30 00:52:15.456 1879 2547 D a2dp_codec: A2DP_InitCodecConfig: codec LDAC
08-30 00:52:15.456 1879 2547 E bt_btif : bta_av_co_get_active_peer: peer index out of bounds: 5
08-30 00:52:15.456 1879 2547 D a2dp_codec: A2DP_InitCodecConfig: codec aptX-adaptive
08-30 00:52:15.457 1882 2339 E ion : ioctl c0044901 failed with code -1: Inappropriate ioctl for device
08-30 00:52:15.457 1879 2547 E bt_btif : bta_av_co_get_active_peer: peer index out of bounds: 5
08-30 00:52:15.457 1879 2547 D a2dp_codec: A2DP_InitCodecConfig: codec aptX-TWS
08-30 00:52:15.457 1882 2337 D CCodecBufferChannel: [c2.android.vorbis.decoder#398] Created input block pool with allocatorID 16 => poolID 18 - OK (0)
08-30 00:52:15.457 1879 2547 E bt_btif : bta_av_co_get_active_peer: peer index out of bounds: 5
08-30 00:52:15.457 1879 2547 D a2dp_codec: A2DP_InitCodecConfig: codec SBC
08-30 00:52:15.457 1879 2547 D a2dp_sbc: A2DP_InitCodecConfigSbc:
08-30 00:52:15.457 1879 2547 E bt_btif : bta_av_co_get_active_peer: peer index out of bounds: 5
08-30 00:52:15.457 1879 2547 D a2dp_codec: A2DP_InitCodecConfig: codec AAC
08-30 00:52:15.458 1879 2547 D a2dp_aac: A2DP_BuildInfoAac: media_type: 0, p_ie->bitRate: 165000
08-30 00:52:15.458 1879 2547 E bt_btif : bta_av_co_get_active_peer: peer index out of bounds: 5
08-30 00:52:15.458 1879 2547 D a2dp_codec: A2DP_InitCodecConfig: codec aptX
08-30 00:52:15.458 1044 1897 I CCodecBufferChannel: [c2.android.vorbis.decoder#947] Created output block pool with allocatorID 16 => poolID 18 - OK
08-30 00:52:15.458 1879 2547 E bt_btif : bta_av_co_get_active_peer: peer index out of bounds: 5
08-30 00:52:15.458 1879 2547 D a2dp_codec: A2DP_InitCodecConfig: codec aptX-HD
08-30 00:52:15.458 1879 2547 E bt_btif : bta_av_co_get_active_peer: peer index out of bounds: 5
08-30 00:52:15.458 1879 2547 D a2dp_codec: A2DP_InitCodecConfig: codec LDAC
08-30 00:52:15.458 1879 2547 E bt_btif : bta_av_co_get_active_peer: peer index out of bounds: 5
08-30 00:52:15.458 1879 2547 D a2dp_codec: A2DP_InitCodecConfig: codec aptX-adaptive
08-30 00:52:15.458 1879 2547 E bt_btif : bta_av_co_get_active_peer: peer index out of bounds: 5
08-30 00:52:15.459 1879 2547 D a2dp_codec: A2DP_InitCodecConfig: codec aptX-TWS
08-30 00:52:15.459 1044 1897 D CCodecBufferChannel: [c2.android.vorbis.decoder#947] Configured output block pool ids 18 => OK
08-30 00:52:15.459 1882 2339 I CCodecBufferChannel: pipelineRoom(3) is <= numClientBuffers(3). Not signalling any more buffers to client
08-30 00:52:15.459 1879 2547 E bt_btif : bta_av_co_get_active_peer: peer index out of bounds: 5
01-01 08:22:00.824 0 0 E [kworke][0x563c0a96][00:52:15.465264] wlan: [335:E:action_oui] ucfg_action_oui_send: 160: Failed to send: 7
01-01 08:22:00.836 0 0 E [kworke][0x563f6c86][00:52:15.476809] wlan: [335:E:WMI] send_action_oui_cmd_tlv: 220: Invalid action id
08-30 00:52:15.459 1879 2547 D a2dp_codec: A2DP_InitCodecConfig: codec SBC
08-30 00:52:15.459 1879 2547 D a2dp_sbc: A2DP_InitCodecConfigSbc:
08-30 00:52:15.459 1879 2547 E bt_btif : bta_av_co_get_active_peer: peer index out of bounds: 5
08-30 00:52:15.459 1879 2547 D a2dp_codec: A2DP_InitCodecConfig: codec AAC
08-30 00:52:15.459 1450 2586 D SimpleC2Component: Using output block pool with poolID 17 => got 17 - 0
08-30 00:52:15.459 1879 2547 D a2dp_aac: A2DP_BuildInfoAac: media_type: 0, p_ie->bitRate: 165000
08-30 00:52:15.459 1879 2547 E bt_btif : bta_av_co_get_active_peer: peer index out of bounds: 5
08-30 00:52:15.459 1879 2547 D a2dp_codec: A2DP_InitCodecConfig: codec aptX
08-30 00:52:15.459 1879 2547 E bt_btif : bta_av_co_get_active_peer: peer index out of bounds: 5
08-30 00:52:15.459 1879 2547 D a2dp_codec: A2DP_InitCodecConfig: codec aptX-HD
08-30 00:52:15.460 1879 2547 E bt_btif : bta_av_co_get_active_peer: peer index out of bounds: 5
08-30 00:52:15.460 1879 2547 D a2dp_codec: A2DP_InitCodecConfig: codec LDAC
08-30 00:52:15.460 1879 2547 E bt_btif : bta_av_co_get_active_peer: peer index out of bounds: 5
08-30 00:52:15.460 1879 2547 D a2dp_codec: A2DP_InitCodecConfig: codec aptX-adaptive
08-30 00:52:15.460 1879 2547 E bt_btif : bta_av_co_get_active_peer: peer index out of bounds: 5
08-30 00:52:15.460 1879 2547 D a2dp_codec: A2DP_InitCodecConfig: codec aptX-TWS
08-30 00:52:15.461 1879 2163 D bt_btif : btif_av_state_idle_handler: event:BTA_AV_ENABLE_EVT flags: 0 on index: 0, codec_cfg_change: 0
08-30 00:52:15.461 1879 2163 D bt_btif : btif_av_state_idle_handler: event:BTA_AV_REGISTER_EVT flags: 0 on index: 0, codec_cfg_change: 0
08-30 00:52:15.461 1879 2163 D bt_btif : btif_av_state_idle_handler: event:BTA_AV_REGISTER_EVT flags: 0 on index: 1, codec_cfg_change: 0
08-30 00:52:15.461 1879 2163 D bt_btif : btif_av_state_idle_handler: event:BTA_AV_REGISTER_EVT flags: 0 on index: 2, codec_cfg_change: 0
08-30 00:52:15.461 1879 2163 D bt_btif : btif_av_state_idle_handler: event:BTA_AV_REGISTER_EVT flags: 0 on index: 3, codec_cfg_change: 0
08-30 00:52:15.461 1879 2163 D bt_btif : btif_av_state_idle_handler: event:BTA_AV_REGISTER_EVT flags: 0 on index: 4, codec_cfg_change: 0
08-30 00:52:15.462 1879 1879 D A2dpService: setA2dpService(): set to: com.android.bluetooth.a2dp.A2dpService@96133ec
08-30 00:52:15.462 1342 1403 D MediaBufferGroup: creating MemoryDealer
08-30 00:52:15.462 1879 1879 D HeadsetService: getHeadsetService(): returning com.android.bluetooth.hfp.HeadsetService@5e2c1fd
08-30 00:52:15.462 1879 1879 D HeadsetService: isAudioOn: The number of audio connected devices 0
08-30 00:52:15.462 1879 1879 D HeadsetService: isScoOrCallActive(): Call Active:falseCall is Ringing:falseSCO is Active:false
08-30 00:52:15.462 1879 1879 D HeadsetService: isAudioOn: The number of audio connected devices 0
08-30 00:52:15.464 1044 1897 D CCodecBufferChannel: [c2.android.vorbis.decoder#947] start: updating output delay 0
08-30 00:52:15.465 1882 2337 I CCodecBufferChannel: [c2.android.vorbis.decoder#398] Created output block pool with allocatorID 16 => poolID 19 - OK
08-30 00:52:15.465 1044 1897 E ion : ioctl c0044901 failed with code -1: Inappropriate ioctl for device
08-30 00:52:15.466 1882 2337 D CCodecBufferChannel: [c2.android.vorbis.decoder#398] Configured output block pool ids 19 => OK
08-30 00:52:15.466 1882 1882 W DepthController: Invalid qs expansion
08-30 00:52:15.467 1882 2337 D CCodecBufferChannel: [c2.android.vorbis.decoder#398] start: updating output delay 0
08-30 00:52:15.467 1044 1897 I CCodecBufferChannel: pipelineRoom(3) is <= numClientBuffers(3). Not signalling any more buffers to client
08-30 00:52:15.467 1450 2597 D SimpleC2Component: Using output block pool with poolID 18 => got 18 - 0
08-30 00:52:15.469 1882 2337 I CCodecBufferChannel: pipelineRoom(3) is <= numClientBuffers(3). Not signalling any more buffers to client
08-30 00:52:15.469 1342 1342 D MediaBufferGroup: creating MemoryDealer
08-30 00:52:15.471 1450 2587 D SimpleC2Component: Using output block pool with poolID 19 => got 19 - 0
08-30 00:52:15.473 835 2400 D vendor.qti.bluetooth@1.0-wake_lock: Release wakelock is released
08-30 00:52:15.474 1450 2585 E ion : ioctl c0044901 failed with code -1: Inappropriate ioctl for device
08-30 00:52:15.475 1882 2339 I CCodecBufferChannel: pipelineRoom(2) is <= numClientBuffers(2). Not signalling any more buffers to client
08-30 00:52:15.476 1882 2339 I CCodecBufferChannel: pipelineRoom(1) is <= numClientBuffers(1). Not signalling any more buffers to client
08-30 00:52:15.478 823 1826 D audio_hw_primary: adev_get_parameters:fm_status
08-30 00:52:15.479 823 1826 D audio_hw_spkr_prot: fbsp_get_parameters: Speaker protection disabled
08-30 00:52:15.479 823 1826 D soundtrigger: audio_extn_sound_trigger_get_parameters input string
08-30 00:52:15.479 823 1826 D soundtrigger: extract_sm_handle input string param string
08-30 00:52:15.479 823 1826 D audio_hw_extn: audio_extn_fm_get_parameters: Enter
08-30 00:52:15.479 823 1826 D audio_hw_extn: audio_extn_get_parameters: returns fm_status=0
08-30 00:52:15.479 823 1826 D audio_hw_primary: adev_get_parameters: exit: returns - fm_status=0
08-30 00:52:15.479 1052 1375 I hash_map_utils: system/bt/osi/src/hash_map_utils.cc:81 hash_map_utils_dump_string_keys_string_values: key: 'fm_status' value: ''
08-30 00:52:15.479 1342 1342 D MediaBufferGroup: creating MemoryDealer
08-30 00:52:15.480 1044 1897 I CCodecBufferChannel: pipelineRoom(2) is <= numClientBuffers(2). Not signalling any more buffers to client
08-30 00:52:15.481 1879 1879 E A2dpService: setActiveDevice(null): already set to active
08-30 00:52:15.481 1879 1879 D A2dpService: profile started successfully
08-30 00:52:15.482 1879 1879 I BluetoothHidHostServiceJni: classInitNative: succeeds
08-30 00:52:15.483 1879 1879 D HidHostService: Received start request. Starting profile...
08-30 00:52:15.483 1044 1897 I CCodecBufferChannel: pipelineRoom(1) is <= numClientBuffers(1). Not signalling any more buffers to client
08-30 00:52:15.484 1879 1879 I bt_btif : get_profile_interface: id = hidhost
08-30 00:52:15.485 1879 1879 D BluetoothHidHostService: setHidHostService(): set to: com.android.bluetooth.hid.HidHostService@b59e9fa
08-30 00:52:15.485 1879 1879 D HidHostService: profile started successfully
08-30 00:52:15.488 835 2542 I vendor.qti.bluetooth@1.0-ibs_handler: ProcessIbsCmd: Received IBS_WAKE_IND: 0xFD
08-30 00:52:15.488 835 2542 I vendor.qti.bluetooth@1.0-ibs_handler: ProcessIbsCmd: Writing IBS_WAKE_ACK
08-30 00:52:15.492 1879 2163 I bt_bta_hh: BTA_HhEnable sec_mask:0x36 p_cback:0x75536706a0
08-30 00:52:15.492 1879 2163 I bt_btif_storage: btif_storage_get_adapter_property service_mask:0x220100048
08-30 00:52:15.493 1879 2547 W bt_l2cap: L2CAP - L2CA_Register() called for PSM: 0x0011
08-30 00:52:15.493 1879 2547 W bt_l2cap: L2CAP - L2CA_Register() called for PSM: 0x0013
08-30 00:52:15.493 1879 2547 V bt_stack: [VERBOSE1:bta_gattc_act.cc(210)] bta_gattc_register: state:2
08-30 00:52:15.493 1879 2547 I bt_stack: [INFO:gatt_api.cc(1223)] GATT_Register 7e144a0d-bb78-42f0-9183-3cf79e71336a
08-30 00:52:15.493 1879 2547 I bt_stack: [INFO:gatt_api.cc(1244)] allocated gatt_if=4
08-30 00:52:15.494 1879 2547 V bt_stack: [VERBOSE1:gatt_api.cc(1369)] GATT_StartIf gatt_if=4
08-30 00:52:15.494 1879 2547 V bt_stack: [VERBOSE1:gatt_utils.cc(293)] gatt_find_the_connected_bda start_idx=0
08-30 00:52:15.494 1879 2547 V bt_stack: [VERBOSE1:gatt_utils.cc(305)] found=0 found_idx=10
08-30 00:52:15.495 1044 1890 D CCodecBufferChannel: [c2.android.vorbis.decoder#729] Created input block pool with allocatorID 16 => poolID 18 - OK (0)
01-01 08:22:00.838 0 0 E : INFO: trying to register non-static key.
01-01 08:22:00.847 0 0 E [kworke][0x5642b0e0][00:52:15.487960] wlan: [335:E:action_oui] ucfg_action_oui_send: 160: Failed to send: 9
01-01 08:22:00.852 0 0 E : the code is fine but needs lockdep annotation.
01-01 08:22:00.852 0 0 I : CPU: 3 PID: 292 Comm: kworker/u16:8 Tainted: G S W O 4.19.157+ #1
01-01 08:22:00.852 0 0 I Hardware name: Qualcomm Technologies, Inc. kona MTP-RmPM8150b (DT)
01-01 08:22:00.852 0 0 I Workqueue: events_unbound ion_system_secure_heap_prefetch_work
01-01 08:22:00.852 0 0 I Call trace:
01-01 08:22:00.852 0 0 I : dump_backtrace+0x0/0x258
01-01 08:22:00.852 0 0 I : show_stack+0x20/0x30
01-01 08:22:00.852 0 0 I : dump_stack+0xd8/0x12c
01-01 08:22:00.852 0 0 I : register_lock_class+0x4d0/0x5c8
01-01 08:22:00.852 0 0 I : __lock_acquire+0xbc/0x1e58
01-01 08:22:00.852 0 0 I : lock_acquire+0x1cc/0x218
01-01 08:22:00.852 0 0 I : _raw_spin_lock_irqsave+0x54/0x98
01-01 08:22:00.852 0 0 I : ion_system_secure_heap_prefetch_work+0x94/0x2c0
01-01 08:22:00.852 0 0 I : process_one_work+0x38c/0x660
01-01 08:22:00.852 0 0 I : worker_thread+0x268/0x4b8
01-01 08:22:00.852 0 0 I : kthread+0x140/0x150
01-01 08:22:00.852 0 0 I : ret_from_fork+0x10/0x1c
08-30 00:52:15.497 1882 2337 I CCodecBufferChannel: pipelineRoom(2) is <= numClientBuffers(2). Not signalling any more buffers to client
08-30 00:52:15.498 1879 1879 I BluetoothPanServiceJni: classInitNative(L111): succeeds
08-30 00:52:15.498 1879 1879 D PanService: Received start request. Starting profile...
08-30 00:52:15.501 1044 1890 I CCodecBufferChannel: [c2.android.vorbis.decoder#729] Created output block pool with allocatorID 16 => poolID 20 - OK
08-30 00:52:15.501 1044 1890 D CCodecBufferChannel: [c2.android.vorbis.decoder#729] Configured output block pool ids 20 => OK
08-30 00:52:15.502 1044 1890 D CCodecBufferChannel: [c2.android.vorbis.decoder#729] start: updating output delay 0
08-30 00:52:15.503 1879 1879 D BluetoothPanServiceJni: initializeNative(L116): pan
08-30 00:52:15.503 1879 1879 I bt_btif : get_profile_interface: id = pan
08-30 00:52:15.504 1044 1890 I CCodecBufferChannel: pipelineRoom(3) is <= numClientBuffers(3). Not signalling any more buffers to client
08-30 00:52:15.503 1879 1879 D PanService: profile started successfully
08-30 00:52:15.505 1879 2547 W bt_l2cap: L2CAP - L2CA_Register() called for PSM: 0x000f
08-30 00:52:15.505 1879 2163 D BluetoothPanServiceJni: control_state_callback(L63): state:0, local_role:3, ifname:bt-pan
08-30 00:52:15.506 1450 2595 D SimpleC2Component: Using output block pool with poolID 20 => got 20 - 0
08-30 00:52:15.507 1342 1342 D MediaBufferGroup: creating MemoryDealer
08-30 00:52:15.508 1882 2337 I CCodecBufferChannel: pipelineRoom(1) is <= numClientBuffers(1). Not signalling any more buffers to client
08-30 00:52:15.508 1044 1890 I CCodecBufferChannel: pipelineRoom(2) is <= numClientBuffers(2). Not signalling any more buffers to client
08-30 00:52:15.515 1882 1882 V ShadeControllerImpl: NotificationShadeWindow: com.android.systemui.statusbar.phone.NotificationShadeWindowView{fc71191 I.E...... ......ID 0,0-2380,1020} canPanelBeCollapsed(): false
08-30 00:52:15.516 1882 1882 D KeyguardViewMediator: onSystemReady
08-30 00:52:15.518 1044 1890 I CCodecBufferChannel: pipelineRoom(1) is <= numClientBuffers(1). Not signalling any more buffers to client
08-30 00:52:15.520 1879 1879 D BluetoothMapService: Received start request. Starting profile...
08-30 00:52:15.520 1882 1882 D KeyguardViewMediator: doKeyguard: not showing because lockscreen is off
08-30 00:52:15.521 1882 1882 V KeyguardUpdateMonitor: *** register callback for com.android.systemui.keyguard.KeyguardViewMediator$2@d4b1b1d
08-30 00:52:15.521 1882 1882 V KeyguardUpdateMonitor: *** unregister callback for null
08-30 00:52:15.521 1882 1882 D KeyguardViewMediator: adjustStatusBarLocked: mShowing=false mOccluded=false isSecure=false force=false --> flags=0x0
01-01 08:22:00.870 0 0 E [kworke][0x564958f8][00:52:15.510697] wlan: [335:E:HDD] hdd_action_oui_send: 13281: Failed to send one or all action_ouis
01-01 08:22:00.871 0 0 E : INFO: trying to register non-static key.
08-30 00:52:15.521 1879 1879 D BluetoothMapService: start()
08-30 00:52:15.524 1882 1882 D KeyguardViewMediator: handleNotifyWakingUp
01-01 08:22:00.887 0 0 E : the code is fine but needs lockdep annotation.
01-01 08:22:00.893 0 0 I : CPU: 3 PID: 292 Comm: kworker/u16:8 Tainted: G S W O 4.19.157+ #1
01-01 08:22:00.893 0 0 I Hardware name: Qualcomm Technologies, Inc. kona MTP-RmPM8150b (DT)
01-01 08:22:00.893 0 0 I Workqueue: events_unbound ion_system_secure_heap_prefetch_work
01-01 08:22:00.893 0 0 I Call trace:
01-01 08:22:00.893 0 0 I : dump_backtrace+0x0/0x258
01-01 08:22:00.893 0 0 I : show_stack+0x20/0x30
01-01 08:22:00.893 0 0 I : dump_stack+0xd8/0x12c
01-01 08:22:00.893 0 0 I : register_lock_class+0x4d0/0x5c8
01-01 08:22:00.893 0 0 I : __lock_acquire+0xbc/0x1e58
01-01 08:22:00.893 0 0 I : lock_acquire+0x1cc/0x218
01-01 08:22:00.893 0 0 I : _raw_spin_lock_irqsave+0x54/0x98
01-01 08:22:00.893 0 0 I : ion_system_secure_heap_prefetch_work+0x94/0x2c0
01-01 08:22:00.893 0 0 I : process_one_work+0x38c/0x660
01-01 08:22:00.893 0 0 I : worker_thread+0x268/0x4b8
01-01 08:22:00.893 0 0 I : kthread+0x140/0x150
01-01 08:22:00.893 0 0 I : ret_from_fork+0x10/0x1c
08-30 00:52:15.539 1882 1882 W DepthController: Invalid qs expansion
08-30 00:52:15.543 1549 1549 I update_engine: [INFO:cleanup_previous_update_action.cc(112)] Executing task 5
08-30 00:52:15.546 1882 1882 D StatusBar: updateQsExpansionEnabled - QS Expand enabled: true
08-30 00:52:15.547 1882 1882 D KeyguardViewMediator: handleNotifyScreenTurningOn
08-30 00:52:15.552 1882 1882 D KeyguardViewMediator: handleNotifyScreenTurnedOn
08-30 00:52:15.552 1882 1882 I Choreographer: Skipped 59 frames! The application may be doing too much work on its main thread.
08-30 00:52:15.557 1879 1879 D BluetoothMapFixes: mSessionStatusHandler CREATE_MAS_INSTANCES
08-30 00:52:15.557 1879 1879 D BluetoothMapService: mSmsCapable :true
08-30 00:52:15.557 1879 1879 D BluetoothMapService: setBluetoothMapService(): set to: com.android.bluetooth.map.BluetoothMapService@d0d02dd
08-30 00:52:15.557 1879 1879 D BluetoothMapService: profile started successfully
08-30 00:52:15.559 1549 1549 I update_engine: [INFO:cleanup_previous_update_action.cc(124)] CleanupPreviousUpdateAction scheduled task ID 6 for WaitBootCompleted
08-30 00:52:15.561 1879 1879 I BluetoothAvrcpControllerJni: classInitNative: succeeds
08-30 00:52:15.562 1879 1879 D AvrcpControllerService: Received start request. Starting profile...
08-30 00:52:15.565 1879 2602 V BluetoothMapService: Handler(): got msg=5
08-30 00:52:15.565 1879 2602 D BluetoothMapService: CREATE_MAS_INSTANCES
08-30 00:52:15.566 1879 2602 D BluetoothVendorService: getProfileInfo profile_id: 3
08-30 00:52:15.566 1879 2602 I BluetoothVendorJni: getProfileInfoNative
08-30 00:52:15.566 1879 2602 I bt_btif_vendor: get_profile_info :3
08-30 00:52:15.566 1879 2602 W bt_device_profile: profile_feature_fetch:profile 3
08-30 00:52:15.566 1879 2602 W bt_device_profile: profile_feature_fetch:MAP_EMAIL_SUPPORT found 1
08-30 00:52:15.566 1879 2602 D BluetoothMapAppObserver: isEmailSupported: true
08-30 00:52:15.566 1879 2602 D BluetoothMapAccountEmailLoader: mEmailContext Assigned
08-30 00:52:15.566 1879 2602 D BluetoothMapAccountEmailLoader: Groups SIZE: 0
08-30 00:52:15.566 1879 2602 D BluetoothMapAccountEmailLoader: Found 0 applications - Support legacy default or primary email Account
01-01 08:22:00.913 0 0 E : INFO: trying to register non-static key.
01-01 08:22:00.917 0 0 D cnss : dma-coherent is enabled
01-01 08:22:00.919 0 0 E : the code is fine but needs lockdep annotation.
01-01 08:22:00.919 0 0 I : CPU: 3 PID: 292 Comm: kworker/u16:8 Tainted: G S W O 4.19.157+ #1
01-01 08:22:00.919 0 0 I Hardware name: Qualcomm Technologies, Inc. kona MTP-RmPM8150b (DT)
01-01 08:22:00.919 0 0 I Workqueue: events_unbound ion_system_secure_heap_prefetch_work
01-01 08:22:00.919 0 0 I Call trace:
01-01 08:22:00.919 0 0 I : dump_backtrace+0x0/0x258
01-01 08:22:00.924 0 0 I : show_stack+0x20/0x30
01-01 08:22:00.924 0 0 I : dump_stack+0xd8/0x12c
01-01 08:22:00.924 0 0 I : register_lock_class+0x4d0/0x5c8
01-01 08:22:00.924 0 0 I : __lock_acquire+0xbc/0x1e58
01-01 08:22:00.924 0 0 I : lock_acquire+0x1cc/0x218
01-01 08:22:00.924 0 0 I : _raw_spin_lock_irqsave+0x54/0x98
01-01 08:22:00.924 0 0 I : ion_system_secure_heap_prefetch_work+0x94/0x2c0
01-01 08:22:00.924 0 0 I : process_one_work+0x38c/0x660
01-01 08:22:00.924 0 0 I : worker_thread+0x268/0x4b8
01-01 08:22:00.924 0 0 I : kthread+0x140/0x150
01-01 08:22:00.924 0 0 I : ret_from_fork+0x10/0x1c
01-01 08:22:00.927 0 0 D cnss : IOMMU map: iova b0000000, len 4096
01-01 08:22:00.927 0 0 D cnss : IOMMU map: iova_addr b0000040
01-01 08:22:00.927 0 0 D cnss : dma-coherent is enabled
01-01 08:22:00.927 0 0 D cnss : IOMMU map: iova b0001000, len 4096
01-01 08:22:00.927 0 0 D cnss : IOMMU map: iova_addr b0001018
08-30 00:52:15.571 1882 1935 I OpenGLRenderer: Davey! duration=1002ms; Flags=0, FrameTimelineVsyncId=217, IntendedVsync=62302674017, Vsync=63286007311, InputEventId=0, HandleInputStart=63298390598, AnimationStart=63298392161, PerformTraversalsStart=63299040182, DrawStart=63299100703, FrameDeadline=62336007349, FrameInterval=63298312786, FrameStartTime=16666666, SyncQueued=63299108723, SyncStart=63299486223, IssueDrawCommandsStart=63299818307, SwapBuffers=63301436640, FrameCompleted=63305461692, DequeueBufferDuration=30105, QueueBufferDuration=2846562, GpuCompleted=63302370182, SwapBuffersCompleted=63305461692, DisplayPresentTime=0,
08-30 00:52:15.573 1879 1879 I bt_btif : get_profile_interface: id = avrcp_ctrl
08-30 00:52:15.576 1879 2602 D BluetoothMapAccountEmailLoader: isEmailAppStarted: false
08-30 00:52:15.581 1044 1897 D CCodecBufferChannel: [c2.android.vorbis.decoder#947] MediaCodec discarded an unknown buffer
08-30 00:52:15.581 1044 1897 D CCodecBufferChannel: [c2.android.vorbis.decoder#947] MediaCodec discarded an unknown buffer
08-30 00:52:15.581 1044 1897 D CCodecBufferChannel: [c2.android.vorbis.decoder#947] MediaCodec discarded an unknown buffer
08-30 00:52:15.586 1879 2602 D BluetoothMapAccountEmailLoader: Email app is not installed
08-30 00:52:15.586 1879 2602 W BluetoothMapAccountEmailLoader: mEmailContext Cannot Access DefaultEmail
08-30 00:52:15.586 1879 2602 D BluetoothMapAccountEmailLoader: Enabled Accounts count:0
08-30 00:52:15.586 1879 2602 D BluetoothMapAccountLoader: Enabled Accounts count:0
08-30 00:52:15.587 1879 1879 I bt_btif : get_profile_interface: id = vendor_avrcp_ctrl
08-30 00:52:15.587 1879 1879 D bt_btif : btif_rc_vendor_ctrl_get_interface
08-30 00:52:15.590 1044 2058 D CompatibilityInfo: mCompatibilityFlags - 4
08-30 00:52:15.591 1044 2058 D CompatibilityInfo: applicationDensity - 240
08-30 00:52:15.591 1044 2058 D CompatibilityInfo: applicationScale - 1.0
08-30 00:52:15.592 1879 1879 D AvrcpControllerService: profile started successfully
08-30 00:52:15.594 1879 1879 V SapService: SapBinder()
08-30 00:52:15.594 1879 1879 D SapService: Received start request. Starting profile...
08-30 00:52:15.595 1879 2602 D BluetoothMapAppObserver: createReceiver()
01-01 08:22:00.940 0 0 E [kworke][0x565dd682][00:52:15.580620] wlan: [335:E:TXRX] dp_rxdma_ring_config: 5022: DBS enabled max_mac_rings 2
01-01 08:22:00.942 0 0 E : INFO: trying to register non-static key.
01-01 08:22:00.952 0 0 E [kworke][0x5661626c][00:52:15.592727] wlan: [335:E:TXRX] dp_rxdma_ring_config: 5033: pdev_id 0 max_mac_rings 2
01-01 08:22:00.956 0 0 E : the code is fine but needs lockdep annotation.
01-01 08:22:00.956 0 0 I : CPU: 3 PID: 292 Comm: kworker/u16:8 Tainted: G S W O 4.19.157+ #1
01-01 08:22:00.956 0 0 I Hardware name: Qualcomm Technologies, Inc. kona MTP-RmPM8150b (DT)
01-01 08:22:00.956 0 0 I Workqueue: events_unbound ion_system_secure_heap_prefetch_work
01-01 08:22:00.956 0 0 I Call trace:
01-01 08:22:00.956 0 0 I : dump_backtrace+0x0/0x258
01-01 08:22:00.956 0 0 I : show_stack+0x20/0x30
01-01 08:22:00.956 0 0 I : dump_stack+0xd8/0x12c
01-01 08:22:00.956 0 0 I : register_lock_class+0x4d0/0x5c8
01-01 08:22:00.956 0 0 I : __lock_acquire+0xbc/0x1e58
01-01 08:22:00.956 0 0 I : lock_acquire+0x1cc/0x218
01-01 08:22:00.956 0 0 I : _raw_spin_lock_irqsave+0x54/0x98
01-01 08:22:00.956 0 0 I : ion_system_secure_heap_prefetch_work+0x94/0x2c0
01-01 08:22:00.956 0 0 I : process_one_work+0x38c/0x660
01-01 08:22:00.956 0 0 I : worker_thread+0x268/0x4b8
01-01 08:22:00.956 0 0 I : kthread+0x140/0x150
01-01 08:22:00.956 0 0 I : ret_from_fork+0x10/0x1c
08-30 00:52:15.596 1879 2602 D BluetoothMapAppObserver: initObservers()
08-30 00:52:15.596 1879 2602 D BluetoothMapAppObserver: getEnabledAccountItems()
08-30 00:52:15.597 1879 1879 V SapService: start()
08-30 00:52:15.597 1879 2602 V BluetoothMapService: Handler(): got msg=1
08-30 00:52:15.597 1879 2602 D BluetoothMapMasInstance0: Map Service startSocketListeners
08-30 00:52:15.597 1879 2602 D ObexServerSockets: create(rfcomm = 26, l2capPsm = 4137)
08-30 00:52:15.599 1044 2603 I hw-BpHwBinder: onLastStrongRef automatically unlinking death recipients
08-30 00:52:15.601 1879 1879 D SapService: setSapService(): set to: com.android.bluetooth.sap.SapService@e9d184c
08-30 00:52:15.601 1879 1879 D SapService: profile started successfully
08-30 00:52:15.603 1879 1879 V BtOppService: onCreate
08-30 00:52:15.605 1879 1879 D BluetoothOppService: Received start request. Starting profile...
08-30 00:52:15.607 1879 1879 V BtOppService: start()
08-30 00:52:15.607 1879 1879 D BtOppService: setBluetoothOppService(): set to: com.android.bluetooth.opp.BluetoothOppService@b00c5aa
08-30 00:52:15.607 1879 1879 D BluetoothOppService: profile started successfully
08-30 00:52:15.610 1879 1879 D BluetoothPbapService: Received start request. Starting profile...
08-30 00:52:15.611 1879 1879 I BluetoothPbapService: setCurrentUser(0)
08-30 00:52:15.623 1139 1156 D BootAnimation: BootAnimationStopTiming start time: 63369ms
01-01 08:22:00.975 0 0 E : INFO: trying to register non-static key.
01-01 08:22:00.980 0 0 E : the code is fine but needs lockdep annotation.
01-01 08:22:00.984 0 0 E [kworke][0x566abab2][00:52:15.624624] wlan: [335:E:TXRX] dp_rxdma_ring_config: 5050: mac_id 0
01-01 08:22:00.986 0 0 I : CPU: 3 PID: 292 Comm: kworker/u16:8 Tainted: G S W O 4.19.157+ #1
01-01 08:22:00.986 0 0 I Hardware name: Qualcomm Technologies, Inc. kona MTP-RmPM8150b (DT)
01-01 08:22:00.986 0 0 I Workqueue: events_unbound ion_system_secure_heap_prefetch_work
01-01 08:22:00.986 0 0 I Call trace:
01-01 08:22:00.986 0 0 I : dump_backtrace+0x0/0x258
01-01 08:22:00.986 0 0 I : show_stack+0x20/0x30
01-01 08:22:00.986 0 0 I : dump_stack+0xd8/0x12c
01-01 08:22:00.986 0 0 I : register_lock_class+0x4d0/0x5c8
01-01 08:22:00.986 0 0 I : __lock_acquire+0xbc/0x1e58
01-01 08:22:00.986 0 0 I : lock_acquire+0x1cc/0x218
01-01 08:22:00.986 0 0 I : _raw_spin_lock_irqsave+0x54/0x98
01-01 08:22:00.986 0 0 I : ion_system_secure_heap_prefetch_work+0x94/0x2c0
01-01 08:22:00.986 0 0 I : process_one_work+0x38c/0x660
01-01 08:22:00.986 0 0 I : worker_thread+0x268/0x4b8
01-01 08:22:00.986 0 0 I : kthread+0x140/0x150
01-01 08:22:00.986 0 0 I : ret_from_fork+0x10/0x1c
08-30 00:52:15.635 1879 2547 I bt_stack: [INFO:port_api.cc(123)] RFCOMM_CreateConnection BDA: ff:ff:ff:ff:ff:ff
08-30 00:52:15.646 1882 1882 W View : requestLayout() improperly called by com.android.systemui.statusbar.phone.StatusIconContainer{ce5476 V.E...... ......ID 0,0-73,72 #7f0b0585 app:id/statusIcons} during layout: running second layout pass
08-30 00:52:15.648 1879 2547 W bt_l2cap: L2CAP - L2CA_Register() called for PSM: 0x1029
08-30 00:52:15.648 1879 2602 D ObexServerSockets: Succeed to create listening sockets
08-30 00:52:15.648 1879 2602 D ObexServerSockets0: startAccept()
08-30 00:52:15.649 1879 2602 D BluetoothSdpJni: sdpCreateMapMasRecordNative
08-30 00:52:15.649 1879 2602 D BluetoothSdpJni: SDP Create record success - handle: 0
08-30 00:52:15.652 1879 1879 D BluetoothPbapService: setBluetoothPbapService(): set to: com.android.bluetooth.pbap.BluetoothPbapService@10b8149
08-30 00:52:15.652 1879 1879 D BluetoothPbapService: profile started successfully
08-30 00:52:15.654 1342 1403 I MMParserExtractor: Created(0xb400006e4bceecb0)
08-30 00:52:15.655 1879 1879 D HearingAidService: create()
08-30 00:52:15.656 1879 1879 D HearingAidService: Received start request. Starting profile...
08-30 00:52:15.658 1044 1044 D BluetoothHearingAid: Proxy object connected
08-30 00:52:15.659 1044 1044 I AS.BtHelper: In onServiceConnected(), profile: 21, proxy: android.bluetooth.BluetoothHearingAid@6ea3db0
01-01 08:22:01.000 0 0 E [kworke][0x566fac16][00:52:15.641495] wlan: [335:E:TXRX] dp_rxdma_ring_config: 5050: mac_id 1
01-01 08:22:01.004 0 0 E : INFO: trying to register non-static key.
01-01 08:22:01.015 0 0 E : the code is fine but needs lockdep annotation.
08-30 00:52:15.659 1044 1044 D BluetoothHearingAid: Proxy object connected
08-30 00:52:15.659 1044 1044 D BluetoothHearingAid: Proxy object connected
01-01 08:22:01.021 0 0 I : CPU: 3 PID: 292 Comm: kworker/u16:8 Tainted: G S W O 4.19.157+ #1
01-01 08:22:01.021 0 0 I Hardware name: Qualcomm Technologies, Inc. kona MTP-RmPM8150b (DT)
01-01 08:22:01.021 0 0 I Workqueue: events_unbound ion_system_secure_heap_prefetch_work
01-01 08:22:01.021 0 0 I Call trace:
01-01 08:22:01.021 0 0 I : dump_backtrace+0x0/0x258
01-01 08:22:01.021 0 0 I : show_stack+0x20/0x30
01-01 08:22:01.021 0 0 I : dump_stack+0xd8/0x12c
01-01 08:22:01.021 0 0 I : register_lock_class+0x4d0/0x5c8
01-01 08:22:01.021 0 0 I : __lock_acquire+0xbc/0x1e58
01-01 08:22:01.021 0 0 I : lock_acquire+0x1cc/0x218
01-01 08:22:01.021 0 0 I : _raw_spin_lock_irqsave+0x54/0x98
01-01 08:22:01.021 0 0 I : ion_system_secure_heap_prefetch_work+0x94/0x2c0
01-01 08:22:01.021 0 0 I : process_one_work+0x38c/0x660
01-01 08:22:01.021 0 0 I : worker_thread+0x268/0x4b8
01-01 08:22:01.021 0 0 I : kthread+0x140/0x150
01-01 08:22:01.021 0 0 I : ret_from_fork+0x10/0x1c
08-30 00:52:15.661 1044 1044 D BluetoothHearingAid: Proxy object connected
08-30 00:52:15.661 1879 1879 D HearingAidService: start()
08-30 00:52:15.661 1879 1879 I bt_stack: [INFO:com_android_bluetooth_hearing_aid.cpp(100)] classInitNative: succeeds
08-30 00:52:15.664 1044 1044 I Telecom : BluetoothDeviceManager: Got BluetoothHearingAid: android.bluetooth.BluetoothHearingAid@6a81429: BMSL.oSC@AAk
08-30 00:52:15.665 1879 2606 I service_manager_slow: [12,isub]
08-30 00:52:15.666 1879 1879 D HearingAidService: setHearingAidService(): set to: com.android.bluetooth.hearingaid.HearingAidService@baded5a
08-30 00:52:15.667 1879 1879 I bt_btif : get_profile_interface: id = hearing_aid
08-30 00:52:15.667 1879 1879 D HearingAidService: profile started successfully
08-30 00:52:15.667 1879 2547 I bt_stack: [INFO:hearing_aid_software_encoding.cc(325)] init
08-30 00:52:15.667 1879 2547 W bt_stack: [WARNING:hearing_aid_software_encoding.cc(310)] get_hal_version
08-30 00:52:15.667 1879 2547 W bt_stack: [WARNING:client_interface.cc(240)] BluetoothAudioDeathRecipient: worker thread 0x0
08-30 00:52:15.667 1879 1879 D BluetoothMediaBrowserService: onCreate
08-30 00:52:15.669 515 515 I hwservicemanager: getTransport: Cannot find entry vendor.qti.hardware.bluetooth_audio@2.1::IBluetoothAudioProvidersFactory/default in either framework or device VINTF manifest.
08-30 00:52:15.669 1879 2547 I bt_stack: [INFO:client_interface.cc(463)] GetHalVersion
08-30 00:52:15.669 1879 2547 W bt_stack: [WARNING:client_interface.cc(240)] BluetoothAudioDeathRecipient: worker thread 0xb40000762cba1618
08-30 00:52:15.669 1879 2547 V bt_stack: [VERBOSE1:bta_gattc_act.cc(210)] bta_gattc_register: state:2
08-30 00:52:15.670 1879 2547 I bt_stack: [INFO:gatt_api.cc(1223)] GATT_Register e7f6ce78-70e5-08da-3f13-a67f568b8f14
08-30 00:52:15.670 1879 2547 I bt_stack: [INFO:gatt_api.cc(1244)] allocated gatt_if=5
08-30 00:52:15.670 1879 2547 V bt_stack: [VERBOSE1:gatt_api.cc(1369)] GATT_StartIf gatt_if=5
08-30 00:52:15.670 1879 2547 V bt_stack: [VERBOSE1:gatt_utils.cc(293)] gatt_find_the_connected_bda start_idx=0
08-30 00:52:15.670 1879 2547 V bt_stack: [VERBOSE1:gatt_utils.cc(305)] found=0 found_idx=10
08-30 00:52:15.673 1879 2609 D ObexServerSockets0: Accepting socket connection...
08-30 00:52:15.674 1879 2610 D ObexServerSockets0: Accepting socket connection...
08-30 00:52:15.675 1882 2337 D CCodecBufferChannel: [c2.android.vorbis.decoder#398] MediaCodec discarded an unknown buffer
08-30 00:52:15.675 1882 2337 D CCodecBufferChannel: [c2.android.vorbis.decoder#398] MediaCodec discarded an unknown buffer
08-30 00:52:15.675 1882 2337 D CCodecBufferChannel: [c2.android.vorbis.decoder#398] MediaCodec discarded an unknown buffer
08-30 00:52:15.677 1044 1884 D MediaCodecList: codecHandlesFormat: no format, so no extra checks
08-30 00:52:15.678 1044 1884 D MediaCodecList: codecHandlesFormat: no format, so no extra checks
08-30 00:52:15.680 1879 2606 D ObexServerSockets: create(rfcomm = 19, l2capPsm = 4133)
08-30 00:52:15.684 1879 2567 V Avrcp_ext: updateCurrentMediaState: mMediaController: null
08-30 00:52:15.684 1882 2104 I OpenGLRenderer: Davey! duration=1115ms; Flags=0, FrameTimelineVsyncId=217, IntendedVsync=62302674017, Vsync=63286007311, InputEventId=0, HandleInputStart=63298390598, AnimationStart=63298392161, PerformTraversalsStart=63299040182, DrawStart=63401223255, FrameDeadline=62336007349, FrameInterval=63298312786, FrameStartTime=16666666, SyncQueued=63401880234, SyncStart=63402045963, IssueDrawCommandsStart=63402234557, SwapBuffers=63415248723, FrameCompleted=63417854817, DequeueBufferDuration=12395, QueueBufferDuration=1567136, GpuCompleted=63416179609, SwapBuffersCompleted=63417854817, DisplayPresentTime=0,
08-30 00:52:15.684 1879 2567 W Avrcp_ext: isMusicActive: false getBluetoothPlayState: 2 A2dp State: 11 mAudioPlaybackIsActive: false
08-30 00:52:15.684 1879 2567 W Avrcp_ext: updateCurrentMediaState: isPlaying = false
08-30 00:52:15.684 1879 2567 V Avrcp_ext: Media update: id -1âž¡-1? [MediaAttributes: none] : [MediaAttributes: none]
08-30 00:52:15.684 1879 2567 D Avrcp_ext: isPackageNameValid: browsedPackage = isValid = false
08-30 00:52:15.684 1879 2567 V Avrcp_ext: updatePlaybackState, state: PlaybackState {state=2, position=-1, buffered position=0, speed=0.0, updated=63430, actions=0, custom actions=[], active item id=-1, error=null} device: null
08-30 00:52:15.684 1879 2567 V Avrcp_ext: Device: no name:
08-30 00:52:15.684 1879 2567 V Avrcp_ext: Device: no name:
08-30 00:52:15.685 1879 2567 V Avrcp_ext: Device: no name:
08-30 00:52:15.685 1879 2567 V Avrcp_ext: Device: no name:
08-30 00:52:15.685 1879 2567 V Avrcp_ext: Device: no name:
08-30 00:52:15.685 1879 2567 V Avrcp_ext: updatePlayerStateAndPosition, old=PlaybackState {state=2, position=-1, buffered position=0, speed=0.0, updated=63083, actions=0, custom actions=[], active item id=-1, error=null}, state=PlaybackState {state=2, position=-1, buffered position=0, speed=0.0, updated=63430, actions=0, custom actions=[], active item id=-1, error=null}
08-30 00:52:15.685 1879 2567 V Avrcp_ext: old state = PlaybackState {state=2, position=-1, buffered position=0, speed=0.0, updated=63083, actions=0, custom actions=[], active item id=-1, error=null}, new state= PlaybackState {state=2, position=-1, buffered position=0, speed=0.0, updated=63430, actions=0, custom actions=[], active item id=-1, error=null}
08-30 00:52:15.685 1879 2567 D HeadsetService: getHeadsetService(): returning com.android.bluetooth.hfp.HeadsetService@5e2c1fd
08-30 00:52:15.685 1879 2567 D HeadsetService: isAudioOn: The number of audio connected devices 0
08-30 00:52:15.685 1879 2567 D HeadsetService: isScoOrCallActive(): Call Active:falseCall is Ringing:falseSCO is Active:false
08-30 00:52:15.685 1879 2567 D HeadsetService: isAudioOn: The number of audio connected devices 0
08-30 00:52:15.685 1879 2567 I Avrcp_ext: updatePlayStatusForDevice: device: null
08-30 00:52:15.685 1879 2567 V Avrcp_ext: updatePlaybackState (1): old=PlaybackState {state=2, position=-1, buffered position=0, speed=0.0, updated=63083, actions=0, custom actions=[], active item id=-1, error=null}(2), new=PlaybackState {state=2, position=-1, buffered position=0, speed=0.0, updated=63430, actions=0, custom actions=[], active item id=-1, error=null}(2)
08-30 00:52:15.686 1879 2567 I Avrcp_ext: Exit updatePlayStatusForDevice
08-30 00:52:15.686 1879 2567 D HeadsetService: isAudioOn: The number of audio connected devices 0
08-30 00:52:15.686 1879 2567 D HeadsetService: isScoOrCallActive(): Call Active:falseCall is Ringing:falseSCO is Active:false
08-30 00:52:15.686 1879 2567 D HeadsetService: isAudioOn: The number of audio connected devices 0
08-30 00:52:15.686 1879 2567 I Avrcp_ext: updatePlayStatusForDevice: device: null
08-30 00:52:15.686 1882 1882 W AudioManager: attempt to call registerAudioRecordingCallback() on a previouslyregistered callback
08-30 00:52:15.690 1879 2567 V Avrcp_ext: updatePlaybackState (1): old=PlaybackState {state=2, position=-1, buffered position=0, speed=0.0, updated=63083, actions=0, custom actions=[], active item id=-1, error=null}(2), new=PlaybackState {state=2, position=-1, buffered position=0, speed=0.0, updated=63430, actions=0, custom actions=[], active item id=-1, error=null}(2)
08-30 00:52:15.690 1879 2567 I Avrcp_ext: Exit updatePlayStatusForDevice
08-30 00:52:15.690 1879 2567 D HeadsetService: isAudioOn: The number of audio connected devices 0
08-30 00:52:15.690 1879 2567 D HeadsetService: isScoOrCallActive(): Call Active:falseCall is Ringing:falseSCO is Active:false
08-30 00:52:15.690 1879 2567 D HeadsetService: isAudioOn: The number of audio connected devices 0
08-30 00:52:15.690 1879 2567 I Avrcp_ext: updatePlayStatusForDevice: device: null
