08-30 00:52:12.446 835 835 I vendor.qti.hardware.btconfigstore@2.0-BTConfigStore: getVendorProperties:: persist.vendor.qcom.bluetooth.a2dp_offload_cap: sbc-aptx-aptxtws-aptxhd-aac-ldac-aptxadaptiver2, ret: 47
08-30 00:52:12.446 835 835 I vendor.qti.hardware.btconfigstore@2.0-BTConfigStore: getVendorProperties:: ro.vendor.bluetooth.wipower: false, ret: 5
08-30 00:52:12.446 835 835 I vendor.qti.hardware.btconfigstore@2.0-BTConfigStore: getVendorProperties:: persist.vendor.qcom.bluetooth.aac_frm_ctl.enabled: true, ret: 4
08-30 00:52:12.446 835 835 I vendor.qti.hardware.btconfigstore@2.0-BTConfigStore: getVendorProperties:: persist.vendor.qcom.bluetooth.enable.swb: true, ret: 4
08-30 00:52:12.446 835 835 I vendor.qti.hardware.btconfigstore@2.0-BTConfigStore: getVendorProperties:: persist.vendor.qcom.bluetooth.enable.swbpm: true, ret: 4
08-30 00:52:12.446 835 835 I vendor.qti.hardware.btconfigstore@2.0-BTConfigStore: getVendorProperties:: persist.vendor.qcom.bluetooth.a2dp_mcast_test.enabled: false, ret: 5
08-30 00:52:12.446 835 835 I vendor.qti.hardware.btconfigstore@2.0-BTConfigStore: getVendorProperties:: persist.vendor.qcom.bluetooth.twsp_state.enabled: false, ret: 5
08-30 00:52:12.446 835 835 I vendor.qti.hardware.btconfigstore@2.0-BTConfigStore: getVendorProperties:: persist.vendor.qcom.bluetooth.max_power_support: false, ret: 5
08-30 00:52:12.447 1879 1879 I bt_config_store: prop type: BT_PROP_SOC_TYPE, prop_value: hastings
08-30 00:52:12.447 1879 1879 I bt_config_store: prop type: BT_PROP_SPILT_A2DP, prop_value: true
08-30 00:52:12.447 1879 1879 I bt_config_store: prop type: BT_PROP_A2DP_OFFLOAD_CAP, prop_value: sbc-aptx-aptxtws-aptxhd-aac-ldac-aptxadaptiver2
08-30 00:52:12.447 1879 1879 I bt_config_store: prop type: BT_PROP_WIPOWER, prop_value: false
08-30 00:52:12.447 1879 1879 I bt_config_store: prop type: BT_PROP_AAC_FRAME_CTL, prop_value: true
08-30 00:52:12.447 1879 1879 I bt_config_store: not handled propType = 6
08-30 00:52:12.447 1879 1879 I bt_config_store: prop type: not handled, prop_value: true
08-30 00:52:12.447 1879 1879 I bt_config_store: not handled propType = 7
08-30 00:52:12.447 1879 1879 I bt_config_store: prop type: not handled, prop_value: true
08-30 00:52:12.447 1879 1879 I bt_config_store: not handled propType = 8
08-30 00:52:12.447 1879 1879 I bt_config_store: prop type: not handled, prop_value: false
08-30 00:52:12.447 1879 1879 I bt_config_store: not handled propType = 9
08-30 00:52:12.447 1879 1879 I bt_config_store: prop type: not handled, prop_value: false
08-30 00:52:12.447 1879 1879 I bt_config_store: not handled propType = 11
08-30 00:52:12.447 1879 1879 I bt_config_store: prop type: not handled, prop_value: false
08-30 00:52:12.447 1879 1879 I BluetoothVendorJni: initNative:: soc_name = hastings
08-30 00:52:12.447 1879 1879 I BluetoothVendorJni: initNative:: a2dp_offload_Cap = sbc-aptx-aptxtws-aptxhd-aac-ldac-aptxadaptiver2
08-30 00:52:12.447 1879 1879 I bt_btif : get_profile_interface: id = vendor
08-30 00:52:12.447 1879 1879 I bt_btif_vendor: init
08-30 00:52:12.447 1879 1879 I bt_btif_vendor: init done
08-30 00:52:12.447 1879 1879 D BluetoothVendorService: Qti Stack enabled status: true
08-30 00:52:12.447 1879 1879 I BluetoothVendorJni: getSocNameNative
08-30 00:52:12.448 1879 1879 D BluetoothVendorService: socName: hastings
08-30 00:52:12.448 1879 1879 I BluetoothVendorJni: getA2apOffloadCapabilityNative
08-30 00:52:12.448 1879 1879 D BluetoothVendorService: a2dpOffloadCap: sbc-aptx-aptxtws-aptxhd-aac-ldac-aptxadaptiver2
08-30 00:52:12.448 1879 1879 I BluetoothVendorJni: isSplitA2dpEnabledNative
08-30 00:52:12.448 1879 1879 D BluetoothVendorService: splitA2dpEnabled: true
08-30 00:52:12.448 1879 1879 I BluetoothVendorJni: isSwbEnabledNative
08-30 00:52:12.448 1879 1879 D BluetoothVendorService: isSwbEnabled: true
08-30 00:52:12.448 1879 1879 I BluetoothVendorJni: isSwbPmEnabledNative
08-30 00:52:12.448 1879 1879 D BluetoothVendorService: isSwbPmEnabled: true
08-30 00:52:12.448 1879 1879 I bt_btif : get_profile_interface: id = vendorSocket
08-30 00:52:12.448 2078 2078 V GraphicsEnvironment: ANGLE Developer option for 'vendor.qti.hardware.cacert.server' set to: 'default'
08-30 00:52:12.449 2078 2078 V GraphicsEnvironment: ANGLE GameManagerService for vendor.qti.hardware.cacert.server: false
08-30 00:52:12.450 1879 1879 I AdapterProperties: init(), maxConnectedAudioDevices, default=5, propertyOverlayed=5, finalValue=5
08-30 00:52:12.450 1337 1337 D incidentd: WorkDirectory::getReports
08-30 00:52:12.451 2078 2078 D NetworkSecurityConfig: No Network Security Config specified, using platform default
08-30 00:52:12.452 2078 2078 D NetworkSecurityConfig: No Network Security Config specified, using platform default
08-30 00:52:12.453 1879 2172 D BluetoothDatabase: compactLastConnectionTime: Compacting metadata after load
08-30 00:52:12.453 1879 2172 I BluetoothDatabase: cacheMetadata
08-30 00:52:12.453 1879 2172 V BluetoothDatabase: cacheMetadata: found device LocalStorage
08-30 00:52:12.454 1879 2172 V BluetoothDatabase: cacheMetadata: Database is ready
08-30 00:52:12.454 1882 1882 W SystemServiceRegistry: No service published for: face
08-30 00:52:12.458 1372 1963 D PlatformConfig: getInt32 Config name: vidc_dec_sec_prefetch_size_output value: 13434880
08-30 00:52:12.458 1372 1963 D PlatformConfig: getInstance: Enter
08-30 00:52:12.458 1372 1963 D PlatformConfig: getInt32 Config name: vidc_perf_control_enable value: 0
08-30 00:52:12.458 1372 1963 D PlatformConfig: getInstance: Enter
08-30 00:52:12.458 1372 1963 D PlatformConfig: getInt32 Config name: vidc_dec_thumbnail_yuv_output value: 0
08-30 00:52:12.458 1372 1963 D PlatformConfig: getInstance: Enter
08-30 00:52:12.458 1372 1963 D PlatformConfig: getInt32: Returning default
08-30 00:52:12.458 1372 1963 D PlatformConfig: getInstance: Enter
08-30 00:52:12.458 1372 1963 D PlatformConfig: getInt32 Config name: vidc_dec_output_rate value: 120
08-30 00:52:12.459 515 515 I hwservicemanager: Since vendor.qti.hardware.iop@2.0::IIop/default is not registered, trying to start it as a lazy HAL.
08-30 00:52:12.460 1359 1359 E ANDR-IOP: IIop:: Iop HAL Service is not available.
08-30 00:52:12.460 1879 1879 D BluetoothAdapterService: onBind()
08-30 00:52:12.462 1044 1100 I ActivityManager: Process WebViewLoader-arm64-v8a (pid 1983) has died: psvc PER
08-30 00:52:12.465 1044 1203 I libprocessgroup: Successfully killed process cgroup uid 1037 pid 1983 in 0ms
08-30 00:52:12.473 515 515 I hwservicemanager: Since vendor.qti.hardware.iop@2.0::IIop/default is not registered, trying to start it as a lazy HAL.
08-30 00:52:12.475 1044 1100 I am_proc_died: [0,1983,WebViewLoader-arm64-v8a,-700,0]
08-30 00:52:12.477 1044 1100 I am_uid_stopped: 1037
08-30 00:52:12.478 1372 1963 I OMX-VDEC-1080P: component_init: OMX.qcom.video.decoder.hevc : fd=7
08-30 00:52:12.479 1372 1963 E OMX-VDEC-1080P: Unsupported output color format for c2d (2141391876)
08-30 00:52:12.479 1372 1963 E OMX-VDEC-1080P: Setting color format failed
08-30 00:52:12.479 515 2186 W libc : Unable to set property "ctl.interface_start" to "vendor.qti.hardware.iop@2.0::IIop/default": error code: 0x20
08-30 00:52:12.479 515 2186 I hwservicemanager: Tried to start vendor.qti.hardware.iop@2.0::IIop/default as a lazy service, but was unable to. Usually this happens when a service is not installed, but if the service is intended to be used as a lazy service, then it may be configured incorrectly.
08-30 00:52:12.479 1044 1100 I am_low_memory: 6
08-30 00:52:12.481 1372 1963 D PlatformConfig: getInstance: Enter
08-30 00:52:12.481 1372 1963 D PlatformConfig: getInt32: Returning default
08-30 00:52:12.481 1372 1963 D PlatformConfig: getInstance: Enter
08-30 00:52:12.482 684 759 I netd : trafficSwapActiveStatsMap() <42.96ms>
08-30 00:52:12.481 1372 1963 D PlatformConfig: getInt32: Returning default
08-30 00:52:12.484 1372 1963 I OMX-VDEC-1080P: omx_vdec::component_init() success : fd=7
08-30 00:52:12.484 515 2182 W libc : Unable to set property "ctl.interface_start" to "vendor.qti.hardware.iop@2.0::IIop/default": error code: 0x20
08-30 00:52:12.485 515 2182 I hwservicemanager: Tried to start vendor.qti.hardware.iop@2.0::IIop/default as a lazy service, but was unable to. Usually this happens when a service is not installed, but if the service is intended to be used as a lazy service, then it may be configured incorrectly.
08-30 00:52:12.485 684 759 I netd : tetherGetStats() -> {[]} <2.58ms>
08-30 00:52:12.491 1372 1417 E OMX-VDEC-1080P: Extension: OMX.google.android.index.storeANWBufferInMetadata not implemented
08-30 00:52:12.491 1372 1417 E OMX-VDEC-1080P: Extension: OMX.google.android.index.configureVideoTunnelMode not implemented
08-30 00:52:12.491 1372 1417 E OMX-VDEC-1080P: Extension: OMX.google.android.index.useAndroidNativeBuffer is supported
08-30 00:52:12.493 1372 1417 E OMXNodeInstance: getParameter(0xf3280014:qcom.decoder.hevc.secure, ??(0x7f000044)) ERROR: UnsupportedSetting(0x80001019)
08-30 00:52:12.495 1372 1963 E OMXNodeInstance: getParameter(0xf3280014:qcom.decoder.hevc.secure, ??(0x7f000044)) ERROR: UnsupportedSetting(0x80001019)
08-30 00:52:12.495 1044 1466 D TelephonyRegistry: listen oscl: mHasNotifySubscriptionInfoChangedOccurred==false no callback
08-30 00:52:12.497 1372 1963 E OMX-VDEC-1080P: Extension: OMX.google.android.index.configureVideoTunnelMode not implemented
08-30 00:52:12.497 1372 1963 E OMXNodeInstance: getExtensionIndex(0xf3280014:qcom.decoder.hevc.secure, OMX.google.android.index.configureVideoTunnelMode) ERROR: NotImplemented(0x80001006)
08-30 00:52:12.497 1350 1418 D MediaCodecInfo: detail feature-tunneled-playback wasn't present to remove
08-30 00:52:12.498 1372 1963 E OMX-VDEC-1080P: set_parameter: Error: 0x80001019, setting param 0x7f00005d
08-30 00:52:12.498 1372 1963 E OMXNodeInstance: setParameter(0xf3280014:qcom.decoder.hevc.secure, OMX.google.android.index.allocateNativeHandle(0x7f00005d): Output:1 en=0) ERROR: UnsupportedSetting(0x80001019)
08-30 00:52:12.498 1372 1963 E OMX-VDEC-1080P: Extension: OMX.google.android.index.storeANWBufferInMetadata not implemented
08-30 00:52:12.498 1372 1963 I OMX-VDEC-1080P: omx_vdec::component_deinit() complete
08-30 00:52:12.505 685 685 D Zygote : Forked child process 2191
08-30 00:52:12.506 1044 1199 W ActivityManager: Slow operation: 949ms so far, now at startProcess: returned from zygote!
08-30 00:52:12.506 1044 1199 W ActivityManager: Slow operation: 949ms so far, now at startProcess: done updating battery stats
08-30 00:52:12.506 1044 1199 I am_proc_start: [0,2191,10092,com.qti.qualcomm.mstatssystemservice,added application,com.qti.qualcomm.mstatssystemservice]
08-30 00:52:12.506 1044 1199 W ActivityManager: Slow operation: 949ms so far, now at startProcess: building log message
08-30 00:52:12.507 1044 1199 I ActivityManager: Start proc 2191:com.qti.qualcomm.mstatssystemservice/u0a92 for added application com.qti.qualcomm.mstatssystemservice
08-30 00:52:12.507 1044 1199 W ActivityManager: Slow operation: 949ms so far, now at startProcess: starting to update pids map
08-30 00:52:12.507 1044 1199 W ActivityManager: Slow operation: 950ms so far, now at startProcess: done updating pids map
08-30 00:52:12.507 1044 1199 W ActivityManager: Slow operation: 949ms so far, now at startProcess: asking zygote to start proc
08-30 00:52:12.518 2093 2093 I WebViewZygoteInit: Application preload done
08-30 00:52:12.533 2131 2131 I Perf : Connecting to perf service.
08-30 00:52:12.548 2131 2131 V GraphicsEnvironment: ANGLE Developer option for 'com.android.networkstack' set to: 'default'
08-30 00:52:12.549 2131 2131 V GraphicsEnvironment: ANGLE GameManagerService for com.android.networkstack: false
08-30 00:52:12.554 1044 1466 D CompatibilityChangeReporter: Compat change id reported: 157233955; UID 10087; state: ENABLED
08-30 00:52:12.558 1882 1882 V KeyguardUpdateMonitor: *** register callback for com.android.systemui.statusbar.policy.KeyguardStateControllerImpl$UpdateMonitorCallback@6928cfb
08-30 00:52:12.558 1882 1882 V KeyguardUpdateMonitor: *** unregister callback for null
08-30 00:52:12.605 837 837 W CamX : [ WARN][NCS ] camxncsintfqsee.cpp:628 ProbeSensor() Timed out for probing sensor 2!
08-30 00:52:12.607 837 837 W CamX : [ WARN][NCS ] camxncsintfqsee.cpp:270 GetListOfSensors() Probe sensor 2 with error 9
08-30 00:52:12.608 1882 1882 D MediaResumeListener: loaded resume components []
08-30 00:52:12.611 1882 1882 D BluetoothEventManager: adding SourceInfo Handler
08-30 00:52:12.613 1882 1882 D LocalBluetoothProfileManager: LocalBluetoothProfileManager construction complete
08-30 00:52:12.613 1882 1882 D LocalBluetoothProfileManager: Adding local Hearing Aid profile
08-30 00:52:12.614 1882 1882 D BluetoothHearingAid: Binding service...
08-30 00:52:12.618 1372 1963 I OMX-VDEC-1080P: Exit OMX vdec Destructor: fd=7
08-30 00:52:12.618 1280 1280 I perfetto: ftrace_procfs.cc:206 enabled ftrace in /sys/kernel/tracing/
08-30 00:52:12.632 1493 1528 I cnss-daemon: Exit DMS pthread for instance_id 1 ,ret -3
08-30 00:52:12.634 1044 1194 W BestClock: java.time.DateTimeException: Missing NTP fix
08-30 00:52:12.634 1044 1194 I netstats_mobile_sample: [0,0,0,0,0,0,0,0,0,0,0,0,1661791932634]
08-30 00:52:12.634 1044 1194 I netstats_wifi_sample: [0,0,0,0,0,0,0,0,0,0,0,0,1661791932634]
08-30 00:52:12.635 1493 1533 I cnss-daemon: DMS thread joined succesfully
08-30 00:52:12.635 1493 1533 I cnss-daemon: wlfw_stop: Stop done: 0
08-30 00:52:12.635 1493 1533 I cnss-daemon: wlfw_start: Starting
08-30 00:52:12.636 2131 2131 D NetworkSecurityConfig: No Network Security Config specified, using platform default
08-30 00:52:12.636 2131 2131 D NetworkSecurityConfig: No Network Security Config specified, using platform default
08-30 00:52:12.639 1044 1734 W BestClock: java.time.DateTimeException: Missing NTP fix
08-30 00:52:12.640 1044 1734 W BestClock: java.time.DateTimeException: Missing NTP fix
08-30 00:52:12.648 1044 1194 D TelephonyRegistry: listen oscl: mHasNotifySubscriptionInfoChangedOccurred==false no callback
08-30 00:52:12.649 1044 1194 D CountryDetector: Using custom country detector class: com.android.server.location.ComprehensiveCountryDetector
08-30 00:52:12.649 1044 1194 E CountryDetector: Could not instantiate the custom country detector class
08-30 00:52:12.650 1044 1194 D CountryDetector: Using default country detector
08-30 00:52:12.650 515 515 I hwservicemanager: Since vendor.qti.hardware.iop@2.0::IIop/default is not registered, trying to start it as a lazy HAL.
08-30 00:52:12.653 1359 1359 E ANDR-IOP: IIop:: Iop HAL Service is not available.
08-30 00:52:12.659 1350 1418 I OMXClient: IOmx service obtained
08-30 00:52:12.659 515 2196 W libc : Unable to set property "ctl.interface_start" to "vendor.qti.hardware.iop@2.0::IIop/default": error code: 0x20
08-30 00:52:12.659 1372 1417 I OMXMaster: makeComponentInstance(OMX.google.hevc.decoder) in android.hardwar process
08-30 00:52:12.659 515 2196 I hwservicemanager: Tried to start vendor.qti.hardware.iop@2.0::IIop/default as a lazy service, but was unable to. Usually this happens when a service is not installed, but if the service is intended to be used as a lazy service, then it may be configured incorrectly.
08-30 00:52:12.660 1493 2195 I cnss-daemon: wlfw_service_request: Start the pthread: 0x0K
08-30 00:52:12.672 1493 2194 E cnss-daemon: ro.baseband : [apq]
08-30 00:52:12.672 1493 2194 E cnss-daemon: Hardware supports external modem
08-30 00:52:12.680 685 685 D Zygote : Forked child process 2199
01-01 08:21:58.032 0 0 I cnss-daemon: Hardware supports external modem
08-30 00:52:12.683 685 685 I Zygote : Process 1983 exited cleanly (0)
08-30 00:52:12.684 1044 1199 W ActivityManager: Slow operation: 1126ms so far, now at startProcess: returned from zygote!
08-30 00:52:12.684 1372 1963 E OMXNodeInstance: getExtensionIndex(0xf4a80a90:google.hevc.decoder, OMX.google.android.index.configureVideoTunnelMode) ERROR: UnsupportedIndex(0x8000101a)
08-30 00:52:12.685 1350 1418 D MediaCodecInfo: detail feature-tunneled-playback wasn't present to remove
08-30 00:52:12.685 1372 1963 E OMXNodeInstance: getExtensionIndex(0xf4a80a90:google.hevc.decoder, OMX.google.android.index.enableAndroidNativeBuffers) ERROR: UnsupportedIndex(0x8000101a)
08-30 00:52:12.695 1044 1199 W ActivityManager: Slow operation: 1137ms so far, now at startProcess: done updating battery stats
08-30 00:52:12.695 1044 1199 I am_proc_start: [0,2199,1068,com.android.se,added application,com.android.se]
08-30 00:52:12.695 1044 1199 W ActivityManager: Slow operation: 1137ms so far, now at startProcess: building log message
08-30 00:52:12.695 1044 1199 I ActivityManager: Start proc 2199:com.android.se/1068 for added application com.android.se
08-30 00:52:12.695 1044 1199 W ActivityManager: Slow operation: 1137ms so far, now at startProcess: starting to update pids map
08-30 00:52:12.696 1044 1199 W ActivityManager: Slow operation: 1138ms so far, now at startProcess: done updating pids map
08-30 00:52:12.696 1044 1199 W ActivityManager: Slow operation: 1137ms so far, now at startProcess: asking zygote to start proc
08-30 00:52:12.701 2191 2191 I libc : SetHeapTaggingLevel: tag level set to 0
08-30 00:52:12.707 1350 1418 I OMXClient: IOmx service obtained
08-30 00:52:12.712 1372 1963 I OMXMaster: makeComponentInstance(OMX.qcom.video.decoder.mpeg2) in android.hardwar process
08-30 00:52:12.713 1372 1963 D PlatformConfig: getInstance: Enter
08-30 00:52:12.713 1372 1963 D PlatformConfig: getConfigStoreBool: vpp/enable=false, returning false
08-30 00:52:12.731 660 673 I mpu_uart: [MSG-P:RECV]:No message received in 1000 ms
08-30 00:52:12.732 1613 1648 I adbd : jdwp connection from 2178
08-30 00:52:12.736 2178 2178 D ProcessState: Binder ioctl to enable oneway spam detection failed: Invalid argument
01-01 08:21:58.068 0 0 E : INFO: trying to register non-static key.
08-30 00:52:12.740 1613 1648 I adbd : jdwp connection from 2191
08-30 00:52:12.742 1044 1466 D ConnectivityService: requestNetwork for uid/pid:1073/2131 activeRequest: null callbackRequest: 16 [NetworkRequest [ REQUEST id=17, [ Capabilities: INTERNET&NOT_RESTRICTED&TRUSTED&NOT_VCN_MANAGED Uid: 1073 RequestorUid: 1073 RequestorPkg: com.android.networkstack] ]] callback flags: 0 priority: 2147483647
08-30 00:52:12.743 1044 1753 D ConnectivityService: NetReassign [no changes]
08-30 00:52:12.744 1044 1753 D ConnectivityService: NetReassign [no changes]
08-30 00:52:12.746 684 759 I netd : registerUnsolicitedEventListener() <0.04ms>
08-30 00:52:12.748 2131 2131 D ApplicationLoaders: Returning zygote-cached class loader: /system/framework/android.test.base.jar
08-30 00:52:12.751 2178 2178 I service_manager_slow: [10,activity]
01-01 08:21:58.070 0 0 D cnss : WLFW server arriving: node 7 port 1
08-30 00:52:12.752 1044 2140 I am_proc_bound: [0,2178,vendor.qti.qesdk.sysservice]
08-30 00:52:12.753 1044 2140 D CompatibilityInfo: mCompatibilityFlags - 4
08-30 00:52:12.753 1044 2140 D CompatibilityInfo: applicationDensity - 240
08-30 00:52:12.753 1044 2140 D CompatibilityInfo: applicationScale - 1.0
08-30 00:52:12.753 2191 2191 D ProcessState: Binder ioctl to enable oneway spam detection failed: Invalid argument
08-30 00:52:12.755 1882 1882 W AlarmManager: Unrecognized alarm listener com.android.systemui.keyguard.KeyguardSliceProvider$$ExternalSyntheticLambda0@a280ab6
08-30 00:52:12.764 1882 1882 V KeyguardUpdateMonitor: *** register callback for com.android.systemui.keyguard.KeyguardSliceProvider$2@7e5f724
08-30 00:52:12.764 1882 1882 V KeyguardUpdateMonitor: *** unregister callback for null
08-30 00:52:12.770 2178 2178 D CompatibilityChangeReporter: Compat change id reported: 171979766; UID 1000; state: ENABLED
08-30 00:52:12.776 1882 1882 V SystemUIService: SystemUIApplication created.
08-30 00:52:12.776 1882 1882 D SystemUIBootTiming: DependencyInjection took to complete: 1ms
08-30 00:52:12.777 1044 1466 I am_proc_bound: [0,2191,com.qti.qualcomm.mstatssystemservice]
08-30 00:52:12.777 1882 1882 I SystemUIService: Found SurfaceFlinger's GPU Priority: 12545
08-30 00:52:12.778 1044 1466 D CompatibilityChangeReporter: Compat change id reported: 168419799; UID 10092; state: DISABLED
08-30 00:52:12.778 1044 1466 D CompatibilityInfo: mCompatibilityFlags - 4
08-30 00:52:12.778 1044 1466 D CompatibilityInfo: applicationDensity - 240
08-30 00:52:12.778 1044 1466 D CompatibilityInfo: applicationScale - 1.0
08-30 00:52:12.781 1044 1466 I am_uid_active: 10092
08-30 00:52:12.786 515 515 I hwservicemanager: Since vendor.qti.hardware.iop@2.0::IIop/default is not registered, trying to start it as a lazy HAL.
08-30 00:52:12.787 1359 1359 E ANDR-IOP: IIop:: Iop HAL Service is not available.
08-30 00:52:12.793 2191 2191 D CompatibilityChangeReporter: Compat change id reported: 171979766; UID 10092; state: DISABLED
08-30 00:52:12.795 1613 1648 I adbd : jdwp connection from 2199
08-30 00:52:12.796 1882 1882 V SystemUIService: Starting SystemUI services for user 0.
08-30 00:52:12.800 515 2239 W libc : Unable to set property "ctl.interface_start" to "vendor.qti.hardware.iop@2.0::IIop/default": error code: 0x20
08-30 00:52:12.801 515 2239 I hwservicemanager: Tried to start vendor.qti.hardware.iop@2.0::IIop/default as a lazy service, but was unable to. Usually this happens when a service is not installed, but if the service is intended to be used as a lazy service, then it may be configured incorrectly.
08-30 00:52:12.802 685 685 D Zygote : Forked child process 2247
08-30 00:52:12.803 1882 1882 D SystemUIBootTiming: StartServicescom.android.systemui.util.NotificationChannels took to complete: 5ms
08-30 00:52:12.803 1882 1882 I FalsingManager: xdpi, ydpi: 319.851, 319.851
08-30 00:52:12.803 1044 1199 W ActivityManager: Slow operation: 1244ms so far, now at startProcess: returned from zygote!
08-30 00:52:12.803 1882 1882 I FalsingManager: width, height: 2380, 948
08-30 00:52:12.803 1044 1199 W ActivityManager: Slow operation: 1244ms so far, now at startProcess: done updating battery stats
08-30 00:52:12.803 1044 1199 I am_proc_start: [0,2247,1000,com.thundercomm.remotecontrolservice,added application,com.thundercomm.remotecontrolservice]
08-30 00:52:12.803 1044 1199 W ActivityManager: Slow operation: 1244ms so far, now at startProcess: building log message
08-30 00:52:12.803 1044 1199 I ActivityManager: Start proc 2247:com.thundercomm.remotecontrolservice/1000 for added application com.thundercomm.remotecontrolservice
08-30 00:52:12.804 1044 1199 W ActivityManager: Slow operation: 1244ms so far, now at startProcess: starting to update pids map
08-30 00:52:12.805 1044 1199 W ActivityManager: Slow operation: 1246ms so far, now at startProcess: done updating pids map
08-30 00:52:12.805 1044 1199 W ActivityManager: Slow operation: 1245ms so far, now at startProcess: asking zygote to start proc
08-30 00:52:12.805 1044 1199 D CompatibilityChangeReporter: Compat change id reported: 143937733; UID 10064; state: ENABLED
08-30 00:52:12.805 2199 2199 D ProcessState: Binder ioctl to enable oneway spam detection failed: Invalid argument
08-30 00:52:12.806 2131 2131 D NetworkSecurityConfig: No Network Security Config specified, using platform default
08-30 00:52:12.809 2191 2191 D ApplicationLoaders: Returning zygote-cached class loader: /system/framework/android.test.base.jar
08-30 00:52:12.831 2199 2199 I service_manager_slow: [12,activity]
08-30 00:52:12.831 1044 1466 I am_proc_bound: [0,2199,com.android.se]
08-30 00:52:12.837 1044 1466 D CompatibilityChangeReporter: Compat change id reported: 168419799; UID 1068; state: DISABLED
08-30 00:52:12.837 1044 1466 D CompatibilityInfo: mCompatibilityFlags - 4
08-30 00:52:12.837 1044 1466 D CompatibilityInfo: applicationDensity - 240
08-30 00:52:12.838 1044 1466 D CompatibilityInfo: applicationScale - 1.0
08-30 00:52:12.840 1044 1466 I am_uid_active: 1068
08-30 00:52:12.842 1044 1873 D NetworkStats: registerNetworkStatsProvider from OffloadController uid/pid=1073/2131
08-30 00:52:12.849 2199 2199 D CompatibilityChangeReporter: Compat change id reported: 171979766; UID 1068; state: ENABLED
08-30 00:52:12.850 1493 2195 I cnss-daemon: WLFW service connected
08-30 00:52:12.865 1493 2195 E cnss-daemon: pm_release_vote: pm_handle is NULL
08-30 00:52:12.865 1493 2195 E cnss-daemon: pm_release_vote: pm_handle is NULL
08-30 00:52:12.866 1493 2195 I cnss-daemon: cnss_plat_read_file: No such file /data/vendor/wifi/wlfw_cal_00.bin
08-30 00:52:12.873 1044 1466 D NetworkStats: registerNetworkStatsProvider from BpfCoordinator uid/pid=1073/2131
08-30 00:52:12.877 1493 2195 E cnss-daemon: wlfw_build_cal_table: not read /data/vendor/wifi/wlfw_cal_00.bin
08-30 00:52:12.884 1613 1648 I adbd : jdwp connection from 2247
08-30 00:52:12.884 2191 2191 I Perf : Connecting to perf service.
08-30 00:52:12.885 1044 1873 W ServiceManager: Permission failure: android.permission.HIGH_SAMPLING_RATE_SENSORS from uid=10087 pid=1882
08-30 00:52:12.887 1372 1963 D PlatformConfig: getInstance: Enter
08-30 00:52:12.888 1372 1963 D PlatformConfig: getInt32 Config name: vidc_dec_log_in value: 0
08-30 00:52:12.888 1372 1963 D PlatformConfig: getInstance: Enter
08-30 00:52:12.888 1372 1963 D PlatformConfig: getInt32 Config name: vidc_dec_log_out value: 0
08-30 00:52:12.888 1372 1963 D PlatformConfig: getInstance: Enter
08-30 00:52:12.888 1372 1963 D PlatformConfig: getInt32 Config name: vidc_dec_sec_prefetch_size_internal value: 209715200
08-30 00:52:12.888 1372 1963 D PlatformConfig: getInstance: Enter
08-30 00:52:12.888 1372 1963 D PlatformConfig: getInt32 Config name: vidc_dec_sec_prefetch_size_output value: 13434880
08-30 00:52:12.888 1372 1963 D PlatformConfig: getInstance: Enter
08-30 00:52:12.888 1372 1963 D PlatformConfig: getInt32 Config name: vidc_perf_control_enable value: 0
08-30 00:52:12.888 1372 1963 D PlatformConfig: getInstance: Enter
08-30 00:52:12.888 1372 1963 D PlatformConfig: getInt32 Config name: vidc_dec_thumbnail_yuv_output value: 0
08-30 00:52:12.888 1372 1963 D PlatformConfig: getInstance: Enter
08-30 00:52:12.888 1372 1963 D PlatformConfig: getInt32: Returning default
08-30 00:52:12.888 1372 1963 D PlatformConfig: getInstance: Enter
08-30 00:52:12.888 1372 1963 D PlatformConfig: getInt32 Config name: vidc_dec_output_rate value: 120
08-30 00:52:12.888 684 759 I netd : registerUnsolicitedEventListener() <0.08ms>
08-30 00:52:12.890 2247 2247 D ProcessState: Binder ioctl to enable oneway spam detection failed: Invalid argument
08-30 00:52:12.897 1372 1963 I OMX-VDEC-1080P: component_init: OMX.qcom.video.decoder.mpeg2 : fd=7
08-30 00:52:12.897 1372 1963 E OMX-VDEC-1080P: Unsupported output color format for c2d (2141391876)
08-30 00:52:12.897 1372 1963 E OMX-VDEC-1080P: Setting color format failed
08-30 00:52:12.898 1372 1963 D PlatformConfig: getInstance: Enter
08-30 00:52:12.898 1372 1963 D PlatformConfig: getInt32: Returning default
08-30 00:52:12.898 1372 1963 D PlatformConfig: getInstance: Enter
08-30 00:52:12.898 1372 1963 D PlatformConfig: getInt32: Returning default
08-30 00:52:12.898 1372 1963 I OMX-VDEC-1080P: omx_vdec::component_init() success : fd=7
08-30 00:52:12.898 2191 2191 W ContextImpl: Failed to ensure /data/user/0/com.qti.qualcomm.mstatssystemservice/cache: mkdir failed: ENOENT (No such file or directory)
08-30 00:52:12.899 2191 2191 W ContextImpl: Failed to update user.inode_cache: stat failed: ENOENT (No such file or directory)
08-30 00:52:12.900 1493 2195 I cnss-daemon: cnss_plat_read_file: No such file /data/vendor/wifi/wlfw_cal_02.bin
08-30 00:52:12.900 1493 2195 E cnss-daemon: wlfw_build_cal_table: not read /data/vendor/wifi/wlfw_cal_02.bin
08-30 00:52:12.900 1493 2195 I cnss-daemon: cnss_plat_read_file: No such file /data/vendor/wifi/wlfw_cal_03.bin
08-30 00:52:12.900 1493 2195 E cnss-daemon: wlfw_build_cal_table: not read /data/vendor/wifi/wlfw_cal_03.bin
08-30 00:52:12.901 1493 2195 I cnss-daemon: cnss_plat_read_file: No such file /data/vendor/wifi/wlfw_cal_04.bin
08-30 00:52:12.901 1493 2195 E cnss-daemon: wlfw_build_cal_table: not read /data/vendor/wifi/wlfw_cal_04.bin
08-30 00:52:12.901 1372 1963 E OMX-VDEC-1080P: Extension: OMX.google.android.index.storeANWBufferInMetadata not implemented
08-30 00:52:12.901 1372 1963 E OMX-VDEC-1080P: Extension: OMX.google.android.index.configureVideoTunnelMode not implemented
08-30 00:52:12.901 1372 1963 E OMX-VDEC-1080P: Extension: OMX.google.android.index.useAndroidNativeBuffer is supported
08-30 00:52:12.903 1372 1963 E OMXNodeInstance: getParameter(0xf3280014:qcom.decoder.mpeg2, ??(0x7f000044)) ERROR: UnsupportedSetting(0x80001019)
08-30 00:52:12.904 2131 2131 D CompatibilityChangeReporter: Compat change id reported: 147600208; UID 1073; state: ENABLED
08-30 00:52:12.904 1372 1963 E OMXNodeInstance: getParameter(0xf3280014:qcom.decoder.mpeg2, ??(0x7f000044)) ERROR: UnsupportedSetting(0x80001019)
08-30 00:52:12.908 1372 1417 E OMX-VDEC-1080P: Extension: OMX.google.android.index.configureVideoTunnelMode not implemented
08-30 00:52:12.908 1372 1417 E OMXNodeInstance: getExtensionIndex(0xf3280014:qcom.decoder.mpeg2, OMX.google.android.index.configureVideoTunnelMode) ERROR: NotImplemented(0x80001006)
08-30 00:52:12.908 1350 1418 D MediaCodecInfo: detail feature-tunneled-playback wasn't present to remove
08-30 00:52:12.908 2247 2247 I service_manager_slow: [11,activity]
08-30 00:52:12.908 1372 1417 E OMX-VDEC-1080P: set_parameter: Error: 0x80001019, setting param 0x7f00005d
08-30 00:52:12.908 1372 1417 E OMXNodeInstance: setParameter(0xf3280014:qcom.decoder.mpeg2, OMX.google.android.index.allocateNativeHandle(0x7f00005d): Output:1 en=0) ERROR: UnsupportedSetting(0x80001019)
08-30 00:52:12.908 1372 1417 E OMX-VDEC-1080P: Extension: OMX.google.android.index.storeANWBufferInMetadata not implemented
08-30 00:52:12.909 1372 1417 I OMX-VDEC-1080P: omx_vdec::component_deinit() complete
08-30 00:52:12.909 1044 1100 I service_manager_stats: [334,885,5010]
08-30 00:52:12.909 1044 1100 D CompatibilityChangeReporter: Compat change id reported: 182478738; UID 1073; state: DISABLED
08-30 00:52:12.910 1882 1882 V KeyguardUpdateMonitor: *** register callback for com.android.systemui.classifier.FalsingCollectorImpl$2@9e2f54a
08-30 00:52:12.910 1882 1882 V KeyguardUpdateMonitor: *** unregister callback for null
08-30 00:52:12.912 1044 1044 W Looper : Slow dispatch took 570ms main h=android.app.ActivityThread$H c=android.app.LoadedApk$ReceiverDispatcher$Args$$ExternalSyntheticLambda0@5587f5d m=0
08-30 00:52:12.912 1044 1466 I am_proc_bound: [0,2247,com.thundercomm.remotecontrolservice]
08-30 00:52:12.912 1493 2195 I cnss-daemon: FW status: 0x0
08-30 00:52:12.915 2178 2178 I Perf : Connecting to perf service.
08-30 00:52:12.925 1372 1417 I OMX-VDEC-1080P: Exit OMX vdec Destructor: fd=7
08-30 00:52:12.925 1493 2253 E cnss-daemon: wlfw_qmi_ind_cb: Receive Ind : 0x37
08-30 00:52:12.928 1044 1466 D CompatibilityChangeReporter: Compat change id reported: 168419799; UID 1000; state: DISABLED
08-30 00:52:12.928 1044 1466 D CompatibilityInfo: mCompatibilityFlags - 4
08-30 00:52:12.928 1044 1466 D CompatibilityInfo: applicationDensity - 240
08-30 00:52:12.928 1044 1466 D CompatibilityInfo: applicationScale - 1.0
08-30 00:52:12.933 2178 2178 I service_manager_slow: [17,vendor.perfservice]
08-30 00:52:12.933 1044 1466 D CompatibilityInfo: mCompatibilityFlags - 4
08-30 00:52:12.933 1044 1466 D CompatibilityInfo: applicationDensity - 240
08-30 00:52:12.933 1044 1466 D CompatibilityInfo: applicationScale - 1.0
08-30 00:52:12.938 2191 2191 V GraphicsEnvironment: ANGLE Developer option for 'com.qti.qualcomm.mstatssystemservice' set to: 'default'
08-30 00:52:12.938 1044 1044 D ConditionProviders.SCP: onSubscribe condition://android/schedule?days=1.2.3.4.5.6.7&start=22.0&end=7.0&exitAtAlarm=true
08-30 00:52:12.938 1044 1044 D ConditionProviders.SCP: setRegistered true
08-30 00:52:12.939 2191 2191 V GraphicsEnvironment: ANGLE GameManagerService for com.qti.qualcomm.mstatssystemservice: false
08-30 00:52:12.942 2191 2191 D NetworkSecurityConfig: No Network Security Config specified, using platform default
08-30 00:52:12.942 2191 2191 D NetworkSecurityConfig: No Network Security Config specified, using platform default
08-30 00:52:12.944 1044 1176 D UsbDeviceManager: push notification:正在通过 USB 为此设备充电
08-30 00:52:12.945 515 515 I hwservicemanager: Since vendor.qti.hardware.iop@2.0::IIop/default is not registered, trying to start it as a lazy HAL.
08-30 00:52:12.945 2247 2247 D CompatibilityChangeReporter: Compat change id reported: 171979766; UID 1000; state: ENABLED
08-30 00:52:12.947 2199 2199 I Perf : Connecting to perf service.
08-30 00:52:12.948 1493 2195 I cnss-daemon: wlfw_send_cap_req: chip_id: 0x0, chip_family 0xb, board_id: 0xff, soc_id: 0xffffffff, fw_version: 0x101a0521, fw_build_timestamp: 2021-12-20 07:54
08-30 00:52:12.948 1044 1044 D ConditionProviders.SCP: evaluateSubscriptionLocked cal=ScheduleCalendar[mDays={1, 2, 3, 4, 5, 6, 7}, mSchedule=ScheduleInfo{days=[1, 2, 3, 4, 5, 6, 7], startHour=22, startMinute=0, endHour=7, endMinute=0, exitAtAlarm=true, nextAlarm=Thu Jan 01 08:00:00 GMT+08:00 1970 (0)}], now=Tue Aug 30 00:52:12 GMT+08:00 2022 (1661791932938), nextUserAlarmTime=Thu Jan 01 08:00:00 GMT+08:00 1970 (0)
08-30 00:52:12.948 1044 1044 D ConditionProviders.SCP: notifyCondition condition://android/schedule?days=1.2.3.4.5.6.7&start=22.0&end=7.0&exitAtAlarm=true STATE_TRUE reason=meetsSchedule
08-30 00:52:12.948 1359 1359 E ANDR-IOP: IIop:: Iop HAL Service is not available.
08-30 00:52:12.954 1350 1418 I OMXClient: IOmx service obtained
08-30 00:52:12.955 1044 1044 D ConditionProviders.SCP: Scheduling evaluate for Tue Aug 30 07:00:00 GMT+08:00 2022 (1661814000000), in +6h7m47s62ms, now=Tue Aug 30 00:52:12 GMT+08:00 2022 (1661791932938)
08-30 00:52:12.955 1372 1417 I OMXMaster: makeComponentInstance(OMX.qcom.video.decoder.mpeg2.secure) in android.hardwar process
08-30 00:52:12.955 1372 1417 D PlatformConfig: getInstance: Enter
08-30 00:52:12.957 1372 1417 D PlatformConfig: getConfigStoreBool: vpp/enable=false, returning false
08-30 00:52:12.961 515 2279 W libc : Unable to set property "ctl.interface_start" to "vendor.qti.hardware.iop@2.0::IIop/default": error code: 0x20
01-01 08:21:58.073 0 0 E : the code is fine but needs lockdep annotation.
01-01 08:21:58.073 0 0 I : CPU: 4 PID: 292 Comm: kworker/u16:8 Tainted: G S W O 4.19.157+ #1
08-30 00:52:12.961 515 2279 I hwservicemanager: Tried to start vendor.qti.hardware.iop@2.0::IIop/default as a lazy service, but was unable to. Usually this happens when a service is not installed, but if the service is intended to be used as a lazy service, then it may be configured incorrectly.
01-01 08:21:58.073 0 0 I Hardware name: Qualcomm Technologies, Inc. kona MTP-RmPM8150b (DT)
08-30 00:52:12.971 2131 2131 V WifiManager: registerSoftApCallback: callback=com.android.networkstack.tethering.Tethering$TetheringSoftApCallback@5ca0219, executor=com.android.networkstack.tethering.Tethering$TetheringThreadExecutor@bfcb2de
08-30 00:52:12.971 2178 2178 V GraphicsEnvironment: ANGLE Developer option for 'vendor.qti.qesdk.sysservice' set to: 'default'
08-30 00:52:12.971 685 685 D Zygote : Forked child process 2283
08-30 00:52:12.972 1044 1199 W ActivityManager: Slow operation: 1412ms so far, now at startProcess: returned from zygote!
08-30 00:52:12.973 1044 1737 D ApConfigUtil: Update Softap capability, add acs feature support
08-30 00:52:12.973 1044 1737 D ApConfigUtil: Update Softap capability, add client control feature support
08-30 00:52:12.973 1044 1737 D ApConfigUtil: Update Softap capability, add SAE feature support
08-30 00:52:12.973 1044 1737 D ApConfigUtil: Update Softap capability, add MAC customization support
08-30 00:52:12.973 1044 1737 D ApConfigUtil: Update Softap capability, add 2.4G support
08-30 00:52:12.973 1044 1737 D ApConfigUtil: Update Softap capability, add 5G support
08-30 00:52:12.973 1044 1737 D ApConfigUtil: Update Softap capability, add OWE feature support
08-30 00:52:12.973 1044 1873 D ConnectivityService: requestNetwork for uid/pid:1073/2131 activeRequest: null callbackRequest: 19 [NetworkRequest [ TRACK_SYSTEM_DEFAULT id=19, [ Capabilities: INTERNET&NOT_RESTRICTED&TRUSTED&NOT_VPN&NOT_VCN_MANAGED RequestorUid: 1073 RequestorPkg: com.android.networkstack.tethering] ]] callback flags: 0 priority: 2147483647
08-30 00:52:12.974 1044 1737 D ApConfigUtil: Update Softap capability, max client = 32
08-30 00:52:12.974 2178 2178 V GraphicsEnvironment: ANGLE GameManagerService for vendor.qti.qesdk.sysservice: false
08-30 00:52:12.974 1044 1753 D ConnectivityService: NetReassign [no changes]
08-30 00:52:12.975 2131 2167 V WifiManager: SoftApCallbackProxy: send InfoChanged, newInfo: SoftApInfo{bandwidth= 0, frequency= 0, wifiStandard= 0, mApInstanceIdentifier= null, mIdleShutdownTimeoutMillis= 0}
08-30 00:52:12.975 2131 2167 V WifiManager: SoftApCallbackProxy: send InfoChanged, changedInfoList: []
08-30 00:52:12.975 2131 2167 V WifiManager: SoftApCallbackProxy: send onConnectedClientsChanged(clients): []
08-30 00:52:12.977 1882 1882 D NavigationModeController: getCurrentUserContext: contextUser=0 currentUser=0
08-30 00:52:12.977 1882 1882 D NavigationModeController: getCurrentInteractionMode: mode=2 contextUser=0
08-30 00:52:12.978 1882 1882 D NavigationModeController: updateCurrentInteractionMode: mode=2
08-30 00:52:12.978 1882 1882 D NavigationModeController: contextUser=0
08-30 00:52:12.978 1882 1882 D NavigationModeController: assetPaths=
08-30 00:52:12.978 1882 1882 D NavigationModeController: and /system/framework/framework-res.apk
08-30 00:52:12.978 1882 1882 D NavigationModeController: /product/overlay/FrameworksResCommon_Sys.apk
08-30 00:52:12.978 1882 1882 D NavigationModeController: /product/overlay/FrameworksResCommonQva_Sys.apk
08-30 00:52:12.978 1882 1882 D NavigationModeController: /vendor/overlay/FrameworksResTarget.apk
08-30 00:52:12.978 1882 1882 D NavigationModeController: /product/overlay/FrameworkResource/FrameworksResOverlay.apk
08-30 00:52:12.978 1882 1882 D NavigationModeController: and /system_ext/priv-app/SystemUI/SystemUI.apk
08-30 00:52:12.978 1882 1882 D NavigationModeController: /product/overlay/NavigationBarModeGestural/NavigationBarModeGesturalOverlay.apk
08-30 00:52:12.978 1882 1882 D NavigationModeController: /product/overlay/SystemUIResCommon_Sys.apk
08-30 00:52:12.979 1044 1199 W ActivityManager: Slow operation: 1418ms so far, now at startProcess: done updating battery stats
08-30 00:52:12.979 1044 1199 I am_proc_start: [0,2283,10064,com.qualcomm.qti.devicestatisticsservice,added application,com.qualcomm.qti.devicestatisticsservice]
08-30 00:52:12.979 1044 1199 W ActivityManager: Slow operation: 1419ms so far, now at startProcess: building log message
08-30 00:52:12.979 1882 1882 D NavigationModeController: getCurrentInteractionMode: mode=2 contextUser=0
08-30 00:52:12.979 1044 1199 I ActivityManager: Start proc 2283:com.qualcomm.qti.devicestatisticsservice/u0a64 for added application com.qualcomm.qti.devicestatisticsservice
08-30 00:52:12.979 1044 1199 W ActivityManager: Slow operation: 1419ms so far, now at startProcess: starting to update pids map
08-30 00:52:12.979 1044 1199 W ActivityManager: Slow operation: 1419ms so far, now at startProcess: done updating pids map
08-30 00:52:12.980 1044 1199 W ActivityManager: Slow operation: 1418ms so far, now at startProcess: asking zygote to start proc
08-30 00:52:12.980 1372 1417 D PlatformConfig: getInstance: Enter
08-30 00:52:12.980 1372 1417 D PlatformConfig: getInt32 Config name: vidc_dec_log_in value: 0
08-30 00:52:12.980 1372 1417 D PlatformConfig: getInstance: Enter
08-30 00:52:12.980 1372 1417 D PlatformConfig: getInt32 Config name: vidc_dec_log_out value: 0
08-30 00:52:12.980 1372 1417 D PlatformConfig: getInstance: Enter
08-30 00:52:12.980 1372 1417 D PlatformConfig: getInt32 Config name: vidc_dec_sec_prefetch_size_internal value: 209715200
08-30 00:52:12.980 1372 1417 D PlatformConfig: getInstance: Enter
08-30 00:52:12.980 2178 2178 D NetworkSecurityConfig: No Network Security Config specified, using platform default
08-30 00:52:12.980 1372 1417 D PlatformConfig: getInt32 Config name: vidc_dec_sec_prefetch_size_output value: 13434880
08-30 00:52:12.980 1372 1417 D PlatformConfig: getInstance: Enter
08-30 00:52:12.980 1372 1417 D PlatformConfig: getInt32 Config name: vidc_perf_control_enable value: 0
08-30 00:52:12.980 1372 1417 D PlatformConfig: getInstance: Enter
08-30 00:52:12.980 1372 1417 D PlatformConfig: getInt32 Config name: vidc_dec_thumbnail_yuv_output value: 0
08-30 00:52:12.980 1372 1417 D PlatformConfig: getInstance: Enter
08-30 00:52:12.980 1372 1417 D PlatformConfig: getInt32: Returning default
08-30 00:52:12.980 1372 1417 D PlatformConfig: getInstance: Enter
08-30 00:52:12.981 1372 1417 D PlatformConfig: getInt32 Config name: vidc_dec_output_rate value: 120
08-30 00:52:12.981 2178 2178 D NetworkSecurityConfig: No Network Security Config specified, using platform default
08-30 00:52:12.981 1372 1417 I OMX-VDEC-1080P: component_init: OMX.qcom.video.decoder.mpeg2 : fd=7
08-30 00:52:12.981 1372 1417 E OMX-VDEC-1080P: Unsupported output color format for c2d (2141391876)
08-30 00:52:12.982 1372 1417 E OMX-VDEC-1080P: Setting color format failed
08-30 00:52:12.982 1044 1762 W ActivityThread: Failed to find provider info for com.android.calendar (user not unlocked)
08-30 00:52:12.982 1372 1417 D PlatformConfig: getInstance: Enter
08-30 00:52:12.982 1372 1417 D PlatformConfig: getInt32: Returning default
08-30 00:52:12.982 1372 1417 D PlatformConfig: getInstance: Enter
08-30 00:52:12.982 1372 1417 D PlatformConfig: getInt32: Returning default
08-30 00:52:12.983 1372 1417 I OMX-VDEC-1080P: omx_vdec::component_init() success : fd=7
08-30 00:52:13.000 515 515 I hwservicemanager: Since vendor.qti.hardware.iop@2.0::IIop/default is not registered, trying to start it as a lazy HAL.
08-30 00:52:13.002 1359 1359 E ANDR-IOP: IIop:: Iop HAL Service is not available.
08-30 00:52:13.008 1044 1762 W ActivityThread: Failed to find provider info for com.android.calendar (user not unlocked)
08-30 00:52:13.015 515 2289 W libc : Unable to set property "ctl.interface_start" to "vendor.qti.hardware.iop@2.0::IIop/default": error code: 0x20
08-30 00:52:13.015 515 2289 I hwservicemanager: Tried to start vendor.qti.hardware.iop@2.0::IIop/default as a lazy service, but was unable to. Usually this happens when a service is not installed, but if the service is intended to be used as a lazy service, then it may be configured incorrectly.
08-30 00:52:13.019 1882 1882 D SystemUIBootTiming: StartServicescom.android.systemui.keyguard.KeyguardViewMediator took to complete: 216ms
08-30 00:52:13.019 1882 1882 D NavigationModeController: getCurrentInteractionMode: mode=2 contextUser=0
08-30 00:52:13.021 1044 1044 D BluetoothHeadset: Binding service...
08-30 00:52:13.021 1044 1044 W BluetoothManagerService: bindBluetoothProfileService:Trying to bind to profile: 1, while Bluetooth is disabled
08-30 00:52:13.021 1044 1044 D BluetoothHearingAid: Binding service...
08-30 00:52:13.033 1372 1416 E OMX-VDEC-1080P: Extension: OMX.google.android.index.storeANWBufferInMetadata not implemented
08-30 00:52:13.033 1372 1416 E OMX-VDEC-1080P: Extension: OMX.google.android.index.configureVideoTunnelMode not implemented
08-30 00:52:13.033 1372 1416 E OMX-VDEC-1080P: Extension: OMX.google.android.index.useAndroidNativeBuffer is supported
08-30 00:52:13.035 1372 1417 E OMXNodeInstance: getParameter(0xf3280014:qcom.decoder.mpeg2.secure, ??(0x7f000044)) ERROR: UnsupportedSetting(0x80001019)
08-30 00:52:13.036 1372 1417 E OMXNodeInstance: getParameter(0xf3280014:qcom.decoder.mpeg2.secure, ??(0x7f000044)) ERROR: UnsupportedSetting(0x80001019)
08-30 00:52:13.038 1372 1417 E OMX-VDEC-1080P: Extension: OMX.google.android.index.configureVideoTunnelMode not implemented
08-30 00:52:13.038 1372 1417 E OMXNodeInstance: getExtensionIndex(0xf3280014:qcom.decoder.mpeg2.secure, OMX.google.android.index.configureVideoTunnelMode) ERROR: NotImplemented(0x80001006)
08-30 00:52:13.038 1350 1418 D MediaCodecInfo: detail feature-tunneled-playback wasn't present to remove
08-30 00:52:13.039 1372 1417 E OMX-VDEC-1080P: set_parameter: Error: 0x80001019, setting param 0x7f00005d
08-30 00:52:13.039 1372 1417 E OMXNodeInstance: setParameter(0xf3280014:qcom.decoder.mpeg2.secure, OMX.google.android.index.allocateNativeHandle(0x7f00005d): Output:1 en=0) ERROR: UnsupportedSetting(0x80001019)
08-30 00:52:13.039 1372 1417 E OMX-VDEC-1080P: Extension: OMX.google.android.index.storeANWBufferInMetadata not implemented
08-30 00:52:13.039 1372 1417 I OMX-VDEC-1080P: omx_vdec::component_deinit() complete
08-30 00:52:13.074 685 685 D Zygote : Forked child process 2293
08-30 00:52:13.075 1044 1199 W ActivityManager: Slow operation: 1514ms so far, now at startProcess: returned from zygote!
08-30 00:52:13.076 1044 1199 W ActivityManager: Slow operation: 1514ms so far, now at startProcess: done updating battery stats
08-30 00:52:13.076 1044 1199 I am_proc_start: [0,2293,1000,com.qualcomm.qti.qdma,added application,com.qualcomm.qti.qdma]
08-30 00:52:13.076 1044 1199 W ActivityManager: Slow operation: 1515ms so far, now at startProcess: building log message
08-30 00:52:13.076 1044 1199 I ActivityManager: Start proc 2293:com.qualcomm.qti.qdma/1000 for added application com.qualcomm.qti.qdma
08-30 00:52:13.076 1044 1199 W ActivityManager: Slow operation: 1515ms so far, now at startProcess: starting to update pids map
08-30 00:52:13.077 1044 1199 W ActivityManager: Slow operation: 1515ms so far, now at startProcess: done updating pids map
08-30 00:52:13.077 1044 1199 W ActivityManager: Slow operation: 1213ms so far, now at startProcess: asking zygote to start proc
08-30 00:52:13.081 1882 2284 V MediaRouter: Selecting route: RouteInfo{ name=å¹³æ¿ç”µè„‘, description=null, status=null, category=RouteCategory{ name=系统 types=ROUTE_TYPE_LIVE_AUDIO ROUTE_TYPE_LIVE_VIDEO groupable=false }, supportedTypes=ROUTE_TYPE_LIVE_AUDIO ROUTE_TYPE_LIVE_VIDEO , presentationDisplay=null }
08-30 00:52:13.081 1882 2284 I MediaRouter: Skip setBluetoothA2dpOn(): types=8388615, isPlaybackActive()=false, BT route=null
08-30 00:52:13.084 1372 1417 I OMX-VDEC-1080P: Exit OMX vdec Destructor: fd=7
08-30 00:52:13.094 1044 1100 I am_uid_running: 10079
08-30 00:52:13.094 1044 1100 D CompatibilityChangeReporter: Compat change id reported: 135634846; UID 10079; state: DISABLED
08-30 00:52:13.094 1044 1100 D CompatibilityChangeReporter: Compat change id reported: 177438394; UID 10079; state: DISABLED
08-30 00:52:13.095 1044 1100 D CompatibilityChangeReporter: Compat change id reported: 135772972; UID 10079; state: DISABLED
08-30 00:52:13.095 1044 1100 D CompatibilityChangeReporter: Compat change id reported: 135754954; UID 10079; state: ENABLED
08-30 00:52:13.097 1882 1882 D SystemUIBootTiming: StartServicescom.android.systemui.recents.Recents took to complete: 78ms
08-30 00:52:13.099 1882 1882 I vol.Events: writeEvent collection_started
08-30 00:52:13.100 1350 1418 I OMXClient: IOmx service obtained
08-30 00:52:13.101 1372 1417 I OMXMaster: makeComponentInstance(OMX.qti.video.decoder.mpeg4sw) in android.hardwar process
08-30 00:52:13.101 1372 1417 D PlatformConfig: getInstance: Enter
08-30 00:52:13.101 1372 1417 D PlatformConfig: getConfigStoreBool: vpp/enable=false, returning false
08-30 00:52:13.104 1613 1648 I adbd : jdwp connection from 2283
08-30 00:52:13.106 1044 1044 I Telecom : SystemStateHelper: Registering broadcast receiver: android.content.IntentFilter@9b58787: TS.init@AAA
08-30 00:52:13.107 1372 1417 I android.hardware.media.omx@1.0-service: vendor/qcom/proprietary/adsprpc/src/rpcmem_android.c:159: rpcmem_init_internal: opened ION device fd 7, configured heap IDs: system (0x2000000), contig (0x400000), secure (0x200), secure flags (0x80080000)
08-30 00:52:13.107 1372 1417 I android.hardware.media.omx@1.0-service: vendor/qcom/proprietary/adsprpc/src/fastrpc_apps_user.c:3087: fastrpc_apps_user_init done with default domain:3 and &fastrpc_trace:0xf2f39c1c
08-30 00:52:13.107 2199 2199 W ContextImpl: Failed to ensure /data/user/0/com.android.se/cache: mkdir failed: ENOENT (No such file or directory)
08-30 00:52:13.108 1372 1417 I OMX_SWVDEC: >>> component_init(): 'OMX.qti.video.decoder.mpeg4sw', version date: 2017-10-06T11:32:51+0530
08-30 00:52:13.108 2199 2199 W ContextImpl: Failed to update user.inode_cache: stat failed: ENOENT (No such file or directory)
08-30 00:52:13.108 1372 1417 I SWVDEC : >>> swvdec_init(): MPEG-4 codec, version date: 2017-12-21@13:47:54
08-30 00:52:13.108 1044 1044 I Telecom : SystemStateHelper: Registering broadcast receiver: android.content.IntentFilter@cf1e52: TS.init@AAA
08-30 00:52:13.109 1044 2292 I Telecom : BluetoothRouteManager: getBluetoothAudioConnectedDevice: no service available.
08-30 00:52:13.111 1372 1417 I SWVDEC : --- set_state(): SWVDEC_STATE_INVALID -> SWVDEC_STATE_INIT
08-30 00:52:13.111 1372 1417 I SWVDEC : >>> swvdec_check_inst_load():
08-30 00:52:13.111 1372 1417 I OMX_SWVDEC: --- set_frame_dimensions(): 1920 x 1080
08-30 00:52:13.111 1372 1417 I SWVDEC : >>> swvdec_setproperty():
08-30 00:52:13.111 1372 1417 I SWVDEC : --- set_frame_dimensions(): 1920 x 1080
08-30 00:52:13.111 1372 1417 I OMX_SWVDEC: --- set_frame_attributes(): 'OMX_QCOM_COLOR_FormatYUV420PackedSemiPlanar32m': stride 2048, scanlines 1536, size 4718592
08-30 00:52:13.111 1372 1417 I SWVDEC : >>> swvdec_setproperty():
08-30 00:52:13.111 1372 1417 I SWVDEC : --- set_frame_attributes(): semiplanar NV12_32, stride 2048, scanlines 1536, size 4718592
01-01 08:21:58.073 0 0 I Workqueue: events_unbound ion_system_secure_heap_prefetch_work
01-01 08:21:58.079 0 0 I Call trace:
01-01 08:21:58.079 0 0 I : dump_backtrace+0x0/0x258
01-01 08:21:58.079 0 0 I : show_stack+0x20/0x30
01-01 08:21:58.079 0 0 I : dump_stack+0xd8/0x12c
01-01 08:21:58.079 0 0 I : register_lock_class+0x4d0/0x5c8
01-01 08:21:58.079 0 0 I : __lock_acquire+0xbc/0x1e58
