01-01 08:21:41.345 0 0 E : [drm:dp_display_init_aux_switch][msm-dp-err][78 ]failed to register notifier (-22)
01-01 08:21:41.389 0 0 I subsys-pil-tz soc: qcom,ipa_fws: ipa_fws: loading from 0x0000000086810000 to 0x0000000086819000
01-01 08:21:41.409 0 0 W subsys-pil-tz soc: qcom,ipa_fws: Falling back to syfs fallback for: ipa_fws.b02
01-01 08:21:41.410 0 0 W subsys-pil-tz soc: qcom,ipa_fws: Falling back to syfs fallback for: ipa_fws.b03
01-01 08:21:41.423 0 0 W subsys-pil-tz soc: qcom,ipa_fws: Falling back to syfs fallback for: ipa_fws.b04
01-01 08:21:41.452 0 0 I subsys-pil-tz soc: qcom,ipa_fws: ipa_fws: Brought out of reset
01-01 08:21:41.461 0 0 I binder : 586:586 ioctl 40046210 7ff441e7a4 returned -22
01-01 08:21:41.461 0 0 I : IPA FW loaded successfully
01-01 08:21:41.478 0 0 I binder : 586:586 ioctl 40046210 7ff441dd04 returned -22
01-01 08:21:41.479 0 0 I wait_for_keymaster: Waiting for Keymaster device
01-01 08:21:41.482 0 0 E gsi soc : qcom,msm_gsi: gsi_register_device:1203 GSI irq is wake enabled 34
01-01 08:21:41.500 0 0 I binder : 601:601 ioctl 40046210 7fd2e58454 returned -22
01-01 08:21:41.507 0 0 D ProcessState: Binder ioctl to enable oneway spam detection failed: Invalid argument
01-01 08:21:41.509 0 0 I wait_for_keymaster: Keymaster device ready
01-01 08:21:41.522 0 0 I : rmnet_ipa3 started initialization
01-01 08:21:41.528 0 0 I : IPA driver initialization was successful.
01-01 08:21:41.532 0 0 I : IPA SSR support = True
01-01 08:21:41.534 0 0 W subsys-pil-tz soc: qcom,ipa_uc: Falling back to syfs fallback for: ipa_uc.mdt
01-01 08:21:41.537 0 0 I : IPA SG support = True
01-01 08:21:41.549 0 0 I : IPA Napi Enable = True
01-01 08:21:41.551 0 0 I binder : 619:619 ioctl 40046210 7fc5c17254 returned -22
01-01 08:21:41.553 0 0 I : using default for wan-rx-desc-size = 256
01-01 08:21:41.554 0 0 I subsys-pil-tz soc: qcom,ipa_uc: ipa_uc: loading from 0x0000000086800000 to 0x0000000086810000
01-01 08:21:41.557 0 0 W subsys-pil-tz soc: qcom,ipa_uc: Falling back to syfs fallback for: ipa_uc.b02
01-01 08:21:41.559 0 0 D ProcessState: Binder ioctl to enable oneway spam detection failed: Invalid argument
01-01 08:21:41.570 0 0 I subsys-pil-tz soc: qcom,ipa_uc: ipa_uc: Brought out of reset
01-01 08:21:41.570 0 0 E ipa3_uc_wdi_event_log_info_handler: 351 WDI protocol missing 0x21
01-01 08:21:41.570 0 0 E ipa3_uc_ntn_event_log_info_handler: 34 NTN stats ofst=0x500e0
01-01 08:21:41.571 0 0 E ipa-wan ipa3_wwan_probe: 2530 rmnet_ipa completed initialization
01-01 08:21:41.576 0 0 D vdc : Waited 0ms for vold
01-01 08:21:41.607 619 619 I auditd : type=1400 audit(0.0:9): avc: denied { kill } for comm="vdc" capability=5 scontext=u:r:vdc:s0 tcontext=u:r:vdc:s0 tclass=capability permissive=0
01-01 08:21:41.649 0 0 I binder : 623:623 ioctl 40046210 7fc8584c04 returned -22
01-01 08:21:41.656 0 0 D ProcessState: Binder ioctl to enable oneway spam detection failed: Invalid argument
01-01 08:21:41.657 0 0 D vdc : Waited 0ms for vold
01-01 08:21:41.649 560 560 D vold : fscrypt_mount_metadata_encrypted: /data encrypt: 0 format: 0 with null
01-01 08:21:41.649 560 560 D vold : metadata_key_dir/key: /metadata/vold/metadata_encryption/key
01-01 08:21:41.651 560 560 D vold : Key exists, using: /metadata/vold/metadata_encryption/key
01-01 08:21:41.657 586 586 I auditd : SELinux: Loaded keystore2_key_contexts from:
01-01 08:21:41.657 586 586 I auditd : /system/etc/selinux/plat_keystore2_key_contexts
01-01 08:21:41.674 560 560 D vold : Mounting metadata-encrypted filesystem:/data
01-01 08:21:41.679 560 560 I vold : [libfs_mgr]Running /system/bin/fsck.f2fs -a -c 10000 --debug-cache /dev/block/dm-6
01-01 08:21:41.710 0 0 I fsck.f2fs: Info: Fix the reported corruption.
01-01 08:21:41.715 0 0 I fsck.f2fs: Info: No support kernel version!
01-01 08:21:41.721 0 0 I fsck.f2fs: Info: Segments per section = 1
01-01 08:21:41.707 624 624 I auditd : type=1400 audit(0.0:10): avc: denied { kill } for comm="fsck.f2fs" capability=5 scontext=u:r:fsck:s0 tcontext=u:r:fsck:s0 tclass=capability permissive=0
01-01 08:21:41.726 0 0 I fsck.f2fs: Info: Sections per zone = 1
01-01 08:21:41.726 0 0 I fsck.f2fs: Info: sector size = 4096
01-01 08:21:41.726 0 0 I fsck.f2fs: Info: total sectors = 28958163 (113117 MB)
01-01 08:21:41.726 0 0 I fsck.f2fs: Info: MKFS version
01-01 08:21:41.726 0 0 I fsck.f2fs: "4.15.0-175-generic #184-Ubuntu SMP Thu Mar 24 17:48:36 UTC 2022"
01-01 08:21:41.726 0 0 I fsck.f2fs: Info: FSCK version
01-01 08:21:41.775 0 0 I fsck.f2fs: from "4.19.157+"
01-01 08:21:41.786 0 0 I F2FS-fs (dm-6): Reduce reserved blocks for root = 22993
01-01 08:21:41.972 0 0 I F2FS-fs (dm-6): Mounted with checkpoint version = 48463b2c
01-01 08:21:41.972 560 560 I vold : [libfs_mgr]__mount(source=/dev/block/dm-6,target=/data,type=f2fs)=0: Success
01-01 08:21:41.973 560 560 D vold : Mounted /data
01-01 08:21:41.973 560 577 D vold : Disk at 252:6 changed
01-01 08:21:41.971 623 623 I auditd : type=1400 audit(0.0:11): avc: denied { kill } for comm="vdc" capability=5 scontext=u:r:vdc:s0 tcontext=u:r:vdc:s0 tclass=capability permissive=0
01-01 08:21:42.051 0 0 I binder : 630:630 ioctl 40046210 7fce2d5a84 returned -22
01-01 08:21:42.057 0 0 D ProcessState: Binder ioctl to enable oneway spam detection failed: Invalid argument
01-01 08:21:42.058 0 0 D vdc : Waited 0ms for vold
01-01 08:21:42.050 560 560 I Checkpoint: cp_prepareCheckpoint called
01-01 08:21:42.074 629 631 D spcomlib: [spcom_register_service] spcom_register_service() name [sp_keymaster_ssr] pid [512651685040]
01-01 08:21:42.074 629 631 D spcomlib: [spcom_open] ch [sp_keymaster_ssr] doesn't exist, create it.
01-01 08:21:42.074 629 631 D spcomlib: [spcom_create_channel] Create Channel [sp_keymaster_ssr].
01-01 08:21:42.088 629 631 D spcomlib: [add_ssr_cb] ssr cb added!
01-01 08:21:42.088 629 631 D spcomlib: [start_ssr_thread] ch [spcom] ready!
01-01 08:21:42.088 629 631 D spcomlib: [start_ssr_thread] main pthread self_id [0x5c6becb0].
01-01 08:21:42.088 629 631 D spcomlib: [start_ssr_thread] pthread_create() ret [0] thread-id [0x5b5c0cb0].
01-01 08:21:42.088 629 631 D spcomlib: [start_ssr_thread] Wait for SSR thread to run.
01-01 08:21:42.088 629 633 D spcomlib: [notify_ssr_thread] SSR pthread self_id [0x5b5c0cb0].
01-01 08:21:42.090 629 631 D spcomlib: [start_ssr_thread] pthread_cond_wait() ret [0].
01-01 08:21:42.090 629 631 D spcomlib: [start_ssr_thread] done.
01-01 08:21:42.090 629 631 D spcomlib: [add_ch] add ch [sp_keymaster_ssr].
01-01 08:21:42.090 629 631 D spcomlib: [spcom_register_service] spcom_register_service() name [sp_keymaster_ssr] pid [512651685040] done
01-01 08:21:42.092 0 0 I binder : 632:632 ioctl 40046210 7fe7891194 returned -22
01-01 08:21:42.098 0 0 D ProcessState: Binder ioctl to enable oneway spam detection failed: Invalid argument
01-01 08:21:42.099 0 0 D vdc : Waited 0ms for vold
01-01 08:21:42.091 560 560 I vold : fscrypt_initialize_systemwide_keys
01-01 08:21:42.093 560 560 D vold : Key exists, using: /data/unencrypted/key
01-01 08:21:42.110 560 560 D vold : Installed fscrypt key with ref d391c804cf74e3786af9ce7de95daf44 to /data
01-01 08:21:42.110 560 560 D vold : Added fscrypt-provisioning key for d391c804cf74e3786af9ce7de95daf44 to session keyring
01-01 08:21:42.118 560 560 I vold : Wrote system DE key reference to:/data/unencrypted/ref
01-01 08:21:42.118 560 560 D vold : Generating wrapped storage key
01-01 08:21:42.121 560 560 E vold : keystore2 Keystore generateKey returned service specific error: -67
01-01 08:21:42.121 560 560 W vold : Failed to generate rollback-resistant key. This is expected if keymaster doesn't support rollback resistance. Falling back to non-rollback-resistant key.
01-01 08:21:42.132 560 560 D vold : Installed fscrypt key with ref 73cfc3caec44f3e85cbde0b66cd5d86a to /data
01-01 08:21:42.132 560 560 D vold : Added fscrypt-provisioning key for 73cfc3caec44f3e85cbde0b66cd5d86a to session keyring
01-01 08:21:42.133 560 560 I vold : Wrote per boot key reference to:/data/unencrypted/per_boot_ref
01-01 08:21:42.150 0 0 I fscrypt : AES-256-CTS-CBC using implementation "cts(cbc-aes-ce)"
01-01 08:21:42.212 0 0 I binder : 642:642 ioctl 40046210 7fd0eb1db4 returned -22
01-01 08:21:42.218 0 0 D ProcessState: Binder ioctl to enable oneway spam detection failed: Invalid argument
01-01 08:21:42.219 0 0 D vdc : Waited 0ms for vold
01-01 08:21:42.211 560 560 I incfs : Initial API level of the device: 30
01-01 08:21:42.211 560 560 I incfs : ro.incremental.enable: 1
01-01 08:21:42.211 560 560 I incfs : isFsAvailable: true
01-01 08:21:42.211 560 560 I incfs : isFsAvailable: true
01-01 08:21:42.212 560 560 I incfs : IncFs_Features: v1
01-01 08:21:42.231 560 560 E vold : keystore2 Keystore earlyBootEnded returned service specific error: -68
01-01 08:21:42.283 0 0 I apexd : This device does not support updatable APEX. Exiting
01-01 08:21:42.290 0 0 I apexd : Marking APEXd as activated
01-01 08:21:42.446 0 0 I binder : 648:648 ioctl 40046210 7fe6346ce4 returned -22
01-01 08:21:42.452 0 0 D ProcessState: Binder ioctl to enable oneway spam detection failed: Invalid argument
01-01 08:21:42.453 0 0 D vdc : Waited 0ms for vold
01-01 08:21:42.445 560 560 D vold : fscrypt_init_user0
01-01 08:21:42.445 560 560 D vold : Preparing: /data/misc/vold/user_keys
01-01 08:21:42.447 560 560 D vold : Preparing: /data/misc/vold/user_keys/ce
01-01 08:21:42.447 560 560 D vold : Preparing: /data/misc/vold/user_keys/de
01-01 08:21:42.465 560 560 D vold : Installed fscrypt key with ref fddb2769ae7f9e4702cf3c7852da0ad3 to /data
01-01 08:21:42.465 560 560 D vold : Added fscrypt-provisioning key for fddb2769ae7f9e4702cf3c7852da0ad3 to session keyring
01-01 08:21:42.465 560 560 D vold : Installed de key for user 0
01-01 08:21:42.465 560 560 D vold : fscrypt_prepare_user_storage for volume null, user 0, serial 0, flags 1
01-01 08:21:42.465 560 560 D vold : Preparing: /data/system/users/0
01-01 08:21:42.466 560 560 D vold : Preparing: /data/misc/profiles/cur/0
01-01 08:21:42.467 560 560 D vold : Preparing: /data/system_de/0
01-01 08:21:42.467 560 560 D vold : Preparing: /data/misc_de/0
01-01 08:21:42.468 560 560 D vold : Preparing: /data/vendor_de/0
01-01 08:21:42.468 560 560 D vold : Preparing: /data/user_de/0
01-01 08:21:42.469 560 560 I vold : Verified that /data/system_de/0 has the encryption policy fddb2769ae7f9e4702cf3c7852da0ad3 v2 modes 1/4 flags 0xa
01-01 08:21:42.469 560 560 I vold : Verified that /data/misc_de/0 has the encryption policy fddb2769ae7f9e4702cf3c7852da0ad3 v2 modes 1/4 flags 0xa
01-01 08:21:42.469 560 560 I vold : Verified that /data/vendor_de/0 has the encryption policy fddb2769ae7f9e4702cf3c7852da0ad3 v2 modes 1/4 flags 0xa
01-01 08:21:42.469 560 560 I vold : Verified that /data/user_de/0 has the encryption policy fddb2769ae7f9e4702cf3c7852da0ad3 v2 modes 1/4 flags 0xa
01-01 08:21:42.470 560 560 D vold : /system/bin/vold_prepare_subdirs
01-01 08:21:42.470 560 560 D vold : prepare
01-01 08:21:42.470 560 560 D vold :
01-01 08:21:42.470 560 560 D vold : 0
01-01 08:21:42.470 560 560 D vold : 1
01-01 08:21:42.532 560 560 D vold : Detected support for FS_IOC_ADD_ENCRYPTION_KEY
01-01 08:21:42.705 0 0 I apexd : This device does not support updatable APEX. Exiting
01-01 08:21:42.712 0 0 I apexd : Marking APEXd as ready
01-01 08:21:42.720 0 0 I init : Service 'apexd-snapshotde' (pid 654) exited with status 0 waiting took 0.042000 seconds
01-01 08:21:42.730 0 0 I init : Sending signal 9 to service 'apexd-snapshotde' (pid 654) process group...
01-01 08:21:42.739 0 0 I libprocessgroup: Successfully killed process cgroup uid 0 pid 654 in 0ms
01-01 08:21:42.749 0 0 I init : starting service 'exec 16 (/system/bin/tzdatacheck /apex/com.android.tzdata/etc/tz /data/misc/zoneinfo)'...
01-01 08:21:42.769 0 0 I init : SVC_EXEC service 'exec 16 (/system/bin/tzdatacheck /apex/com.android.tzdata/etc/tz /data/misc/zoneinfo)' pid 655 (uid 1000 gid 1000+0 context default) started; waiting...
01-01 08:21:42.789 0 0 I init : Service 'exec 16 (/system/bin/tzdatacheck /apex/com.android.tzdata/etc/tz /data/misc/zoneinfo)' (pid 655) exited with status 0 waiting took 0.023000 seconds
01-01 08:21:42.805 0 0 I init : Sending signal 9 to service 'exec 16 (/system/bin/tzdatacheck /apex/com.android.tzdata/etc/tz /data/misc/zoneinfo)' (pid 655) process group...
01-01 08:21:42.811 0 0 E i2c_geni 980000.i2c: i2c error :-107
01-01 08:21:42.820 0 0 I libprocessgroup: Successfully killed process cgroup uid 1000 pid 655 in 0ms
01-01 08:21:42.824 0 0 E : [MAX975X:mcu_keep_wakeup_work_func] *ERROR* Failed to write dev:0x15 addr:0x22 value:0x00
01-01 08:21:42.835 0 0 I init : processing action (post-fs-data) from (/system/etc/init/hw/init.usb.rc:6)
01-01 08:21:42.843 0 0 E i2c_geni 980000.i2c: i2c error :-107
01-01 08:21:42.853 0 0 I init : Verified that /data/adb has the encryption policy d391c804cf74e3786af9ce7de95daf44 v2 modes 1/4 flags 0xa
01-01 08:21:42.856 0 0 E : [MAX975X:mcu_keep_wakeup_work_func] *ERROR* Failed to write dev:0x15 addr:0x20 value:0x09
01-01 08:21:42.920 0 0 D cnss : File system is ready, fs_ready is 1, count is 1
01-01 08:21:42.920 0 0 D cnss : Posting event: COLD_BOOT_CAL_START(5), state: 0x0 flags: 0x0
01-01 08:21:42.920 0 0 D cnss : PM stay awake, state: 0x0, count: 1
01-01 08:21:42.920 0 0 D cnss : PM relax, state: 0x0, count: 0
01-01 08:21:42.920 0 0 D cnss : PM stay awake, state: 0x0, count: 1
01-01 08:21:42.920 0 0 D cnss : Processing driver event: COLD_BOOT_CAL_START(5), state: 0x0
01-01 08:21:42.920 0 0 D cnss : Regulator vdd-wlan-io is being enabled
01-01 08:21:42.920 0 0 D cnss : Regulator wlan-ant-switch is being enabled
01-01 08:21:42.921 0 0 D cnss : Regulator vdd-wlan-aon is being enabled
01-01 08:21:42.921 0 0 D cnss : Regulator vdd-wlan-dig is being enabled
01-01 08:21:42.922 0 0 D cnss : Regulator vdd-wlan-rfa1 is being enabled
01-01 08:21:42.922 0 0 D cnss : Regulator vdd-wlan-rfa2 is being enabled
01-01 08:21:42.923 0 0 D cnss : BT_EN_GPIO State: Off. Delay WLAN_GPIO enable
01-01 08:21:43.027 0 0 D cnss : Assert WLAN_EN GPIO successfully
01-01 08:21:43.027 0 0 D cnss : Resuming PCI link
01-01 08:21:43.028 0 0 I msm_pcie_enable: PCIe: Assert the reset of endpoint of RC0.
01-01 08:21:43.039 0 0 I msm_pcie_enable: PCIe: RC0: PCIE20_PARF_INT_ALL_MASK: 0x7f80d202
01-01 08:21:43.049 0 0 I pcie_phy_init: PCIe RC0 PHY is ready!
01-01 08:21:43.064 0 0 I msm_pcie_enable: PCIe: Release the reset of endpoint of RC0.
01-01 08:21:43.091 0 0 I msm_pcie_link_train: PCIe RC0 link initialized
01-01 08:21:43.092 0 0 I logd : logd reinit
01-01 08:21:43.102 0 0 E logd : FrameworkListener: read() failed (Connection reset by peer)
01-01 08:21:43.110 0 0 I cnss_pci 0000: 01:00.0: enabling device (0000 -> 0002)
01-01 08:21:43.117 0 0 D cnss : Read register offset 0x1f8031c, val = 0x6
01-01 08:21:43.117 0 0 D cnss : Write val 0x2 to register offset 0x1f8031c
01-01 08:21:43.117 0 0 D cnss : Setting MHI state: INIT(0)
01-01 08:21:43.136 0 0 D cnss : Setting MHI state: POWER_ON(2)
01-01 08:21:43.140 0 0 W cnss_pci 0000: 01:00.0: Falling back to syfs fallback for: qca6390/amss20.bin
01-01 08:21:42.251 679 679 I liblog : 90
01-01 08:21:43.470 0 0 I update_verifier: Started with arg 1: nonencrypted
01-01 08:21:43.477 0 0 I binder : 682:682 ioctl 40046210 7fc361d984 returned -22
01-01 08:21:43.483 0 0 D hw-ProcessState: Binder ioctl to enable oneway spam detection failed: Invalid argument
01-01 08:21:43.486 0 0 I update_verifier: Booting slot 0: isSlotMarkedSuccessful=1
01-01 08:21:43.493 0 0 I update_verifier: Leaving update_verifier.
01-01 08:21:43.546 0 0 I binder : 683:683 ioctl 40046210 7fffb52324 returned -22
01-01 08:21:43.563 0 0 W subsys-pil-tz 17300000.qcom,lpass: Falling back to syfs fallback for: adsp.mdt
01-01 08:21:43.567 0 0 W subsys-pil-tz 8300000.qcom,turing: Falling back to syfs fallback for: cdsp.mdt
01-01 08:21:43.570 0 0 E ueventd : firmware: could not find firmware for dsi_prop
01-01 08:21:43.570 0 0 E ueventd : firmware: attempted /etc/firmware/dsi_prop, open failed: No such file or directory
01-01 08:21:43.570 0 0 E ueventd : firmware: attempted /odm/firmware/dsi_prop, open failed: No such file or directory
01-01 08:21:43.570 0 0 E ueventd : firmware: attempted /vendor/firmware/dsi_prop, open failed: No such file or directory
01-01 08:21:43.570 0 0 E ueventd : firmware: attempted /firmware/image/dsi_prop, open failed: No such file or directory
01-01 08:21:43.570 0 0 E ueventd : firmware: attempted /vendor/firmware_mnt/image/dsi_prop, open failed: No such file or directory
01-01 08:21:43.570 0 0 I ueventd : loading /devices/platform/soc/soc:qcom,dsi-display-primary/firmware/dsi_prop took 4367ms
01-01 08:21:43.583 0 0 I ueventd : firmware: loading 'adsp.mdt' for '/devices/platform/soc/17300000.qcom,lpass/firmware/adsp.mdt'
01-01 08:21:43.588 0 0 D cnss : MHI status cb is called with reason MISSION_MODE(6)
01-01 08:21:43.588 0 0 E OF : graph: no port node found in /soc/qcom,dsi-display-primary
01-01 08:21:43.588 0 0 W [drm] [msm-dsi-warn]: [hx82101+hx8692 video mode dsi truly panel] fallback to default te-pin-select
01-01 08:21:43.593 0 0 I msm_drm ae00000.qcom,mdss_mdp: Linked as a consumer to regulator.31
01-01 08:21:43.593 0 0 E register_client_adhoc: find path.src 1 dest 590
01-01 08:21:43.595 0 0 E register_client_adhoc: Client handle 16 mdss_reg
01-01 08:21:43.595 0 0 E register_client_adhoc: find path.src 22 dest 512
01-01 08:21:43.598 0 0 E register_client_adhoc: find path.src 23 dest 512
01-01 08:21:43.598 0 0 I ueventd : firmware: loading 'cdsp.mdt' for '/devices/platform/soc/8300000.qcom,turing/firmware/cdsp.mdt'
01-01 08:21:43.599 0 0 E register_client_adhoc: Client handle 66 mdss_sde
01-01 08:21:43.599 0 0 I [drm:sde_dbg_init:4676] evtlog_status: enable:11, panic:1, dump:2
01-01 08:21:43.599 0 0 I msm_drm ae00000.qcom,mdss_mdp: bound soc:qcom,wb-display@0 (ops sde_wb_comp_ops)
01-01 08:21:43.602 0 0 I msm-dsi-display soc: qcom,dsi-display-primary: Linked as a consumer to regulator.25
01-01 08:21:43.602 0 0 I [drm:dsi_display_bind] [msm-dsi-info]: Successfully bind display panel 'qcom,mdss_dsi_panel_hx82101_hx8692_truly_v2_video'
01-01 08:21:43.604 0 0 I msm_drm ae00000.qcom,mdss_mdp: bound soc:qcom,dsi-display-primary (ops dsi_display_comp_ops)
01-01 08:21:43.604 0 0 I msm_drm ae00000.qcom,mdss_mdp: bound af20000.qcom,sde_rscc (ops sde_rsc_comp_ops)
01-01 08:21:43.604 0 0 I : [drm] mapped mdp address space @ffffff8022000000
01-01 08:21:43.615 0 0 I qcom_rpmh DRV: apps_rsc TCS Busy, retrying RPMH message send: addr=0x30080
01-01 08:21:43.617 0 0 D cnss : Notify MHI to use already allocated images
01-01 08:21:43.635 0 0 I : [drm:_sde_kms_hw_init_blocks:3613] sde hardware revision:0x60000000
01-01 08:21:43.643 0 0 E : [drm:dp_display_init_aux_switch][msm-dp-err][501 ]failed to register notifier (-22)
01-01 08:21:43.643 0 0 D cnss : PM relax, state: 0x8, count: 0
01-01 08:21:43.644 0 0 I ueventd : loading /devices/platform/soc/8300000.qcom,turing/firmware/cdsp.mdt took 46ms
01-01 08:21:43.645 0 0 I subsys-pil-tz 8300000.qcom,turing: cdsp: loading from 0x0000000087800000 to 0x0000000088c00000
01-01 08:21:43.648 0 0 I subsys-pil-tz 17300000.qcom,lpass: adsp: loading from 0x000000008a100000 to 0x000000008be00000
01-01 08:21:43.657 0 0 W subsys-pil-tz 17300000.qcom,lpass: Falling back to syfs fallback for: adsp.b03
01-01 08:21:43.657 0 0 W subsys-pil-tz 17300000.qcom,lpass: Falling back to syfs fallback for: adsp.b02
01-01 08:21:43.657 0 0 W subsys-pil-tz 17300000.qcom,lpass: Falling back to syfs fallback for: adsp.b04
01-01 08:21:43.660 0 0 W subsys-pil-tz 17300000.qcom,lpass: Falling back to syfs fallback for: adsp.b05
01-01 08:21:43.662 0 0 I msmdrm_smmu ae00000.qcom,mdss_mdp: qcom,smmu_sde_unsec_cb: Linked as a consumer to 15000000.apps-smmu
01-01 08:21:43.669 0 0 W subsys-pil-tz 17300000.qcom,lpass: Falling back to syfs fallback for: adsp.b06
01-01 08:21:43.672 0 0 W subsys-pil-tz 17300000.qcom,lpass: Falling back to syfs fallback for: adsp.b07
01-01 08:21:43.673 0 0 W subsys-pil-tz 17300000.qcom,lpass: Falling back to syfs fallback for: adsp.b08
01-01 08:21:43.679 0 0 W subsys-pil-tz 17300000.qcom,lpass: Falling back to syfs fallback for: adsp.b09
01-01 08:21:43.680 0 0 W subsys-pil-tz 17300000.qcom,lpass: Falling back to syfs fallback for: adsp.b10
01-01 08:21:43.685 0 0 W subsys-pil-tz 17300000.qcom,lpass: Falling back to syfs fallback for: adsp.b11
01-01 08:21:43.686 0 0 I iommu : Adding device ae00000.qcom,mdss_mdp:qcom,smmu_sde_unsec_cb to group 57
01-01 08:21:43.687 0 0 I : [drm] probing device qcom,smmu_sde_unsec
01-01 08:21:43.687 0 0 I : [drm] Created domain mdp_ns, secure=0
01-01 08:21:43.689 0 0 W subsys-pil-tz 17300000.qcom,lpass: Falling back to syfs fallback for: adsp.b12
01-01 08:21:43.689 0 0 E : [drm:dp_display_init_aux_switch][msm-dp-err][501 ]failed to register notifier (-22)
01-01 08:21:43.691 0 0 W subsys-pil-tz 17300000.qcom,lpass: Falling back to syfs fallback for: adsp.b13
01-01 08:21:43.693 0 0 W subsys-pil-tz 17300000.qcom,lpass: Falling back to syfs fallback for: adsp.b14
01-01 08:21:43.693 0 0 W subsys-pil-tz 17300000.qcom,lpass: Falling back to syfs fallback for: adsp.b15
01-01 08:21:43.695 0 0 W subsys-pil-tz 17300000.qcom,lpass: Falling back to syfs fallback for: adsp.b16
01-01 08:21:43.695 0 0 W subsys-pil-tz 17300000.qcom,lpass: Falling back to syfs fallback for: adsp.b17
01-01 08:21:43.695 0 0 W subsys-pil-tz 17300000.qcom,lpass: Falling back to syfs fallback for: adsp.b18
01-01 08:21:43.697 0 0 W subsys-pil-tz 8300000.qcom,turing: Falling back to syfs fallback for: cdsp.b02
01-01 08:21:43.698 0 0 W subsys-pil-tz 8300000.qcom,turing: Falling back to syfs fallback for: cdsp.b03
01-01 08:21:43.704 0 0 E : [drm:dp_display_init_aux_switch][msm-dp-err][458 ]failed to register notifier (-22)
01-01 08:21:43.713 0 0 W subsys-pil-tz 8300000.qcom,turing: Falling back to syfs fallback for: cdsp.b04
01-01 08:21:43.717 0 0 W subsys-pil-tz 8300000.qcom,turing: Falling back to syfs fallback for: cdsp.b05
01-01 08:21:43.719 0 0 W subsys-pil-tz 8300000.qcom,turing: Falling back to syfs fallback for: cdsp.b06
01-01 08:21:43.719 0 0 W subsys-pil-tz 8300000.qcom,turing: Falling back to syfs fallback for: cdsp.b08
01-01 08:21:43.720 0 0 W subsys-pil-tz 8300000.qcom,turing: Falling back to syfs fallback for: cdsp.b09
01-01 08:21:43.721 0 0 W subsys-pil-tz 8300000.qcom,turing: Falling back to syfs fallback for: cdsp.b11
01-01 08:21:43.721 0 0 I msmdrm_smmu ae00000.qcom,mdss_mdp: qcom,smmu_sde_sec_cb: Linked as a consumer to 15000000.apps-smmu
01-01 08:21:43.728 0 0 I iommu : Adding device ae00000.qcom,mdss_mdp:qcom,smmu_sde_sec_cb to group 58
01-01 08:21:44.073 0 0 I subsys-pil-tz 17300000.qcom,lpass: adsp: Brought out of reset
01-01 08:21:44.078 0 0 I : [drm] probing device qcom,smmu_sde_sec
01-01 08:21:44.094 0 0 I subsys-pil-tz 17300000.qcom,lpass: Subsystem error monitoring/handling services are up
01-01 08:21:44.094 0 0 I subsys-pil-tz 17300000.qcom,lpass: adsp: Power/Clock ready interrupt received
01-01 08:21:44.104 0 0 I subsys-pil-tz 8300000.qcom,turing: cdsp: Brought out of reset
01-01 08:21:44.105 0 0 I : [drm] Created domain mdp_s, secure=1
01-01 08:21:44.113 0 0 I qcom_rpmh DRV: apps_rsc TCS Busy, retrying RPMH message send: addr=0x30030
01-01 08:21:44.122 0 0 I subsys-pil-tz 8300000.qcom,turing: cdsp: Power/Clock ready interrupt received
01-01 08:21:44.123 0 0 I subsys-pil-tz 8300000.qcom,turing: Subsystem error monitoring/handling services are up
01-01 08:21:44.129 0 0 I qcom_rpmh DRV: apps_rsc TCS Busy, retrying RPMH message send: addr=0x30040
01-01 08:21:44.153 0 0 I adsprpc : fastrpc_restart_notifier_cb: cdsp subsystem is up
01-01 08:21:43.158 685 685 I boot_progress_start: 45553
01-01 08:21:44.164 0 0 I adsprpc : fastrpc_restart_notifier_cb: adsp subsystem is up
01-01 08:21:44.178 0 0 W subsys-pil-tz 9800000.qcom,npu: Falling back to syfs fallback for: npu.mdt
01-01 08:21:44.178 0 0 I binder : 684:684 ioctl 40046210 7ff7d52444 returned -22
01-01 08:21:44.183 0 0 I msm_cvp : info: Opening cvp instance: ffffffce6dc1c480
01-01 08:21:44.184 0 0 I binder : 684:684 ioctl 40046210 7ff7d52654 returned -22
01-01 08:21:44.201 0 0 E : [drm:dp_display_init_aux_switch][msm-dp-err][458 ]failed to register notifier (-22)
01-01 08:21:44.204 0 0 I subsys-pil-tz 9800000.qcom,npu: npu: loading from 0x0000000086900000 to 0x0000000086e00000
01-01 08:21:44.204 0 0 I qcom_smd_qrtr_probe: Entered
01-01 08:21:44.210 0 0 W subsys-pil-tz 9800000.qcom,npu: Falling back to syfs fallback for: npu.b02
01-01 08:21:44.210 0 0 W subsys-pil-tz 9800000.qcom,npu: Falling back to syfs fallback for: npu.b03
01-01 08:21:44.210 0 0 W subsys-pil-tz 9800000.qcom,npu: Falling back to syfs fallback for: npu.b04
01-01 08:21:44.210 0 0 W subsys-pil-tz 9800000.qcom,npu: Falling back to syfs fallback for: npu.b05
01-01 08:21:44.212 0 0 I msm_cvp_v4l2 ab00000.qcom,cvp: Linked as a consumer to regulator.83
01-01 08:21:44.218 0 0 W subsys-pil-tz 9800000.qcom,npu: Falling back to syfs fallback for: npu.b06
01-01 08:21:44.223 0 0 I qcom_smd_qrtr_probe: SMD QRTR driver probed
01-01 08:21:44.231 0 0 I [drm:dsi_panel_get_mode] [msm-dsi-info]: default topology: lm: 1 comp_enc:0 intf: 1
01-01 08:21:44.232 0 0 I msm_cvp_v4l2 ab00000.qcom,cvp: Linked as a consumer to regulator.82
01-01 08:21:44.251 0 0 I adsprpc : fastrpc_rpmsg_probe: opened rpmsg channel for adsp
01-01 08:21:44.251 0 0 I subsys-restart: __subsystem_get(): Changing subsys fw_name to cvpss
01-01 08:21:44.251 0 0 W subsys-pil-tz abb0000.qcom,cvpss: Falling back to syfs fallback for: cvpss.mdt
01-01 08:21:44.264 0 0 E : [drm:dp_display_init_aux_switch][msm-dp-err][458 ]failed to register notifier (-22)
01-01 08:21:44.265 0 0 I adsprpc : fastrpc_rpmsg_probe: opened rpmsg channel for cdsp
01-01 08:21:44.299 0 0 I subsys-pil-tz abb0000.qcom,cvpss: cvpss: loading from 0x0000000087300000 to 0x0000000087800000
01-01 08:21:44.317 0 0 I : [drm] Supports vblank timestamp caching Rev 2 (21.10.2013).
01-01 08:21:44.318 0 0 I qcom_smd_qrtr_probe: Entered
01-01 08:21:44.319 0 0 I qcom_smd_qrtr_probe: SMD QRTR driver probed
01-01 08:21:44.330 0 0 I subsys-pil-tz 9800000.qcom,npu: npu: Brought out of reset
01-01 08:21:44.334 0 0 I apr_tal_rpmsg qcom,glink: adsp.apr_audio_svc.-1.-1: apr_tal_rpmsg_probe: Channel[apr_audio_svc] state[Up]
01-01 08:21:44.336 0 0 I : [drm] No driver support for vblank timestamp query.
01-01 08:21:44.337 0 0 W subsys-pil-tz abb0000.qcom,cvpss: Falling back to syfs fallback for: cvpss.b02
01-01 08:21:44.342 0 0 D cnss : DRV subsystem is connected
01-01 08:21:44.343 0 0 W subsys-pil-tz abb0000.qcom,cvpss: Falling back to syfs fallback for: cvpss.b03
01-01 08:21:44.344 0 0 W subsys-pil-tz abb0000.qcom,cvpss: Falling back to syfs fallback for: cvpss.b04
01-01 08:21:44.345 0 0 W subsys-pil-tz abb0000.qcom,cvpss: Falling back to syfs fallback for: cvpss.b05
01-01 08:21:44.346 0 0 W subsys-pil-tz abb0000.qcom,cvpss: Falling back to syfs fallback for: cvpss.b06
01-01 08:21:44.347 0 0 W subsys-pil-tz abb0000.qcom,cvpss: Falling back to syfs fallback for: cvpss.b07
01-01 08:21:44.347 0 0 W subsys-pil-tz abb0000.qcom,cvpss: Falling back to syfs fallback for: cvpss.b08
01-01 08:21:44.348 0 0 W subsys-pil-tz abb0000.qcom,cvpss: Falling back to syfs fallback for: cvpss.b09
01-01 08:21:44.350 0 0 W subsys-pil-tz abb0000.qcom,cvpss: Falling back to syfs fallback for: cvpss.b10
01-01 08:21:44.351 0 0 W subsys-pil-tz abb0000.qcom,cvpss: Falling back to syfs fallback for: cvpss.b19
01-01 08:21:44.360 0 0 E : [drm:dp_display_init_aux_switch][msm-dp-err][7 ]failed to register notifier (-22)
01-01 08:21:44.365 0 0 I : [drm] Initialized msm_drm 1.3.0 20130625 for ae00000.qcom,mdss_mdp on minor 0
01-01 08:21:44.365 0 0 I : [drm] cont_splash feature not enabled
01-01 08:21:44.379 0 0 I qcom_rpmh DRV: apps_rsc TCS Busy, retrying RPMH message send: addr=0x30000
01-01 08:21:44.410 0 0 E : [drm:dp_display_init_aux_switch][msm-dp-err][7 ]failed to register notifier (-22)
01-01 08:21:44.458 0 0 I qcom_rpmh DRV: apps_rsc TCS Busy, retrying RPMH message send: addr=0x30000
01-01 08:21:44.464 0 0 I subsys-pil-tz abb0000.qcom,cvpss: cvpss: Brought out of reset
01-01 08:21:44.575 0 0 I NPU_INFO: npu_get_fw_caps: 236 fw caps 0:2007
01-01 08:21:44.575 0 0 W NPU_WARN: host_session_msg_hdlr: 1904 handle npu session msg when FW is disabled
01-01 08:21:44.581 0 0 I NPU_INFO: npu_get_fw_caps: 236 fw caps 1:80000005
01-01 08:21:44.581 0 0 I NPU_INFO: npu_get_fw_caps: 236 fw caps 2:0
01-01 08:21:44.601 0 0 I NPU_INFO: npu_get_fw_caps: 236 fw caps 3:0
01-01 08:21:44.606 0 0 I NPU_INFO: npu_get_fw_caps: 236 fw caps 4:0
01-01 08:21:44.612 0 0 I NPU_INFO: npu_get_fw_caps: 236 fw caps 5:0
01-01 08:21:44.617 0 0 I NPU_INFO: npu_get_fw_caps: 236 fw caps 6:0
01-01 08:21:44.622 0 0 I NPU_INFO: npu_get_fw_caps: 236 fw caps 7:0
01-01 08:21:44.638 0 0 I qcom_smd_qrtr_probe: Entered
01-01 08:21:44.643 0 0 I qcom_smd_qrtr_probe: SMD QRTR driver probed
01-01 08:21:44.655 0 0 I msm_cvp : info: Closed cvp instance: ffffffce6dc1c480 session_id = 0
01-01 08:21:44.672 0 0 E : [drm:dp_display_init_aux_switch][msm-dp-err][7 ]failed to register notifier (-22)
01-01 08:21:43.836 686 686 I snet_event_log: [200284993,-1,]
01-01 08:21:43.845 685 685 I snet_event_log: [200284993,-1,]
01-01 08:21:43.897 685 685 I boot_progress_preload_start: 46292
01-01 08:21:44.892 0 0 E i2c_geni 980000.i2c: i2c error :-107
01-01 08:21:44.902 0 0 E : [MAX975X:mcu_keep_wakeup_work_func] *ERROR* Failed to write dev:0x15 addr:0x22 value:0x00
01-01 08:21:44.916 0 0 E i2c_geni 980000.i2c: i2c error :-107
01-01 08:21:44.921 0 0 E : [MAX975X:mcu_keep_wakeup_work_func] *ERROR* Failed to write dev:0x15 addr:0x20 value:0x09
01-01 08:21:43.931 686 686 D Zygote32Timing: PostZygoteInitGC took to complete: 24ms
01-01 08:21:43.931 686 686 D Zygote32Timing: ZygoteInit took to complete: 29ms
01-01 08:21:43.979 685 685 D Zygote64Timing: BeginPreload took to complete: 82ms
01-01 08:21:45.366 0 0 I subsys-restart: __subsystem_get(): Changing subsys fw_name to slpi
01-01 08:21:45.377 0 0 W subsys-pil-tz 5c00000.qcom,ssc: Falling back to syfs fallback for: slpi.mdt
01-01 08:21:45.397 0 0 I subsys-pil-tz 5c00000.qcom,ssc: slpi: loading from 0x0000000088c00000 to 0x000000008a100000
01-01 08:21:45.415 0 0 W subsys-pil-tz 5c00000.qcom,ssc: Falling back to syfs fallback for: slpi.b03
01-01 08:21:45.415 0 0 W subsys-pil-tz 5c00000.qcom,ssc: Falling back to syfs fallback for: slpi.b02
01-01 08:21:45.423 0 0 W subsys-pil-tz 5c00000.qcom,ssc: Falling back to syfs fallback for: slpi.b04
01-01 08:21:45.424 0 0 W subsys-pil-tz 5c00000.qcom,ssc: Falling back to syfs fallback for: slpi.b05
01-01 08:21:45.426 0 0 W subsys-pil-tz 5c00000.qcom,ssc: Falling back to syfs fallback for: slpi.b06
01-01 08:21:45.426 0 0 W subsys-pil-tz 5c00000.qcom,ssc: Falling back to syfs fallback for: slpi.b08
01-01 08:21:45.427 0 0 W subsys-pil-tz 5c00000.qcom,ssc: Falling back to syfs fallback for: slpi.b07
01-01 08:21:45.427 0 0 W subsys-pil-tz 5c00000.qcom,ssc: Falling back to syfs fallback for: slpi.b09
01-01 08:21:45.428 0 0 W subsys-pil-tz 5c00000.qcom,ssc: Falling back to syfs fallback for: slpi.b10
01-01 08:21:45.429 0 0 W subsys-pil-tz 5c00000.qcom,ssc: Falling back to syfs fallback for: slpi.b11
01-01 08:21:45.430 0 0 W subsys-pil-tz 5c00000.qcom,ssc: Falling back to syfs fallback for: slpi.b12
01-01 08:21:45.431 0 0 W subsys-pil-tz 5c00000.qcom,ssc: Falling back to syfs fallback for: slpi.b13
01-01 08:21:45.434 0 0 W subsys-pil-tz 5c00000.qcom,ssc: Falling back to syfs fallback for: slpi.b14
01-01 08:21:45.435 0 0 W subsys-pil-tz 5c00000.qcom,ssc: Falling back to syfs fallback for: slpi.b15
01-01 08:21:45.441 0 0 W subsys-pil-tz 5c00000.qcom,ssc: Falling back to syfs fallback for: slpi.b16
01-01 08:21:45.441 0 0 W subsys-pil-tz 5c00000.qcom,ssc: Falling back to syfs fallback for: slpi.b17
01-01 08:21:45.441 0 0 W subsys-pil-tz 5c00000.qcom,ssc: Falling back to syfs fallback for: slpi.b18
01-01 08:21:45.441 0 0 W subsys-pil-tz 5c00000.qcom,ssc: Falling back to syfs fallback for: slpi.b19
01-01 08:21:45.443 0 0 W subsys-pil-tz 5c00000.qcom,ssc: Falling back to syfs fallback for: slpi.b20
01-01 08:21:45.517 0 0 I binder : 827:827 ioctl 40046210 7ffce2b634 returned -22
01-01 08:21:45.592 0 0 I binder : 831:831 ioctl 40046210 7ff72056b4 returned -22
01-01 08:21:45.600 0 0 I binder : 831:831 ioctl 40046210 7ff7205694 returned -22
01-01 08:21:45.829 0 0 I subsys-pil-tz 5c00000.qcom,ssc: slpi: Brought out of reset
01-01 08:21:45.870 0 0 I binder : 946:946 ioctl 40046210 7fdc34bf54 returned -22
01-01 08:21:45.888 0 0 I subsys-pil-tz 5c00000.qcom,ssc: Subsystem error monitoring/handling services are up
01-01 08:21:45.897 0 0 I subsys-pil-tz 5c00000.qcom,ssc: slpi: Power/Clock ready interrupt received
01-01 08:21:45.906 0 0 I qcom_rpmh DRV: apps_rsc TCS Busy, retrying RPMH message send: addr=0x30030
01-01 08:21:45.910 0 0 I adsprpc : fastrpc_restart_notifier_cb: slpi subsystem is up
01-01 08:21:45.914 0 0 I qcom_rpmh DRV: apps_rsc TCS Busy, retrying RPMH message send: addr=0x30040
01-01 08:21:45.918 0 0 I adsprpc : fastrpc_rpmsg_probe: opened rpmsg channel for slpi
01-01 08:21:45.941 0 0 E : [drm:dp_display_init_aux_switch][msm-dp-err][352 ]failed to register notifier (-22)
01-01 08:21:46.017 0 0 I qcom_smd_qrtr_probe: Entered
01-01 08:21:46.028 0 0 I qcom_smd_qrtr_probe: SMD QRTR driver probed
01-01 08:21:46.040 0 0 I binder : 951:951 ioctl 40046210 7fcc5eac04 returned -22
01-01 08:21:46.051 0 0 E : [drm:dp_display_init_aux_switch][msm-dp-err][352 ]failed to register notifier (-22)
01-01 08:21:45.133 965 965 I android.hardware.wifi@1.0-service: Wifi Hal is booting up...
01-01 08:21:45.142 965 965 I HidlServiceManagement: Registered android.hardware.wifi@1.4::IWifi/default (start delay of 166ms)
01-01 08:21:45.205 837 837 I liblog : 2
01-01 08:21:45.205 837 837 I liblog : 1
01-01 08:21:45.205 837 837 I liblog : 2
01-01 08:21:45.205 837 837 I liblog : 2
01-01 08:21:45.205 837 837 I liblog : 3
01-01 08:21:45.205 837 837 I liblog : 5
01-01 08:21:45.205 837 837 I liblog : 2
01-01 08:21:45.205 837 837 I liblog : 6
01-01 08:21:45.205 837 837 I liblog : 5
01-01 08:21:45.205 837 837 I liblog : 3
01-01 08:21:45.206 837 837 I liblog : 6
01-01 08:21:45.206 837 837 I liblog : 5
01-01 08:21:45.206 837 837 I liblog : 4
01-01 08:21:45.206 837 837 I liblog : 5
01-01 08:21:45.206 837 837 I liblog : 3
01-01 08:21:45.206 837 837 I liblog : 2
01-01 08:21:45.206 837 837 I liblog : 3
01-01 08:21:45.206 837 837 I liblog : 12
01-01 08:21:45.206 837 837 I liblog : 3
01-01 08:21:45.206 837 837 I liblog : 3
01-01 08:21:45.206 837 837 I liblog : 3
01-01 08:21:45.207 837 837 I liblog : 23
01-01 08:21:45.207 837 837 I liblog : 2
01-01 08:21:45.207 837 837 I liblog : 6
01-01 08:21:45.207 837 837 I liblog : 6
01-01 08:21:45.207 837 837 I liblog : 4
01-01 08:21:45.207 837 837 I liblog : 4
01-01 08:21:45.207 837 837 I liblog : 5
01-01 08:21:45.207 837 837 I liblog : 2
01-01 08:21:45.207 837 837 I liblog : 1
01-01 08:21:45.207 837 837 I liblog : 5
01-01 08:21:45.207 837 837 I liblog : 2
01-01 08:21:45.207 837 837 I liblog : 2
01-01 08:21:45.207 837 837 I liblog : 4
01-01 08:21:45.207 837 837 I liblog : 3
01-01 08:21:45.207 837 837 I liblog : 2
01-01 08:21:45.207 837 837 I liblog : 3
01-01 08:21:45.208 837 837 I liblog : 8
01-01 08:21:45.208 837 837 I liblog : 9
01-01 08:21:45.208 837 837 I liblog : 2
01-01 08:21:45.208 837 837 I liblog : 3
01-01 08:21:45.208 837 837 I liblog : 2
01-01 08:21:45.208 837 837 I liblog : 3
01-01 08:21:45.208 837 837 I liblog : 4
01-01 08:21:45.208 837 837 I liblog : 6
01-01 08:21:45.208 837 837 I liblog : 3
01-01 08:21:45.208 837 837 I liblog : 3
01-01 08:21:45.208 837 837 I liblog : 3
01-01 08:21:45.208 837 837 I liblog : 3
01-01 08:21:45.208 837 837 I liblog : 3
01-01 08:21:45.208 837 837 I liblog : 3
01-01 08:21:45.208 837 837 I liblog : 3
01-01 08:21:45.209 837 837 I liblog : 5
01-01 08:21:45.209 837 837 I liblog : 3
01-01 08:21:45.209 837 837 I liblog : 3
01-01 08:21:45.209 837 837 I liblog : 6
01-01 08:21:45.209 837 837 I liblog : 3
01-01 08:21:45.209 837 837 I liblog : 4
01-01 08:21:45.209 837 837 I liblog : 3
01-01 08:21:45.210 837 837 I liblog : 81
01-01 08:21:45.210 837 837 I liblog : 4
01-01 08:21:45.210 837 837 I liblog : 3
01-01 08:21:45.210 837 837 I liblog : 6
01-01 08:21:45.210 837 837 I liblog : 3
01-01 08:21:45.210 837 837 I liblog : 4
01-01 08:21:45.210 837 837 I liblog : 2
01-01 08:21:45.210 837 837 I liblog : 2
01-01 08:21:45.210 837 837 I liblog : 4
01-01 08:21:45.210 837 837 I liblog : 4
01-01 08:21:45.210 837 837 I liblog : 2
01-01 08:21:45.210 837 837 I liblog : 5
01-01 08:21:45.210 837 837 I liblog : 12
01-01 08:21:45.210 837 837 I liblog : 3
01-01 08:21:45.211 837 837 I liblog : 6
01-01 08:21:45.211 837 837 I liblog : 2
01-01 08:21:45.211 837 837 I liblog : 2
01-01 08:21:45.211 837 837 I liblog : 4
01-01 08:21:45.211 837 837 I liblog : 3
01-01 08:21:45.211 837 837 I liblog : 3
01-01 08:21:45.211 837 837 I liblog : 2
01-01 08:21:45.211 837 837 I liblog : 3
01-01 08:21:45.211 837 837 I liblog : 3
01-01 08:21:45.211 837 837 I liblog : 6
01-01 08:21:45.263 685 685 D Zygote64Timing: PreloadClasses took to complete: 1283ms
01-01 08:21:45.294 685 685 D Zygote64Timing: CacheNonBootClasspathClassLoaders took to complete: 32ms
01-01 08:21:46.333 0 0 W cam-a5 ac00000.qcom,a5: Falling back to syfs fallback for: CAMERA_ICP.elf
01-01 08:21:45.334 685 685 D Zygote64Timing: PreloadResources took to complete: 40ms
01-01 08:21:46.451 0 0 I : ueventd (995) used greatest stack depth: 9752 bytes left
01-01 08:21:46.455 0 0 I CAM_INFO: CAM-HFI: cam_hfi_init: 883 Init IO1 : [0x10c00000 0xcf300000] IO2 [0xe0200000 0x1ed00000]
01-01 08:21:46.481 0 0 I CAM_INFO: CAM-ICP: cam_icp_mgr_hw_open: 3892 FW download done successfully
01-01 08:21:46.481 0 0 I CAM_INFO: CAM-ICP: cam_icp_mgr_process_dbg_buf: 2585 FW_DBG:CICP_FW_E : HFI :QC_IMAGE_VERSION_STRING=CICP.FW.3.0-00012,OEM_IMAGE_VERSION_STRING=CRM,BUILD_TIME: Dec 1 2020 11:05:55,CACHE_ENABLED at icphostinterface.c:636 QC_IMAGE_VERSION_STRING=CICP.FW.3.0-00012 OEM_IMAGE_VERSION_STRING=CRM
01-01 08:21:46.517 0 0 I CAM_INFO: CAM-ICP: cam_icp_mgr_process_dbg_buf: 2585 FW_DBG:CICP_FW_E : HFI :ELF variant: CACHE-ENABLED:T480:API_V2:USE_CDM_1_1: , API version: 0x2000058 at icphostinterface.c:637 QC_IMAGE_VERSION_STRING=CICP.FW.3.0-00012 OEM_IMAGE_VERSION_STRING=CRM
01-01 08:21:46.530 0 0 I binder : 998:998 ioctl 40046210 7feaa47f64 returned -22
01-01 08:21:45.543 837 837 I liblog : 3
01-01 08:21:45.564 685 685 I boot_progress_preload_end: 47959
01-01 08:21:45.564 685 685 D Zygote64Timing: ZygotePreload took to complete: 1667ms
01-01 08:21:46.576 0 0 W QSEECOM : qseecom_load_app: App (soter64) does'nt exist, loading apps for first time
01-01 08:21:46.601 0 0 W QSEECOM : qseecom_load_app: App with id 4 (soter64) now loaded
01-01 08:21:45.674 685 685 D Zygote64Timing: PostZygoteInitGC took to complete: 110ms
01-01 08:21:45.674 685 685 D Zygote64Timing: ZygoteInit took to complete: 1781ms
01-01 08:21:45.762 1025 1025 I irsc_util: Starting irsc tool
01-01 08:21:45.765 1025 1025 I irsc_util: Num of entries:298
01-01 08:21:45.765 1025 1025 I irsc_util: Ending irsc tool
01-01 08:21:46.783 0 0 I sysmon-qmi: ssctl_new_server: Connection established between QMI handle and slpi's SSCTL service
01-01 08:21:46.804 0 0 I coresight-remote-etm soc: ssc_etm0: Connection established between QMI handle and 8 service
01-01 08:21:46.828 0 0 I sysmon-qmi: ssctl_new_server: Connection established between QMI handle and adsp's SSCTL service
01-01 08:21:46.837 0 0 E diag : In diag_send_feature_mask_update, control channel is not open, p: 3, ffffffb00c18de78
01-01 08:21:46.839 0 0 I coresight-remote-etm soc: audio_etm0: Connection established between QMI handle and 5 service
01-01 08:21:46.839 0 0 I sysmon-qmi: ssctl_new_server: Connection established between QMI handle and cdsp's SSCTL service
01-01 08:21:46.839 0 0 I coresight-remote-etm soc: turing_etm0: Connection established between QMI handle and 13 service
01-01 08:21:46.860 0 0 E diag : In diag_send_peripheral_buffering_mode, buffering flag not set for 3
01-01 08:21:46.868 0 0 I sysmon-qmi: ssctl_new_server: Connection established between QMI handle and slpi's SSCTL service
01-01 08:21:46.878 0 0 I coresight-remote-etm soc: npu_etm0: Connection established between QMI handle and 14 service
01-01 08:21:46.887 0 0 E diag : In diag_send_peripheral_buffering_mode, buffering flag not set for 1
01-01 08:21:46.915 0 0 E diag : In diag_send_feature_mask_update, control channel is not open, p: 5, ffffffb00c18e318
01-01 08:21:46.922 0 0 D cnss : WLFW server arriving: node 7 port 1
01-01 08:21:46.925 0 0 D cnss : Posting event: SERVER_ARRIVE(0), state: 0x8 flags: 0x0
01-01 08:21:46.925 0 0 D cnss : PM stay awake, state: 0x8, count: 1
01-01 08:21:46.925 0 0 D cnss : PM relax, state: 0x8, count: 0
01-01 08:21:46.926 0 0 D cnss : PM stay awake, state: 0x8, count: 1
01-01 08:21:46.926 0 0 D cnss : Processing driver event: SERVER_ARRIVE(0), state: 0x8
01-01 08:21:46.927 0 0 I cnss : QMI WLFW service connected, state: 0x9
01-01 08:21:46.928 0 0 E diag : In diag_send_feature_mask_update, control channel is not open, p: 6, ffffffb00c18e568
01-01 08:21:46.929 0 0 I servloc : service_locator_new_server: Connection established with the Service locator
01-01 08:21:46.930 0 0 I servloc : init_service_locator: Service locator initialized
01-01 08:21:46.934 0 0 D cnss : Sending indication register message, state: 0x9
01-01 08:21:46.943 0 0 E i2c_geni 980000.i2c: i2c error :-107
01-01 08:21:46.945 0 0 E diag : In diag_send_feature_mask_update, control channel is not open, p: 5, ffffffb00c18e318
01-01 08:21:46.945 0 0 E diag : In diag_send_feature_mask_update, control channel is not open, p: 6, ffffffb00c18e568
01-01 08:21:46.949 0 0 E diag : In diag_send_peripheral_buffering_mode, buffering flag not set for 5
01-01 08:21:46.951 0 0 E diag : In diag_send_peripheral_buffering_mode, buffering flag not set for 6
01-01 08:21:46.963 0 0 I adsprpc : fastrpc_get_service_location_notify: PDR notifier for adsp registered for msm/adsp/audio_pd (audio_pdr_adsprpc)
01-01 08:21:46.964 0 0 I audio_notifer_reg_service: service PDR_ADSP is in use
01-01 08:21:46.975 0 0 I service-notifier: service_notifier_new_server: Connection established between QMI handle and 74 service
01-01 08:21:46.979 0 0 D cnss : Sending host capability message, state: 0x9
01-01 08:21:46.979 0 0 D cnss : Number of clients is 2
01-01 08:21:46.980 0 0 D cnss : Assign MSI to user: WAKE, num_vectors: 1, user_base_data: 813, base_vector: 13
01-01 08:21:46.980 0 0 D cnss : WAKE MSI base data is 813
01-01 08:21:46.980 0 0 D cnss : Calibration done is 0
01-01 08:21:46.980 0 0 D cnss : Sending iova starting 0xa0000000 with size 0x10010000
01-01 08:21:46.983 0 0 I adsprpc : fastrpc_get_service_location_notify: audio_pdr_adsprpc (msm/adsp/audio_pd) PDR service for adsp is uninitialized
01-01 08:21:46.990 0 0 E : [MAX975X:mcu_keep_wakeup_work_func] *ERROR* Failed to write dev:0x15 addr:0x22 value:0x00
01-01 08:21:46.990 0 0 E i2c_geni 980000.i2c: i2c error :-107
01-01 08:21:46.990 0 0 E : [MAX975X:mcu_keep_wakeup_work_func] *ERROR* Failed to write dev:0x15 addr:0x20 value:0x09
01-01 08:21:46.991 0 0 D cnss : PM relax, state: 0x9, count: 0
01-01 08:21:46.999 0 0 I adsprpc : fastrpc_pdr_notifier_cb: msm/adsp/audio_pd (audio_pdr_adsprpc) is up on adsp
01-01 08:21:47.076 0 0 I apr_adsp_up: Q6 is Up
01-01 08:21:47.088 0 0 I msm-audio-ion soc: qcom,msm-audio-apr:qcom,msm-audio-ion: Linked as a consumer to 15000000.apps-smmu
01-01 08:21:47.101 0 0 I sps : BAM 0x0000000003a84000 (va:0xffffff801c5c0000) enabled: ver:0x19, number of pipes:25
01-01 08:21:47.112 0 0 I sps : BAM 0x0000000003a84000 is registered.
01-01 08:21:47.126 0 0 I iommu : Adding device soc:qcom,msm-audio-apr:qcom,msm-audio-ion to group 59
01-01 08:21:47.129 0 0 I binder : 1059:1059 ioctl 40046210 7fe22ee3c4 returned -22
01-01 08:21:47.142 0 0 E rmt_storage: ERR:main: Mmap Failed for rmts (-1)...pausing execution!
01-01 08:21:47.162 0 0 E : [drm:dp_display_init_aux_switch][msm-dp-err][501 ]failed to register notifier (-22)
01-01 08:21:47.180 0 0 I msm_vidc: high: 00000001: ....d: Opening video instance: ffffffce481d0000, 1
01-01 08:21:47.196 0 0 I msm_vidc_v4l2 aa00000.qcom,vidc: Linked as a consumer to regulator.81
01-01 08:21:47.210 0 0 I msm_vidc_v4l2 aa00000.qcom,vidc: Linked as a consumer to regulator.80
01-01 08:21:46.231 481 481 I auditd : type=1400 audit(0.0:12): avc: denied { setattr } for comm="init" name="rawdump" dev="tmpfs" ino=3938 scontext=u:r:vendor_init:s0 tcontext=u:object_r:block_device:s0 tclass=lnk_file permissive=0
01-01 08:21:46.231 481 481 I auditd : type=1400 audit(0.0:13): avc: denied { setattr } for comm="init" name="rawdump" dev="tmpfs" ino=3938 scontext=u:r:vendor_init:s0 tcontext=u:object_r:block_device:s0 tclass=lnk_file permissive=0
01-01 08:21:47.248 0 0 I subsys-restart: __subsystem_get(): Changing subsys fw_name to venus
01-01 08:21:47.259 0 0 W subsys-pil-tz aab0000.qcom,venus: Falling back to syfs fallback for: venus.mdt
01-01 08:21:47.295 0 0 I : Mass Storage Function, version: 2009/09/11
01-01 08:21:47.295 0 0 I LUN : removable file: (no medium)
01-01 08:21:47.301 0 0 I subsys-pil-tz aab0000.qcom,venus: venus: loading from 0x0000000086e00000 to 0x0000000087300000
01-01 08:21:47.304 0 0 I binder : 1065:1065 ioctl 40046210 7ffe10ac54 returned -22
01-01 08:21:47.308 0 0 W subsys-pil-tz aab0000.qcom,venus: Falling back to syfs fallback for: venus.b03
01-01 08:21:47.308 0 0 W subsys-pil-tz aab0000.qcom,venus: Falling back to syfs fallback for: venus.b02
01-01 08:21:47.311 0 0 W subsys-pil-tz aab0000.qcom,venus: Falling back to syfs fallback for: venus.b04
01-01 08:21:47.311 0 0 W subsys-pil-tz aab0000.qcom,venus: Falling back to syfs fallback for: venus.b05
01-01 08:21:47.313 0 0 W subsys-pil-tz aab0000.qcom,venus: Falling back to syfs fallback for: venus.b07
01-01 08:21:47.313 0 0 W subsys-pil-tz aab0000.qcom,venus: Falling back to syfs fallback for: venus.b06
01-01 08:21:47.313 0 0 W subsys-pil-tz aab0000.qcom,venus: Falling back to syfs fallback for: venus.b08
01-01 08:21:47.314 0 0 W subsys-pil-tz aab0000.qcom,venus: Falling back to syfs fallback for: venus.b10
01-01 08:21:47.315 0 0 W subsys-pil-tz aab0000.qcom,venus: Falling back to syfs fallback for: venus.b09
01-01 08:21:47.316 0 0 W subsys-pil-tz aab0000.qcom,venus: Falling back to syfs fallback for: venus.b19
01-01 08:21:46.315 1 1 I auditd : type=1107 audit(0.0:14): uid=0 auid=4294967295 ses=4294967295 subj=u:r:init:s0 msg='avc: denied { set } for property=ctl.start$console pid=1089 uid=0 gid=0 scontext=u:r:vendor_qti_init_shell:s0 tcontext=u:object_r:ctl_start_prop:s0 tclass=property_service permissive=0'
01-01 08:21:47.334 0 0 E : [drm:dp_display_init_aux_switch][msm-dp-err][501 ]failed to register notifier (-22)
01-01 08:21:47.337 0 0 I binder : 1052:1052 ioctl 40046210 7fd0a300c4 returned -22
01-01 08:21:47.344 0 0 I binder : 1052:1052 ioctl 40046210 7fd0a300e4 returned -22
01-01 08:21:47.347 0 0 W : bolero-clk-rsc-mngr bolero-clk-rsc-mngr: DMA mask not set
01-01 08:21:47.351 0 0 W tx_macro tx-macro: DMA mask not set
01-01 08:21:47.351 0 0 E tx_macro tx-macro: tx_macro_probe: va-macro not registered yet, defer
01-01 08:21:47.354 0 0 I : file system registered
01-01 08:21:47.360 0 0 W kona-asoc-snd soc: qcom,msm-audio-apr:qcom,q6core-audio:sound: msm_init_aux_dev: Max WSA devices is 0 for this target?
01-01 08:21:47.362 0 0 E kona-asoc-snd soc: qcom,msm-audio-apr:qcom,q6core-audio:sound: ASoC: CODEC DAI wsa_macro_vifeedback not registered
01-01 08:21:47.372 0 0 I binder : 1044:1044 ioctl 40046210 7fc4387294 returned -22
01-01 08:21:47.377 0 0 E : [drm:dp_display_init_aux_switch][msm-dp-err][501 ]failed to register notifier (-22)
01-01 08:21:47.388 0 0 W rx_macro rx-macro: DMA mask not set
01-01 08:21:47.388 0 0 E rx_macro rx-macro: rx_macro_probe: va-macro not registered yet, defer
01-01 08:21:47.390 0 0 I f_cdev_alloc: port_name:at_usb0 (ffffffce46d04880) portno:(0)
01-01 08:21:47.402 0 0 E tx_macro tx-macro: tx_macro_probe: va-macro not registered yet, defer
01-01 08:21:47.403 0 0 I f_cdev_alloc: port_name:at_usb1 (ffffffce46d01280) portno:(1)
01-01 08:21:47.412 0 0 E qcom-lpi-pinctrl soc: qcom,msm-audio-apr:qcom,q6core-audio:lpi_pinctrl@33c0000: snd_event_notify: No snd dev entry found
01-01 08:21:46.401 1044 1044 I SystemServerTiming: InitBeforeStartServices
01-01 08:21:46.405 1044 1044 I system_server_start: [1,48793,48793]
01-01 08:21:46.405 1044 1044 I SystemServer: Entered the Android system server!
01-01 08:21:46.405 1044 1044 I boot_progress_system_run: 48800
01-01 08:21:47.413 0 0 I f_cdev_alloc: port_name:at_usb2 (ffffffce46d02480) portno:(2)
01-01 08:21:47.426 0 0 W wsa_macro wsa-macro: DMA mask not set
01-01 08:21:47.426 0 0 E wsa_macro wsa-macro: wsa_macro_probe: va-macro not registered yet, defer
01-01 08:21:47.440 0 0 W va_macro va-macro: DMA mask not set
01-01 08:21:47.440 0 0 E msm_cdc_pinctrl_get_gpiodata: device node is null
01-01 08:21:47.447 0 0 W kona-asoc-snd soc: qcom,msm-audio-apr:qcom,q6core-audio:sound: msm_init_aux_dev: Max WSA devices is 0 for this target?
01-01 08:21:47.447 0 0 I binder : 1067:1067 ioctl 40046210 7fc17433b4 returned -22
01-01 08:21:47.449 0 0 E kona-asoc-snd soc: qcom,msm-audio-apr:qcom,q6core-audio:sound: ASoC: CODEC DAI wsa_macro_vifeedback not registered
01-01 08:21:47.471 0 0 I binder : 1067:1067 ioctl 40046210 7fc1744de4 returned -22
01-01 08:21:47.472 0 0 I va_macro va-macro: Linked as a consumer to regulator.7
01-01 08:21:47.472 0 0 I va_macro va-macro: bolero_register_macro: register macro successful:3
01-01 08:21:47.478 0 0 W wcd938x_codec wcd938x-codec: DMA mask not set
01-01 08:21:47.478 0 0 I wcd938x_codec wcd938x-codec: msm_cdc_dt_parse_vreg_info: cdc-vdd-rxtx: vol=[1800000 1800000]uV, curr=[30000]uA, ond 0 lpm 0
