01-01 08:21:30.556 0 0 E : [MAX975X:mcu_keep_wakeup_work_func] *ERROR* Failed to write dev:0x15 addr:0x20 value:0x09
01-01 08:21:30.562 0 0 E OF : graph: no port node found in /soc/cti@6b03000
01-01 08:21:30.578 0 0 E OF : graph: no port node found in /soc/cti@6982000
01-01 08:21:30.584 0 0 E OF : graph: no port node found in /soc/cti@698b000
01-01 08:21:30.591 0 0 E OF : graph: no port node found in /soc/cti@6c38000
01-01 08:21:30.605 0 0 I coresight-tpdm 6900000.tpdm: Linked as a consumer to regulator.69
01-01 08:21:30.612 0 0 I coresight-tpdm 6900000.tpdm: Linked as a consumer to regulator.70
01-01 08:21:30.630 0 0 I coresight-tpdm 6c47000.tpdm: Linked as a consumer to regulator.79
01-01 08:21:30.638 0 0 I coresight-tpdm 6c47000.tpdm: Linked as a consumer to regulator.4
01-01 08:21:30.647 0 0 I coresight-tpdm 6c40000.tpdm: Linked as a consumer to regulator.79
01-01 08:21:30.654 0 0 I coresight-tpdm 6c40000.tpdm: Linked as a consumer to regulator.4
01-01 08:21:30.663 0 0 I coresight-tpdm 6c41000.tpdm: Linked as a consumer to regulator.79
01-01 08:21:30.671 0 0 I coresight-tpdm 6c41000.tpdm: Linked as a consumer to regulator.4
01-01 08:21:30.697 0 0 E OF : graph: no port node found in /soc/csr@6001000
01-01 08:21:30.703 0 0 I coresight-csr 6001000.csr: CSR initialized: coresight-csr
01-01 08:21:30.710 0 0 E OF : graph: no port node found in /soc/csr@6b0c000
01-01 08:21:30.716 0 0 I coresight-csr 6b0c000.csr: CSR initialized: coresight-swao-csr
01-01 08:21:30.724 0 0 E OF : graph: no port node found in /soc/hwevent
01-01 08:21:30.730 0 0 I coresight-hwevent soc: hwevent: Hardware Event driver initialized
01-01 08:21:30.738 0 0 I coresight-dummy soc: dummy_sink: Dummy device initialized
01-01 08:21:30.746 0 0 I coresight-dummy soc: tpdm@6b26000: Dummy device initialized
01-01 08:21:30.754 0 0 I coresight-remote-etm soc: turing_etm0: Remote ETM initialized
01-01 08:21:30.762 0 0 I coresight-remote-etm soc: audio_etm0: Remote ETM initialized
01-01 08:21:30.770 0 0 I coresight-remote-etm soc: ssc_etm0: Remote ETM initialized
01-01 08:21:30.777 0 0 I coresight-remote-etm soc: npu_etm0: Remote ETM initialized
01-01 08:21:30.784 0 0 E OF : graph: no port node found in /soc/tgu@6b0b000
01-01 08:21:30.792 0 0 W BUG : key ffffffce85b0b7c0 not in .data!
01-01 08:21:30.797 0 0 W BUG : key ffffffce85b0ab40 not in .data!
01-01 08:21:30.802 0 0 W BUG : key ffffffce85b09c40 not in .data!
01-01 08:21:30.809 0 0 D ext-mdm soc: qcom,mdm0: mdm_debug_gpio_show: MDM2AP_ERRFATAL gpio = 1101
01-01 08:21:30.809 0 0 D ext-mdm soc: qcom,mdm0: mdm_debug_gpio_show: AP2MDM_ERRFATAL gpio = 1157
01-01 08:21:30.809 0 0 D ext-mdm soc: qcom,mdm0: mdm_debug_gpio_show: MDM2AP_STATUS gpio = 1103
01-01 08:21:30.809 0 0 D ext-mdm soc: qcom,mdm0: mdm_debug_gpio_show: AP2MDM_STATUS gpio = 1156
01-01 08:21:30.809 0 0 D ext-mdm soc: qcom,mdm0: mdm_debug_gpio_show: AP2MDM_SOFT_RESET gpio = -1
01-01 08:21:30.809 0 0 D ext-mdm soc: qcom,mdm0: mdm_debug_gpio_show: MDM2AP_WAKEUP gpio = -1
01-01 08:21:30.809 0 0 D ext-mdm soc: qcom,mdm0: mdm_debug_gpio_show: AP2MDM_WAKEUP gpio = -1
01-01 08:21:30.809 0 0 D ext-mdm soc: qcom,mdm0: mdm_debug_gpio_show: AP2MDM_PMIC_PWR_EN gpio = -1
01-01 08:21:30.809 0 0 D ext-mdm soc: qcom,mdm0: mdm_debug_gpio_show: MDM2AP_PBLRDY gpio = -1
01-01 08:21:30.809 0 0 D ext-mdm soc: qcom,mdm0: mdm_debug_gpio_show: AP2MDM_VDDMIN gpio = -1
01-01 08:21:30.809 0 0 D ext-mdm soc: qcom,mdm0: mdm_debug_gpio_show: MDM2AP_VDDMIN gpio = -1
01-01 08:21:30.810 0 0 E ext-mdm soc: qcom,mdm0: mdm_configure_ipc Failed to configure AP2MDM_ERRFATAL gpio
01-01 08:21:30.818 0 0 E ext-mdm soc: qcom,mdm0: mdm_configure_ipc Failed to configure MDM2AP_STATUS gpio
01-01 08:21:30.828 0 0 D ext-mdm soc: qcom,mdm0: esoc registration done
01-01 08:21:30.829 0 0 D mdm-4x esoc0: dbg engine initialized
01-01 08:21:30.831 0 0 I usbcore : registered new interface driver snd-usb-audio
01-01 08:21:30.838 0 0 I uaudio-qmi soc: usb_audio_qmi_dev: Linked as a consumer to 15000000.apps-smmu
01-01 08:21:30.846 0 0 I iommu : Adding device soc:usb_audio_qmi_dev to group 27
01-01 08:21:30.857 0 0 I : enter addr=0x68
01-01 08:21:30.857 0 0 I a2b24xx_i2c_probe: AD2428 enable gpio value = 0
01-01 08:21:30.866 0 0 I a2b24xx_i2c_probe: AD2428 enable gpio succuss, enable value = 1
01-01 08:21:30.873 0 0 W a2b24xx 1-0068: No cache used with register defaults set!
01-01 08:21:30.882 0 0 E register_client_adhoc: find path.src 1 dest 590
01-01 08:21:30.883 0 0 E register_client_adhoc: Client handle 57 disp_rsc_reg
01-01 08:21:30.889 0 0 E register_client_adhoc: find path.src 20003 dest 20513
01-01 08:21:30.896 0 0 E register_client_adhoc: find path.src 20004 dest 20513
01-01 08:21:30.903 0 0 E register_client_adhoc: Client handle 58 disp_rsc_mnoc_llcc
01-01 08:21:30.910 0 0 E register_client_adhoc: find path.src 20000 dest 20512
01-01 08:21:30.917 0 0 E register_client_adhoc: Client handle 59 disp_rsc_ebi
01-01 08:21:30.923 0 0 I sde_rsc af20000.qcom,sde_rscc: Linked as a consumer to regulator.78
01-01 08:21:30.937 0 0 I [sde_rsc_hw:rsc_hw_init_v3:537]: sde rsc init successfully done
01-01 08:21:30.944 0 0 I [sde_rsc:sde_rsc_probe:1594]: sde rsc index:0 probed successfully
01-01 08:21:30.953 0 0 W dsi_phy ae94400.qcom,mdss_dsi_phy0: ae94400.qcom,mdss_dsi_phy0 supply gdsc not found, using dummy regulator
01-01 08:21:30.964 0 0 I dsi_phy ae94400.qcom,mdss_dsi_phy0: Linked as a consumer to regulator.0
01-01 08:21:30.972 0 0 I dsi_phy ae94400.qcom,mdss_dsi_phy0: Linked as a consumer to regulator.13
01-01 08:21:30.980 0 0 I [drm:dsi_phy_driver_probe] [msm-dsi-info]: DSI_0: Probe successful
01-01 08:21:30.988 0 0 W dsi_phy ae96400.qcom,mdss_dsi_phy1: ae96400.qcom,mdss_dsi_phy1 supply gdsc not found, using dummy regulator
01-01 08:21:30.999 0 0 I dsi_phy ae96400.qcom,mdss_dsi_phy1: Linked as a consumer to regulator.0
01-01 08:21:31.007 0 0 I dsi_phy ae96400.qcom,mdss_dsi_phy1: Linked as a consumer to regulator.13
01-01 08:21:31.015 0 0 I [drm:dsi_phy_driver_probe] [msm-dsi-info]: DSI_1: Probe successful
01-01 08:21:31.024 0 0 I drm_dsi_ctrl ae94000.qcom,mdss_dsi_ctrl0: Linked as a consumer to regulator.58
01-01 08:21:31.033 0 0 I drm_dsi_ctrl ae94000.qcom,mdss_dsi_ctrl0: Linked as a consumer to regulator.18
01-01 08:21:31.041 0 0 E AXI : get_pdata(): Error: Client name not found
01-01 08:21:31.047 0 0 E AXI : msm_bus_cl_get_pdata(): client has to provide missing entry for successful registration
01-01 08:21:31.057 0 0 I [drm:dsi_ctrl_dev_probe] [msm-dsi-info]: dsi-ctrl-0: Probe successful
01-01 08:21:31.065 0 0 I drm_dsi_ctrl ae96000.qcom,mdss_dsi_ctrl1: Linked as a consumer to regulator.58
01-01 08:21:31.074 0 0 I drm_dsi_ctrl ae96000.qcom,mdss_dsi_ctrl1: Linked as a consumer to regulator.18
01-01 08:21:31.082 0 0 E AXI : get_pdata(): Error: Client name not found
01-01 08:21:31.088 0 0 E AXI : msm_bus_cl_get_pdata(): client has to provide missing entry for successful registration
01-01 08:21:31.098 0 0 I [drm:dsi_ctrl_dev_probe] [msm-dsi-info]: dsi-ctrl-1: Probe successful
01-01 08:21:31.109 0 0 W msm-dsi-display soc: qcom,dsi-display-primary: Falling back to syfs fallback for: dsi_prop
01-01 08:21:31.123 0 0 W [drm] [msm-dsi-warn]: default panel not found
01-01 08:21:31.133 0 0 I msm_vidc: err : ffffffff: .....: no device Registered
01-01 08:21:31.144 0 0 I msm_vidc_v4l2 aa00000.qcom,vidc: non_secure_cb: Linked as a consumer to 15000000.apps-smmu
01-01 08:21:31.154 0 0 I iommu : Adding device aa00000.qcom,vidc:non_secure_cb to group 28
01-01 08:21:31.162 0 0 I msm_vidc_v4l2 aa00000.qcom,vidc: secure_non_pixel_cb: Linked as a consumer to 15000000.apps-smmu
01-01 08:21:31.174 0 0 I iommu : Adding device aa00000.qcom,vidc:secure_non_pixel_cb to group 29
01-01 08:21:31.183 0 0 I msm_vidc_v4l2 aa00000.qcom,vidc: secure_bitstream_cb: Linked as a consumer to 15000000.apps-smmu
01-01 08:21:31.194 0 0 I iommu : Adding device aa00000.qcom,vidc:secure_bitstream_cb to group 30
01-01 08:21:31.203 0 0 I msm_vidc_v4l2 aa00000.qcom,vidc: secure_pixel_cb: Linked as a consumer to 15000000.apps-smmu
01-01 08:21:31.213 0 0 I iommu : Adding device aa00000.qcom,vidc:secure_pixel_cb to group 31
01-01 08:21:31.225 0 0 I synx : registered bind ops for cam_sync
01-01 08:21:31.231 0 0 I msm_cam_smmu soc: qcom,cam_smmu:msm_cam_smmu_ife: Linked as a consumer to 15000000.apps-smmu
01-01 08:21:31.242 0 0 I iommu : Adding device soc:qcom,cam_smmu:msm_cam_smmu_ife to group 32
01-01 08:21:31.250 0 0 I msm_cam_smmu soc: qcom,cam_smmu:msm_cam_smmu_jpeg: Linked as a consumer to 15000000.apps-smmu
01-01 08:21:31.261 0 0 I iommu : Adding device soc:qcom,cam_smmu:msm_cam_smmu_jpeg to group 33
01-01 08:21:31.270 0 0 I platform soc: qcom,cam_smmu:msm_cam_icp_fw: assigned reserved memory node pil_camera_region@86200000
01-01 08:21:31.281 0 0 I msm_cam_smmu soc: qcom,cam_smmu:msm_cam_smmu_icp: Linked as a consumer to 15000000.apps-smmu
01-01 08:21:31.292 0 0 I iommu : Adding device soc:qcom,cam_smmu:msm_cam_smmu_icp to group 34
01-01 08:21:31.300 0 0 I CAM_INFO: CAM-SMMU: cam_smmu_get_memory_regions_info: 3730 [icp] : Discard region specified [0xdff00000 0xe0200000] in [0x10c00000 0xfef00000]
01-01 08:21:31.315 0 0 I msm_cam_smmu soc: qcom,cam_smmu:msm_cam_smmu_cpas_cdm: Linked as a consumer to 15000000.apps-smmu
01-01 08:21:31.326 0 0 I iommu : Adding device soc:qcom,cam_smmu:msm_cam_smmu_cpas_cdm to group 35
01-01 08:21:31.335 0 0 I msm_cam_smmu soc: qcom,cam_smmu:msm_cam_smmu_fd: Linked as a consumer to 15000000.apps-smmu
01-01 08:21:31.346 0 0 I iommu : Adding device soc:qcom,cam_smmu:msm_cam_smmu_fd to group 36
01-01 08:21:31.356 0 0 I cam-cpas ac40000.qcom,cam-cpas: Linked as a consumer to regulator.77
01-01 08:21:31.366 0 0 E register_client_adhoc: find path.src 1 dest 589
01-01 08:21:31.367 0 0 E register_client_adhoc: Client handle 60 cam_ahb
01-01 08:21:31.373 0 0 E register_client_adhoc: find path.src 170 dest 512
01-01 08:21:31.380 0 0 E register_client_adhoc: Client handle 61 cam_hf_0_mnoc
01-01 08:21:31.386 0 0 E register_client_adhoc: find path.src 137 dest 512
01-01 08:21:31.393 0 0 E register_client_adhoc: Client handle 62 cam_sf_0_mnoc
01-01 08:21:31.399 0 0 E register_client_adhoc: find path.src 171 dest 512
01-01 08:21:31.407 0 0 E register_client_adhoc: Client handle 63 cam_sf_icp_mnoc
01-01 08:21:31.420 0 0 I msm_cam_cdm ac4d000.qcom,cpas-cdm0: Linked as a consumer to regulator.77
01-01 08:21:31.439 0 0 I csid_17x acb5200.qcom,csid0: Linked as a consumer to regulator.77
01-01 08:21:31.446 0 0 I csid_17x acb5200.qcom,csid0: Linked as a consumer to regulator.73
01-01 08:21:31.454 0 0 I csid_17x acc4200.qcom,csid1: Linked as a consumer to regulator.77
01-01 08:21:31.462 0 0 I csid_17x acc4200.qcom,csid1: Linked as a consumer to regulator.74
01-01 08:21:31.471 0 0 I csid_lite acd9200.qcom,csid-lite0: Linked as a consumer to regulator.77
01-01 08:21:31.480 0 0 I csid_lite acdb400.qcom,csid-lite1: Linked as a consumer to regulator.77
01-01 08:21:31.489 0 0 I cam_vfe acb4000.qcom,ife0: Linked as a consumer to regulator.77
01-01 08:21:31.497 0 0 I cam_vfe acb4000.qcom,ife0: Linked as a consumer to regulator.73
01-01 08:21:31.507 0 0 I CAM_INFO: CAM-ISP: cam_vfe_bus_ver3_init_hw: 3649 Overriding clock gating at bus input
01-01 08:21:31.516 0 0 I CAM_INFO: CAM-ISP: cam_vfe_top_ver3_init_hw: 249 Disable clock gating at IFE top
01-01 08:21:31.527 0 0 I cam_vfe acc3000.qcom,ife1: Linked as a consumer to regulator.77
01-01 08:21:31.534 0 0 I cam_vfe acc3000.qcom,ife1: Linked as a consumer to regulator.74
01-01 08:21:31.544 0 0 I CAM_INFO: CAM-ISP: cam_vfe_bus_ver3_init_hw: 3649 Overriding clock gating at bus input
01-01 08:21:31.553 0 0 I CAM_INFO: CAM-ISP: cam_vfe_top_ver3_init_hw: 249 Disable clock gating at IFE top
01-01 08:21:31.563 0 0 I CAM_INFO: CAM-UTIL: cam_soc_util_get_option_clk_by_name: 559 No clk data for ife_dsp_clk
01-01 08:21:31.573 0 0 I CAM_WARN: CAM-ISP: cam_vfe_init_soc_resources: 154 Option clk get failed with rc -22
01-01 08:21:31.582 0 0 I cam_vfe acd9000.qcom,ife-lite0: Linked as a consumer to regulator.77
01-01 08:21:31.591 0 0 I CAM_INFO: CAM-ISP: cam_vfe_bus_ver3_init_hw: 3649 Overriding clock gating at bus input
01-01 08:21:31.601 0 0 I CAM_INFO: CAM-ISP: cam_vfe_top_ver3_init_hw: 249 Disable clock gating at IFE top
01-01 08:21:31.611 0 0 I CAM_INFO: CAM-UTIL: cam_soc_util_get_option_clk_by_name: 559 No clk data for ife_dsp_clk
01-01 08:21:31.620 0 0 I CAM_WARN: CAM-ISP: cam_vfe_init_soc_resources: 154 Option clk get failed with rc -22
01-01 08:21:31.629 0 0 I cam_vfe acdb200.qcom,ife-lite1: Linked as a consumer to regulator.77
01-01 08:21:31.639 0 0 I CAM_INFO: CAM-ISP: cam_vfe_bus_ver3_init_hw: 3649 Overriding clock gating at bus input
01-01 08:21:31.648 0 0 I CAM_INFO: CAM-ISP: cam_vfe_top_ver3_init_hw: 249 Disable clock gating at IFE top
01-01 08:21:31.659 0 0 I CAM_ERR : CAM-ISP: cam_isp_context_debug_register: 5353 failed to create dentry
01-01 08:21:31.668 0 0 I CAM_ERR : CAM-ISP: cam_isp_context_debug_register: 5353 failed to create dentry
01-01 08:21:31.676 0 0 I CAM_ERR : CAM-ISP: cam_isp_context_debug_register: 5353 failed to create dentry
01-01 08:21:31.685 0 0 I CAM_ERR : CAM-ISP: cam_isp_context_debug_register: 5353 failed to create dentry
01-01 08:21:31.693 0 0 I CAM_ERR : CAM-ISP: cam_isp_context_debug_register: 5353 failed to create dentry
01-01 08:21:31.702 0 0 I CAM_ERR : CAM-ISP: cam_isp_context_debug_register: 5353 failed to create dentry
01-01 08:21:31.710 0 0 I CAM_ERR : CAM-ISP: cam_isp_context_debug_register: 5353 failed to create dentry
01-01 08:21:31.719 0 0 I CAM_INFO: CAM-ISP: cam_isp_dev_probe: 167 Camera ISP probe complete
01-01 08:21:31.727 0 0 I CAM_INFO: CAM: cam_res_mgr_probe: 682 Disable shared gpio support.
01-01 08:21:31.737 0 0 I cam-cci-driver ac4f000.qcom,cci: Linked as a consumer to regulator.77
01-01 08:21:31.753 0 0 I CAM_INFO: CAM-CCI: cam_cci_platform_probe: 454 Device Type :0
01-01 08:21:31.761 0 0 I cam-cci-driver ac50000.qcom,cci: Linked as a consumer to regulator.77
01-01 08:21:31.774 0 0 I CAM_INFO: CAM-CCI: cam_cci_platform_probe: 454 Device Type :1
01-01 08:21:31.782 0 0 I cam-csiphy-driver ac6a000.qcom,csiphy: Linked as a consumer to regulator.77
01-01 08:21:31.791 0 0 I cam-csiphy-driver ac6a000.qcom,csiphy: Linked as a consumer to regulator.58
01-01 08:21:31.800 0 0 I cam-csiphy-driver ac6c000.qcom,csiphy: Linked as a consumer to regulator.77
01-01 08:21:31.808 0 0 I cam-csiphy-driver ac6c000.qcom,csiphy: Linked as a consumer to regulator.58
01-01 08:21:31.817 0 0 I cam-csiphy-driver ac6e000.qcom,csiphy: Linked as a consumer to regulator.77
01-01 08:21:31.825 0 0 I cam-csiphy-driver ac6e000.qcom,csiphy: Linked as a consumer to regulator.58
01-01 08:21:31.834 0 0 I cam-csiphy-driver ac70000.qcom,csiphy: Linked as a consumer to regulator.77
01-01 08:21:31.842 0 0 I cam-csiphy-driver ac70000.qcom,csiphy: Linked as a consumer to regulator.58
01-01 08:21:31.851 0 0 I cam-csiphy-driver ac72000.qcom,csiphy: Linked as a consumer to regulator.77
01-01 08:21:31.860 0 0 I cam-csiphy-driver ac72000.qcom,csiphy: Linked as a consumer to regulator.58
01-01 08:21:31.868 0 0 I cam-csiphy-driver ac74000.qcom,csiphy: Linked as a consumer to regulator.77
01-01 08:21:31.877 0 0 I cam-csiphy-driver ac74000.qcom,csiphy: Linked as a consumer to regulator.58
01-01 08:21:31.887 0 0 I CAM_INFO: CAM-ACTUATOR: cam_actuator_parse_dt: 60 No GPIO found
01-01 08:21:31.894 0 0 I CAM_INFO: CAM-ACTUATOR: cam_actuator_parse_dt: 60 No GPIO found
01-01 08:21:31.901 0 0 I CAM_INFO: CAM-ACTUATOR: cam_actuator_parse_dt: 60 No GPIO found
01-01 08:21:31.909 0 0 I CAM_INFO: CAM-ACTUATOR: cam_actuator_parse_dt: 60 No GPIO found
01-01 08:21:31.916 0 0 I CAM_INFO: CAM-ACTUATOR: cam_actuator_parse_dt: 60 No GPIO found
01-01 08:21:31.925 0 0 I qcom,camera ac4f000.qcom,cci: qcom,cam-sensor0: Linked as a consumer to regulator.48
01-01 08:21:31.935 0 0 I qcom,camera ac4f000.qcom,cci: qcom,cam-sensor1: Linked as a consumer to regulator.48
01-01 08:21:31.945 0 0 I qcom,camera ac4f000.qcom,cci: qcom,cam-sensor4: Linked as a consumer to regulator.48
01-01 08:21:31.955 0 0 I qcom,camera ac4f000.qcom,cci: qcom,cam-sensor5: Linked as a consumer to regulator.48
01-01 08:21:31.965 0 0 I qcom,camera ac50000.qcom,cci: qcom,cam-sensor2: Linked as a consumer to regulator.48
01-01 08:21:31.975 0 0 I qcom,camera ac50000.qcom,cci: qcom,cam-sensor6: Linked as a consumer to regulator.48
01-01 08:21:31.993 0 0 I CAM_WARN: CAM-ICP: cam_a5_get_dt_properties: 46 QoS need not be set
01-01 08:21:32.001 0 0 I cam-a5 ac00000.qcom,a5: Linked as a consumer to regulator.77
01-01 08:21:32.009 0 0 I cam-ipe ac9a000.qcom,ipe0: Linked as a consumer to regulator.75
01-01 08:21:32.018 0 0 I cam-bps ac7a000.qcom,bps: Linked as a consumer to regulator.72
01-01 08:21:32.029 0 0 I cam-jpeg-enc ac53000.qcom,jpegenc: Linked as a consumer to regulator.77
01-01 08:21:32.038 0 0 I cam-jpeg-dma ac57000.qcom,jpegdma: Linked as a consumer to regulator.77
01-01 08:21:32.048 0 0 I CAM_INFO: CAM-JPEG: cam_jpeg_dev_probe: 164 Camera JPEG probe complete
01-01 08:21:32.057 0 0 I cam_fd_hw ac5f000.qcom,fd: Linked as a consumer to regulator.77
01-01 08:21:32.074 0 0 I : GACT probability NOT on
01-01 08:21:32.077 0 0 I : Mirror/redirect action on
01-01 08:21:32.081 0 0 I netem : version 1.3
01-01 08:21:32.085 0 0 I : u32 classifier
01-01 08:21:32.087 0 0 I : Actions configured
01-01 08:21:32.094 0 0 I xt_time : kernel timezone is -0000
01-01 08:21:32.098 0 0 I gre : GRE over IPv4 demultiplexor driver
01-01 08:21:32.103 0 0 I : IPv4 over IPsec tunneling driver
01-01 08:21:32.110 0 0 I : Initializing XFRM netlink socket
01-01 08:21:32.114 0 0 I : IPsec XFRM device driver
01-01 08:21:32.119 0 0 I NET : Registered protocol family 10
01-01 08:21:32.127 0 0 I : Segment Routing with IPv6
01-01 08:21:32.132 0 0 I mip6 : Mobile IPv6
01-01 08:21:32.136 0 0 I sit : IPv6, IPv4 and MPLS over IPv4 tunneling driver
01-01 08:21:32.144 0 0 I NET : Registered protocol family 17
01-01 08:21:32.149 0 0 I NET : Registered protocol family 15
01-01 08:21:32.154 0 0 I can : controller area network core (rev 20170425 abi 9)
01-01 08:21:32.161 0 0 I NET : Registered protocol family 29
01-01 08:21:32.165 0 0 I can : raw protocol (rev 20170425)
01-01 08:21:32.170 0 0 I can : broadcast manager protocol (rev 20170425 t)
01-01 08:21:32.175 0 0 I can : netlink gateway (rev 20170425) max_hops=1
01-01 08:21:32.182 0 0 I l2tp_core: L2TP core driver, V2.0
01-01 08:21:32.186 0 0 I l2tp_ppp: PPPoL2TP kernel driver, V2.0
01-01 08:21:32.191 0 0 I l2tp_ip : L2TP IP encapsulation support (L2TPv3)
01-01 08:21:32.197 0 0 I l2tp_netlink: L2TP netlink interface
01-01 08:21:32.202 0 0 I l2tp_eth: L2TP ethernet pseudowire support (L2TPv3)
01-01 08:21:32.208 0 0 I l2tp_debugfs: L2TP debugfs support
01-01 08:21:32.213 0 0 I l2tp_ip6: L2TP IP encapsulation support for IPv6 (L2TPv3)
01-01 08:21:32.220 0 0 I 8021q : 802.1Q VLAN Support v1.8
01-01 08:21:32.224 0 0 I sctp : Hash tables configured (bind 32/46)
01-01 08:21:32.230 0 0 I : Key type dns_resolver registered
01-01 08:21:32.238 0 0 E : minidump-id not found for npu
01-01 08:21:32.243 0 0 I subsys-pil-tz 9800000.qcom,npu: for npu segments only will be dumped.
01-01 08:21:32.251 0 0 I subsys-pil-tz 9800000.qcom,npu: for md_npu segments only will be dumped.
01-01 08:21:32.263 0 0 I platform 3d6a000.qcom,gmu: Linked as a consumer to regulator.69
01-01 08:21:32.270 0 0 I platform 3d6a000.qcom,gmu: Linked as a consumer to regulator.70
01-01 08:21:32.279 0 0 I platform 3d6a000.qcom,gmu: gmu_user: Linked as a consumer to 3da0000.kgsl-smmu
01-01 08:21:32.288 0 0 I iommu : Adding device 3d6a000.qcom,gmu:gmu_user to group 37
01-01 08:21:32.295 0 0 W NPU_WARN: npu_bridge_mbox_work: 1216 NPU fw is not loaded
01-01 08:21:32.303 0 0 I platform 3d6a000.qcom,gmu: gmu_kernel: Linked as a consumer to 3da0000.kgsl-smmu
01-01 08:21:32.312 0 0 I iommu : Adding device 3d6a000.qcom,gmu:gmu_kernel to group 38
01-01 08:21:32.321 0 0 E register_client_adhoc: find path.src 26 dest 512
01-01 08:21:32.321 0 0 E register_client_adhoc: Client handle 64 grp3d
01-01 08:21:32.327 0 0 E register_client_adhoc: find path.src 26 dest 10036
01-01 08:21:32.334 0 0 E register_client_adhoc: Client handle 65 cnoc
01-01 08:21:32.340 0 0 E query_client_usecase_all: query_start
01-01 08:21:32.345 0 0 E query_client_usecase_all: query_start
01-01 08:21:32.351 0 0 I kgsl-3d 3d00000.qcom,kgsl-3d0: Linked as a consumer to regulator.69
01-01 08:21:32.363 0 0 I kgsl-3d 3d00000.qcom,kgsl-3d0: Linked as a consumer to regulator.70
01-01 08:21:32.373 0 0 I platform 3da0000.qcom,kgsl-iommu: gfx3d_user: Linked as a consumer to 3da0000.kgsl-smmu
01-01 08:21:32.382 0 0 I iommu : Adding device 3da0000.qcom,kgsl-iommu:gfx3d_user to group 39
01-01 08:21:32.391 0 0 I platform 3da0000.qcom,kgsl-iommu: gfx3d_secure: Linked as a consumer to 3da0000.kgsl-smmu
01-01 08:21:32.400 0 0 I iommu : Adding device 3da0000.qcom,kgsl-iommu:gfx3d_secure to group 40
01-01 08:21:32.472 0 0 I tmc_etr_bam_init: setting SPS_BAM_SMMU_EN flag with (6048000.tmc)
01-01 08:21:32.480 0 0 I sps : BAM 0x0000000006064000 is registered.
01-01 08:21:32.482 0 0 I coresight-stm 6002000.stm: STM32 initialized
01-01 08:21:32.493 0 0 I core_ctl: Creating CPU group 0
01-01 08:21:32.498 0 0 I core_ctl: Init CPU0 state
01-01 08:21:32.501 0 0 I core_ctl: Init CPU1 state
01-01 08:21:32.505 0 0 I core_ctl: Init CPU2 state
01-01 08:21:32.509 0 0 I core_ctl: Init CPU3 state
01-01 08:21:32.514 0 0 I core_ctl: Creating CPU group 4
01-01 08:21:32.518 0 0 I core_ctl: Init CPU4 state
01-01 08:21:32.522 0 0 I core_ctl: Init CPU5 state
01-01 08:21:32.525 0 0 I core_ctl: Init CPU6 state
01-01 08:21:32.530 0 0 I core_ctl: Creating CPU group 7
01-01 08:21:32.534 0 0 I core_ctl: Init CPU7 state
01-01 08:21:32.540 0 0 I : registered taskstats version 1
01-01 08:21:32.544 0 0 I : Loading compiled-in X.509 certificates
01-01 08:21:32.551 0 0 I : cryptomgr_probe (426) used greatest stack depth: 13400 bytes left
01-01 08:21:32.552 0 0 I : Loaded X.509 cert 'Build time autogenerated kernel key: 9f19fb18daa3c0ae0ee286047c93461e59901a63'
01-01 08:21:32.571 0 0 E i2c_geni 980000.i2c: i2c error :-107
01-01 08:21:32.572 0 0 I : Key type ._fscrypt registered
01-01 08:21:32.576 0 0 E : [MAX975X:mcu_keep_wakeup_work_func] *ERROR* Failed to write dev:0x15 addr:0x22 value:0x00
01-01 08:21:32.580 0 0 I : Key type .fscrypt registered
01-01 08:21:32.580 0 0 I : Key type fscrypt-provisioning registered
01-01 08:21:32.600 0 0 E i2c_geni 980000.i2c: i2c error :-107
01-01 08:21:32.605 0 0 E : [MAX975X:mcu_keep_wakeup_work_func] *ERROR* Failed to write dev:0x15 addr:0x20 value:0x09
01-01 08:21:32.807 0 0 I spss_utils [spss_parse_dt]: iar_buf_addr [0x8bef0000].
01-01 08:21:32.813 0 0 I spss_utils [spss_probe]: Initialization completed ok, firmware_name [spss2p].
01-01 08:21:32.831 0 0 I fastrpc soc: qcom,msm-adsprpc-mem: for adsp_rh segments only will be dumped.
01-01 08:21:32.840 0 0 I adsprpc : init_secure_vmid_list: secure VMID = 22
01-01 08:21:32.846 0 0 I adsprpc : init_secure_vmid_list: secure VMID = 37
01-01 08:21:32.852 0 0 I adsprpc : fastrpc_probe: service location enabled for avs/audio (audio_pdr_adsprpc)
01-01 08:21:32.861 0 0 I adsprpc : fastrpc_probe: service location enabled for tms/servreg (sensors_pdr_adsprpc)
01-01 08:21:32.871 0 0 I fastrpc soc: qcom,msm_fastrpc:qcom,msm_fastrpc_compute_cb1: Linked as a consumer to 15000000.apps-smmu
01-01 08:21:32.883 0 0 I iommu : Adding device soc:qcom,msm_fastrpc:qcom,msm_fastrpc_compute_cb1 to group 41
01-01 08:21:32.893 0 0 I fastrpc soc: qcom,msm_fastrpc:qcom,msm_fastrpc_compute_cb2: Linked as a consumer to 15000000.apps-smmu
01-01 08:21:32.904 0 0 I iommu : Adding device soc:qcom,msm_fastrpc:qcom,msm_fastrpc_compute_cb2 to group 42
01-01 08:21:32.914 0 0 W : Error: swapper/0: fastrpc_cb_probe: failed to create debugfs global file
01-01 08:21:32.922 0 0 I fastrpc soc: qcom,msm_fastrpc:qcom,msm_fastrpc_compute_cb3: Linked as a consumer to 15000000.apps-smmu
01-01 08:21:32.934 0 0 I iommu : Adding device soc:qcom,msm_fastrpc:qcom,msm_fastrpc_compute_cb3 to group 43
01-01 08:21:32.943 0 0 W : Error: swapper/0: fastrpc_cb_probe: failed to create debugfs global file
01-01 08:21:32.952 0 0 I fastrpc soc: qcom,msm_fastrpc:qcom,msm_fastrpc_compute_cb4: Linked as a consumer to 15000000.apps-smmu
01-01 08:21:32.963 0 0 I iommu : Adding device soc:qcom,msm_fastrpc:qcom,msm_fastrpc_compute_cb4 to group 44
01-01 08:21:32.973 0 0 W : Error: swapper/0: fastrpc_cb_probe: failed to create debugfs global file
01-01 08:21:32.981 0 0 I fastrpc soc: qcom,msm_fastrpc:qcom,msm_fastrpc_compute_cb5: Linked as a consumer to 15000000.apps-smmu
01-01 08:21:32.993 0 0 I iommu : Adding device soc:qcom,msm_fastrpc:qcom,msm_fastrpc_compute_cb5 to group 45
01-01 08:21:33.002 0 0 W : Error: swapper/0: fastrpc_cb_probe: failed to create debugfs global file
01-01 08:21:33.011 0 0 I fastrpc soc: qcom,msm_fastrpc:qcom,msm_fastrpc_compute_cb6: Linked as a consumer to 15000000.apps-smmu
01-01 08:21:33.022 0 0 I iommu : Adding device soc:qcom,msm_fastrpc:qcom,msm_fastrpc_compute_cb6 to group 46
01-01 08:21:33.031 0 0 W : Error: swapper/0: fastrpc_cb_probe: failed to create debugfs global file
01-01 08:21:33.040 0 0 I fastrpc soc: qcom,msm_fastrpc:qcom,msm_fastrpc_compute_cb7: Linked as a consumer to 15000000.apps-smmu
01-01 08:21:33.051 0 0 I iommu : Adding device soc:qcom,msm_fastrpc:qcom,msm_fastrpc_compute_cb7 to group 47
01-01 08:21:33.061 0 0 W : Error: swapper/0: fastrpc_cb_probe: failed to create debugfs global file
01-01 08:21:33.069 0 0 I fastrpc soc: qcom,msm_fastrpc:qcom,msm_fastrpc_compute_cb8: Linked as a consumer to 15000000.apps-smmu
01-01 08:21:33.081 0 0 I iommu : Adding device soc:qcom,msm_fastrpc:qcom,msm_fastrpc_compute_cb8 to group 48
01-01 08:21:33.090 0 0 W : Error: swapper/0: fastrpc_cb_probe: failed to create debugfs global file
01-01 08:21:33.099 0 0 I fastrpc soc: qcom,msm_fastrpc:qcom,msm_fastrpc_compute_cb9: Linked as a consumer to 15000000.apps-smmu
01-01 08:21:33.111 0 0 I iommu : Adding device soc:qcom,msm_fastrpc:qcom,msm_fastrpc_compute_cb9 to group 49
01-01 08:21:33.120 0 0 W : Error: swapper/0: fastrpc_cb_probe: failed to create debugfs global file
01-01 08:21:33.129 0 0 I fastrpc soc: qcom,msm_fastrpc:qcom,msm_fastrpc_compute_cb10: Linked as a consumer to 15000000.apps-smmu
01-01 08:21:33.141 0 0 I iommu : Adding device soc:qcom,msm_fastrpc:qcom,msm_fastrpc_compute_cb10 to group 50
01-01 08:21:33.150 0 0 W : Error: swapper/0: fastrpc_cb_probe: failed to create debugfs global file
01-01 08:21:33.159 0 0 I fastrpc soc: qcom,msm_fastrpc:qcom,msm_fastrpc_compute_cb11: Linked as a consumer to 15000000.apps-smmu
01-01 08:21:33.170 0 0 I iommu : Adding device soc:qcom,msm_fastrpc:qcom,msm_fastrpc_compute_cb11 to group 51
01-01 08:21:33.180 0 0 W : Error: swapper/0: fastrpc_cb_probe: failed to create debugfs global file
01-01 08:21:33.188 0 0 I fastrpc soc: qcom,msm_fastrpc:qcom,msm_fastrpc_compute_cb12: Linked as a consumer to 15000000.apps-smmu
01-01 08:21:33.200 0 0 I iommu : Adding device soc:qcom,msm_fastrpc:qcom,msm_fastrpc_compute_cb12 to group 52
01-01 08:21:33.209 0 0 W : Error: swapper/0: fastrpc_cb_probe: failed to create debugfs global file
01-01 08:21:33.218 0 0 I fastrpc soc: qcom,msm_fastrpc:qcom,msm_fastrpc_compute_cb13: Linked as a consumer to 15000000.apps-smmu
01-01 08:21:33.229 0 0 I iommu : Adding device soc:qcom,msm_fastrpc:qcom,msm_fastrpc_compute_cb13 to group 53
01-01 08:21:33.239 0 0 W : Error: swapper/0: fastrpc_cb_probe: failed to create debugfs global file
01-01 08:21:33.248 0 0 I fastrpc soc: qcom,msm_fastrpc:qcom,msm_fastrpc_compute_cb14: Linked as a consumer to 15000000.apps-smmu
01-01 08:21:33.259 0 0 I iommu : Adding device soc:qcom,msm_fastrpc:qcom,msm_fastrpc_compute_cb14 to group 54
01-01 08:21:33.269 0 0 W : Error: swapper/0: fastrpc_cb_probe: failed to create debugfs global file
01-01 08:21:33.277 0 0 I fastrpc soc: qcom,msm_fastrpc:qcom,msm_fastrpc_compute_cb15: Linked as a consumer to 15000000.apps-smmu
01-01 08:21:33.289 0 0 I iommu : Adding device soc:qcom,msm_fastrpc:qcom,msm_fastrpc_compute_cb15 to group 55
01-01 08:21:33.298 0 0 W : Error: swapper/0: fastrpc_cb_probe: failed to create debugfs global file
01-01 08:21:33.308 0 0 I adsprpc : fastrpc_device_init: SSR notifier registered for adsp
01-01 08:21:33.315 0 0 I adsprpc : fastrpc_device_init: SSR notifier registered for modem
01-01 08:21:33.322 0 0 I adsprpc : fastrpc_device_init: SSR notifier registered for slpi
01-01 08:21:33.329 0 0 I adsprpc : fastrpc_device_init: SSR notifier registered for cdsp
01-01 08:21:33.337 0 0 I ngd_msm_ctrl 3ac0000.slim: Linked as a consumer to 15000000.apps-smmu
01-01 08:21:33.346 0 0 I iommu : Adding device 3ac0000.slim to group 56
01-01 08:21:33.358 0 0 I input : gpio-keys as /devices/platform/soc/soc:gpio_keys/input/input2
01-01 08:21:33.369 0 0 E : [NVT-ts] nvt_driver_init 1962: start
01-01 08:21:33.374 0 0 E : [NVT-ts] nvt_driver_init 1970: finished
01-01 08:21:33.395 0 0 I : rmnet_ipa3 started initialization
01-01 08:21:33.403 0 0 I : RNDIS_IPA module is loaded.
01-01 08:21:33.408 0 0 E : [drm:dp_display_init_aux_switch][msm-dp-err][1 ]failed to register notifier (-22)
01-01 08:21:33.418 0 0 I : msm notifier probed successfully
01-01 08:21:33.424 0 0 E : [drm:dp_display_init_aux_switch][msm-dp-err][435 ]failed to register notifier (-22)
01-01 08:21:33.440 0 0 I CAM_ERR : CAM-CCI: cam_cci_assign_fops: 528 Invalid dev node:0000000000000000 offset: 0
01-01 08:21:33.449 0 0 I cfg80211: Loading compiled-in X.509 certificates for regulatory database
01-01 08:21:33.459 0 0 I cfg80211: Loaded X.509 cert 'sforshee: 00b28ddf47aef9cea7'
01-01 08:21:33.467 0 0 E cam_cc_sleep_clk_src: CXO configuration failed
01-01 08:21:33.474 0 0 E msm_bus_late_init: Remove handoff bw requests
01-01 08:21:33.481 0 0 I regulator_proxy_consumer_remove_all: removing regulator proxy consumer requests
01-01 08:21:33.491 0 0 I : ALSA device list:
01-01 08:21:33.494 0 0 I : No soundcards found.
01-01 08:21:33.517 0 0 I : Freeing unused kernel memory: 9344K
01-01 08:21:33.521 0 0 I : Run /init as init process
01-01 08:21:33.531 0 0 I init : init first stage started!
01-01 08:21:33.536 0 0 I init : Unable to open /lib/modules, skipping module loading.
01-01 08:21:33.544 0 0 I init : [libfs_mgr]dt_fstab: Skip disabled entry for partition vendor
01-01 08:21:33.551 0 0 I init : [libfs_mgr]ReadFstabFromDt(): failed to read fstab from dt
01-01 08:21:33.559 0 0 I init : [libfs_mgr]dt_fstab: Skip disabled entry for partition vendor
01-01 08:21:33.568 0 0 I init : Using Android DT directory /proc/device-tree/firmware/android/
01-01 08:21:33.812 0 0 I init : [libfs_mgr]superblock s_max_mnt_count:65535,/dev/block/by-name/metadata
01-01 08:21:33.820 0 0 I init : [libfs_mgr]check_fs(): mount(/dev/block/by-name/metadata,/metadata,ext4)=-1: No such file or directory
01-01 08:21:33.831 0 0 I init : [libfs_mgr]Running /system/bin/e2fsck on /dev/block/sda11
01-01 08:21:33.841 0 0 E logwrapper: Cannot log to file /dev/fscklogs/log
01-01 08:21:33.856 0 0 I e2fsck : e2fsck 1.45.4 (23-Sep-2019)
01-01 08:21:33.872 0 0 I e2fsck : Pass 1: Checking inodes, blocks, and sizes
01-01 08:21:33.879 0 0 I e2fsck : Pass 2: Checking directory structure
01-01 08:21:33.887 0 0 I e2fsck : Pass 3: Checking directory connectivity
01-01 08:21:33.893 0 0 I e2fsck : Pass 4: Checking reference counts
01-01 08:21:33.898 0 0 I e2fsck : Pass 5: Checking group summary information
01-01 08:21:33.901 0 0 I : e2fsck (459) used greatest stack depth: 11552 bytes left
01-01 08:21:33.904 0 0 I e2fsck : /dev/block/by-name/metadata: 39/4096 files (0.0% non-contiguous), 1204/4096 blocks
01-01 08:21:33.911 0 0 I EXT4-fs (sda11): mounted filesystem with ordered data mode. Opts: discard
01-01 08:21:33.965 0 0 I EXT4-fs (dm-2): mounted filesystem without journal. Opts: barrier=1,discard
01-01 08:21:33.987 0 0 I EXT4-fs (dm-3): mounted filesystem without journal. Opts: barrier=1,discard
01-01 08:21:34.002 0 0 I EXT4-fs (dm-1): mounted filesystem without journal. Opts: barrier=1,discard
01-01 08:21:34.018 0 0 I EXT4-fs (dm-4): mounted filesystem without journal. Opts: barrier=1,discard
01-01 08:21:34.031 0 0 I EXT4-fs (dm-0): mounted filesystem without journal. Opts: barrier=1,discard
01-01 08:21:34.548 0 0 W is_dc_online: 3 callbacks suppressed
01-01 08:21:34.548 0 0 E HL6111R : is_dc_online: DC psy unavailable
01-01 08:21:34.558 0 0 E HL6111R : is_dc_online: DC psy unavailable
01-01 08:21:34.563 0 0 E HL6111R : is_dc_online: DC psy unavailable
01-01 08:21:34.569 0 0 E HL6111R : is_dc_online: DC psy unavailable
01-01 08:21:34.574 0 0 E HL6111R : is_dc_online: DC psy unavailable
01-01 08:21:34.579 0 0 E HL6111R : is_dc_online: DC psy unavailable
01-01 08:21:34.585 0 0 E HL6111R : is_dc_online: DC psy unavailable
01-01 08:21:34.590 0 0 E HL6111R : is_dc_online: DC psy unavailable
01-01 08:21:34.595 0 0 E HL6111R : is_dc_online: DC psy unavailable
01-01 08:21:34.600 0 0 E HL6111R : is_dc_online: DC psy unavailable
01-01 08:21:34.619 0 0 E i2c_geni 980000.i2c: i2c error :-107
01-01 08:21:34.624 0 0 E : [MAX975X:mcu_keep_wakeup_work_func] *ERROR* Failed to write dev:0x15 addr:0x22 value:0x00
01-01 08:21:34.634 0 0 E i2c_geni 980000.i2c: i2c error :-107
01-01 08:21:34.639 0 0 E : [MAX975X:mcu_keep_wakeup_work_func] *ERROR* Failed to write dev:0x15 addr:0x20 value:0x09
01-01 08:21:34.881 0 0 I fsck.f2fs: executing /system/bin/fsck.f2fs failed: No such file or directory
01-01 08:21:34.884 0 0 I : init (473) used greatest stack depth: 10840 bytes left
01-01 08:21:34.889 0 0 I fsck.f2fs: fsck.f2fs terminated by exit(255)
01-01 08:21:34.992 0 0 I F2FS-fs (dm-5): recover fsync data on readonly fs
01-01 08:21:35.001 0 0 I F2FS-fs (dm-5): Mounted with checkpoint version = 67e5781a
01-01 08:21:35.038 0 0 I fsck.f2fs: executing /system/bin/fsck.f2fs failed: No such file or directory
01-01 08:21:35.156 0 0 I F2FS-fs (dm-5): Mounted with checkpoint version = 67e5781a
01-01 08:21:35.199 0 0 W init : 1 output lines suppressed due to ratelimiting
01-01 08:21:35.205 0 0 W init : 50 output lines suppressed due to ratelimiting
01-01 08:21:35.355 0 0 I init : [libfs_mgr]dt_fstab: Skip disabled entry for partition vendor
01-01 08:21:35.371 0 0 I init : Opening SELinux policy
01-01 08:21:35.381 0 0 I init : /system/etc/selinux/plat_sepolicy_and_mapping.sha256 and /odm/etc/selinux/precompiled_sepolicy.plat_sepolicy_and_mapping.sha256 differ
01-01 08:21:35.395 0 0 I init : Compiling SELinux policy
01-01 08:21:36.668 0 0 E i2c_geni 980000.i2c: i2c error :-107
01-01 08:21:36.672 0 0 E : [MAX975X:mcu_keep_wakeup_work_func] *ERROR* Failed to write dev:0x15 addr:0x22 value:0x00
01-01 08:21:36.683 0 0 E i2c_geni 980000.i2c: i2c error :-107
01-01 08:21:36.688 0 0 E : [MAX975X:mcu_keep_wakeup_work_func] *ERROR* Failed to write dev:0x15 addr:0x20 value:0x09
01-01 08:21:36.812 0 0 E init : /system/bin/secilc: linker: Warning: failed to find generated linker configuration from "/linkerconfig/ld.config.txt"
01-01 08:21:36.824 0 0 E init : /system/bin/secilc: WARNING: linker: Warning: failed to find generated linker configuration from "/linkerconfig/ld.config.txt"
01-01 08:21:36.842 0 0 I init : Loading SELinux policy
01-01 08:21:37.223 0 0 I SELinux : policy capability network_peer_controls=1
01-01 08:21:37.229 0 0 I SELinux : policy capability open_perms=1
01-01 08:21:37.235 0 0 I SELinux : policy capability extended_socket_class=1
01-01 08:21:37.241 0 0 I SELinux : policy capability always_check_network=0
01-01 08:21:37.247 0 0 I SELinux : policy capability cgroup_seclabel=0
01-01 08:21:37.252 0 0 I SELinux : policy capability nnp_nosuid_transition=1
01-01 08:21:37.627 512 512 I auditd : type=1403 audit(0.0:2): auid=4294967295 ses=4294967295 lsm=selinux res=1
01-01 08:21:37.631 512 512 I auditd : type=1404 audit(0.0:3): enforcing=1 old_enforcing=0 auid=4294967295 ses=4294967295 enabled=1 old-enabled=1 lsm=selinux res=1
01-01 08:21:37.661 0 0 I selinux : SELinux: Loaded file_contexts
01-01 08:21:37.669 0 0 I selinux :
01-01 08:21:37.702 0 0 I init : init second stage started!
01-01 08:21:37.783 0 0 I init : Using Android DT directory /proc/device-tree/firmware/android/
01-01 08:21:37.792 0 0 E init : Init cannot set 'ro.boot.btmac' to 'k]gìF1 ': Value is not a UTF8 encoded string
01-01 08:21:37.809 0 0 W init : Overriding previous property 'persist.sys.usb.config':'adb' with new value 'none'
01-01 08:21:37.823 0 0 E init : Do not have permissions to set 'persist.backup.ntpServer' to '0.pool.ntp.org' in property file '/vendor/build.prop': SELinux permission check failed
01-01 08:21:37.839 0 0 W init : Overriding previous property 'dalvik.vm.heapsize':'36m' with new value '512m'
01-01 08:21:37.848 0 0 E init : Do not have permissions to set 'persist.vendor.bt.a2dp_offload_cap' to 'sbc-aptx-aptxtws-aptxhd-aac-ldac' in property file '/vendor/build.prop': SELinux permission check failed
01-01 08:21:37.867 0 0 E init : Do not have permissions to set 'vendor.mm.enable.qcom_parser' to '16777215' in property file '/vendor/build.prop': SELinux permission check failed
01-01 08:21:37.882 0 0 E init : Do not have permissions to set 'persist.demo.hdmirotationlock' to 'false' in property file '/vendor/build.prop': SELinux permission check failed
01-01 08:21:37.900 0 0 W init : Couldn't load property file '/vendor_dlkm/etc/build.prop': open() failed: No such file or directory: No such file or directory
01-01 08:21:37.987 1 1 I auditd : type=1107 audit(0.0:4): uid=0 auid=4294967295 ses=4294967295 subj=u:r:init:s0 msg='avc: denied { read } for property=persist.debug.trace pid=0 uid=0 gid=0 scontext=u:r:vendor_init:s0 tcontext=u:object_r:persist_debug_prop:s0 tclass=file permissive=0'
01-01 08:21:38.404 0 0 I : linkerconfig (482) used greatest stack depth: 10512 bytes left
01-01 08:21:38.482 0 0 I ueventd : ueventd started!
01-01 08:21:38.489 0 0 I selinux : SELinux: Loaded file_contexts
01-01 08:21:38.494 0 0 I selinux :
01-01 08:21:38.497 0 0 I ueventd : Parsing file /system/etc/ueventd.rc...
01-01 08:21:38.503 0 0 I ueventd : Added '/vendor/etc/ueventd.rc' to import list
01-01 08:21:38.510 0 0 I ueventd : Added '/odm/etc/ueventd.rc' to import list
01-01 08:21:38.516 0 0 I ueventd : Parsing file /vendor/etc/ueventd.rc...
01-01 08:21:38.522 0 0 I ueventd : Unable to read config file '/vendor/etc/ueventd.rc': open() failed: No such file or directory
01-01 08:21:38.532 0 0 I ueventd : Parsing file /odm/etc/ueventd.rc...
01-01 08:21:38.538 0 0 I ueventd : Unable to read config file '/odm/etc/ueventd.rc': open() failed: No such file or directory
01-01 08:21:38.684 0 0 I : boringssl_self_ (485) used greatest stack depth: 9960 bytes left
01-01 08:21:38.717 0 0 E i2c_geni 980000.i2c: i2c error :-107
01-01 08:21:38.722 0 0 E : [MAX975X:mcu_keep_wakeup_work_func] *ERROR* Failed to write dev:0x15 addr:0x22 value:0x00
01-01 08:21:38.732 0 0 E i2c_geni 980000.i2c: i2c error :-107
01-01 08:21:38.737 0 0 E : [MAX975X:mcu_keep_wakeup_work_func] *ERROR* Failed to write dev:0x15 addr:0x20 value:0x09
01-01 08:21:38.855 1 1 I auditd : type=1400 audit(0.0:5): avc: denied { mounton } for comm="init" path="/sys/kernel/tracing" dev="tracefs" ino=1 scontext=u:r:init:s0 tcontext=u:object_r:debugfs_tracing_debug:s0 tclass=dir permissive=0
01-01 08:21:38.974 0 0 W msm_11ad soc: qcom,wil6210: GPIO not found, dc GPIO not used
01-01 08:21:38.982 0 0 W msm_11ad soc: qcom,wil6210: GPIO not found, enable GPIO not used
01-01 08:21:38.991 0 0 W msm_11ad soc: qcom,wil6210: GPIO not found, sleep clock not used
01-01 08:21:39.000 0 0 W msm_11ad soc: qcom,wil6210: soc:qcom,wil6210 supply vdd not found, using dummy regulator
01-01 08:21:39.010 0 0 I msm_11ad soc: qcom,wil6210: Linked as a consumer to regulator.0
01-01 08:21:39.017 0 0 I msm_11ad soc: qcom,wil6210: Linked as a consumer to regulator.8
01-01 08:21:39.025 0 0 I msm_11ad soc: qcom,wil6210: Linked as a consumer to regulator.26
01-01 08:21:39.033 0 0 E msm_pcie_enumerate: PCIe: RC1: has already been enumerated.
01-01 08:21:39.040 0 0 E msm_11ad soc: qcom,wil6210: Wigig device not found
01-01 08:21:39.046 0 0 I msm_11ad soc: qcom,wil6210: Dropping the link to regulator.26
01-01 08:21:39.053 0 0 I msm_11ad soc: qcom,wil6210: Dropping the link to regulator.0
01-01 08:21:39.060 0 0 I msm_11ad soc: qcom,wil6210: Dropping the link to regulator.8
01-01 08:21:39.136 0 0 W q6_pdr_dlkm: loading out-of-tree module taints kernel.
01-01 08:21:39.235 0 0 W apr_dlkm: no symbol version for snd_event_notify
01-01 08:21:39.262 0 0 E : [drm:dp_display_init_aux_switch][msm-dp-err][88 ]failed to register notifier (-22)
01-01 08:21:39.284 0 0 E : [drm:dp_display_init_aux_switch][msm-dp-err][359 ]failed to register notifier (-22)
01-01 08:21:39.321 0 0 W : **********************************************************
01-01 08:21:39.328 0 0 W : ** NOTICE NOTICE NOTICE NOTICE NOTICE NOTICE NOTICE **
01-01 08:21:39.335 0 0 W : ** **
01-01 08:21:39.342 0 0 W : ** trace_printk() being used. Allocating extra memory. **
01-01 08:21:39.348 0 0 W : ** **
01-01 08:21:39.355 0 0 W : ** This means that this is a DEBUG kernel and it is **
01-01 08:21:39.362 0 0 W : ** unsafe for production use. **
01-01 08:21:39.369 0 0 W : ** **
01-01 08:21:39.375 0 0 W : ** If you see this message and you are not debugging **
01-01 08:21:39.382 0 0 W : ** the kernel, report this immediately to your vendor! **
01-01 08:21:39.389 0 0 W : ** **
01-01 08:21:39.395 0 0 W : ** NOTICE NOTICE NOTICE NOTICE NOTICE NOTICE NOTICE **
01-01 08:21:39.402 0 0 W : **********************************************************
01-01 08:21:39.443 0 0 E : [drm:dp_display_init_aux_switch][msm-dp-err][76 ]failed to register notifier (-22)
01-01 08:21:39.496 0 0 E : [drm:dp_display_init_aux_switch][msm-dp-err][359 ]failed to register notifier (-22)
01-01 08:21:39.507 0 0 E : [drm:dp_display_init_aux_switch][msm-dp-err][359 ]failed to register notifier (-22)
01-01 08:21:39.527 0 0 E : [drm:dp_display_init_aux_switch][msm-dp-err][77 ]failed to register notifier (-22)
01-01 08:21:39.538 0 0 E : [drm:dp_display_init_aux_switch][msm-dp-err][77 ]failed to register notifier (-22)
01-01 08:21:39.549 0 0 E : [drm:dp_display_init_aux_switch][msm-dp-err][77 ]failed to register notifier (-22)
01-01 08:21:39.560 0 0 E : [drm:dp_display_init_aux_switch][msm-dp-err][77 ]failed to register notifier (-22)
01-01 08:21:39.571 0 0 E : [drm:dp_display_init_aux_switch][msm-dp-err][77 ]failed to register notifier (-22)
01-01 08:21:39.581 0 0 E : [drm:dp_display_init_aux_switch][msm-dp-err][77 ]failed to register notifier (-22)
01-01 08:21:39.592 0 0 E : [drm:dp_display_init_aux_switch][msm-dp-err][77 ]failed to register notifier (-22)
01-01 08:21:39.604 0 0 E : [drm:dp_display_init_aux_switch][msm-dp-err][77 ]failed to register notifier (-22)
01-01 08:21:39.650 0 0 E : [drm:dp_display_init_aux_switch][msm-dp-err][500 ]failed to register notifier (-22)
01-01 08:21:39.663 0 0 E : [drm:dp_display_init_aux_switch][msm-dp-err][76 ]failed to register notifier (-22)
01-01 08:21:39.677 0 0 E : [drm:dp_display_init_aux_switch][msm-dp-err][77 ]failed to register notifier (-22)
01-01 08:21:39.687 0 0 E kona-pinctrl f000000.pinctrl: invalid function func2 in map table
01-01 08:21:39.695 0 0 E kona-pinctrl f000000.pinctrl: invalid function func2 in map table
01-01 08:21:39.703 0 0 E kona-pinctrl f000000.pinctrl: invalid function func2 in map table
01-01 08:21:39.710 0 0 E kona-pinctrl f000000.pinctrl: invalid function func2 in map table
01-01 08:21:39.720 0 0 E : [drm:dp_display_init_aux_switch][msm-dp-err][76 ]failed to register notifier (-22)
01-01 08:21:39.785 0 0 E : [drm:dp_display_init_aux_switch][msm-dp-err][500 ]failed to register notifier (-22)
01-01 08:21:39.798 0 0 E : [drm:dp_display_init_aux_switch][msm-dp-err][500 ]failed to register notifier (-22)
01-01 08:21:39.810 0 0 E : [drm:dp_display_init_aux_switch][msm-dp-err][500 ]failed to register notifier (-22)
01-01 08:21:40.048 0 0 E : Trying to create more than 6 SchedTune boosting groups
01-01 08:21:40.055 0 0 E : Trying to create more than 6 SchedTune boosting groups
01-01 08:21:40.102 0 0 I : Registered swp emulation handler
01-01 08:21:40.177 0 0 I logd.auditd: start
01-01 08:21:40.212 516 516 I snet_event_log: [121035042,-1,]
01-01 08:21:40.186 0 0 I binder : 514:514 ioctl 40046210 7fc83dd304 returned -22
01-01 08:21:40.202 0 0 I binder : 515:515 ioctl 40046210 7fc7b83e24 returned -22
01-01 08:21:40.247 0 0 I binder : 513:513 ioctl 40046210 7fe01d8164 returned -22
01-01 08:21:40.471 0 0 I init : wait for '/dev/block/platform/soc/1d84000.ufshc' took 0ms
01-01 08:21:40.763 0 0 E i2c_geni 980000.i2c: i2c error :-107
01-01 08:21:40.768 0 0 E : [MAX975X:mcu_keep_wakeup_work_func] *ERROR* Failed to write dev:0x15 addr:0x22 value:0x00
01-01 08:21:40.778 0 0 E i2c_geni 980000.i2c: i2c error :-107
01-01 08:21:40.783 0 0 E : [MAX975X:mcu_keep_wakeup_work_func] *ERROR* Failed to write dev:0x15 addr:0x20 value:0x09
01-01 08:21:40.822 0 0 I init : wait for '/dev/qseecom' took 0ms
01-01 08:21:40.901 0 0 I EXT4-fs (sda2): mounted filesystem with ordered data mode. Opts: barrier=1
01-01 08:21:40.913 0 0 E FAT-fs (sde51): bogus number of reserved sectors
01-01 08:21:40.919 0 0 I FAT-fs (sde51): Can't find a valid FAT filesystem --------- beginning of system
01-01 08:21:40.933 558 572 I QISL : QSEE Interrupt Service Listener Thread is started
01-01 08:21:40.934 558 572 I QISL : QSEE Interrupt Service Listener was activated successfully
01-01 08:21:40.936 558 558 D SPL : Call QSEECom_register_listener()
01-01 08:21:40.937 558 558 D SPL : Registered listener sucessfully!
01-01 08:21:40.937 558 558 D SPL : pipe read-fd [32] write-fd [33]
01-01 08:21:40.937 558 558 D SPL : Create thread
01-01 08:21:40.938 558 558 D SPL : Thread created sucessfully.
01-01 08:21:40.938 558 573 D SPL : spl_dispatch() started
01-01 08:21:40.938 558 573 D SPL : ==== Wait For Request ======
01-01 08:21:40.945 560 560 I vold : Vold 3.0 (the awakening) firing up
01-01 08:21:40.946 560 560 D vold : Detected support for: ext4 f2fs vfat
01-01 08:21:40.951 560 560 D vold : Found unmanaged dm device named system_ext_a
01-01 08:21:40.951 560 560 D vold : Found unmanaged dm device named odm_a
01-01 08:21:40.951 560 560 D vold : Found unmanaged dm device named system_a
01-01 08:21:40.951 560 560 D vold : Found unmanaged dm device named vendor_a
01-01 08:21:40.951 560 560 D vold : Found unmanaged dm device named scratch
01-01 08:21:40.951 560 560 D vold : Found unmanaged dm device named product_a
01-01 08:21:40.954 560 560 I vold : [libfs_mgr]dt_fstab: Skip disabled entry for partition vendor
01-01 08:21:40.964 0 0 I fsck_msdos: ** /dev/block/bootdevice/by-name/spunvm
01-01 08:21:40.968 0 0 I binder : 560:560 ioctl 40046210 7fc6946a44 returned -22
01-01 08:21:40.968 0 0 I binder : 560:560 ioctl 40046210 7fc69469e4 returned -22
01-01 08:21:40.935 570 570 I auditd : type=1400 audit(0.0:6): avc: denied { read write } for comm="fsck_msdos" name="sde51" dev="tmpfs" ino=3848 scontext=u:r:fsck:s0 tcontext=u:object_r:block_device:s0 tclass=blk_file permissive=0
01-01 08:21:40.961 560 560 D vold : VoldNativeService::start() completed OK
01-01 08:21:40.975 0 0 I fsck_msdos: Can't open `/dev/block/bootdevice/by-name/spunvm'
01-01 08:21:40.935 570 570 I auditd : type=1400 audit(0.0:7): avc: denied { read } for comm="fsck_msdos" name="sde51" dev="tmpfs" ino=3848 scontext=u:r:fsck:s0 tcontext=u:object_r:block_device:s0 tclass=blk_file permissive=0
01-01 08:21:40.939 570 570 I auditd : type=1400 audit(0.0:8): avc: denied { kill } for comm="fsck_msdos" capability=5 scontext=u:r:fsck:s0 tcontext=u:r:fsck:s0 tclass=capability permissive=0
01-01 08:21:40.988 0 0 I fsck_msdos: fsck_msdos terminated by exit(8)
01-01 08:21:41.042 0 0 E FAT-fs (sde51): bogus number of reserved sectors
01-01 08:21:41.048 0 0 I FAT-fs (sde51): Can't find a valid FAT filesystem
01-01 08:21:41.071 0 0 I EXT4-fs (sde9): mounted filesystem with ordered data mode. Opts: barrier=1
01-01 08:21:41.155 0 0 I binder : 582:582 ioctl 40046210 7fcfa61774 returned -22
01-01 08:21:41.162 0 0 D ProcessState: Binder ioctl to enable oneway spam detection failed: Invalid argument
01-01 08:21:41.163 0 0 D vdc : Waited 0ms for vold
01-01 08:21:41.215 0 0 W subsys-pil-tz soc: qcom,ipa_fws: Falling back to syfs fallback for: ipa_fws.mdt
01-01 08:21:41.225 0 0 I init : wait for '/mnt/vendor/spunvm' took 0ms
01-01 08:21:41.290 584 584 D spdaemon: Firmware Name [spss2p].
01-01 08:21:41.290 584 584 D spdaemon: Prod FW.
01-01 08:21:41.290 584 584 D spdaemon: firmware_type [p].
01-01 08:21:41.290 584 584 D spdaemon: open() file [/sys/devices/soc0/machine] Failed, ret =-1.
01-01 08:21:41.290 584 584 D spdaemon: soc_type 1048576
01-01 08:21:41.290 584 584 E iardb : [iar_db_get_iar_state] failed to open file /mnt/vendor/spunvm/iar_db/iar_state.bin [13] [Permission denied]
01-01 08:21:41.290 584 584 D iarlib : [iar_get_state] Can't get iar_state, return DISABLED
01-01 08:21:41.290 584 584 I spdaemon: IAR is not activated
01-01 08:21:41.290 584 584 D spdaemon: ------ going to start SP From kernel ------
01-01 08:21:41.290 584 584 I spcomlib: [spcom_restart_sp_subsystem] restart_sp starts
01-01 08:21:41.291 584 584 D spcomlib: [spcom_restart_sp_subsystem] restart_sp - Send PIL request [1]
01-01 08:21:41.296 0 0 I binder : 585:585 ioctl 40046210 7ff3d70f44 returned -22
01-01 08:21:41.299 0 0 I : SW_INIT_DONE - 2nd phase loading [spss] completed ok
01-01 08:21:41.307 0 0 I binder : 585:585 ioctl 40046210 7ff3d70e84 returned -22
01-01 08:21:41.311 0 0 I : PBL_DONE - 1st phase loading [spss] completed ok
01-01 08:21:41.331 584 584 D spcomlib: [spcom_restart_sp_subsystem] restart_sp - Restart SP command ok.
01-01 08:21:41.331 584 584 D spcomlib: [spcom_signal_event] event [0] [pil_called] EVENT_STATUS_SIGNALED
01-01 08:21:41.331 584 584 I spcomlib: [spcom_reset_all_app_loaded_prop] start reset all spcomlib apploaded props.
