08-30 00:52:15.690 1879 2567 V Avrcp_ext: updatePlaybackState (1): old=PlaybackState {state=2, position=-1, buffered position=0, speed=0.0, updated=63083, actions=0, custom actions=[], active item id=-1, error=null}(2), new=PlaybackState {state=2, position=-1, buffered position=0, speed=0.0, updated=63430, actions=0, custom actions=[], active item id=-1, error=null}(2)
08-30 00:52:15.690 1879 2567 I Avrcp_ext: Exit updatePlayStatusForDevice
08-30 00:52:15.690 1879 2567 D HeadsetService: isAudioOn: The number of audio connected devices 0
08-30 00:52:15.691 1879 2567 D HeadsetService: isScoOrCallActive(): Call Active:falseCall is Ringing:falseSCO is Active:false
08-30 00:52:15.691 1879 2567 D HeadsetService: isAudioOn: The number of audio connected devices 0
08-30 00:52:15.691 1879 2567 I Avrcp_ext: updatePlayStatusForDevice: device: null
08-30 00:52:15.691 1879 2567 V Avrcp_ext: updatePlaybackState (1): old=PlaybackState {state=2, position=-1, buffered position=0, speed=0.0, updated=63083, actions=0, custom actions=[], active item id=-1, error=null}(2), new=PlaybackState {state=2, position=-1, buffered position=0, speed=0.0, updated=63430, actions=0, custom actions=[], active item id=-1, error=null}(2)
08-30 00:52:15.691 1879 2567 I Avrcp_ext: Exit updatePlayStatusForDevice
08-30 00:52:15.691 1879 2567 D HeadsetService: isAudioOn: The number of audio connected devices 0
08-30 00:52:15.691 1879 2567 D HeadsetService: isScoOrCallActive(): Call Active:falseCall is Ringing:falseSCO is Active:false
08-30 00:52:15.691 1879 2567 D HeadsetService: isAudioOn: The number of audio connected devices 0
08-30 00:52:15.691 1879 2567 I Avrcp_ext: updatePlayStatusForDevice: device: null
08-30 00:52:15.691 1879 2613 W ActivityThread: Failed to find provider info for com.android.contacts (user not unlocked)
08-30 00:52:15.692 1879 2613 D BluetoothPbapUtils: Failed to fetch contacts data from database..
08-30 00:52:15.693 1882 1882 D KeyguardUpdateMonitor: handleRingerModeChange(2)
08-30 00:52:15.693 1879 2567 V Avrcp_ext: updatePlaybackState (1): old=PlaybackState {state=2, position=-1, buffered position=0, speed=0.0, updated=63083, actions=0, custom actions=[], active item id=-1, error=null}(2), new=PlaybackState {state=2, position=-1, buffered position=0, speed=0.0, updated=63430, actions=0, custom actions=[], active item id=-1, error=null}(2)
08-30 00:52:15.694 1879 2547 I bt_stack: [INFO:port_api.cc(123)] RFCOMM_CreateConnection BDA: ff:ff:ff:ff:ff:ff
08-30 00:52:15.694 1879 2567 I Avrcp_ext: Exit updatePlayStatusForDevice
08-30 00:52:15.696 1879 2567 D Avrcp_ext: Enter sendPlayPosNotificationRsp
08-30 00:52:15.696 1879 2567 D Avrcp_ext: sendPlayPosNotificationRsp: Not registered or requesting.
08-30 00:52:15.697 1879 2567 D Avrcp_ext: Enter sendPlayPosNotificationRsp
08-30 00:52:15.697 1879 2567 D Avrcp_ext: sendPlayPosNotificationRsp: Not registered or requesting.
08-30 00:52:15.697 1879 2567 D Avrcp_ext: Enter sendPlayPosNotificationRsp
08-30 00:52:15.697 1879 2567 D Avrcp_ext: sendPlayPosNotificationRsp: Not registered or requesting.
01-01 08:22:01.035 0 0 I [kworke][0x5679af7b][00:52:15.675673] wlan: [335:I:POLICY_MGR] policy_mgr_update_5g_scc_prefer: 398: overwrite pm_second_connection_pcl_dbs_2x2_table, index 2 mode 3 system prefer 0 new pcl 6
08-30 00:52:15.697 1879 2567 D Avrcp_ext: Enter sendPlayPosNotificationRsp
01-01 08:22:01.035 0 0 I [kworke][0x5679b11a][00:52:15.675695] wlan: [335:I:POLICY_MGR] policy_mgr_update_5g_scc_prefer: 404: overwrite pm_second_connection_pcl_dbs_2x2_table, index 3 mode 3 system prefer 0 new pcl 6
01-01 08:22:01.040 0 0 E : INFO: trying to register non-static key.
01-01 08:22:01.041 0 0 E [kworke][0x567b7e11][00:52:15.681841] wlan: [335:E:REGULATORY] reg_freq_width_to_chan_op_class: 512: no op class for frequency 5745
01-01 08:22:01.045 0 0 E : the code is fine but needs lockdep annotation.
01-01 08:22:01.045 0 0 I : CPU: 3 PID: 292 Comm: kworker/u16:8 Tainted: G S W O 4.19.157+ #1
01-01 08:22:01.045 0 0 I Hardware name: Qualcomm Technologies, Inc. kona MTP-RmPM8150b (DT)
01-01 08:22:01.045 0 0 I Workqueue: events_unbound ion_system_secure_heap_prefetch_work
01-01 08:22:01.045 0 0 I Call trace:
01-01 08:22:01.045 0 0 I : dump_backtrace+0x0/0x258
01-01 08:22:01.045 0 0 I : show_stack+0x20/0x30
01-01 08:22:01.045 0 0 I : dump_stack+0xd8/0x12c
01-01 08:22:01.045 0 0 I : register_lock_class+0x4d0/0x5c8
01-01 08:22:01.045 0 0 I : __lock_acquire+0xbc/0x1e58
01-01 08:22:01.045 0 0 I : lock_acquire+0x1cc/0x218
01-01 08:22:01.045 0 0 I : _raw_spin_lock_irqsave+0x54/0x98
01-01 08:22:01.045 0 0 I : ion_system_secure_heap_prefetch_work+0x94/0x2c0
01-01 08:22:01.045 0 0 I : process_one_work+0x38c/0x660
01-01 08:22:01.045 0 0 I : worker_thread+0x268/0x4b8
01-01 08:22:01.045 0 0 I : kthread+0x140/0x150
01-01 08:22:01.045 0 0 I : ret_from_fork+0x10/0x1c
08-30 00:52:15.700 1879 2567 D Avrcp_ext: sendPlayPosNotificationRsp: Not registered or requesting.
08-30 00:52:15.701 1879 2567 D Avrcp_ext: Enter sendPlayPosNotificationRsp
08-30 00:52:15.701 1879 2567 D Avrcp_ext: sendPlayPosNotificationRsp: Not registered or requesting.
08-30 00:52:15.701 1879 2567 V Avrcp_ext: Exit updatePlayerStateAndPosition
08-30 00:52:15.707 1044 2612 D CCodec : allocate(c2.android.vorbis.decoder)
01-01 08:22:01.063 0 0 E : INFO: trying to register non-static key.
08-30 00:52:15.708 1882 2614 I hw-BpHwBinder: onLastStrongRef automatically unlinking death recipients
01-01 08:22:01.069 0 0 E : the code is fine but needs lockdep annotation.
01-01 08:22:01.075 0 0 I : CPU: 3 PID: 292 Comm: kworker/u16:8 Tainted: G S W O 4.19.157+ #1
01-01 08:22:01.075 0 0 I Hardware name: Qualcomm Technologies, Inc. kona MTP-RmPM8150b (DT)
01-01 08:22:01.075 0 0 I Workqueue: events_unbound ion_system_secure_heap_prefetch_work
01-01 08:22:01.075 0 0 I Call trace:
01-01 08:22:01.075 0 0 I : dump_backtrace+0x0/0x258
01-01 08:22:01.075 0 0 I : show_stack+0x20/0x30
08-30 00:52:15.711 1044 1890 D CCodecBufferChannel: [c2.android.vorbis.decoder#729] MediaCodec discarded an unknown buffer
01-01 08:22:01.075 0 0 I : dump_stack+0xd8/0x12c
01-01 08:22:01.075 0 0 I : register_lock_class+0x4d0/0x5c8
01-01 08:22:01.075 0 0 I : __lock_acquire+0xbc/0x1e58
01-01 08:22:01.075 0 0 I : lock_acquire+0x1cc/0x218
01-01 08:22:01.075 0 0 I : _raw_spin_lock_irqsave+0x54/0x98
01-01 08:22:01.075 0 0 I : ion_system_secure_heap_prefetch_work+0x94/0x2c0
01-01 08:22:01.075 0 0 I : process_one_work+0x38c/0x660
08-30 00:52:15.711 1044 1890 D CCodecBufferChannel: [c2.android.vorbis.decoder#729] MediaCodec discarded an unknown buffer
01-01 08:22:01.075 0 0 I : worker_thread+0x268/0x4b8
01-01 08:22:01.075 0 0 I : kthread+0x140/0x150
01-01 08:22:01.075 0 0 I : ret_from_fork+0x10/0x1c
01-01 08:22:01.083 0 0 I [kworke][0x5687bbae][00:52:15.723623] wlan: [335:I:HIF] hif_pm_runtime_start: Enabling RUNTIME PM, Delay: 500 ms
01-01 08:22:01.094 0 0 E : INFO: trying to register non-static key.
08-30 00:52:15.711 1044 1890 D CCodecBufferChannel: [c2.android.vorbis.decoder#729] MediaCodec discarded an unknown buffer
01-01 08:22:01.099 0 0 E : the code is fine but needs lockdep annotation.
08-30 00:52:15.713 1044 2612 I CCodec : setting up 'default' as default (vendor) store
08-30 00:52:15.713 1882 2339 D CCodecBufferChannel: [c2.android.vorbis.decoder#531] MediaCodec discarded an unknown buffer
08-30 00:52:15.713 1882 2339 D CCodecBufferChannel: [c2.android.vorbis.decoder#531] MediaCodec discarded an unknown buffer
08-30 00:52:15.718 1044 1890 I hw-BpHwBinder: onLastStrongRef automatically unlinking death recipients
08-30 00:52:15.719 1879 2547 W bt_l2cap: L2CAP - L2CA_Register() called for PSM: 0x1025
08-30 00:52:15.719 1879 2606 D ObexServerSockets: Succeed to create listening sockets
08-30 00:52:15.719 1879 2606 D ObexServerSockets1: startAccept()
08-30 00:52:15.720 1044 2612 I CCodec : Created component [c2.android.vorbis.decoder]
08-30 00:52:15.720 1879 2606 D BluetoothVendorService: getProfileInfo profile_id: 2
08-30 00:52:15.720 1879 2606 I BluetoothVendorJni: getProfileInfoNative
08-30 00:52:15.720 1879 2606 I bt_btif_vendor: get_profile_info :2
08-30 00:52:15.720 1879 2606 W bt_device_profile: profile_feature_fetch:profile 2
08-30 00:52:15.720 1879 2606 W bt_device_profile: profile_feature_fetch:PBAP_0102_SUPPORT found 1
08-30 00:52:15.720 1879 2606 D BluetoothVendorService: getProfileInfo profile_id: 2
08-30 00:52:15.720 1879 2606 I BluetoothVendorJni: getProfileInfoNative
01-01 08:22:01.105 0 0 I : CPU: 3 PID: 292 Comm: kworker/u16:8 Tainted: G S W O 4.19.157+ #1
01-01 08:22:01.105 0 0 I Hardware name: Qualcomm Technologies, Inc. kona MTP-RmPM8150b (DT)
01-01 08:22:01.105 0 0 I Workqueue: events_unbound ion_system_secure_heap_prefetch_work
01-01 08:22:01.105 0 0 I Call trace:
01-01 08:22:01.105 0 0 I : dump_backtrace+0x0/0x258
01-01 08:22:01.105 0 0 I : show_stack+0x20/0x30
01-01 08:22:01.105 0 0 I : dump_stack+0xd8/0x12c
01-01 08:22:01.105 0 0 I : register_lock_class+0x4d0/0x5c8
01-01 08:22:01.105 0 0 I : __lock_acquire+0xbc/0x1e58
01-01 08:22:01.105 0 0 I : lock_acquire+0x1cc/0x218
01-01 08:22:01.105 0 0 I : _raw_spin_lock_irqsave+0x54/0x98
01-01 08:22:01.105 0 0 I : ion_system_secure_heap_prefetch_work+0x94/0x2c0
08-30 00:52:15.720 1879 2606 I bt_btif_vendor: get_profile_info :2
08-30 00:52:15.720 1879 2606 W bt_device_profile: profile_feature_fetch:profile 2
08-30 00:52:15.720 1879 2606 W bt_device_profile: profile_feature_fetch:USE_SIM_SUPPORT found 1
08-30 00:52:15.721 1879 2606 D BluetoothPbapFixes: isSupportedPbap12: true
08-30 00:52:15.721 1879 2606 D BluetoothPbapFixes: isSimSupported: true
08-30 00:52:15.721 1879 2606 D BluetoothPbapFixes: creating PBAP 1.1 record with sim support
08-30 00:52:15.721 1879 2606 D BluetoothSdpJni: sdpCreatePbapPseRecordNative
08-30 00:52:15.721 1879 2606 D BluetoothSdpJni: SDP Create record success - handle: 1
08-30 00:52:15.721 1879 2606 D BluetoothPbapService: created Sdp record, mSdpHandle=1
08-30 00:52:15.723 1044 2612 D CCodecConfig: read media type: audio/vorbis
08-30 00:52:15.731 1879 2617 D ObexServerSockets1: Accepting socket connection...
08-30 00:52:15.731 1882 2620 I hw-BpHwBinder: onLastStrongRef automatically unlinking death recipients
08-30 00:52:15.732 1044 2612 D ReflectedParamUpdater: extent() != 1 for single value type: algo.buffers.max-count.values
08-30 00:52:15.733 660 673 I mpu_uart: [MSG-P:RECV]:No message received in 1000 ms
08-30 00:52:15.733 1879 2618 D ObexServerSockets1: Accepting socket connection...
08-30 00:52:15.734 1044 2612 D ReflectedParamUpdater: extent() != 1 for single value type: output.subscribed-indices.values
08-30 00:52:15.734 1044 2612 D ReflectedParamUpdater: extent() != 1 for single value type: input.buffers.allocator-ids.values
08-30 00:52:15.734 1044 2612 D ReflectedParamUpdater: extent() != 1 for single value type: output.buffers.allocator-ids.values
08-30 00:52:15.735 1044 2612 D ReflectedParamUpdater: extent() != 1 for single value type: algo.buffers.allocator-ids.values
08-30 00:52:15.736 1044 2612 D ReflectedParamUpdater: extent() != 1 for single value type: output.buffers.pool-ids.values
08-30 00:52:15.737 1044 2612 D ReflectedParamUpdater: extent() != 1 for single value type: algo.buffers.pool-ids.values
08-30 00:52:15.739 1044 2612 I CCodecConfig: query failed after returning 7 values (BAD_INDEX)
01-01 08:22:01.105 0 0 I : process_one_work+0x38c/0x660
01-01 08:22:01.105 0 0 I : worker_thread+0x268/0x4b8
08-30 00:52:15.739 1044 2612 D CCodecConfig: c2 config diff is Dict {
08-30 00:52:15.739 1044 2612 D CCodecConfig: c2::u32 coded.bitrate.value = 64000
08-30 00:52:15.739 1044 2612 D CCodecConfig: c2::u32 input.buffers.max-size.value = 32768
08-30 00:52:15.739 1044 2612 D CCodecConfig: c2::u32 input.delay.value = 0
08-30 00:52:15.739 1044 2612 D CCodecConfig: string input.media-type.value = "audio/vorbis"
08-30 00:52:15.739 1044 2612 D CCodecConfig: string output.media-type.value = "audio/raw"
08-30 00:52:15.739 1044 2612 D CCodecConfig: c2::u32 raw.channel-count.value = 1
08-30 00:52:15.739 1044 2612 D CCodecConfig: c2::u32 raw.sample-rate.value = 48000
08-30 00:52:15.739 1044 2612 D CCodecConfig: }
08-30 00:52:15.741 1044 2612 D CCodec : [c2.android.vorbis.decoder] buffers are bound to CCodec for this session
08-30 00:52:15.741 1044 2612 D CCodecConfig: no c2 equivalents for durationUs
01-01 08:22:01.105 0 0 I : kthread+0x140/0x150
01-01 08:22:01.105 0 0 I : ret_from_fork+0x10/0x1c
08-30 00:52:15.741 1044 2612 D CCodecConfig: no c2 equivalents for track-id
08-30 00:52:15.741 1044 2612 D CCodecConfig: no c2 equivalents for csd-1
08-30 00:52:15.741 1044 2612 D CCodecConfig: no c2 equivalents for language
08-30 00:52:15.741 1044 2612 D CCodecConfig: no c2 equivalents for file-format
08-30 00:52:15.741 1044 2612 D CCodecConfig: no c2 equivalents for flags
08-30 00:52:15.741 1879 1879 I BtOppService: handleMessage :300
08-30 00:52:15.743 1044 2612 D CCodecConfig: config failed => CORRUPTED
08-30 00:52:15.744 1450 2559 I hw-BpHwBinder: onLastStrongRef automatically unlinking death recipients
08-30 00:52:15.745 1044 2612 D CCodecConfig: c2 config diff is c2::u32 coded.bitrate.value = 140000
08-30 00:52:15.747 1044 2612 W Codec2Client: query -- param skipped: index = 1107298332.
08-30 00:52:15.747 1044 2612 D CCodec : setup formats input: AMessage(what = 0x00000000) = {
08-30 00:52:15.747 1044 2612 D CCodec : int32_t bitrate = 140000
08-30 00:52:15.747 1044 2612 D CCodec : int32_t channel-count = 1
08-30 00:52:15.747 1044 2612 D CCodec : int32_t max-input-size = 65307
08-30 00:52:15.747 1044 2612 D CCodec : string mime = "audio/vorbis"
08-30 00:52:15.747 1044 2612 D CCodec : int32_t sample-rate = 48000
08-30 00:52:15.747 1044 2612 D CCodec : }
08-30 00:52:15.747 1044 2612 D CCodec : setup formats output: AMessage(what = 0x00000000) = {
08-30 00:52:15.747 1044 2612 D CCodec : int32_t channel-count = 1
08-30 00:52:15.747 1044 2612 D CCodec : string mime = "audio/raw"
08-30 00:52:15.747 1044 2612 D CCodec : int32_t sample-rate = 48000
08-30 00:52:15.747 1044 2612 D CCodec : int32_t android._config-pcm-encoding = 2
08-30 00:52:15.747 1044 2612 D CCodec : }
08-30 00:52:15.748 1044 2612 I CCodecConfig: query failed after returning 7 values (BAD_INDEX)
08-30 00:52:15.748 1342 1887 I MMParserExtractor: Created(0xb400006e4bcee5b0)
08-30 00:52:15.756 1044 1044 I notification_cancel_all: [1002,1879,com.android.bluetooth,0,0,64,9,NULL]
08-30 00:52:15.756 1879 1879 W BluetoothAdapterService: onProfileServiceStateChange() - All profile services started..
08-30 00:52:15.756 1879 1879 D AdapterProperties: onBluetoothReady, state=TURNING_ON, ScanMode=20
08-30 00:52:15.758 1342 1403 I MMParserExtractor: Created(0xb400006e4bced350)
08-30 00:52:15.762 1044 1883 D MediaCodecList: codecHandlesFormat: no format, so no extra checks
08-30 00:52:15.763 1044 1883 D MediaCodecList: codecHandlesFormat: no format, so no extra checks
08-30 00:52:15.765 1044 2612 W Codec2Client: query -- param skipped: index = 1342179345.
08-30 00:52:15.765 1044 2612 W Codec2Client: query -- param skipped: index = 2415921170.
08-30 00:52:15.769 1044 2612 D CCodecBufferChannel: [c2.android.vorbis.decoder#439] Created input block pool with allocatorID 16 => poolID 19 - OK (0)
08-30 00:52:15.771 1879 2547 I bt_stack: [INFO:port_api.cc(123)] RFCOMM_CreateConnection BDA: ff:ff:ff:ff:ff:ff
08-30 00:52:15.773 1879 2623 D BluetoothSdpJni: sdpCreateSapsRecordNative
08-30 00:52:15.773 1879 2623 D BluetoothSdpJni: SDP Create record success - handle: 2
08-30 00:52:15.774 1044 2612 I CCodecBufferChannel: [c2.android.vorbis.decoder#439] Created output block pool with allocatorID 16 => poolID 21 - OK
08-30 00:52:15.774 1879 1879 D BluetoothAdapterService: updateUuids() - Updating UUIDs for bonded devices
08-30 00:52:15.775 1044 2612 D CCodecBufferChannel: [c2.android.vorbis.decoder#439] Configured output block pool ids 21 => OK
01-01 08:22:01.123 0 0 E : INFO: trying to register non-static key.
01-01 08:22:01.128 0 0 E : the code is fine but needs lockdep annotation.
01-01 08:22:01.134 0 0 I : CPU: 3 PID: 292 Comm: kworker/u16:8 Tainted: G S W O 4.19.157+ #1
01-01 08:22:01.134 0 0 I Hardware name: Qualcomm Technologies, Inc. kona MTP-RmPM8150b (DT)
01-01 08:22:01.134 0 0 I Workqueue: events_unbound ion_system_secure_heap_prefetch_work
01-01 08:22:01.134 0 0 I Call trace:
01-01 08:22:01.134 0 0 I : dump_backtrace+0x0/0x258
01-01 08:22:01.134 0 0 I : show_stack+0x20/0x30
01-01 08:22:01.134 0 0 I : dump_stack+0xd8/0x12c
01-01 08:22:01.134 0 0 I : register_lock_class+0x4d0/0x5c8
01-01 08:22:01.134 0 0 I : __lock_acquire+0xbc/0x1e58
01-01 08:22:01.134 0 0 I : lock_acquire+0x1cc/0x218
01-01 08:22:01.134 0 0 I : _raw_spin_lock_irqsave+0x54/0x98
01-01 08:22:01.134 0 0 I : ion_system_secure_heap_prefetch_work+0x94/0x2c0
01-01 08:22:01.134 0 0 I : process_one_work+0x38c/0x660
01-01 08:22:01.134 0 0 I : worker_thread+0x268/0x4b8
01-01 08:22:01.134 0 0 I : kthread+0x140/0x150
01-01 08:22:01.134 0 0 I : ret_from_fork+0x10/0x1c
08-30 00:52:15.775 1044 2612 D CCodecBufferChannel: [c2.android.vorbis.decoder#439] start: updating output delay 0
08-30 00:52:15.776 1879 1879 I BluetoothAdapterService: initProfileServices: Initializing all bluetooth profile services
08-30 00:52:15.776 1879 1879 I BluetoothA2dpSinkServiceJni: classInitNative: succeeds
08-30 00:52:15.776 1879 1879 D HeadsetService: getHeadsetService(): returning com.android.bluetooth.hfp.HeadsetService@5e2c1fd
08-30 00:52:15.776 1879 1879 W HeadsetClientService: getHeadsetClientService(): service is null
08-30 00:52:15.776 1044 2626 D CCodec : allocate(c2.android.vorbis.decoder)
08-30 00:52:15.776 1879 1879 W MapClientService: getMapClientService(): service is null
08-30 00:52:15.776 1879 1879 D HidDeviceService: getHidDeviceService(): service is NULL
08-30 00:52:15.776 1879 1879 W PbapClientService: getPbapClientService(): service is null
08-30 00:52:15.776 1879 1879 W BluetoothGroupService: getGroupService(): service is NULL
08-30 00:52:15.777 1044 2612 I CCodecBufferChannel: pipelineRoom(3) is <= numClientBuffers(3). Not signalling any more buffers to client
08-30 00:52:15.777 1879 2077 I AdapterState: ON : entered
08-30 00:52:15.777 1879 2077 D AdapterProperties: Setting state to ON
08-30 00:52:15.780 1879 2163 D AdapterProperties: Scan Mode:21
08-30 00:52:15.780 1342 2624 D MediaBufferGroup: creating MemoryDealer
08-30 00:52:15.780 1879 2163 D AdapterProperties: Discoverable Timeout:120
08-30 00:52:15.780 1879 2163 D AdapterProperties: mLocalIOCapability set to 1
08-30 00:52:15.780 1879 2163 D AdapterProperties: mLocalIOCapabilityBLE set to 4
08-30 00:52:15.780 1879 2163 I btif_av : isBATEnabled: 0
08-30 00:52:15.780 1879 2163 E bt_btif : bta_av_co_get_active_peer: peer index out of bounds: 5
08-30 00:52:15.780 1879 2163 E bt_btif : btif_av_is_split_a2dp_enabled: No active peer codec config found, by default splitmode
08-30 00:52:15.781 1044 2612 I CCodecBufferChannel: pipelineRoom(2) is <= numClientBuffers(2). Not signalling any more buffers to client
08-30 00:52:15.782 1450 2616 D SimpleC2Component: Using output block pool with poolID 21 => got 21 - 0
08-30 00:52:15.782 1044 2612 I CCodecBufferChannel: pipelineRoom(1) is <= numClientBuffers(1). Not signalling any more buffers to client
08-30 00:52:15.782 1879 2077 D BluetoothAdapterService: updateAdapterState() - Broadcasting state ON to 1 receivers.
08-30 00:52:15.783 1044 1178 D BluetoothManagerService: MESSAGE_BLUETOOTH_STATE_CHANGE: TURNING_ON > ON
08-30 00:52:15.783 1044 1178 D BluetoothManagerService: Broadcasting onBluetoothStateChange(true) to 10 receivers.
08-30 00:52:15.783 1044 1178 D BluetoothHeadset: onBluetoothStateChange: up=true
08-30 00:52:15.783 1044 1178 D BluetoothHeadset: Binding service...
08-30 00:52:15.784 1044 1178 D BluetoothManagerService: Creating new ProfileServiceConnections object for profile: 1
08-30 00:52:15.794 1044 1178 D BluetoothHeadset: onBluetoothStateChange: up=true
08-30 00:52:15.794 1044 1178 D BluetoothHeadset: Binding service...
08-30 00:52:15.795 1882 2291 D MediaCodecList: codecHandlesFormat: no format, so no extra checks
08-30 00:52:15.796 1882 2291 D MediaCodecList: codecHandlesFormat: no format, so no extra checks
08-30 00:52:15.800 1882 1882 D InterruptionStateProvider: No bubble up: not allowed to bubble: -1|android|32|null|1000
08-30 00:52:15.801 1044 1178 W BluetoothManagerService: psc is not null in bindBluetoothProfileService
08-30 00:52:15.801 1044 1178 D BluetoothManagerService: Sending BLE State Change: TURNING_ON > ON
08-30 00:52:15.801 1882 2621 D BluetoothHearingAid: Binding service...
08-30 00:52:15.802 1882 1882 D InterruptionStateProvider: No heads up: unimportant notification: -1|android|32|null|1000
08-30 00:52:15.802 1882 2628 D CCodec : allocate(c2.android.vorbis.decoder)
08-30 00:52:15.802 1044 1178 D BluetoothManagerService: Sending State Change: TURNING_ON > ON
08-30 00:52:15.802 1044 1044 D CompanionDeviceManagerService: Received BT state transition broadcast: TURNING_ON -> ON
08-30 00:52:15.803 1044 1044 I CompanionDeviceManagerService: startBleScan()
08-30 00:52:15.806 1882 2628 I CCodec : setting up 'default' as default (vendor) store
08-30 00:52:15.807 1879 1879 W BluetoothAdapterService: fetchWifiState - isWifiConnected =false
08-30 00:52:15.807 1879 1879 D BluetoothVendorService: setWifiState to: false
08-30 00:52:15.808 1879 1879 I BluetoothVendorJni: setWifiStateNative
08-30 00:52:15.808 1879 1879 I bt_btif_vendor: setWifiState :0
08-30 00:52:15.808 1044 2058 D Fingerprint21: Daemon was null, reconnecting, current operation: null
08-30 00:52:15.810 1882 2176 D PeopleSpaceWidgetMgr: Sbn doesn't contain valid PeopleTileKey: null/-1/android
08-30 00:52:15.812 1882 2628 I CCodec : Created component [c2.android.vorbis.decoder]
08-30 00:52:15.812 1882 2628 D CCodecConfig: read media type: audio/vorbis
08-30 00:52:15.814 1879 1879 D BluetoothAdapterService: Soft AP is on band: 1
08-30 00:52:15.816 1879 1879 D BluetoothVendorService: getPowerBackoff
08-30 00:52:15.817 1882 2176 D LocalBluetoothProfileManager: Adding local A2DP profile
08-30 00:52:15.819 1882 2176 D BluetoothA2dp: Binding service...
08-30 00:52:15.820 1882 2628 D ReflectedParamUpdater: extent() != 1 for single value type: algo.buffers.max-count.values
08-30 00:52:15.821 1879 2174 D BluetoothActiveDeviceManager: handleMessage(MESSAGE_ADAPTER_ACTION_STATE_CHANGED): newState=12
08-30 00:52:15.822 1879 1879 D AvrcpBipRsp: action: android.bluetooth.adapter.action.STATE_CHANGED
08-30 00:52:15.822 1879 1879 D AvrcpBipRsp: state:12
08-30 00:52:15.822 1882 2628 D ReflectedParamUpdater: extent() != 1 for single value type: output.subscribed-indices.values
08-30 00:52:15.822 1882 2628 D ReflectedParamUpdater: extent() != 1 for single value type: input.buffers.allocator-ids.values
08-30 00:52:15.823 1879 1879 D BtOppService: action : android.bluetooth.adapter.action.STATE_CHANGED
08-30 00:52:15.824 1882 2628 D ReflectedParamUpdater: extent() != 1 for single value type: output.buffers.allocator-ids.values
08-30 00:52:15.825 1882 2628 D ReflectedParamUpdater: extent() != 1 for single value type: algo.buffers.allocator-ids.values
08-30 00:52:15.825 1882 2628 D ReflectedParamUpdater: extent() != 1 for single value type: output.buffers.pool-ids.values
08-30 00:52:15.826 1882 2628 D ReflectedParamUpdater: extent() != 1 for single value type: algo.buffers.pool-ids.values
08-30 00:52:15.828 1044 2626 I CCodec : setting up 'default' as default (vendor) store
08-30 00:52:15.828 1882 2628 I CCodecConfig: query failed after returning 7 values (BAD_INDEX)
08-30 00:52:15.828 1882 2628 D CCodecConfig: c2 config diff is Dict {
08-30 00:52:15.828 1882 2628 D CCodecConfig: c2::u32 coded.bitrate.value = 64000
08-30 00:52:15.828 1882 2628 D CCodecConfig: c2::u32 input.buffers.max-size.value = 32768
08-30 00:52:15.828 1882 2628 D CCodecConfig: c2::u32 input.delay.value = 0
08-30 00:52:15.828 1882 2628 D CCodecConfig: string input.media-type.value = "audio/vorbis"
08-30 00:52:15.828 1882 2628 D CCodecConfig: string output.media-type.value = "audio/raw"
08-30 00:52:15.828 1882 2628 D CCodecConfig: c2::u32 raw.channel-count.value = 1
08-30 00:52:15.828 1882 2628 D CCodecConfig: c2::u32 raw.sample-rate.value = 48000
08-30 00:52:15.828 1882 2628 D CCodecConfig: }
08-30 00:52:15.831 1882 2628 D CCodec : [c2.android.vorbis.decoder] buffers are bound to CCodec for this session
08-30 00:52:15.831 1882 2628 D CCodecConfig: no c2 equivalents for durationUs
08-30 00:52:15.831 1882 2628 D CCodecConfig: no c2 equivalents for track-id
08-30 00:52:15.831 1882 2628 D CCodecConfig: no c2 equivalents for csd-1
08-30 00:52:15.831 1882 2628 D CCodecConfig: no c2 equivalents for language
01-01 08:22:01.156 0 0 E : INFO: trying to register non-static key.
01-01 08:22:01.161 0 0 E : the code is fine but needs lockdep annotation.
01-01 08:22:01.167 0 0 I : CPU: 3 PID: 292 Comm: kworker/u16:8 Tainted: G S W O 4.19.157+ #1
01-01 08:22:01.167 0 0 I Hardware name: Qualcomm Technologies, Inc. kona MTP-RmPM8150b (DT)
01-01 08:22:01.167 0 0 I Workqueue: events_unbound ion_system_secure_heap_prefetch_work
01-01 08:22:01.167 0 0 I Call trace:
01-01 08:22:01.167 0 0 I : dump_backtrace+0x0/0x258
01-01 08:22:01.167 0 0 I : show_stack+0x20/0x30
01-01 08:22:01.167 0 0 I : dump_stack+0xd8/0x12c
01-01 08:22:01.167 0 0 I : register_lock_class+0x4d0/0x5c8
01-01 08:22:01.167 0 0 I : __lock_acquire+0xbc/0x1e58
01-01 08:22:01.167 0 0 I : lock_acquire+0x1cc/0x218
01-01 08:22:01.167 0 0 I : _raw_spin_lock_irqsave+0x54/0x98
01-01 08:22:01.167 0 0 I : ion_system_secure_heap_prefetch_work+0x94/0x2c0
01-01 08:22:01.167 0 0 I : process_one_work+0x38c/0x660
01-01 08:22:01.167 0 0 I : worker_thread+0x268/0x4b8
01-01 08:22:01.167 0 0 I : kthread+0x140/0x150
01-01 08:22:01.167 0 0 I : ret_from_fork+0x10/0x1c
01-01 08:22:01.170 0 0 E cnss_utils: WLAN MAC address is not set, type 0
01-01 08:22:01.176 0 0 W cnss_pci 0000: 01:00.0: Falling back to syfs fallback for: wlan/qca_cld/qca6390/wlan_mac.bin
01-01 08:22:01.185 0 0 E : INFO: trying to register non-static key.
01-01 08:22:01.191 0 0 E : the code is fine but needs lockdep annotation.
08-30 00:52:15.831 1882 2628 D CCodecConfig: no c2 equivalents for file-format
08-30 00:52:15.831 1882 2628 D CCodecConfig: no c2 equivalents for flags
08-30 00:52:15.831 1044 2626 I CCodec : Created component [c2.android.vorbis.decoder]
08-30 00:52:15.831 1044 2058 I android_os_HwBinder: HwBinder: Starting thread pool for getting: android.hardware.biometrics.fingerprint@2.1::IBiometricsFingerprint/default
08-30 00:52:15.832 1044 2626 D CCodecConfig: read media type: audio/vorbis
08-30 00:52:15.832 1882 2628 D CCodecConfig: config failed => CORRUPTED
08-30 00:52:15.832 1044 2058 D Fingerprint21: Fingerprint HAL ready, HAL ID: 5326416
08-30 00:52:15.832 1882 2628 D CCodecConfig: c2 config diff is c2::u32 coded.bitrate.value = 160000
08-30 00:52:15.832 1882 2628 D CCodecConfig: c2::u32 raw.channel-count.value = 2
08-30 00:52:15.833 1882 2628 W Codec2Client: query -- param skipped: index = 1107298332.
08-30 00:52:15.833 1882 2628 D CCodec : setup formats input: AMessage(what = 0x00000000) = {
08-30 00:52:15.833 1882 2628 D CCodec : int32_t bitrate = 160000
08-30 00:52:15.833 1882 2628 D CCodec : int32_t channel-count = 2
08-30 00:52:15.833 1882 2628 D CCodec : int32_t max-input-size = 65307
08-30 00:52:15.833 1882 2628 D CCodec : string mime = "audio/vorbis"
08-30 00:52:15.833 1882 2628 D CCodec : int32_t sample-rate = 48000
08-30 00:52:15.833 1882 2628 D CCodec : }
08-30 00:52:15.833 1882 2628 D CCodec : setup formats output: AMessage(what = 0x00000000) = {
08-30 00:52:15.833 1882 2628 D CCodec : int32_t channel-count = 2
08-30 00:52:15.833 1882 2628 D CCodec : string mime = "audio/raw"
08-30 00:52:15.833 1882 2628 D CCodec : int32_t sample-rate = 48000
08-30 00:52:15.833 1882 2628 D CCodec : int32_t android._config-pcm-encoding = 2
08-30 00:52:15.833 1882 2628 D CCodec : }
08-30 00:52:15.833 1044 1044 D BiometricScheduler/Fingerprint21: [Added] {[0] FingerprintUpdateActiveUserClient, proto=1, owner=android, cookie=0, requestId=-1, userId=0}, new queue size: 1
08-30 00:52:15.833 1044 1044 D BiometricScheduler/Fingerprint21: [Polled] {[0] FingerprintUpdateActiveUserClient, proto=1, owner=android, cookie=0, requestId=-1, userId=0}, State: 0
08-30 00:52:15.834 1044 1044 D BiometricScheduler/Fingerprint21: [Starting] {[0] FingerprintUpdateActiveUserClient, proto=1, owner=android, cookie=0, requestId=-1, userId=0}, State: 0
08-30 00:52:15.834 1882 2628 I CCodecConfig: query failed after returning 7 values (BAD_INDEX)
01-01 08:22:01.196 0 0 I : CPU: 3 PID: 292 Comm: kworker/u16:8 Tainted: G S W O 4.19.157+ #1
01-01 08:22:01.196 0 0 I Hardware name: Qualcomm Technologies, Inc. kona MTP-RmPM8150b (DT)
01-01 08:22:01.196 0 0 I Workqueue: events_unbound ion_system_secure_heap_prefetch_work
01-01 08:22:01.196 0 0 I Call trace:
01-01 08:22:01.196 0 0 I : dump_backtrace+0x0/0x258
01-01 08:22:01.196 0 0 I : show_stack+0x20/0x30
01-01 08:22:01.196 0 0 I : dump_stack+0xd8/0x12c
01-01 08:22:01.196 0 0 I : register_lock_class+0x4d0/0x5c8
01-01 08:22:01.196 0 0 I : __lock_acquire+0xbc/0x1e58
01-01 08:22:01.196 0 0 I : lock_acquire+0x1cc/0x218
01-01 08:22:01.196 0 0 I : _raw_spin_lock_irqsave+0x54/0x98
01-01 08:22:01.196 0 0 I : ion_system_secure_heap_prefetch_work+0x94/0x2c0
01-01 08:22:01.196 0 0 I : process_one_work+0x38c/0x660
01-01 08:22:01.196 0 0 I : worker_thread+0x268/0x4b8
01-01 08:22:01.196 0 0 I : kthread+0x140/0x150
01-01 08:22:01.196 0 0 I : ret_from_fork+0x10/0x1c
08-30 00:52:15.834 1044 1044 D BiometricScheduler/Fingerprint21: [Started] {[0] FingerprintUpdateActiveUserClient, proto=1, owner=android, cookie=0, requestId=-1, userId=0}
01-01 08:22:01.210 0 0 D qbt : qbt_open: entry minor_no=0 fd_available=1
01-01 08:22:01.210 0 0 D qbt : qbt_open: exit : 0 fd_available=0
01-01 08:22:01.210 0 0 D qbt : qbt_open: entry minor_no=1 fd_available=0
01-01 08:22:01.210 0 0 D qbt : qbt_open: exit : 0 fd_available=0
01-01 08:22:01.210 0 0 D qbt : qbt_ioctl: cmd received 107
01-01 08:22:01.210 0 0 D qbt : qbt_ioctl: Acquiring wakelock
08-30 00:52:15.836 1882 2628 W Codec2Client: query -- param skipped: index = 1342179345.
08-30 00:52:15.836 1882 2628 W Codec2Client: query -- param skipped: index = 2415921170.
08-30 00:52:15.836 1569 1569 I QFP : notifyPowerState: 2
08-30 00:52:15.836 1569 1569 I QFP : notifyPowerState: 2
08-30 00:52:15.836 1569 1569 I QFP : notifyPowerState: 2
08-30 00:52:15.836 1569 1569 I QFP : notifyPowerState: screen state 2
08-30 00:52:15.838 1882 2628 D CCodecBufferChannel: [c2.android.vorbis.decoder#239] Created input block pool with allocatorID 16 => poolID 19 - OK (0)
08-30 00:52:15.839 1044 2626 D ReflectedParamUpdater: extent() != 1 for single value type: algo.buffers.max-count.values
08-30 00:52:15.840 1044 2626 D ReflectedParamUpdater: extent() != 1 for single value type: output.subscribed-indices.values
08-30 00:52:15.841 1044 2626 D ReflectedParamUpdater: extent() != 1 for single value type: input.buffers.allocator-ids.values
08-30 00:52:15.841 1882 2628 I CCodecBufferChannel: [c2.android.vorbis.decoder#239] Created output block pool with allocatorID 16 => poolID 22 - OK
08-30 00:52:15.841 1044 2626 D ReflectedParamUpdater: extent() != 1 for single value type: output.buffers.allocator-ids.values
08-30 00:52:15.841 1882 2628 D CCodecBufferChannel: [c2.android.vorbis.decoder#239] Configured output block pool ids 22 => OK
08-30 00:52:15.841 1044 2626 D ReflectedParamUpdater: extent() != 1 for single value type: algo.buffers.allocator-ids.values
08-30 00:52:15.842 1044 2626 D ReflectedParamUpdater: extent() != 1 for single value type: output.buffers.pool-ids.values
08-30 00:52:15.842 1882 2628 D CCodecBufferChannel: [c2.android.vorbis.decoder#239] start: updating output delay 0
08-30 00:52:15.842 1044 2626 D ReflectedParamUpdater: extent() != 1 for single value type: algo.buffers.pool-ids.values
08-30 00:52:15.844 1882 2628 I CCodecBufferChannel: pipelineRoom(3) is <= numClientBuffers(3). Not signalling any more buffers to client
08-30 00:52:15.844 1044 2626 I CCodecConfig: query failed after returning 7 values (BAD_INDEX)
08-30 00:52:15.845 1044 2626 D CCodecConfig: c2 config diff is Dict {
08-30 00:52:15.845 1044 2626 D CCodecConfig: c2::u32 coded.bitrate.value = 64000
08-30 00:52:15.845 1044 2626 D CCodecConfig: c2::u32 input.buffers.max-size.value = 32768
08-30 00:52:15.845 1044 2626 D CCodecConfig: c2::u32 input.delay.value = 0
08-30 00:52:15.845 1044 2626 D CCodecConfig: string input.media-type.value = "audio/vorbis"
08-30 00:52:15.845 1044 2626 D CCodecConfig: string output.media-type.value = "audio/raw"
08-30 00:52:15.845 1044 2626 D CCodecConfig: c2::u32 raw.channel-count.value = 1
08-30 00:52:15.845 1044 2626 D CCodecConfig: c2::u32 raw.sample-rate.value = 48000
08-30 00:52:15.845 1044 2626 D CCodecConfig: }
08-30 00:52:15.845 1450 2630 D SimpleC2Component: Using output block pool with poolID 22 => got 22 - 0
01-01 08:22:01.215 0 0 E : INFO: trying to register non-static key.
08-30 00:52:15.845 1044 2626 D CCodec : [c2.android.vorbis.decoder] buffers are bound to CCodec for this session
08-30 00:52:15.845 1044 2626 D CCodecConfig: no c2 equivalents for durationUs
08-30 00:52:15.845 1044 2626 D CCodecConfig: no c2 equivalents for track-id
08-30 00:52:15.845 1044 2626 D CCodecConfig: no c2 equivalents for csd-1
08-30 00:52:15.846 1044 2626 D CCodecConfig: no c2 equivalents for language
08-30 00:52:15.846 1044 2626 D CCodecConfig: no c2 equivalents for file-format
08-30 00:52:15.846 1044 2626 D CCodecConfig: no c2 equivalents for flags
08-30 00:52:15.846 1044 2626 D CCodecConfig: config failed => CORRUPTED
08-30 00:52:15.847 1044 2626 D CCodecConfig: c2 config diff is c2::u32 coded.bitrate.value = 140000
08-30 00:52:15.847 1044 2626 W Codec2Client: query -- param skipped: index = 1107298332.
08-30 00:52:15.847 1044 2626 D CCodec : setup formats input: AMessage(what = 0x00000000) = {
08-30 00:52:15.847 1044 2626 D CCodec : int32_t bitrate = 140000
08-30 00:52:15.847 1044 2626 D CCodec : int32_t channel-count = 1
08-30 00:52:15.847 1044 2626 D CCodec : int32_t max-input-size = 65307
08-30 00:52:15.847 1044 2626 D CCodec : string mime = "audio/vorbis"
08-30 00:52:15.847 1044 2626 D CCodec : int32_t sample-rate = 48000
08-30 00:52:15.847 1044 2626 D CCodec : }
08-30 00:52:15.847 1044 2626 D CCodec : setup formats output: AMessage(what = 0x00000000) = {
08-30 00:52:15.847 1044 2626 D CCodec : int32_t channel-count = 1
08-30 00:52:15.847 1044 2626 D CCodec : string mime = "audio/raw"
08-30 00:52:15.847 1044 2626 D CCodec : int32_t sample-rate = 48000
08-30 00:52:15.847 1044 2626 D CCodec : int32_t android._config-pcm-encoding = 2
08-30 00:52:15.847 1044 2626 D CCodec : }
08-30 00:52:15.848 1044 2626 I CCodecConfig: query failed after returning 7 values (BAD_INDEX)
08-30 00:52:15.849 1882 2628 I CCodecBufferChannel: pipelineRoom(2) is <= numClientBuffers(2). Not signalling any more buffers to client
08-30 00:52:15.850 1569 2636 I QFP : Initializing QFP framework, container 0 handle 0
08-30 00:52:15.850 1569 2636 I QFP : getPersistPropVal: persist.vendor.qfp.qbt_fd_name = /dev/qbt_fd (default /dev/qbt_fd)
08-30 00:52:15.850 1569 2636 I QFP : getPersistPropVal: persist.vendor.qfp.qbt_ipc_name = /dev/qbt_ipc (default /dev/qbt_ipc)
08-30 00:52:15.850 1569 2636 E QFP : Dropping unsupported QBT command
08-30 00:52:15.851 1882 2628 I CCodecBufferChannel: pipelineRoom(1) is <= numClientBuffers(1). Not signalling any more buffers to client
08-30 00:52:15.852 1882 2176 D LocalBluetoothProfileManager: Adding local HEADSET profile
08-30 00:52:15.853 1569 2636 D QSEECOMAPI: QSEECom_get_handle sb_length = 0x40000
08-30 00:52:15.853 1569 2636 D QSEECOMAPI: App is not loaded in QSEE
08-30 00:52:15.853 1569 2636 D QSEECOMAPI: app_arch = 2, total_files = 9
08-30 00:52:15.854 1569 2636 E ion : ioctl c0044901 failed with code -1: Inappropriate ioctl for device
08-30 00:52:15.856 1879 1879 I BluetoothPhonePolicy: delay auto connect by 500 ms
08-30 00:52:15.856 1879 1879 D BluetoothAdapterService: isQuetModeEnabled() - Enabled = false
08-30 00:52:15.856 1879 1879 D AvrcpBipRsp: Handler(): got msg=1
08-30 00:52:15.856 1879 1879 D AvrcpBipRsp: startL2capListener
08-30 00:52:15.856 1879 1879 D AvrcpBipRsp: closeServerSocket
08-30 00:52:15.856 1879 1879 D ObexServerSockets: create(rfcomm = -1, l2capPsm = 4129)
08-30 00:52:15.856 1342 2624 D MediaBufferGroup: creating MemoryDealer
08-30 00:52:15.859 1882 2176 D BluetoothHeadset: Binding service...
08-30 00:52:15.860 1044 2058 W BluetoothManagerService: psc is not null in bindBluetoothProfileService
08-30 00:52:15.861 1882 2176 D LocalBluetoothProfileManager: Adding local MAP profile
08-30 00:52:15.861 837 837 W CamX : [ WARN][NCS ] camxncsintfqsee.cpp:628 ProbeSensor() Timed out for probing sensor 4!
08-30 00:52:15.861 1882 2176 D BluetoothMap: Create BluetoothMap proxy object
08-30 00:52:15.866 1044 2626 W Codec2Client: query -- param skipped: index = 1342179345.
08-30 00:52:15.866 1044 2626 W Codec2Client: query -- param skipped: index = 2415921170.
08-30 00:52:15.865 837 837 W CamX : [ WARN][NCS ] camxncsintfqsee.cpp:270 GetListOfSensors() Probe sensor 4 with error 9
08-30 00:52:15.867 1882 2176 D BluetoothMap: Binding service...
08-30 00:52:15.867 835 2542 I vendor.qti.bluetooth@1.0-ibs_handler: ProcessIbsCmd: Received IBS_SLEEP_IND: 0xFE
08-30 00:52:15.869 1044 2626 D CCodecBufferChannel: [c2.android.vorbis.decoder#947] Created input block pool with allocatorID 16 => poolID 20 - OK (0)
01-01 08:22:01.221 0 0 E : the code is fine but needs lockdep annotation.
01-01 08:22:01.226 0 0 I : CPU: 3 PID: 292 Comm: kworker/u16:8 Tainted: G S W O 4.19.157+ #1
01-01 08:22:01.226 0 0 I Hardware name: Qualcomm Technologies, Inc. kona MTP-RmPM8150b (DT)
01-01 08:22:01.226 0 0 I Workqueue: events_unbound ion_system_secure_heap_prefetch_work
01-01 08:22:01.226 0 0 I Call trace:
01-01 08:22:01.226 0 0 I : dump_backtrace+0x0/0x258
01-01 08:22:01.226 0 0 I : show_stack+0x20/0x30
01-01 08:22:01.226 0 0 I : dump_stack+0xd8/0x12c
01-01 08:22:01.226 0 0 I : register_lock_class+0x4d0/0x5c8
01-01 08:22:01.226 0 0 I : __lock_acquire+0xbc/0x1e58
01-01 08:22:01.226 0 0 I : lock_acquire+0x1cc/0x218
01-01 08:22:01.226 0 0 I : _raw_spin_lock_irqsave+0x54/0x98
01-01 08:22:01.226 0 0 I : ion_system_secure_heap_prefetch_work+0x94/0x2c0
01-01 08:22:01.226 0 0 I : process_one_work+0x38c/0x660
01-01 08:22:01.226 0 0 I : worker_thread+0x268/0x4b8
01-01 08:22:01.226 0 0 I : kthread+0x140/0x150
01-01 08:22:01.226 0 0 I : ret_from_fork+0x10/0x1c
01-01 08:22:01.248 0 0 E : INFO: trying to register non-static key.
01-01 08:22:01.253 0 0 E : the code is fine but needs lockdep annotation.
01-01 08:22:01.259 0 0 I : CPU: 3 PID: 292 Comm: kworker/u16:8 Tainted: G S W O 4.19.157+ #1
01-01 08:22:01.259 0 0 I Hardware name: Qualcomm Technologies, Inc. kona MTP-RmPM8150b (DT)
01-01 08:22:01.259 0 0 I Workqueue: events_unbound ion_system_secure_heap_prefetch_work
01-01 08:22:01.259 0 0 I Call trace:
01-01 08:22:01.259 0 0 I : dump_backtrace+0x0/0x258
01-01 08:22:01.259 0 0 I : show_stack+0x20/0x30
01-01 08:22:01.259 0 0 I : dump_stack+0xd8/0x12c
01-01 08:22:01.259 0 0 I : register_lock_class+0x4d0/0x5c8
01-01 08:22:01.259 0 0 I : __lock_acquire+0xbc/0x1e58
01-01 08:22:01.259 0 0 I : lock_acquire+0x1cc/0x218
01-01 08:22:01.259 0 0 I : _raw_spin_lock_irqsave+0x54/0x98
01-01 08:22:01.259 0 0 I : ion_system_secure_heap_prefetch_work+0x94/0x2c0
01-01 08:22:01.259 0 0 I : process_one_work+0x38c/0x660
01-01 08:22:01.259 0 0 I : worker_thread+0x268/0x4b8
01-01 08:22:01.259 0 0 I : kthread+0x140/0x150
01-01 08:22:01.259 0 0 I : ret_from_fork+0x10/0x1c
01-01 08:22:01.278 0 0 E : INFO: trying to register non-static key.
01-01 08:22:01.282 0 0 I [kworke][0x56c208fd][00:52:15.922628] wlan: [335:I:HDD] hdd_initialize_mac_address: 12589: using default MAC address
01-01 08:22:01.283 0 0 E : the code is fine but needs lockdep annotation.
01-01 08:22:01.283 0 0 I : CPU: 3 PID: 292 Comm: kworker/u16:8 Tainted: G S W O 4.19.157+ #1
01-01 08:22:01.289 0 0 I Hardware name: Qualcomm Technologies, Inc. kona MTP-RmPM8150b (DT)
01-01 08:22:01.289 0 0 I Workqueue: events_unbound ion_system_secure_heap_prefetch_work
01-01 08:22:01.289 0 0 I Call trace:
01-01 08:22:01.289 0 0 I : dump_backtrace+0x0/0x258
01-01 08:22:01.289 0 0 I : show_stack+0x20/0x30
01-01 08:22:01.289 0 0 I : dump_stack+0xd8/0x12c
01-01 08:22:01.289 0 0 I : register_lock_class+0x4d0/0x5c8
01-01 08:22:01.289 0 0 I : __lock_acquire+0xbc/0x1e58
01-01 08:22:01.289 0 0 I : lock_acquire+0x1cc/0x218
01-01 08:22:01.289 0 0 I : _raw_spin_lock_irqsave+0x54/0x98
01-01 08:22:01.289 0 0 I : ion_system_secure_heap_prefetch_work+0x94/0x2c0
01-01 08:22:01.289 0 0 I : process_one_work+0x38c/0x660
01-01 08:22:01.289 0 0 I : worker_thread+0x268/0x4b8
01-01 08:22:01.289 0 0 I : kthread+0x140/0x150
01-01 08:22:01.289 0 0 I : ret_from_fork+0x10/0x1c
01-01 08:22:01.289 0 0 E : INFO: trying to register non-static key.
01-01 08:22:01.294 0 0 E : the code is fine but needs lockdep annotation.
01-01 08:22:01.300 0 0 I : CPU: 3 PID: 292 Comm: kworker/u16:8 Tainted: G S W O 4.19.157+ #1
01-01 08:22:01.300 0 0 I Hardware name: Qualcomm Technologies, Inc. kona MTP-RmPM8150b (DT)
01-01 08:22:01.300 0 0 I Workqueue: events_unbound ion_system_secure_heap_prefetch_work
01-01 08:22:01.300 0 0 I Call trace:
01-01 08:22:01.300 0 0 I : dump_backtrace+0x0/0x258
01-01 08:22:01.300 0 0 I : show_stack+0x20/0x30
01-01 08:22:01.300 0 0 I : dump_stack+0xd8/0x12c
01-01 08:22:01.300 0 0 I : register_lock_class+0x4d0/0x5c8
01-01 08:22:01.300 0 0 I : __lock_acquire+0xbc/0x1e58
01-01 08:22:01.300 0 0 I : lock_acquire+0x1cc/0x218
01-01 08:22:01.300 0 0 I : _raw_spin_lock_irqsave+0x54/0x98
01-01 08:22:01.300 0 0 I : ion_system_secure_heap_prefetch_work+0x48/0x2c0
01-01 08:22:01.300 0 0 I : process_one_work+0x38c/0x660
01-01 08:22:01.300 0 0 I : worker_thread+0x33c/0x4b8
01-01 08:22:01.300 0 0 I : kthread+0x140/0x150
01-01 08:22:01.300 0 0 I : ret_from_fork+0x10/0x1c
08-30 00:52:15.871 1882 2176 D LocalBluetoothProfileManager: Adding local OPP profile
08-30 00:52:15.871 1882 2176 D LocalBluetoothProfileManager: Adding local HID_HOST profile
08-30 00:52:15.872 1882 2176 D BluetoothHidHost: Binding service...
08-30 00:52:15.874 1879 2547 W bt_l2cap: L2CAP - L2CA_Register() called for PSM: 0x1021
08-30 00:52:15.875 1044 2626 I CCodecBufferChannel: [c2.android.vorbis.decoder#947] Created output block pool with allocatorID 16 => poolID 23 - OK
08-30 00:52:15.875 1044 2626 D CCodecBufferChannel: [c2.android.vorbis.decoder#947] Configured output block pool ids 23 => OK
08-30 00:52:15.876 1044 2626 D CCodecBufferChannel: [c2.android.vorbis.decoder#947] start: updating output delay 0
08-30 00:52:15.881 1882 2176 D LocalBluetoothProfileManager: Adding local PAN profile
08-30 00:52:15.882 1879 1879 D ObexServerSockets: Succeed to create listening sockets
08-30 00:52:15.882 1879 1879 D ObexServerSockets2: startAccept()
08-30 00:52:15.883 1879 1879 I BtOppService: handleMessage :1
08-30 00:52:15.884 1879 1879 D BtOppService: start Socket Listeners
08-30 00:52:15.884 1879 1879 D BtOppService: stopListeners: mServerSocket is null
08-30 00:52:15.884 1450 2635 D SimpleC2Component: Using output block pool with poolID 23 => got 23 - 0
08-30 00:52:15.884 1879 1879 D ObexServerSockets: create(rfcomm = 12, l2capPsm = 4131)
08-30 00:52:15.886 1044 2626 I CCodecBufferChannel: pipelineRoom(3) is <= numClientBuffers(3). Not signalling any more buffers to client
08-30 00:52:15.895 1044 1178 D BluetoothHeadset: Proxy object connected
08-30 00:52:15.896 1342 2624 D MediaBufferGroup: creating MemoryDealer
08-30 00:52:15.898 1879 2547 I bt_stack: [INFO:port_api.cc(123)] RFCOMM_CreateConnection BDA: ff:ff:ff:ff:ff:ff
08-30 00:52:15.900 1879 1879 D BluetoothAdapter: listenUsingInsecureL2capOn: port=4131
08-30 00:52:15.901 1044 1178 D BluetoothHeadset: Proxy object connected
08-30 00:52:15.904 1879 2638 D ObexServerSockets2: Accepting socket connection...
08-30 00:52:15.904 1882 2176 D BluetoothPan: Binding service...
08-30 00:52:15.908 1879 2547 W bt_l2cap: L2CAP - L2CA_Register() called for PSM: 0x1023
08-30 00:52:15.910 1879 1879 D ObexServerSockets: Succeed to create listening sockets
08-30 00:52:15.910 1879 1879 D ObexServerSockets3: startAccept()
08-30 00:52:15.911 1879 1879 D BluetoothSdpJni: sdpCreateOppOpsRecordNative
08-30 00:52:15.911 1879 1879 D BluetoothSdpJni: SDP Create record success - handle: 3
08-30 00:52:15.911 1879 2547 W bt_device_profile: profile_feature_fetch:profile 5
08-30 00:52:15.911 1879 2547 W bt_device_profile: profile_feature_fetch:opp_0100_support found 0
08-30 00:52:15.911 1879 1879 D BtOppService: mOppSdpHandle :3
08-30 00:52:15.914 835 2542 I vendor.qti.bluetooth@1.0-ibs_handler: ProcessIbsCmd: Received IBS_WAKE_IND: 0xFD
08-30 00:52:15.914 835 2542 I vendor.qti.bluetooth@1.0-ibs_handler: ProcessIbsCmd: Writing IBS_WAKE_ACK
08-30 00:52:15.917 1879 2642 D ObexServerSockets3: Accepting socket connection...
08-30 00:52:15.917 1879 2641 D ObexServerSockets3: Accepting socket connection...
08-30 00:52:15.922 1882 2176 D LocalBluetoothProfileManager: Adding local PBAP profile
08-30 00:52:15.940 1882 1882 D BluetoothHearingAid: Proxy object connected
08-30 00:52:15.940 1882 2628 D CCodecBufferChannel: [c2.android.vorbis.decoder#239] MediaCodec discarded an unknown buffer
08-30 00:52:15.940 1882 2628 D CCodecBufferChannel: [c2.android.vorbis.decoder#239] MediaCodec discarded an unknown buffer
08-30 00:52:15.941 1882 2628 D CCodecBufferChannel: [c2.android.vorbis.decoder#239] MediaCodec discarded an unknown buffer
08-30 00:52:15.948 1493 1493 I cnss-daemon: nl80211 response handler invoked
08-30 00:52:15.948 1493 1493 I cnss-daemon: nl80211_response_handler: cmd 103, vendorID 4980, subcmd 181 received
08-30 00:52:15.948 1493 1493 I cnss-daemon: interop issues ap: ff:ff:ff:ff:ff:ff
08-30 00:52:15.948 1493 1493 I cnss-daemon: interop issues ap: driver trigger update
08-30 00:52:15.948 1493 1493 E cnss-daemon: no interop issues ap currently
08-30 00:52:15.961 1882 2621 D BluetoothHeadset: Proxy object connected
08-30 00:52:15.965 1044 2612 D CCodecBufferChannel: [c2.android.vorbis.decoder#439] MediaCodec discarded an unknown buffer
08-30 00:52:15.965 1044 2612 D CCodecBufferChannel: [c2.android.vorbis.decoder#439] MediaCodec discarded an unknown buffer
08-30 00:52:15.965 1044 2612 D CCodecBufferChannel: [c2.android.vorbis.decoder#439] MediaCodec discarded an unknown buffer
08-30 00:52:15.965 1882 1882 D WallpaperService: Wallpaper has updated the surface:null
08-30 00:52:15.974 1882 2176 D LocalBluetoothProfileManager: Adding local SAP profile
08-30 00:52:15.981 1882 2628 I hw-BpHwBinder: onLastStrongRef automatically unlinking death recipients
08-30 00:52:15.981 2131 2251 I Tethering: adding IpServer for: wlan0
08-30 00:52:15.981 1450 2622 I hw-BpHwBinder: onLastStrongRef automatically unlinking death recipients
08-30 00:52:15.984 1882 2176 D BluetoothSap: Create BluetoothSap proxy object
08-30 00:52:15.987 1882 2176 D BluetoothSap: Binding service...
08-30 00:52:15.987 1882 1882 D BluetoothA2dp: Proxy object connected
08-30 00:52:15.995 835 2542 I vendor.qti.bluetooth@1.0-ibs_handler: ProcessIbsCmd: Received IBS_SLEEP_IND: 0xFE
01-01 08:22:01.342 0 0 W QSEECOM : qseecom_load_app: App (fingerpr) does'nt exist, loading apps for first time
08-30 00:52:16.000 1044 2644 I hw-BpHwBinder: onLastStrongRef automatically unlinking death recipients
08-30 00:52:16.001 1044 2140 I WifiService: updateInterfaceIpState uid=1073
08-30 00:52:16.002 1882 1882 D BluetoothMap: Proxy object connected
08-30 00:52:16.002 1882 1882 D BluetoothMap: getConnectedDevices()
08-30 00:52:16.003 1044 1737 D WifiService: updateInterfaceIpState: ifaceName=wlan0 mode=-1 previous LOHS mode= -1
08-30 00:52:16.007 1536 1572 D LOWI-9.0.0.87.a: [LOWINetlinkSocketReceiver] unpackRTMLinkMessage: RTM_NEWLINK - ifname wlan0, flags 0x1002 ()
08-30 00:52:16.008 1536 1572 D LOWI-9.0.0.87.a: [LOWINetlinkSocketReceiver] processNetlinkPacket: ifname(wlan0) status(0)
08-30 00:52:16.008 1536 1572 D LOWI-9.0.0.87.a: [LOWIController] intfStateReceived: ifname(wlan0) state(0)
08-30 00:52:16.008 1536 1586 D LOWI-9.0.0.87.a: [LOWIEventReceiver] handleEvent:FROM:NA, TO:NA, REQ:NA, IREQ:NA, REQ_ID:0, RESP:NA, INFO:INTF-STATUS-UPDATE
08-30 00:52:16.008 1536 1586 D LOWI-9.0.0.87.a: [LOWIEventReceiver] Info to [INTF-STATUS-UPDATE]
08-30 00:52:16.008 1536 1586 D LOWI-9.0.0.87.a: [LOWIController] updateIntfState: WIFI enabled 0 mNlWifiStatus -1 mWifiStateEnabled 0
08-30 00:52:16.008 1536 1586 D LOWI-9.0.0.87.a: [LOWIController] isWifiEnabled: mNlWifiStatus 0 mWifiStateEnabled 0
08-30 00:52:16.017 1044 1733 W BestClock: java.time.DateTimeException: Missing NTP fix
08-30 00:52:16.021 1044 1176 I EthernetTracker: interfaceLinkStateChanged, iface: wlan0, up: false
01-01 08:22:01.388 0 0 I binder : undelivered transaction 23268, process died.
01-01 08:22:01.389 0 0 D : mv2112_read_status
01-01 08:22:01.390 0 0 D mv2112_update_link: 3.0x901(1G): 0x4
01-01 08:22:01.390 0 0 D mv2112_update_link: 3.0x8109(100M): 0x8
01-01 08:22:01.390 0 0 D mv2112_update_link: link 0x4
01-01 08:22:01.390 0 0 D mv2112_read_status: autoneg is disabled
08-30 00:52:16.029 1879 1925 I service_manager_slow: [17,permission_checker]
08-30 00:52:16.039 684 2469 I netd : trafficSwapActiveStatsMap() <13.57ms>
08-30 00:52:16.047 2131 2251 I Tethering: adding IpServer for: p2p0
08-30 00:52:16.051 1342 1403 I MMParserExtractor: Created(0xb400006e4bceecb0)
08-30 00:52:16.055 1882 1882 D BluetoothHidHost: Proxy object connected
08-30 00:52:16.057 684 2469 I netd : tetherGetStats() -> {[]} <15.10ms>
08-30 00:52:16.058 1879 1925 D BluetoothHidHostService: getDevicesMatchingConnectionStates()
08-30 00:52:16.062 1882 1882 D BluetoothPan: Proxy object connected
