08-30 00:52:14.057 1044 1176 E TelephonyManager: at android.net.ConnectivityManager$CallbackHandler.handleMessage(ConnectivityManager.java:3866)
08-30 00:52:14.057 1044 1176 E TelephonyManager: at android.os.Handler.dispatchMessage(Handler.java:106)
08-30 00:52:14.057 1044 1176 E TelephonyManager: at android.os.Looper.loopOnce(Looper.java:201)
08-30 00:52:14.057 1044 1176 E TelephonyManager: at android.os.Looper.loop(Looper.java:288)
08-30 00:52:14.057 1044 1176 E TelephonyManager: at android.os.HandlerThread.run(HandlerThread.java:67)
08-30 00:52:14.057 1044 1176 E TelephonyManager: at com.android.server.ServiceThread.run(ServiceThread.java:44)
08-30 00:52:14.057 1044 1734 W BestClock: java.time.DateTimeException: Missing NTP fix
08-30 00:52:14.057 2293 2293 I QCC:OperationMode: readOpMode operationMode: 1
01-01 08:21:59.411 0 0 E : INFO: trying to register non-static key.
01-01 08:21:59.416 0 0 E : the code is fine but needs lockdep annotation.
01-01 08:21:59.422 0 0 I : CPU: 6 PID: 292 Comm: kworker/u16:8 Tainted: G S W O 4.19.157+ #1
01-01 08:21:59.422 0 0 I Hardware name: Qualcomm Technologies, Inc. kona MTP-RmPM8150b (DT)
01-01 08:21:59.422 0 0 I Workqueue: events_unbound ion_system_secure_heap_prefetch_work
01-01 08:21:59.422 0 0 I Call trace:
01-01 08:21:59.422 0 0 I : dump_backtrace+0x0/0x258
01-01 08:21:59.422 0 0 I : show_stack+0x20/0x30
01-01 08:21:59.422 0 0 I : dump_stack+0xd8/0x12c
01-01 08:21:59.422 0 0 I : register_lock_class+0x4d0/0x5c8
01-01 08:21:59.422 0 0 I : __lock_acquire+0xbc/0x1e58
01-01 08:21:59.422 0 0 I : lock_acquire+0x1cc/0x218
01-01 08:21:59.422 0 0 I : _raw_spin_lock_irqsave+0x54/0x98
01-01 08:21:59.422 0 0 I : ion_system_secure_heap_prefetch_work+0x94/0x2c0
01-01 08:21:59.422 0 0 I : process_one_work+0x38c/0x660
01-01 08:21:59.422 0 0 I : worker_thread+0x268/0x4b8
01-01 08:21:59.422 0 0 I : kthread+0x140/0x150
01-01 08:21:59.422 0 0 I : ret_from_fork+0x10/0x1c
01-01 08:21:59.424 0 0 D cnss : Received QMI WLFW pin connect result indication
01-01 08:21:59.424 0 0 D cnss : Pin connect Result: pwr_pin: 0x1 phy_io_pin: 0x0 rf_io_pin: 0x0
01-01 08:21:59.424 0 0 D cnss : Assign MSI to user: CE, num_vectors: 10, user_base_data: 803, base_vector: 3
08-30 00:52:14.057 1350 1418 I OMXClient: IOmx service obtained
08-30 00:52:14.057 2293 2293 I QCC:OperationMode: storedOpMode : 1 and opMode : 1
08-30 00:52:14.057 2293 2293 I QCC:OperationMode: not newer one
08-30 00:52:14.057 1044 1176 I GnssNetworkConnectivityHandler: updateNetworkState, state=CLOSED, connected=true, network=100, capabilities=[ Transports: ETHERNET Capabilities: NOT_METERED&INTERNET&NOT_RESTRICTED&TRUSTED&NOT_VPN&VALIDATED&NOT_ROAMING&FOREGROUND&NOT_CONGESTED&NOT_SUSPENDED&NOT_VCN_MANAGED LinkUpBandwidth>=100000Kbps LinkDnBandwidth>=100000Kbps], availableNetworkCount: 1
08-30 00:52:14.057 1372 2410 I OMXMaster: makeComponentInstance(OMX.qcom.video.encoder.hevc.cq) in android.hardwar process
08-30 00:52:14.057 2293 2293 I QCC:OptInOutHandler: getTypeOptInOut, key : data_preference
08-30 00:52:14.058 890 890 I LocSvc__AGnssRilInterface: ===> updateNetworkState_2_0 line 111
08-30 00:52:14.059 1044 1753 D ConnectivityService: Setting DNS servers for network 100 to [/192.168.1.1]
08-30 00:52:14.059 890 950 I LocSvc_SystemStatusOsObserver: DataItem: ACTIVE_NETWORK_INFO::TYPEs_MASK: 2, TYPE_NAME: , SUB_TYPE_NAME: , IS_AVAILABLE: true, IS_CONNECTED: true, IS_ROAMING: false, NETWORK_HANDLE_0: 432902426637:1, NETWORK_HANDLE_1: 18446744073709551615:10, NETWORK_HANDLE_2: 18446744073709551615:10, NETWORK_HANDLE_3: 18446744073709551615:10, NETWORK_HANDLE_4: 18446744073709551615:10, NETWORK_HANDLE_5: 18446744073709551615:10, NETWORK_HANDLE_6: 18446744073709551615:10, NETWORK_HANDLE_7: 18446744073709551615:10, NETWORK_HANDLE_8: 18446744073709551615:10, NETWORK_HANDLE_9: 18446744073709551615:10, APN_NAME: 00:80:0f:74:31:00 >> XtraSystemStatusObserver
08-30 00:52:14.059 890 950 I LocSvc_SystemStatusOsObserver: DataItem: ACTIVE_NETWORK_INFO::TYPEs_MASK: 2, TYPE_NAME: , SUB_TYPE_NAME: , IS_AVAILABLE: true, IS_CONNECTED: true, IS_ROAMING: false, NETWORK_HANDLE_0: 432902426637:1, NETWORK_HANDLE_1: 18446744073709551615:10, NETWORK_HANDLE_2: 18446744073709551615:10, NETWORK_HANDLE_3: 18446744073709551615:10, NETWORK_HANDLE_4: 18446744073709551615:10, NETWORK_HANDLE_5: 18446744073709551615:10, NETWORK_HANDLE_6: 18446744073709551615:10, NETWORK_HANDLE_7: 18446744073709551615:10, NETWORK_HANDLE_8: 18446744073709551615:10, NETWORK_HANDLE_9: 18446744073709551615:10, APN_NAME: 00:80:0f:74:31:00 >> NativeAgpsHandler
08-30 00:52:14.059 1044 1753 D DnsManager: sendDnsConfigurationForNetwork(100, [192.168.1.1], [], 1800, 25, 8, 64, 0, 0, , [192.168.1.1])
08-30 00:52:14.060 684 2469 D resolv : PrivateDnsConfiguration::set(100, 0xf0064, 1, )
08-30 00:52:14.060 684 2469 I resolv : resolv_set_nameservers: netId = 100, numservers = 1
08-30 00:52:14.060 684 2469 D resolv : android_getaddrinfofornetcontext: explore_numeric: ai_family=10 ai_socktype=2 ai_protocol=17
08-30 00:52:14.060 684 2469 D resolv : explore_numeric_scope
08-30 00:52:14.060 684 2469 D resolv : android_getaddrinfofornetcontext: explore_numeric: ai_family=2 ai_socktype=2 ai_protocol=17
08-30 00:52:14.060 684 2469 D resolv : explore_numeric_scope
08-30 00:52:14.060 684 2469 I netd : DnsResolverService::setResolverConfiguration(100, [192.168.1.1], [], 1800, 25, 8, 64, 0, 0, "", [192.168.1.1]) -> (0) (0.6ms)
08-30 00:52:14.061 684 2469 I netd : setResolverConfiguration(ResolverParamsParcel{netId: 100, sampleValiditySeconds: 1800, successThreshold: 25, minSamples: 8, maxSamples: 64, baseTimeoutMsec: 0, retryCount: 0, servers: [192.168.1.1], domains: [], tlsName: , tlsServers: [192.168.1.1], tlsFingerprints: [], caCertificate: , tlsConnectTimeoutMs: 0, resolverOptions: (null), transportTypes: [3]}) <0.79ms>
08-30 00:52:14.061 1044 1734 W BestClock: java.time.DateTimeException: Missing NTP fix
08-30 00:52:14.062 1044 1734 W BestClock: java.time.DateTimeException: Missing NTP fix
08-30 00:52:14.063 1044 1466 I am_uid_running: 10088
08-30 00:52:14.064 1044 2479 E NtpTimeHelper: requestTime failed
08-30 00:52:14.064 1044 1179 I screen_toggled: 1
08-30 00:52:14.064 1044 1179 W KeyguardServiceDelegate: onScreenTurningOn(): no keyguard service!
08-30 00:52:14.066 684 2480 D resolv : GetAddrInfoHandler::run: {100 983140 100 983140 1000 1}
08-30 00:52:14.066 684 2480 D resolv : resolv_getaddrinfo: explore_fqdn(): ai_family=0 ai_socktype=1 ai_protocol=6
08-30 00:52:14.071 1044 1466 D CompatibilityChangeReporter: Compat change id reported: 135634846; UID 10088; state: DISABLED
08-30 00:52:14.072 1044 1466 D CompatibilityChangeReporter: Compat change id reported: 177438394; UID 10088; state: DISABLED
08-30 00:52:14.072 1044 1466 D CompatibilityChangeReporter: Compat change id reported: 135772972; UID 10088; state: DISABLED
08-30 00:52:14.072 1044 1466 D CompatibilityChangeReporter: Compat change id reported: 135754954; UID 10088; state: ENABLED
08-30 00:52:14.072 1882 1882 D ControlsListingControllerImpl: Initializing
08-30 00:52:14.073 1044 1199 D CompatibilityChangeReporter: Compat change id reported: 143937733; UID 10088; state: ENABLED
01-01 08:21:59.434 0 0 I [kworke][0x54a4daf4][00:52:14.075399] wlan: [335:I:HIF] ce_srng_dest_ring_setup: ce_id 1
01-01 08:21:59.434 0 0 D cnss : Assign MSI to user: CE, num_vectors: 10, user_base_data: 803, base_vector: 3
01-01 08:21:59.435 0 0 I [kworke][0x54a4ea7f][00:52:14.075607] wlan: [335:I:HIF] ce_srng_status_ring_setup: ce_id 1
01-01 08:21:59.435 0 0 D cnss : Assign MSI to user: CE, num_vectors: 10, user_base_data: 803, base_vector: 3
01-01 08:21:59.435 0 0 I [kworke][0x54a4f769][00:52:14.075779] wlan: [335:I:HIF] ce_srng_dest_ring_setup: ce_id 2
01-01 08:21:59.435 0 0 D cnss : Assign MSI to user: CE, num_vectors: 10, user_base_data: 803, base_vector: 3
01-01 08:21:59.435 0 0 I [kworke][0x54a502b2][00:52:14.075929] wlan: [335:I:HIF] ce_srng_status_ring_setup: ce_id 2
01-01 08:21:59.435 0 0 D cnss : Assign MSI to user: CE, num_vectors: 10, user_base_data: 803, base_vector: 3
01-01 08:21:59.435 0 0 D cnss : Assign MSI to user: CE, num_vectors: 10, user_base_data: 803, base_vector: 3
01-01 08:21:59.437 0 0 E : INFO: trying to register non-static key.
08-30 00:52:14.081 1372 2410 I android.hardware.media.omx@1.0-service: vendor/qcom/proprietary/adsprpc/src/rpcmem_android.c:159: rpcmem_init_internal: opened ION device fd 7, configured heap IDs: system (0x2000000), contig (0x400000), secure (0x200), secure flags (0x80080000)
08-30 00:52:14.081 1372 2410 I android.hardware.media.omx@1.0-service: vendor/qcom/proprietary/adsprpc/src/fastrpc_apps_user.c:3087: fastrpc_apps_user_init done with default domain:3 and &fastrpc_trace:0xf2977c1c
08-30 00:52:14.086 684 2481 D resolv : doQuery: (1, 1)
01-01 08:21:59.442 0 0 E : the code is fine but needs lockdep annotation.
08-30 00:52:14.087 684 2481 D resolv : res_nmkquery: (QUERY, IN, A)
01-01 08:21:59.448 0 0 I msm_vidc: high: 00000001: ....e: Opening video instance: ffffffce96764000, 0
08-30 00:52:14.087 684 2481 D resolv : res_nsend
01-01 08:21:59.448 0 0 I : CPU: 5 PID: 292 Comm: kworker/u16:8 Tainted: G S W O 4.19.157+ #1
01-01 08:21:59.448 0 0 I Hardware name: Qualcomm Technologies, Inc. kona MTP-RmPM8150b (DT)
08-30 00:52:14.087 684 2481 I resolv : resolv_cache_lookup: lookup
01-01 08:21:59.448 0 0 I Workqueue: events_unbound ion_system_secure_heap_prefetch_work
01-01 08:21:59.448 0 0 I Call trace:
01-01 08:21:59.448 0 0 I : dump_backtrace+0x0/0x258
08-30 00:52:14.087 684 2481 I resolv : resolv_cache_lookup: NOT IN CACHE
01-01 08:21:59.448 0 0 I : show_stack+0x20/0x30
01-01 08:21:59.448 0 0 I : dump_stack+0xd8/0x12c
08-30 00:52:14.087 684 2481 I resolv : resolv_populate_res_for_net: netid=100
01-01 08:21:59.448 0 0 I : register_lock_class+0x4d0/0x5c8
01-01 08:21:59.448 0 0 I : __lock_acquire+0xbc/0x1e58
08-30 00:52:14.087 684 2481 I resolv : res_stats_usable_server: NS stats: S 0 + E 0 + T 0 + I 0 = 0, rtt = -1, min_samples = 8
01-01 08:21:59.448 0 0 I : lock_acquire+0x1cc/0x218
01-01 08:21:59.448 0 0 I : _raw_spin_lock_irqsave+0x54/0x98
01-01 08:21:59.448 0 0 I : ion_system_secure_heap_prefetch_work+0x94/0x2c0
01-01 08:21:59.448 0 0 I : process_one_work+0x38c/0x660
08-30 00:52:14.087 684 2481 D resolv : res_nsend: Querying server (# 1) address = 192.168.1.1:53
01-01 08:21:59.448 0 0 I : worker_thread+0x268/0x4b8
01-01 08:21:59.448 0 0 I : kthread+0x140/0x150
01-01 08:21:59.448 0 0 I : ret_from_fork+0x10/0x1c
08-30 00:52:14.088 1372 2410 D PlatformConfig: getInstance: Enter
08-30 00:52:14.088 1372 2410 D PlatformConfig: getInt32 Config name: vidc_perf_control_enable value: 0
08-30 00:52:14.088 1372 2410 D PlatformConfig: getInstance: Enter
08-30 00:52:14.088 1372 2410 D PlatformConfig: getInt32: Returning default
08-30 00:52:14.088 1372 2410 D PlatformConfig: getInstance: Enter
08-30 00:52:14.088 1372 2410 D PlatformConfig: getInt32 Config name: vidc_enc_log_in value: 0
08-30 00:52:14.088 1372 2410 D PlatformConfig: getInstance: Enter
08-30 00:52:14.088 1372 2410 D PlatformConfig: getInt32 Config name: vidc_enc_log_out value: 0
08-30 00:52:14.088 1372 2410 D PlatformConfig: getInstance: Enter
08-30 00:52:14.088 1372 2410 D PlatformConfig: getInt32 Config name: vidc_enc_csc_custom_matrix value: 0
08-30 00:52:14.088 1372 2410 D PlatformConfig: getInstance: Enter
08-30 00:52:14.088 1372 2410 D PlatformConfig: getInt32 Config name: vidc_enc_auto_blur_disable value: 0
08-30 00:52:14.088 1372 2410 D PlatformConfig: getInstance: Enter
08-30 00:52:14.088 1372 2410 D PlatformConfig: getInt32: Returning default
08-30 00:52:14.088 1372 2410 D PlatformConfig: getInstance: Enter
08-30 00:52:14.088 1372 2410 D PlatformConfig: getInt32 Config name: vidc_enc_linear_color_format value: 0
08-30 00:52:14.088 1372 2410 D PlatformConfig: getInstance: Enter
08-30 00:52:14.088 1372 2410 D PlatformConfig: getInt32 Config name: vidc_enc_bitrate_savings_enable value: 3
08-30 00:52:14.088 1372 2410 D PlatformConfig: getInstance: Enter
08-30 00:52:14.088 1372 2410 D PlatformConfig: getInt32 Config name: vidc_enc_quality_boost_enable value: 1
08-30 00:52:14.088 684 2481 D resolv : send_dg: new DG socket
08-30 00:52:14.089 684 2481 I resolv : get_timeout: using timeout of 5000 msec
08-30 00:52:14.089 684 2481 I resolv : retrying_poll: 57 retrying_poll
08-30 00:52:14.093 1044 1753 W ContextImpl: Calling a method in the system process without a qualified user: android.app.ContextImpl.sendStickyBroadcast:1559 com.android.server.ConnectivityService.sendStickyBroadcast:2811 com.android.server.ConnectivityService.sendGeneralBroadcast:2786 com.android.server.ConnectivityService.sendInetConditionBroadcast:2763 com.android.server.ConnectivityService.updateInetCondition:8451
08-30 00:52:14.094 1372 2410 I OMX-VENC: Component_init : OMX.qcom.video.encoder.hevc.cq : return = 0x0
08-30 00:52:14.097 1882 2176 D ControlsListingControllerImpl: Subscribing callback, service count: 0
08-30 00:52:14.097 1372 1372 I OMX-VENC: venc_dev: v4l2 profile : 0 flags : 7
08-30 00:52:14.097 1372 1372 I OMX-VENC: venc_dev: v4l2 profile : 2 flags : 7
08-30 00:52:14.099 1372 1372 I OMX-VENC: venc_dev: v4l2 profile : 1 flags : 7
08-30 00:52:14.099 1372 1372 I OMX-VENC: venc_dev: v4l2 profile : 2 flags : 7
08-30 00:52:14.100 1372 1372 I OMX-VENC: venc_dev: v4l2 profile : 2 flags : 7
01-01 08:21:59.451 0 0 E : INFO: trying to register non-static key.
01-01 08:21:59.456 0 0 E : the code is fine but needs lockdep annotation.
01-01 08:21:59.462 0 0 I : CPU: 5 PID: 292 Comm: kworker/u16:8 Tainted: G S W O 4.19.157+ #1
01-01 08:21:59.462 0 0 I Hardware name: Qualcomm Technologies, Inc. kona MTP-RmPM8150b (DT)
01-01 08:21:59.462 0 0 I Workqueue: events_unbound ion_system_secure_heap_prefetch_work
01-01 08:21:59.462 0 0 I Call trace:
01-01 08:21:59.462 0 0 I : dump_backtrace+0x0/0x258
01-01 08:21:59.462 0 0 I : show_stack+0x20/0x30
01-01 08:21:59.462 0 0 I : dump_stack+0xd8/0x12c
01-01 08:21:59.462 0 0 I : register_lock_class+0x4d0/0x5c8
01-01 08:21:59.462 0 0 I : __lock_acquire+0xbc/0x1e58
01-01 08:21:59.462 0 0 I : lock_acquire+0x1cc/0x218
01-01 08:21:59.462 0 0 I : _raw_spin_lock_irqsave+0x54/0x98
01-01 08:21:59.462 0 0 I : ion_system_secure_heap_prefetch_work+0x94/0x2c0
01-01 08:21:59.462 0 0 I : process_one_work+0x38c/0x660
01-01 08:21:59.462 0 0 I : worker_thread+0x268/0x4b8
01-01 08:21:59.462 0 0 I : kthread+0x140/0x150
01-01 08:21:59.462 0 0 I : ret_from_fork+0x10/0x1c
08-30 00:52:14.102 1350 1418 W OMXUtils: do not know color format 0x7fa30c06 = 2141391878
08-30 00:52:14.104 1350 1418 W OMXUtils: do not know color format 0x7fa30c04 = 2141391876
08-30 00:52:14.108 1350 1418 W OMXUtils: do not know color format 0x7fa30c00 = 2141391872
08-30 00:52:14.109 1350 1418 W OMXUtils: do not know color format 0x7fa30c09 = 2141391881
08-30 00:52:14.110 1350 1418 W OMXUtils: do not know color format 0x7fa30c0a = 2141391882
08-30 00:52:14.111 1350 1418 W OMXUtils: do not know color format 0x7fa30c08 = 2141391880
01-01 08:21:59.464 0 0 E : INFO: trying to register non-static key.
01-01 08:21:59.470 0 0 E : the code is fine but needs lockdep annotation.
01-01 08:21:59.475 0 0 I : CPU: 5 PID: 292 Comm: kworker/u16:8 Tainted: G S W O 4.19.157+ #1
01-01 08:21:59.475 0 0 I Hardware name: Qualcomm Technologies, Inc. kona MTP-RmPM8150b (DT)
01-01 08:21:59.475 0 0 I Workqueue: events_unbound ion_system_secure_heap_prefetch_work
01-01 08:21:59.475 0 0 I Call trace:
01-01 08:21:59.475 0 0 I : dump_backtrace+0x0/0x258
01-01 08:21:59.475 0 0 I : show_stack+0x20/0x30
01-01 08:21:59.475 0 0 I : dump_stack+0xd8/0x12c
01-01 08:21:59.475 0 0 I : register_lock_class+0x4d0/0x5c8
01-01 08:21:59.475 0 0 I : __lock_acquire+0xbc/0x1e58
01-01 08:21:59.475 0 0 I : lock_acquire+0x1cc/0x218
01-01 08:21:59.475 0 0 I : _raw_spin_lock_irqsave+0x54/0x98
08-30 00:52:14.113 1044 2140 W ServiceManager: Permission failure: android.permission.HIGH_SAMPLING_RATE_SENSORS from uid=10079 pid=2418
08-30 00:52:14.116 1882 1882 D NavigationModeController: getCurrentInteractionMode: mode=2 contextUser=0
08-30 00:52:14.117 1882 1882 D NavigationModeController: getCurrentInteractionMode: mode=2 contextUser=0
01-01 08:21:59.475 0 0 I : ion_system_secure_heap_prefetch_work+0x94/0x2c0
01-01 08:21:59.475 0 0 I : process_one_work+0x38c/0x660
01-01 08:21:59.475 0 0 I : worker_thread+0x268/0x4b8
01-01 08:21:59.475 0 0 I : kthread+0x140/0x150
01-01 08:21:59.475 0 0 I : ret_from_fork+0x10/0x1c
01-01 08:21:59.476 0 0 I [kworke][0x54b11ade][00:52:14.117213] wlan: [335:I:HIF] ce_srng_dest_ring_setup: ce_id 5
01-01 08:21:59.476 0 0 D cnss : Assign MSI to user: CE, num_vectors: 10, user_base_data: 803, base_vector: 3
01-01 08:21:59.477 0 0 I [kworke][0x54b13713][00:52:14.117589] wlan: [335:I:HIF] ce_srng_status_ring_setup: ce_id 5
01-01 08:21:59.477 0 0 D cnss : Assign MSI to user: CE, num_vectors: 10, user_base_data: 803, base_vector: 3
01-01 08:21:59.477 0 0 I [kworke][0x54b1700e][00:52:14.118349] wlan: [335:I:HIF] hif_configure_irq: E
01-01 08:21:59.477 0 0 D cnss : Assign MSI to user: WAKE, num_vectors: 1, user_base_data: 813, base_vector: 13
01-01 08:21:59.477 0 0 D cnss : Get IRQ number 425 for vector index 13
01-01 08:21:59.478 0 0 E : INFO: trying to register non-static key.
01-01 08:21:59.478 0 0 D cnss : Assign MSI to user: CE, num_vectors: 10, user_base_data: 803, base_vector: 3
08-30 00:52:14.118 1350 1418 W OMXUtils: do not know color format 0x7fa30c07 = 2141391879
08-30 00:52:14.122 1350 1418 W OMXUtils: do not know color format 0x7f000789 = 2130708361
01-01 08:21:59.481 0 0 W logd : Skipping entries from slow reader, pid 1284, fd 14, from LogBuffer::Prune()
01-01 08:21:59.482 0 0 W logd : Skipping entries from slow reader, pid 1284, fd 14, from LogBuffer::Prune()
01-01 08:21:59.483 0 0 E : the code is fine but needs lockdep annotation.
01-01 08:21:59.483 0 0 I : CPU: 5 PID: 292 Comm: kworker/u16:8 Tainted: G S W O 4.19.157+ #1
01-01 08:21:59.483 0 0 I Hardware name: Qualcomm Technologies, Inc. kona MTP-RmPM8150b (DT)
01-01 08:21:59.483 0 0 I Workqueue: events_unbound ion_system_secure_heap_prefetch_work
01-01 08:21:59.483 0 0 I Call trace:
01-01 08:21:59.483 0 0 I : dump_backtrace+0x0/0x258
01-01 08:21:59.483 0 0 I : show_stack+0x20/0x30
01-01 08:21:59.483 0 0 I : dump_stack+0xd8/0x12c
01-01 08:21:59.483 0 0 I : register_lock_class+0x4d0/0x5c8
01-01 08:21:59.483 0 0 I : __lock_acquire+0xbc/0x1e58
01-01 08:21:59.483 0 0 I : lock_acquire+0x1cc/0x218
01-01 08:21:59.483 0 0 I : _raw_spin_lock_irqsave+0x54/0x98
01-01 08:21:59.483 0 0 I : ion_system_secure_heap_prefetch_work+0x94/0x2c0
01-01 08:21:59.483 0 0 I : process_one_work+0x38c/0x660
01-01 08:21:59.483 0 0 I : worker_thread+0x268/0x4b8
01-01 08:21:59.483 0 0 I : kthread+0x140/0x150
01-01 08:21:59.483 0 0 I : ret_from_fork+0x10/0x1c
01-01 08:21:59.486 0 0 E : INFO: trying to register non-static key.
08-30 00:52:14.128 1372 2484 E OMX-VENC: venc_dev: async_venc_message_thread interrupted to be exited
08-30 00:52:14.131 1372 2410 I OMX-VENC: Component Deinit
08-30 00:52:14.131 2093 2107 I webview_zygote: Background young concurrent copying GC freed 507(72KB) AllocSpace objects, 0(0B) LOS objects, 93% free, 1831KB/25MB, paused 12.058ms,34us total 29.588ms
01-01 08:21:59.489 0 0 D cnss : Get IRQ number 415 for vector index 3
01-01 08:21:59.490 0 0 I msm_vidc: high: 00000001: h265e: Closed video instance: ffffffce96764000
01-01 08:21:59.494 0 0 E : the code is fine but needs lockdep annotation.
01-01 08:21:59.494 0 0 I : CPU: 5 PID: 292 Comm: kworker/u16:8 Tainted: G S W O 4.19.157+ #1
01-01 08:21:59.494 0 0 I Hardware name: Qualcomm Technologies, Inc. kona MTP-RmPM8150b (DT)
01-01 08:21:59.494 0 0 I Workqueue: events_unbound ion_system_secure_heap_prefetch_work
01-01 08:21:59.494 0 0 I Call trace:
01-01 08:21:59.494 0 0 I : dump_backtrace+0x0/0x258
01-01 08:21:59.494 0 0 I : show_stack+0x20/0x30
01-01 08:21:59.494 0 0 I : dump_stack+0xd8/0x12c
01-01 08:21:59.494 0 0 I : register_lock_class+0x4d0/0x5c8
01-01 08:21:59.494 0 0 I : __lock_acquire+0xbc/0x1e58
01-01 08:21:59.494 0 0 I : lock_acquire+0x1cc/0x218
01-01 08:21:59.494 0 0 I : _raw_spin_lock_irqsave+0x54/0x98
01-01 08:21:59.494 0 0 I : ion_system_secure_heap_prefetch_work+0x94/0x2c0
01-01 08:21:59.494 0 0 I : process_one_work+0x38c/0x660
01-01 08:21:59.494 0 0 I : worker_thread+0x268/0x4b8
01-01 08:21:59.494 0 0 I : kthread+0x140/0x150
01-01 08:21:59.494 0 0 I : ret_from_fork+0x10/0x1c
01-01 08:21:59.496 0 0 E : INFO: trying to register non-static key.
01-01 08:21:59.501 0 0 D cnss : Get IRQ number 416 for vector index 4
01-01 08:21:59.505 0 0 E : the code is fine but needs lockdep annotation.
01-01 08:21:59.505 0 0 I : CPU: 5 PID: 292 Comm: kworker/u16:8 Tainted: G S W O 4.19.157+ #1
01-01 08:21:59.505 0 0 I Hardware name: Qualcomm Technologies, Inc. kona MTP-RmPM8150b (DT)
01-01 08:21:59.505 0 0 I Workqueue: events_unbound ion_system_secure_heap_prefetch_work
01-01 08:21:59.505 0 0 I Call trace:
01-01 08:21:59.505 0 0 I : dump_backtrace+0x0/0x258
01-01 08:21:59.505 0 0 I : show_stack+0x20/0x30
01-01 08:21:59.505 0 0 I : dump_stack+0xd8/0x12c
01-01 08:21:59.505 0 0 I : register_lock_class+0x4d0/0x5c8
01-01 08:21:59.505 0 0 I : __lock_acquire+0xbc/0x1e58
01-01 08:21:59.505 0 0 I : lock_acquire+0x1cc/0x218
01-01 08:21:59.505 0 0 I : _raw_spin_lock_irqsave+0x54/0x98
01-01 08:21:59.505 0 0 I : ion_system_secure_heap_prefetch_work+0x94/0x2c0
01-01 08:21:59.505 0 0 I : process_one_work+0x38c/0x660
01-01 08:21:59.505 0 0 I : worker_thread+0x268/0x4b8
01-01 08:21:59.505 0 0 I : kthread+0x140/0x150
01-01 08:21:59.505 0 0 I : ret_from_fork+0x10/0x1c
08-30 00:52:14.137 1882 1882 D NavigationModeController: getCurrentUserContext: contextUser=0 currentUser=0
08-30 00:52:14.140 1882 1882 D NavigationModeController: getCurrentInteractionMode: mode=2 contextUser=0
08-30 00:52:14.144 1044 2140 I InputDispatcher: Created monitor swipe-up for display 0, gesture=true, pid=2418
08-30 00:52:14.147 1044 1684 I InputDispatcher: Erasing monitor swipe-up (server) on display 0, pid=2418
08-30 00:52:14.148 1044 2140 I InputDispatcher: Created monitor swipe-up for display 0, gesture=true, pid=2418
08-30 00:52:14.148 1372 2410 I android.hardware.media.omx@1.0-service: vendor/qcom/proprietary/adsprpc/src/rpcmem_android.c:192: rpcmem_deinit_internal: closed ION fd 7
08-30 00:52:14.149 1372 2410 I android.hardware.media.omx@1.0-service: vendor/qcom/proprietary/adsprpc/src/fastrpc_apps_user.c:3019: fastrpc_apps_user_deinit done
01-01 08:21:59.508 0 0 E : INFO: trying to register non-static key.
01-01 08:21:59.515 0 0 D cnss : Get IRQ number 417 for vector index 5
08-30 00:52:14.157 1350 1418 I OMXClient: IOmx service obtained
08-30 00:52:14.157 1372 1963 I OMXMaster: makeComponentInstance(OMX.qcom.video.encoder.mpeg4sw) in android.hardwar process
08-30 00:52:14.160 1044 1178 I DropBoxManagerService: add tag=system_app_strictmode isTagEnabled=true flags=0x2
08-30 00:52:14.161 2418 2418 W ContextImpl: Failed to ensure /data/user/0/com.android.launcher3/files: mkdir failed: errno 126 (Required key not available)
08-30 00:52:14.164 2418 2418 D TouchInteractionService: Touch service connected: user=0
01-01 08:21:59.516 0 0 E : the code is fine but needs lockdep annotation.
01-01 08:21:59.516 0 0 I : CPU: 5 PID: 292 Comm: kworker/u16:8 Tainted: G S W O 4.19.157+ #1
01-01 08:21:59.516 0 0 I Hardware name: Qualcomm Technologies, Inc. kona MTP-RmPM8150b (DT)
01-01 08:21:59.516 0 0 I Workqueue: events_unbound ion_system_secure_heap_prefetch_work
01-01 08:21:59.522 0 0 I Call trace:
01-01 08:21:59.522 0 0 I : dump_backtrace+0x0/0x258
01-01 08:21:59.522 0 0 I : show_stack+0x20/0x30
01-01 08:21:59.522 0 0 I : dump_stack+0xd8/0x12c
01-01 08:21:59.522 0 0 I : register_lock_class+0x4d0/0x5c8
01-01 08:21:59.522 0 0 I : __lock_acquire+0xbc/0x1e58
01-01 08:21:59.522 0 0 I : lock_acquire+0x1cc/0x218
01-01 08:21:59.522 0 0 I : _raw_spin_lock_irqsave+0x54/0x98
01-01 08:21:59.522 0 0 I : ion_system_secure_heap_prefetch_work+0x94/0x2c0
01-01 08:21:59.522 0 0 I : process_one_work+0x38c/0x660
01-01 08:21:59.522 0 0 I : worker_thread+0x268/0x4b8
01-01 08:21:59.522 0 0 I : kthread+0x140/0x150
01-01 08:21:59.522 0 0 I : ret_from_fork+0x10/0x1c
01-01 08:21:59.523 0 0 D cnss : Get IRQ number 418 for vector index 6
01-01 08:21:59.523 0 0 D cnss : Get IRQ number 420 for vector index 8
01-01 08:21:59.524 0 0 D cnss : Get IRQ number 421 for vector index 9
01-01 08:21:59.524 0 0 D cnss : Get IRQ number 423 for vector index 11
01-01 08:21:59.525 0 0 E : INFO: trying to register non-static key.
01-01 08:21:59.526 0 0 E [kworke][0x54bfd7f8][00:52:14.167521] wlan: [335:E:mlme] mlme_init_reg_cfg: 2374: null pdev
01-01 08:21:59.530 0 0 E : the code is fine but needs lockdep annotation.
01-01 08:21:59.530 0 0 I : CPU: 5 PID: 292 Comm: kworker/u16:8 Tainted: G S W O 4.19.157+ #1
01-01 08:21:59.530 0 0 I Hardware name: Qualcomm Technologies, Inc. kona MTP-RmPM8150b (DT)
01-01 08:21:59.530 0 0 I Workqueue: events_unbound ion_system_secure_heap_prefetch_work
01-01 08:21:59.530 0 0 I Call trace:
01-01 08:21:59.530 0 0 I : dump_backtrace+0x0/0x258
01-01 08:21:59.530 0 0 I : show_stack+0x20/0x30
01-01 08:21:59.530 0 0 I : dump_stack+0xd8/0x12c
01-01 08:21:59.530 0 0 I : register_lock_class+0x4d0/0x5c8
01-01 08:21:59.530 0 0 I : __lock_acquire+0xbc/0x1e58
01-01 08:21:59.530 0 0 I : lock_acquire+0x1cc/0x218
01-01 08:21:59.530 0 0 I : _raw_spin_lock_irqsave+0x54/0x98
01-01 08:21:59.530 0 0 I : ion_system_secure_heap_prefetch_work+0x94/0x2c0
01-01 08:21:59.530 0 0 I : process_one_work+0x38c/0x660
01-01 08:21:59.530 0 0 I : worker_thread+0x268/0x4b8
01-01 08:21:59.530 0 0 I : kthread+0x140/0x150
01-01 08:21:59.530 0 0 I : ret_from_fork+0x10/0x1c
08-30 00:52:14.170 1044 1178 I DropBoxManagerService: add tag=system_app_strictmode isTagEnabled=true flags=0x2
08-30 00:52:14.170 1044 2140 D CompatibilityChangeReporter: Compat change id reported: 168419799; UID 10087; state: DISABLED
01-01 08:21:59.533 0 0 E : INFO: trying to register non-static key.
01-01 08:21:59.542 0 0 E i2c_geni 980000.i2c: i2c error :-107
01-01 08:21:59.542 0 0 E [kworke][0x54c45a32][00:52:14.182911] wlan: [335:E:WMI] WMI handle is NULL
01-01 08:21:59.542 0 0 I [kworke][0x54c461a3][00:52:14.183010] wlan: [335:I:HIF] Initializing Runtime PM wakelock &p2p_soc_obj->roc_runtime_lock
01-01 08:21:59.542 0 0 D cnss : Platform cap_flag is 0x4
01-01 08:21:59.542 0 0 E [kworke][0x54c46a8d][00:52:14.183129] wlan: [335:E:QDF] cds_get_context: 1486: Module ID 66 context is Null
01-01 08:21:59.546 0 0 E : the code is fine but needs lockdep annotation.
01-01 08:21:59.546 0 0 I : CPU: 5 PID: 292 Comm: kworker/u16:8 Tainted: G S W O 4.19.157+ #1
01-01 08:21:59.546 0 0 I Hardware name: Qualcomm Technologies, Inc. kona MTP-RmPM8150b (DT)
01-01 08:21:59.546 0 0 I Workqueue: events_unbound ion_system_secure_heap_prefetch_work
01-01 08:21:59.546 0 0 I Call trace:
01-01 08:21:59.546 0 0 I : dump_backtrace+0x0/0x258
01-01 08:21:59.546 0 0 I : show_stack+0x20/0x30
01-01 08:21:59.546 0 0 I : dump_stack+0xd8/0x12c
01-01 08:21:59.546 0 0 I : register_lock_class+0x4d0/0x5c8
01-01 08:21:59.546 0 0 I : __lock_acquire+0xbc/0x1e58
01-01 08:21:59.546 0 0 I : lock_acquire+0x1cc/0x218
01-01 08:21:59.546 0 0 I : _raw_spin_lock_irqsave+0x54/0x98
01-01 08:21:59.546 0 0 I : ion_system_secure_heap_prefetch_work+0x94/0x2c0
01-01 08:21:59.546 0 0 I : process_one_work+0x38c/0x660
01-01 08:21:59.546 0 0 I : worker_thread+0x268/0x4b8
01-01 08:21:59.546 0 0 I : kthread+0x140/0x150
01-01 08:21:59.546 0 0 I : ret_from_fork+0x10/0x1c
01-01 08:21:59.551 0 0 E : INFO: trying to register non-static key.
08-30 00:52:14.192 1044 1178 I DropBoxManagerService: add tag=system_app_strictmode isTagEnabled=true flags=0x2
08-30 00:52:14.199 1372 1963 I android.hardware.media.omx@1.0-service: vendor/qcom/proprietary/adsprpc/src/rpcmem_android.c:159: rpcmem_init_internal: opened ION device fd 7, configured heap IDs: system (0x2000000), contig (0x400000), secure (0x200), secure flags (0x80080000)
08-30 00:52:14.199 1372 1963 I android.hardware.media.omx@1.0-service: vendor/qcom/proprietary/adsprpc/src/fastrpc_apps_user.c:3087: fastrpc_apps_user_init done with default domain:3 and &fastrpc_trace:0xf267ac1c
08-30 00:52:14.207 1372 1963 D PlatformConfig: getInstance: Enter
08-30 00:52:14.207 1372 1963 D PlatformConfig: getInt32 Config name: vidc_enc_log_in value: 0
08-30 00:52:14.207 1372 1963 D PlatformConfig: getInstance: Enter
08-30 00:52:14.207 1372 1963 D PlatformConfig: getInt32 Config name: vidc_enc_log_out value: 0
08-30 00:52:14.207 1372 1963 I SWVENC : >>> swvenc_init(): MPEG-4 codec, version date: 2017-01-27T12:02:22+0530
01-01 08:21:59.558 0 0 E : [MAX975X:mcu_keep_wakeup_work_func] *ERROR* Failed to write dev:0x15 addr:0x22 value:0x80
01-01 08:21:59.564 0 0 E : the code is fine but needs lockdep annotation.
01-01 08:21:59.564 0 0 I : CPU: 5 PID: 292 Comm: kworker/u16:8 Tainted: G S W O 4.19.157+ #1
01-01 08:21:59.564 0 0 I Hardware name: Qualcomm Technologies, Inc. kona MTP-RmPM8150b (DT)
01-01 08:21:59.564 0 0 I Workqueue: events_unbound ion_system_secure_heap_prefetch_work
01-01 08:21:59.564 0 0 I Call trace:
01-01 08:21:59.564 0 0 I : dump_backtrace+0x0/0x258
01-01 08:21:59.564 0 0 I : show_stack+0x20/0x30
01-01 08:21:59.564 0 0 I : dump_stack+0xd8/0x12c
01-01 08:21:59.564 0 0 I : register_lock_class+0x4d0/0x5c8
01-01 08:21:59.564 0 0 I : __lock_acquire+0xbc/0x1e58
01-01 08:21:59.564 0 0 I : lock_acquire+0x1cc/0x218
01-01 08:21:59.564 0 0 I : _raw_spin_lock_irqsave+0x54/0x98
01-01 08:21:59.564 0 0 I : ion_system_secure_heap_prefetch_work+0x94/0x2c0
01-01 08:21:59.564 0 0 I : process_one_work+0x38c/0x660
01-01 08:21:59.564 0 0 I : worker_thread+0x268/0x4b8
01-01 08:21:59.564 0 0 I : kthread+0x140/0x150
01-01 08:21:59.564 0 0 I : ret_from_fork+0x10/0x1c
08-30 00:52:14.209 1372 1963 I SWVENC : --- set_state(): SWVENC_STATE_INVALID -> SWVENC_STATE_INIT
08-30 00:52:14.209 1372 1963 I SWVENC : >>> swvenc_check_inst_load():
08-30 00:52:14.209 1372 1963 I SWVENC : >>> swvenc_setproperty():
08-30 00:52:14.209 1372 1963 I SWVENC : --- set_profile(): simple profile
08-30 00:52:14.209 1372 1963 I SWVENC : >>> swvenc_setproperty():
08-30 00:52:14.209 1372 1963 I SWVENC : --- set_level(): 0
08-30 00:52:14.209 1372 1963 I SWVENC : >>> swvenc_setproperty():
08-30 00:52:14.209 1372 1963 I SWVENC : --- set_frame_size(): 176 x 144
08-30 00:52:14.209 1372 1963 I SWVENC : >>> swvenc_setproperty():
08-30 00:52:14.209 1372 1963 I SWVENC : --- set_property(): frame attributes: y,uv strides: 176,176; y,uv offsets: 0,25344; size: 38016
08-30 00:52:14.209 1372 1963 I SWVENC : >>> swvenc_getproperty():
08-30 00:52:14.209 1372 1963 I SWVENC : --- get_buffer_req(): input: 38016 byte buffers x (5 to 32), aligned to 128 byte boundaries
08-30 00:52:14.209 1372 1963 I SWVENC : >>> swvenc_getproperty():
08-30 00:52:14.209 1372 1963 I SWVENC : --- get_buffer_req(): output: 38016 byte buffers x (5 to 32), aligned to 128 byte boundaries
08-30 00:52:14.211 685 685 D Zygote : Forked child process 2491
08-30 00:52:14.213 1044 1199 W ActivityManager: Slow operation: 142ms so far, now at startProcess: returned from zygote!
08-30 00:52:14.213 1044 1199 W ActivityManager: Slow operation: 143ms so far, now at startProcess: done updating battery stats
08-30 00:52:14.213 1044 1199 I am_proc_start: [0,2491,10088,com.qualcomm.qti.qccauthmgr,content provider,{com.qualcomm.qti.qccauthmgr/com.qualcomm.qti.qccauthmgr.providers.SMQContentProvider}]
08-30 00:52:14.213 1044 1199 W ActivityManager: Slow operation: 143ms so far, now at startProcess: building log message
08-30 00:52:14.213 1044 1199 I ActivityManager: Start proc 2491:com.qualcomm.qti.qccauthmgr/u0a88 for content provider {com.qualcomm.qti.qccauthmgr/com.qualcomm.qti.qccauthmgr.providers.SMQContentProvider}
08-30 00:52:14.213 1044 1199 W ActivityManager: Slow operation: 143ms so far, now at startProcess: starting to update pids map
08-30 00:52:14.214 1044 1199 W ActivityManager: Slow operation: 144ms so far, now at startProcess: done updating pids map
01-01 08:21:59.570 0 0 E : INFO: trying to register non-static key.
08-30 00:52:14.219 1350 1418 W OMXUtils: do not know color format 0x7fa30c04 = 2141391876
08-30 00:52:14.221 1350 1418 W OMXUtils: do not know color format 0x7fa30c00 = 2141391872
08-30 00:52:14.223 1350 1418 W OMXUtils: do not know color format 0x7f000789 = 2130708361
08-30 00:52:14.225 1372 1963 I SWVENC : >>> swvenc_deinit():
08-30 00:52:14.226 1372 1963 I SWVENC : --- ~c_swvenc_mpeg4():
08-30 00:52:14.226 1372 1963 I SWVENC : --- set_state(): SWVENC_STATE_INIT -> SWVENC_STATE_INVALID
08-30 00:52:14.226 1372 2489 I SWVENC : --- thread_eventd(): SWVENC_THREAD_SIGNAL_EXIT
08-30 00:52:14.229 1882 1882 D StatusBar: disable disable2
08-30 00:52:14.229 1372 2488 I SWVENC : --- thread_worker(): SWVENC_THREAD_SIGNAL_EXIT
08-30 00:52:14.233 1372 1963 I SWVENC : --- swvenc_deinit(): all done, goodbye!
08-30 00:52:14.247 1882 1882 V KeyguardUpdateMonitor: *** register callback for com.android.systemui.statusbar.phone.ScrimController$KeyguardVisibilityCallback@2eaafb8
08-30 00:52:14.247 1882 1882 V KeyguardUpdateMonitor: *** unregister callback for null
01-01 08:21:59.607 0 0 E : the code is fine but needs lockdep annotation.
01-01 08:21:59.612 0 0 I : CPU: 1 PID: 292 Comm: kworker/u16:8 Tainted: G S W O 4.19.157+ #1
01-01 08:21:59.612 0 0 I Hardware name: Qualcomm Technologies, Inc. kona MTP-RmPM8150b (DT)
01-01 08:21:59.612 0 0 I Workqueue: events_unbound ion_system_secure_heap_prefetch_work
01-01 08:21:59.612 0 0 I Call trace:
01-01 08:21:59.612 0 0 I : dump_backtrace+0x0/0x258
01-01 08:21:59.612 0 0 I : show_stack+0x20/0x30
01-01 08:21:59.612 0 0 I : dump_stack+0xd8/0x12c
01-01 08:21:59.612 0 0 I : register_lock_class+0x4d0/0x5c8
01-01 08:21:59.612 0 0 I : __lock_acquire+0xbc/0x1e58
01-01 08:21:59.612 0 0 I : lock_acquire+0x1cc/0x218
01-01 08:21:59.612 0 0 I : _raw_spin_lock_irqsave+0x54/0x98
01-01 08:21:59.612 0 0 I : ion_system_secure_heap_prefetch_work+0x94/0x2c0
01-01 08:21:59.612 0 0 I : process_one_work+0x38c/0x660
01-01 08:21:59.612 0 0 I : worker_thread+0x268/0x4b8
01-01 08:21:59.612 0 0 I : kthread+0x140/0x150
01-01 08:21:59.612 0 0 I : ret_from_fork+0x10/0x1c
01-01 08:21:59.613 0 0 E i2c_geni 980000.i2c: i2c error :-107
08-30 00:52:14.263 1372 1963 I android.hardware.media.omx@1.0-service: vendor/qcom/proprietary/adsprpc/src/rpcmem_android.c:192: rpcmem_deinit_internal: closed ION fd 7
08-30 00:52:14.263 1372 1963 I android.hardware.media.omx@1.0-service: vendor/qcom/proprietary/adsprpc/src/fastrpc_apps_user.c:3019: fastrpc_apps_user_deinit done
01-01 08:21:59.616 0 0 E : INFO: trying to register non-static key.
01-01 08:21:59.619 0 0 E : [MAX975X:mcu_keep_wakeup_work_func] *ERROR* Failed to write dev:0x15 addr:0x20 value:0x09
01-01 08:21:59.623 0 0 E : the code is fine but needs lockdep annotation.
01-01 08:21:59.623 0 0 I : CPU: 1 PID: 292 Comm: kworker/u16:8 Tainted: G S W O 4.19.157+ #1
01-01 08:21:59.623 0 0 I Hardware name: Qualcomm Technologies, Inc. kona MTP-RmPM8150b (DT)
01-01 08:21:59.623 0 0 I Workqueue: events_unbound ion_system_secure_heap_prefetch_work
01-01 08:21:59.623 0 0 I Call trace:
01-01 08:21:59.623 0 0 I : dump_backtrace+0x0/0x258
01-01 08:21:59.623 0 0 I : show_stack+0x20/0x30
01-01 08:21:59.623 0 0 I : dump_stack+0xd8/0x12c
01-01 08:21:59.623 0 0 I : register_lock_class+0x4d0/0x5c8
01-01 08:21:59.623 0 0 I : __lock_acquire+0xbc/0x1e58
01-01 08:21:59.623 0 0 I : lock_acquire+0x1cc/0x218
01-01 08:21:59.623 0 0 I : _raw_spin_lock_irqsave+0x54/0x98
08-30 00:52:14.271 1882 1882 D StatusBar: mUserSetupObserver - DeviceProvisionedListener called for user 0
08-30 00:52:14.271 1882 1882 D StatusBar: updateQsExpansionEnabled - QS Expand enabled: true
08-30 00:52:14.272 1882 1882 D StatusBar: mUserSetupObserver - DeviceProvisionedListener called for user 0
08-30 00:52:14.273 1882 2117 D OpenGLRenderer: profile bars disabled
08-30 00:52:14.273 1882 2117 D OpenGLRenderer: ambientRatio = 1.50
01-01 08:21:59.638 0 0 I : ion_system_secure_heap_prefetch_work+0x94/0x2c0
01-01 08:21:59.638 0 0 I : process_one_work+0x38c/0x660
01-01 08:21:59.638 0 0 I : worker_thread+0x268/0x4b8
08-30 00:52:14.279 1350 1418 I OMXClient: IOmx service obtained
08-30 00:52:14.279 1372 1372 I OMXMaster: makeComponentInstance(OMX.google.mpeg4.encoder) in android.hardwar process
08-30 00:52:14.280 1372 1372 I SoftMPEG4Encoder: Construct SoftMPEG4Encoder
08-30 00:52:14.287 1350 1418 W OMXUtils: do not know color format 0x7f000789 = 2130708361
08-30 00:52:14.287 1372 1372 E OMXNodeInstance: getConfig(0xf4a805c0:google.mpeg4.encoder, ConfigAndroidIntraRefresh(0x6f60000a)) ERROR: Undefined(0x80001001)
08-30 00:52:14.288 1372 1372 E OMXNodeInstance: getParameter(0xf4a805c0:google.mpeg4.encoder, ParamVideoIntraRefresh(0x6000006)) ERROR: UnsupportedIndex(0x8000101a)
08-30 00:52:14.288 1350 1418 D MediaCodecInfo: detail feature-frame-parsing wasn't present to remove
08-30 00:52:14.294 1350 1418 I OMXClient: IOmx service obtained
01-01 08:21:59.638 0 0 I : kthread+0x140/0x150
01-01 08:21:59.638 0 0 I : ret_from_fork+0x10/0x1c
01-01 08:21:59.648 0 0 E : INFO: trying to register non-static key.
01-01 08:21:59.653 0 0 E : the code is fine but needs lockdep annotation.
01-01 08:21:59.655 0 0 E [kworke][0x54e5938d][00:52:14.296314] wlan: [335:E:QDF] cds_get_context: 1486: Module ID 66 context is Null
01-01 08:21:59.659 0 0 I : CPU: 1 PID: 292 Comm: kworker/u16:8 Tainted: G S W O 4.19.157+ #1
01-01 08:21:59.659 0 0 I Hardware name: Qualcomm Technologies, Inc. kona MTP-RmPM8150b (DT)
01-01 08:21:59.659 0 0 I Workqueue: events_unbound ion_system_secure_heap_prefetch_work
01-01 08:21:59.659 0 0 I Call trace:
01-01 08:21:59.659 0 0 I : dump_backtrace+0x0/0x258
01-01 08:21:59.659 0 0 I : show_stack+0x20/0x30
01-01 08:21:59.659 0 0 I : dump_stack+0xd8/0x12c
08-30 00:52:14.297 1372 1963 I OMXMaster: makeComponentInstance(OMX.qcom.video.encoder.vp8) in android.hardwar process
01-01 08:21:59.670 0 0 I : register_lock_class+0x4d0/0x5c8
01-01 08:21:59.670 0 0 I : __lock_acquire+0xbc/0x1e58
01-01 08:21:59.670 0 0 I : lock_acquire+0x1cc/0x218
01-01 08:21:59.670 0 0 I : _raw_spin_lock_irqsave+0x54/0x98
01-01 08:21:59.670 0 0 I : ion_system_secure_heap_prefetch_work+0x94/0x2c0
01-01 08:21:59.670 0 0 I : process_one_work+0x38c/0x660
01-01 08:21:59.670 0 0 I : worker_thread+0x268/0x4b8
01-01 08:21:59.670 0 0 I : kthread+0x140/0x150
01-01 08:21:59.670 0 0 I : ret_from_fork+0x10/0x1c
08-30 00:52:14.321 1372 1963 I android.hardware.media.omx@1.0-service: vendor/qcom/proprietary/adsprpc/src/rpcmem_android.c:159: rpcmem_init_internal: opened ION device fd 7, configured heap IDs: system (0x2000000), contig (0x400000), secure (0x200), secure flags (0x80080000)
08-30 00:52:14.321 1372 1963 I android.hardware.media.omx@1.0-service: vendor/qcom/proprietary/adsprpc/src/fastrpc_apps_user.c:3087: fastrpc_apps_user_init done with default domain:3 and &fastrpc_trace:0xf2778c1c
01-01 08:21:59.673 0 0 E : INFO: trying to register non-static key.
01-01 08:21:59.678 0 0 E : the code is fine but needs lockdep annotation.
01-01 08:21:59.684 0 0 I : CPU: 1 PID: 292 Comm: kworker/u16:8 Tainted: G S W O 4.19.157+ #1
01-01 08:21:59.684 0 0 I Hardware name: Qualcomm Technologies, Inc. kona MTP-RmPM8150b (DT)
01-01 08:21:59.684 0 0 I Workqueue: events_unbound ion_system_secure_heap_prefetch_work
01-01 08:21:59.684 0 0 I Call trace:
01-01 08:21:59.684 0 0 I : dump_backtrace+0x0/0x258
01-01 08:21:59.684 0 0 I : show_stack+0x20/0x30
01-01 08:21:59.684 0 0 I : dump_stack+0xd8/0x12c
01-01 08:21:59.684 0 0 I : register_lock_class+0x4d0/0x5c8
01-01 08:21:59.684 0 0 I : __lock_acquire+0xbc/0x1e58
01-01 08:21:59.684 0 0 I : lock_acquire+0x1cc/0x218
01-01 08:21:59.684 0 0 I : _raw_spin_lock_irqsave+0x54/0x98
01-01 08:21:59.684 0 0 I : ion_system_secure_heap_prefetch_work+0x94/0x2c0
01-01 08:21:59.684 0 0 I : process_one_work+0x38c/0x660
01-01 08:21:59.684 0 0 I : worker_thread+0x268/0x4b8
01-01 08:21:59.684 0 0 I : kthread+0x140/0x150
01-01 08:21:59.684 0 0 I : ret_from_fork+0x10/0x1c
01-01 08:21:59.687 0 0 E : INFO: trying to register non-static key.
01-01 08:21:59.692 0 0 E : the code is fine but needs lockdep annotation.
01-01 08:21:59.698 0 0 I : CPU: 1 PID: 292 Comm: kworker/u16:8 Tainted: G S W O 4.19.157+ #1
01-01 08:21:59.698 0 0 I Hardware name: Qualcomm Technologies, Inc. kona MTP-RmPM8150b (DT)
01-01 08:21:59.698 0 0 I Workqueue: events_unbound ion_system_secure_heap_prefetch_work
01-01 08:21:59.698 0 0 I Call trace:
01-01 08:21:59.698 0 0 I : dump_backtrace+0x0/0x258
01-01 08:21:59.698 0 0 I : show_stack+0x20/0x30
01-01 08:21:59.698 0 0 I : dump_stack+0xd8/0x12c
01-01 08:21:59.698 0 0 I : register_lock_class+0x4d0/0x5c8
01-01 08:21:59.698 0 0 I : __lock_acquire+0xbc/0x1e58
01-01 08:21:59.698 0 0 I : lock_acquire+0x1cc/0x218
01-01 08:21:59.698 0 0 I : _raw_spin_lock_irqsave+0x54/0x98
01-01 08:21:59.698 0 0 I : ion_system_secure_heap_prefetch_work+0x94/0x2c0
01-01 08:21:59.698 0 0 I : process_one_work+0x38c/0x660
01-01 08:21:59.698 0 0 I : worker_thread+0x268/0x4b8
01-01 08:21:59.698 0 0 I : kthread+0x140/0x150
01-01 08:21:59.698 0 0 I : ret_from_fork+0x10/0x1c
08-30 00:52:14.343 1372 1963 D PlatformConfig: getInstance: Enter
08-30 00:52:14.343 1372 1963 D PlatformConfig: getInt32 Config name: vidc_perf_control_enable value: 0
08-30 00:52:14.343 1372 1963 D PlatformConfig: getInstance: Enter
08-30 00:52:14.343 1372 1963 D PlatformConfig: getInt32: Returning default
08-30 00:52:14.343 1372 1963 D PlatformConfig: getInstance: Enter
08-30 00:52:14.343 1372 1963 D PlatformConfig: getInt32 Config name: vidc_enc_log_in value: 0
08-30 00:52:14.343 1372 1963 D PlatformConfig: getInstance: Enter
08-30 00:52:14.343 1372 1963 D PlatformConfig: getInt32 Config name: vidc_enc_log_out value: 0
08-30 00:52:14.343 1372 1963 D PlatformConfig: getInstance: Enter
08-30 00:52:14.343 1372 1963 D PlatformConfig: getInt32 Config name: vidc_enc_csc_custom_matrix value: 0
08-30 00:52:14.343 1372 1963 D PlatformConfig: getInstance: Enter
08-30 00:52:14.343 1372 1963 D PlatformConfig: getInt32 Config name: vidc_enc_auto_blur_disable value: 0
08-30 00:52:14.344 1372 1963 D PlatformConfig: getInstance: Enter
08-30 00:52:14.344 1372 1963 D PlatformConfig: getInt32: Returning default
08-30 00:52:14.344 1372 1963 D PlatformConfig: getInstance: Enter
08-30 00:52:14.344 1372 1963 D PlatformConfig: getInt32 Config name: vidc_enc_linear_color_format value: 0
08-30 00:52:14.344 1372 1963 D PlatformConfig: getInstance: Enter
08-30 00:52:14.344 1372 1963 D PlatformConfig: getInt32 Config name: vidc_enc_bitrate_savings_enable value: 3
08-30 00:52:14.344 1372 1963 D PlatformConfig: getInstance: Enter
08-30 00:52:14.344 1372 1963 D PlatformConfig: getInt32 Config name: vidc_enc_quality_boost_enable value: 1
08-30 00:52:14.344 1882 1882 V KeyguardUpdateMonitor: *** register callback for com.android.systemui.statusbar.notification.collection.coordinator.KeyguardCoordinator$6@c3c17c7
08-30 00:52:14.345 1882 1882 V KeyguardUpdateMonitor: *** unregister callback for null
01-01 08:21:59.703 0 0 E : INFO: trying to register non-static key.
01-01 08:21:59.703 0 0 I msm_vidc: high: 00000001: ....e: Opening video instance: ffffffcdfed0c000, 0
01-01 08:21:59.708 0 0 E : the code is fine but needs lockdep annotation.
01-01 08:21:59.708 0 0 I : CPU: 1 PID: 292 Comm: kworker/u16:8 Tainted: G S W O 4.19.157+ #1
01-01 08:21:59.708 0 0 I Hardware name: Qualcomm Technologies, Inc. kona MTP-RmPM8150b (DT)
01-01 08:21:59.708 0 0 I Workqueue: events_unbound ion_system_secure_heap_prefetch_work
01-01 08:21:59.708 0 0 I Call trace:
01-01 08:21:59.708 0 0 I : dump_backtrace+0x0/0x258
01-01 08:21:59.708 0 0 I : show_stack+0x20/0x30
01-01 08:21:59.708 0 0 I : dump_stack+0xd8/0x12c
01-01 08:21:59.708 0 0 I : register_lock_class+0x4d0/0x5c8
01-01 08:21:59.708 0 0 I : __lock_acquire+0xbc/0x1e58
01-01 08:21:59.708 0 0 I : lock_acquire+0x1cc/0x218
01-01 08:21:59.708 0 0 I : _raw_spin_lock_irqsave+0x54/0x98
01-01 08:21:59.708 0 0 I : ion_system_secure_heap_prefetch_work+0x94/0x2c0
01-01 08:21:59.712 0 0 I [kworke][0x54f634e0][00:52:14.353080] wlan: [335:I:HIF] Initializing Runtime PM wakelock &psoc_wakelock->wmi_cmd_rsp_runtime_lock
01-01 08:21:59.714 0 0 I : process_one_work+0x38c/0x660
01-01 08:21:59.714 0 0 I : worker_thread+0x268/0x4b8
01-01 08:21:59.714 0 0 I : kthread+0x140/0x150
01-01 08:21:59.714 0 0 I : ret_from_fork+0x10/0x1c
08-30 00:52:14.356 1882 1882 D NotifPipeline: Notif pipeline initialized
01-01 08:21:59.716 0 0 E : INFO: trying to register non-static key.
01-01 08:21:59.718 0 0 F [kworke][0x54f81004][00:52:14.359415] wlan: [335:F:WMA] WMA --> wmi_unified_attach - success
01-01 08:21:59.719 0 0 I msm_vidc: err : 00000001: ....e: msm_vidc_comm_update_ctrl: failed: control name Ltr Count, min 0, max 0, step 0, default_value 0
08-30 00:52:14.365 1372 1963 I OMX-VENC: Component_init : OMX.qcom.video.encoder.vp8 : return = 0x0
01-01 08:21:59.722 0 0 E : the code is fine but needs lockdep annotation.
01-01 08:21:59.722 0 0 I : CPU: 1 PID: 292 Comm: kworker/u16:8 Tainted: G S W O 4.19.157+ #1
01-01 08:21:59.722 0 0 I Hardware name: Qualcomm Technologies, Inc. kona MTP-RmPM8150b (DT)
01-01 08:21:59.722 0 0 I Workqueue: events_unbound ion_system_secure_heap_prefetch_work
01-01 08:21:59.733 0 0 I [kworke][0x54fc5471][00:52:14.373981] wlan: [335:I:HIF] Initializing Runtime PM wakelock &vdev->vdev_set_key_runtime_wakelock
08-30 00:52:14.370 1882 1882 V WifiManager: registerSoftApCallback: callback=com.android.systemui.statusbar.policy.HotspotControllerImpl@5313751, executor=android.os.HandlerExecutor@e756bb6
08-30 00:52:14.373 1882 1882 V KeyguardUpdateMonitor: *** register callback for com.android.systemui.statusbar.phone.KeyguardBouncer$1@39480b7
08-30 00:52:14.374 1882 1882 V KeyguardUpdateMonitor: *** unregister callback for null
08-30 00:52:14.374 1882 1882 V KeyguardUpdateMonitor: *** register callback for com.android.systemui.statusbar.phone.StatusBarKeyguardViewManager$3@9fcc024
08-30 00:52:14.374 1882 1882 V KeyguardUpdateMonitor: *** unregister callback for null
08-30 00:52:14.374 1613 1648 I adbd : jdwp connection from 2491
08-30 00:52:14.375 1372 1963 I OMX-VENC: venc_dev: v4l2 profile : 0 flags : 1
08-30 00:52:14.376 1882 1882 D KeyguardViewMediator: adjustStatusBarLocked: mShowing=false mOccluded=false isSecure=false force=false --> flags=0x0
08-30 00:52:14.377 1350 1418 W OMXUtils: do not know color format 0x7fa30c06 = 2141391878
08-30 00:52:14.378 1882 2104 V WifiManager: SoftApCallbackProxy: send InfoChanged, newInfo: SoftApInfo{bandwidth= 0, frequency= 0, wifiStandard= 0, mApInstanceIdentifier= null, mIdleShutdownTimeoutMillis= 0}
08-30 00:52:14.378 1882 2104 V WifiManager: SoftApCallbackProxy: send InfoChanged, changedInfoList: []
08-30 00:52:14.378 1882 2104 V WifiManager: SoftApCallbackProxy: send onConnectedClientsChanged(clients): []
08-30 00:52:14.378 1350 1418 W OMXUtils: do not know color format 0x7fa30c04 = 2141391876
08-30 00:52:14.379 1882 1882 D NavigationModeController: getCurrentInteractionMode: mode=2 contextUser=0
08-30 00:52:14.379 1882 1882 V KeyguardUpdateMonitor: *** register callback for com.android.systemui.statusbar.phone.StatusBar$5@5667153
08-30 00:52:14.379 1882 1882 V KeyguardUpdateMonitor: *** unregister callback for null
08-30 00:52:14.380 1350 1418 W OMXUtils: do not know color format 0x7fa30c00 = 2141391872
08-30 00:52:14.381 1350 1418 W OMXUtils: do not know color format 0x7fa30c09 = 2141391881
08-30 00:52:14.380 2491 2491 D ProcessState: Binder ioctl to enable oneway spam detection failed: Invalid argument
08-30 00:52:14.382 1882 1882 D SystemUIBootTiming: StartServicescom.android.systemui.statusbar.phone.StatusBar took to complete: 1000ms
08-30 00:52:14.382 1350 1418 W OMXUtils: do not know color format 0x7fa30c0a = 2141391882
08-30 00:52:14.383 1350 1418 W OMXUtils: do not know color format 0x7fa30c08 = 2141391880
01-01 08:21:59.737 0 0 I Call trace:
01-01 08:21:59.737 0 0 I : dump_backtrace+0x0/0x258
01-01 08:21:59.737 0 0 I : show_stack+0x20/0x30
01-01 08:21:59.737 0 0 I : dump_stack+0xd8/0x12c
01-01 08:21:59.737 0 0 I : register_lock_class+0x4d0/0x5c8
01-01 08:21:59.737 0 0 I : __lock_acquire+0xbc/0x1e58
01-01 08:21:59.737 0 0 I : lock_acquire+0x1cc/0x218
01-01 08:21:59.737 0 0 I : _raw_spin_lock_irqsave+0x54/0x98
01-01 08:21:59.737 0 0 I : ion_system_secure_heap_prefetch_work+0x94/0x2c0
01-01 08:21:59.737 0 0 I : process_one_work+0x38c/0x660
01-01 08:21:59.737 0 0 I : worker_thread+0x268/0x4b8
01-01 08:21:59.737 0 0 I : kthread+0x140/0x150
01-01 08:21:59.737 0 0 I : ret_from_fork+0x10/0x1c
01-01 08:21:59.740 0 0 I binder : 2491:2491 ioctl 40046210 7fc4386f54 returned -22
01-01 08:21:59.740 0 0 I [kworke][0x54fe7a2a][00:52:14.381310] wlan: [335:I:HIF] Initializing Runtime PM wakelock &vdev->vdev_set_key_runtime_wakelock
01-01 08:21:59.743 0 0 I [kworke][0x54ff2dde][00:52:14.383706] wlan: [335:I:HIF] Initializing Runtime PM wakelock &vdev->vdev_set_key_runtime_wakelock
01-01 08:21:59.745 0 0 I [kworke][0x54ffbc97][00:52:14.385609] wlan: [335:I:HIF] Initializing Runtime PM wakelock &vdev->vdev_set_key_runtime_wakelock
01-01 08:21:59.746 0 0 I [kworke][0x55002f81][00:52:14.387141] wlan: [335:I:HIF] Initializing Runtime PM wakelock &vdev->vdev_set_key_runtime_wakelock
01-01 08:21:59.750 0 0 I [kworke][0x55015020][00:52:14.390990] wlan: [335:I:HIF] Initializing Runtime PM wakelock &vdev->vdev_set_key_runtime_wakelock
01-01 08:21:59.753 0 0 I [kworke][0x55021e1a][00:52:14.393736] wlan: [335:I:HIF] Initializing Runtime PM wakelock &wma_handle->wmi_cmd_rsp_runtime_lock
01-01 08:21:59.753 0 0 I [kworke][0x550220fa][00:52:14.393774] wlan: [335:I:HIF] Initializing Runtime PM wakelock &wma_handle->sap_prevent_runtime_pm_lock
08-30 00:52:14.386 1350 1418 W OMXUtils: do not know color format 0x7fa30c07 = 2141391879
08-30 00:52:14.387 1350 1418 W OMXUtils: do not know color format 0x7f000789 = 2130708361
