08-30 00:52:09.370 1044 1044 I SystemServiceManager: Starting com.android.server.ethernet.EthernetService
08-30 00:52:09.372 1044 1044 D SystemServerTiming: StartEthernet took to complete: 15ms
08-30 00:52:09.372 1044 1044 I SystemServerTiming: StartPacProxyService
08-30 00:52:09.375 1044 1044 D SystemServerTiming: StartPacProxyService took to complete: 3ms
08-30 00:52:09.375 1044 1044 I SystemServerTiming: StartConnectivityService
08-30 00:52:09.404 1044 1044 I SystemServiceManager: Starting com.android.server.ConnectivityServiceInitializer
08-30 00:52:09.439 1044 1044 D CompatibilityChangeReporter: Compat change id reported: 182478738; UID 1000; state: ENABLED
08-30 00:52:09.443 1044 1044 D SystemServerTiming: StartConnectivityService took to complete: 68ms
08-30 00:52:09.444 1044 1044 I SystemServerTiming: StartVpnManagerService
08-30 00:52:09.448 1044 1044 D SystemServerTiming: StartVpnManagerService took to complete: 5ms
08-30 00:52:09.448 1044 1044 I SystemServerTiming: StartVcnManagementService
08-30 00:52:09.453 1044 1044 D SystemServerTiming: StartVcnManagementService took to complete: 5ms
08-30 00:52:09.453 1044 1044 I SystemServerTiming: StartNsdService
08-30 00:52:09.457 1044 1044 D NsdService: Network service discovery is enabled
08-30 00:52:09.460 1044 1044 D SystemServerTiming: StartNsdService took to complete: 6ms
08-30 00:52:09.460 1044 1044 I SystemServerTiming: StartSystemUpdateManagerService
08-30 00:52:09.460 1044 1044 I SystemUpdateManagerService: No existing info file /data/system/system-update-info.xml
08-30 00:52:09.462 1044 1044 D SystemServerTiming: StartSystemUpdateManagerService took to complete: 2ms
08-30 00:52:09.462 1044 1044 I SystemServerTiming: StartUpdateLockService
08-30 00:52:09.463 1044 1044 D SystemServerTiming: StartUpdateLockService took to complete: 1ms
08-30 00:52:09.464 1044 1044 I SystemServerTiming: StartNotificationManager
08-30 00:52:09.464 1044 1044 I SystemServiceManager: Starting com.android.server.notification.NotificationManagerService
08-30 00:52:09.473 1044 1044 D ConditionProviders.SCP: new ScheduleConditionProvider()
08-30 00:52:09.485 1044 1044 I NotificationAssistants: Read notification assistant permissions from xml
08-30 00:52:09.485 1044 1044 I ConditionProviders: Read condition provider permissions from xml
08-30 00:52:09.485 1044 1044 I ConditionProviders: Read condition provider permissions from xml
08-30 00:52:09.485 1044 1044 D NotificationAssistants: Approving default notification assistant for user 0
08-30 00:52:09.486 1044 1044 I ConditionProviders: Allowing condition provider android.ext.services/android.ext.services.notification.Assistant (userSet: true)
08-30 00:52:09.488 1044 1044 D CompatibilityChangeReporter: Compat change id reported: 157233955; UID 1000; state: ENABLED
08-30 00:52:09.491 1044 1044 D SystemServerTiming: StartNotificationManager took to complete: 28ms
08-30 00:52:09.491 1044 1044 I SystemServerTiming: StartDeviceMonitor
08-30 00:52:09.491 1044 1044 I SystemServiceManager: Starting com.android.server.storage.DeviceStorageMonitorService
08-30 00:52:09.494 1044 1044 D SystemServerTiming: StartDeviceMonitor took to complete: 3ms
08-30 00:52:09.494 1044 1044 I SystemServerTiming: StartLocationManagerService
08-30 00:52:09.494 1044 1044 I SystemServiceManager: Starting com.android.server.location.LocationManagerService$Lifecycle
08-30 00:52:09.496 1044 1763 I storage_state: [41217664-9172-527a-b3d5-edabb50a7d69,0,0,44749029376,48316284928]
08-30 00:52:09.499 1044 1044 D SystemServerTiming: StartLocationManagerService took to complete: 5ms
08-30 00:52:09.499 1044 1044 I SystemServerTiming: StartCountryDetectorService
08-30 00:52:09.501 1044 1044 D SystemServerTiming: StartCountryDetectorService took to complete: 2ms
08-30 00:52:09.501 1044 1044 I SystemServerTiming: StartTimeDetectorService
08-30 00:52:09.501 1044 1044 I SystemServiceManager: Starting com.android.server.timedetector.TimeDetectorService$Lifecycle
08-30 00:52:09.503 1044 1044 D SystemServerTiming: StartTimeDetectorService took to complete: 2ms
08-30 00:52:09.503 1044 1044 I SystemServerTiming: StartTimeZoneDetectorService
08-30 00:52:09.503 1044 1044 I SystemServiceManager: Starting com.android.server.timezonedetector.TimeZoneDetectorService$Lifecycle
08-30 00:52:09.505 1044 1044 D SystemServerTiming: StartTimeZoneDetectorService took to complete: 2ms
08-30 00:52:09.505 1044 1044 I SystemServerTiming: StartLocationTimeZoneManagerService
08-30 00:52:09.505 1044 1044 I SystemServiceManager: Starting com.android.server.timezonedetector.location.LocationTimeZoneManagerService$Lifecycle
08-30 00:52:09.506 1044 1044 D SystemServerTiming: StartLocationTimeZoneManagerService took to complete: 1ms
08-30 00:52:09.506 1044 1044 I SystemServerTiming: StartSearchManagerService
08-30 00:52:09.506 1044 1044 I SystemServiceManager: Starting com.android.server.search.SearchManagerService$Lifecycle
08-30 00:52:09.508 1044 1044 D SystemServerTiming: StartSearchManagerService took to complete: 2ms
08-30 00:52:09.508 1044 1044 I SystemServerTiming: StartWallpaperManagerService
08-30 00:52:09.508 1044 1044 I SystemServiceManager: Starting com.android.server.wallpaper.WallpaperManagerService$Lifecycle
08-30 00:52:09.509 1044 1044 D SystemServerTiming: StartWallpaperManagerService took to complete: 1ms
08-30 00:52:09.509 1044 1044 I SystemServerTiming: StartAudioService
08-30 00:52:09.509 1044 1044 I SystemServiceManager: Starting com.android.server.audio.AudioService$Lifecycle
08-30 00:52:09.552 1044 1631 D SystemServerTimingAsync: SecondaryZygotePreload took to complete: 2034ms
08-30 00:52:09.552 1044 1631 D SystemServerInitThreadPool: Finished executing SecondaryZygotePreload
08-30 00:52:09.552 1044 1631 D SystemServerTimingAsync: InitThreadPoolExec:SecondaryZygotePreload took to complete: 2034ms
01-01 08:21:55.040 0 0 I IPv6 : ADDRCONF(NETDEV_UP): vlan2: link is not ready
08-30 00:52:09.740 1044 1178 I commit_sys_config_file: [notification-policy,7]
01-01 08:21:55.242 0 0 W mv2112_read_status: autoneg not complete
01-01 08:21:55.242 0 0 I : mv2112_disable_aneg
01-01 08:21:55.242 0 0 I : mv2112_setup_forced
01-01 08:21:55.243 0 0 I lan743x 0001: 01:00.0 eth0: Link is Down
08-30 00:52:10.043 1044 1466 V HistoricalRegistry: Interaction before persistence initialized
01-01 08:21:55.406 0 0 E i2c_geni 980000.i2c: i2c error :-107
01-01 08:21:55.413 0 0 E : [MAX975X:mcu_keep_wakeup_work_func] *ERROR* Failed to write dev:0x15 addr:0x22 value:0x80
01-01 08:21:55.423 0 0 E i2c_geni 980000.i2c: i2c error :-107
01-01 08:21:55.428 0 0 E : [MAX975X:mcu_keep_wakeup_work_func] *ERROR* Failed to write dev:0x15 addr:0x20 value:0x09
01-01 08:21:55.453 0 0 I IPv6 : ADDRCONF(NETDEV_UP): vlan4: link is not ready
01-01 08:21:55.456 0 0 I : ip (1820) used greatest stack depth: 9592 bytes left
08-30 00:52:10.188 1044 1044 D SystemServerTiming: StartAudioService took to complete: 679ms
08-30 00:52:10.188 1044 1044 I SystemServerTiming: StartSoundTriggerMiddlewareService
08-30 00:52:10.188 1044 1044 I SystemServiceManager: Starting com.android.server.soundtrigger_middleware.SoundTriggerMiddlewareService$Lifecycle
08-30 00:52:10.195 1044 1044 D SystemServerTiming: StartSoundTriggerMiddlewareService took to complete: 7ms
08-30 00:52:10.195 1044 1044 I SystemServerTiming: StartDockObserver
08-30 00:52:10.195 1044 1044 I SystemServiceManager: Starting com.android.server.DockObserver
08-30 00:52:10.196 1044 1044 W DockObserver: This kernel does not have dock station support
08-30 00:52:10.197 1044 1044 D SystemServerTiming: StartDockObserver took to complete: 2ms
08-30 00:52:10.197 1044 1044 I SystemServerTiming: StartWiredAccessoryManager
08-30 00:52:10.198 1044 1044 W WiredAccessoryManager: This kernel does not have usb audio support
08-30 00:52:10.199 1044 1044 W WiredAccessoryManager: This kernel does not have HDMI audio support
08-30 00:52:10.199 1044 1044 E WiredAccessoryManager: file /sys/devices/platform/soc/soc:qcom,msm-ext-disp/extcon/extcon3/name not found
08-30 00:52:10.199 1044 1044 W WiredAccessoryManager: Conn soc:qcom,msm-ext-disp/3/0 does not have DP audio support
08-30 00:52:10.199 1044 1044 E WiredAccessoryManager: file /sys/devices/platform/soc/soc:qcom,msm-ext-disp/extcon/extcon2/name not found
08-30 00:52:10.200 1044 1044 W WiredAccessoryManager: Conn soc:qcom,msm-ext-disp/2/0 does not have DP audio support
08-30 00:52:10.201 1044 1044 E WiredAccessoryManager: set dev_index 1
08-30 00:52:10.202 1044 1044 W WiredAccessoryManager: checkCableIndex set cable 0
08-30 00:52:10.203 1044 1044 E WiredAccessoryManager: set dev_index 0
08-30 00:52:10.203 1044 1044 W WiredAccessoryManager: checkCableIndex set cable 0
08-30 00:52:10.204 1044 1044 D SystemServerTiming: StartWiredAccessoryManager took to complete: 7ms
08-30 00:52:10.204 1044 1044 I SystemServerTiming: StartMidiManager
08-30 00:52:10.204 1044 1044 I SystemServiceManager: Starting com.android.server.midi.MidiService$Lifecycle
08-30 00:52:10.205 1044 1044 D SystemServerTiming: StartMidiManager took to complete: 1ms
08-30 00:52:10.205 1044 1044 I SystemServerTiming: StartAdbService
08-30 00:52:10.205 1044 1044 I SystemServiceManager: Starting com.android.server.adb.AdbService$Lifecycle
08-30 00:52:10.207 1044 1044 D SystemServerTiming: StartAdbService took to complete: 2ms
08-30 00:52:10.208 1044 1044 I SystemServerTiming: StartUsbService
08-30 00:52:10.208 1044 1044 I SystemServiceManager: Starting com.android.server.usb.UsbService$Lifecycle
08-30 00:52:10.208 1044 1044 D SystemServerTiming: StartUsbService took to complete: 1ms
08-30 00:52:10.208 1044 1044 I SystemServerTiming: StartSerialService
08-30 00:52:10.208 1044 1184 I SystemServerTimingAsync: InitThreadPoolExec:UsbService$Lifecycle#onStart
08-30 00:52:10.208 1044 1184 D SystemServerInitThreadPool: Started executing UsbService$Lifecycle#onStart
08-30 00:52:10.209 1044 1044 D SystemServerTiming: StartSerialService took to complete: 1ms
08-30 00:52:10.209 1044 1044 I SystemServerTiming: StartHardwarePropertiesManagerService
08-30 00:52:10.209 1044 1184 E UsbDeviceManager: failed to write to /sys/class/android_usb/android0/f_rndis/ethaddr
08-30 00:52:10.211 1044 1184 I UsbDeviceManager: USB GADGET HAL not present in the device
08-30 00:52:10.211 1044 1184 I UsbDeviceManager: java.util.NoSuchElementException
08-30 00:52:10.211 1044 1184 I UsbDeviceManager: at android.os.HwBinder.getService(Native Method)
08-30 00:52:10.211 1044 1184 I UsbDeviceManager: at android.hardware.usb.gadget.V1_0.IUsbGadget.getService(IUsbGadget.java:57)
08-30 00:52:10.211 1044 1184 I UsbDeviceManager: at android.hardware.usb.gadget.V1_0.IUsbGadget.getService(IUsbGadget.java:64)
08-30 00:52:10.211 1044 1184 I UsbDeviceManager: at com.android.server.usb.UsbDeviceManager.(UsbDeviceManager.java:293)
08-30 00:52:10.211 1044 1184 I UsbDeviceManager: at com.android.server.usb.UsbService.(UsbService.java:178)
08-30 00:52:10.211 1044 1184 I UsbDeviceManager: at com.android.server.usb.UsbService$Lifecycle.lambda$onStart$0$UsbService$Lifecycle(UsbService.java:92)
08-30 00:52:10.211 1044 1184 I UsbDeviceManager: at com.android.server.usb.UsbService$Lifecycle$$ExternalSyntheticLambda1.run(Unknown Source:2)
08-30 00:52:10.211 1044 1184 I UsbDeviceManager: at com.android.server.SystemServerInitThreadPool.lambda$submitTask$0$SystemServerInitThreadPool(SystemServerInitThreadPool.java:105)
08-30 00:52:10.211 1044 1184 I UsbDeviceManager: at com.android.server.SystemServerInitThreadPool$$ExternalSyntheticLambda0.run(Unknown Source:6)
08-30 00:52:10.211 1044 1184 I UsbDeviceManager: at java.util.concurrent.Executors$RunnableAdapter.call(Executors.java:462)
08-30 00:52:10.211 1044 1184 I UsbDeviceManager: at java.util.concurrent.FutureTask.run(FutureTask.java:266)
08-30 00:52:10.211 1044 1184 I UsbDeviceManager: at java.util.concurrent.ThreadPoolExecutor.runWorker(ThreadPoolExecutor.java:1167)
08-30 00:52:10.211 1044 1184 I UsbDeviceManager: at java.util.concurrent.ThreadPoolExecutor$Worker.run(ThreadPoolExecutor.java:641)
08-30 00:52:10.211 1044 1184 I UsbDeviceManager: at com.android.internal.util.ConcurrentUtils$1$1.run(ConcurrentUtils.java:65)
08-30 00:52:10.212 1044 1184 E UsbDeviceManager: Failed to open control for mtp
08-30 00:52:10.212 1044 1184 E UsbDeviceManager: Failed to open control for ptp
08-30 00:52:10.215 1044 1184 W StorageManagerService: No primary storage defined yet; hacking together a stub
01-01 08:21:55.579 0 0 I : acc_open
01-01 08:21:55.579 0 0 I : acc_release
08-30 00:52:10.219 1044 1044 D SystemServerTiming: StartHardwarePropertiesManagerService took to complete: 9ms
08-30 00:52:10.219 1044 1044 I SystemServerTiming: StartTwilightService
08-30 00:52:10.219 1044 1044 I SystemServiceManager: Starting com.android.server.twilight.TwilightService
08-30 00:52:10.219 1044 1044 D SystemServerTiming: StartTwilightService took to complete: 0ms
08-30 00:52:10.219 1044 1044 I SystemServerTiming: StartColorDisplay
08-30 00:52:10.219 1044 1044 I SystemServiceManager: Starting com.android.server.display.color.ColorDisplayService
08-30 00:52:10.221 1044 1044 D SystemServerTiming: StartColorDisplay took to complete: 1ms
08-30 00:52:10.221 1044 1044 I SystemServerTiming: StartJobScheduler
08-30 00:52:10.221 1044 1044 I SystemServiceManager: Starting com.android.server.job.JobSchedulerService
08-30 00:52:10.224 1044 1690 I UsbPortManager: Usb hal service started android.hardware.usb@1.0::IUsb default
08-30 00:52:10.230 1044 1044 D JobStore: Start tag: job-info
08-30 00:52:10.232 1044 1044 I JobStore: Read 5 jobs
08-30 00:52:10.233 1044 1690 I UsbPortManager: USB HAL version: 12
08-30 00:52:10.237 1044 1184 D SystemServerInitThreadPool: Finished executing UsbService$Lifecycle#onStart
08-30 00:52:10.237 1044 1184 D SystemServerTimingAsync: InitThreadPoolExec:UsbService$Lifecycle#onStart took to complete: 29ms
08-30 00:52:10.238 1044 1044 V HistoricalRegistry: Interaction before persistence initialized
08-30 00:52:10.238 1044 1044 V HistoricalRegistry: Interaction before persistence initialized
08-30 00:52:10.239 1044 1044 W JobScheduler: !!! RTC not yet good; tracking time updates for job scheduling
08-30 00:52:10.240 1044 1044 D SystemServerTiming: StartJobScheduler took to complete: 19ms
08-30 00:52:10.240 1044 1044 I SystemServerTiming: StartSoundTrigger
08-30 00:52:10.240 1044 1044 I SystemServiceManager: Starting com.android.server.soundtrigger.SoundTriggerService
08-30 00:52:10.241 1044 1044 D SystemServerTiming: StartSoundTrigger took to complete: 1ms
08-30 00:52:10.241 1044 1044 I SystemServerTiming: StartTrustManager
08-30 00:52:10.241 1044 1044 I SystemServiceManager: Starting com.android.server.trust.TrustManagerService
08-30 00:52:10.242 1044 1044 D SystemServerTiming: StartTrustManager took to complete: 1ms
08-30 00:52:10.243 1044 1044 I SystemServerTiming: StartBackupManager
08-30 00:52:10.243 1044 1044 I SystemServiceManager: Starting com.android.server.backup.BackupManagerService$Lifecycle
08-30 00:52:10.244 1044 1044 D SystemServerTiming: StartBackupManager took to complete: 2ms
08-30 00:52:10.245 1044 1044 I SystemServerTiming: StartAppWidgetService
08-30 00:52:10.245 1044 1044 I SystemServiceManager: Starting com.android.server.appwidget.AppWidgetService
08-30 00:52:10.247 1044 1044 D SystemServerTiming: StartAppWidgetService took to complete: 3ms
08-30 00:52:10.247 1044 1044 I SystemServerTiming: StartVoiceRecognitionManager
08-30 00:52:10.247 1044 1044 I SystemServiceManager: Starting com.android.server.voiceinteraction.VoiceInteractionManagerService
08-30 00:52:10.262 1044 1044 D SystemServerTiming: StartVoiceRecognitionManager took to complete: 15ms
08-30 00:52:10.262 1044 1044 I SystemServerTiming: StartAppHibernationService
08-30 00:52:10.262 1044 1044 I SystemServiceManager: Starting com.android.server.apphibernation.AppHibernationService
08-30 00:52:10.270 1044 1044 D SystemServerTiming: StartAppHibernationService took to complete: 8ms
08-30 00:52:10.270 1044 1044 I SystemServerTiming: StartGestureLauncher
08-30 00:52:10.270 1044 1044 I SystemServiceManager: Starting com.android.server.GestureLauncherService
08-30 00:52:10.270 1044 1044 D SystemServerTiming: StartGestureLauncher took to complete: 0ms
08-30 00:52:10.270 1044 1044 I SystemServerTiming: StartSensorNotification
08-30 00:52:10.270 1044 1044 I SystemServiceManager: Starting com.android.server.SensorNotificationService
08-30 00:52:10.270 1044 1044 D SystemServerTiming: StartSensorNotification took to complete: 0ms
08-30 00:52:10.271 1044 1044 I SystemServerTiming: StartDiskStatsService
08-30 00:52:10.277 1044 1044 D SystemServerTiming: StartDiskStatsService took to complete: 7ms
08-30 00:52:10.277 1044 1044 I SystemServerTiming: RuntimeService
08-30 00:52:10.275 1044 1044 I auditd : type=1400 audit(0.0:85): avc: denied { read } for comm="system_server" name="u:object_r:vendor_default_prop:s0" dev="tmpfs" ino=31213 scontext=u:r:system_server:s0 tcontext=u:object_r:vendor_default_prop:s0 tclass=file permissive=0
08-30 00:52:10.281 1044 1044 D SystemServerTiming: RuntimeService took to complete: 4ms
08-30 00:52:10.281 1044 1044 I SystemServerTiming: StartNetworkTimeUpdateService
08-30 00:52:10.283 1044 1044 D SystemServerTiming: StartNetworkTimeUpdateService took to complete: 2ms
08-30 00:52:10.283 1044 1044 I SystemServerTiming: CertBlacklister
08-30 00:52:10.284 1044 1044 D SystemServerTiming: CertBlacklister took to complete: 1ms
08-30 00:52:10.284 1044 1044 I SystemServerTiming: StartEmergencyAffordanceService
08-30 00:52:10.284 1044 1044 I SystemServiceManager: Starting com.android.server.emergency.EmergencyAffordanceService
08-30 00:52:10.286 1044 1044 D SystemServerTiming: StartEmergencyAffordanceService took to complete: 2ms
08-30 00:52:10.286 1044 1044 I SystemServerTiming: startBlobStoreManagerService
08-30 00:52:10.287 1044 1044 I SystemServiceManager: Starting com.android.server.blob.BlobStoreManagerService
08-30 00:52:10.289 1044 1044 D SystemServerTiming: startBlobStoreManagerService took to complete: 3ms
08-30 00:52:10.289 1044 1044 I SystemServerTiming: StartDreamManager
08-30 00:52:10.289 1044 1044 I SystemServiceManager: Starting com.android.server.dreams.DreamManagerService
08-30 00:52:10.291 1044 1044 D SystemServerTiming: StartDreamManager took to complete: 1ms
08-30 00:52:10.291 1044 1044 I SystemServerTiming: AddGraphicsStatsService
08-30 00:52:10.295 1044 1044 D SystemServerTiming: AddGraphicsStatsService took to complete: 4ms
08-30 00:52:10.295 1044 1044 I SystemServerTiming: StartCompanionDeviceManager
08-30 00:52:10.295 1044 1044 I SystemServiceManager: Starting com.android.server.companion.CompanionDeviceManagerService
08-30 00:52:10.302 1044 1044 D SystemServerTiming: StartCompanionDeviceManager took to complete: 7ms
08-30 00:52:10.302 1044 1044 I SystemServerTiming: StartRestrictionManager
08-30 00:52:10.302 1044 1044 I SystemServiceManager: Starting com.android.server.restrictions.RestrictionsManagerService
08-30 00:52:10.305 1044 1044 D SystemServerTiming: StartRestrictionManager took to complete: 2ms
08-30 00:52:10.305 1044 1044 I SystemServerTiming: StartMediaSessionService
08-30 00:52:10.305 1044 1044 I SystemServiceManager: Starting com.android.server.media.MediaSessionService
08-30 00:52:10.309 1044 1044 D SystemServerTiming: StartMediaSessionService took to complete: 4ms
08-30 00:52:10.309 1044 1044 I SystemServerTiming: StartMediaResourceMonitor
08-30 00:52:10.309 1044 1044 I SystemServiceManager: Starting com.android.server.media.MediaResourceMonitorService
08-30 00:52:10.310 1044 1044 D SystemServerTiming: StartMediaResourceMonitor took to complete: 1ms
08-30 00:52:10.310 1044 1044 I SystemServerTiming: StartMediaRouterService
08-30 00:52:10.310 1044 1044 V HistoricalRegistry: Interaction before persistence initialized
08-30 00:52:10.312 1044 1044 D SystemServerTiming: StartMediaRouterService took to complete: 2ms
08-30 00:52:10.312 1044 1044 I SystemServerTiming: StartFingerprintSensor
08-30 00:52:10.312 1044 1044 I SystemServiceManager: Starting com.android.server.biometrics.sensors.fingerprint.FingerprintService
08-30 00:52:10.313 1044 1044 D SystemServerTiming: StartFingerprintSensor took to complete: 1ms
08-30 00:52:10.313 1044 1044 I SystemServerTiming: StartBiometricService
08-30 00:52:10.313 1044 1044 I SystemServiceManager: Starting com.android.server.biometrics.BiometricService
08-30 00:52:10.316 1044 1044 D SystemServerTiming: StartBiometricService took to complete: 3ms
08-30 00:52:10.317 1044 1044 I SystemServerTiming: StartAuthService
08-30 00:52:10.317 1044 1044 I SystemServiceManager: Starting com.android.server.biometrics.AuthService
08-30 00:52:10.318 1044 1044 D AuthService: Registering HIDL ID: 0 Modality: 2 Strength: 15
08-30 00:52:10.318 1044 1044 D AuthService: Registering HIDL ID: 1 Modality: 8 Strength: 15
08-30 00:52:10.321 1044 1044 E AuthService: HIDL face configuration exists, but FaceService is null.
08-30 00:52:10.322 1044 1044 D SystemServerTiming: StartAuthService took to complete: 5ms
08-30 00:52:10.323 1044 1044 I SystemServerTiming: StartBackgroundDexOptService
08-30 00:52:10.323 1044 1044 D SystemServerTiming: StartBackgroundDexOptService took to complete: 1ms
08-30 00:52:10.323 1044 1044 I SystemServerTiming: StartDynamicCodeLoggingService
08-30 00:52:10.324 1044 1044 D SystemServerTiming: StartDynamicCodeLoggingService took to complete: 1ms
08-30 00:52:10.324 1044 1044 I SystemServerTiming: StartPruneInstantAppsJobService
08-30 00:52:10.325 1044 1044 D SystemServerTiming: StartPruneInstantAppsJobService took to complete: 1ms
08-30 00:52:10.325 1044 1044 I SystemServerTiming: StartShortcutServiceLifecycle
08-30 00:52:10.325 1044 1044 I SystemServiceManager: Starting com.android.server.pm.ShortcutService$Lifecycle
08-30 00:52:10.326 1044 1044 V HistoricalRegistry: Interaction before persistence initialized
08-30 00:52:10.327 1044 1044 D SystemServerTiming: StartShortcutServiceLifecycle took to complete: 2ms
08-30 00:52:10.327 1044 1044 I SystemServerTiming: StartLauncherAppsService
08-30 00:52:10.327 1044 1044 I SystemServiceManager: Starting com.android.server.pm.LauncherAppsService
08-30 00:52:10.329 1044 1044 D SystemServerTiming: StartLauncherAppsService took to complete: 2ms
08-30 00:52:10.329 1044 1044 I SystemServerTiming: StartCrossProfileAppsService
08-30 00:52:10.329 1044 1044 I SystemServiceManager: Starting com.android.server.pm.CrossProfileAppsService
08-30 00:52:10.331 1044 1044 D SystemServerTiming: StartCrossProfileAppsService took to complete: 2ms
08-30 00:52:10.331 1044 1044 I SystemServerTiming: StartPeopleService
08-30 00:52:10.331 1044 1044 I SystemServiceManager: Starting com.android.server.people.PeopleService
08-30 00:52:10.333 1044 1044 D SystemServerTiming: StartPeopleService took to complete: 2ms
08-30 00:52:10.333 1044 1044 I SystemServerTiming: StartMediaMetricsManager
08-30 00:52:10.333 1044 1044 I SystemServiceManager: Starting com.android.server.media.metrics.MediaMetricsManagerService
08-30 00:52:10.343 1044 1044 D SystemServerTiming: StartMediaMetricsManager took to complete: 10ms
08-30 00:52:10.343 1044 1044 I SystemServerTiming: StartMediaProjectionManager
08-30 00:52:10.343 1044 1044 I SystemServiceManager: Starting com.android.server.media.projection.MediaProjectionManagerService
08-30 00:52:10.347 1044 1044 D SystemServerTiming: StartMediaProjectionManager took to complete: 3ms
08-30 00:52:10.347 1044 1044 I SystemServerTiming: StartSliceManagerService
08-30 00:52:10.347 1044 1044 I SystemServiceManager: Starting com.android.server.slice.SliceManagerService$Lifecycle
08-30 00:52:10.348 1044 1845 D BiometricService: Registering ID: 0 Modality: 2 Strength: 15
08-30 00:52:10.348 1044 1845 D BiometricStrengthController: updateStrengths: revert sensorId=0 to oemStrength=15
08-30 00:52:10.348 1044 1845 D BiometricService/Sensor: updateStrength: Before(ID(0), oemStrength: 15, updatedStrength: 15, modality 2, state: 0, cookie: 0, props: ID: 0, Strength: 2, Type: 1) After(ID(0), oemStrength: 15, updatedStrength: 15, modality 2, state: 0, cookie: 0, props: ID: 0, Strength: 2, Type: 1)
08-30 00:52:10.350 1044 1044 D SystemServerTiming: StartSliceManagerService took to complete: 4ms
08-30 00:52:10.350 1044 1044 I SystemServerTiming: StartStatsCompanion
08-30 00:52:10.366 1044 1044 I SystemServiceManager: Starting com.android.server.stats.StatsCompanion$Lifecycle
08-30 00:52:10.371 1044 1044 D SystemServerTiming: StartStatsCompanion took to complete: 21ms
08-30 00:52:10.371 1044 1044 I SystemServerTiming: StartRebootReadinessManagerService
08-30 00:52:10.384 1044 1044 I SystemServiceManager: Starting com.android.server.scheduling.RebootReadinessManagerService$Lifecycle
08-30 00:52:10.396 1044 1044 D SystemServerTiming: StartRebootReadinessManagerService took to complete: 25ms
08-30 00:52:10.396 1044 1044 I SystemServerTiming: StartStatsPullAtomService
08-30 00:52:10.396 1044 1044 I SystemServiceManager: Starting com.android.server.stats.pull.StatsPullAtomService
08-30 00:52:10.397 1044 1044 D SystemServerTiming: StartStatsPullAtomService took to complete: 0ms
08-30 00:52:10.397 1044 1044 I SystemServerTiming: StartIncidentCompanionService
08-30 00:52:10.397 1044 1044 I SystemServiceManager: Starting com.android.server.incident.IncidentCompanionService
08-30 00:52:10.398 1044 1044 D SystemServerTiming: StartIncidentCompanionService took to complete: 1ms
08-30 00:52:10.398 1044 1044 I SystemServerTiming: StartMmsService
08-30 00:52:10.398 1044 1044 I SystemServiceManager: Starting com.android.server.MmsServiceBroker
08-30 00:52:10.399 1044 1044 D SystemServerTiming: StartMmsService took to complete: 1ms
08-30 00:52:10.399 1044 1044 I SystemServerTiming: StartAutoFillService
08-30 00:52:10.400 1044 1044 I SystemServiceManager: Starting com.android.server.autofill.AutofillManagerService
08-30 00:52:10.401 1044 1044 D AutofillManagerService: setLogLevelFromSettings(): level=2, debug=true, verbose=false
08-30 00:52:10.401 1044 1044 D AutofillManagerService: setMaxPartitionsFromSettings(): 10
08-30 00:52:10.401 1044 1044 D AutofillManagerService: setMaxVisibleDatasetsFromSettings(): 0
08-30 00:52:10.404 1044 1177 D AutofillUI: destroySaveUiUiThread(): already destroyed
08-30 00:52:10.404 1044 1044 D AutofillManagerServiceImpl: Reset component for user 0:
08-30 00:52:10.406 1044 1044 D SystemServerTiming: StartAutoFillService took to complete: 7ms
08-30 00:52:10.406 1044 1044 D SystemServer: TranslationService not defined by OEM
08-30 00:52:10.406 1044 1044 I SystemServerTiming: StartClipboardService
08-30 00:52:10.406 1044 1044 I SystemServiceManager: Starting com.android.server.clipboard.ClipboardService
08-30 00:52:10.409 1044 1044 D SystemServerTiming: StartClipboardService took to complete: 3ms
08-30 00:52:10.409 1044 1044 I SystemServerTiming: AppServiceManager
08-30 00:52:10.409 1044 1044 I SystemServiceManager: Starting com.android.server.appbinding.AppBindingService$Lifecycle
08-30 00:52:10.410 1044 1044 D SystemServerTiming: AppServiceManager took to complete: 1ms
08-30 00:52:10.410 1044 1044 I SystemServerTiming: startTracingServiceProxy
08-30 00:52:10.411 1044 1044 I SystemServiceManager: Starting com.android.server.tracing.TracingServiceProxy
08-30 00:52:10.412 1044 1044 D SystemServerTiming: startTracingServiceProxy took to complete: 1ms
08-30 00:52:10.412 1044 1044 I SystemServerTiming: MakeLockSettingsServiceReady
08-30 00:52:10.421 1044 1044 I SyntheticPasswordManager: Device does not support weaver
08-30 00:52:10.422 1044 1044 I LockSettingsService: Device doesn't implement AuthSecret HAL
08-30 00:52:10.425 1044 1044 D SystemServerTiming: MakeLockSettingsServiceReady took to complete: 14ms
08-30 00:52:10.425 1044 1044 I SystemServerTiming: StartBootPhaseLockSettingsReady
08-30 00:52:10.425 1044 1044 I SystemServiceManager: Starting phase 480
08-30 00:52:10.425 1044 1044 I SystemServerTiming: OnBootPhase_480
08-30 00:52:10.425 1044 1044 I SystemServerTiming: OnBootPhase_480_com.android.server.security.FileIntegrityService
08-30 00:52:10.425 1044 1044 D SystemServerTiming: OnBootPhase_480_com.android.server.security.FileIntegrityService took to complete: 0ms
08-30 00:52:10.425 1044 1044 I SystemServerTiming: OnBootPhase_480_com.android.server.pm.Installer
08-30 00:52:10.425 1044 1044 D SystemServerTiming: OnBootPhase_480_com.android.server.pm.Installer took to complete: 0ms
08-30 00:52:10.425 1044 1044 I SystemServerTiming: OnBootPhase_480_com.android.server.os.DeviceIdentifiersPolicyService
08-30 00:52:10.425 1044 1044 D SystemServerTiming: OnBootPhase_480_com.android.server.os.DeviceIdentifiersPolicyService took to complete: 0ms
08-30 00:52:10.425 1044 1044 I SystemServerTiming: OnBootPhase_480_com.android.server.uri.UriGrantsManagerService$Lifecycle
08-30 00:52:10.425 1044 1044 D SystemServerTiming: OnBootPhase_480_com.android.server.uri.UriGrantsManagerService$Lifecycle took to complete: 0ms
08-30 00:52:10.425 1044 1044 I SystemServerTiming: OnBootPhase_480_com.android.server.powerstats.PowerStatsService
08-30 00:52:10.425 1044 1044 D SystemServerTiming: OnBootPhase_480_com.android.server.powerstats.PowerStatsService took to complete: 0ms
08-30 00:52:10.426 1044 1044 I SystemServerTiming: OnBootPhase_480_com.android.server.wm.ActivityTaskManagerService$Lifecycle
08-30 00:52:10.426 1044 1044 D SystemServerTiming: OnBootPhase_480_com.android.server.wm.ActivityTaskManagerService$Lifecycle took to complete: 0ms
08-30 00:52:10.426 1044 1044 I SystemServerTiming: OnBootPhase_480_com.android.server.am.ActivityManagerService$Lifecycle
08-30 00:52:10.426 1044 1044 D SystemServerTiming: OnBootPhase_480_com.android.server.am.ActivityManagerService$Lifecycle took to complete: 0ms
08-30 00:52:10.426 1044 1044 I SystemServerTiming: OnBootPhase_480_com.android.server.pm.DataLoaderManagerService
08-30 00:52:10.426 1044 1044 D SystemServerTiming: OnBootPhase_480_com.android.server.pm.DataLoaderManagerService took to complete: 0ms
08-30 00:52:10.427 1044 1044 I SystemServerTiming: OnBootPhase_480_com.android.server.power.PowerManagerService
08-30 00:52:10.427 1044 1044 D SystemServerTiming: OnBootPhase_480_com.android.server.power.PowerManagerService took to complete: 0ms
08-30 00:52:10.427 1044 1044 I SystemServerTiming: OnBootPhase_480_com.android.server.power.ThermalManagerService
08-30 00:52:10.427 1044 1044 D SystemServerTiming: OnBootPhase_480_com.android.server.power.ThermalManagerService took to complete: 0ms
08-30 00:52:10.427 1044 1044 I SystemServerTiming: OnBootPhase_480_com.android.server.power.hint.HintManagerService
08-30 00:52:10.427 1044 1044 D SystemServerTiming: OnBootPhase_480_com.android.server.power.hint.HintManagerService took to complete: 0ms
08-30 00:52:10.427 1044 1044 I SystemServerTiming: OnBootPhase_480_com.android.server.recoverysystem.RecoverySystemService$Lifecycle
08-30 00:52:10.427 1044 1044 D SystemServerTiming: OnBootPhase_480_com.android.server.recoverysystem.RecoverySystemService$Lifecycle took to complete: 0ms
08-30 00:52:10.427 1044 1044 I SystemServerTiming: OnBootPhase_480_com.android.server.lights.LightsService
08-30 00:52:10.427 1044 1044 D SystemServerTiming: OnBootPhase_480_com.android.server.lights.LightsService took to complete: 0ms
08-30 00:52:10.427 1044 1044 I SystemServerTiming: OnBootPhase_480_com.android.server.display.DisplayManagerService
08-30 00:52:10.427 1044 1044 D SystemServerTiming: OnBootPhase_480_com.android.server.display.DisplayManagerService took to complete: 0ms
08-30 00:52:10.427 1044 1044 I SystemServerTiming: OnBootPhase_480_com.android.server.pm.verify.domain.DomainVerificationService
08-30 00:52:10.427 1044 1044 D SystemServerTiming: OnBootPhase_480_com.android.server.pm.verify.domain.DomainVerificationService took to complete: 0ms
08-30 00:52:10.427 1044 1044 I SystemServerTiming: OnBootPhase_480_com.android.server.pm.PackageInstallerService$Lifecycle
08-30 00:52:10.428 1044 1044 D SystemServerTiming: OnBootPhase_480_com.android.server.pm.PackageInstallerService$Lifecycle took to complete: 0ms
08-30 00:52:10.428 1044 1044 I SystemServerTiming: OnBootPhase_480_com.android.server.pm.UserManagerService$LifeCycle
08-30 00:52:10.428 1044 1044 D SystemServerTiming: OnBootPhase_480_com.android.server.pm.UserManagerService$LifeCycle took to complete: 0ms
08-30 00:52:10.428 1044 1044 I SystemServerTiming: OnBootPhase_480_com.android.server.om.OverlayManagerService
08-30 00:52:10.428 1044 1044 D SystemServerTiming: OnBootPhase_480_com.android.server.om.OverlayManagerService took to complete: 0ms
08-30 00:52:10.428 1044 1044 I SystemServerTiming: OnBootPhase_480_com.android.server.SensorPrivacyService
08-30 00:52:10.428 1044 1044 D SystemServerTiming: OnBootPhase_480_com.android.server.SensorPrivacyService took to complete: 0ms
08-30 00:52:10.428 1044 1044 I SystemServerTiming: OnBootPhase_480_com.android.server.sensors.SensorService
08-30 00:52:10.428 1044 1044 D SystemServerTiming: OnBootPhase_480_com.android.server.sensors.SensorService took to complete: 0ms
08-30 00:52:10.428 1044 1044 I SystemServerTiming: OnBootPhase_480_com.android.server.SystemConfigService
08-30 00:52:10.428 1044 1044 D SystemServerTiming: OnBootPhase_480_com.android.server.SystemConfigService took to complete: 0ms
08-30 00:52:10.428 1044 1044 I SystemServerTiming: OnBootPhase_480_com.android.server.BatteryService
08-30 00:52:10.428 1044 1044 D SystemServerTiming: OnBootPhase_480_com.android.server.BatteryService took to complete: 0ms
08-30 00:52:10.428 1044 1044 I SystemServerTiming: OnBootPhase_480_com.android.server.usage.UsageStatsService
08-30 00:52:10.428 1044 1044 D SystemServerTiming: OnBootPhase_480_com.android.server.usage.UsageStatsService took to complete: 0ms
08-30 00:52:10.428 1044 1044 I SystemServerTiming: OnBootPhase_480_com.android.server.webkit.WebViewUpdateService
08-30 00:52:10.429 1044 1044 D SystemServerTiming: OnBootPhase_480_com.android.server.webkit.WebViewUpdateService took to complete: 0ms
08-30 00:52:10.429 1044 1044 I SystemServerTiming: OnBootPhase_480_com.android.server.CachedDeviceStateService
08-30 00:52:10.429 1044 1044 D SystemServerTiming: OnBootPhase_480_com.android.server.CachedDeviceStateService took to complete: 0ms
08-30 00:52:10.429 1044 1044 I SystemServerTiming: OnBootPhase_480_com.android.server.BinderCallsStatsService$LifeCycle
08-30 00:52:10.429 1044 1044 D SystemServerTiming: OnBootPhase_480_com.android.server.BinderCallsStatsService$LifeCycle took to complete: 0ms
08-30 00:52:10.429 1044 1044 I SystemServerTiming: OnBootPhase_480_com.android.server.LooperStatsService$Lifecycle
08-30 00:52:10.429 1044 1044 D SystemServerTiming: OnBootPhase_480_com.android.server.LooperStatsService$Lifecycle took to complete: 0ms
08-30 00:52:10.429 1044 1044 I SystemServerTiming: OnBootPhase_480_com.android.server.rollback.RollbackManagerService
08-30 00:52:10.429 1044 1044 D SystemServerTiming: OnBootPhase_480_com.android.server.rollback.RollbackManagerService took to complete: 0ms
08-30 00:52:10.429 1044 1044 I SystemServerTiming: OnBootPhase_480_com.android.server.os.NativeTombstoneManagerService
08-30 00:52:10.429 1044 1044 D SystemServerTiming: OnBootPhase_480_com.android.server.os.NativeTombstoneManagerService took to complete: 0ms
08-30 00:52:10.429 1044 1044 I SystemServerTiming: OnBootPhase_480_com.android.server.os.BugreportManagerService
08-30 00:52:10.429 1044 1044 D SystemServerTiming: OnBootPhase_480_com.android.server.os.BugreportManagerService took to complete: 0ms
08-30 00:52:10.429 1044 1044 I SystemServerTiming: OnBootPhase_480_com.android.server.gpu.GpuService
08-30 00:52:10.429 1044 1044 D SystemServerTiming: OnBootPhase_480_com.android.server.gpu.GpuService took to complete: 0ms
08-30 00:52:10.430 1044 1044 I SystemServerTiming: OnBootPhase_480_com.android.server.security.KeyChainSystemService
08-30 00:52:10.430 1044 1044 D SystemServerTiming: OnBootPhase_480_com.android.server.security.KeyChainSystemService took to complete: 0ms
08-30 00:52:10.430 1044 1044 I SystemServerTiming: OnBootPhase_480_com.android.server.telecom.TelecomLoaderService
08-30 00:52:10.430 1044 1044 D SystemServerTiming: OnBootPhase_480_com.android.server.telecom.TelecomLoaderService took to complete: 0ms
08-30 00:52:10.430 1044 1044 I SystemServerTiming: OnBootPhase_480_com.android.server.accounts.AccountManagerService$Lifecycle
08-30 00:52:10.430 1044 1044 D SystemServerTiming: OnBootPhase_480_com.android.server.accounts.AccountManagerService$Lifecycle took to complete: 0ms
08-30 00:52:10.430 1044 1044 I SystemServerTiming: OnBootPhase_480_com.android.server.content.ContentService$Lifecycle
08-30 00:52:10.430 1044 1044 D SystemServerTiming: OnBootPhase_480_com.android.server.content.ContentService$Lifecycle took to complete: 0ms
08-30 00:52:10.430 1044 1044 I SystemServerTiming: OnBootPhase_480_com.android.server.DropBoxManagerService
08-30 00:52:10.430 1044 1044 D SystemServerTiming: OnBootPhase_480_com.android.server.DropBoxManagerService took to complete: 0ms
08-30 00:52:10.430 1044 1044 I SystemServerTiming: OnBootPhase_480_com.android.role.RoleService
08-30 00:52:10.430 1044 1044 D SystemServerTiming: OnBootPhase_480_com.android.role.RoleService took to complete: 0ms
08-30 00:52:10.430 1044 1044 I SystemServerTiming: OnBootPhase_480_com.android.server.vibrator.VibratorManagerService$Lifecycle
08-30 00:52:10.430 1044 1044 D SystemServerTiming: OnBootPhase_480_com.android.server.vibrator.VibratorManagerService$Lifecycle took to complete: 0ms
08-30 00:52:10.430 1044 1044 I SystemServerTiming: OnBootPhase_480_com.android.server.alarm.AlarmManagerService
08-30 00:52:10.430 1044 1044 D SystemServerTiming: OnBootPhase_480_com.android.server.alarm.AlarmManagerService took to complete: 0ms
08-30 00:52:10.430 1044 1044 I SystemServerTiming: OnBootPhase_480_com.android.server.devicestate.DeviceStateManagerService
08-30 00:52:10.431 1044 1044 D SystemServerTiming: OnBootPhase_480_com.android.server.devicestate.DeviceStateManagerService took to complete: 0ms
08-30 00:52:10.431 1044 1044 I SystemServerTiming: OnBootPhase_480_com.android.server.camera.CameraServiceProxy
08-30 00:52:10.431 1044 1044 D SystemServerTiming: OnBootPhase_480_com.android.server.camera.CameraServiceProxy took to complete: 0ms
08-30 00:52:10.431 1044 1044 I SystemServerTiming: OnBootPhase_480_com.android.server.BluetoothService
08-30 00:52:10.431 1044 1044 D SystemServerTiming: OnBootPhase_480_com.android.server.BluetoothService took to complete: 0ms
08-30 00:52:10.431 1044 1044 I SystemServerTiming: OnBootPhase_480_com.android.server.connectivity.IpConnectivityMetrics
08-30 00:52:10.431 1044 1044 D SystemServerTiming: OnBootPhase_480_com.android.server.connectivity.IpConnectivityMetrics took to complete: 0ms
08-30 00:52:10.431 1044 1044 I SystemServerTiming: OnBootPhase_480_com.android.server.net.watchlist.NetworkWatchlistService$Lifecycle
08-30 00:52:10.431 1044 1044 D SystemServerTiming: OnBootPhase_480_com.android.server.net.watchlist.NetworkWatchlistService$Lifecycle took to complete: 0ms
08-30 00:52:10.431 1044 1044 I SystemServerTiming: OnBootPhase_480_com.android.server.PinnerService
08-30 00:52:10.431 1044 1044 D SystemServerTiming: OnBootPhase_480_com.android.server.PinnerService took to complete: 0ms
08-30 00:52:10.431 1044 1044 I SystemServerTiming: OnBootPhase_480_com.google.android.startop.iorap.IorapForwardingService
08-30 00:52:10.431 1044 1044 D SystemServerTiming: OnBootPhase_480_com.google.android.startop.iorap.IorapForwardingService took to complete: 0ms
08-30 00:52:10.431 1044 1044 I SystemServerTiming: OnBootPhase_480_com.android.server.ActivityTriggerService
08-30 00:52:10.431 1044 1044 D SystemServerTiming: OnBootPhase_480_com.android.server.ActivityTriggerService took to complete: 0ms
08-30 00:52:10.431 1044 1044 I SystemServerTiming: OnBootPhase_480_com.android.server.integrity.AppIntegrityManagerService
08-30 00:52:10.431 1044 1044 D SystemServerTiming: OnBootPhase_480_com.android.server.integrity.AppIntegrityManagerService took to complete: 0ms
08-30 00:52:10.431 1044 1044 I SystemServerTiming: OnBootPhase_480_com.android.server.inputmethod.InputMethodManagerService$Lifecycle
08-30 00:52:10.431 1044 1044 D SystemServerTiming: OnBootPhase_480_com.android.server.inputmethod.InputMethodManagerService$Lifecycle took to complete: 0ms
08-30 00:52:10.432 1044 1044 I SystemServerTiming: OnBootPhase_480_com.android.server.accessibility.AccessibilityManagerService$Lifecycle
08-30 00:52:10.432 1044 1044 D SystemServerTiming: OnBootPhase_480_com.android.server.accessibility.AccessibilityManagerService$Lifecycle took to complete: 1ms
08-30 00:52:10.432 1044 1044 I SystemServerTiming: OnBootPhase_480_com.android.server.StorageManagerService$Lifecycle
08-30 00:52:10.432 1044 1044 D SystemServerTiming: OnBootPhase_480_com.android.server.StorageManagerService$Lifecycle took to complete: 0ms
08-30 00:52:10.432 1044 1044 I SystemServerTiming: OnBootPhase_480_com.android.server.usage.StorageStatsService$Lifecycle
08-30 00:52:10.432 1044 1044 D SystemServerTiming: OnBootPhase_480_com.android.server.usage.StorageStatsService$Lifecycle took to complete: 0ms
08-30 00:52:10.432 1044 1044 I SystemServerTiming: OnBootPhase_480_com.android.server.UiModeManagerService
08-30 00:52:10.432 1044 1044 D SystemServerTiming: OnBootPhase_480_com.android.server.UiModeManagerService took to complete: 0ms
08-30 00:52:10.432 1044 1044 I SystemServerTiming: OnBootPhase_480_com.android.server.locksettings.LockSettingsService$Lifecycle
08-30 00:52:10.432 1044 1044 D SystemServerTiming: OnBootPhase_480_com.android.server.locksettings.LockSettingsService$Lifecycle took to complete: 0ms
08-30 00:52:10.432 1044 1044 I SystemServerTiming: OnBootPhase_480_com.android.server.PersistentDataBlockService
08-30 00:52:10.432 1044 1044 D SystemServerTiming: OnBootPhase_480_com.android.server.PersistentDataBlockService took to complete: 0ms
08-30 00:52:10.432 1044 1044 I SystemServerTiming: OnBootPhase_480_com.android.server.testharness.TestHarnessModeService
08-30 00:52:10.432 1044 1044 D SystemServerTiming: OnBootPhase_480_com.android.server.testharness.TestHarnessModeService took to complete: 0ms
08-30 00:52:10.432 1044 1044 I SystemServerTiming: OnBootPhase_480_com.android.server.oemlock.OemLockService
08-30 00:52:10.432 1044 1044 D SystemServerTiming: OnBootPhase_480_com.android.server.oemlock.OemLockService took to complete: 0ms
08-30 00:52:10.432 1044 1044 I SystemServerTiming: OnBootPhase_480_com.android.server.DeviceIdleController
08-30 00:52:10.432 1044 1044 D SystemServerTiming: OnBootPhase_480_com.android.server.DeviceIdleController took to complete: 0ms
08-30 00:52:10.432 1044 1044 I SystemServerTiming: OnBootPhase_480_com.android.server.devicepolicy.DevicePolicyManagerService$Lifecycle
08-30 00:52:10.437 1044 1044 I DevicePolicyManager: Current version 2, latest version 2, not upgrading.
08-30 00:52:10.444 1044 1044 D SystemServerTiming: OnBootPhase_480_com.android.server.devicepolicy.DevicePolicyManagerService$Lifecycle took to complete: 12ms
08-30 00:52:10.444 1044 1044 I SystemServerTiming: OnBootPhase_480_com.android.server.texttospeech.TextToSpeechManagerService
08-30 00:52:10.444 1044 1362 I SystemServerTimingAsync: InitThreadPoolExec:DevicePolicyManager
08-30 00:52:10.444 1044 1044 D SystemServerTiming: OnBootPhase_480_com.android.server.texttospeech.TextToSpeechManagerService took to complete: 0ms
08-30 00:52:10.444 1044 1044 I SystemServerTiming: OnBootPhase_480_com.android.server.speech.SpeechRecognitionManagerService
08-30 00:52:10.445 1044 1044 D SystemServerTiming: OnBootPhase_480_com.android.server.speech.SpeechRecognitionManagerService took to complete: 0ms
08-30 00:52:10.445 1044 1044 I SystemServerTiming: OnBootPhase_480_com.android.server.searchui.SearchUiManagerService
08-30 00:52:10.445 1044 1044 D SystemServerTiming: OnBootPhase_480_com.android.server.searchui.SearchUiManagerService took to complete: 0ms
08-30 00:52:10.445 1044 1044 I SystemServerTiming: OnBootPhase_480_com.android.server.smartspace.SmartspaceManagerService
08-30 00:52:10.445 1044 1044 D SystemServerTiming: OnBootPhase_480_com.android.server.smartspace.SmartspaceManagerService took to complete: 0ms
08-30 00:52:10.445 1044 1044 I SystemServerTiming: OnBootPhase_480_com.android.server.graphics.fonts.FontManagerService$Lifecycle
08-30 00:52:10.445 1044 1044 D SystemServerTiming: OnBootPhase_480_com.android.server.graphics.fonts.FontManagerService$Lifecycle took to complete: 0ms
08-30 00:52:10.445 1044 1044 I SystemServerTiming: OnBootPhase_480_com.android.server.textservices.TextServicesManagerService$Lifecycle
08-30 00:52:10.446 1044 1044 D SystemServerTiming: OnBootPhase_480_com.android.server.textservices.TextServicesManagerService$Lifecycle took to complete: 0ms
08-30 00:52:10.446 1044 1044 I SystemServerTiming: OnBootPhase_480_com.android.server.textclassifier.TextClassificationManagerService$Lifecycle
08-30 00:52:10.446 1044 1044 D SystemServerTiming: OnBootPhase_480_com.android.server.textclassifier.TextClassificationManagerService$Lifecycle took to complete: 0ms
08-30 00:52:10.446 1044 1044 I SystemServerTiming: OnBootPhase_480_com.android.server.NetworkScoreService$Lifecycle
08-30 00:52:10.446 1044 1044 D SystemServerTiming: OnBootPhase_480_com.android.server.NetworkScoreService$Lifecycle took to complete: 0ms
08-30 00:52:10.446 1044 1044 I SystemServerTiming: OnBootPhase_480_com.android.server.wifi.WifiService
08-30 00:52:10.446 1044 1044 D SystemServerTiming: OnBootPhase_480_com.android.server.wifi.WifiService took to complete: 0ms
08-30 00:52:10.446 1044 1044 I SystemServerTiming: OnBootPhase_480_com.android.server.wifi.scanner.WifiScanningService
08-30 00:52:10.446 1044 1044 D SystemServerTiming: OnBootPhase_480_com.android.server.wifi.scanner.WifiScanningService took to complete: 0ms
08-30 00:52:10.446 1044 1044 I SystemServerTiming: OnBootPhase_480_com.android.server.wifi.rtt.RttService
08-30 00:52:10.446 1044 1044 D SystemServerTiming: OnBootPhase_480_com.android.server.wifi.rtt.RttService took to complete: 0ms
08-30 00:52:10.446 1044 1044 I SystemServerTiming: OnBootPhase_480_com.android.server.wifi.aware.WifiAwareService
08-30 00:52:10.447 1044 1044 D SystemServerTiming: OnBootPhase_480_com.android.server.wifi.aware.WifiAwareService took to complete: 0ms
08-30 00:52:10.447 1044 1044 I SystemServerTiming: OnBootPhase_480_com.android.server.wifi.p2p.WifiP2pService
08-30 00:52:10.447 1044 1044 D SystemServerTiming: OnBootPhase_480_com.android.server.wifi.p2p.WifiP2pService took to complete: 0ms
08-30 00:52:10.447 1044 1044 I SystemServerTiming: OnBootPhase_480_com.android.server.ethernet.EthernetService
08-30 00:52:10.447 1044 1044 D SystemServerTiming: OnBootPhase_480_com.android.server.ethernet.EthernetService took to complete: 0ms
08-30 00:52:10.447 1044 1044 I SystemServerTiming: OnBootPhase_480_com.android.server.ConnectivityServiceInitializer
08-30 00:52:10.447 1044 1044 D SystemServerTiming: OnBootPhase_480_com.android.server.ConnectivityServiceInitializer took to complete: 0ms
08-30 00:52:10.447 1044 1044 I SystemServerTiming: OnBootPhase_480_com.android.server.notification.NotificationManagerService
08-30 00:52:10.447 1044 1044 D SystemServerTiming: OnBootPhase_480_com.android.server.notification.NotificationManagerService took to complete: 0ms
08-30 00:52:10.447 1044 1044 I SystemServerTiming: OnBootPhase_480_com.android.server.storage.DeviceStorageMonitorService
08-30 00:52:10.447 1044 1044 D SystemServerTiming: OnBootPhase_480_com.android.server.storage.DeviceStorageMonitorService took to complete: 0ms
08-30 00:52:10.447 1044 1044 I SystemServerTiming: OnBootPhase_480_com.android.server.location.LocationManagerService$Lifecycle
08-30 00:52:10.448 1044 1044 D SystemServerTiming: OnBootPhase_480_com.android.server.location.LocationManagerService$Lifecycle took to complete: 0ms
08-30 00:52:10.448 1044 1044 I SystemServerTiming: OnBootPhase_480_com.android.server.timedetector.TimeDetectorService$Lifecycle
08-30 00:52:10.448 1044 1044 D SystemServerTiming: OnBootPhase_480_com.android.server.timedetector.TimeDetectorService$Lifecycle took to complete: 0ms
08-30 00:52:10.448 1044 1044 I SystemServerTiming: OnBootPhase_480_com.android.server.timezonedetector.TimeZoneDetectorService$Lifecycle
08-30 00:52:10.448 1044 1044 D SystemServerTiming: OnBootPhase_480_com.android.server.timezonedetector.TimeZoneDetectorService$Lifecycle took to complete: 0ms
08-30 00:52:10.448 1044 1044 I SystemServerTiming: OnBootPhase_480_com.android.server.timezonedetector.location.LocationTimeZoneManagerService$Lifecycle
08-30 00:52:10.448 1044 1044 D SystemServerTiming: OnBootPhase_480_com.android.server.timezonedetector.location.LocationTimeZoneManagerService$Lifecycle took to complete: 0ms
08-30 00:52:10.448 1044 1044 I SystemServerTiming: OnBootPhase_480_com.android.server.search.SearchManagerService$Lifecycle
08-30 00:52:10.448 1044 1044 D SystemServerTiming: OnBootPhase_480_com.android.server.search.SearchManagerService$Lifecycle took to complete: 0ms
08-30 00:52:10.448 1044 1044 I SystemServerTiming: OnBootPhase_480_com.android.server.wallpaper.WallpaperManagerService$Lifecycle
08-30 00:52:10.448 1044 1044 D SystemServerTiming: OnBootPhase_480_com.android.server.wallpaper.WallpaperManagerService$Lifecycle took to complete: 0ms
08-30 00:52:10.449 1044 1362 D SystemServerInitThreadPool: Started executing DevicePolicyManager
08-30 00:52:10.449 1044 1044 I SystemServerTiming: OnBootPhase_480_com.android.server.audio.AudioService$Lifecycle
08-30 00:52:10.449 1044 1044 D SystemServerTiming: OnBootPhase_480_com.android.server.audio.AudioService$Lifecycle took to complete: 0ms
08-30 00:52:10.449 1044 1044 I SystemServerTiming: OnBootPhase_480_com.android.server.soundtrigger_middleware.SoundTriggerMiddlewareService$Lifecycle
