01-01 08:21:57.130 0 0 I msm_vidc: high: 00000001: ....d: Opening video instance: ffffffce1ad8c000, 1
08-30 00:52:11.771 2040 2040 I auditd : type=1400 audit(0.0:86): avc: denied { read } for comm="ip" name="rt_tables" dev="dm-6" ino=350 scontext=u:r:ethernet:s0 tcontext=u:object_r:net_data_file:s0 tclass=file permissive=0
01-01 08:21:57.136 0 0 E : INFO: trying to register non-static key.
01-01 08:21:57.137 0 0 I cnss_pci 0000: 01:00.0: enabling device (0000 -> 0002)
01-01 08:21:57.141 0 0 E : the code is fine but needs lockdep annotation.
01-01 08:21:57.141 0 0 I : CPU: 1 PID: 2053 Comm: VideoDecMsgThre Tainted: G S W O 4.19.157+ #1
08-30 00:52:11.783 1044 1044 D SystemServerTiming: showSystemReadyErrorDialogs took to complete: 109ms
08-30 00:52:11.783 1044 1044 I SystemServerTiming: sendUserStartBroadcast
08-30 00:52:11.784 1044 1044 D SystemServerTiming: sendUserStartBroadcast took to complete: 1ms
08-30 00:52:11.784 1044 1044 I SystemServerTiming: resumeTopActivities
08-30 00:52:11.786 1044 1044 D SystemServerTiming: resumeTopActivities took to complete: 2ms
08-30 00:52:11.786 1044 1044 I SystemServerTiming: sendUserSwitchBroadcasts
08-30 00:52:11.786 1044 1044 I uc_send_user_broadcast: [0,android.intent.action.USER_FOREGROUND]
08-30 00:52:11.787 1044 1044 I uc_send_user_broadcast: [0,android.intent.action.USER_SWITCHED]
08-30 00:52:11.787 1044 1044 D SystemServerTiming: sendUserSwitchBroadcasts took to complete: 1ms
08-30 00:52:11.787 1044 1044 I SystemServerTiming: setBinderProxies
08-30 00:52:11.787 1044 1044 D SystemServerTiming: setBinderProxies took to complete: 0ms
08-30 00:52:11.787 1044 1044 D SystemServerTiming: ActivityManagerStartApps took to complete: 336ms
08-30 00:52:11.787 1044 1044 D SystemServerTiming: PhaseActivityManagerReady took to complete: 984ms
08-30 00:52:11.787 1044 1044 I SystemServerTiming: StartSystemUI
08-30 00:52:11.775 1387 1387 I auditd : type=1400 audit(0.0:87): avc: denied { write } for comm="sh" name="ip_forward" dev="proc" ino=7157 scontext=u:r:ethernet:s0 tcontext=u:object_r:proc_net:s0 tclass=file permissive=0
08-30 00:52:11.779 1387 1387 I auditd : type=1400 audit(0.0:88): avc: denied { write } for comm="sh" name="ip_default_ttl" dev="proc" ino=57131 scontext=u:r:ethernet:s0 tcontext=u:object_r:proc_net:s0 tclass=file permissive=0
08-30 00:52:11.779 1387 1387 I auditd : type=1400 audit(0.0:89): avc: denied { write } for comm="sh" name="tcp_keepalive_probes" dev="proc" ino=57132 scontext=u:r:ethernet:s0 tcontext=u:object_r:proc_net:s0 tclass=file permissive=0
01-01 08:21:57.146 0 0 I Hardware name: Qualcomm Technologies, Inc. kona MTP-RmPM8150b (DT)
01-01 08:21:57.146 0 0 I Call trace:
01-01 08:21:57.147 0 0 I : dump_backtrace+0x0/0x258
01-01 08:21:57.147 0 0 I : show_stack+0x20/0x30
01-01 08:21:57.147 0 0 I : dump_stack+0xd8/0x12c
01-01 08:21:57.147 0 0 I : register_lock_class+0x4d0/0x5c8
01-01 08:21:57.147 0 0 I : __lock_acquire+0xbc/0x1e58
01-01 08:21:57.147 0 0 I : lock_acquire+0x1cc/0x218
01-01 08:21:57.147 0 0 I : _raw_spin_lock_irqsave+0x54/0x98
01-01 08:21:57.147 0 0 I : __ion_system_secure_heap_resize+0x768/0x8c0
01-01 08:21:57.147 0 0 I : ion_system_secure_heap_prefetch+0x28/0x38
01-01 08:21:57.147 0 0 I : ion_walk_heaps+0x88/0xb8
01-01 08:21:57.147 0 0 I : ion_ioctl+0x1b0/0x2a8
01-01 08:21:57.147 0 0 I : __arm64_compat_sys_ioctl+0xf4/0x240
01-01 08:21:57.147 0 0 I : el0_svc_common+0xa4/0x190
01-01 08:21:57.147 0 0 I : el0_svc_compat_handler+0x28/0x38
01-01 08:21:57.147 0 0 I : el0_svc_compat+0x8/0x34
01-01 08:21:57.150 0 0 E : INFO: trying to register non-static key.
01-01 08:21:57.151 0 0 I init : Service 'ethernet' (pid 1387) exited with status 1 oneshot service took 6.679000 seconds in background
01-01 08:21:57.151 0 0 D cnss : Config PCIe remap window register to 0x4000003f
01-01 08:21:57.151 0 0 D cnss : Read register offset 0x1f8031c, val = 0x6
01-01 08:21:57.152 0 0 D cnss : Write val 0x2 to register offset 0x1f8031c
01-01 08:21:57.152 0 0 D cnss : Setting MHI state: INIT(0)
01-01 08:21:57.152 0 0 E : INFO: trying to register non-static key.
01-01 08:21:57.152 0 0 E : the code is fine but needs lockdep annotation.
01-01 08:21:57.152 0 0 I : CPU: 5 PID: 292 Comm: kworker/u16:8 Tainted: G S W O 4.19.157+ #1
01-01 08:21:57.152 0 0 I Hardware name: Qualcomm Technologies, Inc. kona MTP-RmPM8150b (DT)
01-01 08:21:57.152 0 0 I Workqueue: events_unbound ion_system_secure_heap_prefetch_work
01-01 08:21:57.152 0 0 I Call trace:
01-01 08:21:57.152 0 0 I : dump_backtrace+0x0/0x258
01-01 08:21:57.152 0 0 I : show_stack+0x20/0x30
01-01 08:21:57.152 0 0 I : dump_stack+0xd8/0x12c
01-01 08:21:57.153 0 0 I : register_lock_class+0x4d0/0x5c8
01-01 08:21:57.153 0 0 I : __lock_acquire+0xbc/0x1e58
01-01 08:21:57.153 0 0 I : lock_acquire+0x1cc/0x218
01-01 08:21:57.153 0 0 I : _raw_spin_lock_irqsave+0x54/0x98
01-01 08:21:57.153 0 0 I : ion_system_secure_heap_prefetch_work+0x48/0x2c0
01-01 08:21:57.153 0 0 I : process_one_work+0x38c/0x660
01-01 08:21:57.153 0 0 I : worker_thread+0x268/0x4b8
01-01 08:21:57.153 0 0 I : kthread+0x140/0x150
01-01 08:21:57.153 0 0 I : ret_from_fork+0x10/0x1c
01-01 08:21:57.153 0 0 D cnss : Setting MHI state: POWER_ON(2)
01-01 08:21:57.155 0 0 E : the code is fine but needs lockdep annotation.
01-01 08:21:57.155 0 0 I : CPU: 1 PID: 2053 Comm: VideoDecMsgThre Tainted: G S W O 4.19.157+ #1
01-01 08:21:57.155 0 0 I Hardware name: Qualcomm Technologies, Inc. kona MTP-RmPM8150b (DT)
01-01 08:21:57.155 0 0 I Call trace:
01-01 08:21:57.155 0 0 I : dump_backtrace+0x0/0x258
01-01 08:21:57.155 0 0 I : show_stack+0x20/0x30
01-01 08:21:57.155 0 0 I : dump_stack+0xd8/0x12c
01-01 08:21:57.155 0 0 I : register_lock_class+0x4d0/0x5c8
01-01 08:21:57.155 0 0 I : __lock_acquire+0xbc/0x1e58
01-01 08:21:57.156 0 0 E : INFO: trying to register non-static key.
01-01 08:21:57.156 0 0 E : the code is fine but needs lockdep annotation.
01-01 08:21:57.159 0 0 W cnss_pci 0000: 01:00.0: Falling back to syfs fallback for: qca6390/amss20.bin
08-30 00:52:11.800 1044 1044 D SystemServerTiming: StartSystemUI took to complete: 13ms
08-30 00:52:11.800 1044 1044 I SystemServerTiming: startRemoteControlService
08-30 00:52:11.801 1044 1044 D SystemServerTiming: startRemoteControlService took to complete: 1ms
08-30 00:52:11.803 1044 2017 I dvm_lock_sample: [system_server,0,EventHandler,128,ActivityManagerService.java,12114,int com.android.server.am.ActivityManagerService.bindIsolatedService(android.app.IApplicationThread, android.os.IBinder, android.content.Intent, java.lang.String, android.app.IServiceConnection, int, java.lang.String, java.lang.String, int),-,11968,android.content.ComponentName com.android.server.am.ActivityManagerService.startService(android.app.IApplicationThread, android.content.Intent, java.lang.String, boolean, java.lang.String, java.lang.String, int),25]
08-30 00:52:11.779 1387 1387 I auditd : type=1400 audit(0.0:90): avc: denied { write } for comm="sh" name="tcp_keepalive_intvl" dev="proc" ino=57133 scontext=u:r:ethernet:s0 tcontext=u:object_r:proc_net:s0 tclass=file permissive=0
08-30 00:52:11.779 1387 1387 I auditd : type=1400 audit(0.0:91): avc: denied { write } for comm="sh" name="tcp_keepalive_time" dev="proc" ino=57134 scontext=u:r:ethernet:s0 tcontext=u:object_r:proc_net:s0 tclass=file permissive=0
01-01 08:21:57.161 0 0 I init : Sending signal 9 to service 'ethernet' (pid 1387) process group...
08-30 00:52:11.779 1387 1387 I auditd : type=1400 audit(0.0:92): avc: denied { write } for comm="sh" name="tcp_rmem" dev="proc" ino=57135 scontext=u:r:ethernet:s0 tcontext=u:object_r:proc_net:s0 tclass=file permissive=0
01-01 08:21:57.166 0 0 I : lock_acquire+0x1cc/0x218
01-01 08:21:57.166 0 0 I : _raw_spin_lock_irqsave+0x54/0x98
01-01 08:21:57.166 0 0 I : __ion_system_secure_heap_resize+0x768/0x8c0
01-01 08:21:57.166 0 0 I : ion_system_secure_heap_prefetch+0x28/0x38
01-01 08:21:57.166 0 0 I : ion_walk_heaps+0x88/0xb8
01-01 08:21:57.166 0 0 I : ion_ioctl+0x1b0/0x2a8
01-01 08:21:57.166 0 0 I : __arm64_compat_sys_ioctl+0xf4/0x240
01-01 08:21:57.166 0 0 I : el0_svc_common+0xa4/0x190
01-01 08:21:57.166 0 0 I : el0_svc_compat_handler+0x28/0x38
01-01 08:21:57.166 0 0 I : el0_svc_compat+0x8/0x34
01-01 08:21:57.166 0 0 I : CPU: 5 PID: 292 Comm: kworker/u16:8 Tainted: G S W O 4.19.157+ #1
01-01 08:21:57.166 0 0 I Hardware name: Qualcomm Technologies, Inc. kona MTP-RmPM8150b (DT)
01-01 08:21:57.166 0 0 I Workqueue: events_unbound ion_system_secure_heap_prefetch_work
01-01 08:21:57.166 0 0 I Call trace:
01-01 08:21:57.166 0 0 I : dump_backtrace+0x0/0x258
01-01 08:21:57.166 0 0 I : show_stack+0x20/0x30
01-01 08:21:57.166 0 0 I : dump_stack+0xd8/0x12c
01-01 08:21:57.166 0 0 I : register_lock_class+0x4d0/0x5c8
01-01 08:21:57.166 0 0 I : __lock_acquire+0xbc/0x1e58
01-01 08:21:57.166 0 0 I : lock_acquire+0x1cc/0x218
01-01 08:21:57.166 0 0 I : _raw_spin_lock_irqsave+0x54/0x98
01-01 08:21:57.166 0 0 I : ion_system_secure_heap_prefetch_work+0x94/0x2c0
01-01 08:21:57.166 0 0 I : process_one_work+0x38c/0x660
01-01 08:21:57.166 0 0 I : worker_thread+0x268/0x4b8
01-01 08:21:57.166 0 0 I : kthread+0x140/0x150
01-01 08:21:57.166 0 0 I : ret_from_fork+0x10/0x1c
08-30 00:52:11.779 1387 1387 I auditd : type=1400 audit(0.0:93): avc: denied { write } for comm="sh" name="tcp_wmem" dev="proc" ino=57136 scontext=u:r:ethernet:s0 tcontext=u:object_r:proc_net:s0 tclass=file permissive=0
08-30 00:52:11.779 1387 1387 I auditd : type=1400 audit(0.0:94): avc: denied { write } for comm="sh" name="tcp_synack_retries" dev="proc" ino=54331 scontext=u:r:ethernet:s0 tcontext=u:object_r:proc_net:s0 tclass=file permissive=0
08-30 00:52:11.779 1387 1387 I auditd : type=1400 audit(0.0:95): avc: denied { write } for comm="sh" name="tcp_syn_retries" dev="proc" ino=54330 scontext=u:r:ethernet:s0 tcontext=u:object_r:proc_net:s0 tclass=file permissive=0
08-30 00:52:11.779 1387 1387 I auditd : type=1400 audit(0.0:96): avc: denied { write } for comm="sh" name="tcp_max_tw_buckets" dev="proc" ino=57137 scontext=u:r:ethernet:s0 tcontext=u:object_r:proc_net:s0 tclass=file permissive=0
08-30 00:52:11.812 1044 2017 W ContextImpl: Calling a method in the system process without a qualified user: android.app.ContextImpl.bindService:1895 android.content.ContextWrapper.bindService:810 com.qualcomm.qti.activityextension.ActivityNotifier.bindToDynamicDDSService:103 com.qualcomm.qti.activityextension.ActivityNotifier.handleSendActivityInvokeNotification:184 com.qualcomm.qti.activityextension.ActivityNotifier.access$300:26
08-30 00:52:11.813 1044 2032 W ActivityManager: Slow operation: 269ms so far, now at startProcess: done updating battery stats
08-30 00:52:11.813 1044 2032 I am_proc_start: [0,2011,1001,.dataservices,added application,.dataservices]
08-30 00:52:11.813 1044 1194 I netstats_mobile_sample: [0,0,0,0,0,0,0,0,0,0,0,0,1661791931812]
08-30 00:52:11.813 1044 2032 W ActivityManager: Slow operation: 269ms so far, now at startProcess: building log message
08-30 00:52:11.813 1044 2032 I ActivityManager: Start proc 2011:.dataservices/1001 for added application .dataservices
08-30 00:52:11.813 1044 1194 I netstats_wifi_sample: [0,0,0,0,0,0,0,0,0,0,0,0,1661791931812]
08-30 00:52:11.813 1044 2032 W ActivityManager: Slow operation: 270ms so far, now at startProcess: starting to update pids map
08-30 00:52:11.813 1044 2032 W ActivityManager: Slow operation: 270ms so far, now at startProcess: done updating pids map
08-30 00:52:11.813 1044 2032 I am_proc_bound: [0,2011,.dataservices]
08-30 00:52:11.814 1044 2017 W ContextImpl: Calling a method in the system process without a qualified user: android.app.ContextImpl.bindService:1895 android.content.ContextWrapper.bindService:810 com.qualcomm.qti.activityextension.ActivityNotifier.bindToDynamicDDSService:103 com.qualcomm.qti.activityextension.ActivityNotifier.handleSendActivityInvokeNotification:184 com.qualcomm.qti.activityextension.ActivityNotifier.access$300:26
08-30 00:52:11.815 1044 1044 D SystemServerTiming: startOtherServices took to complete: 4296ms
08-30 00:52:11.815 1044 1044 D SystemServerTiming: StartServices took to complete: 9669ms
08-30 00:52:11.817 1044 2032 D CompatibilityChangeReporter: Compat change id reported: 168419799; UID 1001; state: DISABLED
08-30 00:52:11.779 1387 1387 I auditd : type=1400 audit(0.0:98): avc: denied { write } for comm="sh" name="icmp_echo_ignore_all" dev="proc" ino=57138 scontext=u:r:ethernet:s0 tcontext=u:object_r:proc_net:s0 tclass=file permissive=0
08-30 00:52:11.779 1387 1387 I auditd : type=1400 audit(0.0:99): avc: denied { write } for comm="sh" name="icmp_echo_ignore_broadcasts" dev="proc" ino=57139 scontext=u:r:ethernet:s0 tcontext=u:object_r:proc_net:s0 tclass=file permissive=0
08-30 00:52:11.779 1387 1387 I auditd : type=1400 audit(0.0:100): avc: denied { write } for comm="sh" name="tcp_window_scaling" dev="proc" ino=57140 scontext=u:r:ethernet:s0 tcontext=u:object_r:proc_net:s0 tclass=file permissive=0
08-30 00:52:11.779 1387 1387 I auditd : type=1400 audit(0.0:101): avc: denied { write } for comm="sh" name="drop_gratuitous_arp" dev="proc" ino=57141 scontext=u:r:ethernet:s0 tcontext=u:object_r:proc_net:s0 tclass=file permissive=0
01-01 08:21:57.180 0 0 E : INFO: trying to register non-static key.
08-30 00:52:11.779 1387 1387 I auditd : type=1400 audit(0.0:102): avc: denied { write } for comm="sh" name="arp_accept" dev="proc" ino=57142 scontext=u:r:ethernet:s0 tcontext=u:object_r:proc_net:s0 tclass=file permissive=0
01-01 08:21:57.185 0 0 I libprocessgroup: Successfully killed process cgroup uid 0 pid 1387 in 0ms
08-30 00:52:11.783 1387 1387 I auditd : type=1400 audit(0.0:103): avc: denied { write } for comm="sh" name="arp_notify" dev="proc" ino=57143 scontext=u:r:ethernet:s0 tcontext=u:object_r:proc_net:s0 tclass=file permissive=0
08-30 00:52:11.783 1387 1387 I auditd : type=1400 audit(0.0:104): avc: denied { write } for comm="sh" name="arp_ignore" dev="proc" ino=57144 scontext=u:r:ethernet:s0 tcontext=u:object_r:proc_net:s0 tclass=file permissive=0
08-30 00:52:11.829 1044 2032 I am_uid_active: 1001
01-01 08:21:57.189 0 0 E : the code is fine but needs lockdep annotation.
01-01 08:21:57.189 0 0 I : CPU: 4 PID: 1963 Comm: HwBinder:1372_3 Tainted: G S W O 4.19.157+ #1
01-01 08:21:57.189 0 0 I Hardware name: Qualcomm Technologies, Inc. kona MTP-RmPM8150b (DT)
01-01 08:21:57.189 0 0 I Call trace:
01-01 08:21:57.189 0 0 I : dump_backtrace+0x0/0x258
01-01 08:21:57.189 0 0 I : show_stack+0x20/0x30
01-01 08:21:57.189 0 0 I : dump_stack+0xd8/0x12c
01-01 08:21:57.189 0 0 I : register_lock_class+0x4d0/0x5c8
08-30 00:52:11.832 1044 2032 D CompatibilityChangeReporter: Compat change id reported: 168419799; UID 1001; state: DISABLED
01-01 08:21:57.189 0 0 I : __lock_acquire+0xbc/0x1e58
01-01 08:21:57.190 0 0 I ueventd : firmware: loading 'qca6390/amss20.bin' for '/devices/platform/soc/1c00000.qcom,pcie/pci0000:00/0000:00:00.0/0000:01:00.0/firmware/qca6390!amss20.bin'
01-01 08:21:57.195 0 0 I : lock_acquire+0x1cc/0x218
01-01 08:21:57.195 0 0 I : _raw_spin_lock_irqsave+0x54/0x98
01-01 08:21:57.195 0 0 I : __ion_system_secure_heap_resize+0x768/0x8c0
01-01 08:21:57.195 0 0 I : ion_system_secure_heap_drain+0x28/0x38
01-01 08:21:57.195 0 0 I : ion_walk_heaps+0x88/0xb8
01-01 08:21:57.195 0 0 I : ion_ioctl+0x1b0/0x2a8
01-01 08:21:57.195 0 0 I : __arm64_compat_sys_ioctl+0xf4/0x240
01-01 08:21:57.195 0 0 I : el0_svc_common+0xa4/0x190
01-01 08:21:57.195 0 0 I : el0_svc_compat_handler+0x28/0x38
01-01 08:21:57.195 0 0 I : el0_svc_compat+0x8/0x34
08-30 00:52:11.836 1044 1198 I dvm_lock_sample: [system_server,1,ActivityManager,51,BroadcastQueue.java,986,void com.android.server.am.BroadcastQueue.processNextBroadcast(boolean),,0,null,10]
08-30 00:52:11.840 1044 1044 W Looper : Slow delivery took 8814ms main h=android.app.PropertyInvalidatedCache$AutoCorker$1 c=null m=0
08-30 00:52:11.841 1044 1199 I dvm_lock_sample: [system_server,1,ActivityManager:procStart,207,ProcessList.java,2160,void com.android.server.am.ProcessList.handleProcessStart(com.android.server.am.ProcessRecord, java.lang.String, int[], int, int, int, java.lang.String, java.lang.String, java.lang.String, long),,0,null,41]
08-30 00:52:11.842 1044 1199 W ActivityManager: Slow operation: 289ms so far, now at startProcess: asking zygote to start proc
08-30 00:52:11.842 1044 1100 W ActivityManager: No pending application record for pid 1996 (IApplicationThread android.app.IApplicationThread$Stub$Proxy@361a738); dropping process
08-30 00:52:11.842 1044 1100 I am_drop_process: 1996
08-30 00:52:11.843 1044 1199 D CompatibilityChangeReporter: Compat change id reported: 143937733; UID 10053; state: DISABLED
08-30 00:52:11.857 1044 1101 I dvm_lock_sample: [system_server,1,Binder:1044_2,287,ContentProviderHelper.java,155,android.app.ContentProviderHolder com.android.server.am.ContentProviderHelper.getContentProviderImpl(android.app.IApplicationThread, java.lang.String, android.os.IBinder, int, java.lang.String, java.lang.String, boolean, int),,0,null,57]
01-01 08:21:57.201 0 0 E : INFO: trying to register non-static key.
01-01 08:21:57.203 0 0 E : INFO: trying to register non-static key.
01-01 08:21:57.206 0 0 E : the code is fine but needs lockdep annotation.
01-01 08:21:57.211 0 0 E : the code is fine but needs lockdep annotation.
01-01 08:21:57.217 0 0 I : CPU: 5 PID: 292 Comm: kworker/u16:8 Tainted: G S W O 4.19.157+ #1
01-01 08:21:57.222 0 0 I Hardware name: Qualcomm Technologies, Inc. kona MTP-RmPM8150b (DT)
01-01 08:21:57.222 0 0 I Workqueue: events_unbound ion_system_secure_heap_prefetch_work
01-01 08:21:57.222 0 0 I Call trace:
01-01 08:21:57.222 0 0 I : dump_backtrace+0x0/0x258
01-01 08:21:57.222 0 0 I : show_stack+0x20/0x30
01-01 08:21:57.222 0 0 I : dump_stack+0xd8/0x12c
01-01 08:21:57.222 0 0 I : register_lock_class+0x4d0/0x5c8
08-30 00:52:11.866 1044 1194 I service_manager_slow: [34,alarm]
08-30 00:52:11.882 1044 1873 I ActivityManager: Process WebViewLoader-armeabi-v7a (pid 1945) has died: psvc PER
01-01 08:21:57.222 0 0 I : __lock_acquire+0xbc/0x1e58
01-01 08:21:57.222 0 0 I : lock_acquire+0x1cc/0x218
01-01 08:21:57.222 0 0 I : _raw_spin_lock_irqsave+0x54/0x98
01-01 08:21:57.222 0 0 I : ion_system_secure_heap_prefetch_work+0x94/0x2c0
01-01 08:21:57.222 0 0 I : process_one_work+0x38c/0x660
01-01 08:21:57.222 0 0 I : worker_thread+0x268/0x4b8
01-01 08:21:57.222 0 0 I : kthread+0x140/0x150
01-01 08:21:57.222 0 0 I : ret_from_fork+0x10/0x1c
01-01 08:21:57.222 0 0 I : CPU: 7 PID: 1963 Comm: HwBinder:1372_3 Tainted: G S W O 4.19.157+ #1
01-01 08:21:57.222 0 0 I Hardware name: Qualcomm Technologies, Inc. kona MTP-RmPM8150b (DT)
01-01 08:21:57.222 0 0 I Call trace:
01-01 08:21:57.222 0 0 I : dump_backtrace+0x0/0x258
01-01 08:21:57.222 0 0 I : show_stack+0x20/0x30
01-01 08:21:57.222 0 0 I : dump_stack+0xd8/0x12c
01-01 08:21:57.222 0 0 I : register_lock_class+0x4d0/0x5c8
01-01 08:21:57.222 0 0 I : __lock_acquire+0xbc/0x1e58
01-01 08:21:57.222 0 0 I : lock_acquire+0x1cc/0x218
01-01 08:21:57.222 0 0 I : _raw_spin_lock_irqsave+0x54/0x98
01-01 08:21:57.222 0 0 I : __ion_system_secure_heap_resize+0x768/0x8c0
01-01 08:21:57.222 0 0 I : ion_system_secure_heap_drain+0x28/0x38
01-01 08:21:57.222 0 0 I : ion_walk_heaps+0x88/0xb8
01-01 08:21:57.222 0 0 I : ion_ioctl+0x1b0/0x2a8
01-01 08:21:57.222 0 0 I : __arm64_compat_sys_ioctl+0xf4/0x240
01-01 08:21:57.222 0 0 I : el0_svc_common+0xa4/0x190
01-01 08:21:57.222 0 0 I : el0_svc_compat_handler+0x28/0x38
01-01 08:21:57.222 0 0 I : el0_svc_compat+0x8/0x34
01-01 08:21:57.227 0 0 I binder : 1359:1359 ioctl 40046210 7fc76f7b64 returned -22
08-30 00:52:11.892 1044 1873 I am_proc_died: [0,1945,WebViewLoader-armeabi-v7a,-700,0]
08-30 00:52:11.895 1044 1101 I wm_task_created: [3,-1]
01-01 08:21:57.256 0 0 E init : Control message: Could not find 'vendor.qti.hardware.iop@2.0::IIop/default' for ctl.interface_start from pid: 515 (/system/bin/hwservicemanager)
01-01 08:21:57.257 0 0 E : INFO: trying to register non-static key.
01-01 08:21:57.262 0 0 I msm_vidc: high: 00000001: h264d: Closed video instance: ffffffce1ad8c000
01-01 08:21:57.264 0 0 I ueventd : loading /devices/platform/soc/1c00000.qcom,pcie/pci0000:00/0000:00:00.0/0000:01:00.0/firmware/qca6390!amss20.bin took 77ms
01-01 08:21:57.276 0 0 E : the code is fine but needs lockdep annotation.
01-01 08:21:57.282 0 0 I : CPU: 5 PID: 292 Comm: kworker/u16:8 Tainted: G S W O 4.19.157+ #1
01-01 08:21:57.282 0 0 I Hardware name: Qualcomm Technologies, Inc. kona MTP-RmPM8150b (DT)
01-01 08:21:57.282 0 0 I Workqueue: events_unbound ion_system_secure_heap_prefetch_work
01-01 08:21:57.282 0 0 I Call trace:
01-01 08:21:57.282 0 0 I : dump_backtrace+0x0/0x258
01-01 08:21:57.282 0 0 I : show_stack+0x20/0x30
01-01 08:21:57.282 0 0 I : dump_stack+0xd8/0x12c
01-01 08:21:57.282 0 0 I : register_lock_class+0x4d0/0x5c8
01-01 08:21:57.282 0 0 I : __lock_acquire+0xbc/0x1e58
01-01 08:21:57.282 0 0 I : lock_acquire+0x1cc/0x218
01-01 08:21:57.282 0 0 I : _raw_spin_lock_irqsave+0x54/0x98
01-01 08:21:57.282 0 0 I : ion_system_secure_heap_prefetch_work+0x94/0x2c0
01-01 08:21:57.282 0 0 I : process_one_work+0x38c/0x660
01-01 08:21:57.282 0 0 I : worker_thread+0x268/0x4b8
01-01 08:21:57.282 0 0 I : kthread+0x140/0x150
01-01 08:21:57.282 0 0 I : ret_from_fork+0x10/0x1c
08-30 00:52:11.909 1044 1873 I am_low_memory: 5
08-30 00:52:11.910 1044 1044 D ConditionProviders.SCP: onConnected
08-30 00:52:11.918 1044 1044 D ConditionProviders: Subscribing to condition://android/event?userId=-10000&calendar=&reply=1 with ComponentInfo{android/com.android.server.notification.EventConditionProvider}
08-30 00:52:11.919 1044 1044 D ConditionProviders: Subscribing to condition://android/schedule?days=1.2.3.4.5.6.7&start=22.0&end=7.0&exitAtAlarm=true with ComponentInfo{android/com.android.server.notification.ScheduleConditionProvider}
08-30 00:52:11.919 1044 1044 I notification_cancel_all: [1000,1044,android,0,0,0,20,NULL]
08-30 00:52:11.923 1044 1873 I wm_task_created: [4,-1]
08-30 00:52:11.925 1044 1044 I am_uid_running: 10100
01-01 08:21:57.288 0 0 E : INFO: trying to register non-static key.
08-30 00:52:11.928 1044 1044 D CompatibilityChangeReporter: Compat change id reported: 135634846; UID 10100; state: DISABLED
08-30 00:52:11.928 1044 1044 D CompatibilityChangeReporter: Compat change id reported: 177438394; UID 10100; state: DISABLED
08-30 00:52:11.928 1044 1044 D CompatibilityChangeReporter: Compat change id reported: 135772972; UID 10100; state: DISABLED
08-30 00:52:11.928 1044 1044 D CompatibilityChangeReporter: Compat change id reported: 135754954; UID 10100; state: ENABLED
08-30 00:52:11.938 1044 1199 W ActivityManager: Slow operation: 385ms so far, now at startProcess: returned from zygote!
08-30 00:52:11.938 1044 1199 W ActivityManager: Slow operation: 385ms so far, now at startProcess: done updating battery stats
08-30 00:52:11.938 1044 1199 I am_proc_start: [0,2078,10053,.qtidataservices,added application,.qtidataservices]
08-30 00:52:11.938 1044 1199 W ActivityManager: Slow operation: 385ms so far, now at startProcess: building log message
08-30 00:52:11.938 1044 1199 I ActivityManager: Start proc 2078:.qtidataservices/u0a53 for added application .qtidataservices
08-30 00:52:11.938 1044 1199 W ActivityManager: Slow operation: 385ms so far, now at startProcess: starting to update pids map
08-30 00:52:11.939 1044 1199 W ActivityManager: Slow operation: 386ms so far, now at startProcess: done updating pids map
08-30 00:52:11.939 1044 1199 W ActivityManager: Slow operation: 384ms so far, now at startProcess: asking zygote to start proc
08-30 00:52:11.940 1044 1194 I netstats_mobile_sample: [0,0,0,0,0,0,0,0,0,0,0,0,1661791931940]
08-30 00:52:11.940 1044 1194 I netstats_wifi_sample: [0,0,0,0,0,0,0,0,0,0,0,0,1661791931940]
08-30 00:52:11.941 1044 1211 E KernelCpuSpeedReader: Failed to read cpu-freq: /sys/devices/system/cpu/cpu4/cpufreq/stats/time_in_state: open failed: ENOENT (No such file or directory)
08-30 00:52:11.942 1044 1211 E KernelCpuSpeedReader: Failed to read cpu-freq: /sys/devices/system/cpu/cpu0/cpufreq/stats/time_in_state: open failed: ENOENT (No such file or directory)
01-01 08:21:57.289 0 0 E init : Control message: Could not find 'vendor.qti.hardware.iop@2.0::IIop/default' for ctl.interface_start from pid: 515 (/system/bin/hwservicemanager)
01-01 08:21:57.293 0 0 E : the code is fine but needs lockdep annotation.
01-01 08:21:57.293 0 0 I : CPU: 5 PID: 292 Comm: kworker/u16:8 Tainted: G S W O 4.19.157+ #1
01-01 08:21:57.293 0 0 I Hardware name: Qualcomm Technologies, Inc. kona MTP-RmPM8150b (DT)
01-01 08:21:57.293 0 0 I Workqueue: events_unbound ion_system_secure_heap_prefetch_work
01-01 08:21:57.293 0 0 I Call trace:
01-01 08:21:57.293 0 0 I : dump_backtrace+0x0/0x258
01-01 08:21:57.293 0 0 I : show_stack+0x20/0x30
01-01 08:21:57.293 0 0 I : dump_stack+0xd8/0x12c
01-01 08:21:57.293 0 0 I : register_lock_class+0x4d0/0x5c8
01-01 08:21:57.293 0 0 I : __lock_acquire+0xbc/0x1e58
01-01 08:21:57.293 0 0 I : lock_acquire+0x1cc/0x218
01-01 08:21:57.293 0 0 I : _raw_spin_lock_irqsave+0x54/0x98
01-01 08:21:57.293 0 0 I : ion_system_secure_heap_prefetch_work+0x94/0x2c0
01-01 08:21:57.293 0 0 I : process_one_work+0x38c/0x660
08-30 00:52:11.953 1879 1879 I service_manager_slow: [11,device_policy]
01-01 08:21:57.293 0 0 I : worker_thread+0x268/0x4b8
01-01 08:21:57.293 0 0 I : kthread+0x140/0x150
01-01 08:21:57.293 0 0 I : ret_from_fork+0x10/0x1c
01-01 08:21:57.298 0 0 E : INFO: trying to register non-static key.
01-01 08:21:57.301 0 0 D : mv2112_read_status
01-01 08:21:57.301 0 0 D mv2112_update_link: 3.0x901(1G): 0x4
01-01 08:21:57.302 0 0 D mv2112_update_link: 3.0x8109(100M): 0x8
01-01 08:21:57.302 0 0 D mv2112_update_link: link 0x4
01-01 08:21:57.302 0 0 D mv2112_read_status: autoneg is disabled
01-01 08:21:57.302 0 0 I lan743x 0001: 01:00.0 eth0: Link is Up - 1Gbps/Full - flow control off
01-01 08:21:57.302 0 0 I IPv6 : ADDRCONF(NETDEV_CHANGE): eth0: link becomes ready
01-01 08:21:57.307 0 0 I IPv6 : ADDRCONF(NETDEV_CHANGE): vlan0: link becomes ready
01-01 08:21:57.308 0 0 I IPv6 : ADDRCONF(NETDEV_CHANGE): vlan1: link becomes ready
01-01 08:21:57.308 0 0 I IPv6 : ADDRCONF(NETDEV_CHANGE): vlan2: link becomes ready
01-01 08:21:57.308 0 0 I IPv6 : ADDRCONF(NETDEV_CHANGE): vlan4: link becomes ready
01-01 08:21:57.308 0 0 I IPv6 : ADDRCONF(NETDEV_CHANGE): vlan8: link becomes ready
01-01 08:21:57.312 0 0 I binder : undelivered TRANSACTION_COMPLETE
01-01 08:21:57.312 0 0 I binder : undelivered transaction 10959, process died.
01-01 08:21:57.314 0 0 E : the code is fine but needs lockdep annotation.
01-01 08:21:57.314 0 0 I : CPU: 5 PID: 292 Comm: kworker/u16:8 Tainted: G S W O 4.19.157+ #1
01-01 08:21:57.314 0 0 I Hardware name: Qualcomm Technologies, Inc. kona MTP-RmPM8150b (DT)
01-01 08:21:57.314 0 0 I Workqueue: events_unbound ion_system_secure_heap_prefetch_work
01-01 08:21:57.314 0 0 I Call trace:
01-01 08:21:57.314 0 0 I : dump_backtrace+0x0/0x258
01-01 08:21:57.314 0 0 I : show_stack+0x20/0x30
01-01 08:21:57.314 0 0 I : dump_stack+0xd8/0x12c
01-01 08:21:57.314 0 0 I : register_lock_class+0x4d0/0x5c8
01-01 08:21:57.314 0 0 I : __lock_acquire+0xbc/0x1e58
01-01 08:21:57.314 0 0 I : lock_acquire+0x1cc/0x218
01-01 08:21:57.314 0 0 I : _raw_spin_lock_irqsave+0x54/0x98
01-01 08:21:57.314 0 0 I : ion_system_secure_heap_prefetch_work+0x94/0x2c0
01-01 08:21:57.314 0 0 I : process_one_work+0x38c/0x660
01-01 08:21:57.314 0 0 I : worker_thread+0x268/0x4b8
01-01 08:21:57.314 0 0 I : kthread+0x140/0x150
01-01 08:21:57.314 0 0 I : ret_from_fork+0x10/0x1c
01-01 08:21:57.317 0 0 E : INFO: trying to register non-static key.
01-01 08:21:57.331 0 0 E : the code is fine but needs lockdep annotation.
01-01 08:21:57.336 0 0 I : CPU: 5 PID: 292 Comm: kworker/u16:8 Tainted: G S W O 4.19.157+ #1
01-01 08:21:57.336 0 0 I Hardware name: Qualcomm Technologies, Inc. kona MTP-RmPM8150b (DT)
01-01 08:21:57.336 0 0 I Workqueue: events_unbound ion_system_secure_heap_prefetch_work
01-01 08:21:57.336 0 0 I Call trace:
01-01 08:21:57.336 0 0 I : dump_backtrace+0x0/0x258
01-01 08:21:57.336 0 0 I : show_stack+0x20/0x30
01-01 08:21:57.336 0 0 I : dump_stack+0xd8/0x12c
01-01 08:21:57.336 0 0 I : register_lock_class+0x4d0/0x5c8
01-01 08:21:57.336 0 0 I : __lock_acquire+0xbc/0x1e58
01-01 08:21:57.336 0 0 I : lock_acquire+0x1cc/0x218
01-01 08:21:57.336 0 0 I : _raw_spin_lock_irqsave+0x54/0x98
01-01 08:21:57.336 0 0 I : ion_system_secure_heap_prefetch_work+0x94/0x2c0
01-01 08:21:57.336 0 0 I : process_one_work+0x38c/0x660
01-01 08:21:57.336 0 0 I : worker_thread+0x268/0x4b8
01-01 08:21:57.336 0 0 I : kthread+0x140/0x150
01-01 08:21:57.336 0 0 I : ret_from_fork+0x10/0x1c
01-01 08:21:57.344 0 0 E : INFO: trying to register non-static key.
01-01 08:21:57.349 0 0 E : the code is fine but needs lockdep annotation.
08-30 00:52:11.989 1044 1194 I netstats_mobile_sample: [0,0,0,0,0,0,0,0,0,0,0,0,1661791931988]
08-30 00:52:11.989 1044 1194 I netstats_wifi_sample: [0,0,0,0,0,0,0,0,0,0,0,0,1661791931988]
01-01 08:21:57.355 0 0 I : CPU: 5 PID: 292 Comm: kworker/u16:8 Tainted: G S W O 4.19.157+ #1
01-01 08:21:57.355 0 0 I Hardware name: Qualcomm Technologies, Inc. kona MTP-RmPM8150b (DT)
01-01 08:21:57.355 0 0 I Workqueue: events_unbound ion_system_secure_heap_prefetch_work
01-01 08:21:57.355 0 0 I Call trace:
01-01 08:21:57.355 0 0 I : dump_backtrace+0x0/0x258
01-01 08:21:57.355 0 0 I : show_stack+0x20/0x30
01-01 08:21:57.355 0 0 I : dump_stack+0xd8/0x12c
01-01 08:21:57.355 0 0 I : register_lock_class+0x4d0/0x5c8
01-01 08:21:57.355 0 0 I : __lock_acquire+0xbc/0x1e58
01-01 08:21:57.355 0 0 I : lock_acquire+0x1cc/0x218
01-01 08:21:57.355 0 0 I : _raw_spin_lock_irqsave+0x54/0x98
01-01 08:21:57.355 0 0 I : ion_system_secure_heap_prefetch_work+0x94/0x2c0
01-01 08:21:57.355 0 0 I : process_one_work+0x38c/0x660
01-01 08:21:57.355 0 0 I : worker_thread+0x268/0x4b8
01-01 08:21:57.355 0 0 I : kthread+0x140/0x150
01-01 08:21:57.355 0 0 I : ret_from_fork+0x10/0x1c
01-01 08:21:57.358 0 0 I IPv6 : ADDRCONF(NETDEV_CHANGE): vlan11: link becomes ready
01-01 08:21:57.362 0 0 E : INFO: trying to register non-static key.
01-01 08:21:57.368 0 0 E : the code is fine but needs lockdep annotation.
01-01 08:21:57.373 0 0 I : CPU: 5 PID: 292 Comm: kworker/u16:8 Tainted: G S W O 4.19.157+ #1
01-01 08:21:57.373 0 0 I Hardware name: Qualcomm Technologies, Inc. kona MTP-RmPM8150b (DT)
01-01 08:21:57.373 0 0 I Workqueue: events_unbound ion_system_secure_heap_prefetch_work
01-01 08:21:57.373 0 0 I Call trace:
01-01 08:21:57.373 0 0 I : dump_backtrace+0x0/0x258
01-01 08:21:57.373 0 0 I : show_stack+0x20/0x30
01-01 08:21:57.373 0 0 I : dump_stack+0xd8/0x12c
01-01 08:21:57.373 0 0 I : register_lock_class+0x4d0/0x5c8
01-01 08:21:57.373 0 0 I : __lock_acquire+0xbc/0x1e58
01-01 08:21:57.373 0 0 I : lock_acquire+0x1cc/0x218
01-01 08:21:57.373 0 0 I : _raw_spin_lock_irqsave+0x54/0x98
01-01 08:21:57.373 0 0 I : ion_system_secure_heap_prefetch_work+0x94/0x2c0
01-01 08:21:57.373 0 0 I : process_one_work+0x38c/0x660
01-01 08:21:57.373 0 0 I : worker_thread+0x268/0x4b8
01-01 08:21:57.373 0 0 I : kthread+0x140/0x150
01-01 08:21:57.373 0 0 I : ret_from_fork+0x10/0x1c
01-01 08:21:57.393 0 0 E : INFO: trying to register non-static key.
08-30 00:52:12.038 1044 1101 I wm_task_created: [5,-1]
01-01 08:21:57.394 0 0 I init : starting service 'qvrd_vndr'...
01-01 08:21:57.398 0 0 E : the code is fine but needs lockdep annotation.
01-01 08:21:57.398 0 0 I : CPU: 5 PID: 292 Comm: kworker/u16:8 Tainted: G S W O 4.19.157+ #1
01-01 08:21:57.398 0 0 I Hardware name: Qualcomm Technologies, Inc. kona MTP-RmPM8150b (DT)
01-01 08:21:57.398 0 0 I Workqueue: events_unbound ion_system_secure_heap_prefetch_work
01-01 08:21:57.398 0 0 I Call trace:
01-01 08:21:57.398 0 0 I : dump_backtrace+0x0/0x258
01-01 08:21:57.398 0 0 I : show_stack+0x20/0x30
01-01 08:21:57.398 0 0 I : dump_stack+0xd8/0x12c
01-01 08:21:57.398 0 0 I : register_lock_class+0x4d0/0x5c8
01-01 08:21:57.398 0 0 I : __lock_acquire+0xbc/0x1e58
01-01 08:21:57.398 0 0 I : lock_acquire+0x1cc/0x218
01-01 08:21:57.398 0 0 I : _raw_spin_lock_irqsave+0x54/0x98
01-01 08:21:57.398 0 0 I : ion_system_secure_heap_prefetch_work+0x94/0x2c0
01-01 08:21:57.398 0 0 I : process_one_work+0x38c/0x660
01-01 08:21:57.398 0 0 I : worker_thread+0x268/0x4b8
01-01 08:21:57.398 0 0 I : kthread+0x140/0x150
01-01 08:21:57.398 0 0 I : ret_from_fork+0x10/0x1c
01-01 08:21:57.401 0 0 E : INFO: trying to register non-static key.
01-01 08:21:57.409 0 0 E : the code is fine but needs lockdep annotation.
01-01 08:21:57.414 0 0 I : CPU: 5 PID: 292 Comm: kworker/u16:8 Tainted: G S W O 4.19.157+ #1
01-01 08:21:57.414 0 0 I Hardware name: Qualcomm Technologies, Inc. kona MTP-RmPM8150b (DT)
01-01 08:21:57.414 0 0 I Workqueue: events_unbound ion_system_secure_heap_prefetch_work
01-01 08:21:57.414 0 0 I Call trace:
01-01 08:21:57.414 0 0 I : dump_backtrace+0x0/0x258
01-01 08:21:57.414 0 0 I : show_stack+0x20/0x30
01-01 08:21:57.414 0 0 I : dump_stack+0xd8/0x12c
01-01 08:21:57.414 0 0 I : register_lock_class+0x4d0/0x5c8
01-01 08:21:57.414 0 0 I : __lock_acquire+0xbc/0x1e58
01-01 08:21:57.414 0 0 I : lock_acquire+0x1cc/0x218
01-01 08:21:57.414 0 0 I : _raw_spin_lock_irqsave+0x54/0x98
01-01 08:21:57.414 0 0 I : ion_system_secure_heap_prefetch_work+0x94/0x2c0
01-01 08:21:57.414 0 0 I : process_one_work+0x38c/0x660
01-01 08:21:57.414 0 0 I : worker_thread+0x268/0x4b8
01-01 08:21:57.414 0 0 I : kthread+0x140/0x150
01-01 08:21:57.414 0 0 I : ret_from_fork+0x10/0x1c
01-01 08:21:57.429 0 0 E : INFO: trying to register non-static key.
01-01 08:21:57.434 0 0 E : the code is fine but needs lockdep annotation.
01-01 08:21:57.439 0 0 I : CPU: 5 PID: 292 Comm: kworker/u16:8 Tainted: G S W O 4.19.157+ #1
01-01 08:21:57.439 0 0 I Hardware name: Qualcomm Technologies, Inc. kona MTP-RmPM8150b (DT)
01-01 08:21:57.439 0 0 I Workqueue: events_unbound ion_system_secure_heap_prefetch_work
01-01 08:21:57.439 0 0 I Call trace:
01-01 08:21:57.439 0 0 I : dump_backtrace+0x0/0x258
01-01 08:21:57.439 0 0 I : show_stack+0x20/0x30
01-01 08:21:57.439 0 0 I : dump_stack+0xd8/0x12c
01-01 08:21:57.439 0 0 I : register_lock_class+0x4d0/0x5c8
01-01 08:21:57.439 0 0 I : __lock_acquire+0xbc/0x1e58
01-01 08:21:57.439 0 0 I : lock_acquire+0x1cc/0x218
01-01 08:21:57.439 0 0 I : _raw_spin_lock_irqsave+0x54/0x98
01-01 08:21:57.439 0 0 I : ion_system_secure_heap_prefetch_work+0x94/0x2c0
01-01 08:21:57.439 0 0 I : process_one_work+0x38c/0x660
01-01 08:21:57.439 0 0 I : worker_thread+0x268/0x4b8
01-01 08:21:57.439 0 0 I : kthread+0x140/0x150
01-01 08:21:57.439 0 0 I : ret_from_fork+0x10/0x1c
08-30 00:52:12.058 1044 1100 I wm_task_created: [6,-1]
08-30 00:52:12.062 1044 1100 I wm_task_created: [7,-1]
08-30 00:52:12.087 1879 2094 I bt_config_source: 1
08-30 00:52:12.089 1879 2094 I bt_config_source: 3
01-01 08:21:57.445 0 0 E : INFO: trying to register non-static key.
01-01 08:21:57.450 0 0 E : the code is fine but needs lockdep annotation.
01-01 08:21:57.456 0 0 I : CPU: 5 PID: 292 Comm: kworker/u16:8 Tainted: G S W O 4.19.157+ #1
01-01 08:21:57.456 0 0 I Hardware name: Qualcomm Technologies, Inc. kona MTP-RmPM8150b (DT)
01-01 08:21:57.456 0 0 I Workqueue: events_unbound ion_system_secure_heap_prefetch_work
01-01 08:21:57.456 0 0 I Call trace:
01-01 08:21:57.456 0 0 I : dump_backtrace+0x0/0x258
01-01 08:21:57.456 0 0 I : show_stack+0x20/0x30
01-01 08:21:57.456 0 0 I : dump_stack+0xd8/0x12c
01-01 08:21:57.456 0 0 I : register_lock_class+0x4d0/0x5c8
01-01 08:21:57.456 0 0 I : __lock_acquire+0xbc/0x1e58
01-01 08:21:57.456 0 0 I : lock_acquire+0x1cc/0x218
01-01 08:21:57.456 0 0 I : _raw_spin_lock_irqsave+0x54/0x98
01-01 08:21:57.456 0 0 I : ion_system_secure_heap_prefetch_work+0x94/0x2c0
01-01 08:21:57.456 0 0 I : process_one_work+0x38c/0x660
01-01 08:21:57.456 0 0 I : worker_thread+0x268/0x4b8
01-01 08:21:57.456 0 0 I : kthread+0x140/0x150
01-01 08:21:57.456 0 0 I : ret_from_fork+0x10/0x1c
01-01 08:21:57.456 0 0 E i2c_geni 980000.i2c: i2c error :-107
01-01 08:21:57.456 0 0 I init : Created socket '/dev/socket/qvrservice_vndr', mode 660, user 1000, group 1000
01-01 08:21:57.464 0 0 E : INFO: trying to register non-static key.
01-01 08:21:57.464 0 0 I init : Created socket '/dev/socket/qvrservice_vndr_camera', mode 660, user 1000, group 1000
01-01 08:21:57.464 0 0 E : [MAX975X:mcu_keep_wakeup_work_func] *ERROR* Failed to write dev:0x15 addr:0x22 value:0x80
01-01 08:21:57.469 0 0 E : the code is fine but needs lockdep annotation.
01-01 08:21:57.469 0 0 I : CPU: 5 PID: 292 Comm: kworker/u16:8 Tainted: G S W O 4.19.157+ #1
01-01 08:21:57.469 0 0 I Hardware name: Qualcomm Technologies, Inc. kona MTP-RmPM8150b (DT)
01-01 08:21:57.469 0 0 I Workqueue: events_unbound ion_system_secure_heap_prefetch_work
01-01 08:21:57.469 0 0 I Call trace:
01-01 08:21:57.469 0 0 I : dump_backtrace+0x0/0x258
01-01 08:21:57.469 0 0 I : show_stack+0x20/0x30
01-01 08:21:57.469 0 0 I : dump_stack+0xd8/0x12c
01-01 08:21:57.469 0 0 I : register_lock_class+0x4d0/0x5c8
01-01 08:21:57.469 0 0 I : __lock_acquire+0xbc/0x1e58
01-01 08:21:57.469 0 0 I : lock_acquire+0x1cc/0x218
01-01 08:21:57.469 0 0 I : _raw_spin_lock_irqsave+0x54/0x98
01-01 08:21:57.469 0 0 I : ion_system_secure_heap_prefetch_work+0x94/0x2c0
01-01 08:21:57.469 0 0 I : process_one_work+0x38c/0x660
01-01 08:21:57.469 0 0 I : worker_thread+0x268/0x4b8
01-01 08:21:57.469 0 0 I : kthread+0x140/0x150
01-01 08:21:57.469 0 0 I : ret_from_fork+0x10/0x1c
01-01 08:21:57.471 0 0 E i2c_geni 980000.i2c: i2c error :-107
01-01 08:21:57.490 0 0 I binder : 2078:2078 ioctl 40046210 7fc4386f54 returned -22
01-01 08:21:57.497 0 0 E : INFO: trying to register non-static key.
01-01 08:21:57.502 0 0 E : the code is fine but needs lockdep annotation.
01-01 08:21:57.507 0 0 I : CPU: 5 PID: 292 Comm: kworker/u16:8 Tainted: G S W O 4.19.157+ #1
01-01 08:21:57.507 0 0 I Hardware name: Qualcomm Technologies, Inc. kona MTP-RmPM8150b (DT)
01-01 08:21:57.507 0 0 I Workqueue: events_unbound ion_system_secure_heap_prefetch_work
01-01 08:21:57.507 0 0 I Call trace:
01-01 08:21:57.507 0 0 I : dump_backtrace+0x0/0x258
01-01 08:21:57.507 0 0 I : show_stack+0x20/0x30
01-01 08:21:57.507 0 0 I : dump_stack+0xd8/0x12c
01-01 08:21:57.508 0 0 I : register_lock_class+0x4d0/0x5c8
01-01 08:21:57.508 0 0 I : __lock_acquire+0xbc/0x1e58
01-01 08:21:57.508 0 0 I : lock_acquire+0x1cc/0x218
01-01 08:21:57.508 0 0 I : _raw_spin_lock_irqsave+0x54/0x98
01-01 08:21:57.508 0 0 I : ion_system_secure_heap_prefetch_work+0x94/0x2c0
01-01 08:21:57.508 0 0 I : process_one_work+0x38c/0x660
01-01 08:21:57.508 0 0 I : worker_thread+0x268/0x4b8
01-01 08:21:57.508 0 0 I : kthread+0x140/0x150
01-01 08:21:57.508 0 0 I : ret_from_fork+0x10/0x1c
01-01 08:21:57.509 0 0 E : [MAX975X:mcu_keep_wakeup_work_func] *ERROR* Failed to write dev:0x15 addr:0x20 value:0x09
01-01 08:21:57.521 0 0 E : INFO: trying to register non-static key.
01-01 08:21:57.525 0 0 I binder : 1280:1280 ioctl 40046210 7fef314a64 returned -22
01-01 08:21:57.526 0 0 E : the code is fine but needs lockdep annotation.
01-01 08:21:57.526 0 0 I : CPU: 5 PID: 292 Comm: kworker/u16:8 Tainted: G S W O 4.19.157+ #1
01-01 08:21:57.526 0 0 I Hardware name: Qualcomm Technologies, Inc. kona MTP-RmPM8150b (DT)
01-01 08:21:57.526 0 0 I Workqueue: events_unbound ion_system_secure_heap_prefetch_work
01-01 08:21:57.526 0 0 I Call trace:
01-01 08:21:57.526 0 0 I : dump_backtrace+0x0/0x258
01-01 08:21:57.526 0 0 I : show_stack+0x20/0x30
01-01 08:21:57.526 0 0 I : dump_stack+0xd8/0x12c
01-01 08:21:57.526 0 0 I : register_lock_class+0x4d0/0x5c8
01-01 08:21:57.532 0 0 I : __lock_acquire+0xbc/0x1e58
01-01 08:21:57.532 0 0 I : lock_acquire+0x1cc/0x218
01-01 08:21:57.532 0 0 I : _raw_spin_lock_irqsave+0x54/0x98
01-01 08:21:57.532 0 0 I : ion_system_secure_heap_prefetch_work+0x94/0x2c0
01-01 08:21:57.532 0 0 I : process_one_work+0x38c/0x660
01-01 08:21:57.532 0 0 I : worker_thread+0x268/0x4b8
01-01 08:21:57.532 0 0 I : kthread+0x140/0x150
01-01 08:21:57.532 0 0 I : ret_from_fork+0x10/0x1c
01-01 08:21:57.537 0 0 E : INFO: trying to register non-static key.
01-01 08:21:57.542 0 0 E : the code is fine but needs lockdep annotation. --------- beginning of main
08-30 00:52:12.129 1879 2094 D bt_device_interop: feature:: 16, key :: AVH-A208BT, value :: Name_Based
01-01 08:21:57.548 0 0 I : CPU: 5 PID: 292 Comm: kworker/u16:8 Tainted: G S W O 4.19.157+ #1
08-30 00:52:12.130 1879 2094 D bt_device_interop: feature:: 16, key :: 74:5E:1C, value :: Address_Based
08-30 00:52:12.130 1879 2094 D bt_device_interop: feature:: 16, key :: AVH-X5790BT, value :: Name_Based
08-30 00:52:12.130 1879 2094 D bt_device_interop: feature:: 16, key :: 00:1D:86, value :: Address_Based
08-30 00:52:12.130 1879 2094 D bt_device_interop: feature:: 16, key :: Car Multimedia, value :: Name_Based
08-30 00:52:12.130 1879 2094 D bt_device_interop: feature:: 16, key :: DDX6, value :: Name_Based
08-30 00:52:12.130 1879 2094 D bt_device_interop: feature:: 16, key :: 90:03:B7, value :: Address_Based
08-30 00:52:12.130 1879 2094 D bt_device_interop: feature:: 16, key :: Parrot ASTEROID, value :: Name_Based
08-30 00:52:12.130 1879 2094 D bt_device_interop: feature:: 16, key :: 0C:E0:E4, value :: Address_Based
08-30 00:52:12.130 1879 2094 D bt_device_interop: feature:: 16, key :: PLT_BBTPRO, value :: Name_Based
08-30 00:52:12.130 1879 2094 D bt_device_interop: feature:: 16, key :: A4:15:66, value :: Address_Based
08-30 00:52:12.130 1879 2094 D bt_device_interop: feature:: 16, key :: Tracks Air, value :: Name_Based
08-30 00:52:12.130 1879 2094 D bt_device_interop: feature:: 16, key :: 00:1A:7D, value :: Address_Based
08-30 00:52:12.130 1879 2094 D bt_device_interop: feature:: 16, key :: 66 Audio BTS, value :: Name_Based
08-30 00:52:12.130 1879 2094 D bt_device_interop: feature:: 16, key :: 88:E6:03, value :: Address_Based
08-30 00:52:12.130 1879 2094 D bt_device_interop: feature:: 16, key :: XB10, value :: Name_Based
08-30 00:52:12.130 1879 2094 D bt_device_interop: feature:: 16, key :: B8:69:C2, value :: Address_Based
08-30 00:52:12.130 1879 2094 D bt_device_interop: feature:: 16, key :: SRS-XB3, value :: Name_Based
08-30 00:52:12.130 1879 2094 D bt_device_interop: feature:: 16, key :: 30:C3:D9, value :: Address_Based
08-30 00:52:12.130 1879 2094 D bt_device_interop: feature:: 16, key :: MB Bluetooth 84389, value :: Name_Based
08-30 00:52:12.131 1879 2094 D bt_device_interop: feature:: 16, key :: 00:02:5B, value :: Address_Based
08-30 00:52:12.131 1879 2094 D bt_device_interop: feature:: 16, key :: HATS_00025B0085E9, value :: Name_Based
08-30 00:52:12.131 1879 2094 D bt_device_interop: feature:: 16, key :: A8:BE:27, value :: Address_Based
08-30 00:52:12.131 1879 2094 D bt_device_interop: feature:: 16, key :: BeatsX, value :: Name_Based
08-30 00:52:12.131 1879 2094 D bt_device_interop: feature:: 16, key :: E0:D1:E6, value :: Address_Based
08-30 00:52:12.131 1879 2094 D bt_device_interop: feature:: 16, key :: MINIJAMBOX by Jawbone, value :: Name_Based
08-30 00:52:12.131 1879 2094 D bt_device_interop: feature:: 16, key :: 2C:41:A1, value :: Address_Based
08-30 00:52:12.131 1879 2094 D bt_device_interop: feature:: 16, key :: Bose SoundSport, value :: Name_Based
08-30 00:52:12.131 1879 2094 D bt_device_interop: feature:: 16, key :: Bose QC35 II, value :: Name_Based
08-30 00:52:12.131 1879 2094 D bt_device_interop: feature:: 16, key :: DC:A4:CA, value :: Address_Based
08-30 00:52:12.131 1879 2094 D bt_device_interop: feature:: 16, key :: Beats Solo³, value :: Name_Based
08-30 00:52:12.131 1879 2094 D bt_device_interop: feature:: 16, key :: 58:E2:8F, value :: Address_Based
08-30 00:52:12.131 1879 2094 D bt_device_interop: feature:: 16, key :: BeatsStudio Wireless, value :: Name_Based
08-30 00:52:12.131 1879 2094 D bt_device_interop: feature:: 16, key :: FC:4B:BC, value :: Address_Based
08-30 00:52:12.131 1879 2094 D bt_device_interop: feature:: 16, key :: XAV-AX100, value :: Name_Based
08-30 00:52:12.132 1879 2094 D bt_device_interop: feature:: 16, key :: 00:18:6b, value :: Address_Based
08-30 00:52:12.132 1879 2094 D bt_device_interop: feature:: 16, key :: LG HBS730, value :: Name_Based
08-30 00:52:12.132 1879 2094 D bt_device_interop: feature:: 16, key :: 8C:57:9B, value :: Address_Based
08-30 00:52:12.132 1879 2094 D bt_device_interop: feature:: 16, key :: h.ear go (SRS-HG1), value :: Name_Based
08-30 00:52:12.132 1879 2094 D bt_device_interop: feature:: 16, key :: 40:ED:98, value :: Address_Based
08-30 00:52:12.131 2078 2078 D ProcessState: Binder ioctl to enable oneway spam detection failed: Invalid argument
08-30 00:52:12.132 1879 2094 D bt_device_interop: feature:: 16, key :: FiiO BTR1K, value :: Name_Based
08-30 00:52:12.132 1879 2094 D bt_device_interop: feature:: 16, key :: 0C:A6:94, value :: Address_Based
08-30 00:52:12.132 1879 2094 D bt_device_interop: feature:: 16, key :: HK Soho Wireless, value :: Name_Based
08-30 00:52:12.132 1879 2094 D bt_device_interop: feature:: 16, key :: 00:09:A7, value :: Address_Based
08-30 00:52:12.132 1879 2094 D bt_device_interop: feature:: 16, key :: Beoplay H4, value :: Name_Based
08-30 00:52:12.132 1879 2094 D bt_device_interop: feature:: 16, key :: 70:26:05, value :: Address_Based
08-30 00:52:12.132 1879 2094 D bt_device_interop: feature:: 16, key :: WF-SP700N, value :: Name_Based
08-30 00:52:12.132 1879 2094 D bt_device_interop: feature:: 16, key :: Pixel Buds, value :: Name_Based
08-30 00:52:12.132 1879 2094 D bt_device_interop: Entry is already present in the list
08-30 00:52:12.132 1879 2094 D bt_device_interop: feature:: 16, key :: 00:09:a7, value :: Address_Based
08-30 00:52:12.132 1879 2094 D bt_device_interop: feature:: 16, key :: Beoplay E8, value :: Name_Based
08-30 00:52:12.132 1879 2094 D bt_device_interop: feature:: 16, key :: Bose SoundWear, value :: Name_Based
08-30 00:52:12.133 1879 2094 D bt_device_interop: feature:: 16, key :: Bose Free SoundSport, value :: Name_Based
08-30 00:52:12.133 1879 2094 D bt_device_interop: feature:: 16, key :: Samsung Level On, value :: Name_Based
08-30 00:52:12.133 1879 2094 D bt_device_interop: feature:: 16, key :: a0:56:b2, value :: Address_Based
08-30 00:52:12.133 1879 2094 D bt_device_interop: feature:: 16, key :: BMW 08939, value :: Name_Based
08-30 00:52:12.133 1879 2094 D bt_device_interop: feature:: 16, key :: MB Bluetooth, value :: Name_Based
08-30 00:52:12.133 1879 2094 D bt_device_interop: feature:: 16, key :: 94:e3:6d, value :: Address_Based
08-30 00:52:12.133 1879 2094 D bt_device_interop: feature:: 16, key :: BMW 99999, value :: Name_Based
08-30 00:52:12.133 1879 2094 D bt_device_interop: feature:: 16, key :: E4:19:C1, value :: Address_Based
08-30 00:52:12.133 1879 2094 D bt_device_interop: feature:: 16, key :: FreeBuds 3, value :: Name_Based
08-30 00:52:12.133 1879 2094 D bt_device_interop: feature:: 16, key :: 28:83:35, value :: Address_Based
08-30 00:52:12.133 1879 2094 D bt_device_interop: feature:: 16, key :: Level U Pro (5F23), value :: Name_Based
08-30 00:52:12.133 1879 2094 D bt_device_interop: feature:: 33, key :: AC:FD:CE, value :: Address_Based
08-30 00:52:12.134 1879 2094 D bt_device_interop: feature:: 21, key :: 00:1B:DC-0x0012, value :: SSR_Max_Lat_Based
08-30 00:52:12.134 1879 2094 D bt_device_interop: feature:: 21, key :: DC:2C:26-0x0000, value :: SSR_Max_Lat_Based
08-30 00:52:12.136 2011 2011 I DynamicDDSService: onCreate()
08-30 00:52:12.138 1044 1873 D CompatibilityChangeReporter: Compat change id reported: 171306433; UID 1000; state: ENABLED
08-30 00:52:12.139 1372 1963 I android.hardware.media.omx@1.0-service: vendor/qcom/proprietary/adsprpc/src/rpcmem_android.c:192: rpcmem_deinit_internal: closed ION fd 7
08-30 00:52:12.139 1372 1963 I android.hardware.media.omx@1.0-service: vendor/qcom/proprietary/adsprpc/src/fastrpc_apps_user.c:3019: fastrpc_apps_user_deinit done
08-30 00:52:12.142 1879 2094 D bt_device_interop: feature:: 21, key :: 54:46:6B-0x0001, value :: SSR_Max_Lat_Based
08-30 00:52:12.143 1879 2094 D bt_device_interop: feature:: 25, key :: 98:7b:f3, value :: Address_Based
08-30 00:52:12.143 1879 2094 D bt_device_interop: feature:: 27, key :: 04:52:c7, value :: Address_Based
08-30 00:52:12.143 1879 2094 D bt_device_interop: feature:: 27, key :: AirPods Pro, value :: Name_Based
08-30 00:52:12.143 1879 2094 D bt_device_interop: feature:: 27, key :: 24:A8:7D, value :: Address_Based
08-30 00:52:12.143 1879 2094 D bt_device_interop: feature:: 27, key :: f0:45:da, value :: Address_Based
01-01 08:21:57.548 0 0 I Hardware name: Qualcomm Technologies, Inc. kona MTP-RmPM8150b (DT)
01-01 08:21:57.548 0 0 I Workqueue: events_unbound ion_system_secure_heap_prefetch_work
01-01 08:21:57.548 0 0 I Call trace:
01-01 08:21:57.548 0 0 I : dump_backtrace+0x0/0x258
01-01 08:21:57.548 0 0 I : show_stack+0x20/0x30
01-01 08:21:57.548 0 0 I : dump_stack+0xd8/0x12c
01-01 08:21:57.548 0 0 I : register_lock_class+0x4d0/0x5c8
01-01 08:21:57.548 0 0 I : __lock_acquire+0xbc/0x1e58
01-01 08:21:57.548 0 0 I : lock_acquire+0x1cc/0x218
01-01 08:21:57.548 0 0 I : _raw_spin_lock_irqsave+0x54/0x98
01-01 08:21:57.548 0 0 I : ion_system_secure_heap_prefetch_work+0x94/0x2c0
01-01 08:21:57.548 0 0 I : process_one_work+0x38c/0x660
01-01 08:21:57.548 0 0 I : worker_thread+0x268/0x4b8
01-01 08:21:57.548 0 0 I : kthread+0x140/0x150
01-01 08:21:57.548 0 0 I : ret_from_fork+0x10/0x1c
01-01 08:21:57.549 0 0 I init : starting service 'sxrd'...
01-01 08:21:57.556 0 0 I binder : 2011:2136 ioctl 40046210 755ce44344 returned -22
01-01 08:21:57.575 0 0 W logd : Skipping entries from slow reader, pid 1284, fd 14, from LogBuffer::Prune()
01-01 08:21:57.575 0 0 W logd : Skipping entries from slow reader, pid 1284, fd 14, from LogBuffer::Prune()
01-01 08:21:57.607 0 0 I binder : 2131:2131 ioctl 40046210 7fc4386f54 returned -22
01-01 08:21:57.640 0 0 I msm_vidc: high: 00000001: ....d: Opening video instance: ffffffce07420000, 1
01-01 08:21:57.675 0 0 D cnss : MHI status cb is called with reason MISSION_MODE(6)
01-01 08:21:57.680 0 0 D cnss : Completed event: REGISTER_DRIVER(7), state: 0x10, ret: 0/0
