08-30 00:52:16.291 1044 1179 I ActivityManagerTiming: OnBootPhase_1000_com.android.server.backup.BackupManagerService$Lifecycle
08-30 00:52:16.291 1044 1179 D ActivityManagerTiming: OnBootPhase_1000_com.android.server.backup.BackupManagerService$Lifecycle took to complete: 0ms
08-30 00:52:16.291 1044 1179 I ActivityManagerTiming: OnBootPhase_1000_com.android.server.appwidget.AppWidgetService
08-30 00:52:16.291 1044 1179 D ActivityManagerTiming: OnBootPhase_1000_com.android.server.appwidget.AppWidgetService took to complete: 0ms
08-30 00:52:16.291 1044 1179 I ActivityManagerTiming: OnBootPhase_1000_com.android.server.voiceinteraction.VoiceInteractionManagerService
08-30 00:52:16.291 1044 1179 D ActivityManagerTiming: OnBootPhase_1000_com.android.server.voiceinteraction.VoiceInteractionManagerService took to complete: 0ms
08-30 00:52:16.291 1044 1179 I ActivityManagerTiming: OnBootPhase_1000_com.android.server.apphibernation.AppHibernationService
08-30 00:52:16.292 1044 1179 D ActivityManagerTiming: OnBootPhase_1000_com.android.server.apphibernation.AppHibernationService took to complete: 1ms
08-30 00:52:16.292 1044 1179 I ActivityManagerTiming: OnBootPhase_1000_com.android.server.GestureLauncherService
08-30 00:52:16.292 1044 1179 D ActivityManagerTiming: OnBootPhase_1000_com.android.server.GestureLauncherService took to complete: 0ms
08-30 00:52:16.292 1044 1179 I ActivityManagerTiming: OnBootPhase_1000_com.android.server.SensorNotificationService
08-30 00:52:16.292 685 685 D Zygote : Forked child process 2665
08-30 00:52:16.294 1044 1199 W ActivityManager: Slow operation: 167ms so far, now at startProcess: returned from zygote!
08-30 00:52:16.294 1044 1199 W ActivityManager: Slow operation: 168ms so far, now at startProcess: done updating battery stats
08-30 00:52:16.294 1044 1199 I am_proc_start: [0,2665,10075,com.android.inputmethod.latin,service,{com.android.inputmethod.latin/com.android.inputmethod.latin.LatinIME}]
08-30 00:52:16.294 1044 1199 W ActivityManager: Slow operation: 168ms so far, now at startProcess: building log message
08-30 00:52:16.294 1044 1199 I ActivityManager: Start proc 2665:com.android.inputmethod.latin/u0a75 for service {com.android.inputmethod.latin/com.android.inputmethod.latin.LatinIME}
08-30 00:52:16.295 1044 1199 W ActivityManager: Slow operation: 168ms so far, now at startProcess: starting to update pids map
08-30 00:52:16.295 1044 1199 W ActivityManager: Slow operation: 169ms so far, now at startProcess: done updating pids map
08-30 00:52:16.303 1044 1179 D CompatibilityChangeReporter: Compat change id reported: 168936375; UID 1000; state: ENABLED
08-30 00:52:16.303 1044 2664 I HibernationStateDiskStore: No hibernation file on disk for file /data/system/hibernation/states
08-30 00:52:16.303 1044 1179 D CompatibilityChangeReporter: Compat change id reported: 168936375; UID 1000; state: DISABLED
08-30 00:52:16.306 1044 1179 D CompatibilityChangeReporter: Compat change id reported: 73144566; UID 1000; state: ENABLED
08-30 00:52:16.307 1044 1179 D CompatibilityChangeReporter: Compat change id reported: 73144566; UID 1000; state: DISABLED
08-30 00:52:16.307 1044 1737 D WifiNetworkFactory: Registering NetworkFactory
08-30 00:52:16.307 1044 1737 D UntrustedWifiNetworkFactory: Registering NetworkFactory
08-30 00:52:16.308 1044 1179 D ActivityManagerTiming: OnBootPhase_1000_com.android.server.SensorNotificationService took to complete: 15ms
08-30 00:52:16.308 1044 1753 D ConnectivityService: Got NetworkProvider Messenger for WifiNetworkFactory
08-30 00:52:16.308 1044 1179 I ActivityManagerTiming: OnBootPhase_1000_com.android.server.emergency.EmergencyAffordanceService
08-30 00:52:16.308 1044 1179 D ActivityManagerTiming: OnBootPhase_1000_com.android.server.emergency.EmergencyAffordanceService took to complete: 0ms
08-30 00:52:16.308 1044 1179 I ActivityManagerTiming: OnBootPhase_1000_com.android.server.blob.BlobStoreManagerService
08-30 00:52:16.309 1044 1737 D OemPaidWifiNetworkFactory: Registering NetworkFactory
08-30 00:52:16.309 1044 1753 D ConnectivityService: Got NetworkProvider Messenger for UntrustedWifiNetworkFactory
08-30 00:52:16.309 1044 1753 D ConnectivityService: Got NetworkProvider Messenger for OemPaidWifiNetworkFactory
08-30 00:52:16.309 1044 1179 D ActivityManagerTiming: OnBootPhase_1000_com.android.server.blob.BlobStoreManagerService took to complete: 1ms
08-30 00:52:16.309 1044 1179 I ActivityManagerTiming: OnBootPhase_1000_com.android.server.dreams.DreamManagerService
08-30 00:52:16.309 1044 1179 D ActivityManagerTiming: OnBootPhase_1000_com.android.server.dreams.DreamManagerService took to complete: 0ms
08-30 00:52:16.310 1044 1179 I ActivityManagerTiming: OnBootPhase_1000_com.android.server.companion.CompanionDeviceManagerService
08-30 00:52:16.310 1044 1179 D ActivityManagerTiming: OnBootPhase_1000_com.android.server.companion.CompanionDeviceManagerService took to complete: 0ms
08-30 00:52:16.310 1044 1179 I ActivityManagerTiming: OnBootPhase_1000_com.android.server.restrictions.RestrictionsManagerService
08-30 00:52:16.310 1044 1179 D ActivityManagerTiming: OnBootPhase_1000_com.android.server.restrictions.RestrictionsManagerService took to complete: 0ms
08-30 00:52:16.310 1044 1179 I ActivityManagerTiming: OnBootPhase_1000_com.android.server.media.MediaSessionService
08-30 00:52:16.311 1044 1737 E ApConfigUtil: Malformed channel value detected: java.lang.NumberFormatException: For input string: ""
08-30 00:52:16.312 1044 1737 E ApConfigUtil: Malformed channel value detected: java.lang.NumberFormatException: For input string: ""
08-30 00:52:16.313 1044 1179 D ActivityManagerTiming: OnBootPhase_1000_com.android.server.media.MediaSessionService took to complete: 2ms
08-30 00:52:16.313 1044 1179 I ActivityManagerTiming: OnBootPhase_1000_com.android.server.media.MediaResourceMonitorService
08-30 00:52:16.313 1044 1179 D ActivityManagerTiming: OnBootPhase_1000_com.android.server.media.MediaResourceMonitorService took to complete: 0ms
08-30 00:52:16.313 1044 1179 I ActivityManagerTiming: OnBootPhase_1000_com.android.server.biometrics.sensors.fingerprint.FingerprintService
08-30 00:52:16.313 1044 1179 D ActivityManagerTiming: OnBootPhase_1000_com.android.server.biometrics.sensors.fingerprint.FingerprintService took to complete: 0ms
08-30 00:52:16.313 1044 1179 I ActivityManagerTiming: OnBootPhase_1000_com.android.server.biometrics.BiometricService
08-30 00:52:16.313 1044 1179 D ActivityManagerTiming: OnBootPhase_1000_com.android.server.biometrics.BiometricService took to complete: 0ms
08-30 00:52:16.313 1044 1179 I ActivityManagerTiming: OnBootPhase_1000_com.android.server.biometrics.AuthService
08-30 00:52:16.313 1044 1179 D ActivityManagerTiming: OnBootPhase_1000_com.android.server.biometrics.AuthService took to complete: 0ms
08-30 00:52:16.313 1044 1179 I ActivityManagerTiming: OnBootPhase_1000_com.android.server.pm.ShortcutService$Lifecycle
08-30 00:52:16.314 1044 1737 D UntrustedWifiNetworkFactory: got request NetworkRequest [ REQUEST id=15, [ Capabilities: INTERNET&NOT_RESTRICTED&TRUSTED&NOT_VCN_MANAGED Uid: 1000 RequestorUid: 1000 RequestorPkg: android] ]
08-30 00:52:16.314 1044 1737 D UntrustedWifiNetworkFactory: got request NetworkRequest [ REQUEST id=7, [ Capabilities: INTERNET&NOT_RESTRICTED&TRUSTED&NOT_VCN_MANAGED Uid: 1000 RequestorUid: 1000 RequestorPkg: android] ]
08-30 00:52:16.315 1044 1737 D UntrustedWifiNetworkFactory: got request NetworkRequest [ REQUEST id=1, [ Capabilities: INTERNET&NOT_RESTRICTED&TRUSTED&NOT_VPN&NOT_VCN_MANAGED RequestorUid: 1000 RequestorPkg: android] ]
08-30 00:52:16.315 1044 1737 D UntrustedWifiNetworkFactory: got request NetworkRequest [ REQUEST id=17, [ Capabilities: INTERNET&NOT_RESTRICTED&TRUSTED&NOT_VCN_MANAGED Uid: 1073 RequestorUid: 1073 RequestorPkg: com.android.networkstack] ]
08-30 00:52:16.315 1044 1737 D UntrustedWifiNetworkFactory: got request NetworkRequest [ REQUEST id=22, [ Capabilities: INTERNET&NOT_RESTRICTED&TRUSTED&NOT_VCN_MANAGED Uid: 10087 RequestorUid: 10087 RequestorPkg: com.android.systemui] ]
08-30 00:52:16.315 1044 1737 D UntrustedWifiNetworkFactory: got request NetworkRequest [ REQUEST id=24, [ Capabilities: INTERNET&NOT_RESTRICTED&TRUSTED&NOT_VCN_MANAGED Uid: 10087 RequestorUid: 10087 RequestorPkg: com.android.systemui] ]
08-30 00:52:16.316 1044 1737 D OemPaidWifiNetworkFactory: got request NetworkRequest [ REQUEST id=15, [ Capabilities: INTERNET&NOT_RESTRICTED&TRUSTED&NOT_VCN_MANAGED Uid: 1000 RequestorUid: 1000 RequestorPkg: android] ]
08-30 00:52:16.316 1044 1737 D OemPaidWifiNetworkFactory: got request NetworkRequest [ REQUEST id=7, [ Capabilities: INTERNET&NOT_RESTRICTED&TRUSTED&NOT_VCN_MANAGED Uid: 1000 RequestorUid: 1000 RequestorPkg: android] ]
08-30 00:52:16.316 1044 1179 D ActivityManagerTiming: OnBootPhase_1000_com.android.server.pm.ShortcutService$Lifecycle took to complete: 1ms
08-30 00:52:16.316 1044 1179 I ActivityManagerTiming: OnBootPhase_1000_com.android.server.pm.LauncherAppsService
08-30 00:52:16.317 1044 1179 D ActivityManagerTiming: OnBootPhase_1000_com.android.server.pm.LauncherAppsService took to complete: 0ms
08-30 00:52:16.317 1044 1179 I ActivityManagerTiming: OnBootPhase_1000_com.android.server.pm.CrossProfileAppsService
08-30 00:52:16.317 1044 1179 D ActivityManagerTiming: OnBootPhase_1000_com.android.server.pm.CrossProfileAppsService took to complete: 0ms
08-30 00:52:16.317 1044 1179 I ActivityManagerTiming: OnBootPhase_1000_com.android.server.people.PeopleService
08-30 00:52:16.317 1044 1179 D ActivityManagerTiming: OnBootPhase_1000_com.android.server.people.PeopleService took to complete: 0ms
08-30 00:52:16.317 1044 1179 I ActivityManagerTiming: OnBootPhase_1000_com.android.server.media.metrics.MediaMetricsManagerService
08-30 00:52:16.317 1044 1179 D ActivityManagerTiming: OnBootPhase_1000_com.android.server.media.metrics.MediaMetricsManagerService took to complete: 0ms
08-30 00:52:16.317 1044 1179 I ActivityManagerTiming: OnBootPhase_1000_com.android.server.media.projection.MediaProjectionManagerService
08-30 00:52:16.318 1044 1737 D OemPaidWifiNetworkFactory: got request NetworkRequest [ REQUEST id=1, [ Capabilities: INTERNET&NOT_RESTRICTED&TRUSTED&NOT_VPN&NOT_VCN_MANAGED RequestorUid: 1000 RequestorPkg: android] ]
08-30 00:52:16.318 1044 1737 D OemPaidWifiNetworkFactory: got request NetworkRequest [ REQUEST id=17, [ Capabilities: INTERNET&NOT_RESTRICTED&TRUSTED&NOT_VCN_MANAGED Uid: 1073 RequestorUid: 1073 RequestorPkg: com.android.networkstack] ]
08-30 00:52:16.318 1044 1737 D OemPaidWifiNetworkFactory: got request NetworkRequest [ REQUEST id=22, [ Capabilities: INTERNET&NOT_RESTRICTED&TRUSTED&NOT_VCN_MANAGED Uid: 10087 RequestorUid: 10087 RequestorPkg: com.android.systemui] ]
08-30 00:52:16.318 1044 1737 D OemPaidWifiNetworkFactory: got request NetworkRequest [ REQUEST id=24, [ Capabilities: INTERNET&NOT_RESTRICTED&TRUSTED&NOT_VCN_MANAGED Uid: 10087 RequestorUid: 10087 RequestorPkg: com.android.systemui] ]
08-30 00:52:16.320 1044 1179 D ActivityManagerTiming: OnBootPhase_1000_com.android.server.media.projection.MediaProjectionManagerService took to complete: 0ms
08-30 00:52:16.320 1044 1179 I ActivityManagerTiming: OnBootPhase_1000_com.android.server.slice.SliceManagerService$Lifecycle
08-30 00:52:16.320 1044 1179 D ActivityManagerTiming: OnBootPhase_1000_com.android.server.slice.SliceManagerService$Lifecycle took to complete: 0ms
08-30 00:52:16.320 1044 1179 I ActivityManagerTiming: OnBootPhase_1000_com.android.server.stats.StatsCompanion$Lifecycle
08-30 00:52:16.320 1044 1179 D ActivityManagerTiming: OnBootPhase_1000_com.android.server.stats.StatsCompanion$Lifecycle took to complete: 0ms
08-30 00:52:16.320 1044 1179 I ActivityManagerTiming: OnBootPhase_1000_com.android.server.scheduling.RebootReadinessManagerService$Lifecycle
08-30 00:52:16.320 1044 1179 D ActivityManagerTiming: OnBootPhase_1000_com.android.server.scheduling.RebootReadinessManagerService$Lifecycle took to complete: 0ms
08-30 00:52:16.320 1044 1179 I ActivityManagerTiming: OnBootPhase_1000_com.android.server.stats.pull.StatsPullAtomService
08-30 00:52:16.321 1044 1179 D ActivityManagerTiming: OnBootPhase_1000_com.android.server.stats.pull.StatsPullAtomService took to complete: 0ms
08-30 00:52:16.321 1044 1179 I ActivityManagerTiming: OnBootPhase_1000_com.android.server.incident.IncidentCompanionService
08-30 00:52:16.321 1044 1179 D ActivityManagerTiming: OnBootPhase_1000_com.android.server.incident.IncidentCompanionService took to complete: 1ms
08-30 00:52:16.321 1044 1179 I ActivityManagerTiming: OnBootPhase_1000_com.android.server.MmsServiceBroker
08-30 00:52:16.321 1044 1179 D ActivityManagerTiming: OnBootPhase_1000_com.android.server.MmsServiceBroker took to complete: 0ms
08-30 00:52:16.321 1044 1179 I ActivityManagerTiming: OnBootPhase_1000_com.android.server.autofill.AutofillManagerService
08-30 00:52:16.321 1044 1179 D ActivityManagerTiming: OnBootPhase_1000_com.android.server.autofill.AutofillManagerService took to complete: 0ms
08-30 00:52:16.321 1044 1179 I ActivityManagerTiming: OnBootPhase_1000_com.android.server.clipboard.ClipboardService
08-30 00:52:16.321 1044 1179 D ActivityManagerTiming: OnBootPhase_1000_com.android.server.clipboard.ClipboardService took to complete: 0ms
08-30 00:52:16.321 1044 1179 I ActivityManagerTiming: OnBootPhase_1000_com.android.server.appbinding.AppBindingService$Lifecycle
08-30 00:52:16.321 1044 1179 D ActivityManagerTiming: OnBootPhase_1000_com.android.server.appbinding.AppBindingService$Lifecycle took to complete: 0ms
08-30 00:52:16.321 1044 1179 I ActivityManagerTiming: OnBootPhase_1000_com.android.server.tracing.TracingServiceProxy
08-30 00:52:16.321 1044 1179 D ActivityManagerTiming: OnBootPhase_1000_com.android.server.tracing.TracingServiceProxy took to complete: 0ms
08-30 00:52:16.321 1044 1179 I ActivityManagerTiming: OnBootPhase_1000_com.android.server.policy.PermissionPolicyService
08-30 00:52:16.322 1044 1179 D ActivityManagerTiming: OnBootPhase_1000_com.android.server.policy.PermissionPolicyService took to complete: 0ms
08-30 00:52:16.322 1044 1179 I ActivityManagerTiming: OnBootPhase_1000_com.android.server.pm.StagingManager$Lifecycle
08-30 00:52:16.322 1044 1179 D ActivityManagerTiming: OnBootPhase_1000_com.android.server.pm.StagingManager$Lifecycle took to complete: 0ms
08-30 00:52:16.322 1044 1179 I ActivityManagerTiming: OnBootPhase_1000_com.android.server.app.GameManagerService$Lifecycle
08-30 00:52:16.322 1044 1179 D GameManagerService: onBootCompleted
08-30 00:52:16.322 1044 1179 D ActivityManagerTiming: OnBootPhase_1000_com.android.server.app.GameManagerService$Lifecycle took to complete: 0ms
08-30 00:52:16.322 1044 1179 I ActivityManagerTiming: OnBootPhase_1000_com.android.server.appsearch.AppSearchManagerService
08-30 00:52:16.323 1044 1179 D AppSearchStatsCollector: atoms registered
08-30 00:52:16.323 1044 1179 D ActivityManagerTiming: OnBootPhase_1000_com.android.server.appsearch.AppSearchManagerService took to complete: 1ms
08-30 00:52:16.323 1044 1179 I ActivityManagerTiming: OnBootPhase_1000_com.android.server.media.MediaCommunicationService
08-30 00:52:16.323 1044 1179 D ActivityManagerTiming: OnBootPhase_1000_com.android.server.media.MediaCommunicationService took to complete: 0ms
08-30 00:52:16.323 1044 1179 D ActivityManagerTiming: OnBootPhase_1000 took to complete: 182ms
08-30 00:52:16.323 1044 1179 D ActivityManagerTiming: TotalBootTime took to complete: 15276ms
08-30 00:52:16.323 1044 1179 D SystemServerInitThreadPool: Shutdown requested
08-30 00:52:16.323 1044 1179 I SystemServerTiming: WaitInitThreadPoolShutdown
08-30 00:52:16.327 1044 1179 D SystemServerInitThreadPool: Shutdown successful
08-30 00:52:16.327 1044 1179 D SystemServerTiming: WaitInitThreadPoolShutdown took to complete: 4ms
01-01 08:22:01.679 0 0 E i2c_geni 980000.i2c: i2c error :-107
01-01 08:22:01.685 0 0 E : [MAX975X:mcu_keep_wakeup_work_func] *ERROR* Failed to write dev:0x15 addr:0x22 value:0x80
08-30 00:52:16.331 1044 1179 I uc_finish_user_boot: 0
08-30 00:52:16.332 1044 1179 I ActivityManager: User 0 state changed from BOOTING to RUNNING_LOCKED
08-30 00:52:16.332 1044 1179 I am_user_state_changed: [0,1]
08-30 00:52:16.332 1044 1179 W ActivityManager: UserLifecycleEvent 4 received without an active userJourneySession.
01-01 08:22:01.696 0 0 E i2c_geni 980000.i2c: i2c error :-107
08-30 00:52:16.340 1044 1179 I uc_send_user_broadcast: [0,android.intent.action.LOCKED_BOOT_COMPLETED]
08-30 00:52:16.342 1044 1179 D StorageManagerService: unlockUserKey: 0 isFileEncryptedNativeOrEmulated: true hasToken: false hasSecret: false
08-30 00:52:16.344 560 560 D vold : fscrypt_unlock_user_key 0 serial=0
08-30 00:52:16.347 560 560 D vold : Trying user CE key /data/misc/vold/user_keys/ce/0/current
08-30 00:52:16.351 1569 2636 E QFP : qfpCommand: error from send_command_to_tz: 0, QFP result -11 on (0 0)
08-30 00:52:16.351 1569 2636 I QFP : close: close, usecase 3 options 0
08-30 00:52:16.351 1569 2636 I QFP : closeHandle: closeHandle (0 0)
01-01 08:22:01.701 0 0 E : [MAX975X:mcu_keep_wakeup_work_func] *ERROR* Failed to write dev:0x15 addr:0x20 value:0x09
08-30 00:52:16.355 1044 2657 D CCodecBufferChannel: [c2.android.vorbis.decoder#138] MediaCodec discarded an unknown buffer
08-30 00:52:16.356 1044 2657 D CCodecBufferChannel: [c2.android.vorbis.decoder#138] MediaCodec discarded an unknown buffer
08-30 00:52:16.357 1879 1879 I BluetoothPhonePolicy: MESSAGE_AUTO_CONNECT_PROFILES
08-30 00:52:16.357 1879 1879 D BluetoothAdapterService: isQuetModeEnabled() - Enabled = false
08-30 00:52:16.357 1879 1879 I BluetoothPhonePolicy: autoConnect: Initiate auto connection on BT on...
08-30 00:52:16.357 1879 1879 D BluetoothDatabase: getMostRecentlyConnectedA2dpDevice: Invalid address for device LocalStorage
08-30 00:52:16.358 1879 1879 D BluetoothDatabase: getMostRecentlyConnectedHfpDevice: Invalid address for device LocalStorage
08-30 00:52:16.358 1879 1879 D BluetoothDatabase: getMostRecentlyConnectedA2dpSrcDevice: Invalid address for device LocalStorage
08-30 00:52:16.358 1879 1879 I BluetoothPhonePolicy: autoConnect: mostRecentlyActiveA2dpDevice: null
08-30 00:52:16.358 1879 1879 I BluetoothPhonePolicy: autoConnect: mostRecentlyActiveHfpDevice: null
08-30 00:52:16.358 1879 1879 I BluetoothPhonePolicy: autoConnect: mostRecentlyConnectedA2dpSrcDevice: null
08-30 00:52:16.358 1879 1879 E BluetoothPhonePolicy: autoConnect: most recently active a2dp and hfp devices are null
08-30 00:52:16.361 1044 2647 D CCodecBufferChannel: [c2.android.vorbis.decoder#969] MediaCodec discarded an unknown buffer
08-30 00:52:16.361 1044 2647 D CCodecBufferChannel: [c2.android.vorbis.decoder#969] MediaCodec discarded an unknown buffer
08-30 00:52:16.361 1044 2647 D CCodecBufferChannel: [c2.android.vorbis.decoder#969] MediaCodec discarded an unknown buffer
08-30 00:52:16.373 1044 2647 I hw-BpHwBinder: onLastStrongRef automatically unlinking death recipients
08-30 00:52:16.382 1569 2636 D QSEECOMAPI: QSEECom_dealloc_memory
08-30 00:52:16.382 1569 2636 D QSEECOMAPI: QSEECom_shutdown_app, app_id = 7
08-30 00:52:16.397 1044 2657 I hw-BpHwBinder: onLastStrongRef automatically unlinking death recipients
08-30 00:52:16.398 1450 2584 I hw-BpHwBinder: onLastStrongRef automatically unlinking death recipients
08-30 00:52:16.399 1450 2584 V C2Store : in ~ComponentModule
08-30 00:52:16.399 1450 2584 V C2Store : unloading dll
01-01 08:22:01.771 0 0 W QSEECOM : __qseecom_unload_app: App (7) is unloaded
08-30 00:52:16.418 1613 1648 I adbd : jdwp connection from 2665
08-30 00:52:16.420 1569 2636 E QFP : Dropping unsupported QBT command
08-30 00:52:16.420 1569 2636 I QFP : openFramework:QFP TZ VERSION: 3.0.3.39
08-30 00:52:16.420 1569 2636 E QFP : releaseWakelock: qbt sensor handle is invalid
08-30 00:52:16.420 1569 2636 E QFP : qfp_init failed -1
08-30 00:52:16.420 1569 2636 I QFP : QfpThreadOptimize::invoke: entry.
08-30 00:52:16.420 1569 2636 I QFP : QfpThreadOptimize::invoke: QFP not initialized, exiting Optimize thread
08-30 00:52:16.420 1569 2636 I QFP : QfpThreadErieEvent::invoke: entry.
08-30 00:52:16.420 1569 2636 I QFP : QfpThreadErieEvent::invoke: QFP not initialized, exiting ErieEvent thread
01-01 08:22:01.779 0 0 D qbt : qbt_release: entry minor_no=0 fd_available=0
01-01 08:22:01.779 0 0 D qbt : qbt_release: Releasing wakelock
01-01 08:22:01.779 0 0 D qbt : qbt_release: exit : fd_available=1
01-01 08:22:01.779 0 0 D qbt : qbt_release: entry minor_no=1 fd_available=1
01-01 08:22:01.779 0 0 D qbt : qbt_release: exit : fd_available=1
08-30 00:52:16.421 1569 1569 I QFP : notifyPowerState: 2
08-30 00:52:16.421 1569 1569 I QFP : notifyPowerState: 2
08-30 00:52:16.421 1569 1569 I QFP : notifyPowerState: screen state 2
08-30 00:52:16.421 1569 1569 E QFP : set active group call error -1
01-01 08:22:01.783 0 0 I binder : 2665:2665 ioctl 40046210 7fc4386f54 returned -22
08-30 00:52:16.422 1044 1044 W Looper : Slow dispatch took 590ms main h=android.os.Handler c=com.android.server.biometrics.sensors.fingerprint.hidl.Fingerprint21$$ExternalSyntheticLambda2@9dbe863 m=0
08-30 00:52:16.422 1044 1044 D BiometricScheduler/Fingerprint21: [Added] {[1] FingerprintUpdateActiveUserClient, proto=1, owner=android, cookie=0, requestId=-1, userId=0}, new queue size: 1
08-30 00:52:16.422 1044 1044 V BiometricScheduler/Fingerprint21: Not idle, current operation: {[0] FingerprintUpdateActiveUserClient, proto=1, owner=android, cookie=0, requestId=-1, userId=0}, State: 2
08-30 00:52:16.422 1569 2686 I QFP : QfpThreadOptimize::invoke: entry.
08-30 00:52:16.422 1569 2686 I QFP : QfpThreadOptimize::invoke: QFP not initialized, exiting Optimize thread
08-30 00:52:16.423 1569 2686 I QFP : QfpThreadErieEvent::invoke: entry.
08-30 00:52:16.423 1569 2686 I QFP : QfpThreadErieEvent::invoke: QFP not initialized, exiting ErieEvent thread
08-30 00:52:16.423 1044 1044 D BiometricScheduler/Fingerprint21: [Added] {[2] FingerprintInternalCleanupClient, proto=7, owner=android, cookie=0, requestId=-1, userId=0}, new queue size: 2
08-30 00:52:16.423 1044 1044 V BiometricScheduler/Fingerprint21: Not idle, current operation: {[0] FingerprintUpdateActiveUserClient, proto=1, owner=android, cookie=0, requestId=-1, userId=0}, State: 2
08-30 00:52:16.423 1044 1044 W Looper : Slow delivery took 590ms main h=android.os.Handler c=com.android.server.biometrics.sensors.fingerprint.hidl.Fingerprint21$$ExternalSyntheticLambda12@d7ff519 m=0
08-30 00:52:16.424 2665 2665 D ProcessState: Binder ioctl to enable oneway spam detection failed: Invalid argument
08-30 00:52:16.425 560 560 D vold : Successfully retrieved key
08-30 00:52:16.442 560 560 D vold : Installed fscrypt key with ref fdcee321025b97505d31e09994da1d12 to /data
08-30 00:52:16.442 560 560 D vold : Added fscrypt-provisioning key for fdcee321025b97505d31e09994da1d12 to session keyring
08-30 00:52:16.442 560 560 D vold : Installed ce key for user 0
08-30 00:52:16.444 1044 1179 I uc_finish_user_unlocking: 0
08-30 00:52:16.444 1044 1179 W ActivityManager: UserLifecycleEvent 5 received without an active userJourneySession.
08-30 00:52:16.444 1044 1179 D ActivityManager: Started unlocking user 0
08-30 00:52:16.444 1044 1179 D ActivityManager: Unlocking user 0 progress 0
08-30 00:52:16.444 1044 1179 D ActivityManager: Unlocking user 0 progress 5
08-30 00:52:16.446 1044 1179 D ActivityManagerTiming: FinishBooting took to complete: 335ms
08-30 00:52:16.446 1044 1198 W system_server: Long monitor contention with owner android.display (1179) at void com.android.server.am.ActivityManagerService.finishBooting()(ActivityManagerService.java:4860) waiters=0 in void com.android.server.am.BroadcastQueue.processNextBroadcast(boolean) for 105ms
08-30 00:52:16.447 1044 1198 I dvm_lock_sample: [system_server,1,ActivityManager,105,BroadcastQueue.java,986,void com.android.server.am.BroadcastQueue.processNextBroadcast(boolean),ActivityManagerService.java,4860,void com.android.server.am.ActivityManagerService.finishBooting(),21]
08-30 00:52:16.450 560 560 D vold : fscrypt_prepare_user_storage for volume null, user 0, serial 0, flags 2
08-30 00:52:16.451 560 560 D vold : Preparing: /data/system_ce/0
08-30 00:52:16.451 560 560 D vold : Preparing: /data/misc_ce/0
08-30 00:52:16.451 560 560 D vold : Preparing: /data/vendor_ce/0
08-30 00:52:16.452 1044 1178 I DropBoxManagerService: add tag=system_server_strictmode isTagEnabled=true flags=0x2
08-30 00:52:16.452 1044 1198 I am_uid_running: 10073
08-30 00:52:16.453 1044 1198 D CompatibilityChangeReporter: Compat change id reported: 135634846; UID 10073; state: DISABLED
08-30 00:52:16.453 1044 1198 D CompatibilityChangeReporter: Compat change id reported: 177438394; UID 10073; state: DISABLED
08-30 00:52:16.453 1044 1198 D CompatibilityChangeReporter: Compat change id reported: 135772972; UID 10073; state: DISABLED
08-30 00:52:16.453 1044 1198 D CompatibilityChangeReporter: Compat change id reported: 135754954; UID 10073; state: DISABLED
08-30 00:52:16.454 1044 1178 I DropBoxManagerService: add tag=system_server_strictmode isTagEnabled=true flags=0x2
08-30 00:52:16.454 1044 1199 D CompatibilityChangeReporter: Compat change id reported: 143937733; UID 10073; state: DISABLED
08-30 00:52:16.455 1044 1178 I DropBoxManagerService: add tag=system_server_strictmode isTagEnabled=true flags=0x2
08-30 00:52:16.456 1044 1466 I am_proc_bound: [0,2665,com.android.inputmethod.latin]
08-30 00:52:16.456 1044 1178 I DropBoxManagerService: add tag=system_server_strictmode isTagEnabled=true flags=0x2
08-30 00:52:16.457 1044 1466 D CompatibilityChangeReporter: Compat change id reported: 168419799; UID 10075; state: DISABLED
08-30 00:52:16.457 1044 1466 D CompatibilityInfo: mCompatibilityFlags - 4
08-30 00:52:16.457 1044 1466 D CompatibilityInfo: applicationDensity - 240
08-30 00:52:16.457 1044 1466 D CompatibilityInfo: applicationScale - 1.0
08-30 00:52:16.457 560 560 D vold : Preparing: /data/media/0
08-30 00:52:16.458 1044 1179 D ColorDisplayService: setUp: currentUser=0
08-30 00:52:16.460 1044 1466 I am_uid_active: 10075
08-30 00:52:16.462 1044 1466 D CompatibilityInfo: mCompatibilityFlags - 4
08-30 00:52:16.463 1044 1466 D CompatibilityInfo: applicationDensity - 240
08-30 00:52:16.463 1044 1466 D CompatibilityInfo: applicationScale - 1.0
08-30 00:52:16.468 1044 1044 I Telecom : BluetoothDeviceManager: Got BluetoothHeadset: com.android.server.telecom.BluetoothHeadsetProxy@ced5443: BMSL.oSC@AAo
08-30 00:52:16.469 1044 1044 I AS.BtHelper: In onServiceConnected(), profile: 1, proxy: android.bluetooth.BluetoothHeadset@e49f3f9
08-30 00:52:16.470 560 560 D vold : Preparing: /data/data
08-30 00:52:16.470 560 560 I vold : Verified that /data/system_ce/0 has the encryption policy fdcee321025b97505d31e09994da1d12 v2 modes 1/4 flags 0xa
08-30 00:52:16.470 560 560 I vold : Verified that /data/misc_ce/0 has the encryption policy fdcee321025b97505d31e09994da1d12 v2 modes 1/4 flags 0xa
08-30 00:52:16.471 560 560 I vold : Verified that /data/vendor_ce/0 has the encryption policy fdcee321025b97505d31e09994da1d12 v2 modes 1/4 flags 0xa
08-30 00:52:16.471 560 560 I vold : Verified that /data/media/0 has the encryption policy fdcee321025b97505d31e09994da1d12 v2 modes 1/4 flags 0xa
08-30 00:52:16.471 560 560 I vold : Verified that /data/data has the encryption policy fdcee321025b97505d31e09994da1d12 v2 modes 1/4 flags 0xa
08-30 00:52:16.471 560 560 D vold : Starting restorecon of /data/system_ce/0
08-30 00:52:16.471 2665 2665 D CompatibilityChangeReporter: Compat change id reported: 171979766; UID 10075; state: DISABLED
08-30 00:52:16.476 1044 1044 I notification_enqueue: [1000,1044,android,26,NULL,-1,Notification(channel=DEVELOPER_IMPORTANT shortcut=null contentView=null vibrate=null sound=null tick defaults=0x0 flags=0x2 color=0x00000000 vis=PUBLIC),0]
08-30 00:52:16.477 1044 1044 D BiometricScheduler/Fingerprint21: [Finishing] {[0] FingerprintUpdateActiveUserClient, proto=1, owner=android, cookie=0, requestId=-1, userId=0}, success: true
08-30 00:52:16.477 1044 1044 D BiometricScheduler/Fingerprint21: [Polled] {[1] FingerprintUpdateActiveUserClient, proto=1, owner=android, cookie=0, requestId=-1, userId=0}, State: 0
08-30 00:52:16.477 1044 1044 D BiometricScheduler/Fingerprint21: [Starting] {[1] FingerprintUpdateActiveUserClient, proto=1, owner=android, cookie=0, requestId=-1, userId=0}, State: 0
08-30 00:52:16.477 1044 1044 D BiometricScheduler/Fingerprint21: [Started] {[1] FingerprintUpdateActiveUserClient, proto=1, owner=android, cookie=0, requestId=-1, userId=0}
08-30 00:52:16.479 1569 1569 I QFP : notifyPowerState: 2
08-30 00:52:16.480 1569 1569 I QFP : notifyPowerState: 2
08-30 00:52:16.480 1569 1569 I QFP : notifyPowerState: 2
08-30 00:52:16.480 1569 1569 I QFP : notifyPowerState: screen state 2
08-30 00:52:16.480 1044 1827 I AS.BtHelper: setBtScoActiveDevice: (null) -> (null)
08-30 00:52:16.480 1044 1827 I AS.BtHelper: In checkScoAudioState(), mScoAudioState: 0
08-30 00:52:16.481 1569 2691 I QFP : Initializing QFP framework, container 0 handle 0
08-30 00:52:16.481 1569 2691 I QFP : getPersistPropVal: persist.vendor.qfp.qbt_fd_name = /dev/qbt_fd (default /dev/qbt_fd)
08-30 00:52:16.481 1569 2691 I QFP : getPersistPropVal: persist.vendor.qfp.qbt_ipc_name = /dev/qbt_ipc (default /dev/qbt_ipc)
08-30 00:52:16.482 1569 2691 E QFP : Dropping unsupported QBT command
08-30 00:52:16.488 1569 2691 D QSEECOMAPI: QSEECom_get_handle sb_length = 0x40000
08-30 00:52:16.488 1569 2691 D QSEECOMAPI: App is not loaded in QSEE
08-30 00:52:16.489 1569 2691 D QSEECOMAPI: app_arch = 2, total_files = 9
01-01 08:22:01.837 0 0 I : Boot completed
01-01 08:22:01.841 0 0 D qbt : qbt_open: entry minor_no=0 fd_available=1
01-01 08:22:01.841 0 0 D qbt : qbt_open: exit : 0 fd_available=0
01-01 08:22:01.841 0 0 D qbt : qbt_open: entry minor_no=1 fd_available=0
01-01 08:22:01.841 0 0 D qbt : qbt_open: exit : 0 fd_available=0
01-01 08:22:01.841 0 0 D qbt : qbt_ioctl: cmd received 107
01-01 08:22:01.841 0 0 D qbt : qbt_ioctl: Acquiring wakelock
08-30 00:52:16.492 1569 2691 E ion : ioctl c0044901 failed with code -1: Inappropriate ioctl for device
08-30 00:52:16.508 560 560 D vold : Finished restorecon of /data/system_ce/0
08-30 00:52:16.508 560 560 D vold : Starting restorecon of /data/vendor_ce/0
08-30 00:52:16.511 1044 1179 D ColorDisplayService: onNightDisplayAutoModeChanged: autoMode=0
08-30 00:52:16.512 1044 1179 I ColorDisplayService: Turning off night display
08-30 00:52:16.512 1044 1179 D ColorDisplayService: Setting bright color reduction level: 50
08-30 00:52:16.513 1044 1233 V DisplayPowerController[0]: Brightness [0.39763778] manual adjustment.
01-01 08:22:01.885 0 0 W QSEECOM : qseecom_load_app: App (fingerpr) does'nt exist, loading apps for first time
08-30 00:52:16.529 685 685 D Zygote : Forked child process 2692
08-30 00:52:16.530 1044 1199 W ActivityManager: Slow operation: 78ms so far, now at startProcess: returned from zygote!
08-30 00:52:16.531 1044 1199 W ActivityManager: Slow operation: 79ms so far, now at startProcess: done updating battery stats
08-30 00:52:16.531 1044 1199 I am_proc_start: [0,2692,10073,com.android.deskclock,broadcast,{com.android.deskclock/com.android.deskclock.AlarmInitReceiver}]
08-30 00:52:16.531 1044 1199 W ActivityManager: Slow operation: 79ms so far, now at startProcess: building log message
08-30 00:52:16.531 1044 1199 I ActivityManager: Start proc 2692:com.android.deskclock/u0a73 for broadcast {com.android.deskclock/com.android.deskclock.AlarmInitReceiver}
08-30 00:52:16.531 1044 1199 W ActivityManager: Slow operation: 79ms so far, now at startProcess: starting to update pids map
08-30 00:52:16.532 1044 1199 W ActivityManager: Slow operation: 79ms so far, now at startProcess: done updating pids map
08-30 00:52:16.540 2665 2665 D nativeloader: classloader namespace configured for unbundled product apk. library_path=/product/app/LatinIME/lib/arm64:/product/app/LatinIME/LatinIME.apk!/lib/arm64-v8a:/product/lib64:/system/product/lib64
08-30 00:52:16.552 560 560 D vold : Finished restorecon of /data/vendor_ce/0
08-30 00:52:16.552 560 560 D vold : Starting restorecon of /data/misc_ce/0
08-30 00:52:16.558 560 560 D vold : Finished restorecon of /data/misc_ce/0
08-30 00:52:16.559 560 560 D vold : /system/bin/vold_prepare_subdirs
08-30 00:52:16.559 560 560 D vold : prepare
08-30 00:52:16.559 560 560 D vold :
08-30 00:52:16.559 560 560 D vold : 0
08-30 00:52:16.559 560 560 D vold : 2
08-30 00:52:16.572 2665 2665 I Perf : Connecting to perf service.
08-30 00:52:16.585 2665 2665 V GraphicsEnvironment: ANGLE Developer option for 'com.android.inputmethod.latin' set to: 'default'
08-30 00:52:16.587 2665 2665 V GraphicsEnvironment: ANGLE GameManagerService for com.android.inputmethod.latin: false
08-30 00:52:16.592 2665 2665 D NetworkSecurityConfig: No Network Security Config specified, using platform default
08-30 00:52:16.592 2665 2665 D NetworkSecurityConfig: No Network Security Config specified, using platform default
08-30 00:52:16.602 515 515 I hwservicemanager: Since vendor.qti.hardware.iop@2.0::IIop/default is not registered, trying to start it as a lazy HAL.
08-30 00:52:16.602 1359 1359 E ANDR-IOP: IIop:: Iop HAL Service is not available.
01-01 08:22:01.964 0 0 W QSEECOM : qseecom_load_app: App with id 8 (fingerpr) now loaded
08-30 00:52:16.603 2692 2692 I libc : SetHeapTaggingLevel: tag level set to 0
08-30 00:52:16.605 1569 2691 D QSEECOMAPI: Loaded image: APP id = 8
08-30 00:52:16.616 515 2699 W libc : Unable to set property "ctl.interface_start" to "vendor.qti.hardware.iop@2.0::IIop/default": error code: 0x20
08-30 00:52:16.616 515 2699 I hwservicemanager: Tried to start vendor.qti.hardware.iop@2.0::IIop/default as a lazy service, but was unable to. Usually this happens when a service is not installed, but if the service is intended to be used as a lazy service, then it may be configured incorrectly.
08-30 00:52:16.623 1569 2691 I QFP : qsc_start_app: Loading app [fingerpr] succeeded
08-30 00:52:16.623 1569 2691 I QFP : openFramework: entry with eeprom_buffer_size=0
08-30 00:52:16.627 558 568 D DrmLibTime: got the req here! ret=0
08-30 00:52:16.627 558 568 D DrmLibTime: command id, time_cmd_id = 770
08-30 00:52:16.627 558 568 D DrmLibTime: time_getutcsec starts!
08-30 00:52:16.628 558 568 D DrmLibTime: QSEE Time Listener: time_getutcsec
08-30 00:52:16.628 558 568 D DrmLibTime: QSEE Time Listener: get_utc_seconds
08-30 00:52:16.628 558 568 D DrmLibTime: QSEE Time Listener: time_get_modem_time
08-30 00:52:16.628 558 568 D DrmLibTime: QSEE Time Listener: Checking if ATS_MODEM is set or not.
08-30 00:52:16.628 558 568 D QC-time-services: Lib:time_genoff_operation: pargs->base = 13
08-30 00:52:16.628 558 568 D QC-time-services: Lib:time_genoff_operation: pargs->operation = 2
08-30 00:52:16.628 558 568 D QC-time-services: Lib:time_genoff_operation: pargs->ts_val = 0
08-30 00:52:16.628 558 568 D QC-time-services: Lib:time_genoff_operation: Send to server passed!!
08-30 00:52:16.628 657 1042 D QC-time-services: Daemon: Connection accepted:time_genoff
08-30 00:52:16.630 2665 2665 I LatinIME: Hardware accelerated drawing: true
08-30 00:52:16.631 657 2701 D QC-time-services: Daemon:Received base = 13, unit = 1, operation = 2,value = 0
08-30 00:52:16.631 657 2701 D QC-time-services: Daemon:genoff_opr: Base = 13, val = 0, operation = 2
08-30 00:52:16.631 657 2701 D QC-time-services: offset is: 0 for base: 13
08-30 00:52:16.631 558 568 E QC-time-services: Receive Passed == base = 13, unit = 1, operation = 2, result = 0
08-30 00:52:16.631 558 568 D DrmLibTime: QSEE Time Listener: ATS_MODEM is not set. Fallback to Android system time.
08-30 00:52:16.631 558 568 D DrmLibTime: QSEE Time Listener: Retrieved Android system time: 1661791936
08-30 00:52:16.631 558 568 D DrmLibTime: time_getutcsec returns 0, sec = 1661791936; nsec = 0
08-30 00:52:16.631 558 568 D DrmLibTime: time_getutcsec finished!
08-30 00:52:16.632 558 568 D DrmLibTime: iotcl_continue_command finished! and return 0
08-30 00:52:16.632 558 568 D DrmLibTime: before calling ioctl to read the next time_cmd
08-30 00:52:16.634 657 1042 E QC-time-services: Daemon: Time-services: Waiting to acceptconnection
01-01 08:22:02.011 0 0 I init : processing action (sys.boot_completed=1) from (/system/etc/init/flags_health_check.rc:7)
08-30 00:52:16.659 1044 1466 I commit_sys_config_file: [input-subtypes,6]
01-01 08:22:02.024 0 0 I init : processing action (sys.boot_completed=1) from (/system/etc/init/logd.rc:33)
01-01 08:22:02.026 0 0 I init : starting service 'logd-auditctl'...
08-30 00:52:16.681 2692 2692 D ProcessState: Binder ioctl to enable oneway spam detection failed: Invalid argument
01-01 08:22:02.040 0 0 I binder : 2692:2692 ioctl 40046210 7fc4386f54 returned -22
08-30 00:52:16.684 1613 1648 I adbd : jdwp connection from 2692
08-30 00:52:16.710 1569 2691 E QFP : qfpCommand: error from send_command_to_tz: 0, QFP result -11 on (0 0)
08-30 00:52:16.710 1569 2691 I QFP : close: close, usecase 3 options 0
08-30 00:52:16.710 1569 2691 I QFP : closeHandle: closeHandle (0 0)
08-30 00:52:16.711 1044 2457 I am_proc_bound: [0,2692,com.android.deskclock]
08-30 00:52:16.712 1044 2457 D CompatibilityChangeReporter: Compat change id reported: 168419799; UID 10073; state: DISABLED
08-30 00:52:16.712 1044 2457 D CompatibilityInfo: mCompatibilityFlags - 4
08-30 00:52:16.712 1044 2457 D CompatibilityInfo: applicationDensity - 240
08-30 00:52:16.712 1044 2457 D CompatibilityInfo: applicationScale - 1.0
08-30 00:52:16.712 2697 2697 D vold_prepare_subdirs: Setting up mode 771 uid 1000 gid 1000 context u:object_r:system_data_file:s0:c512,c768 on path: /data/data
01-01 08:22:02.067 0 0 I init : processing action (sys.boot_completed=1 && sys.wifitracing.started=0) from (/system/etc/init/wifi.rc:28)
08-30 00:52:16.716 2697 2697 D vold_prepare_subdirs: Setting up mode 700 uid 0 gid 0 context u:object_r:vold_data_file:s0 on path: /data/misc_ce/0/vold
08-30 00:52:16.731 1044 2457 I am_uid_active: 10073
08-30 00:52:16.731 1044 2457 D CompatibilityInfo: mCompatibilityFlags - 4
08-30 00:52:16.731 1569 2691 D QSEECOMAPI: QSEECom_dealloc_memory
08-30 00:52:16.731 1044 2457 D CompatibilityInfo: applicationDensity - 240
08-30 00:52:16.731 1569 2691 D QSEECOMAPI: QSEECom_shutdown_app, app_id = 8
08-30 00:52:16.731 1044 2457 D CompatibilityInfo: applicationScale - 1.0
08-30 00:52:16.733 660 673 I mpu_uart: [MSG-P:RECV]:No message received in 1000 ms
08-30 00:52:16.734 2692 2692 D CompatibilityChangeReporter: Compat change id reported: 171979766; UID 10073; state: DISABLED
08-30 00:52:16.742 2697 2697 D vold_prepare_subdirs: Setting up mode 700 uid 0 gid 0 context u:object_r:storaged_data_file:s0 on path: /data/misc_ce/0/storaged
08-30 00:52:16.745 2697 2697 D vold_prepare_subdirs: Setting up mode 700 uid 0 gid 0 context u:object_r:rollback_data_file:s0 on path: /data/misc_ce/0/rollback
08-30 00:52:16.747 1569 2691 E QFP : Dropping unsupported QBT command
01-01 08:22:02.103 0 0 W QSEECOM : __qseecom_unload_app: App (8) is unloaded
01-01 08:22:02.106 0 0 D qbt : qbt_release: entry minor_no=0 fd_available=0
01-01 08:22:02.106 0 0 D qbt : qbt_release: Releasing wakelock
01-01 08:22:02.106 0 0 D qbt : qbt_release: exit : fd_available=1
01-01 08:22:02.107 0 0 D qbt : qbt_release: entry minor_no=1 fd_available=1
01-01 08:22:02.107 0 0 D qbt : qbt_release: exit : fd_available=1
08-30 00:52:16.747 1569 2691 I QFP : openFramework:QFP TZ VERSION: 3.0.3.39
08-30 00:52:16.747 2692 2692 D ApplicationLoaders: Returning zygote-cached class loader: /system/framework/android.test.base.jar
08-30 00:52:16.747 1569 2691 E QFP : releaseWakelock: qbt sensor handle is invalid
08-30 00:52:16.747 1569 2691 E QFP : qfp_init failed -1
08-30 00:52:16.747 1569 2691 I QFP : QfpThreadOptimize::invoke: entry.
08-30 00:52:16.748 1569 2691 I QFP : QfpThreadOptimize::invoke: QFP not initialized, exiting Optimize thread
08-30 00:52:16.748 1569 2691 I QFP : QfpThreadErieEvent::invoke: entry.
08-30 00:52:16.748 1569 2691 I QFP : QfpThreadErieEvent::invoke: QFP not initialized, exiting ErieEvent thread
08-30 00:52:16.754 2697 2697 D vold_prepare_subdirs: Setting up mode 700 uid 0 gid 0 context u:object_r:apex_rollback_data_file:s0 on path: /data/misc_ce/0/apexrollback
08-30 00:52:16.755 2703 2703 I bootstat: Service started: /system/bin/bootstat --record_boot_complete --record_boot_reason --record_time_since_factory_reset -l
08-30 00:52:16.756 2697 2697 D vold_prepare_subdirs: Setting up mode 711 uid 0 gid 0 context u:object_r:apex_module_data_file:s0 on path: /data/misc_ce/0/apexdata
08-30 00:52:16.757 1569 1569 I QFP : notifyPowerState: 2
08-30 00:52:16.758 1569 1569 I QFP : notifyPowerState: 2
08-30 00:52:16.758 1569 1569 I QFP : notifyPowerState: screen state 2
08-30 00:52:16.758 2703 2703 E bootstat: Failed to read /data/misc/bootstat/post_decrypt_time_elapsed: No such file or directory
08-30 00:52:16.758 2703 2703 E bootstat: Failed to parse boot time record: /data/misc/bootstat/post_decrypt_time_elapsed
08-30 00:52:16.759 1569 1569 E QFP : set active group call error -1
08-30 00:52:16.759 1044 1044 W Looper : Slow dispatch took 282ms main h=android.os.Handler c=com.android.server.biometrics.sensors.BiometricScheduler$InternalCallback$$ExternalSyntheticLambda0@7623023 m=0
08-30 00:52:16.759 1044 1044 I notification_enqueue: [1000,1044,android,55,NULL,-1,Notification(channel=DEVELOPER shortcut=null contentView=null vibrate=null sound=null tick defaults=0x0 flags=0x2 color=0x00000000 vis=PUBLIC),0]
08-30 00:52:16.760 1569 2722 I QFP : QfpThreadOptimize::invoke: entry.
08-30 00:52:16.760 1569 2722 I QFP : QfpThreadOptimize::invoke: QFP not initialized, exiting Optimize thread
08-30 00:52:16.760 1569 2722 I QFP : QfpThreadErieEvent::invoke: entry.
08-30 00:52:16.760 1569 2722 I QFP : QfpThreadErieEvent::invoke: QFP not initialized, exiting ErieEvent thread
08-30 00:52:16.760 1044 1044 I sysui_multi_action: [757,1501,758,1,793,475,794,0,795,475,796,26,806,android,857,DEVELOPER_IMPORTANT,858,4,947,0,1500,0]
08-30 00:52:16.761 1044 1044 I sysui_multi_action: [757,804,799,note_interruptive,801,0,802,1]
08-30 00:52:16.762 1044 1044 I sysui_multi_action: [757,1501,758,1,793,477,794,0,795,477,796,26,806,android,857,DEVELOPER_IMPORTANT,858,4,947,0,1500,0,1688,1]
08-30 00:52:16.763 1044 1044 I sysui_multi_action: [757,804,799,note_interruptive,801,0,802,1]
08-30 00:52:16.764 1044 1044 I sysui_multi_action: [757,199,758,1,759,2,793,479,794,0,795,479,796,26,806,android,857,DEVELOPER_IMPORTANT,858,4,947,0,1500,2,1688,1]
08-30 00:52:16.764 1044 1044 I notification_alert: [-1|android|26|null|1000,0,1,0]
08-30 00:52:16.764 2703 2703 I bootstat: Unknown boot reason: reboot,mcu_update_success
08-30 00:52:16.767 1044 1044 W NotificationHistory: Attempted to add notif for locked/gone/disabled user 0
08-30 00:52:16.768 1044 1044 D BiometricScheduler/Fingerprint21: [Finishing] {[1] FingerprintUpdateActiveUserClient, proto=1, owner=android, cookie=0, requestId=-1, userId=0}, success: true
08-30 00:52:16.768 1044 1044 D BiometricScheduler/Fingerprint21: [Polled] {[2] FingerprintInternalCleanupClient, proto=7, owner=android, cookie=0, requestId=-1, userId=0}, State: 0
08-30 00:52:16.768 1044 1044 D BiometricScheduler/Fingerprint21: [Starting] {[2] FingerprintInternalCleanupClient, proto=7, owner=android, cookie=0, requestId=-1, userId=0}, State: 0
08-30 00:52:16.768 1044 1044 D BiometricScheduler/Fingerprint21: [Started] {[2] FingerprintInternalCleanupClient, proto=7, owner=android, cookie=0, requestId=-1, userId=0}
08-30 00:52:16.768 1044 1044 D Biometrics/InternalCleanupClient: Starting enumerate: {[3] FingerprintInternalEnumerateClient, proto=6, owner=android, cookie=0, requestId=-1, userId=0}
08-30 00:52:16.770 1569 1569 I QFP : notifyPowerState: 2
08-30 00:52:16.770 1569 1569 I QFP : notifyPowerState: 2
08-30 00:52:16.770 1569 1569 I QFP : notifyPowerState: 2
08-30 00:52:16.770 1569 1569 I QFP : notifyPowerState: screen state 2
08-30 00:52:16.772 1044 1044 W Looper : Drained
08-30 00:52:16.766 2697 2697 D vold_prepare_subdirs: Setting up mode 771 uid 0 gid 1000 context u:object_r:apex_module_data_file:s0 on path: /data/misc_ce/0/apexdata/com.android.vndk.v30
01-01 08:22:02.134 0 0 D qbt : qbt_open: entry minor_no=0 fd_available=1
01-01 08:22:02.134 0 0 D qbt : qbt_open: exit : 0 fd_available=0
01-01 08:22:02.134 0 0 D qbt : qbt_open: entry minor_no=1 fd_available=0
01-01 08:22:02.134 0 0 D qbt : qbt_open: exit : 0 fd_available=0
01-01 08:22:02.134 0 0 D qbt : qbt_ioctl: cmd received 107
01-01 08:22:02.134 0 0 D qbt : qbt_ioctl: Acquiring wakelock
08-30 00:52:16.774 1569 2724 I QFP : Initializing QFP framework, container 0 handle 0
08-30 00:52:16.774 1569 2724 I QFP : getPersistPropVal: persist.vendor.qfp.qbt_fd_name = /dev/qbt_fd (default /dev/qbt_fd)
08-30 00:52:16.774 1569 2724 I QFP : getPersistPropVal: persist.vendor.qfp.qbt_ipc_name = /dev/qbt_ipc (default /dev/qbt_ipc)
08-30 00:52:16.774 1569 2724 E QFP : Dropping unsupported QBT command
08-30 00:52:16.775 2697 2697 D vold_prepare_subdirs: Setting up mode 771 uid 0 gid 1000 context u:object_r:apex_wifi_data_file:s0 on path: /data/misc_ce/0/apexdata/com.android.wifi
08-30 00:52:16.777 1569 2724 D QSEECOMAPI: QSEECom_get_handle sb_length = 0x40000
08-30 00:52:16.777 1569 2724 D QSEECOMAPI: App is not loaded in QSEE
08-30 00:52:16.778 1569 2724 D QSEECOMAPI: app_arch = 2, total_files = 9
08-30 00:52:16.778 2697 2697 D vold_prepare_subdirs: Setting up mode 771 uid 0 gid 1000 context u:object_r:apex_module_data_file:s0 on path: /data/misc_ce/0/apexdata/com.android.vndk.v31
08-30 00:52:16.779 1569 2724 E ion : ioctl c0044901 failed with code -1: Inappropriate ioctl for device
08-30 00:52:16.780 2703 2703 W bootstat: LogBootEvents, atomInfo not defined for events:last_boot_time_utc,build_date,ro.boottime.init.cold_boot_wait,boot_reason,system_boot_reason,time_since_last_boot
08-30 00:52:16.781 2697 2697 D vold_prepare_subdirs: Setting up mode 771 uid 0 gid 1000 context u:object_r:apex_module_data_file:s0 on path: /data/misc_ce/0/apexdata/com.android.tzdata
08-30 00:52:16.782 1882 1882 D InterruptionStateProvider: No bubble up: not allowed to bubble: -1|android|26|null|1000
08-30 00:52:16.787 2665 2665 W InputAttributes: No editor info for this field. Bug?
08-30 00:52:16.788 2697 2697 D vold_prepare_subdirs: Setting up mode 771 uid 0 gid 1000 context u:object_r:apex_module_data_file:s0 on path: /data/misc_ce/0/apexdata/com.android.tethering
08-30 00:52:16.793 1882 1882 W NotifBindPipeline: Row is not set so pipeline will not run. notif = -1|android|26|null|1000
01-01 08:22:02.165 0 0 W QSEECOM : qseecom_load_app: App (fingerpr) does'nt exist, loading apps for first time
08-30 00:52:16.797 1882 2176 D PeopleSpaceWidgetMgr: Sbn doesn't contain valid PeopleTileKey: null/-1/android
08-30 00:52:16.800 2692 2692 D nativeloader: classloader namespace configured for unbundled product apk. library_path=/product/app/DeskClock/lib/arm64:/product/lib64:/system/product/lib64
08-30 00:52:16.805 2697 2697 D vold_prepare_subdirs: Setting up mode 771 uid 0 gid 1000 context u:object_r:apex_module_data_file:s0 on path: /data/misc_ce/0/apexdata/com.android.sdkext
08-30 00:52:16.810 2697 2697 D vold_prepare_subdirs: Setting up mode 771 uid 0 gid 1000 context u:object_r:apex_module_data_file:s0 on path: /data/misc_ce/0/apexdata/com.android.scheduling
08-30 00:52:16.815 2697 2697 D vold_prepare_subdirs: Setting up mode 771 uid 0 gid 1000 context u:object_r:apex_module_data_file:s0 on path: /data/misc_ce/0/apexdata/com.android.runtime
08-30 00:52:16.819 2697 2697 D vold_prepare_subdirs: Setting up mode 771 uid 0 gid 1000 context u:object_r:apex_module_data_file:s0 on path: /data/misc_ce/0/apexdata/com.android.resolv
08-30 00:52:16.827 2697 2697 D vold_prepare_subdirs: Setting up mode 771 uid 0 gid 1000 context u:object_r:apex_permission_data_file:s0 on path: /data/misc_ce/0/apexdata/com.android.permission
08-30 00:52:16.827 1879 2567 D Avrcp_ext: AudioManager Player: AudioPlaybackConfiguration piid:391 deviceId:0 type:android.media.SoundPool u/pid:1000/1044 state:idle attr:AudioAttributes: usage=USAGE_ASSISTANCE_SONIFICATION content=CONTENT_TYPE_SONIFICATION flags=0x800 tags= bundle=null sessionId:0
08-30 00:52:16.827 1879 2567 D Avrcp_ext: AudioManager Player: AudioPlaybackConfiguration piid:407 deviceId:0 type:android.media.MediaPlayer u/pid:10087/1882 state:idle attr:AudioAttributes: usage=USAGE_NOTIFICATION content=CONTENT_TYPE_SONIFICATION flags=0x800 tags= bundle=null sessionId:0
08-30 00:52:16.827 1879 2567 D Avrcp_ext: AudioManager Player: AudioPlaybackConfiguration piid:399 deviceId:0 type:android.media.SoundPool u/pid:10087/1882 state:idle attr:AudioAttributes: usage=USAGE_ASSISTANCE_SONIFICATION content=CONTENT_TYPE_SONIFICATION flags=0x800 tags= bundle=null sessionId:0
08-30 00:52:16.828 1879 2567 D Avrcp_ext: AudioManager isPlaying: false, mAudioPlaybackIsActive = false
08-30 00:52:16.828 1879 2567 D Avrcp_ext: AudioManager Reset Active Player
08-30 00:52:16.828 2665 2729 I LatinIME:LogUtils: Dictionary info: dictionary = UserHistoryDictionary.en_US ; version = 1661791936 ; date = ?
08-30 00:52:16.829 2665 2729 I LatinIME:LogUtils: Dictionary info: dictionary = userunigram.en_US ; version = 1661791936 ; date = ?
08-30 00:52:16.833 1044 2457 I SELinux : SELinux: Loaded file_contexts
08-30 00:52:16.835 2665 2729 W ActivityThread: Failed to find provider info for user_dictionary (user not unlocked)
08-30 00:52:16.840 2697 2697 D vold_prepare_subdirs: Setting up mode 771 uid 0 gid 1000 context u:object_r:apex_module_data_file:s0 on path: /data/misc_ce/0/apexdata/com.android.os.statsd
08-30 00:52:16.843 2697 2697 D vold_prepare_subdirs: Setting up mode 771 uid 0 gid 1000 context u:object_r:apex_module_data_file:s0 on path: /data/misc_ce/0/apexdata/com.android.neuralnetworks
