08-30 00:52:14.390 1882 1882 D StorageNotification: Notifying about private volume: VolumeInfo{private}:
08-30 00:52:14.390 1882 1882 D StorageNotification: type=PRIVATE diskId=null partGuid=null mountFlags=0 mountUserId=-10000
08-30 00:52:14.390 1882 1882 D StorageNotification: state=MOUNTED
08-30 00:52:14.390 1882 1882 D StorageNotification: fsType=null fsUuid=null fsLabel=null
08-30 00:52:14.390 1882 1882 D StorageNotification: path=/data internalPath=null
08-30 00:52:14.390 1372 2505 E OMX-VENC: venc_dev: async_venc_message_thread interrupted to be exited
08-30 00:52:14.392 1882 1882 D SystemUIBootTiming: StartServicescom.android.systemui.usb.StorageNotification took to complete: 10ms
08-30 00:52:14.397 1882 2228 W ActivityThread: Failed to find provider info for com.android.contacts (user not unlocked)
08-30 00:52:14.400 1044 2058 I am_proc_bound: [0,2491,com.qualcomm.qti.qccauthmgr]
08-30 00:52:14.400 1372 1963 I OMX-VENC: Component Deinit
01-01 08:21:59.760 0 0 I msm_vidc: high: 00000001: vp8e: Closed video instance: ffffffcdfed0c000
08-30 00:52:14.401 1044 2058 D CompatibilityChangeReporter: Compat change id reported: 168419799; UID 10088; state: DISABLED
08-30 00:52:14.402 1044 2058 D CompatibilityInfo: mCompatibilityFlags - 4
08-30 00:52:14.402 1044 2058 D CompatibilityInfo: applicationDensity - 240
08-30 00:52:14.402 1044 2058 D CompatibilityInfo: applicationScale - 1.0
08-30 00:52:14.412 1044 2058 I am_uid_active: 10088
08-30 00:52:14.416 2491 2491 D CompatibilityChangeReporter: Compat change id reported: 171979766; UID 10088; state: ENABLED
08-30 00:52:14.427 1372 1963 I android.hardware.media.omx@1.0-service: vendor/qcom/proprietary/adsprpc/src/rpcmem_android.c:192: rpcmem_deinit_internal: closed ION fd 7
08-30 00:52:14.427 1372 1963 I android.hardware.media.omx@1.0-service: vendor/qcom/proprietary/adsprpc/src/fastrpc_apps_user.c:3019: fastrpc_apps_user_deinit done
08-30 00:52:14.433 1882 1882 D SystemUIBootTiming: StartServicescom.android.systemui.power.PowerUI took to complete: 41ms
08-30 00:52:14.436 1882 1882 D SystemUIBootTiming: StartServicescom.android.systemui.media.RingtonePlayer took to complete: 3ms
08-30 00:52:14.439 1882 1882 D SystemUIBootTiming: StartServicescom.android.systemui.keyboard.KeyboardUI took to complete: 3ms
08-30 00:52:14.443 1350 1418 I OMXClient: IOmx service obtained
08-30 00:52:14.443 1882 1882 D SystemUIBootTiming: StartServicescom.android.systemui.shortcut.ShortcutKeyDispatcher took to complete: 4ms
08-30 00:52:14.443 1882 1882 D SystemUIBootTiming: StartServicescom.android.systemui.VendorServices took to complete: 0ms
08-30 00:52:14.443 1372 1963 I OMXMaster: makeComponentInstance(OMX.google.vp8.encoder) in android.hardwar process
08-30 00:52:14.444 1882 1882 D SystemUIBootTiming: StartServicescom.android.systemui.util.leak.GarbageMonitor$Service took to complete: 1ms
08-30 00:52:14.444 1882 1882 D SystemUIBootTiming: StartServicescom.android.systemui.LatencyTester took to complete: 0ms
08-30 00:52:14.445 1882 1882 D SystemUIBootTiming: StartServicescom.android.systemui.globalactions.GlobalActionsComponent took to complete: 1ms
08-30 00:52:14.453 1882 1882 D SystemUIBootTiming: StartServicescom.android.systemui.ScreenDecorations took to complete: 8ms
08-30 00:52:14.455 1882 2104 D AuthController: onFingerprintProvidersAvailable | sensors: [ID: 0, Strength: 2, Type: 1]
08-30 00:52:14.456 1882 2104 D AuthController: onEnrollmentsChanged, userId: 0, sensorId: 0, hasEnrollments: false
08-30 00:52:14.457 1882 2104 W Binder : Caught a RuntimeException from the binder stub implementation.
08-30 00:52:14.457 1882 2104 W Binder : java.lang.NullPointerException: Attempt to invoke interface method 'java.util.Iterator java.util.List.iterator()' on a null object reference
08-30 00:52:14.457 1882 2104 W Binder : at com.android.systemui.biometrics.AuthController$1.onEnrollmentsChanged(AuthController.java:139)
08-30 00:52:14.457 1882 2104 W Binder : at android.hardware.fingerprint.IFingerprintStateListener$Stub.onTransact(IFingerprintStateListener.java:107)
08-30 00:52:14.457 1882 2104 W Binder : at android.os.Binder.execTransactInternal(Binder.java:1184)
08-30 00:52:14.457 1882 2104 W Binder : at android.os.Binder.execTransact(Binder.java:1143)
08-30 00:52:14.459 1882 1882 D SystemUIBootTiming: StartServicescom.android.systemui.biometrics.AuthController took to complete: 6ms
08-30 00:52:14.460 1882 1882 D SystemUIBootTiming: StartServicescom.android.systemui.SliceBroadcastRelayHandler took to complete: 0ms
08-30 00:52:14.463 1882 1882 D SystemUIBootTiming: StartServicescom.android.systemui.statusbar.notification.InstantAppNotifier took to complete: 3ms
08-30 00:52:14.464 1350 1418 W OMXUtils: do not know color format 0x7f000789 = 2130708361
08-30 00:52:14.465 1372 1963 E OMXNodeInstance: getConfig(0xf4a81660:google.vp8.encoder, ConfigAndroidIntraRefresh(0x6f60000a)) ERROR: Undefined(0x80001001)
08-30 00:52:14.465 1372 1963 E OMXNodeInstance: getParameter(0xf4a81660:google.vp8.encoder, ParamVideoIntraRefresh(0x6000006)) ERROR: UnsupportedIndex(0x8000101a)
08-30 00:52:14.465 1882 1882 D ThemeOverlayController: Start
08-30 00:52:14.466 1350 1418 D MediaCodecInfo: detail feature-frame-parsing wasn't present to remove
08-30 00:52:14.467 1882 1882 D SystemUIBootTiming: StartServicescom.android.systemui.theme.ThemeOverlayController took to complete: 4ms
08-30 00:52:14.467 1882 1882 D SystemUIBootTiming: StartServicescom.android.systemui.accessibility.WindowMagnification took to complete: 0ms
08-30 00:52:14.471 1350 1418 I OMXClient: IOmx service obtained
08-30 00:52:14.471 1372 1372 I OMXMaster: makeComponentInstance(OMX.google.vp9.encoder) in android.hardwar process
08-30 00:52:14.477 1882 1882 D SystemUIBootTiming: StartServicescom.android.systemui.accessibility.SystemActions took to complete: 10ms
08-30 00:52:14.477 1882 1882 D SystemUIBootTiming: StartServicescom.android.systemui.toast.ToastUI took to complete: 0ms
08-30 00:52:14.477 1350 1418 W OMXUtils: do not know color format 0x7f000789 = 2130708361
08-30 00:52:14.478 1882 1882 V KeyguardUpdateMonitor: *** register callback for com.android.systemui.wmshell.WMShell$2@4927669
08-30 00:52:14.478 1882 1882 V KeyguardUpdateMonitor: *** unregister callback for null
08-30 00:52:14.478 1372 1372 E OMXNodeInstance: getConfig(0xf4a81660:google.vp9.encoder, ConfigAndroidIntraRefresh(0x6f60000a)) ERROR: Undefined(0x80001001)
08-30 00:52:14.479 1372 1372 E OMXNodeInstance: getParameter(0xf4a81660:google.vp9.encoder, ParamVideoIntraRefresh(0x6000006)) ERROR: UnsupportedIndex(0x8000101a)
08-30 00:52:14.479 1350 1418 D MediaCodecInfo: detail feature-frame-parsing wasn't present to remove
08-30 00:52:14.479 1882 1882 V KeyguardUpdateMonitor: *** register callback for com.android.systemui.wmshell.WMShell$4@f9bd18f
08-30 00:52:14.479 1882 1882 V KeyguardUpdateMonitor: *** unregister callback for null
08-30 00:52:14.480 1882 1882 D SystemUIBootTiming: StartServicescom.android.systemui.wmshell.WMShell took to complete: 2ms
08-30 00:52:14.487 2491 2491 I Perf : Connecting to perf service.
08-30 00:52:14.487 1350 1418 I Codec2Client: Available Codec2 services: "default" "software"
08-30 00:52:14.495 1882 1882 D StatusBar: disable disable2
08-30 00:52:14.495 1882 1882 D SystemUIBootTiming: StartServices took to complete: 1698ms
08-30 00:52:14.496 1044 2058 D CompatibilityInfo: mCompatibilityFlags - 4
08-30 00:52:14.497 1044 2058 D CompatibilityInfo: applicationDensity - 240
08-30 00:52:14.497 1044 2058 D CompatibilityInfo: applicationScale - 1.0
08-30 00:52:14.510 2491 2491 V GraphicsEnvironment: ANGLE Developer option for 'com.qualcomm.qti.qccauthmgr' set to: 'default'
08-30 00:52:14.512 2491 2491 V GraphicsEnvironment: ANGLE GameManagerService for com.qualcomm.qti.qccauthmgr: false
08-30 00:52:14.515 1450 1567 V C2Store : in init
08-30 00:52:14.515 1450 1567 V C2Store : loading dll
01-01 08:21:59.864 0 0 E [kworke][0x5522a618][00:52:14.504775] wlan: [335:E:QDF] htc_wait_target: 684: Target Ready! TX resource : 1 size:2176, MaxMsgsPerHTCBundle = 1
01-01 08:21:59.864 0 0 E : INFO: trying to register non-static key.
01-01 08:21:59.878 0 0 E [kworke][0x5526ee1b][00:52:14.519389] wlan: [335:E:QDF] htc_setup_target_buffer_assignments: 576: SVS Index : 1 TX : 0x100 : alloc:1
01-01 08:21:59.883 0 0 E : the code is fine but needs lockdep annotation.
01-01 08:21:59.883 0 0 I : CPU: 3 PID: 292 Comm: kworker/u16:8 Tainted: G S W O 4.19.157+ #1
01-01 08:21:59.883 0 0 I Hardware name: Qualcomm Technologies, Inc. kona MTP-RmPM8150b (DT)
01-01 08:21:59.883 0 0 I Workqueue: events_unbound ion_system_secure_heap_prefetch_work
01-01 08:21:59.883 0 0 I Call trace:
01-01 08:21:59.883 0 0 I : dump_backtrace+0x0/0x258
01-01 08:21:59.883 0 0 I : show_stack+0x20/0x30
01-01 08:21:59.883 0 0 I : dump_stack+0xd8/0x12c
01-01 08:21:59.883 0 0 I : register_lock_class+0x4d0/0x5c8
01-01 08:21:59.883 0 0 I : __lock_acquire+0xbc/0x1e58
01-01 08:21:59.883 0 0 I : lock_acquire+0x1cc/0x218
01-01 08:21:59.883 0 0 I : _raw_spin_lock_irqsave+0x54/0x98
01-01 08:21:59.883 0 0 I : ion_system_secure_heap_prefetch_work+0x94/0x2c0
01-01 08:21:59.883 0 0 I : process_one_work+0x38c/0x660
01-01 08:21:59.883 0 0 I : worker_thread+0x268/0x4b8
01-01 08:21:59.883 0 0 I : kthread+0x140/0x150
01-01 08:21:59.883 0 0 I : ret_from_fork+0x10/0x1c
08-30 00:52:14.540 1450 1567 V C2Store : in ~ComponentModule
08-30 00:52:14.541 1450 1567 V C2Store : unloading dll
08-30 00:52:14.541 1450 1567 V C2Store : in init
08-30 00:52:14.542 1450 1567 V C2Store : loading dll
08-30 00:52:14.547 2491 2491 D NetworkSecurityConfig: No Network Security Config specified, using platform default
08-30 00:52:14.548 2491 2491 D NetworkSecurityConfig: No Network Security Config specified, using platform default
01-01 08:21:59.901 0 0 E : INFO: trying to register non-static key.
01-01 08:21:59.906 0 0 D cnss : Assign MSI to user: DP, num_vectors: 18, user_base_data: 814, base_vector: 14
01-01 08:21:59.907 0 0 E : the code is fine but needs lockdep annotation.
01-01 08:21:59.907 0 0 I : CPU: 3 PID: 292 Comm: kworker/u16:8 Tainted: G S W O 4.19.157+ #1
01-01 08:21:59.913 0 0 I Hardware name: Qualcomm Technologies, Inc. kona MTP-RmPM8150b (DT)
01-01 08:21:59.913 0 0 I Workqueue: events_unbound ion_system_secure_heap_prefetch_work
01-01 08:21:59.913 0 0 I Call trace:
01-01 08:21:59.913 0 0 I : dump_backtrace+0x0/0x258
01-01 08:21:59.913 0 0 I : show_stack+0x20/0x30
01-01 08:21:59.913 0 0 I : dump_stack+0xd8/0x12c
01-01 08:21:59.913 0 0 I : register_lock_class+0x4d0/0x5c8
01-01 08:21:59.913 0 0 I : __lock_acquire+0xbc/0x1e58
01-01 08:21:59.913 0 0 I : lock_acquire+0x1cc/0x218
01-01 08:21:59.913 0 0 I : _raw_spin_lock_irqsave+0x54/0x98
01-01 08:21:59.913 0 0 I : ion_system_secure_heap_prefetch_work+0x94/0x2c0
01-01 08:21:59.913 0 0 I : process_one_work+0x38c/0x660
01-01 08:21:59.913 0 0 I : worker_thread+0x268/0x4b8
01-01 08:21:59.913 0 0 I : kthread+0x140/0x150
01-01 08:21:59.913 0 0 I : ret_from_fork+0x10/0x1c
08-30 00:52:14.551 2491 2491 D qcc:QccAuthApp: load libqccAuthMgr
08-30 00:52:14.551 1882 1935 D KeyguardViewMediator: onStartedWakingUp, seq = 1
08-30 00:52:14.551 1882 1935 D KeyguardViewMediator: notifyStartedWakingUp
08-30 00:52:14.552 1882 1935 D KeyguardViewMediator: notifyScreenOn
08-30 00:52:14.552 1882 1935 D KeyguardViewMediator: notifyScreenTurnedOn
08-30 00:52:14.553 1882 1935 D KeyguardViewMediator: adjustStatusBarLocked: mShowing=false mOccluded=false isSecure=false force=false --> flags=0x0
08-30 00:52:14.554 1882 1882 I Choreographer: Skipped 144 frames! The application may be doing too much work on its main thread.
08-30 00:52:14.554 1882 1882 I DepthController: Won't set zoom. Window not attached com.android.systemui.statusbar.phone.NotificationShadeWindowView{fc71191 I.E...... ......I. 0,0-0,0}
01-01 08:21:59.921 0 0 I [kworke][0x55336eef][00:52:14.562069] wlan: [335:I:HIF] +hif_update_pipe_callback pipeid 5
01-01 08:21:59.921 0 0 I [kworke][0x55337275][00:52:14.562114] wlan: [335:I:HIF] -hif_update_pipe_callback
01-01 08:21:59.921 0 0 D cnss : Assign MSI to user: DP, num_vectors: 18, user_base_data: 814, base_vector: 14
08-30 00:52:14.562 1450 1567 V C2Store : in ~ComponentModule
08-30 00:52:14.563 1450 1567 V C2Store : unloading dll
08-30 00:52:14.563 1450 1567 V C2Store : in init
08-30 00:52:14.563 1450 1567 V C2Store : loading dll
08-30 00:52:14.570 2491 2491 D QCCAuthMgr: SMQContentProvider onCreate
08-30 00:52:14.574 1450 1567 V C2Store : in ~ComponentModule
08-30 00:52:14.574 515 515 I hwservicemanager: getTransport: Cannot find entry android.hardware.light@2.0::ILight/default in either framework or device VINTF manifest.
08-30 00:52:14.575 1450 1567 V C2Store : unloading dll
08-30 00:52:14.575 1450 1567 V C2Store : in init
08-30 00:52:14.575 1450 1567 V C2Store : loading dll
01-01 08:21:59.929 0 0 E : INFO: trying to register non-static key.
01-01 08:21:59.930 0 0 E [kworke][0x55361295][00:52:14.571076] wlan: [335:E:DP] dp_srng_get_str_from_hal_ring_type: 7726: Invalid ring type
01-01 08:21:59.934 0 0 E : the code is fine but needs lockdep annotation.
01-01 08:21:59.934 0 0 I : CPU: 6 PID: 292 Comm: kworker/u16:8 Tainted: G S W O 4.19.157+ #1
01-01 08:21:59.934 0 0 I Hardware name: Qualcomm Technologies, Inc. kona MTP-RmPM8150b (DT)
01-01 08:21:59.934 0 0 I Workqueue: events_unbound ion_system_secure_heap_prefetch_work
01-01 08:21:59.934 0 0 I Call trace:
01-01 08:21:59.934 0 0 I : dump_backtrace+0x0/0x258
01-01 08:21:59.934 0 0 I : show_stack+0x20/0x30
01-01 08:21:59.934 0 0 I : dump_stack+0xd8/0x12c
01-01 08:21:59.934 0 0 I : register_lock_class+0x4d0/0x5c8
01-01 08:21:59.934 0 0 I : __lock_acquire+0xbc/0x1e58
01-01 08:21:59.934 0 0 I : lock_acquire+0x1cc/0x218
01-01 08:21:59.934 0 0 I : _raw_spin_lock_irqsave+0x54/0x98
01-01 08:21:59.934 0 0 I : ion_system_secure_heap_prefetch_work+0x94/0x2c0
01-01 08:21:59.934 0 0 I : process_one_work+0x38c/0x660
01-01 08:21:59.934 0 0 I : worker_thread+0x268/0x4b8
01-01 08:21:59.934 0 0 I : kthread+0x140/0x150
01-01 08:21:59.934 0 0 I : ret_from_fork+0x10/0x1c
08-30 00:52:14.579 2491 2491 I qcc:QccAuthApp: onCreate()
08-30 00:52:14.579 2491 2491 D qcc:QccAuthApp: detectUninstallIsv
08-30 00:52:14.581 1450 1567 V C2Store : in ~ComponentModule
08-30 00:52:14.581 1450 1567 V C2Store : unloading dll
08-30 00:52:14.581 1450 1567 V C2Store : in init
08-30 00:52:14.581 1450 1567 V C2Store : loading dll
08-30 00:52:14.582 2491 2515 D QCCAuthMgr: SMQContentProvider query uri: content://com.qti.smq.Feedback.provider/smq_settings, selection: key=?, uri_matcher: 1
08-30 00:52:14.592 1450 1567 V C2Store : in ~ComponentModule
08-30 00:52:14.593 515 515 I hwservicemanager: Since vendor.qti.hardware.iop@2.0::IIop/default is not registered, trying to start it as a lazy HAL.
08-30 00:52:14.593 1450 1567 V C2Store : unloading dll
08-30 00:52:14.594 1450 1567 V C2Store : in init
08-30 00:52:14.594 1450 1567 V C2Store : loading dll
08-30 00:52:14.593 2518 2518 E light : light_open lights keyboard failed: -22
01-01 08:21:59.947 0 0 E : INFO: trying to register non-static key.
08-30 00:52:14.594 2518 2518 E light : Light passthrough failed to load legacy HAL.
08-30 00:52:14.595 1359 1359 E ANDR-IOP: IIop:: Iop HAL Service is not available.
08-30 00:52:14.597 2518 2518 E light : light_open lights buttons failed: -22
08-30 00:52:14.597 2518 2518 E light : Light passthrough failed to load legacy HAL.
08-30 00:52:14.604 1450 1567 V C2Store : in ~ComponentModule
08-30 00:52:14.604 1450 1567 V C2Store : unloading dll
08-30 00:52:14.604 1450 1567 V C2Store : in init
08-30 00:52:14.604 1450 1567 V C2Store : loading dll
08-30 00:52:14.609 2518 2518 E light : light_open lights bluetooth failed: -22
08-30 00:52:14.609 2518 2518 E light : Light passthrough failed to load legacy HAL.
01-01 08:21:59.955 0 0 D cnss : Assign MSI to user: DP, num_vectors: 18, user_base_data: 814, base_vector: 14
08-30 00:52:14.612 2518 2518 E light : light_open lights wifi failed: -22
01-01 08:21:59.957 0 0 E : the code is fine but needs lockdep annotation.
01-01 08:21:59.957 0 0 I : CPU: 6 PID: 292 Comm: kworker/u16:8 Tainted: G S W O 4.19.157+ #1
01-01 08:21:59.957 0 0 I Hardware name: Qualcomm Technologies, Inc. kona MTP-RmPM8150b (DT)
01-01 08:21:59.957 0 0 I Workqueue: events_unbound ion_system_secure_heap_prefetch_work
08-30 00:52:14.612 2518 2518 E light : Light passthrough failed to load legacy HAL.
01-01 08:21:59.957 0 0 I Call trace:
01-01 08:21:59.957 0 0 I : dump_backtrace+0x0/0x258
01-01 08:21:59.957 0 0 I : show_stack+0x20/0x30
01-01 08:21:59.957 0 0 I : dump_stack+0xd8/0x12c
01-01 08:21:59.957 0 0 I : register_lock_class+0x4d0/0x5c8
08-30 00:52:14.613 1044 2058 I InputDispatcher: Created monitor edge-swipe for display 0, gesture=true, pid=1882
01-01 08:21:59.957 0 0 I : __lock_acquire+0xbc/0x1e58
08-30 00:52:14.613 2491 2515 D QCCAuthMgr: SMQContentProvider query tableName: smq_settings
08-30 00:52:14.614 515 515 I hwservicemanager: getTransport: Cannot find entry android.hardware.light@2.0::ILight/default in either framework or device VINTF manifest.
01-01 08:21:59.957 0 0 I : lock_acquire+0x1cc/0x218
08-30 00:52:14.614 515 2530 W libc : Unable to set property "ctl.interface_start" to "vendor.qti.hardware.iop@2.0::IIop/default": error code: 0x20
01-01 08:21:59.957 0 0 I : _raw_spin_lock_irqsave+0x54/0x98
08-30 00:52:14.615 515 2530 I hwservicemanager: Tried to start vendor.qti.hardware.iop@2.0::IIop/default as a lazy service, but was unable to. Usually this happens when a service is not installed, but if the service is intended to be used as a lazy service, then it may be configured incorrectly.
08-30 00:52:14.616 2518 2518 E HidlServiceManagement: Service android.hardware.light@2.0::ILight/default must be in VINTF manifest in order to register/get.
08-30 00:52:14.616 2518 2518 E LegacySupport: Could not register service android.hardware.light@2.0::ILight/default (-2147483648).
01-01 08:21:59.957 0 0 I : ion_system_secure_heap_prefetch_work+0x94/0x2c0
01-01 08:21:59.957 0 0 I : process_one_work+0x38c/0x660
01-01 08:21:59.957 0 0 I : worker_thread+0x268/0x4b8
01-01 08:21:59.957 0 0 I : kthread+0x140/0x150
01-01 08:21:59.957 0 0 I : ret_from_fork+0x10/0x1c
01-01 08:21:59.964 0 0 D cnss : Assign MSI to user: DP, num_vectors: 18, user_base_data: 814, base_vector: 14
01-01 08:21:59.964 0 0 D cnss : Assign MSI to user: DP, num_vectors: 18, user_base_data: 814, base_vector: 14
01-01 08:21:59.964 0 0 D cnss : Assign MSI to user: DP, num_vectors: 18, user_base_data: 814, base_vector: 14
01-01 08:21:59.965 0 0 D cnss : Assign MSI to user: DP, num_vectors: 18, user_base_data: 814, base_vector: 14
01-01 08:21:59.965 0 0 D cnss : Assign MSI to user: DP, num_vectors: 18, user_base_data: 814, base_vector: 14
01-01 08:21:59.966 0 0 D cnss : Assign MSI to user: DP, num_vectors: 18, user_base_data: 814, base_vector: 14
01-01 08:21:59.967 0 0 D cnss : Assign MSI to user: DP, num_vectors: 18, user_base_data: 814, base_vector: 14
01-01 08:21:59.972 0 0 E : INFO: trying to register non-static key.
01-01 08:21:59.973 0 0 I [kworke][0x55429c74][00:52:14.613874] wlan: [335:I:DP] dp_tx_soc_attach Tx Desc Alloc num_pool = 4, descs = 4096
01-01 08:21:59.977 0 0 E : the code is fine but needs lockdep annotation.
01-01 08:21:59.977 0 0 I : CPU: 3 PID: 292 Comm: kworker/u16:8 Tainted: G S W O 4.19.157+ #1
01-01 08:21:59.977 0 0 I Hardware name: Qualcomm Technologies, Inc. kona MTP-RmPM8150b (DT)
01-01 08:21:59.977 0 0 I Workqueue: events_unbound ion_system_secure_heap_prefetch_work
01-01 08:21:59.977 0 0 I Call trace:
01-01 08:21:59.977 0 0 I : dump_backtrace+0x0/0x258
01-01 08:21:59.977 0 0 I : show_stack+0x20/0x30
01-01 08:21:59.977 0 0 I : dump_stack+0xd8/0x12c
01-01 08:21:59.977 0 0 I : register_lock_class+0x4d0/0x5c8
01-01 08:21:59.977 0 0 I : __lock_acquire+0xbc/0x1e58
01-01 08:21:59.977 0 0 I : lock_acquire+0x1cc/0x218
01-01 08:21:59.977 0 0 I : _raw_spin_lock_irqsave+0x54/0x98
01-01 08:21:59.977 0 0 I : ion_system_secure_heap_prefetch_work+0x94/0x2c0
08-30 00:52:14.618 2293 2293 I QCC:OptInOutHandler: getTypeOptInOut, ret = 3
08-30 00:52:14.619 2293 2293 I QCC:OperationMode: dbHandler.getTypeOptInOut optMode : 3
08-30 00:52:14.620 2293 2293 D CompatibilityChangeReporter: Compat change id reported: 160794467; UID 1000; state: ENABLED
08-30 00:52:14.621 2293 2293 I QCC:UploaderReceiver: stopUploaderSchedule - senderPi is not null -- try to cancel the alarm
01-01 08:21:59.983 0 0 I : process_one_work+0x38c/0x660
01-01 08:21:59.983 0 0 I : worker_thread+0x268/0x4b8
01-01 08:21:59.983 0 0 I : kthread+0x140/0x150
08-30 00:52:14.627 835 2401 D vendor.qti.bluetooth@1.0-patch_dl_manager: TlvDnldReq: Updating seg len to 142 as last segment
01-01 08:21:59.983 0 0 I : ret_from_fork+0x10/0x1c
01-01 08:21:59.985 0 0 I [kworke][0x5546430e][00:52:14.626334] wlan: [335:I:DP] dp_tx_soc_attach MSDU Ext Desc Alloc 4, descs = 4096
01-01 08:21:59.986 0 0 I [kworke][0x55466431][00:52:14.626776] wlan: [335:I:DP] dp_tx_soc_attach HAL Tx init Success
01-01 08:21:59.986 0 0 D cnss : Assign MSI to user: DP, num_vectors: 18, user_base_data: 814, base_vector: 14
01-01 08:21:59.986 0 0 D cnss : Assign MSI to user: DP, num_vectors: 18, user_base_data: 814, base_vector: 14
01-01 08:21:59.986 0 0 I [kworke][0x55467ebc][00:52:14.627130] wlan: [335:I:DP] dp_soc_cmn_setup: 3274: num_reo_dest_rings 4
01-01 08:21:59.986 0 0 D cnss : Assign MSI to user: DP, num_vectors: 18, user_base_data: 814, base_vector: 14
01-01 08:21:59.986 0 0 D cnss : Assign MSI to user: DP, num_vectors: 18, user_base_data: 814, base_vector: 14
01-01 08:21:59.986 0 0 D cnss : Assign MSI to user: DP, num_vectors: 18, user_base_data: 814, base_vector: 14
01-01 08:21:59.986 0 0 D cnss : Assign MSI to user: DP, num_vectors: 18, user_base_data: 814, base_vector: 14
01-01 08:21:59.987 0 0 D cnss : Assign MSI to user: DP, num_vectors: 18, user_base_data: 814, base_vector: 14
01-01 08:21:59.987 0 0 D cnss : Assign MSI to user: DP, num_vectors: 18, user_base_data: 814, base_vector: 14
01-01 08:21:59.987 0 0 D cnss : Assign MSI to user: DP, num_vectors: 18, user_base_data: 814, base_vector: 14
01-01 08:21:59.987 0 0 D cnss : Assign MSI to user: DP, num_vectors: 18, user_base_data: 814, base_vector: 14
01-01 08:21:59.987 0 0 D cnss : Assign MSI to user: DP, num_vectors: 18, user_base_data: 814, base_vector: 14
01-01 08:21:59.987 0 0 D cnss : Assign MSI to user: DP, num_vectors: 18, user_base_data: 814, base_vector: 14
01-01 08:21:59.987 0 0 D cnss : Assign MSI to user: DP, num_vectors: 18, user_base_data: 814, base_vector: 14
01-01 08:21:59.988 0 0 I [kworke][0x5546f5be][00:52:14.628718] wlan: [335:I:HAL] hal_reo_set_err_dst_remap_6390: 1024: HWIO_REO_R0_ERROR_DESTINATION_MAPPING_IX_0 0x28005b6d
01-01 08:21:59.988 0 0 D cnss : Assign MSI to user: DP, num_vectors: 18, user_base_data: 814, base_vector: 14
01-01 08:21:59.988 0 0 D cnss : Assign MSI to user: DP, num_vectors: 18, user_base_data: 814, base_vector: 14
01-01 08:21:59.988 0 0 D cnss : Assign MSI to user: DP, num_vectors: 18, user_base_data: 814, base_vector: 14
01-01 08:21:59.988 0 0 D cnss : Assign MSI to user: DP, num_vectors: 18, user_base_data: 814, base_vector: 14
01-01 08:21:59.988 0 0 D cnss : Assign MSI to user: DP, num_vectors: 18, user_base_data: 814, base_vector: 14
01-01 08:21:59.988 0 0 D cnss : Assign MSI to user: DP, num_vectors: 18, user_base_data: 814, base_vector: 14
08-30 00:52:14.631 1882 1882 D NavigationModeController: getCurrentUserContext: contextUser=0 currentUser=0
08-30 00:52:14.637 1450 1567 V C2Store : in ~ComponentModule
08-30 00:52:14.637 2293 2293 I QCC:UploaderReceiver: getLastUploaderTimeMs : 1661791935059
08-30 00:52:14.637 1450 1567 V C2Store : unloading dll
08-30 00:52:14.637 1450 1567 V C2Store : in init
08-30 00:52:14.637 1450 1567 V C2Store : loading dll
08-30 00:52:14.637 2293 2293 I QCC:UploaderReceiver: getUploaderIntervalMs : 43200000
08-30 00:52:14.638 2293 2293 I QCC:UploaderReceiver: startPeriodicScheduler - elaspedTimeMs:62365 / elaspedTargetTimeMs : 43262365
08-30 00:52:14.639 2293 2293 I QCC:UploaderReceiver: setLastUploaderTimeMs :1661791934619
08-30 00:52:14.639 2293 2293 I QCC:UploaderReceiver: setLastUploaderTimeMs : 2022-08-30T00:52:14 ä¸Šåˆ
08-30 00:52:14.645 1044 2140 D CompatibilityChangeReporter: Compat change id reported: 171306433; UID 1000; state: ENABLED
08-30 00:52:14.648 2293 2293 I QCC:ApplicationManager: clearJobDlData
08-30 00:52:14.649 2293 2293 I QCC:QDMAJobService: cleanClientSubDir
08-30 00:52:14.650 2293 2293 I QCC:QDMAJobService: removeAllMetaFromClientID, clientID : 200
08-30 00:52:14.651 2293 2293 I QCC:QDMAJobManager: clearQDMAJob clientID: 200
08-30 00:52:14.651 2293 2293 I QCC:QDMAJobManager: clearQDMAJob - there is no exist job
08-30 00:52:14.654 2293 2293 I QCC:DMEFacade: === startQdmaFileServiceNative ===
01-01 08:22:00.003 0 0 E : INFO: trying to register non-static key.
01-01 08:22:00.008 0 0 E : the code is fine but needs lockdep annotation.
01-01 08:22:00.014 0 0 I : CPU: 5 PID: 292 Comm: kworker/u16:8 Tainted: G S W O 4.19.157+ #1
01-01 08:22:00.014 0 0 I Hardware name: Qualcomm Technologies, Inc. kona MTP-RmPM8150b (DT)
01-01 08:22:00.014 0 0 I Workqueue: events_unbound ion_system_secure_heap_prefetch_work
01-01 08:22:00.014 0 0 I Call trace:
01-01 08:22:00.014 0 0 I : dump_backtrace+0x0/0x258
01-01 08:22:00.014 0 0 I : show_stack+0x20/0x30
01-01 08:22:00.014 0 0 I : dump_stack+0xd8/0x12c
01-01 08:22:00.014 0 0 I : register_lock_class+0x4d0/0x5c8
01-01 08:22:00.014 0 0 I : __lock_acquire+0xbc/0x1e58
01-01 08:22:00.014 0 0 I : lock_acquire+0x1cc/0x218
01-01 08:22:00.014 0 0 I : _raw_spin_lock_irqsave+0x54/0x98
01-01 08:22:00.014 0 0 I : ion_system_secure_heap_prefetch_work+0x94/0x2c0
01-01 08:22:00.014 0 0 I : process_one_work+0x38c/0x660
01-01 08:22:00.014 0 0 I : worker_thread+0x268/0x4b8
01-01 08:22:00.014 0 0 I : kthread+0x140/0x150
01-01 08:22:00.014 0 0 I : ret_from_fork+0x10/0x1c
08-30 00:52:14.655 2293 2293 I QCC:OmaDMNative: Java_com_qualcomm_qti_innodme_DMEFacade_doStartQdmaFileServiceNative()
08-30 00:52:14.658 1450 1567 V C2Store : in ~ComponentModule
08-30 00:52:14.658 1450 1567 V C2Store : unloading dll
08-30 00:52:14.658 1450 1567 V C2Store : in init
08-30 00:52:14.658 1450 1567 V C2Store : loading dll
08-30 00:52:14.660 2293 2293 I qcc_file_service: create socket_listener thread id: 504084864176
08-30 00:52:14.660 2293 2293 I QCC:OmaDMNative: start socket listener pid: 504084864176
08-30 00:52:14.660 2293 2293 I QCC:ApplicationManager: cleanApplicationData: do not need to retrieve previous session
08-30 00:52:14.660 1067 1240 D PermissionCache: checking android.permission.READ_FRAME_BUFFER for uid=10087 => granted (999 us)
08-30 00:52:14.661 1882 2117 I AdrenoGLES-0: QUALCOMM build : 47421dbee6, I139f36ad46
08-30 00:52:14.661 1882 2117 I AdrenoGLES-0: Build Date : 02/18/22
08-30 00:52:14.661 1882 2117 I AdrenoGLES-0: OpenGL ES Shader Compiler Version: EV031.32.02.17
08-30 00:52:14.661 1882 2117 I AdrenoGLES-0: Local Branch :
08-30 00:52:14.661 1882 2117 I AdrenoGLES-0: Remote Branch :
08-30 00:52:14.661 1882 2117 I AdrenoGLES-0: Remote Branch :
08-30 00:52:14.661 1882 2117 I AdrenoGLES-0: Reconstruct Branch :
08-30 00:52:14.661 1882 2117 I AdrenoGLES-0: Build Config : S P 10.0.7 AArch64
08-30 00:52:14.661 1882 2117 I AdrenoGLES-0: Driver Path : /vendor/lib64/egl/libGLESv2_adreno.so
08-30 00:52:14.664 515 515 I hwservicemanager: getTransport: Cannot find entry android.hardware.graphics.mapper@4.0::IMapper/default in either framework or device VINTF manifest.
08-30 00:52:14.670 1450 1567 I mediaswcodec: missing struct descriptor #Param::CoreIndex(--004) for field values of struct #Param::CoreIndex(F-12004)
08-30 00:52:14.670 1450 1567 I mediaswcodec: missing struct descriptor #Param::CoreIndex(--1812) for field values of struct #Param::CoreIndex(F-11812)
08-30 00:52:14.670 1450 1567 V C2Store : in ~ComponentModule
08-30 00:52:14.670 1450 1567 V C2Store : unloading dll
08-30 00:52:14.671 1450 1567 V C2Store : in init
08-30 00:52:14.671 1450 1567 V C2Store : loading dll
08-30 00:52:14.672 2293 2534 I qcc_file_server: listen to qdma socket: 69
08-30 00:52:14.679 1450 1567 V C2Store : in ~ComponentModule
08-30 00:52:14.680 1450 1567 V C2Store : unloading dll
08-30 00:52:14.680 1450 1567 V C2Store : in init
08-30 00:52:14.680 1450 1567 V C2Store : loading dll
01-01 08:22:00.032 0 0 E : INFO: trying to register non-static key.
01-01 08:22:00.037 0 0 E : the code is fine but needs lockdep annotation.
01-01 08:22:00.042 0 0 I : CPU: 0 PID: 292 Comm: kworker/u16:8 Tainted: G S W O 4.19.157+ #1
01-01 08:22:00.042 0 0 I Hardware name: Qualcomm Technologies, Inc. kona MTP-RmPM8150b (DT)
01-01 08:22:00.043 0 0 I Workqueue: events_unbound ion_system_secure_heap_prefetch_work
01-01 08:22:00.043 0 0 I Call trace:
01-01 08:22:00.043 0 0 I : dump_backtrace+0x0/0x258
01-01 08:22:00.043 0 0 I : show_stack+0x20/0x30
01-01 08:22:00.043 0 0 I : dump_stack+0xd8/0x12c
01-01 08:22:00.043 0 0 I : register_lock_class+0x4d0/0x5c8
01-01 08:22:00.043 0 0 I : __lock_acquire+0xbc/0x1e58
01-01 08:22:00.043 0 0 I : lock_acquire+0x1cc/0x218
01-01 08:22:00.043 0 0 I : _raw_spin_lock_irqsave+0x54/0x98
01-01 08:22:00.043 0 0 I : ion_system_secure_heap_prefetch_work+0x94/0x2c0
01-01 08:22:00.043 0 0 I : process_one_work+0x38c/0x660
01-01 08:22:00.043 0 0 I : worker_thread+0x268/0x4b8
01-01 08:22:00.043 0 0 I : kthread+0x140/0x150
01-01 08:22:00.043 0 0 I : ret_from_fork+0x10/0x1c
08-30 00:52:14.684 2293 2293 W System.err: android.content.pm.PackageManager$NameNotFoundException: com.qualcomm.qti.smq
08-30 00:52:14.685 2293 2293 W System.err: at android.app.ApplicationPackageManager.getPackageInfoAsUser(ApplicationPackageManager.java:241)
08-30 00:52:14.685 2293 2293 W System.err: at android.app.ApplicationPackageManager.getPackageInfo(ApplicationPackageManager.java:213)
08-30 00:52:14.685 2293 2293 W System.err: at com.qualcomm.qti.qdma.app.ApplicationManager.isQccTrUiVer2XorHigher(ApplicationManager.java:3401)
08-30 00:52:14.685 2293 2293 W System.err: at com.qualcomm.qti.qdma.app.ApplicationManager.onCreate(ApplicationManager.java:363)
08-30 00:52:14.685 1450 1567 V C2Store : in ~ComponentModule
08-30 00:52:14.685 2293 2293 W System.err: at android.app.Instrumentation.callApplicationOnCreate(Instrumentation.java:1212)
08-30 00:52:14.685 1450 1567 V C2Store : unloading dll
08-30 00:52:14.685 2293 2293 W System.err: at android.app.ActivityThread.handleBindApplication(ActivityThread.java:6744)
08-30 00:52:14.685 2293 2293 W System.err: at android.app.ActivityThread.access$1500(ActivityThread.java:248)
08-30 00:52:14.685 1450 1567 V C2Store : in init
08-30 00:52:14.685 1450 1567 V C2Store : loading dll
08-30 00:52:14.685 2293 2293 W System.err: at android.app.ActivityThread$H.handleMessage(ActivityThread.java:2054)
08-30 00:52:14.686 2293 2293 W System.err: at android.os.Handler.dispatchMessage(Handler.java:106)
08-30 00:52:14.686 2293 2293 W System.err: at android.os.Looper.loopOnce(Looper.java:201)
08-30 00:52:14.686 2293 2293 W System.err: at android.os.Looper.loop(Looper.java:288)
08-30 00:52:14.686 2293 2293 W System.err: at android.app.ActivityThread.main(ActivityThread.java:7880)
08-30 00:52:14.686 2293 2293 W System.err: at java.lang.reflect.Method.invoke(Native Method)
08-30 00:52:14.686 2293 2293 W System.err: at com.android.internal.os.RuntimeInit$MethodAndArgsCaller.run(RuntimeInit.java:548)
08-30 00:52:14.686 2293 2293 W System.err: at com.android.internal.os.ZygoteInit.main(ZygoteInit.java:1009)
08-30 00:52:14.686 2293 2293 I QCC:ApplicationManager: isQccTrUiVer2XorHigher: false
08-30 00:52:14.686 2293 2293 I QCC:DMENativeInterface: droppingDefaultCDF, Build.MANUFACTURER : TC ,Build.MODEL : figure, IS_QUALCOMM_DEVICE : false , oldver: true
08-30 00:52:14.687 2293 2293 I QCC:ApplicationManager: getSharedPersistence, key : DefaultCDFFile, value : 0
08-30 00:52:14.687 2293 2293 I QCC:DMENativeInterface: not initial run or not Qualcomm device- do not droppingDefaultCDF
08-30 00:52:14.689 515 515 I hwservicemanager: Since vendor.qti.hardware.iop@2.0::IIop/default is not registered, trying to start it as a lazy HAL.
08-30 00:52:14.689 1450 1567 V C2Store : in ~ComponentModule
08-30 00:52:14.689 1450 1567 V C2Store : unloading dll
08-30 00:52:14.689 1359 1359 E ANDR-IOP: IIop:: Iop HAL Service is not available.
08-30 00:52:14.690 1450 1567 V C2Store : in init
08-30 00:52:14.690 1450 1567 V C2Store : loading dll
08-30 00:52:14.692 515 2535 W libc : Unable to set property "ctl.interface_start" to "vendor.qti.hardware.iop@2.0::IIop/default": error code: 0x20
08-30 00:52:14.693 515 2535 I hwservicemanager: Tried to start vendor.qti.hardware.iop@2.0::IIop/default as a lazy service, but was unable to. Usually this happens when a service is not installed, but if the service is intended to be used as a lazy service, then it may be configured incorrectly.
08-30 00:52:14.693 1882 2117 I AdrenoGLES-0: PFP: 0x016dd093, ME: 0x00000000
08-30 00:52:14.696 1450 1567 V C2Store : in ~ComponentModule
08-30 00:52:14.696 1450 1567 V C2Store : unloading dll
08-30 00:52:14.696 1450 1567 V C2Store : in init
08-30 00:52:14.696 1450 1567 V C2Store : loading dll
08-30 00:52:14.709 1450 1567 V C2Store : in ~ComponentModule
08-30 00:52:14.710 1450 1567 V C2Store : unloading dll
01-01 08:22:00.056 0 0 E : INFO: trying to register non-static key.
01-01 08:22:00.061 0 0 E : the code is fine but needs lockdep annotation.
01-01 08:22:00.066 0 0 I : CPU: 5 PID: 292 Comm: kworker/u16:8 Tainted: G S W O 4.19.157+ #1
01-01 08:22:00.066 0 0 I Hardware name: Qualcomm Technologies, Inc. kona MTP-RmPM8150b (DT)
01-01 08:22:00.066 0 0 I Workqueue: events_unbound ion_system_secure_heap_prefetch_work
01-01 08:22:00.066 0 0 I Call trace:
01-01 08:22:00.066 0 0 I : dump_backtrace+0x0/0x258
01-01 08:22:00.066 0 0 I : show_stack+0x20/0x30
01-01 08:22:00.066 0 0 I : dump_stack+0xd8/0x12c
01-01 08:22:00.067 0 0 I : register_lock_class+0x4d0/0x5c8
01-01 08:22:00.067 0 0 I : __lock_acquire+0xbc/0x1e58
01-01 08:22:00.067 0 0 I : lock_acquire+0x1cc/0x218
01-01 08:22:00.067 0 0 I : _raw_spin_lock_irqsave+0x54/0x98
01-01 08:22:00.067 0 0 I : ion_system_secure_heap_prefetch_work+0x94/0x2c0
01-01 08:22:00.067 0 0 I : process_one_work+0x38c/0x660
01-01 08:22:00.067 0 0 I : worker_thread+0x268/0x4b8
01-01 08:22:00.067 0 0 I : kthread+0x140/0x150
08-30 00:52:14.710 1450 1567 V C2Store : in init
01-01 08:22:00.067 0 0 I : ret_from_fork+0x10/0x1c
08-30 00:52:14.710 1450 1567 V C2Store : loading dll
08-30 00:52:14.716 1450 1567 V C2Store : in ~ComponentModule
08-30 00:52:14.716 1450 1567 V C2Store : unloading dll
08-30 00:52:14.716 1450 1567 V C2Store : in init
08-30 00:52:14.716 1450 1567 V C2Store : loading dll
08-30 00:52:14.726 1450 1567 V C2Store : in ~ComponentModule
08-30 00:52:14.726 1450 1567 V C2Store : unloading dll
08-30 00:52:14.727 1450 1567 V C2Store : in init
08-30 00:52:14.727 1450 1567 V C2Store : loading dll
08-30 00:52:14.730 660 672 I mpu_uart: [MSG-P:R]:recv sync frame timeout
08-30 00:52:14.731 660 673 I mpu_uart: [MSG-P:RECV]:No message received in 1000 ms
01-01 08:22:00.080 0 0 E : INFO: trying to register non-static key.
01-01 08:22:00.085 0 0 E : the code is fine but needs lockdep annotation.
01-01 08:22:00.091 0 0 I : CPU: 6 PID: 292 Comm: kworker/u16:8 Tainted: G S W O 4.19.157+ #1
01-01 08:22:00.091 0 0 I Hardware name: Qualcomm Technologies, Inc. kona MTP-RmPM8150b (DT)
01-01 08:22:00.091 0 0 I Workqueue: events_unbound ion_system_secure_heap_prefetch_work
01-01 08:22:00.091 0 0 I Call trace:
01-01 08:22:00.091 0 0 I : dump_backtrace+0x0/0x258
01-01 08:22:00.091 0 0 I : show_stack+0x20/0x30
01-01 08:22:00.091 0 0 I : dump_stack+0xd8/0x12c
01-01 08:22:00.091 0 0 I : register_lock_class+0x4d0/0x5c8
01-01 08:22:00.091 0 0 I : __lock_acquire+0xbc/0x1e58
01-01 08:22:00.091 0 0 I : lock_acquire+0x1cc/0x218
01-01 08:22:00.091 0 0 I : _raw_spin_lock_irqsave+0x54/0x98
01-01 08:22:00.091 0 0 I : ion_system_secure_heap_prefetch_work+0x94/0x2c0
01-01 08:22:00.091 0 0 I : process_one_work+0x38c/0x660
01-01 08:22:00.091 0 0 I : worker_thread+0x268/0x4b8
01-01 08:22:00.091 0 0 I : kthread+0x140/0x150
01-01 08:22:00.091 0 0 I : ret_from_fork+0x10/0x1c
08-30 00:52:14.735 1450 1567 V C2Store : in ~ComponentModule
08-30 00:52:14.735 1450 1567 V C2Store : unloading dll
08-30 00:52:14.735 1450 1567 V C2Store : in init
08-30 00:52:14.735 1450 1567 V C2Store : loading dll
08-30 00:52:14.743 835 2401 D vendor.qti.bluetooth@1.0-patch_dl_manager: ReadHciEvent: Expected CC
08-30 00:52:14.743 835 2401 D vendor.qti.bluetooth@1.0-patch_dl_manager: FrameHciCmdPkt: Sending EDL_GET_BOARD_ID
08-30 00:52:14.743 835 2401 D vendor.qti.bluetooth@1.0-patch_dl_manager: HCI-CMD -1: 0x1 0x0 0xfc 0x1 0x23
08-30 00:52:14.743 835 2401 I vendor.qti.bluetooth@1.0-patch_dl_manager: GetBoardIdReq: Sending EDL_GET_BOARD_ID
08-30 00:52:14.744 974 1124 I SDM : HWCDisplay::GetColorModeCount: Supported color mode count = 1
08-30 00:52:14.744 974 1124 I SDM : HWCDisplay::GetColorModes: Color mode = 0 is supported
08-30 00:52:14.744 835 2401 D vendor.qti.bluetooth@1.0-patch_dl_manager: ReadHciEvent: Expected CC
08-30 00:52:14.744 1067 1238 E HWComposer: getSupportedContentTypes: getSupportedContentTypes failed for display 4630946370410392961: Unsupported (8)
08-30 00:52:14.744 835 2401 I vendor.qti.bluetooth@1.0-patch_dl_manager: HandleEdlCmdResEvt: Board Id 0 0!!
08-30 00:52:14.745 835 2401 E vendor.qti.bluetooth@1.0-patch_dl_manager: /bt_firmware/image/htnv20.b00 File Open Fail No such file or directory (2)
08-30 00:52:14.745 835 2401 E vendor.qti.bluetooth@1.0-patch_dl_manager: /vendor/bt_firmware/image/htnv20.b00 File Opening from alternate path: Fail No such file or directory (2)
08-30 00:52:14.745 835 2401 I vendor.qti.bluetooth@1.0-patch_dl_manager: DownloadTlvFile: /bt_firmware/image/htnv20.b00: file doesn't exist, falling back to default file
08-30 00:52:14.745 835 2401 E vendor.qti.bluetooth@1.0-patch_dl_manager: /bt_firmware/image/htnv20.bin File Open Fail No such file or directory (2)
08-30 00:52:14.745 835 2401 I vendor.qti.bluetooth@1.0-patch_dl_manager: File open /vendor/bt_firmware/image/htnv20.bin succeeded
08-30 00:52:14.746 835 2401 I vendor.qti.bluetooth@1.0-patch_dl_manager: ====================================================
08-30 00:52:14.746 835 2401 I vendor.qti.bluetooth@1.0-patch_dl_manager: TLV Type : 0x2
08-30 00:52:14.746 835 2401 I vendor.qti.bluetooth@1.0-patch_dl_manager: Length : 5821 bytes
08-30 00:52:14.746 835 2401 I vendor.qti.bluetooth@1.0-patch_dl_manager: ====================================================
08-30 00:52:14.746 835 2401 I vendor.qti.bluetooth@1.0-patch_dl_manager: BD Address: b1:47:aa:6d:22:22
08-30 00:52:14.746 835 2401 I vendor.qti.bluetooth@1.0-patch_dl_manager: UpdateNewNvmFormat: baudrate 11
08-30 00:52:14.746 835 2401 D vendor.qti.bluetooth@1.0-ibs_handler: IsEnabled: SIBS enabled: true
08-30 00:52:14.746 835 2401 D vendor.qti.bluetooth@1.0-patch_dl_manager: CheckForWakeupMechanism: Wakeup source config : 0
08-30 00:52:14.746 835 2401 I vendor.qti.bluetooth@1.0-patch_dl_manager: UpdateNewNvmFormat: SIBS Enable
08-30 00:52:14.747 1882 2117 D hw-ProcessState: Binder ioctl to enable oneway spam detection failed: Invalid argument
08-30 00:52:14.747 835 2401 I vendor.qti.bluetooth@1.0-patch_dl_manager: ====================================================
08-30 00:52:14.747 835 2401 I vendor.qti.bluetooth@1.0-patch_dl_manager: TlvDnldReq: TLV size: 5825, Total Seg num: 23, remain size: 236
01-01 08:22:00.101 0 0 E : INFO: trying to register non-static key.
01-01 08:22:00.106 0 0 I binder : 1882:2117 ioctl 40046210 75560c11f4 returned -22
01-01 08:22:00.106 0 0 E : the code is fine but needs lockdep annotation.
08-30 00:52:14.748 1450 1567 I mediaswcodec: missing struct descriptor #Param::CoreIndex(--004) for field values of struct #Param::CoreIndex(F-12004)
08-30 00:52:14.748 1450 1567 D C2SoftHevcEnc: Given level 6000 does not cover current configuration: adjusting to 6001
08-30 00:52:14.748 1450 1567 V C2Store : in ~ComponentModule
08-30 00:52:14.748 1450 1567 V C2Store : unloading dll
08-30 00:52:14.748 1450 1567 V C2Store : in init
08-30 00:52:14.748 1450 1567 V C2Store : loading dll
08-30 00:52:14.749 835 2401 D vendor.qti.bluetooth@1.0-patch_dl_manager: ReadHciEvent: Expected CC
08-30 00:52:14.751 835 2401 D vendor.qti.bluetooth@1.0-patch_dl_manager: ReadHciEvent: Expected CC
08-30 00:52:14.752 835 2401 D vendor.qti.bluetooth@1.0-patch_dl_manager: ReadHciEvent: Expected CC
08-30 00:52:14.753 515 515 I hwservicemanager: getTransport: Cannot find entry android.hardware.graphics.mapper@4.0::IMapper/default in either framework or device VINTF manifest.
08-30 00:52:14.754 835 2401 D vendor.qti.bluetooth@1.0-patch_dl_manager: ReadHciEvent: Expected CC
08-30 00:52:14.755 1882 2117 I Gralloc4: mapper 4.x is not supported
08-30 00:52:14.756 1450 1567 V C2Store : in ~ComponentModule
08-30 00:52:14.756 1450 1567 V C2Store : unloading dll
01-01 08:22:00.112 0 0 I : CPU: 6 PID: 292 Comm: kworker/u16:8 Tainted: G S W O 4.19.157+ #1
01-01 08:22:00.112 0 0 I Hardware name: Qualcomm Technologies, Inc. kona MTP-RmPM8150b (DT)
01-01 08:22:00.112 0 0 I Workqueue: events_unbound ion_system_secure_heap_prefetch_work
01-01 08:22:00.112 0 0 I Call trace:
01-01 08:22:00.112 0 0 I : dump_backtrace+0x0/0x258
01-01 08:22:00.112 0 0 I : show_stack+0x20/0x30
01-01 08:22:00.112 0 0 I : dump_stack+0xd8/0x12c
01-01 08:22:00.112 0 0 I : register_lock_class+0x4d0/0x5c8
01-01 08:22:00.112 0 0 I : __lock_acquire+0xbc/0x1e58
01-01 08:22:00.112 0 0 I : lock_acquire+0x1cc/0x218
01-01 08:22:00.112 0 0 I : _raw_spin_lock_irqsave+0x54/0x98
01-01 08:22:00.112 0 0 I : ion_system_secure_heap_prefetch_work+0x94/0x2c0
01-01 08:22:00.112 0 0 I : process_one_work+0x38c/0x660
01-01 08:22:00.112 0 0 I : worker_thread+0x268/0x4b8
01-01 08:22:00.112 0 0 I : kthread+0x140/0x150
01-01 08:22:00.112 0 0 I : ret_from_fork+0x10/0x1c
08-30 00:52:14.757 1450 1567 V C2Store : in init
08-30 00:52:14.757 1450 1567 V C2Store : loading dll
08-30 00:52:14.758 835 2401 D vendor.qti.bluetooth@1.0-patch_dl_manager: ReadHciEvent: Expected CC
08-30 00:52:14.760 835 2401 D vendor.qti.bluetooth@1.0-patch_dl_manager: ReadHciEvent: Expected CC
08-30 00:52:14.763 835 2401 D vendor.qti.bluetooth@1.0-patch_dl_manager: ReadHciEvent: Expected CC
08-30 00:52:14.765 835 2401 D vendor.qti.bluetooth@1.0-patch_dl_manager: ReadHciEvent: Expected CC
08-30 00:52:14.766 1450 1567 V C2Store : in ~ComponentModule
08-30 00:52:14.766 1450 1567 V C2Store : unloading dll
08-30 00:52:14.767 1450 1567 V C2Store : in init
08-30 00:52:14.767 1450 1567 V C2Store : loading dll
08-30 00:52:14.767 835 2401 D vendor.qti.bluetooth@1.0-patch_dl_manager: ReadHciEvent: Expected CC
08-30 00:52:14.768 515 515 I hwservicemanager: getTransport: Cannot find entry android.hardware.graphics.allocator@4.0::IAllocator/default in either framework or device VINTF manifest.
08-30 00:52:14.769 1882 2117 W Gralloc4: allocator 4.x is not supported
08-30 00:52:14.769 835 2401 D vendor.qti.bluetooth@1.0-patch_dl_manager: ReadHciEvent: Expected CC
08-30 00:52:14.770 835 2401 D vendor.qti.bluetooth@1.0-patch_dl_manager: ReadHciEvent: Expected CC
08-30 00:52:14.772 835 2401 D vendor.qti.bluetooth@1.0-patch_dl_manager: ReadHciEvent: Expected CC
08-30 00:52:14.774 835 2401 D vendor.qti.bluetooth@1.0-patch_dl_manager: ReadHciEvent: Expected CC
01-01 08:22:00.122 0 0 E : INFO: trying to register non-static key.
01-01 08:22:00.127 0 0 E : the code is fine but needs lockdep annotation.
01-01 08:22:00.133 0 0 I : CPU: 6 PID: 292 Comm: kworker/u16:8 Tainted: G S W O 4.19.157+ #1
01-01 08:22:00.133 0 0 I Hardware name: Qualcomm Technologies, Inc. kona MTP-RmPM8150b (DT)
01-01 08:22:00.133 0 0 I Workqueue: events_unbound ion_system_secure_heap_prefetch_work
01-01 08:22:00.133 0 0 I Call trace:
01-01 08:22:00.133 0 0 I : dump_backtrace+0x0/0x258
01-01 08:22:00.133 0 0 I : show_stack+0x20/0x30
01-01 08:22:00.133 0 0 I : dump_stack+0xd8/0x12c
01-01 08:22:00.133 0 0 I : register_lock_class+0x4d0/0x5c8
01-01 08:22:00.133 0 0 I : __lock_acquire+0xbc/0x1e58
01-01 08:22:00.133 0 0 I : lock_acquire+0x1cc/0x218
01-01 08:22:00.133 0 0 I : _raw_spin_lock_irqsave+0x54/0x98
01-01 08:22:00.133 0 0 I : ion_system_secure_heap_prefetch_work+0x94/0x2c0
01-01 08:22:00.133 0 0 I : process_one_work+0x38c/0x660
01-01 08:22:00.133 0 0 I : worker_thread+0x268/0x4b8
01-01 08:22:00.133 0 0 I : kthread+0x140/0x150
01-01 08:22:00.133 0 0 I : ret_from_fork+0x10/0x1c
08-30 00:52:14.775 835 2401 D vendor.qti.bluetooth@1.0-patch_dl_manager: ReadHciEvent: Expected CC
08-30 00:52:14.777 835 2401 D vendor.qti.bluetooth@1.0-patch_dl_manager: ReadHciEvent: Expected CC
08-30 00:52:14.779 835 2401 D vendor.qti.bluetooth@1.0-patch_dl_manager: ReadHciEvent: Expected CC
08-30 00:52:14.780 835 2401 D vendor.qti.bluetooth@1.0-patch_dl_manager: ReadHciEvent: Expected CC
08-30 00:52:14.782 835 2401 D vendor.qti.bluetooth@1.0-patch_dl_manager: ReadHciEvent: Expected CC
08-30 00:52:14.784 1450 1567 V C2Store : in ~ComponentModule
08-30 00:52:14.784 1450 1567 V C2Store : unloading dll
08-30 00:52:14.784 1450 1567 V C2Store : in init
08-30 00:52:14.784 1450 1567 V C2Store : loading dll
08-30 00:52:14.784 835 2401 D vendor.qti.bluetooth@1.0-patch_dl_manager: ReadHciEvent: Expected CC
08-30 00:52:14.786 835 2401 D vendor.qti.bluetooth@1.0-patch_dl_manager: ReadHciEvent: Expected CC
08-30 00:52:14.787 835 2401 D vendor.qti.bluetooth@1.0-patch_dl_manager: ReadHciEvent: Expected CC
08-30 00:52:14.789 835 2401 D vendor.qti.bluetooth@1.0-patch_dl_manager: ReadHciEvent: Expected CC
08-30 00:52:14.790 835 2401 D vendor.qti.bluetooth@1.0-patch_dl_manager: ReadHciEvent: Expected CC
08-30 00:52:14.790 835 2401 D vendor.qti.bluetooth@1.0-patch_dl_manager: TlvDnldReq: Updating seg len to 236 as last segment
08-30 00:52:14.794 1882 2176 D ControlsListingControllerImpl: Subscribing callback, service count: 0
01-01 08:22:00.143 0 0 E : INFO: trying to register non-static key.
01-01 08:22:00.148 0 0 E : the code is fine but needs lockdep annotation.
01-01 08:22:00.154 0 0 I : CPU: 6 PID: 292 Comm: kworker/u16:8 Tainted: G S W O 4.19.157+ #1
01-01 08:22:00.154 0 0 I Hardware name: Qualcomm Technologies, Inc. kona MTP-RmPM8150b (DT)
01-01 08:22:00.154 0 0 I Workqueue: events_unbound ion_system_secure_heap_prefetch_work
01-01 08:22:00.154 0 0 I Call trace:
01-01 08:22:00.154 0 0 I : dump_backtrace+0x0/0x258
01-01 08:22:00.154 0 0 I : show_stack+0x20/0x30
01-01 08:22:00.154 0 0 I : dump_stack+0xd8/0x12c
01-01 08:22:00.154 0 0 I : register_lock_class+0x4d0/0x5c8
01-01 08:22:00.154 0 0 I : __lock_acquire+0xbc/0x1e58
01-01 08:22:00.154 0 0 I : lock_acquire+0x1cc/0x218
01-01 08:22:00.154 0 0 I : _raw_spin_lock_irqsave+0x54/0x98
01-01 08:22:00.154 0 0 I : ion_system_secure_heap_prefetch_work+0x94/0x2c0
01-01 08:22:00.154 0 0 I : process_one_work+0x38c/0x660
01-01 08:22:00.154 0 0 I : worker_thread+0x268/0x4b8
01-01 08:22:00.154 0 0 I : kthread+0x140/0x150
01-01 08:22:00.154 0 0 I : ret_from_fork+0x10/0x1c
08-30 00:52:14.795 1450 1567 V C2Store : in ~ComponentModule
08-30 00:52:14.795 1450 1567 V C2Store : unloading dll
08-30 00:52:14.795 1450 1567 V C2Store : in init
08-30 00:52:14.796 1450 1567 V C2Store : loading dll
08-30 00:52:14.797 1882 1882 V KeyguardUpdateMonitor: *** register callback for com.android.systemui.statusbar.phone.NotificationPanelViewController$1@62477f1
08-30 00:52:14.797 1882 1882 V KeyguardUpdateMonitor: *** unregister callback for null
08-30 00:52:14.803 1882 1882 V KeyguardUpdateMonitor: *** register callback for com.android.systemui.statusbar.phone.KeyguardBottomAreaView$9@2bddb0
08-30 00:52:14.803 1882 1882 V KeyguardUpdateMonitor: *** unregister callback for null
08-30 00:52:14.803 1882 1882 V KeyguardUpdateMonitor: *** register callback for com.android.keyguard.EmergencyButtonController$1@6593429
08-30 00:52:14.803 1882 1882 V KeyguardUpdateMonitor: *** unregister callback for null
08-30 00:52:14.804 1882 2104 I OpenGLRenderer: Davey! duration=2628ms; Flags=1, FrameTimelineVsyncId=112, IntendedVsync=59897587438, Vsync=62297587342, InputEventId=0, HandleInputStart=62300311484, AnimationStart=62300313255, PerformTraversalsStart=62300904661, DrawStart=62494362213, FrameDeadline=59914254104, FrameInterval=62300227838, FrameStartTime=16666666, SyncQueued=62495060338, SyncStart=62495130182, IssueDrawCommandsStart=62497445807, SwapBuffers=62523583359, FrameCompleted=62525772474, DequeueBufferDuration=20847083, QueueBufferDuration=1451771, GpuCompleted=62524215182, SwapBuffersCompleted=62525772474, DisplayPresentTime=0,
08-30 00:52:14.806 1882 2343 W ActivityThread: Failed to find provider info for com.android.contacts (user not unlocked)
08-30 00:52:14.808 1882 1882 D CompatibilityChangeReporter: Compat change id reported: 182185642; UID 10087; state: ENABLED
08-30 00:52:14.809 1450 1567 V C2Store : in ~ComponentModule
08-30 00:52:14.809 1450 1567 V C2Store : unloading dll
08-30 00:52:14.809 1450 1567 V C2Store : in init
08-30 00:52:14.809 1450 1567 V C2Store : loading dll
08-30 00:52:14.809 1882 1882 E EmergencyButton: Fail to call TelephonyManager.requestCellInfoUpdate
08-30 00:52:14.809 1882 1882 E EmergencyButton: java.lang.IllegalStateException: Telephony is null
08-30 00:52:14.809 1882 1882 E EmergencyButton: at android.telephony.TelephonyManager.requestCellInfoUpdate(TelephonyManager.java:6362)
08-30 00:52:14.809 1882 1882 E EmergencyButton: at com.android.keyguard.EmergencyButtonController.requestCellInfoUpdate(EmergencyButtonController.java:182)
08-30 00:52:14.809 1882 1882 E EmergencyButton: at com.android.keyguard.EmergencyButtonController.access$100(EmergencyButtonController.java:51)
08-30 00:52:14.809 1882 1882 E EmergencyButton: at com.android.keyguard.EmergencyButtonController$1.onPhoneStateChanged(EmergencyButtonController.java:77)
