08-23 17:56:46.695 1082 1868 E DisplayDeviceConfig: requesting nits when no mapping exists.
08-23 17:56:46.696 1082 1868 E DisplayDeviceConfig: requesting nits when no mapping exists.
08-23 17:56:46.711 1082 1868 E DisplayDeviceConfig: requesting nits when no mapping exists.
08-23 17:56:46.711 1082 1868 E DisplayDeviceConfig: requesting nits when no mapping exists.
08-23 17:56:46.727 1082 1868 E DisplayDeviceConfig: requesting nits when no mapping exists.
08-23 17:56:46.727 1082 1868 E DisplayDeviceConfig: requesting nits when no mapping exists.
08-23 17:56:46.743 1082 1868 E DisplayDeviceConfig: requesting nits when no mapping exists.
08-23 17:56:46.744 1082 1868 E DisplayDeviceConfig: requesting nits when no mapping exists.
08-23 17:56:46.762 1082 1868 E DisplayDeviceConfig: requesting nits when no mapping exists.
08-23 17:56:46.764 1082 1868 E DisplayDeviceConfig: requesting nits when no mapping exists.
08-23 17:56:46.785 1082 1868 E DisplayDeviceConfig: requesting nits when no mapping exists.
08-23 17:56:46.786 1082 1868 E DisplayDeviceConfig: requesting nits when no mapping exists.
08-23 17:56:46.793 1082 1868 E DisplayDeviceConfig: requesting nits when no mapping exists.
08-23 17:56:46.794 1082 1868 E DisplayDeviceConfig: requesting nits when no mapping exists.
08-23 17:56:46.810 1082 1868 E DisplayDeviceConfig: requesting nits when no mapping exists.
08-23 17:56:46.811 1082 1868 E DisplayDeviceConfig: requesting nits when no mapping exists.
08-23 17:56:46.828 1082 1868 E DisplayDeviceConfig: requesting nits when no mapping exists.
08-23 17:56:46.829 1082 1868 E DisplayDeviceConfig: requesting nits when no mapping exists.
08-23 17:56:46.843 1082 1868 E DisplayDeviceConfig: requesting nits when no mapping exists.
08-23 17:56:46.843 1082 1868 E DisplayDeviceConfig: requesting nits when no mapping exists.
08-23 18:02:58.568 1082 1200 I UsageStatsService: User[0] Flushing usage stats to disk
08-23 18:05:42.638 1082 1864 I DreamManagerService: Gently waking up from dream.
08-23 18:05:42.638 1082 1182 I DreamManagerService: Performing gentle wake from dream.
08-23 18:05:42.717 1082 1235 I PowerManagerService: Powering on display group fromDreaming (groupId=0, uid=1000, reason=WAKE_REASON_UNKNOWN, details=android.server.power:DREAM_FINISHED)...
08-23 18:05:42.717 1082 1235 I PowerManagerService: Waking up from Dreaming (uid=1000, reason=WAKE_REASON_UNKNOWN, details=android.server.power:DREAM_FINISHED)...
08-23 18:05:43.269 1082 1864 I DreamManagerService: Leaving dreamland.
08-23 18:05:43.270 1082 1182 I DreamManagerService: Performing gentle wake from dream.
08-23 18:05:43.270 1082 1182 I DreamController: Stopping dream: name=ComponentInfo{com.android.deskclock/com.android.deskclock.Screensaver}, isTest=false, canDoze=false, userId=0, reason='finished self'(from 'finished self')
08-23 18:05:43.288 1082 1186 W ActivityTaskManager: Can't find TaskDisplayArea to determine support for multi window. Task id=60 attached=false
08-23 18:05:43.910 1082 1184 I DropBoxManagerService: add tag=system_app_strictmode isTagEnabled=true flags=0x2
08-23 18:05:43.942 1082 1182 D AutofillManagerService: Close system dialogs
08-23 18:05:45.646 1082 1185 I ActivityManager: PendingStartActivityUids startActivity to updateOomAdj delay:1725ms, uid:10087
08-23 18:05:48.391 1082 7206 I ActivityTaskManager: START u0 {act=android.intent.action.MAIN cat=[android.intent.category.LAUNCHER] flg=0x10200000 cmp=com.antutu.ABenchMark/com.example.ABenchMark.ABenchMarkStart bnds=[36,153][335,450]} from uid 10087
08-23 18:05:48.403 1082 7206 W ActivityTaskManager: Can't find TaskDisplayArea to determine support for multi window. Task id=61 attached=false
08-23 18:05:48.410 1082 7206 D CompatibilityChangeReporter: Compat change id reported: 174042980; UID 10103; state: DISABLED
08-23 18:05:48.412 1082 7206 D CompatibilityChangeReporter: Compat change id reported: 184838306; UID 10103; state: DISABLED
08-23 18:05:48.413 1082 7206 D CompatibilityChangeReporter: Compat change id reported: 185004937; UID 10103; state: DISABLED
08-23 18:05:48.414 1082 7206 D CompatibilityChangeReporter: Compat change id reported: 181136395; UID 10103; state: DISABLED
08-23 18:05:48.415 1082 7206 D CompatibilityChangeReporter: Compat change id reported: 174042936; UID 10103; state: DISABLED
08-23 18:05:48.424 1082 7206 D CompatibilityChangeReporter: Compat change id reported: 168419799; UID 10103; state: DISABLED
08-23 18:05:48.424 1082 7206 V SplashScreenExceptionList: SplashScreen checking exception for package com.antutu.ABenchMark (target sdk:30) -> false
08-23 18:05:48.427 1889 2101 D PhoneStartingWindowTypeAlgorithm: preferredStartingWindowType newTask:true taskSwitch:true processRunning:false allowTaskSnapshot:true activityCreated:false useEmptySplashScreen:false legacySplashScreen:false topIsHome:false
08-23 18:05:48.428 1889 2101 D StartingSurfaceDrawer: addSplashScreen com.antutu.ABenchMark theme=7f120235 task=61 suggestType=1
08-23 18:05:48.436 1082 1185 D CompatibilityChangeReporter: Compat change id reported: 135634846; UID 10103; state: DISABLED
08-23 18:05:48.436 1082 1185 D CompatibilityChangeReporter: Compat change id reported: 177438394; UID 10103; state: DISABLED
08-23 18:05:48.437 1082 1185 D CompatibilityChangeReporter: Compat change id reported: 135772972; UID 10103; state: DISABLED
08-23 18:05:48.437 1082 1185 D CompatibilityChangeReporter: Compat change id reported: 135754954; UID 10103; state: ENABLED
08-23 18:05:48.438 1082 1210 D CompatibilityChangeReporter: Compat change id reported: 143937733; UID 10103; state: ENABLED
08-23 18:05:48.439 1889 2103 D StartingSurfaceDrawer: window attributes color: 0 icon null duration 0 brandImage null
08-23 18:05:48.448 1889 2103 D StartingSurfaceDrawer: FgMainColor=ffe33d37 BgMainColor=ffffffff IsBgComplex=false FromCache=false ThemeColor=ffffffff
08-23 18:05:48.448 1889 2103 D StartingSurfaceDrawer: makeSplashScreenContentView: choose fg icon
08-23 18:05:48.449 1889 2103 D StartingSurfaceDrawer: fillViewWithIcon surfaceWindowView android.window.SplashScreenView{7acc43b V.E...... ......ID 0,0-0,0}
08-23 18:05:48.474 1082 1210 I ActivityManager: Start proc 5601:com.antutu.ABenchMark/u0a103 for pre-top-activity {com.antutu.ABenchMark/com.example.ABenchMark.ABenchMarkStart}
08-23 18:05:48.474 1082 5602 W ContextImpl: Calling a method in the system process without a qualified user: android.app.ContextImpl.sendBroadcast:1173 com.qualcomm.qti.Performance$SendGameLaunchBroadcast.run:217 java.lang.Thread.run:920
08-23 18:05:48.857 1082 7206 W WindowManager: Failed looking up window session=Session{6668609 5601:u0a10103} callers=com.android.server.wm.WindowManagerService.windowForClientLocked:5626 com.android.server.wm.Session.insetsModified:629 android.view.IWindowSession$Stub.onTransact:1151
08-23 18:05:49.038 1082 1185 I ActivityTaskManager: Config changes=20000480 {1.0 ?mcc?mnc [zh_CN] ldltr sw680dp w680dp h1514dp 240dpi lrg long hdr port finger -keyb/v/h -nav/h winConfig={ mBounds=Rect(0, 0 - 1020, 2380) mAppBounds=Rect(0, 0 - 1020, 2308) mMaxBounds=Rect(0, 0 - 1020, 2380) mWindowingMode=fullscreen mDisplayWindowingMode=fullscreen mActivityType=undefined mAlwaysOnTop=undefined mRotation=ROTATION_270} s.15 fontWeightAdjustment=0}
08-23 18:05:49.041 1082 1185 W ActivityTaskManager: Current config: {1.0 ?mcc?mnc [zh_CN] ldltr sw680dp w1586dp h608dp 240dpi lrg long hdr land finger -keyb/v/h -nav/h winConfig={ mBounds=Rect(0, 0 - 2380, 1020) mAppBounds=Rect(0, 0 - 2380, 948) mMaxBounds=Rect(0, 0 - 2380, 1020) mWindowingMode=fullscreen mDisplayWindowingMode=fullscreen mActivityType=undefined mAlwaysOnTop=undefined mRotation=ROTATION_0} s.15 fontWeightAdjustment=0} unchanged for IME proc com.android.inputmethod.latin
08-23 18:05:49.043 1082 1185 I WindowManager: Override config changes=20000480 {1.0 ?mcc?mnc [zh_CN] ldltr sw680dp w680dp h1514dp 240dpi lrg long hdr port finger -keyb/v/h -nav/h winConfig={ mBounds=Rect(0, 0 - 1020, 2380) mAppBounds=Rect(0, 0 - 1020, 2308) mMaxBounds=Rect(0, 0 - 1020, 2380) mWindowingMode=fullscreen mDisplayWindowingMode=fullscreen mActivityType=undefined mAlwaysOnTop=undefined mRotation=ROTATION_270} s.15 fontWeightAdjustment=0} for displayId=0
08-23 18:05:49.046 1082 1185 V ActivityTaskManager: Sending to IME proc com.android.inputmethod.latin new config {1.0 ?mcc?mnc [zh_CN] ldltr sw680dp w680dp h1514dp 240dpi lrg long hdr port finger -keyb/v/h -nav/h winConfig={ mBounds=Rect(0, 0 - 1020, 2380) mAppBounds=Rect(0, 0 - 1020, 2308) mMaxBounds=Rect(0, 0 - 1020, 2380) mWindowingMode=fullscreen mDisplayWindowingMode=fullscreen mActivityType=undefined mAlwaysOnTop=undefined mRotation=ROTATION_270} s.15 fontWeightAdjustment=0}
08-23 18:05:49.060 1082 1185 D CompatibilityChangeReporter: Compat change id reported: 174042980; UID 10067; state: DISABLED
08-23 18:05:49.061 1082 1185 D CompatibilityChangeReporter: Compat change id reported: 184838306; UID 10067; state: DISABLED
08-23 18:05:49.062 1082 1185 D CompatibilityChangeReporter: Compat change id reported: 185004937; UID 10067; state: DISABLED
08-23 18:05:49.094 1082 1184 I DropBoxManagerService: add tag=system_app_strictmode isTagEnabled=true flags=0x2
08-23 18:05:49.111 1082 1184 I DropBoxManagerService: add tag=system_app_strictmode isTagEnabled=true flags=0x2
08-23 18:05:49.116 1082 1184 I DropBoxManagerService: add tag=system_app_strictmode isTagEnabled=true flags=0x2
08-23 18:05:49.121 1082 1184 I DropBoxManagerService: add tag=system_app_strictmode isTagEnabled=true flags=0x2
08-23 18:05:49.126 1082 1184 I DropBoxManagerService: add tag=system_app_strictmode isTagEnabled=true flags=0x2
08-23 18:05:49.138 1082 1184 I DropBoxManagerService: add tag=system_app_strictmode isTagEnabled=true flags=0x2
08-23 18:05:49.158 1082 1184 I DropBoxManagerService: add tag=system_app_strictmode isTagEnabled=true flags=0x2
08-23 18:05:49.170 1082 1184 I DropBoxManagerService: add tag=system_app_strictmode isTagEnabled=true flags=0x2
08-23 18:05:49.177 1082 1184 I DropBoxManagerService: add tag=system_app_strictmode isTagEnabled=true flags=0x2
08-23 18:05:49.188 1082 1184 I DropBoxManagerService: add tag=system_app_strictmode isTagEnabled=true flags=0x2
08-23 18:05:49.191 1082 1184 I DropBoxManagerService: add tag=system_app_strictmode isTagEnabled=true flags=0x2
08-23 18:05:49.286 1082 1184 I DropBoxManagerService: add tag=system_app_strictmode isTagEnabled=true flags=0x2
08-23 18:05:49.304 1082 1184 I DropBoxManagerService: add tag=system_app_strictmode isTagEnabled=true flags=0x2
08-23 18:05:49.311 1082 1184 I DropBoxManagerService: add tag=system_app_strictmode isTagEnabled=true flags=0x2
08-23 18:05:49.316 1082 1184 I DropBoxManagerService: add tag=system_app_strictmode isTagEnabled=true flags=0x2
08-23 18:05:49.325 1082 1184 I DropBoxManagerService: add tag=system_app_strictmode isTagEnabled=true flags=0x2
08-23 18:05:49.331 1082 1184 I DropBoxManagerService: add tag=system_app_strictmode isTagEnabled=true flags=0x2
08-23 18:05:49.336 1082 1184 I DropBoxManagerService: add tag=system_app_strictmode isTagEnabled=true flags=0x2
08-23 18:05:49.343 1082 1184 I DropBoxManagerService: add tag=system_app_strictmode isTagEnabled=true flags=0x2
08-23 18:05:49.350 1082 1184 I DropBoxManagerService: add tag=system_app_strictmode isTagEnabled=true flags=0x2
08-23 18:05:49.353 1082 1184 I DropBoxManagerService: add tag=system_app_strictmode isTagEnabled=true flags=0x2
08-23 18:05:49.364 1082 1184 I DropBoxManagerService: add tag=system_app_strictmode isTagEnabled=true flags=0x2
08-23 18:05:49.407 1082 1184 I DropBoxManagerService: add tag=system_app_strictmode isTagEnabled=true flags=0x2
08-23 18:05:49.418 1082 1184 I DropBoxManagerService: add tag=system_app_strictmode isTagEnabled=true flags=0x2
08-23 18:05:49.428 1082 1184 I DropBoxManagerService: add tag=system_app_strictmode isTagEnabled=true flags=0x2
08-23 18:05:49.448 1082 1184 I DropBoxManagerService: add tag=system_app_strictmode isTagEnabled=true flags=0x2
08-23 18:05:49.451 1082 1184 I DropBoxManagerService: add tag=system_app_strictmode isTagEnabled=true flags=0x2
08-23 18:05:49.459 1082 1184 I DropBoxManagerService: add tag=system_app_strictmode isTagEnabled=true flags=0x2
08-23 18:05:49.463 1082 1184 I DropBoxManagerService: add tag=system_app_strictmode isTagEnabled=true flags=0x2
08-23 18:05:49.474 1082 1184 I DropBoxManagerService: add tag=system_app_strictmode isTagEnabled=true flags=0x2
08-23 18:05:49.479 1082 1184 I DropBoxManagerService: add tag=system_app_strictmode isTagEnabled=true flags=0x2
08-23 18:05:49.485 1082 1184 I DropBoxManagerService: add tag=system_app_strictmode isTagEnabled=true flags=0x2
08-23 18:05:49.491 1082 1184 I DropBoxManagerService: add tag=system_app_strictmode isTagEnabled=true flags=0x2
08-23 18:05:49.494 1082 1184 I DropBoxManagerService: add tag=system_app_strictmode isTagEnabled=true flags=0x2
08-23 18:05:49.500 1082 1184 I DropBoxManagerService: add tag=system_app_strictmode isTagEnabled=true flags=0x2
08-23 18:05:49.507 1082 1184 I DropBoxManagerService: add tag=system_app_strictmode isTagEnabled=true flags=0x2
08-23 18:05:50.651 1082 8337 D CompatibilityChangeReporter: Compat change id reported: 135634846; UID 10103; state: DISABLED
08-23 18:05:50.652 1082 1210 D CompatibilityChangeReporter: Compat change id reported: 143937733; UID 10103; state: ENABLED
08-23 18:05:50.690 1082 1210 I ActivityManager: Start proc 6470:com.android.webview:sandboxed_process0:org.chromium.content.app.SandboxedProcessService0:0/u0ai9000 for {com.antutu.ABenchMark/org.chromium.content.app.SandboxedProcessService0:0}
08-23 18:05:50.806 1889 2101 D StartingSurfaceDrawer: Task start finish, remove starting surface for task 61
08-23 18:05:50.806 1889 2101 V StartingSurfaceDrawer: Removing splash screen window for task: 61
08-23 18:05:50.820 1082 2006 W WindowManager: Failed looking up window session=Session{6668609 5601:u0a10103} callers=com.android.server.wm.WindowManagerService.windowForClientLocked:5626 com.android.server.wm.Session.insetsModified:629 android.view.IWindowSession$Stub.onTransact:1151
08-23 18:05:51.948 1082 2802 E TaskPersister: File error accessing recents directory (directory doesn't exist?).
08-23 18:05:52.621 1082 8337 W ActivityManager: Unable to start service Intent { act=action.com.heytap.openid.OPEN_ID_SERVICE cmp=com.heytap.openid/.IdentifyService } U=0: not found
08-23 18:05:52.835 1082 7206 I ActivityManager: Killing 6470:com.android.webview:sandboxed_process0:org.chromium.content.app.SandboxedProcessService0:0/u0a103i0 (adj 0): isolated not needed
08-23 18:05:53.091 1082 1221 E KernelCpuSpeedReader: Failed to read cpu-freq: /sys/devices/system/cpu/cpu4/cpufreq/stats/time_in_state: open failed: ENOENT (No such file or directory)
08-23 18:05:53.091 1082 1221 E KernelCpuSpeedReader: Failed to read cpu-freq: /sys/devices/system/cpu/cpu0/cpufreq/stats/time_in_state: open failed: ENOENT (No such file or directory)
08-23 18:05:53.092 1082 1221 D KernelCpuUidUserSysTimeReader: Removing uids 1037-1037
08-23 18:05:53.093 1082 1221 D KernelCpuUidUserSysTimeReader: Removing uids 1037-1037
08-23 18:05:53.641 1273 5585 I iorapd : Perfetto TraceBuffer saved to file: /data/misc/iorapd/com.antutu.ABenchMark/90403000/com.example.ABenchMark.ABenchMarkStart/raw_traces/1661277953632698016.perfetto_trace.pb
08-23 18:06:01.594 1082 7214 I ActivityTaskManager: START u0 {cmp=com.antutu.ABenchMark/com.example.benchmark.ui.home.activity.MainActivity} from uid 10103
08-23 18:06:01.644 1082 9491 I ActivityTaskManager: The Process com.antutu.ABenchMark Already Exists in BG. So sending its PID: 5601
08-23 18:06:01.645 1082 9491 W ActivityTaskManager: Tried to set launchTime (0) < mLastActivityLaunchTime (1424734)
08-23 18:06:01.699 1082 9491 I ActivityTaskManager: Config changes=20000400 {1.0 ?mcc?mnc [zh_CN] ldltr sw680dp w680dp h1546dp 240dpi lrg long hdr port finger -keyb/v/h -nav/h winConfig={ mBounds=Rect(0, 0 - 1020, 2380) mAppBounds=Rect(0, 0 - 1020, 2356) mMaxBounds=Rect(0, 0 - 1020, 2380) mWindowingMode=fullscreen mDisplayWindowingMode=fullscreen mActivityType=undefined mAlwaysOnTop=undefined mRotation=ROTATION_270} s.46 fontWeightAdjustment=0}
08-23 18:06:01.703 1082 9491 W ActivityTaskManager: Current config: {1.0 ?mcc?mnc [zh_CN] ldltr sw680dp w680dp h1514dp 240dpi lrg long hdr port finger -keyb/v/h -nav/h winConfig={ mBounds=Rect(0, 0 - 1020, 2380) mAppBounds=Rect(0, 0 - 1020, 2308) mMaxBounds=Rect(0, 0 - 1020, 2380) mWindowingMode=fullscreen mDisplayWindowingMode=fullscreen mActivityType=undefined mAlwaysOnTop=undefined mRotation=ROTATION_270} s.46 fontWeightAdjustment=0} unchanged for IME proc com.android.inputmethod.latin
08-23 18:06:01.707 1082 9491 I WindowManager: Override config changes=20000400 {1.0 ?mcc?mnc [zh_CN] ldltr sw680dp w680dp h1546dp 240dpi lrg long hdr port finger -keyb/v/h -nav/h winConfig={ mBounds=Rect(0, 0 - 1020, 2380) mAppBounds=Rect(0, 0 - 1020, 2356) mMaxBounds=Rect(0, 0 - 1020, 2380) mWindowingMode=fullscreen mDisplayWindowingMode=fullscreen mActivityType=undefined mAlwaysOnTop=undefined mRotation=ROTATION_270} s.46 fontWeightAdjustment=0} for displayId=0
08-23 18:06:01.708 1082 9491 V ActivityTaskManager: Sending to IME proc com.android.inputmethod.latin new config {1.0 ?mcc?mnc [zh_CN] ldltr sw680dp w680dp h1546dp 240dpi lrg long hdr port finger -keyb/v/h -nav/h winConfig={ mBounds=Rect(0, 0 - 1020, 2380) mAppBounds=Rect(0, 0 - 1020, 2356) mMaxBounds=Rect(0, 0 - 1020, 2380) mWindowingMode=fullscreen mDisplayWindowingMode=fullscreen mActivityType=undefined mAlwaysOnTop=undefined mRotation=ROTATION_270} s.46 fontWeightAdjustment=0}
08-23 18:06:01.751 1082 1184 I DropBoxManagerService: add tag=system_app_strictmode isTagEnabled=true flags=0x2
08-23 18:06:01.772 1082 1184 I DropBoxManagerService: add tag=system_app_strictmode isTagEnabled=true flags=0x2
08-23 18:06:01.781 1082 1184 I DropBoxManagerService: add tag=system_app_strictmode isTagEnabled=true flags=0x2
08-23 18:06:01.789 1082 1184 I DropBoxManagerService: add tag=system_app_strictmode isTagEnabled=true flags=0x2
08-23 18:06:01.799 1082 1184 I DropBoxManagerService: add tag=system_app_strictmode isTagEnabled=true flags=0x2
08-23 18:06:01.822 1082 1184 I DropBoxManagerService: add tag=system_app_strictmode isTagEnabled=true flags=0x2
08-23 18:06:01.835 1082 1184 I DropBoxManagerService: add tag=system_app_strictmode isTagEnabled=true flags=0x2
08-23 18:06:01.846 1082 1184 I DropBoxManagerService: add tag=system_app_strictmode isTagEnabled=true flags=0x2
08-23 18:06:01.851 1082 1184 I DropBoxManagerService: add tag=system_app_strictmode isTagEnabled=true flags=0x2
08-23 18:06:01.858 1082 1184 I DropBoxManagerService: add tag=system_app_strictmode isTagEnabled=true flags=0x2
08-23 18:06:01.863 1082 1184 I DropBoxManagerService: add tag=system_app_strictmode isTagEnabled=true flags=0x2
08-23 18:06:01.902 1082 1184 I DropBoxManagerService: add tag=system_app_strictmode isTagEnabled=true flags=0x2
08-23 18:06:01.910 1082 1184 I DropBoxManagerService: add tag=system_app_strictmode isTagEnabled=true flags=0x2
08-23 18:06:01.922 1082 1184 I DropBoxManagerService: add tag=system_app_strictmode isTagEnabled=true flags=0x2
08-23 18:06:01.926 1082 1184 I DropBoxManagerService: add tag=system_app_strictmode isTagEnabled=true flags=0x2
08-23 18:06:01.938 1082 1184 I DropBoxManagerService: add tag=system_app_strictmode isTagEnabled=true flags=0x2
08-23 18:06:01.944 1082 1184 I DropBoxManagerService: add tag=system_app_strictmode isTagEnabled=true flags=0x2
08-23 18:06:01.965 1082 1184 I DropBoxManagerService: add tag=system_app_strictmode isTagEnabled=true flags=0x2
08-23 18:06:01.966 1082 1184 I DropBoxManagerService: add tag=system_app_strictmode isTagEnabled=true flags=0x2
08-23 18:06:01.967 1082 1184 I DropBoxManagerService: add tag=system_app_strictmode isTagEnabled=true flags=0x2
08-23 18:06:01.968 1082 1184 I DropBoxManagerService: add tag=system_app_strictmode isTagEnabled=true flags=0x2
08-23 18:06:01.973 1082 1184 I DropBoxManagerService: add tag=system_app_strictmode isTagEnabled=true flags=0x2
08-23 18:06:02.061 1082 1184 I DropBoxManagerService: add tag=system_app_strictmode isTagEnabled=true flags=0x2
08-23 18:06:02.071 1082 1184 I DropBoxManagerService: add tag=system_app_strictmode isTagEnabled=true flags=0x2
08-23 18:06:02.084 1082 1184 I DropBoxManagerService: add tag=system_app_strictmode isTagEnabled=true flags=0x2
08-23 18:06:02.096 1082 1184 I DropBoxManagerService: add tag=system_app_strictmode isTagEnabled=true flags=0x2
08-23 18:06:02.114 1082 1184 I DropBoxManagerService: add tag=system_app_strictmode isTagEnabled=true flags=0x2
08-23 18:06:02.122 1082 1184 I DropBoxManagerService: add tag=system_app_strictmode isTagEnabled=true flags=0x2
08-23 18:06:02.145 1082 1184 I DropBoxManagerService: add tag=system_app_strictmode isTagEnabled=true flags=0x2
08-23 18:06:02.154 1082 1184 I DropBoxManagerService: add tag=system_app_strictmode isTagEnabled=true flags=0x2
08-23 18:06:02.164 1082 1184 I DropBoxManagerService: add tag=system_app_strictmode isTagEnabled=true flags=0x2
08-23 18:06:02.174 1082 1184 I DropBoxManagerService: add tag=system_app_strictmode isTagEnabled=true flags=0x2
08-23 18:06:02.180 1082 1186 I WindowManager: Screen frozen for +529ms due to Window{b68d84 u0 com.antutu.ABenchMark/com.example.benchmark.ui.home.activity.MainActivity}
08-23 18:06:02.190 1082 1184 I DropBoxManagerService: add tag=system_app_strictmode isTagEnabled=true flags=0x2
08-23 18:06:02.208 1082 1184 I DropBoxManagerService: add tag=system_app_strictmode isTagEnabled=true flags=0x2
08-23 18:06:02.216 1082 1184 I DropBoxManagerService: add tag=system_app_strictmode isTagEnabled=true flags=0x2
08-23 18:06:02.220 1082 1184 I DropBoxManagerService: add tag=system_app_strictmode isTagEnabled=true flags=0x2
08-23 18:06:02.682 1082 1864 W ActivityManager: Unable to start service Intent { act=action.com.heytap.openid.OPEN_ID_SERVICE cmp=com.heytap.openid/.IdentifyService } U=0: not found
08-23 18:06:02.962 1082 1185 I ActivityManager: PendingStartActivityUids startActivity to updateOomAdj delay:1251ms, uid:10103
08-23 18:06:05.130 1082 2802 E TaskPersister: File error accessing recents directory (directory doesn't exist?).
08-23 18:06:05.970 1082 9491 I ActivityTaskManager: START u0 {cmp=com.antutu.ABenchMark/com.example.benchmark.ui.testscreen.activity.MultiTouchActivity} from uid 10103
08-23 18:06:05.994 1082 9491 I ActivityTaskManager: The Process com.antutu.ABenchMark Already Exists in BG. So sending its PID: 5601
08-23 18:06:05.996 1082 9491 W ActivityTaskManager: Tried to set launchTime (0) < mLastActivityLaunchTime (1437901)
08-23 18:06:06.051 1082 2006 W WindowManager: Failed looking up window session=Session{6668609 5601:u0a10103} callers=com.android.server.wm.WindowManagerService.windowForClientLocked:5626 com.android.server.wm.Session.insetsModified:629 android.view.IWindowSession$Stub.onTransact:1151
08-23 18:06:08.992 1082 2802 E TaskPersister: File error accessing recents directory (directory doesn't exist?).
08-23 18:06:19.623 1082 1184 I DropBoxManagerService: add tag=system_app_strictmode isTagEnabled=true flags=0x2
08-23 18:06:19.654 1082 1182 D AutofillManagerService: Close system dialogs
08-23 18:06:21.193 1082 2006 D CompatibilityChangeReporter: Compat change id reported: 168419799; UID 10067; state: DISABLED
08-23 18:06:21.210 1889 2101 D PhoneStartingWindowTypeAlgorithm: preferredStartingWindowType newTask:false taskSwitch:true processRunning:true allowTaskSnapshot:true activityCreated:true useEmptySplashScreen:false legacySplashScreen:false topIsHome:false
08-23 18:06:21.210 1889 2101 D PhoneStartingWindowTypeAlgorithm: isSnapshotCompatible rotation 0 snapshot 0
08-23 18:06:21.215 1082 1185 I ActivityManager: PendingStartActivityUids startActivity to updateOomAdj delay:1582ms, uid:10087
08-23 18:06:21.388 1889 2101 D StartingSurfaceDrawer: Task start finish, remove starting surface for task 59
08-23 18:06:21.697 1082 1185 I ActivityTaskManager: Config changes=20000480 {1.0 ?mcc?mnc [zh_CN] ldltr sw680dp w1586dp h640dp 240dpi lrg long hdr land finger -keyb/v/h -nav/h winConfig={ mBounds=Rect(0, 0 - 2380, 1020) mAppBounds=Rect(0, 0 - 2380, 996) mMaxBounds=Rect(0, 0 - 2380, 1020) mWindowingMode=fullscreen mDisplayWindowingMode=fullscreen mActivityType=undefined mAlwaysOnTop=undefined mRotation=ROTATION_0} s.80 fontWeightAdjustment=0}
08-23 18:06:21.705 1082 1185 W ActivityTaskManager: Current config: {1.0 ?mcc?mnc [zh_CN] ldltr sw680dp w680dp h1546dp 240dpi lrg long hdr port finger -keyb/v/h -nav/h winConfig={ mBounds=Rect(0, 0 - 1020, 2380) mAppBounds=Rect(0, 0 - 1020, 2356) mMaxBounds=Rect(0, 0 - 1020, 2380) mWindowingMode=fullscreen mDisplayWindowingMode=fullscreen mActivityType=undefined mAlwaysOnTop=undefined mRotation=ROTATION_270} s.80 fontWeightAdjustment=0} unchanged for IME proc com.android.inputmethod.latin
08-23 18:06:21.710 1082 1185 I WindowManager: Override config changes=20000480 {1.0 ?mcc?mnc [zh_CN] ldltr sw680dp w1586dp h640dp 240dpi lrg long hdr land finger -keyb/v/h -nav/h winConfig={ mBounds=Rect(0, 0 - 2380, 1020) mAppBounds=Rect(0, 0 - 2380, 996) mMaxBounds=Rect(0, 0 - 2380, 1020) mWindowingMode=fullscreen mDisplayWindowingMode=fullscreen mActivityType=undefined mAlwaysOnTop=undefined mRotation=ROTATION_0} s.80 fontWeightAdjustment=0} for displayId=0
08-23 18:06:21.711 1082 1185 V ActivityTaskManager: Sending to IME proc com.android.inputmethod.latin new config {1.0 ?mcc?mnc [zh_CN] ldltr sw680dp w1586dp h640dp 240dpi lrg long hdr land finger -keyb/v/h -nav/h winConfig={ mBounds=Rect(0, 0 - 2380, 1020) mAppBounds=Rect(0, 0 - 2380, 996) mMaxBounds=Rect(0, 0 - 2380, 1020) mWindowingMode=fullscreen mDisplayWindowingMode=fullscreen mActivityType=undefined mAlwaysOnTop=undefined mRotation=ROTATION_0} s.80 fontWeightAdjustment=0}
08-23 18:06:21.740 1082 1184 I DropBoxManagerService: add tag=system_app_strictmode isTagEnabled=true flags=0x2
08-23 18:06:21.746 1082 1200 W UsageStatsService: Unexpected activity event reported! (com.android.launcher3/com.android.launcher3.uioverrides.QuickstepLauncher event : 23 instanceId : 196539261)
08-23 18:06:21.754 1082 1184 I DropBoxManagerService: add tag=system_app_strictmode isTagEnabled=true flags=0x2
08-23 18:06:21.758 1082 1184 I DropBoxManagerService: add tag=system_app_strictmode isTagEnabled=true flags=0x2
08-23 18:06:21.779 1082 1184 I DropBoxManagerService: add tag=system_app_strictmode isTagEnabled=true flags=0x2
08-23 18:06:21.794 1082 1184 I DropBoxManagerService: add tag=system_app_strictmode isTagEnabled=true flags=0x2
08-23 18:06:21.801 1082 1184 I DropBoxManagerService: add tag=system_app_strictmode isTagEnabled=true flags=0x2
08-23 18:06:21.815 1082 1184 I DropBoxManagerService: add tag=system_app_strictmode isTagEnabled=true flags=0x2
08-23 18:06:21.831 1082 1184 I DropBoxManagerService: add tag=system_app_strictmode isTagEnabled=true flags=0x2
08-23 18:06:21.838 1082 1184 I DropBoxManagerService: add tag=system_app_strictmode isTagEnabled=true flags=0x2
08-23 18:06:21.844 1082 1184 I DropBoxManagerService: add tag=system_app_strictmode isTagEnabled=true flags=0x2
08-23 18:06:21.851 1082 1184 I DropBoxManagerService: add tag=system_app_strictmode isTagEnabled=true flags=0x2
08-23 18:06:21.935 1082 1184 I DropBoxManagerService: add tag=system_app_strictmode isTagEnabled=true flags=0x2
08-23 18:06:21.959 1082 1184 I DropBoxManagerService: add tag=system_app_strictmode isTagEnabled=true flags=0x2
08-23 18:06:21.978 1082 1184 I DropBoxManagerService: add tag=system_app_strictmode isTagEnabled=true flags=0x2
08-23 18:06:21.986 1082 1184 I DropBoxManagerService: add tag=system_app_strictmode isTagEnabled=true flags=0x2
08-23 18:06:21.992 1082 1184 I DropBoxManagerService: add tag=system_app_strictmode isTagEnabled=true flags=0x2
08-23 18:06:22.002 1082 1184 I DropBoxManagerService: add tag=system_app_strictmode isTagEnabled=true flags=0x2
08-23 18:06:22.009 1082 1184 I DropBoxManagerService: add tag=system_app_strictmode isTagEnabled=true flags=0x2
08-23 18:06:22.021 1082 1184 I DropBoxManagerService: add tag=system_app_strictmode isTagEnabled=true flags=0x2
08-23 18:06:22.027 1082 1184 I DropBoxManagerService: add tag=system_app_strictmode isTagEnabled=true flags=0x2
08-23 18:06:22.034 1082 1184 I DropBoxManagerService: add tag=system_app_strictmode isTagEnabled=true flags=0x2
08-23 18:06:22.045 1082 1184 I DropBoxManagerService: add tag=system_app_strictmode isTagEnabled=true flags=0x2
08-23 18:06:22.111 1082 1184 I DropBoxManagerService: add tag=system_app_strictmode isTagEnabled=true flags=0x2
08-23 18:06:22.117 1082 1184 I DropBoxManagerService: add tag=system_app_strictmode isTagEnabled=true flags=0x2
08-23 18:06:22.130 1082 1184 I DropBoxManagerService: add tag=system_app_strictmode isTagEnabled=true flags=0x2
08-23 18:06:22.138 1082 1184 I DropBoxManagerService: add tag=system_app_strictmode isTagEnabled=true flags=0x2
08-23 18:06:22.144 1082 1184 I DropBoxManagerService: add tag=system_app_strictmode isTagEnabled=true flags=0x2
08-23 18:06:22.154 1082 1184 I DropBoxManagerService: add tag=system_app_strictmode isTagEnabled=true flags=0x2
08-23 18:06:22.164 1082 1184 I DropBoxManagerService: add tag=system_app_strictmode isTagEnabled=true flags=0x2
08-23 18:06:22.170 1082 1184 I DropBoxManagerService: add tag=system_app_strictmode isTagEnabled=true flags=0x2
08-23 18:06:22.179 1082 1184 I DropBoxManagerService: add tag=system_app_strictmode isTagEnabled=true flags=0x2
08-23 18:06:22.187 1082 1184 I DropBoxManagerService: add tag=system_app_strictmode isTagEnabled=true flags=0x2
08-23 18:06:22.195 1082 1184 I DropBoxManagerService: add tag=system_app_strictmode isTagEnabled=true flags=0x2
08-23 18:06:22.202 1082 1184 I DropBoxManagerService: add tag=system_app_strictmode isTagEnabled=true flags=0x2
08-23 18:06:22.211 1082 1184 I DropBoxManagerService: add tag=system_app_strictmode isTagEnabled=true flags=0x2
08-23 18:06:22.214 1082 1184 I DropBoxManagerService: add tag=system_app_strictmode isTagEnabled=true flags=0x2
08-23 18:06:24.236 1082 2802 E TaskPersister: File error accessing recents directory (directory doesn't exist?).
08-23 18:06:41.717 1082 1184 I DropBoxManagerService: add tag=system_server_strictmode isTagEnabled=true flags=0x2
08-23 18:06:47.040 1082 1671 D ActivityManager: freezing 2321 com.android.settings
08-23 18:06:47.049 1082 1671 E ActivityManager: Unable to freeze binder for 2321 com.android.settings
08-23 18:06:47.052 1082 1671 D ActivityManager: froze 2321 com.android.settings
08-23 18:06:47.063 1082 1671 E ActivityManager: Unable to freeze binder for 2321 com.android.settings
08-23 18:06:47.064 1082 1671 I ActivityManager: Killing 2321:com.android.settings/1000 (adj 900): Unable to freeze binder interface
08-23 18:06:47.325 1082 1126 I WindowManager: WIN DEATH: Window{8cab8aa u0 com.android.settings/com.android.settings.Settings}
08-23 18:06:47.330 1082 1125 I WindowManager: WIN DEATH: Window{e2cb546 u0 com.android.settings/com.android.settings.SubSettings}
08-23 18:06:47.338 1082 1185 W ActivityManager: setHasOverlayUi called on unknown pid: 2321
08-23 18:06:47.338 1082 1200 W UsageStatsService: Unexpected activity event reported! (com.android.settings/com.android.settings.SubSettings event : 23 instanceId : 235859038)
08-23 18:06:47.338 1082 1200 W UsageStatsService: Unexpected activity event reported! (com.android.settings/com.android.settings.homepage.SettingsHomepageActivity event : 23 instanceId : 225725855)
08-23 18:07:21.678 1082 1209 W ActivityManager: Stopping service due to app idle: u0a103 -1m28s868ms com.antutu.ABenchMark/com.qq.e.comm.DownloadService
08-23 18:07:21.755 1082 1235 V DisplayPowerController[0]: Brightness [0.05] reason changing to: 'manual [ dim ]', previous reason: 'manual'.
08-23 18:07:21.756 1082 1235 W PowerManagerService: Screen on took 99040 ms
08-23 18:07:21.769 1082 1868 E DisplayDeviceConfig: requesting nits when no mapping exists.
08-23 18:07:21.770 1082 1868 E DisplayDeviceConfig: requesting nits when no mapping exists.
08-23 18:07:21.773 1082 1209 I DropBoxManagerService: add tag=system_server_wtf isTagEnabled=true flags=0x2
08-23 18:07:21.783 1082 1209 I DropBoxManagerService: add tag=system_server_wtf isTagEnabled=true flags=0x2
08-23 18:07:21.786 1082 1868 E DisplayDeviceConfig: requesting nits when no mapping exists.
08-23 18:07:21.786 1082 1868 E DisplayDeviceConfig: requesting nits when no mapping exists.
08-23 18:07:21.792 1082 1209 I DropBoxManagerService: add tag=system_server_wtf isTagEnabled=true flags=0x2
08-23 18:07:21.796 1082 1209 I DropBoxManagerService: add tag=system_server_wtf isTagEnabled=true flags=0x2
08-23 18:07:21.803 1082 1868 E DisplayDeviceConfig: requesting nits when no mapping exists.
08-23 18:07:21.804 1082 1868 E DisplayDeviceConfig: requesting nits when no mapping exists.
08-23 18:07:21.805 1082 1209 I DropBoxManagerService: add tag=system_server_wtf isTagEnabled=true flags=0x2
08-23 18:07:21.820 1082 1868 E DisplayDeviceConfig: requesting nits when no mapping exists.
08-23 18:07:21.820 1082 1868 E DisplayDeviceConfig: requesting nits when no mapping exists.
08-23 18:07:21.836 1082 1868 E DisplayDeviceConfig: requesting nits when no mapping exists.
08-23 18:07:21.837 1082 1868 E DisplayDeviceConfig: requesting nits when no mapping exists.
08-23 18:07:21.853 1082 1868 E DisplayDeviceConfig: requesting nits when no mapping exists.
08-23 18:07:21.854 1082 1868 E DisplayDeviceConfig: requesting nits when no mapping exists.
08-23 18:07:21.869 1082 1868 E DisplayDeviceConfig: requesting nits when no mapping exists.
08-23 18:07:21.870 1082 1868 E DisplayDeviceConfig: requesting nits when no mapping exists.
08-23 18:07:21.887 1082 1868 E DisplayDeviceConfig: requesting nits when no mapping exists.
08-23 18:07:21.888 1082 1868 E DisplayDeviceConfig: requesting nits when no mapping exists.
08-23 18:07:21.906 1082 1868 E DisplayDeviceConfig: requesting nits when no mapping exists.
08-23 18:07:21.906 1082 1868 E DisplayDeviceConfig: requesting nits when no mapping exists.
08-23 18:07:21.920 1082 1868 E DisplayDeviceConfig: requesting nits when no mapping exists.
08-23 18:07:21.920 1082 1868 E DisplayDeviceConfig: requesting nits when no mapping exists.
08-23 18:07:21.937 1082 1868 E DisplayDeviceConfig: requesting nits when no mapping exists.
08-23 18:07:21.937 1082 1868 E DisplayDeviceConfig: requesting nits when no mapping exists.
08-23 18:07:21.956 1082 1868 E DisplayDeviceConfig: requesting nits when no mapping exists.
08-23 18:07:21.956 1082 1868 E DisplayDeviceConfig: requesting nits when no mapping exists.
08-23 18:07:21.971 1082 1868 E DisplayDeviceConfig: requesting nits when no mapping exists.
08-23 18:07:21.971 1082 1868 E DisplayDeviceConfig: requesting nits when no mapping exists.
08-23 18:07:21.989 1082 1868 E DisplayDeviceConfig: requesting nits when no mapping exists.
08-23 18:07:21.989 1082 1868 E DisplayDeviceConfig: requesting nits when no mapping exists.
08-23 18:07:22.003 1082 1868 E DisplayDeviceConfig: requesting nits when no mapping exists.
08-23 18:07:22.003 1082 1868 E DisplayDeviceConfig: requesting nits when no mapping exists.
08-23 18:07:22.020 1082 1868 E DisplayDeviceConfig: requesting nits when no mapping exists.
08-23 18:07:22.021 1082 1868 E DisplayDeviceConfig: requesting nits when no mapping exists.
08-23 18:07:22.037 1082 1868 E DisplayDeviceConfig: requesting nits when no mapping exists.
08-23 18:07:22.037 1082 1868 E DisplayDeviceConfig: requesting nits when no mapping exists.
08-23 18:07:22.055 1082 1868 E DisplayDeviceConfig: requesting nits when no mapping exists.
08-23 18:07:22.055 1082 1868 E DisplayDeviceConfig: requesting nits when no mapping exists.
08-23 18:07:22.070 1082 1868 E DisplayDeviceConfig: requesting nits when no mapping exists.
08-23 18:07:22.071 1082 1868 E DisplayDeviceConfig: requesting nits when no mapping exists.
08-23 18:07:22.087 1082 1868 E DisplayDeviceConfig: requesting nits when no mapping exists.
08-23 18:07:22.088 1082 1868 E DisplayDeviceConfig: requesting nits when no mapping exists.
08-23 18:07:22.104 1082 1868 E DisplayDeviceConfig: requesting nits when no mapping exists.
08-23 18:07:22.104 1082 1868 E DisplayDeviceConfig: requesting nits when no mapping exists.
08-23 18:07:22.120 1082 1868 E DisplayDeviceConfig: requesting nits when no mapping exists.
08-23 18:07:22.121 1082 1868 E DisplayDeviceConfig: requesting nits when no mapping exists.
08-23 18:07:22.139 1082 1868 E DisplayDeviceConfig: requesting nits when no mapping exists.
08-23 18:07:22.139 1082 1868 E DisplayDeviceConfig: requesting nits when no mapping exists.
08-23 18:07:22.154 1082 1868 E DisplayDeviceConfig: requesting nits when no mapping exists.
08-23 18:07:22.154 1082 1868 E DisplayDeviceConfig: requesting nits when no mapping exists.
08-23 18:07:22.172 1082 1868 E DisplayDeviceConfig: requesting nits when no mapping exists.
08-23 18:07:22.172 1082 1868 E DisplayDeviceConfig: requesting nits when no mapping exists.
08-23 18:07:22.188 1082 1868 E DisplayDeviceConfig: requesting nits when no mapping exists.
08-23 18:07:22.189 1082 1868 E DisplayDeviceConfig: requesting nits when no mapping exists.
08-23 18:07:22.204 1082 1868 E DisplayDeviceConfig: requesting nits when no mapping exists.
08-23 18:07:22.204 1082 1868 E DisplayDeviceConfig: requesting nits when no mapping exists.
08-23 18:07:22.223 1082 1868 E DisplayDeviceConfig: requesting nits when no mapping exists.
08-23 18:07:22.224 1082 1868 E DisplayDeviceConfig: requesting nits when no mapping exists.
08-23 18:07:22.238 1082 1868 E DisplayDeviceConfig: requesting nits when no mapping exists.
08-23 18:07:22.238 1082 1868 E DisplayDeviceConfig: requesting nits when no mapping exists.
08-23 18:07:22.254 1082 1868 E DisplayDeviceConfig: requesting nits when no mapping exists.
08-23 18:07:22.255 1082 1868 E DisplayDeviceConfig: requesting nits when no mapping exists.
08-23 18:07:28.746 1082 1235 I PowerManagerService: Napping display group (groupId=0, uid=1000)...
08-23 18:07:28.746 1082 1235 I PowerManagerService: Nap time (uid 1000)...
08-23 18:07:28.748 1082 1235 I DreamManagerService: Entering dreamland.
08-23 18:07:28.750 1082 1235 I PowerManagerService: Dreaming...
08-23 18:07:28.754 1082 1182 I DreamController: Starting dream: name=ComponentInfo{com.android.deskclock/com.android.deskclock.Screensaver}, isTest=false, canDoze=false, userId=0
08-23 18:07:28.759 1082 1182 D CompatibilityChangeReporter: Compat change id reported: 168419799; UID 10068; state: DISABLED
08-23 18:07:28.761 1082 1182 D AutofillManagerService: Close system dialogs
08-23 18:07:28.770 1082 1864 I ActivityTaskManager: START u0 {flg=0x10000000 pkg=com.android.deskclock cmp=com.android.deskclock/android.service.dreams.DreamActivity (has extras)} from uid 10068
08-23 18:07:28.783 1082 1864 W ActivityTaskManager: Can't find TaskDisplayArea to determine support for multi window. Task id=62 attached=false
08-23 18:07:28.795 1082 1864 V SplashScreenExceptionList: SplashScreen checking exception for package com.android.deskclock (target sdk:29) -> false
08-23 18:07:28.855 1082 1125 I ActivityTaskManager: The Process com.android.deskclock Already Exists in BG. So sending its PID: 22090
08-23 18:07:28.856 1082 1125 W ActivityTaskManager: Tried to set launchTime (0) < mLastActivityLaunchTime (882416)
08-23 18:07:28.885 1082 1864 W WindowManager: Failed looking up window session=Session{25dd50e 22090:u0a10068} callers=com.android.server.wm.WindowManagerService.windowForClientLocked:5626 com.android.server.wm.Session.insetsModified:629 android.view.IWindowSession$Stub.onTransact:1151
08-23 18:07:28.940 1082 1235 V DisplayPowerController[0]: Brightness [0.39763778] reason changing to: 'manual', previous reason: 'manual [ dim ]'.
08-23 18:07:28.953 1082 1868 E DisplayDeviceConfig: requesting nits when no mapping exists.
08-23 18:07:28.954 1082 1868 E DisplayDeviceConfig: requesting nits when no mapping exists.
08-23 18:07:28.970 1082 1868 E DisplayDeviceConfig: requesting nits when no mapping exists.
08-23 18:07:28.970 1082 1868 E DisplayDeviceConfig: requesting nits when no mapping exists.
08-23 18:07:28.987 1082 1868 E DisplayDeviceConfig: requesting nits when no mapping exists.
08-23 18:07:28.988 1082 1868 E DisplayDeviceConfig: requesting nits when no mapping exists.
08-23 18:07:29.004 1082 1868 E DisplayDeviceConfig: requesting nits when no mapping exists.
08-23 18:07:29.004 1082 1868 E DisplayDeviceConfig: requesting nits when no mapping exists.
08-23 18:07:29.020 1082 1868 E DisplayDeviceConfig: requesting nits when no mapping exists.
08-23 18:07:29.020 1082 1868 E DisplayDeviceConfig: requesting nits when no mapping exists.
08-23 18:07:29.039 1082 1868 E DisplayDeviceConfig: requesting nits when no mapping exists.
08-23 18:07:29.041 1082 1868 E DisplayDeviceConfig: requesting nits when no mapping exists.
08-23 18:07:29.057 1082 1868 E DisplayDeviceConfig: requesting nits when no mapping exists.
08-23 18:07:29.058 1082 1868 E DisplayDeviceConfig: requesting nits when no mapping exists.
08-23 18:07:29.071 1082 1868 E DisplayDeviceConfig: requesting nits when no mapping exists.
08-23 18:07:29.072 1082 1868 E DisplayDeviceConfig: requesting nits when no mapping exists.
08-23 18:07:29.089 1082 1868 E DisplayDeviceConfig: requesting nits when no mapping exists.
08-23 18:07:29.090 1082 1868 E DisplayDeviceConfig: requesting nits when no mapping exists.
08-23 18:07:29.104 1082 1868 E DisplayDeviceConfig: requesting nits when no mapping exists.
08-23 18:07:29.105 1082 1868 E DisplayDeviceConfig: requesting nits when no mapping exists.
08-23 18:07:29.122 1082 1868 E DisplayDeviceConfig: requesting nits when no mapping exists.
08-23 18:07:29.123 1082 1868 E DisplayDeviceConfig: requesting nits when no mapping exists.
08-23 18:07:29.138 1082 1868 E DisplayDeviceConfig: requesting nits when no mapping exists.
08-23 18:07:29.139 1082 1868 E DisplayDeviceConfig: requesting nits when no mapping exists.
08-23 18:07:29.154 1082 1868 E DisplayDeviceConfig: requesting nits when no mapping exists.
08-23 18:07:29.154 1082 1868 E DisplayDeviceConfig: requesting nits when no mapping exists.
08-23 18:07:29.171 1082 1868 E DisplayDeviceConfig: requesting nits when no mapping exists.
08-23 18:07:29.171 1082 1868 E DisplayDeviceConfig: requesting nits when no mapping exists.
08-23 18:07:29.190 1082 1868 E DisplayDeviceConfig: requesting nits when no mapping exists.
08-23 18:07:29.190 1082 1868 E DisplayDeviceConfig: requesting nits when no mapping exists.
08-23 18:07:29.204 1082 1868 E DisplayDeviceConfig: requesting nits when no mapping exists.
08-23 18:07:29.204 1082 1868 E DisplayDeviceConfig: requesting nits when no mapping exists.
08-23 18:07:29.222 1082 1868 E DisplayDeviceConfig: requesting nits when no mapping exists.
08-23 18:07:29.222 1082 1868 E DisplayDeviceConfig: requesting nits when no mapping exists.
08-23 18:07:29.238 1082 1868 E DisplayDeviceConfig: requesting nits when no mapping exists.
08-23 18:07:29.240 1082 1868 E DisplayDeviceConfig: requesting nits when no mapping exists.
08-23 18:07:29.255 1082 1868 E DisplayDeviceConfig: requesting nits when no mapping exists.
08-23 18:07:29.256 1082 1868 E DisplayDeviceConfig: requesting nits when no mapping exists.
08-23 18:07:29.272 1082 1868 E DisplayDeviceConfig: requesting nits when no mapping exists.
08-23 18:07:29.272 1082 1868 E DisplayDeviceConfig: requesting nits when no mapping exists.
08-23 18:07:29.288 1082 1868 E DisplayDeviceConfig: requesting nits when no mapping exists.
08-23 18:07:29.289 1082 1868 E DisplayDeviceConfig: requesting nits when no mapping exists.
08-23 18:07:29.312 1082 1868 E DisplayDeviceConfig: requesting nits when no mapping exists.
08-23 18:07:29.313 1082 1868 E DisplayDeviceConfig: requesting nits when no mapping exists.
08-23 18:07:29.321 1082 1868 E DisplayDeviceConfig: requesting nits when no mapping exists.
08-23 18:07:29.322 1082 1868 E DisplayDeviceConfig: requesting nits when no mapping exists.
08-23 18:07:29.340 1082 1868 E DisplayDeviceConfig: requesting nits when no mapping exists.
08-23 18:07:29.343 1082 1868 E DisplayDeviceConfig: requesting nits when no mapping exists.
08-23 18:07:29.354 1082 1868 E DisplayDeviceConfig: requesting nits when no mapping exists.
08-23 18:07:29.359 1082 1868 E DisplayDeviceConfig: requesting nits when no mapping exists.
08-23 18:07:29.374 1082 1868 E DisplayDeviceConfig: requesting nits when no mapping exists.
08-23 18:07:29.375 1082 1868 E DisplayDeviceConfig: requesting nits when no mapping exists.
08-23 18:07:29.388 1082 1868 E DisplayDeviceConfig: requesting nits when no mapping exists.
08-23 18:07:29.388 1082 1868 E DisplayDeviceConfig: requesting nits when no mapping exists.
08-23 18:07:29.405 1082 1868 E DisplayDeviceConfig: requesting nits when no mapping exists.
08-23 18:07:29.405 1082 1868 E DisplayDeviceConfig: requesting nits when no mapping exists.
08-23 18:07:29.421 1082 1868 E DisplayDeviceConfig: requesting nits when no mapping exists.
08-23 18:07:29.422 1082 1868 E DisplayDeviceConfig: requesting nits when no mapping exists.
08-23 18:07:29.442 1082 1868 E DisplayDeviceConfig: requesting nits when no mapping exists.
08-23 18:07:29.442 1082 1868 E DisplayDeviceConfig: requesting nits when no mapping exists.
08-23 18:07:55.011 1082 1125 D CompatibilityChangeReporter: Compat change id reported: 149924527; UID 2000; state: ENABLED
08-23 18:07:55.012 1082 1125 D CompatibilityChangeReporter: Compat change id reported: 132649864; UID 2000; state: DISABLED
08-23 18:08:05.881 1082 1209 W ProcessCpuTracker: Failed to stat(/proc/20122): android.system.ErrnoException: stat failed: ENOENT (No such file or directory)
08-23 18:08:05.881 1082 1209 W ProcessCpuTracker: Skipping unknown process pid 20122
08-23 18:08:05.882 1082 1209 W ProcessCpuTracker: Failed to stat(/proc/20131): android.system.ErrnoException: stat failed: ENOENT (No such file or directory)
08-23 18:08:05.882 1082 1209 W ProcessCpuTracker: Skipping unknown process pid 20131
08-23 18:11:03.215 1082 1125 I DreamManagerService: Gently waking up from dream.
08-23 18:11:03.216 1082 1182 I DreamManagerService: Performing gentle wake from dream.
08-23 18:11:03.309 1082 1235 I PowerManagerService: Powering on display group fromDreaming (groupId=0, uid=1000, reason=WAKE_REASON_UNKNOWN, details=android.server.power:DREAM_FINISHED)...
08-23 18:11:03.309 1082 1235 I PowerManagerService: Waking up from Dreaming (uid=1000, reason=WAKE_REASON_UNKNOWN, details=android.server.power:DREAM_FINISHED)...
08-23 18:11:03.875 1082 2067 I DreamManagerService: Leaving dreamland.
08-23 18:11:03.876 1082 1182 I DreamManagerService: Performing gentle wake from dream.
08-23 18:11:03.876 1082 1182 I DreamController: Stopping dream: name=ComponentInfo{com.android.deskclock/com.android.deskclock.Screensaver}, isTest=false, canDoze=false, userId=0, reason='finished self'(from 'finished self')
08-23 18:11:03.895 1082 1186 W ActivityTaskManager: Can't find TaskDisplayArea to determine support for multi window. Task id=62 attached=false
08-23 18:11:04.755 1082 1184 I DropBoxManagerService: add tag=system_app_strictmode isTagEnabled=true flags=0x2
08-23 18:11:04.783 1082 1182 D AutofillManagerService: Close system dialogs
08-23 18:11:05.435 1082 1200 W UsageStatsService: Unexpected activity event reported! (com.android.launcher3/com.android.launcher3.uioverrides.QuickstepLauncher event : 23 instanceId : 196539261)
08-23 18:11:05.890 1082 1184 I DropBoxManagerService: add tag=system_app_strictmode isTagEnabled=true flags=0x2
08-23 18:11:05.950 1082 1182 D AutofillManagerService: Close system dialogs
08-23 18:11:06.745 1082 2067 D CompatibilityChangeReporter: Compat change id reported: 157929241; UID 10088; state: LOGGED
08-23 18:11:07.671 1082 1185 D CompatibilityChangeReporter: Compat change id reported: 135634846; UID 1000; state: DISABLED
08-23 18:11:07.671 1082 1185 D CompatibilityChangeReporter: Compat change id reported: 177438394; UID 1000; state: DISABLED
08-23 18:11:07.671 1082 1185 D CompatibilityChangeReporter: Compat change id reported: 135772972; UID 1000; state: DISABLED
08-23 18:11:07.672 1082 1185 D CompatibilityChangeReporter: Compat change id reported: 135754954; UID 1000; state: ENABLED
08-23 18:11:07.675 1082 1185 I ActivityManager: PendingStartActivityUids startActivity to updateOomAdj delay:1775ms, uid:10087
08-23 18:11:07.711 1082 1210 I ActivityManager: Start proc 22070:com.android.settings/1000 for null
08-23 18:11:10.595 1082 2067 I ActivityTaskManager: START u0 {act=android.intent.action.MAIN cat=[android.intent.category.LAUNCHER] flg=0x10200000 cmp=com.android.settings/.Settings bnds=[36,466][335,779]} from uid 10087
08-23 18:11:10.614 1889 2101 D PhoneStartingWindowTypeAlgorithm: preferredStartingWindowType newTask:true taskSwitch:true processRunning:true allowTaskSnapshot:true activityCreated:false useEmptySplashScreen:false legacySplashScreen:false topIsHome:false
08-23 18:11:10.615 1889 2101 D StartingSurfaceDrawer: addSplashScreen com.android.settings theme=7f13033e task=57 suggestType=1
08-23 18:11:10.623 1889 2103 D StartingSurfaceDrawer: window attributes color: 0 icon null duration 0 brandImage null
08-23 18:11:10.626 1082 2854 I ActivityTaskManager: The Process com.android.settings Already Exists in BG. So sending its PID: 22070
08-23 18:11:10.631 1889 2103 D StartingSurfaceDrawer: FgMainColor=fff5f5f5 BgMainColor=ff00668b IsBgComplex=false FromCache=false ThemeColor=fff0f0f3
08-23 18:11:10.631 1889 2103 D StartingSurfaceDrawer: isRgbSimilarInHsv a: fff0f0f3 b ff00668b contrast ratio: 5.6404657
08-23 18:11:10.631 1889 2103 D StartingSurfaceDrawer: hsvDiff 44 ah 240.0 bh 195.97124 as 0.012345679 bs 1.0 av 0.9529412 bv 0.54509807 sqH 0.059753086581642245 sqS 0.975461072301087 sqV 0.16633600477712207 root 0.6328639041847389
