08-23 17:43:00.972 1082 1082 D SystemServerTiming: OnBootPhase_600_com.android.server.BatteryService took to complete: 0ms
08-23 17:43:00.972 1082 1082 I SystemServerTiming: OnBootPhase_600_com.android.server.usage.UsageStatsService
08-23 17:43:00.972 1082 1082 D SystemServerTiming: OnBootPhase_600_com.android.server.usage.UsageStatsService took to complete: 0ms
08-23 17:43:00.973 1082 1082 I SystemServerTiming: OnBootPhase_600_com.android.server.webkit.WebViewUpdateService
08-23 17:43:00.973 1082 1082 D SystemServerTiming: OnBootPhase_600_com.android.server.webkit.WebViewUpdateService took to complete: 0ms
08-23 17:43:00.973 1082 1082 I SystemServerTiming: OnBootPhase_600_com.android.server.CachedDeviceStateService
08-23 17:43:00.973 1082 1082 D SystemServerTiming: OnBootPhase_600_com.android.server.CachedDeviceStateService took to complete: 0ms
08-23 17:43:00.973 1082 1082 I SystemServerTiming: OnBootPhase_600_com.android.server.BinderCallsStatsService$LifeCycle
08-23 17:43:00.973 1082 1082 D SystemServerTiming: OnBootPhase_600_com.android.server.BinderCallsStatsService$LifeCycle took to complete: 0ms
08-23 17:43:00.973 1082 1082 I SystemServerTiming: OnBootPhase_600_com.android.server.LooperStatsService$Lifecycle
08-23 17:43:00.973 1082 1082 D SystemServerTiming: OnBootPhase_600_com.android.server.LooperStatsService$Lifecycle took to complete: 0ms
08-23 17:43:00.973 1082 1082 I SystemServerTiming: OnBootPhase_600_com.android.server.rollback.RollbackManagerService
08-23 17:43:00.973 1082 1082 D SystemServerTiming: OnBootPhase_600_com.android.server.rollback.RollbackManagerService took to complete: 0ms
08-23 17:43:00.973 1082 1082 I SystemServerTiming: OnBootPhase_600_com.android.server.os.NativeTombstoneManagerService
08-23 17:43:00.973 1082 1082 D SystemServerTiming: OnBootPhase_600_com.android.server.os.NativeTombstoneManagerService took to complete: 0ms
08-23 17:43:00.973 1082 1082 I SystemServerTiming: OnBootPhase_600_com.android.server.os.BugreportManagerService
08-23 17:43:00.973 1082 1082 D SystemServerTiming: OnBootPhase_600_com.android.server.os.BugreportManagerService took to complete: 0ms
08-23 17:43:00.973 1082 1082 I SystemServerTiming: OnBootPhase_600_com.android.server.gpu.GpuService
08-23 17:43:00.974 1082 1082 D SystemServerTiming: OnBootPhase_600_com.android.server.gpu.GpuService took to complete: 0ms
08-23 17:43:00.974 1082 1082 I SystemServerTiming: OnBootPhase_600_com.android.server.security.KeyChainSystemService
08-23 17:43:00.974 1082 1082 D SystemServerTiming: OnBootPhase_600_com.android.server.security.KeyChainSystemService took to complete: 0ms
08-23 17:43:00.974 1082 1082 I SystemServerTiming: OnBootPhase_600_com.android.server.telecom.TelecomLoaderService
08-23 17:43:00.974 1082 1082 D SystemServerTiming: OnBootPhase_600_com.android.server.telecom.TelecomLoaderService took to complete: 1ms
08-23 17:43:00.974 1082 1082 I SystemServerTiming: OnBootPhase_600_com.android.server.accounts.AccountManagerService$Lifecycle
08-23 17:43:00.974 1082 1082 D SystemServerTiming: OnBootPhase_600_com.android.server.accounts.AccountManagerService$Lifecycle took to complete: 0ms
08-23 17:43:00.974 1082 1082 I SystemServerTiming: OnBootPhase_600_com.android.server.content.ContentService$Lifecycle
08-23 17:43:00.974 1082 1082 D SystemServerTiming: OnBootPhase_600_com.android.server.content.ContentService$Lifecycle took to complete: 0ms
08-23 17:43:00.974 1082 1082 I SystemServerTiming: OnBootPhase_600_com.android.server.DropBoxManagerService
08-23 17:43:00.974 1082 1082 D SystemServerTiming: OnBootPhase_600_com.android.server.DropBoxManagerService took to complete: 0ms
08-23 17:43:00.974 1082 1082 I SystemServerTiming: OnBootPhase_600_com.android.role.RoleService
08-23 17:43:00.974 1082 1082 D SystemServerTiming: OnBootPhase_600_com.android.role.RoleService took to complete: 0ms
08-23 17:43:00.974 1082 1082 I SystemServerTiming: OnBootPhase_600_com.android.server.vibrator.VibratorManagerService$Lifecycle
08-23 17:43:00.974 1082 1082 D SystemServerTiming: OnBootPhase_600_com.android.server.vibrator.VibratorManagerService$Lifecycle took to complete: 0ms
08-23 17:43:00.974 1082 1082 I SystemServerTiming: OnBootPhase_600_com.android.server.alarm.AlarmManagerService
08-23 17:43:00.974 1082 1082 D SystemServerTiming: OnBootPhase_600_com.android.server.alarm.AlarmManagerService took to complete: 0ms
08-23 17:43:00.974 1082 1082 I SystemServerTiming: OnBootPhase_600_com.android.server.devicestate.DeviceStateManagerService
08-23 17:43:00.975 1082 1082 D SystemServerTiming: OnBootPhase_600_com.android.server.devicestate.DeviceStateManagerService took to complete: 0ms
08-23 17:43:00.975 1082 1082 I SystemServerTiming: OnBootPhase_600_com.android.server.camera.CameraServiceProxy
08-23 17:43:00.975 1082 1082 D SystemServerTiming: OnBootPhase_600_com.android.server.camera.CameraServiceProxy took to complete: 0ms
08-23 17:43:00.975 1082 1082 I SystemServerTiming: OnBootPhase_600_com.android.server.BluetoothService
08-23 17:43:00.975 1082 1082 D SystemServerTiming: OnBootPhase_600_com.android.server.BluetoothService took to complete: 0ms
08-23 17:43:00.975 1082 1082 I SystemServerTiming: OnBootPhase_600_com.android.server.connectivity.IpConnectivityMetrics
08-23 17:43:00.975 1082 1082 D SystemServerTiming: OnBootPhase_600_com.android.server.connectivity.IpConnectivityMetrics took to complete: 0ms
08-23 17:43:00.975 1082 1082 I SystemServerTiming: OnBootPhase_600_com.android.server.net.watchlist.NetworkWatchlistService$Lifecycle
08-23 17:43:00.975 1082 1082 D SystemServerTiming: OnBootPhase_600_com.android.server.net.watchlist.NetworkWatchlistService$Lifecycle took to complete: 0ms
08-23 17:43:00.975 1082 1082 I SystemServerTiming: OnBootPhase_600_com.android.server.PinnerService
08-23 17:43:00.975 1082 1082 D SystemServerTiming: OnBootPhase_600_com.android.server.PinnerService took to complete: 0ms
08-23 17:43:00.975 1082 1082 I SystemServerTiming: OnBootPhase_600_com.google.android.startop.iorap.IorapForwardingService
08-23 17:43:00.976 1082 1082 D SystemServerTiming: OnBootPhase_600_com.google.android.startop.iorap.IorapForwardingService took to complete: 0ms
08-23 17:43:00.976 1082 1082 I SystemServerTiming: OnBootPhase_600_com.android.server.ActivityTriggerService
08-23 17:43:00.976 1082 1082 D SystemServerTiming: OnBootPhase_600_com.android.server.ActivityTriggerService took to complete: 0ms
08-23 17:43:00.976 1082 1082 I SystemServerTiming: OnBootPhase_600_com.android.server.integrity.AppIntegrityManagerService
08-23 17:43:00.976 1082 1082 D SystemServerTiming: OnBootPhase_600_com.android.server.integrity.AppIntegrityManagerService took to complete: 0ms
08-23 17:43:00.976 1082 1082 I SystemServerTiming: OnBootPhase_600_com.android.server.inputmethod.InputMethodManagerService$Lifecycle
08-23 17:43:00.976 1082 1082 D SystemServerTiming: OnBootPhase_600_com.android.server.inputmethod.InputMethodManagerService$Lifecycle took to complete: 0ms
08-23 17:43:00.976 1082 1082 I SystemServerTiming: OnBootPhase_600_com.android.server.accessibility.AccessibilityManagerService$Lifecycle
08-23 17:43:00.976 1082 1082 D SystemServerTiming: OnBootPhase_600_com.android.server.accessibility.AccessibilityManagerService$Lifecycle took to complete: 0ms
08-23 17:43:00.976 1082 1082 I SystemServerTiming: OnBootPhase_600_com.android.server.StorageManagerService$Lifecycle
08-23 17:43:00.976 1082 1082 D SystemServerTiming: OnBootPhase_600_com.android.server.StorageManagerService$Lifecycle took to complete: 0ms
08-23 17:43:00.976 1082 1082 I SystemServerTiming: OnBootPhase_600_com.android.server.usage.StorageStatsService$Lifecycle
08-23 17:43:00.976 1082 1082 D SystemServerTiming: OnBootPhase_600_com.android.server.usage.StorageStatsService$Lifecycle took to complete: 0ms
08-23 17:43:00.976 1082 1082 I SystemServerTiming: OnBootPhase_600_com.android.server.UiModeManagerService
08-23 17:43:00.977 1082 1082 D SystemServerTiming: OnBootPhase_600_com.android.server.UiModeManagerService took to complete: 0ms
08-23 17:43:00.977 1082 1082 I SystemServerTiming: OnBootPhase_600_com.android.server.locksettings.LockSettingsService$Lifecycle
08-23 17:43:00.977 1082 1082 D SystemServerTiming: OnBootPhase_600_com.android.server.locksettings.LockSettingsService$Lifecycle took to complete: 0ms
08-23 17:43:00.977 1082 1082 I SystemServerTiming: OnBootPhase_600_com.android.server.PersistentDataBlockService
08-23 17:43:00.977 1082 1082 D SystemServerTiming: OnBootPhase_600_com.android.server.PersistentDataBlockService took to complete: 0ms
08-23 17:43:00.977 1082 1082 I SystemServerTiming: OnBootPhase_600_com.android.server.testharness.TestHarnessModeService
08-23 17:43:00.977 1082 1082 D SystemServerTiming: OnBootPhase_600_com.android.server.testharness.TestHarnessModeService took to complete: 0ms
08-23 17:43:00.977 1082 1082 I SystemServerTiming: OnBootPhase_600_com.android.server.oemlock.OemLockService
08-23 17:43:00.977 1082 1082 D SystemServerTiming: OnBootPhase_600_com.android.server.oemlock.OemLockService took to complete: 0ms
08-23 17:43:00.977 1082 1082 I SystemServerTiming: OnBootPhase_600_com.android.server.DeviceIdleController
08-23 17:43:00.977 1082 1082 D SystemServerTiming: OnBootPhase_600_com.android.server.DeviceIdleController took to complete: 0ms
08-23 17:43:00.977 1082 1082 I SystemServerTiming: OnBootPhase_600_com.android.server.devicepolicy.DevicePolicyManagerService$Lifecycle
08-23 17:43:00.977 1082 1082 D SystemServerTiming: OnBootPhase_600_com.android.server.devicepolicy.DevicePolicyManagerService$Lifecycle took to complete: 0ms
08-23 17:43:00.977 1082 1082 I SystemServerTiming: OnBootPhase_600_com.android.server.texttospeech.TextToSpeechManagerService
08-23 17:43:00.978 1082 1082 D SystemServerTiming: OnBootPhase_600_com.android.server.texttospeech.TextToSpeechManagerService took to complete: 0ms
08-23 17:43:00.978 1082 1082 I SystemServerTiming: OnBootPhase_600_com.android.server.speech.SpeechRecognitionManagerService
08-23 17:43:00.978 1082 1082 D SystemServerTiming: OnBootPhase_600_com.android.server.speech.SpeechRecognitionManagerService took to complete: 0ms
08-23 17:43:00.978 1082 1082 I SystemServerTiming: OnBootPhase_600_com.android.server.searchui.SearchUiManagerService
08-23 17:43:00.978 1082 1082 D SystemServerTiming: OnBootPhase_600_com.android.server.searchui.SearchUiManagerService took to complete: 0ms
08-23 17:43:00.978 1082 1082 I SystemServerTiming: OnBootPhase_600_com.android.server.smartspace.SmartspaceManagerService
08-23 17:43:00.978 1082 1082 D SystemServerTiming: OnBootPhase_600_com.android.server.smartspace.SmartspaceManagerService took to complete: 0ms
08-23 17:43:00.978 1082 1082 I SystemServerTiming: OnBootPhase_600_com.android.server.graphics.fonts.FontManagerService$Lifecycle
08-23 17:43:00.979 1082 1082 D SystemServerTiming: OnBootPhase_600_com.android.server.graphics.fonts.FontManagerService$Lifecycle took to complete: 0ms
08-23 17:43:00.979 1082 1082 I SystemServerTiming: OnBootPhase_600_com.android.server.textservices.TextServicesManagerService$Lifecycle
08-23 17:43:00.979 1082 1082 D SystemServerTiming: OnBootPhase_600_com.android.server.textservices.TextServicesManagerService$Lifecycle took to complete: 0ms
08-23 17:43:00.979 1082 1082 I SystemServerTiming: OnBootPhase_600_com.android.server.textclassifier.TextClassificationManagerService$Lifecycle
08-23 17:43:00.979 1082 1082 D SystemServerTiming: OnBootPhase_600_com.android.server.textclassifier.TextClassificationManagerService$Lifecycle took to complete: 0ms
08-23 17:43:00.979 1082 1082 I SystemServerTiming: OnBootPhase_600_com.android.server.NetworkScoreService$Lifecycle
08-23 17:43:00.979 1082 1082 D SystemServerTiming: OnBootPhase_600_com.android.server.NetworkScoreService$Lifecycle took to complete: 0ms
08-23 17:43:00.979 1082 1082 I SystemServerTiming: OnBootPhase_600_com.android.server.wifi.WifiService
08-23 17:43:00.979 1082 1082 D SystemServerTiming: OnBootPhase_600_com.android.server.wifi.WifiService took to complete: 0ms
08-23 17:43:00.979 1082 1082 I SystemServerTiming: OnBootPhase_600_com.android.server.wifi.scanner.WifiScanningService
08-23 17:43:00.979 1082 1082 D SystemServerTiming: OnBootPhase_600_com.android.server.wifi.scanner.WifiScanningService took to complete: 0ms
08-23 17:43:00.979 1082 1082 I SystemServerTiming: OnBootPhase_600_com.android.server.wifi.rtt.RttService
08-23 17:43:00.979 1082 1082 D SystemServerTiming: OnBootPhase_600_com.android.server.wifi.rtt.RttService took to complete: 0ms
08-23 17:43:00.979 1082 1082 I SystemServerTiming: OnBootPhase_600_com.android.server.wifi.aware.WifiAwareService
08-23 17:43:00.980 1082 1082 D SystemServerTiming: OnBootPhase_600_com.android.server.wifi.aware.WifiAwareService took to complete: 0ms
08-23 17:43:00.980 1082 1082 I SystemServerTiming: OnBootPhase_600_com.android.server.wifi.p2p.WifiP2pService
08-23 17:43:00.980 1082 1082 D SystemServerTiming: OnBootPhase_600_com.android.server.wifi.p2p.WifiP2pService took to complete: 0ms
08-23 17:43:00.980 1082 1082 I SystemServerTiming: OnBootPhase_600_com.android.server.ethernet.EthernetService
08-23 17:43:00.980 1082 1082 D SystemServerTiming: OnBootPhase_600_com.android.server.ethernet.EthernetService took to complete: 0ms
08-23 17:43:00.980 1082 1082 I SystemServerTiming: OnBootPhase_600_com.android.server.ConnectivityServiceInitializer
08-23 17:43:00.980 1082 1082 D SystemServerTiming: OnBootPhase_600_com.android.server.ConnectivityServiceInitializer took to complete: 0ms
08-23 17:43:00.980 1082 1082 I SystemServerTiming: OnBootPhase_600_com.android.server.notification.NotificationManagerService
08-23 17:43:00.986 1082 1082 D SystemServerTiming: OnBootPhase_600_com.android.server.notification.NotificationManagerService took to complete: 6ms
08-23 17:43:00.986 1082 1082 I SystemServerTiming: OnBootPhase_600_com.android.server.storage.DeviceStorageMonitorService
08-23 17:43:00.986 1082 1082 D SystemServerTiming: OnBootPhase_600_com.android.server.storage.DeviceStorageMonitorService took to complete: 0ms
08-23 17:43:00.986 1082 1082 I SystemServerTiming: OnBootPhase_600_com.android.server.location.LocationManagerService$Lifecycle
08-23 17:43:01.041 1082 1082 D TelephonyRegistry: listen oscl: mHasNotifySubscriptionInfoChangedOccurred==false no callback
08-23 17:43:01.045 1082 1210 W ActivityManager: Slow operation: 213ms so far, now at startProcess: returned from zygote!
08-23 17:43:01.052 1082 1210 W ActivityManager: Slow operation: 220ms so far, now at startProcess: done updating battery stats
08-23 17:43:01.052 1082 1210 W ActivityManager: Slow operation: 220ms so far, now at startProcess: building log message
08-23 17:43:01.052 1082 1210 I ActivityManager: Start proc 1950:WebViewLoader-armeabi-v7a/1037 [android.webkit.WebViewLibraryLoader$RelroFileCreator] for null
08-23 17:43:01.052 1082 1210 W ActivityManager: Slow operation: 221ms so far, now at startProcess: starting to update pids map
08-23 17:43:01.053 1082 1210 W ActivityManager: Slow operation: 222ms so far, now at startProcess: done updating pids map
08-23 17:43:01.053 1082 1210 W ActivityManager: Slow operation: 219ms so far, now at startProcess: asking zygote to start proc
08-23 17:43:01.098 1082 1182 W CarrierConfigManager: Error getting config for subId -1 ICarrierConfigLoader is null
08-23 17:43:01.099 1082 1082 W SystemServiceManager: Service com.android.server.location.LocationManagerService$Lifecycle took 113 ms in onBootPhase
08-23 17:43:01.099 1082 1082 D SystemServerTiming: OnBootPhase_600_com.android.server.location.LocationManagerService$Lifecycle took to complete: 113ms
08-23 17:43:01.099 1082 1082 I SystemServerTiming: OnBootPhase_600_com.android.server.timedetector.TimeDetectorService$Lifecycle
08-23 17:43:01.099 1082 1082 D SystemServerTiming: OnBootPhase_600_com.android.server.timedetector.TimeDetectorService$Lifecycle took to complete: 0ms
08-23 17:43:01.099 1082 1082 I SystemServerTiming: OnBootPhase_600_com.android.server.timezonedetector.TimeZoneDetectorService$Lifecycle
08-23 17:43:01.100 1082 1082 D SystemServerTiming: OnBootPhase_600_com.android.server.timezonedetector.TimeZoneDetectorService$Lifecycle took to complete: 0ms
08-23 17:43:01.100 1082 1082 I SystemServerTiming: OnBootPhase_600_com.android.server.timezonedetector.location.LocationTimeZoneManagerService$Lifecycle
08-23 17:43:01.100 1082 1082 D SystemServerTiming: OnBootPhase_600_com.android.server.timezonedetector.location.LocationTimeZoneManagerService$Lifecycle took to complete: 0ms
08-23 17:43:01.100 1082 1082 I SystemServerTiming: OnBootPhase_600_com.android.server.search.SearchManagerService$Lifecycle
08-23 17:43:01.100 1082 1082 D SystemServerTiming: OnBootPhase_600_com.android.server.search.SearchManagerService$Lifecycle took to complete: 0ms
08-23 17:43:01.100 1082 1082 I SystemServerTiming: OnBootPhase_600_com.android.server.wallpaper.WallpaperManagerService$Lifecycle
08-23 17:43:01.100 1082 1082 I WallpaperManagerService: switch-user-0
08-23 17:43:01.101 1082 1082 V WallpaperManagerService: bindWallpaperComponentLocked: componentName=ComponentInfo{com.android.systemui/com.android.systemui.ImageWallpaper}
08-23 17:43:01.103 1082 1082 D WallpaperManagerService: switch-user-0 took to complete: 3ms
08-23 17:43:01.103 1082 1082 D SystemServerTiming: OnBootPhase_600_com.android.server.wallpaper.WallpaperManagerService$Lifecycle took to complete: 3ms
08-23 17:43:01.103 1082 1082 I SystemServerTiming: OnBootPhase_600_com.android.server.audio.AudioService$Lifecycle
08-23 17:43:01.103 1082 1082 D SystemServerTiming: OnBootPhase_600_com.android.server.audio.AudioService$Lifecycle took to complete: 0ms
08-23 17:43:01.103 1082 1082 I SystemServerTiming: OnBootPhase_600_com.android.server.soundtrigger_middleware.SoundTriggerMiddlewareService$Lifecycle
08-23 17:43:01.103 1082 1082 D SystemServerTiming: OnBootPhase_600_com.android.server.soundtrigger_middleware.SoundTriggerMiddlewareService$Lifecycle took to complete: 0ms
08-23 17:43:01.103 1082 1082 I SystemServerTiming: OnBootPhase_600_com.android.server.DockObserver
08-23 17:43:01.103 1082 1082 D SystemServerTiming: OnBootPhase_600_com.android.server.DockObserver took to complete: 0ms
08-23 17:43:01.103 1082 1082 I SystemServerTiming: OnBootPhase_600_com.android.server.midi.MidiService$Lifecycle
08-23 17:43:01.104 1082 1082 D SystemServerTiming: OnBootPhase_600_com.android.server.midi.MidiService$Lifecycle took to complete: 0ms
08-23 17:43:01.104 1082 1082 I SystemServerTiming: OnBootPhase_600_com.android.server.adb.AdbService$Lifecycle
08-23 17:43:01.104 1082 1082 D SystemServerTiming: OnBootPhase_600_com.android.server.adb.AdbService$Lifecycle took to complete: 0ms
08-23 17:43:01.104 1082 1082 I SystemServerTiming: OnBootPhase_600_com.android.server.usb.UsbService$Lifecycle
08-23 17:43:01.104 1082 1082 D SystemServerTiming: OnBootPhase_600_com.android.server.usb.UsbService$Lifecycle took to complete: 0ms
08-23 17:43:01.104 1082 1082 I SystemServerTiming: OnBootPhase_600_com.android.server.twilight.TwilightService
08-23 17:43:01.104 1082 1082 D SystemServerTiming: OnBootPhase_600_com.android.server.twilight.TwilightService took to complete: 0ms
08-23 17:43:01.104 1082 1082 I SystemServerTiming: OnBootPhase_600_com.android.server.display.color.ColorDisplayService
08-23 17:43:01.104 1082 1082 D SystemServerTiming: OnBootPhase_600_com.android.server.display.color.ColorDisplayService took to complete: 0ms
08-23 17:43:01.104 1082 1082 I SystemServerTiming: OnBootPhase_600_com.android.server.job.JobSchedulerService
08-23 17:43:01.109 1082 1082 D SystemServerTiming: OnBootPhase_600_com.android.server.job.JobSchedulerService took to complete: 4ms
08-23 17:43:01.109 1082 1082 I SystemServerTiming: OnBootPhase_600_com.android.server.soundtrigger.SoundTriggerService
08-23 17:43:01.109 1082 1082 D SoundTriggerService: onBootPhase: 600 : false
08-23 17:43:01.112 1082 1082 D SystemServerTiming: OnBootPhase_600_com.android.server.soundtrigger.SoundTriggerService took to complete: 3ms
08-23 17:43:01.113 1082 1082 I SystemServerTiming: OnBootPhase_600_com.android.server.trust.TrustManagerService
08-23 17:43:01.114 1082 1082 D BiometricService: Sensor ID(0), oemStrength: 15, updatedStrength: 15, modality 2, state: 0, cookie: 0, props: ID: 0, Strength: 2, Type: 1, sensorId 0, hasEnrollments: false cannot participate in Keystore operations
08-23 17:43:01.117 1082 1082 D SystemServerTiming: OnBootPhase_600_com.android.server.trust.TrustManagerService took to complete: 4ms
08-23 17:43:01.117 1082 1082 I SystemServerTiming: OnBootPhase_600_com.android.server.backup.BackupManagerService$Lifecycle
08-23 17:43:01.117 1082 1082 D SystemServerTiming: OnBootPhase_600_com.android.server.backup.BackupManagerService$Lifecycle took to complete: 0ms
08-23 17:43:01.117 1082 1082 I SystemServerTiming: OnBootPhase_600_com.android.server.appwidget.AppWidgetService
08-23 17:43:01.117 1082 1082 D SystemServerTiming: OnBootPhase_600_com.android.server.appwidget.AppWidgetService took to complete: 0ms
08-23 17:43:01.117 1082 1082 I SystemServerTiming: OnBootPhase_600_com.android.server.voiceinteraction.VoiceInteractionManagerService
08-23 17:43:01.118 1082 1082 D SystemServerTiming: OnBootPhase_600_com.android.server.voiceinteraction.VoiceInteractionManagerService took to complete: 1ms
08-23 17:43:01.118 1082 1082 I SystemServerTiming: OnBootPhase_600_com.android.server.apphibernation.AppHibernationService
08-23 17:43:01.118 1082 1082 D SystemServerTiming: OnBootPhase_600_com.android.server.apphibernation.AppHibernationService took to complete: 0ms
08-23 17:43:01.118 1082 1082 I SystemServerTiming: OnBootPhase_600_com.android.server.GestureLauncherService
08-23 17:43:01.119 1082 1082 D SystemServerTiming: OnBootPhase_600_com.android.server.GestureLauncherService took to complete: 1ms
08-23 17:43:01.120 1082 1082 I SystemServerTiming: OnBootPhase_600_com.android.server.SensorNotificationService
08-23 17:43:01.120 1082 1182 D CompatibilityChangeReporter: Compat change id reported: 168936375; UID 1000; state: DISABLED
08-23 17:43:01.120 1082 1082 D SystemServerTiming: OnBootPhase_600_com.android.server.SensorNotificationService took to complete: 1ms
08-23 17:43:01.120 1082 1082 I SystemServerTiming: OnBootPhase_600_com.android.server.emergency.EmergencyAffordanceService
08-23 17:43:01.121 1082 1082 D SystemServerTiming: OnBootPhase_600_com.android.server.emergency.EmergencyAffordanceService took to complete: 0ms
08-23 17:43:01.121 1082 1182 D CompatibilityChangeReporter: Compat change id reported: 168936375; UID 1000; state: ENABLED
08-23 17:43:01.121 1082 1082 I SystemServerTiming: OnBootPhase_600_com.android.server.blob.BlobStoreManagerService
08-23 17:43:01.144 1082 1210 W ActivityManager: Slow operation: 310ms so far, now at startProcess: returned from zygote!
08-23 17:43:01.145 1082 1210 W ActivityManager: Slow operation: 311ms so far, now at startProcess: done updating battery stats
08-23 17:43:01.145 1082 1210 W ActivityManager: Slow operation: 311ms so far, now at startProcess: building log message
08-23 17:43:01.145 1082 1210 I ActivityManager: Start proc 1969:WebViewLoader-arm64-v8a/1037 [android.webkit.WebViewLibraryLoader$RelroFileCreator] for null
08-23 17:43:01.145 1082 1210 W ActivityManager: Slow operation: 311ms so far, now at startProcess: starting to update pids map
08-23 17:43:01.146 1082 1210 W ActivityManager: Slow operation: 311ms so far, now at startProcess: done updating pids map
08-23 17:43:01.152 1082 1082 D SystemServerTiming: OnBootPhase_600_com.android.server.blob.BlobStoreManagerService took to complete: 31ms
08-23 17:43:01.152 1082 1082 I SystemServerTiming: OnBootPhase_600_com.android.server.dreams.DreamManagerService
08-23 17:43:01.153 1082 1082 D SystemServerTiming: OnBootPhase_600_com.android.server.dreams.DreamManagerService took to complete: 0ms
08-23 17:43:01.153 1082 1082 I SystemServerTiming: OnBootPhase_600_com.android.server.companion.CompanionDeviceManagerService
08-23 17:43:01.153 1082 1082 D SystemServerTiming: OnBootPhase_600_com.android.server.companion.CompanionDeviceManagerService took to complete: 0ms
08-23 17:43:01.153 1082 1082 I SystemServerTiming: OnBootPhase_600_com.android.server.restrictions.RestrictionsManagerService
08-23 17:43:01.153 1082 1082 D SystemServerTiming: OnBootPhase_600_com.android.server.restrictions.RestrictionsManagerService took to complete: 0ms
08-23 17:43:01.153 1082 1082 I SystemServerTiming: OnBootPhase_600_com.android.server.media.MediaSessionService
08-23 17:43:01.153 1082 1082 D SystemServerTiming: OnBootPhase_600_com.android.server.media.MediaSessionService took to complete: 0ms
08-23 17:43:01.153 1082 1082 I SystemServerTiming: OnBootPhase_600_com.android.server.media.MediaResourceMonitorService
08-23 17:43:01.153 1082 1082 D SystemServerTiming: OnBootPhase_600_com.android.server.media.MediaResourceMonitorService took to complete: 0ms
08-23 17:43:01.153 1082 1082 I SystemServerTiming: OnBootPhase_600_com.android.server.biometrics.sensors.fingerprint.FingerprintService
08-23 17:43:01.153 1082 1082 D SystemServerTiming: OnBootPhase_600_com.android.server.biometrics.sensors.fingerprint.FingerprintService took to complete: 0ms
08-23 17:43:01.153 1082 1082 I SystemServerTiming: OnBootPhase_600_com.android.server.biometrics.BiometricService
08-23 17:43:01.153 1082 1082 D SystemServerTiming: OnBootPhase_600_com.android.server.biometrics.BiometricService took to complete: 0ms
08-23 17:43:01.153 1082 1082 I SystemServerTiming: OnBootPhase_600_com.android.server.biometrics.AuthService
08-23 17:43:01.154 1082 1082 D SystemServerTiming: OnBootPhase_600_com.android.server.biometrics.AuthService took to complete: 0ms
08-23 17:43:01.154 1082 1082 I SystemServerTiming: OnBootPhase_600_com.android.server.pm.ShortcutService$Lifecycle
08-23 17:43:01.154 1082 1082 D SystemServerTiming: OnBootPhase_600_com.android.server.pm.ShortcutService$Lifecycle took to complete: 0ms
08-23 17:43:01.154 1082 1082 I SystemServerTiming: OnBootPhase_600_com.android.server.pm.LauncherAppsService
08-23 17:43:01.154 1082 1082 D SystemServerTiming: OnBootPhase_600_com.android.server.pm.LauncherAppsService took to complete: 0ms
08-23 17:43:01.154 1082 1082 I SystemServerTiming: OnBootPhase_600_com.android.server.pm.CrossProfileAppsService
08-23 17:43:01.154 1082 1082 D SystemServerTiming: OnBootPhase_600_com.android.server.pm.CrossProfileAppsService took to complete: 0ms
08-23 17:43:01.155 1082 1082 I SystemServerTiming: OnBootPhase_600_com.android.server.people.PeopleService
08-23 17:43:01.155 1082 1082 D SystemServerTiming: OnBootPhase_600_com.android.server.people.PeopleService took to complete: 0ms
08-23 17:43:01.155 1082 1082 I SystemServerTiming: OnBootPhase_600_com.android.server.media.metrics.MediaMetricsManagerService
08-23 17:43:01.155 1082 1082 D SystemServerTiming: OnBootPhase_600_com.android.server.media.metrics.MediaMetricsManagerService took to complete: 0ms
08-23 17:43:01.155 1082 1082 I SystemServerTiming: OnBootPhase_600_com.android.server.media.projection.MediaProjectionManagerService
08-23 17:43:01.156 1082 1082 D SystemServerTiming: OnBootPhase_600_com.android.server.media.projection.MediaProjectionManagerService took to complete: 0ms
08-23 17:43:01.156 1082 1082 I SystemServerTiming: OnBootPhase_600_com.android.server.slice.SliceManagerService$Lifecycle
08-23 17:43:01.156 1082 1082 D SystemServerTiming: OnBootPhase_600_com.android.server.slice.SliceManagerService$Lifecycle took to complete: 0ms
08-23 17:43:01.156 1082 1082 I SystemServerTiming: OnBootPhase_600_com.android.server.stats.StatsCompanion$Lifecycle
08-23 17:43:01.195 1082 1082 D SystemServerTiming: OnBootPhase_600_com.android.server.stats.StatsCompanion$Lifecycle took to complete: 39ms
08-23 17:43:01.195 1082 1082 I SystemServerTiming: OnBootPhase_600_com.android.server.scheduling.RebootReadinessManagerService$Lifecycle
08-23 17:43:01.196 1082 1082 D SystemServerTiming: OnBootPhase_600_com.android.server.scheduling.RebootReadinessManagerService$Lifecycle took to complete: 0ms
08-23 17:43:01.196 1082 1082 I SystemServerTiming: OnBootPhase_600_com.android.server.stats.pull.StatsPullAtomService
08-23 17:43:01.197 1082 1082 D SystemServerTiming: OnBootPhase_600_com.android.server.stats.pull.StatsPullAtomService took to complete: 2ms
08-23 17:43:01.197 1082 1082 I SystemServerTiming: OnBootPhase_600_com.android.server.incident.IncidentCompanionService
08-23 17:43:01.197 1082 1082 D SystemServerTiming: OnBootPhase_600_com.android.server.incident.IncidentCompanionService took to complete: 0ms
08-23 17:43:01.197 1082 1082 I SystemServerTiming: OnBootPhase_600_com.android.server.MmsServiceBroker
08-23 17:43:01.198 1082 1082 D SystemServerTiming: OnBootPhase_600_com.android.server.MmsServiceBroker took to complete: 0ms
08-23 17:43:01.198 1082 1082 I SystemServerTiming: OnBootPhase_600_com.android.server.autofill.AutofillManagerService
08-23 17:43:01.199 1082 1082 D SystemServerTiming: OnBootPhase_600_com.android.server.autofill.AutofillManagerService took to complete: 1ms
08-23 17:43:01.199 1082 1082 I SystemServerTiming: OnBootPhase_600_com.android.server.clipboard.ClipboardService
08-23 17:43:01.200 1082 1082 D SystemServerTiming: OnBootPhase_600_com.android.server.clipboard.ClipboardService took to complete: 0ms
08-23 17:43:01.200 1082 1082 I SystemServerTiming: OnBootPhase_600_com.android.server.appbinding.AppBindingService$Lifecycle
08-23 17:43:01.201 1082 1082 D SystemServerTiming: OnBootPhase_600_com.android.server.appbinding.AppBindingService$Lifecycle took to complete: 0ms
08-23 17:43:01.201 1082 1082 I SystemServerTiming: OnBootPhase_600_com.android.server.tracing.TracingServiceProxy
08-23 17:43:01.201 1082 1082 D SystemServerTiming: OnBootPhase_600_com.android.server.tracing.TracingServiceProxy took to complete: 0ms
08-23 17:43:01.201 1082 1082 I SystemServerTiming: OnBootPhase_600_com.android.server.policy.PermissionPolicyService
08-23 17:43:01.201 1082 1082 D SystemServerTiming: OnBootPhase_600_com.android.server.policy.PermissionPolicyService took to complete: 0ms
08-23 17:43:01.201 1082 1082 I SystemServerTiming: OnBootPhase_600_com.android.server.pm.StagingManager$Lifecycle
08-23 17:43:01.202 1082 1082 D SystemServerTiming: OnBootPhase_600_com.android.server.pm.StagingManager$Lifecycle took to complete: 0ms
08-23 17:43:01.202 1082 1082 I SystemServerTiming: OnBootPhase_600_com.android.server.app.GameManagerService$Lifecycle
08-23 17:43:01.202 1082 1082 D SystemServerTiming: OnBootPhase_600_com.android.server.app.GameManagerService$Lifecycle took to complete: 0ms
08-23 17:43:01.202 1082 1082 I SystemServerTiming: OnBootPhase_600_com.android.server.appsearch.AppSearchManagerService
08-23 17:43:01.202 1082 1082 D SystemServerTiming: OnBootPhase_600_com.android.server.appsearch.AppSearchManagerService took to complete: 0ms
08-23 17:43:01.202 1082 1082 I SystemServerTiming: OnBootPhase_600_com.android.server.media.MediaCommunicationService
08-23 17:43:01.202 1082 1082 D SystemServerTiming: OnBootPhase_600_com.android.server.media.MediaCommunicationService took to complete: 0ms
08-23 17:43:01.202 1082 1082 D SystemServerTiming: OnBootPhase_600 took to complete: 246ms
08-23 17:43:01.203 1082 1082 D SystemServerTiming: PhaseThirdPartyAppsCanStart took to complete: 246ms
08-23 17:43:01.203 1082 1082 I SystemServerTiming: StartNetworkStack
08-23 17:43:01.203 1082 1082 D ConnectivityModuleConnector: Starting networking module android.net.INetworkStackConnector
08-23 17:43:01.204 1082 1082 D ConnectivityModuleConnector: Starting networking module in network_stack process
08-23 17:43:01.207 1082 1200 D StatsPullAtomService: Registering NetworkStats pullers with statsd
08-23 17:43:01.216 1082 1082 D CompatibilityChangeReporter: Compat change id reported: 135634846; UID 1073; state: DISABLED
08-23 17:43:01.216 1082 1082 D CompatibilityChangeReporter: Compat change id reported: 177438394; UID 1073; state: DISABLED
08-23 17:43:01.216 1082 1082 D CompatibilityChangeReporter: Compat change id reported: 135772972; UID 1073; state: DISABLED
08-23 17:43:01.217 1082 1082 D CompatibilityChangeReporter: Compat change id reported: 135754954; UID 1073; state: ENABLED
08-23 17:43:01.217 1082 1082 D ConnectivityModuleConnector: Networking module service start requested
08-23 17:43:01.217 1082 1082 D SystemServerTiming: StartNetworkStack took to complete: 14ms
08-23 17:43:01.218 1082 1082 I SystemServerTiming: StartTethering
08-23 17:43:01.218 1082 1082 D ConnectivityModuleConnector: Starting networking module android.net.ITetheringConnector
08-23 17:43:01.218 1082 1082 D ConnectivityModuleConnector: Starting networking module in network_stack process
08-23 17:43:01.219 1082 1082 D ConnectivityModuleConnector: Networking module service start requested
08-23 17:43:01.219 1082 1082 D SystemServerTiming: StartTethering took to complete: 2ms
08-23 17:43:01.219 1082 1082 I SystemServerTiming: MakeCountryDetectionServiceReady
08-23 17:43:01.219 1082 1082 D SystemServerTiming: MakeCountryDetectionServiceReady took to complete: 0ms
08-23 17:43:01.219 1082 1082 I SystemServerTiming: MakeNetworkTimeUpdateReady
08-23 17:43:01.227 1082 1082 D SystemServerTiming: MakeNetworkTimeUpdateReady took to complete: 4ms
08-23 17:43:01.227 1082 1082 I SystemServerTiming: MakeInputManagerServiceReady
08-23 17:43:01.231 1082 1082 I ActivityTaskManager: Config changes=4000 {1.0 ?mcc?mnc [zh_CN] ldltr sw680dp w1586dp h608dp 240dpi lrg long hdr land finger -keyb/v/h -nav/h winConfig={ mBounds=Rect(0, 0 - 2380, 1020) mAppBounds=Rect(0, 0 - 2380, 948) mMaxBounds=Rect(0, 0 - 2380, 1020) mWindowingMode=fullscreen mDisplayWindowingMode=fullscreen mActivityType=undefined mAlwaysOnTop=undefined mRotation=ROTATION_0} s.10 fontWeightAdjustment=0}
08-23 17:43:01.232 1082 1082 I WindowManager: Override config changes=4000 {1.0 ?mcc?mnc [zh_CN] ldltr sw680dp w1586dp h608dp 240dpi lrg long hdr land finger -keyb/v/h -nav/h winConfig={ mBounds=Rect(0, 0 - 2380, 1020) mAppBounds=Rect(0, 0 - 2380, 948) mMaxBounds=Rect(0, 0 - 2380, 1020) mWindowingMode=fullscreen mDisplayWindowingMode=fullscreen mActivityType=undefined mAlwaysOnTop=undefined mRotation=ROTATION_0} s.10 fontWeightAdjustment=0} for displayId=0
08-23 17:43:01.244 1082 1864 W StorageManagerService: No primary storage defined yet; hacking together a stub
08-23 17:43:01.253 1082 1082 D SystemServerTiming: MakeInputManagerServiceReady took to complete: 26ms
08-23 17:43:01.253 1082 1082 I SystemServerTiming: MakeTelephonyRegistryReady
08-23 17:43:01.254 1082 1082 D TelephonyRegistry: systemRunning register for intents
08-23 17:43:01.254 1082 1082 D SystemServerTiming: MakeTelephonyRegistryReady took to complete: 0ms
08-23 17:43:01.254 1082 1082 I SystemServerTiming: MakeMediaRouterServiceReady
08-23 17:43:01.254 1082 1082 D SystemServerTiming: MakeMediaRouterServiceReady took to complete: 1ms
08-23 17:43:01.254 1082 1082 I SystemServerTiming: MakeMmsServiceReady
08-23 17:43:01.254 1082 1082 I MmsServiceBroker: Delay connecting to MmsService until an API is called
08-23 17:43:01.254 1082 1082 D SystemServerTiming: MakeMmsServiceReady took to complete: 0ms
08-23 17:43:01.254 1082 1082 I SystemServerTiming: IncidentDaemonReady
08-23 17:43:01.257 1082 1082 D SystemServerTiming: IncidentDaemonReady took to complete: 3ms
08-23 17:43:01.257 1082 1082 I SystemServerTiming: MakeIncrementalServiceReady
08-23 17:43:01.257 1082 1082 D SystemServerTiming: MakeIncrementalServiceReady took to complete: 0ms
08-23 17:43:01.257 1082 1082 I SystemServerTiming: getCurrentUser
08-23 17:43:01.257 1082 1082 I ActivityManager: Current user:0
08-23 17:43:01.257 1082 1082 D SystemServerTiming: getCurrentUser took to complete: 0ms
08-23 17:43:01.257 1082 1082 I SystemServerTiming: ActivityManagerStartApps
08-23 17:43:01.258 1082 1082 I SystemServerTiming: ssm.StartUser-0
08-23 17:43:01.258 1082 1082 I SystemServiceManager: Calling onStartUser 0
08-23 17:43:01.258 1082 1082 I SystemServerTiming: ssm.onStartUser-0_com.android.server.security.FileIntegrityService
08-23 17:43:01.258 1082 1082 D SystemServerTiming: ssm.onStartUser-0_com.android.server.security.FileIntegrityService took to complete: 0ms
08-23 17:43:01.258 1082 1082 I SystemServerTiming: ssm.onStartUser-0_com.android.server.pm.Installer
08-23 17:43:01.259 1082 1082 D SystemServerTiming: ssm.onStartUser-0_com.android.server.pm.Installer took to complete: 0ms
08-23 17:43:01.259 1082 1082 I SystemServerTiming: ssm.onStartUser-0_com.android.server.os.DeviceIdentifiersPolicyService
08-23 17:43:01.259 1082 1082 D SystemServerTiming: ssm.onStartUser-0_com.android.server.os.DeviceIdentifiersPolicyService took to complete: 0ms
08-23 17:43:01.259 1082 1082 I SystemServerTiming: ssm.onStartUser-0_com.android.server.uri.UriGrantsManagerService$Lifecycle
08-23 17:43:01.259 1082 1082 D SystemServerTiming: ssm.onStartUser-0_com.android.server.uri.UriGrantsManagerService$Lifecycle took to complete: 0ms
08-23 17:43:01.259 1082 1082 I SystemServerTiming: ssm.onStartUser-0_com.android.server.powerstats.PowerStatsService
08-23 17:43:01.259 1082 1082 D SystemServerTiming: ssm.onStartUser-0_com.android.server.powerstats.PowerStatsService took to complete: 0ms
08-23 17:43:01.259 1082 1082 I SystemServerTiming: ssm.onStartUser-0_com.android.server.wm.ActivityTaskManagerService$Lifecycle
08-23 17:43:01.259 1082 1082 D SystemServerTiming: ssm.onStartUser-0_com.android.server.wm.ActivityTaskManagerService$Lifecycle took to complete: 0ms
08-23 17:43:01.259 1082 1082 I SystemServerTiming: ssm.onStartUser-0_com.android.server.am.ActivityManagerService$Lifecycle
08-23 17:43:01.259 1082 1082 D SystemServerTiming: ssm.onStartUser-0_com.android.server.am.ActivityManagerService$Lifecycle took to complete: 0ms
08-23 17:43:01.259 1082 1082 I SystemServerTiming: ssm.onStartUser-0_com.android.server.pm.DataLoaderManagerService
08-23 17:43:01.259 1082 1082 D SystemServerTiming: ssm.onStartUser-0_com.android.server.pm.DataLoaderManagerService took to complete: 0ms
08-23 17:43:01.259 1082 1082 I SystemServerTiming: ssm.onStartUser-0_com.android.server.power.PowerManagerService
08-23 17:43:01.259 1082 1082 D SystemServerTiming: ssm.onStartUser-0_com.android.server.power.PowerManagerService took to complete: 0ms
08-23 17:43:01.259 1082 1082 I SystemServerTiming: ssm.onStartUser-0_com.android.server.power.ThermalManagerService
08-23 17:43:01.260 1082 1082 D SystemServerTiming: ssm.onStartUser-0_com.android.server.power.ThermalManagerService took to complete: 0ms
08-23 17:43:01.260 1082 1082 I SystemServerTiming: ssm.onStartUser-0_com.android.server.power.hint.HintManagerService
08-23 17:43:01.260 1082 1082 D SystemServerTiming: ssm.onStartUser-0_com.android.server.power.hint.HintManagerService took to complete: 0ms
08-23 17:43:01.260 1082 1082 I SystemServerTiming: ssm.onStartUser-0_com.android.server.recoverysystem.RecoverySystemService$Lifecycle
08-23 17:43:01.260 1082 1082 D SystemServerTiming: ssm.onStartUser-0_com.android.server.recoverysystem.RecoverySystemService$Lifecycle took to complete: 0ms
08-23 17:43:01.260 1082 1082 I SystemServerTiming: ssm.onStartUser-0_com.android.server.lights.LightsService
08-23 17:43:01.260 1082 1082 D SystemServerTiming: ssm.onStartUser-0_com.android.server.lights.LightsService took to complete: 0ms
08-23 17:43:01.260 1082 1082 I SystemServerTiming: ssm.onStartUser-0_com.android.server.display.DisplayManagerService
08-23 17:43:01.260 1082 1082 D SystemServerTiming: ssm.onStartUser-0_com.android.server.display.DisplayManagerService took to complete: 0ms
08-23 17:43:01.260 1082 1082 I SystemServerTiming: ssm.onStartUser-0_com.android.server.pm.verify.domain.DomainVerificationService
08-23 17:43:01.260 1082 1082 D SystemServerTiming: ssm.onStartUser-0_com.android.server.pm.verify.domain.DomainVerificationService took to complete: 0ms
08-23 17:43:01.261 1082 1082 I SystemServerTiming: ssm.onStartUser-0_com.android.server.pm.PackageInstallerService$Lifecycle
08-23 17:43:01.262 1082 1082 D SystemServerTiming: ssm.onStartUser-0_com.android.server.pm.PackageInstallerService$Lifecycle took to complete: 0ms
08-23 17:43:01.262 1082 1082 I SystemServerTiming: ssm.onStartUser-0_com.android.server.pm.UserManagerService$LifeCycle
08-23 17:43:01.262 1082 1082 D SystemServerTiming: ssm.onStartUser-0_com.android.server.pm.UserManagerService$LifeCycle took to complete: 0ms
08-23 17:43:01.262 1082 1082 I SystemServerTiming: ssm.onStartUser-0_com.android.server.om.OverlayManagerService
08-23 17:43:01.262 1082 1082 D SystemServerTiming: ssm.onStartUser-0_com.android.server.om.OverlayManagerService took to complete: 0ms
08-23 17:43:01.262 1082 1082 I SystemServerTiming: ssm.onStartUser-0_com.android.server.SensorPrivacyService
08-23 17:43:01.267 1082 1082 D SystemServerTiming: ssm.onStartUser-0_com.android.server.SensorPrivacyService took to complete: 1ms
08-23 17:43:01.267 1082 1082 I SystemServerTiming: ssm.onStartUser-0_com.android.server.sensors.SensorService
08-23 17:43:01.267 1082 1082 D SystemServerTiming: ssm.onStartUser-0_com.android.server.sensors.SensorService took to complete: 0ms
08-23 17:43:01.267 1082 1082 I SystemServerTiming: ssm.onStartUser-0_com.android.server.SystemConfigService
08-23 17:43:01.267 1082 1082 D SystemServerTiming: ssm.onStartUser-0_com.android.server.SystemConfigService took to complete: 0ms
08-23 17:43:01.267 1082 1082 I SystemServerTiming: ssm.onStartUser-0_com.android.server.BatteryService
08-23 17:43:01.267 1082 1082 D SystemServerTiming: ssm.onStartUser-0_com.android.server.BatteryService took to complete: 0ms
08-23 17:43:01.267 1082 1082 I SystemServerTiming: ssm.onStartUser-0_com.android.server.usage.UsageStatsService
08-23 17:43:01.267 1082 1082 D SystemServerTiming: ssm.onStartUser-0_com.android.server.usage.UsageStatsService took to complete: 0ms
08-23 17:43:01.267 1082 1082 I SystemServerTiming: ssm.onStartUser-0_com.android.server.webkit.WebViewUpdateService
08-23 17:43:01.267 1082 1082 D SystemServerTiming: ssm.onStartUser-0_com.android.server.webkit.WebViewUpdateService took to complete: 0ms
08-23 17:43:01.267 1082 1082 I SystemServerTiming: ssm.onStartUser-0_com.android.server.CachedDeviceStateService
08-23 17:43:01.268 1082 1082 D SystemServerTiming: ssm.onStartUser-0_com.android.server.CachedDeviceStateService took to complete: 0ms
08-23 17:43:01.268 1082 1082 I SystemServerTiming: ssm.onStartUser-0_com.android.server.BinderCallsStatsService$LifeCycle
08-23 17:43:01.268 1082 1082 D SystemServerTiming: ssm.onStartUser-0_com.android.server.BinderCallsStatsService$LifeCycle took to complete: 0ms
08-23 17:43:01.268 1082 1082 I SystemServerTiming: ssm.onStartUser-0_com.android.server.LooperStatsService$Lifecycle
08-23 17:43:01.268 1082 1082 D SystemServerTiming: ssm.onStartUser-0_com.android.server.LooperStatsService$Lifecycle took to complete: 0ms
08-23 17:43:01.268 1082 1082 I SystemServerTiming: ssm.onStartUser-0_com.android.server.rollback.RollbackManagerService
08-23 17:43:01.268 1082 1082 D SystemServerTiming: ssm.onStartUser-0_com.android.server.rollback.RollbackManagerService took to complete: 0ms
08-23 17:43:01.268 1082 1082 I SystemServerTiming: ssm.onStartUser-0_com.android.server.os.NativeTombstoneManagerService
08-23 17:43:01.268 1082 1082 D SystemServerTiming: ssm.onStartUser-0_com.android.server.os.NativeTombstoneManagerService took to complete: 0ms
08-23 17:43:01.268 1082 1082 I SystemServerTiming: ssm.onStartUser-0_com.android.server.os.BugreportManagerService
08-23 17:43:01.268 1082 1082 D SystemServerTiming: ssm.onStartUser-0_com.android.server.os.BugreportManagerService took to complete: 0ms
08-23 17:43:01.268 1082 1082 I SystemServerTiming: ssm.onStartUser-0_com.android.server.gpu.GpuService
08-23 17:43:01.268 1082 1082 D SystemServerTiming: ssm.onStartUser-0_com.android.server.gpu.GpuService took to complete: 0ms
08-23 17:43:01.268 1082 1082 I SystemServerTiming: ssm.onStartUser-0_com.android.server.security.KeyChainSystemService
08-23 17:43:01.268 1082 1082 D SystemServerTiming: ssm.onStartUser-0_com.android.server.security.KeyChainSystemService took to complete: 0ms
08-23 17:43:01.268 1082 1082 I SystemServerTiming: ssm.onStartUser-0_com.android.server.telecom.TelecomLoaderService
08-23 17:43:01.268 1082 1082 D SystemServerTiming: ssm.onStartUser-0_com.android.server.telecom.TelecomLoaderService took to complete: 0ms
08-23 17:43:01.268 1082 1082 I SystemServerTiming: ssm.onStartUser-0_com.android.server.accounts.AccountManagerService$Lifecycle
08-23 17:43:01.268 1082 1082 D SystemServerTiming: ssm.onStartUser-0_com.android.server.accounts.AccountManagerService$Lifecycle took to complete: 0ms
08-23 17:43:01.268 1082 1082 I SystemServerTiming: ssm.onStartUser-0_com.android.server.content.ContentService$Lifecycle
08-23 17:43:01.268 1082 1082 D SystemServerTiming: ssm.onStartUser-0_com.android.server.content.ContentService$Lifecycle took to complete: 0ms
08-23 17:43:01.268 1082 1082 I SystemServerTiming: ssm.onStartUser-0_com.android.server.DropBoxManagerService
08-23 17:43:01.269 1082 1082 D SystemServerTiming: ssm.onStartUser-0_com.android.server.DropBoxManagerService took to complete: 0ms
08-23 17:43:01.269 1082 1082 I SystemServerTiming: ssm.onStartUser-0_com.android.role.RoleService
08-23 17:43:01.272 1082 1082 D SystemServerTiming: ssm.onStartUser-0_com.android.role.RoleService took to complete: 4ms
08-23 17:43:01.272 1082 1082 I SystemServerTiming: ssm.onStartUser-0_com.android.server.vibrator.VibratorManagerService$Lifecycle
08-23 17:43:01.273 1082 1082 D SystemServerTiming: ssm.onStartUser-0_com.android.server.vibrator.VibratorManagerService$Lifecycle took to complete: 0ms
08-23 17:43:01.273 1082 1082 I SystemServerTiming: ssm.onStartUser-0_com.android.server.alarm.AlarmManagerService
08-23 17:43:01.273 1082 1082 D SystemServerTiming: ssm.onStartUser-0_com.android.server.alarm.AlarmManagerService took to complete: 0ms
08-23 17:43:01.274 1082 1082 I SystemServerTiming: ssm.onStartUser-0_com.android.server.devicestate.DeviceStateManagerService
08-23 17:43:01.274 1082 1082 D SystemServerTiming: ssm.onStartUser-0_com.android.server.devicestate.DeviceStateManagerService took to complete: 0ms
08-23 17:43:01.274 1082 1082 I SystemServerTiming: ssm.onStartUser-0_com.android.server.camera.CameraServiceProxy
08-23 17:43:01.277 1082 1082 D SystemServerTiming: ssm.onStartUser-0_com.android.server.camera.CameraServiceProxy took to complete: 3ms
08-23 17:43:01.277 1082 1082 I SystemServerTiming: ssm.onStartUser-0_com.android.server.BluetoothService
08-23 17:43:01.278 1082 1082 D SystemServerTiming: ssm.onStartUser-0_com.android.server.BluetoothService took to complete: 0ms
08-23 17:43:01.278 1082 1082 I SystemServerTiming: ssm.onStartUser-0_com.android.server.connectivity.IpConnectivityMetrics
08-23 17:43:01.278 1082 1082 D SystemServerTiming: ssm.onStartUser-0_com.android.server.connectivity.IpConnectivityMetrics took to complete: 0ms
08-23 17:43:01.279 1082 1082 I SystemServerTiming: ssm.onStartUser-0_com.android.server.net.watchlist.NetworkWatchlistService$Lifecycle
08-23 17:43:01.279 1082 1082 D SystemServerTiming: ssm.onStartUser-0_com.android.server.net.watchlist.NetworkWatchlistService$Lifecycle took to complete: 0ms
08-23 17:43:01.279 1082 1082 I SystemServerTiming: ssm.onStartUser-0_com.android.server.PinnerService
08-23 17:43:01.279 1082 1082 D SystemServerTiming: ssm.onStartUser-0_com.android.server.PinnerService took to complete: 0ms
08-23 17:43:01.279 1082 1082 I SystemServerTiming: ssm.onStartUser-0_com.google.android.startop.iorap.IorapForwardingService
08-23 17:43:01.279 1082 1082 D SystemServerTiming: ssm.onStartUser-0_com.google.android.startop.iorap.IorapForwardingService took to complete: 0ms
08-23 17:43:01.279 1082 1082 I SystemServerTiming: ssm.onStartUser-0_com.android.server.ActivityTriggerService
08-23 17:43:01.280 1082 1082 D SystemServerTiming: ssm.onStartUser-0_com.android.server.ActivityTriggerService took to complete: 0ms
08-23 17:43:01.280 1082 1082 I SystemServerTiming: ssm.onStartUser-0_com.android.server.integrity.AppIntegrityManagerService
08-23 17:43:01.280 1082 1082 D SystemServerTiming: ssm.onStartUser-0_com.android.server.integrity.AppIntegrityManagerService took to complete: 0ms
08-23 17:43:01.280 1082 1082 I SystemServerTiming: ssm.onStartUser-0_com.android.server.inputmethod.InputMethodManagerService$Lifecycle
08-23 17:43:01.280 1082 1082 D SystemServerTiming: ssm.onStartUser-0_com.android.server.inputmethod.InputMethodManagerService$Lifecycle took to complete: 0ms
08-23 17:43:01.280 1082 1082 I SystemServerTiming: ssm.onStartUser-0_com.android.server.accessibility.AccessibilityManagerService$Lifecycle
08-23 17:43:01.280 1082 1082 D SystemServerTiming: ssm.onStartUser-0_com.android.server.accessibility.AccessibilityManagerService$Lifecycle took to complete: 0ms
08-23 17:43:01.281 1082 1082 I SystemServerTiming: ssm.onStartUser-0_com.android.server.StorageManagerService$Lifecycle
08-23 17:43:01.283 1082 2006 W PackageManager: Loading a package that does not exist for the calling user. package=null, user=0
08-23 17:43:01.286 1082 1082 V StorageManagerService: Package com.sohu.inputmethod.sogou.car has legacy storage
08-23 17:43:01.286 1082 1082 V StorageManagerService: Package android.frameworkres.overlay does not have legacy storage
08-23 17:43:01.286 1082 1082 V StorageManagerService: Package com.android.cts.priv.ctsshim does not have legacy storage
08-23 17:43:01.286 1082 1082 V StorageManagerService: Package com.android.dynsystem does not have legacy storage
08-23 17:43:01.287 1082 1082 V StorageManagerService: Package com.android.providers.calendar does not have legacy storage
08-23 17:43:01.287 1082 1082 V StorageManagerService: Package com.android.providers.media does not have legacy storage
08-23 17:43:01.287 1082 1082 V StorageManagerService: Package com.android.internal.systemui.navbar.gestural_wide_back does not have legacy storage
