08-23 17:42:59.241 688 688 D ZygoteInitTiming_lazy: PreloadClasses took to complete: 1430ms
08-23 17:42:59.264 688 688 D ZygoteInitTiming_lazy: CacheNonBootClasspathClassLoaders took to complete: 23ms --------- beginning of radio
08-23 17:42:59.276 1082 1082 D TelephonyRegistry: listen oscl: mHasNotifySubscriptionInfoChangedOccurred==false no callback
08-23 17:42:59.293 688 688 D ZygoteInitTiming_lazy: PreloadResources took to complete: 29ms
08-23 17:42:59.298 1324 1324 I wificond: New wificond event callback registered
08-23 17:42:59.303 1082 1082 V HistoricalRegistry: Interaction before persistence initialized
08-23 17:42:59.307 1082 1082 D SystemServerTiming: StartWifi took to complete: 123ms
08-23 17:42:59.308 1082 1082 I SystemServerTiming: StartWifiScanning
08-23 17:42:59.308 1082 1082 I SystemServiceManager: Starting com.android.server.wifi.scanner.WifiScanningService
08-23 17:42:59.320 1082 1082 D SystemServerTiming: StartWifiScanning took to complete: 12ms
08-23 17:42:59.320 1082 1082 I SystemServerTiming: StartRttService
08-23 17:42:59.322 1082 1082 I SystemServiceManager: Starting com.android.server.wifi.rtt.RttService
08-23 17:42:59.324 1082 1082 D SystemServerTiming: StartRttService took to complete: 4ms
08-23 17:42:59.324 1082 1082 I SystemServerTiming: StartWifiAware
08-23 17:42:59.324 1082 1082 I SystemServiceManager: Starting com.android.server.wifi.aware.WifiAwareService
08-23 17:42:59.326 1082 1082 D SystemServerTiming: StartWifiAware took to complete: 2ms
08-23 17:42:59.327 1082 1082 I SystemServerTiming: StartWifiP2P
08-23 17:42:59.327 1082 1082 I SystemServiceManager: Starting com.android.server.wifi.p2p.WifiP2pService
08-23 17:42:59.343 1082 1082 D SystemServerTiming: StartWifiP2P took to complete: 16ms
08-23 17:42:59.343 1082 1082 I SystemServerTiming: StartEthernet
08-23 17:42:59.343 1082 1082 I SystemServiceManager: Starting com.android.server.ethernet.EthernetService
08-23 17:42:59.345 1082 1082 D SystemServerTiming: StartEthernet took to complete: 1ms
08-23 17:42:59.345 1082 1082 I SystemServerTiming: StartPacProxyService
08-23 17:42:59.346 1273 1273 I iorapd : iorapd (the prefetchening) readied up
08-23 17:42:59.347 1082 1082 D SystemServerTiming: StartPacProxyService took to complete: 2ms
08-23 17:42:59.348 1082 1082 I SystemServerTiming: StartConnectivityService
08-23 17:42:59.361 1082 1082 I SystemServiceManager: Starting com.android.server.ConnectivityServiceInitializer
08-23 17:42:59.393 1082 1082 D CompatibilityChangeReporter: Compat change id reported: 182478738; UID 1000; state: ENABLED
08-23 17:42:59.401 1082 1082 D SystemServerTiming: StartConnectivityService took to complete: 54ms
08-23 17:42:59.401 1082 1082 I SystemServerTiming: StartVpnManagerService
08-23 17:42:59.406 1082 1082 D SystemServerTiming: StartVpnManagerService took to complete: 5ms
08-23 17:42:59.406 1082 1082 I SystemServerTiming: StartVcnManagementService
08-23 17:42:59.413 1082 1082 D SystemServerTiming: StartVcnManagementService took to complete: 7ms
08-23 17:42:59.413 1082 1082 I SystemServerTiming: StartNsdService
08-23 17:42:59.414 1082 1082 D NsdService: Network service discovery is enabled
08-23 17:42:59.419 1082 1082 D SystemServerTiming: StartNsdService took to complete: 6ms
08-23 17:42:59.420 1082 1082 I SystemServerTiming: StartSystemUpdateManagerService
08-23 17:42:59.420 1082 1082 I SystemUpdateManagerService: No existing info file /data/system/system-update-info.xml
08-23 17:42:59.424 1082 1082 D SystemServerTiming: StartSystemUpdateManagerService took to complete: 5ms
08-23 17:42:59.425 1082 1082 I SystemServerTiming: StartUpdateLockService
08-23 17:42:59.426 1082 1082 D SystemServerTiming: StartUpdateLockService took to complete: 1ms
08-23 17:42:59.426 1082 1082 I SystemServerTiming: StartNotificationManager
08-23 17:42:59.426 1082 1082 I SystemServiceManager: Starting com.android.server.notification.NotificationManagerService
08-23 17:42:59.433 1082 1082 D ConditionProviders.SCP: new ScheduleConditionProvider()
08-23 17:42:59.446 1082 1082 I NotificationAssistants: Read notification assistant permissions from xml
08-23 17:42:59.446 1082 1082 I ConditionProviders: Read condition provider permissions from xml
08-23 17:42:59.447 1082 1082 I ConditionProviders: Read condition provider permissions from xml
08-23 17:42:59.447 1082 1082 D NotificationAssistants: Approving default notification assistant for user 0
08-23 17:42:59.447 1082 1082 I ConditionProviders: Allowing condition provider android.ext.services/android.ext.services.notification.Assistant (userSet: true)
08-23 17:42:59.450 1082 1082 D CompatibilityChangeReporter: Compat change id reported: 157233955; UID 1000; state: ENABLED
08-23 17:42:59.457 1082 1082 D SystemServerTiming: StartNotificationManager took to complete: 31ms
08-23 17:42:59.457 1082 1082 I SystemServerTiming: StartDeviceMonitor
08-23 17:42:59.457 1082 1082 I SystemServiceManager: Starting com.android.server.storage.DeviceStorageMonitorService
08-23 17:42:59.460 1082 1082 D SystemServerTiming: StartDeviceMonitor took to complete: 3ms
08-23 17:42:59.460 1082 1082 I SystemServerTiming: StartLocationManagerService
08-23 17:42:59.460 1082 1082 I SystemServiceManager: Starting com.android.server.location.LocationManagerService$Lifecycle
08-23 17:42:59.466 1082 1082 D SystemServerTiming: StartLocationManagerService took to complete: 6ms
08-23 17:42:59.467 1082 1082 I SystemServerTiming: StartCountryDetectorService
08-23 17:42:59.467 1082 1082 D SystemServerTiming: StartCountryDetectorService took to complete: 1ms
08-23 17:42:59.467 1082 1082 I SystemServerTiming: StartTimeDetectorService
08-23 17:42:59.468 1082 1082 I SystemServiceManager: Starting com.android.server.timedetector.TimeDetectorService$Lifecycle
08-23 17:42:59.469 1082 1082 D SystemServerTiming: StartTimeDetectorService took to complete: 2ms
08-23 17:42:59.469 1082 1082 I SystemServerTiming: StartTimeZoneDetectorService
08-23 17:42:59.469 1082 1082 I SystemServiceManager: Starting com.android.server.timezonedetector.TimeZoneDetectorService$Lifecycle
08-23 17:42:59.471 1082 1082 D SystemServerTiming: StartTimeZoneDetectorService took to complete: 2ms
08-23 17:42:59.471 1082 1082 I SystemServerTiming: StartLocationTimeZoneManagerService
08-23 17:42:59.472 1082 1082 I SystemServiceManager: Starting com.android.server.timezonedetector.location.LocationTimeZoneManagerService$Lifecycle
08-23 17:42:59.473 1082 1082 D SystemServerTiming: StartLocationTimeZoneManagerService took to complete: 1ms
08-23 17:42:59.473 1082 1082 I SystemServerTiming: StartSearchManagerService
08-23 17:42:59.473 1082 1082 I SystemServiceManager: Starting com.android.server.search.SearchManagerService$Lifecycle
08-23 17:42:59.474 1082 1082 D SystemServerTiming: StartSearchManagerService took to complete: 2ms
08-23 17:42:59.474 1082 1082 I SystemServerTiming: StartWallpaperManagerService
08-23 17:42:59.474 1082 1082 I SystemServiceManager: Starting com.android.server.wallpaper.WallpaperManagerService$Lifecycle
08-23 17:42:59.475 1082 1082 D SystemServerTiming: StartWallpaperManagerService took to complete: 1ms
08-23 17:42:59.475 1082 1082 I SystemServerTiming: StartAudioService
08-23 17:42:59.475 1082 1082 I SystemServiceManager: Starting com.android.server.audio.AudioService$Lifecycle
08-23 17:42:59.536 1082 1658 D SystemServerTimingAsync: SecondaryZygotePreload took to complete: 1814ms
08-23 17:42:59.536 1082 1658 D SystemServerInitThreadPool: Finished executing SecondaryZygotePreload
08-23 17:42:59.537 1082 1658 D SystemServerTimingAsync: InitThreadPoolExec:SecondaryZygotePreload took to complete: 1820ms
08-23 17:42:59.927 1082 1126 V HistoricalRegistry: Interaction before persistence initialized
08-23 17:43:00.029 1082 1082 D SystemServerTiming: StartAudioService took to complete: 554ms
08-23 17:43:00.029 1082 1082 I SystemServerTiming: StartSoundTriggerMiddlewareService
08-23 17:43:00.029 1082 1082 I SystemServiceManager: Starting com.android.server.soundtrigger_middleware.SoundTriggerMiddlewareService$Lifecycle
08-23 17:43:00.035 1082 1082 D SystemServerTiming: StartSoundTriggerMiddlewareService took to complete: 6ms
08-23 17:43:00.035 1082 1082 I SystemServerTiming: StartDockObserver
08-23 17:43:00.035 1082 1082 I SystemServiceManager: Starting com.android.server.DockObserver
08-23 17:43:00.035 1082 1082 W DockObserver: This kernel does not have dock station support
08-23 17:43:00.036 1082 1082 D SystemServerTiming: StartDockObserver took to complete: 1ms
08-23 17:43:00.036 1082 1082 I SystemServerTiming: StartWiredAccessoryManager
08-23 17:43:00.037 1082 1082 W WiredAccessoryManager: This kernel does not have usb audio support
08-23 17:43:00.037 1082 1082 W WiredAccessoryManager: This kernel does not have HDMI audio support
08-23 17:43:00.038 1082 1082 E WiredAccessoryManager: file /sys/devices/platform/soc/soc:qcom,msm-ext-disp/extcon/extcon3/name not found
08-23 17:43:00.038 1082 1082 W WiredAccessoryManager: Conn soc:qcom,msm-ext-disp/3/0 does not have DP audio support
08-23 17:43:00.038 1082 1082 E WiredAccessoryManager: file /sys/devices/platform/soc/soc:qcom,msm-ext-disp/extcon/extcon2/name not found
08-23 17:43:00.038 1082 1082 W WiredAccessoryManager: Conn soc:qcom,msm-ext-disp/2/0 does not have DP audio support
08-23 17:43:00.039 1082 1082 E WiredAccessoryManager: set dev_index 1
08-23 17:43:00.040 1082 1082 W WiredAccessoryManager: checkCableIndex set cable 0
08-23 17:43:00.041 1082 1082 E WiredAccessoryManager: set dev_index 0
08-23 17:43:00.041 1082 1082 W WiredAccessoryManager: checkCableIndex set cable 0
08-23 17:43:00.042 1082 1082 D SystemServerTiming: StartWiredAccessoryManager took to complete: 5ms
08-23 17:43:00.042 1082 1082 I SystemServerTiming: StartMidiManager
08-23 17:43:00.042 1082 1082 I SystemServiceManager: Starting com.android.server.midi.MidiService$Lifecycle
08-23 17:43:00.043 1082 1082 D SystemServerTiming: StartMidiManager took to complete: 2ms
08-23 17:43:00.043 1082 1082 I SystemServerTiming: StartAdbService
08-23 17:43:00.043 1082 1082 I SystemServiceManager: Starting com.android.server.adb.AdbService$Lifecycle
08-23 17:43:00.044 1082 1082 D SystemServerTiming: StartAdbService took to complete: 1ms
08-23 17:43:00.044 1082 1082 I SystemServerTiming: StartUsbService
08-23 17:43:00.045 1082 1082 I SystemServiceManager: Starting com.android.server.usb.UsbService$Lifecycle
08-23 17:43:00.045 1082 1082 D SystemServerTiming: StartUsbService took to complete: 0ms
08-23 17:43:00.045 1082 1189 I SystemServerTimingAsync: InitThreadPoolExec:UsbService$Lifecycle#onStart
08-23 17:43:00.045 1082 1189 D SystemServerInitThreadPool: Started executing UsbService$Lifecycle#onStart
08-23 17:43:00.046 1082 1189 E UsbDeviceManager: failed to write to /sys/class/android_usb/android0/f_rndis/ethaddr
08-23 17:43:00.047 1082 1082 I SystemServerTiming: StartSerialService
08-23 17:43:00.047 1082 1189 I UsbDeviceManager: USB GADGET HAL not present in the device
08-23 17:43:00.047 1082 1189 I UsbDeviceManager: java.util.NoSuchElementException
08-23 17:43:00.047 1082 1189 I UsbDeviceManager: at android.os.HwBinder.getService(Native Method)
08-23 17:43:00.047 1082 1189 I UsbDeviceManager: at android.hardware.usb.gadget.V1_0.IUsbGadget.getService(IUsbGadget.java:57)
08-23 17:43:00.047 1082 1189 I UsbDeviceManager: at android.hardware.usb.gadget.V1_0.IUsbGadget.getService(IUsbGadget.java:64)
08-23 17:43:00.047 1082 1189 I UsbDeviceManager: at com.android.server.usb.UsbDeviceManager.(UsbDeviceManager.java:293)
08-23 17:43:00.047 1082 1189 I UsbDeviceManager: at com.android.server.usb.UsbService.(UsbService.java:178)
08-23 17:43:00.047 1082 1189 I UsbDeviceManager: at com.android.server.usb.UsbService$Lifecycle.lambda$onStart$0$UsbService$Lifecycle(UsbService.java:92)
08-23 17:43:00.047 1082 1189 I UsbDeviceManager: at com.android.server.usb.UsbService$Lifecycle$$ExternalSyntheticLambda1.run(Unknown Source:2)
08-23 17:43:00.047 1082 1189 I UsbDeviceManager: at com.android.server.SystemServerInitThreadPool.lambda$submitTask$0$SystemServerInitThreadPool(SystemServerInitThreadPool.java:105)
08-23 17:43:00.047 1082 1189 I UsbDeviceManager: at com.android.server.SystemServerInitThreadPool$$ExternalSyntheticLambda0.run(Unknown Source:6)
08-23 17:43:00.047 1082 1189 I UsbDeviceManager: at java.util.concurrent.Executors$RunnableAdapter.call(Executors.java:462)
08-23 17:43:00.047 1082 1189 I UsbDeviceManager: at java.util.concurrent.FutureTask.run(FutureTask.java:266)
08-23 17:43:00.047 1082 1189 I UsbDeviceManager: at java.util.concurrent.ThreadPoolExecutor.runWorker(ThreadPoolExecutor.java:1167)
08-23 17:43:00.047 1082 1189 I UsbDeviceManager: at java.util.concurrent.ThreadPoolExecutor$Worker.run(ThreadPoolExecutor.java:641)
08-23 17:43:00.047 1082 1189 I UsbDeviceManager: at com.android.internal.util.ConcurrentUtils$1$1.run(ConcurrentUtils.java:65)
08-23 17:43:00.047 1082 1189 E UsbDeviceManager: Failed to open control for mtp
08-23 17:43:00.047 1082 1189 E UsbDeviceManager: Failed to open control for ptp
08-23 17:43:00.047 1082 1082 D SystemServerTiming: StartSerialService took to complete: 0ms
08-23 17:43:00.048 1082 1082 I SystemServerTiming: StartHardwarePropertiesManagerService
08-23 17:43:00.051 1082 1189 W StorageManagerService: No primary storage defined yet; hacking together a stub
08-23 17:43:00.053 1082 1082 D SystemServerTiming: StartHardwarePropertiesManagerService took to complete: 6ms
08-23 17:43:00.053 1082 1082 I SystemServerTiming: StartTwilightService
08-23 17:43:00.053 1082 1082 I SystemServiceManager: Starting com.android.server.twilight.TwilightService
08-23 17:43:00.054 1082 1082 D SystemServerTiming: StartTwilightService took to complete: 0ms
08-23 17:43:00.054 1082 1082 I SystemServerTiming: StartColorDisplay
08-23 17:43:00.054 1082 1082 I SystemServiceManager: Starting com.android.server.display.color.ColorDisplayService
08-23 17:43:00.055 1082 1082 D SystemServerTiming: StartColorDisplay took to complete: 1ms
08-23 17:43:00.055 1082 1082 I SystemServerTiming: StartJobScheduler
08-23 17:43:00.056 1082 1082 I SystemServiceManager: Starting com.android.server.job.JobSchedulerService
08-23 17:43:00.059 1082 1696 I UsbPortManager: Usb hal service started android.hardware.usb@1.0::IUsb default
08-23 17:43:00.063 1082 1082 D JobStore: Start tag: job-info
08-23 17:43:00.065 1082 1082 I JobStore: Read 5 jobs
08-23 17:43:00.069 1082 1696 I UsbPortManager: USB HAL version: 12
08-23 17:43:00.071 1082 1082 V HistoricalRegistry: Interaction before persistence initialized
08-23 17:43:00.071 1082 1082 V HistoricalRegistry: Interaction before persistence initialized
08-23 17:43:00.071 1082 1082 W JobScheduler: !!! RTC not yet good; tracking time updates for job scheduling
08-23 17:43:00.072 1082 1082 D SystemServerTiming: StartJobScheduler took to complete: 17ms
08-23 17:43:00.072 1082 1082 I SystemServerTiming: StartSoundTrigger
08-23 17:43:00.072 1082 1082 I SystemServiceManager: Starting com.android.server.soundtrigger.SoundTriggerService
08-23 17:43:00.073 1082 1189 D SystemServerInitThreadPool: Finished executing UsbService$Lifecycle#onStart
08-23 17:43:00.073 1082 1189 D SystemServerTimingAsync: InitThreadPoolExec:UsbService$Lifecycle#onStart took to complete: 27ms
08-23 17:43:00.073 1082 1082 D SystemServerTiming: StartSoundTrigger took to complete: 1ms
08-23 17:43:00.073 1082 1082 I SystemServerTiming: StartTrustManager
08-23 17:43:00.073 1082 1082 I SystemServiceManager: Starting com.android.server.trust.TrustManagerService
08-23 17:43:00.074 1082 1082 D SystemServerTiming: StartTrustManager took to complete: 1ms
08-23 17:43:00.074 1082 1082 I SystemServerTiming: StartBackupManager
08-23 17:43:00.074 1082 1082 I SystemServiceManager: Starting com.android.server.backup.BackupManagerService$Lifecycle
08-23 17:43:00.076 1082 1082 D SystemServerTiming: StartBackupManager took to complete: 2ms
08-23 17:43:00.076 1082 1082 I SystemServerTiming: StartAppWidgetService
08-23 17:43:00.076 1082 1082 I SystemServiceManager: Starting com.android.server.appwidget.AppWidgetService
08-23 17:43:00.081 1082 1082 D SystemServerTiming: StartAppWidgetService took to complete: 4ms
08-23 17:43:00.081 1082 1082 I SystemServerTiming: StartVoiceRecognitionManager
08-23 17:43:00.081 1082 1082 I SystemServiceManager: Starting com.android.server.voiceinteraction.VoiceInteractionManagerService
08-23 17:43:00.090 1082 1082 D SystemServerTiming: StartVoiceRecognitionManager took to complete: 9ms
08-23 17:43:00.090 1082 1082 I SystemServerTiming: StartAppHibernationService
08-23 17:43:00.090 1082 1082 I SystemServiceManager: Starting com.android.server.apphibernation.AppHibernationService
08-23 17:43:00.092 1082 1082 D SystemServerTiming: StartAppHibernationService took to complete: 2ms
08-23 17:43:00.092 1082 1082 I SystemServerTiming: StartGestureLauncher
08-23 17:43:00.092 1082 1082 I SystemServiceManager: Starting com.android.server.GestureLauncherService
08-23 17:43:00.092 1082 1082 D SystemServerTiming: StartGestureLauncher took to complete: 0ms
08-23 17:43:00.092 1082 1082 I SystemServerTiming: StartSensorNotification
08-23 17:43:00.092 1082 1082 I SystemServiceManager: Starting com.android.server.SensorNotificationService
08-23 17:43:00.093 1082 1082 D SystemServerTiming: StartSensorNotification took to complete: 0ms
08-23 17:43:00.093 1082 1082 I SystemServerTiming: StartDiskStatsService
08-23 17:43:00.095 1082 1082 D SystemServerTiming: StartDiskStatsService took to complete: 3ms
08-23 17:43:00.095 1082 1082 I SystemServerTiming: RuntimeService
08-23 17:43:00.096 1082 1082 D SystemServerTiming: RuntimeService took to complete: 1ms
08-23 17:43:00.096 1082 1082 I SystemServerTiming: StartNetworkTimeUpdateService
08-23 17:43:00.098 1082 1082 D SystemServerTiming: StartNetworkTimeUpdateService took to complete: 2ms
08-23 17:43:00.098 1082 1082 I SystemServerTiming: CertBlacklister
08-23 17:43:00.099 1082 1082 D SystemServerTiming: CertBlacklister took to complete: 0ms
08-23 17:43:00.099 1082 1082 I SystemServerTiming: StartEmergencyAffordanceService
08-23 17:43:00.099 1082 1082 I SystemServiceManager: Starting com.android.server.emergency.EmergencyAffordanceService
08-23 17:43:00.100 1082 1082 D SystemServerTiming: StartEmergencyAffordanceService took to complete: 0ms
08-23 17:43:00.100 1082 1082 I SystemServerTiming: startBlobStoreManagerService
08-23 17:43:00.100 1082 1082 I SystemServiceManager: Starting com.android.server.blob.BlobStoreManagerService
08-23 17:43:00.102 1082 1082 D SystemServerTiming: startBlobStoreManagerService took to complete: 3ms
08-23 17:43:00.102 1082 1082 I SystemServerTiming: StartDreamManager
08-23 17:43:00.102 1082 1082 I SystemServiceManager: Starting com.android.server.dreams.DreamManagerService
08-23 17:43:00.103 1082 1082 D SystemServerTiming: StartDreamManager took to complete: 1ms
08-23 17:43:00.103 1082 1082 I SystemServerTiming: AddGraphicsStatsService
08-23 17:43:00.108 1082 1082 D SystemServerTiming: AddGraphicsStatsService took to complete: 4ms
08-23 17:43:00.108 1082 1082 I SystemServerTiming: StartCompanionDeviceManager
08-23 17:43:00.108 1082 1082 I SystemServiceManager: Starting com.android.server.companion.CompanionDeviceManagerService
08-23 17:43:00.110 1082 1082 D SystemServerTiming: StartCompanionDeviceManager took to complete: 2ms
08-23 17:43:00.110 1082 1082 I SystemServerTiming: StartRestrictionManager
08-23 17:43:00.110 1082 1082 I SystemServiceManager: Starting com.android.server.restrictions.RestrictionsManagerService
08-23 17:43:00.112 1082 1082 D SystemServerTiming: StartRestrictionManager took to complete: 2ms
08-23 17:43:00.112 1082 1082 I SystemServerTiming: StartMediaSessionService
08-23 17:43:00.112 1082 1082 I SystemServiceManager: Starting com.android.server.media.MediaSessionService
08-23 17:43:00.116 1082 1082 D SystemServerTiming: StartMediaSessionService took to complete: 4ms
08-23 17:43:00.116 1082 1082 I SystemServerTiming: StartMediaResourceMonitor
08-23 17:43:00.116 1082 1082 I SystemServiceManager: Starting com.android.server.media.MediaResourceMonitorService
08-23 17:43:00.117 1082 1082 D SystemServerTiming: StartMediaResourceMonitor took to complete: 1ms
08-23 17:43:00.117 1082 1082 I SystemServerTiming: StartMediaRouterService
08-23 17:43:00.117 1082 1082 V HistoricalRegistry: Interaction before persistence initialized
08-23 17:43:00.119 1082 1082 D SystemServerTiming: StartMediaRouterService took to complete: 2ms
08-23 17:43:00.119 1082 1082 I SystemServerTiming: StartFingerprintSensor
08-23 17:43:00.119 1082 1082 I SystemServiceManager: Starting com.android.server.biometrics.sensors.fingerprint.FingerprintService
08-23 17:43:00.120 1082 1082 D SystemServerTiming: StartFingerprintSensor took to complete: 1ms
08-23 17:43:00.120 1082 1082 I SystemServerTiming: StartBiometricService
08-23 17:43:00.120 1082 1082 I SystemServiceManager: Starting com.android.server.biometrics.BiometricService
08-23 17:43:00.123 1082 1082 D SystemServerTiming: StartBiometricService took to complete: 2ms
08-23 17:43:00.123 1082 1082 I SystemServerTiming: StartAuthService
08-23 17:43:00.123 1082 1082 I SystemServiceManager: Starting com.android.server.biometrics.AuthService
08-23 17:43:00.123 1082 1082 D AuthService: Registering HIDL ID: 0 Modality: 2 Strength: 15
08-23 17:43:00.124 1082 1082 D AuthService: Registering HIDL ID: 1 Modality: 8 Strength: 15
08-23 17:43:00.128 1082 1082 E AuthService: HIDL face configuration exists, but FaceService is null.
08-23 17:43:00.130 1082 1082 D SystemServerTiming: StartAuthService took to complete: 8ms
08-23 17:43:00.130 1082 1082 I SystemServerTiming: StartBackgroundDexOptService
08-23 17:43:00.130 1082 1082 W BackgroundDexOptService: SysProp pm.dexopt.downgrade_after_inactive_days not set
08-23 17:43:00.131 1082 1082 D SystemServerTiming: StartBackgroundDexOptService took to complete: 0ms
08-23 17:43:00.131 1082 1082 I SystemServerTiming: StartDynamicCodeLoggingService
08-23 17:43:00.132 1082 1082 D SystemServerTiming: StartDynamicCodeLoggingService took to complete: 1ms
08-23 17:43:00.132 1082 1082 I SystemServerTiming: StartPruneInstantAppsJobService
08-23 17:43:00.132 1082 1082 D SystemServerTiming: StartPruneInstantAppsJobService took to complete: 0ms
08-23 17:43:00.132 1082 1082 I SystemServerTiming: StartShortcutServiceLifecycle
08-23 17:43:00.132 1082 1082 I SystemServiceManager: Starting com.android.server.pm.ShortcutService$Lifecycle
08-23 17:43:00.134 1082 1082 V HistoricalRegistry: Interaction before persistence initialized
08-23 17:43:00.146 1082 1082 D SystemServerTiming: StartShortcutServiceLifecycle took to complete: 13ms
08-23 17:43:00.146 1082 1082 I SystemServerTiming: StartLauncherAppsService
08-23 17:43:00.146 1082 1082 I SystemServiceManager: Starting com.android.server.pm.LauncherAppsService
08-23 17:43:00.148 1082 1082 D SystemServerTiming: StartLauncherAppsService took to complete: 2ms
08-23 17:43:00.148 1082 1082 I SystemServerTiming: StartCrossProfileAppsService
08-23 17:43:00.148 1082 1082 I SystemServiceManager: Starting com.android.server.pm.CrossProfileAppsService
08-23 17:43:00.149 1082 1082 D SystemServerTiming: StartCrossProfileAppsService took to complete: 2ms
08-23 17:43:00.149 1082 1082 I SystemServerTiming: StartPeopleService
08-23 17:43:00.149 1082 1082 I SystemServiceManager: Starting com.android.server.people.PeopleService
08-23 17:43:00.150 1082 1082 D SystemServerTiming: StartPeopleService took to complete: 1ms
08-23 17:43:00.150 1082 1082 I SystemServerTiming: StartMediaMetricsManager
08-23 17:43:00.150 1082 1082 I SystemServiceManager: Starting com.android.server.media.metrics.MediaMetricsManagerService
08-23 17:43:00.152 1082 1082 D SystemServerTiming: StartMediaMetricsManager took to complete: 1ms
08-23 17:43:00.152 1082 1082 I SystemServerTiming: StartMediaProjectionManager
08-23 17:43:00.152 1082 1082 I SystemServiceManager: Starting com.android.server.media.projection.MediaProjectionManagerService
08-23 17:43:00.154 1082 1845 D BiometricService: Registering ID: 0 Modality: 2 Strength: 15
08-23 17:43:00.155 1082 1082 D SystemServerTiming: StartMediaProjectionManager took to complete: 3ms
08-23 17:43:00.155 1082 1082 I SystemServerTiming: StartSliceManagerService
08-23 17:43:00.155 1082 1082 I SystemServiceManager: Starting com.android.server.slice.SliceManagerService$Lifecycle
08-23 17:43:00.156 1082 1845 D BiometricStrengthController: updateStrengths: revert sensorId=0 to oemStrength=15
08-23 17:43:00.156 1082 1845 D BiometricService/Sensor: updateStrength: Before(ID(0), oemStrength: 15, updatedStrength: 15, modality 2, state: 0, cookie: 0, props: ID: 0, Strength: 2, Type: 1) After(ID(0), oemStrength: 15, updatedStrength: 15, modality 2, state: 0, cookie: 0, props: ID: 0, Strength: 2, Type: 1)
08-23 17:43:00.158 1082 1082 D SystemServerTiming: StartSliceManagerService took to complete: 3ms
08-23 17:43:00.158 1082 1082 I SystemServerTiming: StartStatsCompanion
08-23 17:43:00.170 1082 1082 I SystemServiceManager: Starting com.android.server.stats.StatsCompanion$Lifecycle
08-23 17:43:00.173 1082 1082 D SystemServerTiming: StartStatsCompanion took to complete: 16ms
08-23 17:43:00.173 1082 1082 I SystemServerTiming: StartRebootReadinessManagerService
08-23 17:43:00.187 1082 1082 I SystemServiceManager: Starting com.android.server.scheduling.RebootReadinessManagerService$Lifecycle
08-23 17:43:00.194 1082 1082 D SystemServerTiming: StartRebootReadinessManagerService took to complete: 21ms
08-23 17:43:00.194 1082 1082 I SystemServerTiming: StartStatsPullAtomService
08-23 17:43:00.195 1082 1082 I SystemServiceManager: Starting com.android.server.stats.pull.StatsPullAtomService
08-23 17:43:00.195 1082 1082 D SystemServerTiming: StartStatsPullAtomService took to complete: 1ms
08-23 17:43:00.195 1082 1082 I SystemServerTiming: StartIncidentCompanionService
08-23 17:43:00.195 1082 1082 I SystemServiceManager: Starting com.android.server.incident.IncidentCompanionService
08-23 17:43:00.196 1082 1082 D SystemServerTiming: StartIncidentCompanionService took to complete: 0ms
08-23 17:43:00.196 1082 1082 I SystemServerTiming: StartMmsService
08-23 17:43:00.196 1082 1082 I SystemServiceManager: Starting com.android.server.MmsServiceBroker
08-23 17:43:00.196 1082 1082 D SystemServerTiming: StartMmsService took to complete: 1ms
08-23 17:43:00.197 1082 1082 I SystemServerTiming: StartAutoFillService
08-23 17:43:00.197 1082 1082 I SystemServiceManager: Starting com.android.server.autofill.AutofillManagerService
08-23 17:43:00.198 1082 1082 D AutofillManagerService: setLogLevelFromSettings(): level=2, debug=true, verbose=false
08-23 17:43:00.198 1082 1082 D AutofillManagerService: setMaxPartitionsFromSettings(): 10
08-23 17:43:00.198 1082 1082 D AutofillManagerService: setMaxVisibleDatasetsFromSettings(): 0
08-23 17:43:00.199 1082 1183 D AutofillUI: destroySaveUiUiThread(): already destroyed
08-23 17:43:00.199 1082 1082 D AutofillManagerServiceImpl: Reset component for user 0:
08-23 17:43:00.200 1082 1082 D SystemServerTiming: StartAutoFillService took to complete: 4ms
08-23 17:43:00.200 1082 1082 D SystemServer: TranslationService not defined by OEM
08-23 17:43:00.200 1082 1082 I SystemServerTiming: StartClipboardService
08-23 17:43:00.200 1082 1082 I SystemServiceManager: Starting com.android.server.clipboard.ClipboardService
08-23 17:43:00.203 1082 1082 D SystemServerTiming: StartClipboardService took to complete: 3ms
08-23 17:43:00.203 1082 1082 I SystemServerTiming: AppServiceManager
08-23 17:43:00.203 1082 1082 I SystemServiceManager: Starting com.android.server.appbinding.AppBindingService$Lifecycle
08-23 17:43:00.205 1082 1082 D SystemServerTiming: AppServiceManager took to complete: 2ms
08-23 17:43:00.205 1082 1082 I SystemServerTiming: startTracingServiceProxy
08-23 17:43:00.205 1082 1082 I SystemServiceManager: Starting com.android.server.tracing.TracingServiceProxy
08-23 17:43:00.206 1082 1082 D SystemServerTiming: startTracingServiceProxy took to complete: 1ms
08-23 17:43:00.206 1082 1082 I SystemServerTiming: MakeLockSettingsServiceReady
08-23 17:43:00.217 1082 1082 I SyntheticPasswordManager: Device does not support weaver
08-23 17:43:00.218 1082 1082 I LockSettingsService: Device doesn't implement AuthSecret HAL
08-23 17:43:00.219 1082 1082 D SystemServerTiming: MakeLockSettingsServiceReady took to complete: 13ms
08-23 17:43:00.219 1082 1082 I SystemServerTiming: StartBootPhaseLockSettingsReady
08-23 17:43:00.219 1082 1082 I SystemServiceManager: Starting phase 480
08-23 17:43:00.220 1082 1082 I SystemServerTiming: OnBootPhase_480
08-23 17:43:00.220 1082 1082 I SystemServerTiming: OnBootPhase_480_com.android.server.security.FileIntegrityService
08-23 17:43:00.220 1082 1082 D SystemServerTiming: OnBootPhase_480_com.android.server.security.FileIntegrityService took to complete: 0ms
08-23 17:43:00.220 1082 1082 I SystemServerTiming: OnBootPhase_480_com.android.server.pm.Installer
08-23 17:43:00.220 1082 1082 D SystemServerTiming: OnBootPhase_480_com.android.server.pm.Installer took to complete: 0ms
08-23 17:43:00.220 1082 1082 I SystemServerTiming: OnBootPhase_480_com.android.server.os.DeviceIdentifiersPolicyService
08-23 17:43:00.220 1082 1082 D SystemServerTiming: OnBootPhase_480_com.android.server.os.DeviceIdentifiersPolicyService took to complete: 0ms
08-23 17:43:00.220 1082 1082 I SystemServerTiming: OnBootPhase_480_com.android.server.uri.UriGrantsManagerService$Lifecycle
08-23 17:43:00.220 1082 1082 D SystemServerTiming: OnBootPhase_480_com.android.server.uri.UriGrantsManagerService$Lifecycle took to complete: 0ms
08-23 17:43:00.220 1082 1082 I SystemServerTiming: OnBootPhase_480_com.android.server.powerstats.PowerStatsService
08-23 17:43:00.220 1082 1082 D SystemServerTiming: OnBootPhase_480_com.android.server.powerstats.PowerStatsService took to complete: 0ms
08-23 17:43:00.220 1082 1082 I SystemServerTiming: OnBootPhase_480_com.android.server.wm.ActivityTaskManagerService$Lifecycle
08-23 17:43:00.220 1082 1082 D SystemServerTiming: OnBootPhase_480_com.android.server.wm.ActivityTaskManagerService$Lifecycle took to complete: 0ms
08-23 17:43:00.220 1082 1082 I SystemServerTiming: OnBootPhase_480_com.android.server.am.ActivityManagerService$Lifecycle
08-23 17:43:00.220 1082 1082 D SystemServerTiming: OnBootPhase_480_com.android.server.am.ActivityManagerService$Lifecycle took to complete: 0ms
08-23 17:43:00.220 1082 1082 I SystemServerTiming: OnBootPhase_480_com.android.server.pm.DataLoaderManagerService
08-23 17:43:00.220 1082 1082 D SystemServerTiming: OnBootPhase_480_com.android.server.pm.DataLoaderManagerService took to complete: 0ms
08-23 17:43:00.220 1082 1082 I SystemServerTiming: OnBootPhase_480_com.android.server.power.PowerManagerService
08-23 17:43:00.220 1082 1082 D SystemServerTiming: OnBootPhase_480_com.android.server.power.PowerManagerService took to complete: 0ms
08-23 17:43:00.220 1082 1082 I SystemServerTiming: OnBootPhase_480_com.android.server.power.ThermalManagerService
08-23 17:43:00.220 1082 1082 D SystemServerTiming: OnBootPhase_480_com.android.server.power.ThermalManagerService took to complete: 0ms
08-23 17:43:00.220 1082 1082 I SystemServerTiming: OnBootPhase_480_com.android.server.power.hint.HintManagerService
08-23 17:43:00.220 1082 1082 D SystemServerTiming: OnBootPhase_480_com.android.server.power.hint.HintManagerService took to complete: 0ms
08-23 17:43:00.220 1082 1082 I SystemServerTiming: OnBootPhase_480_com.android.server.recoverysystem.RecoverySystemService$Lifecycle
08-23 17:43:00.221 1082 1082 D SystemServerTiming: OnBootPhase_480_com.android.server.recoverysystem.RecoverySystemService$Lifecycle took to complete: 0ms
08-23 17:43:00.221 1082 1082 I SystemServerTiming: OnBootPhase_480_com.android.server.lights.LightsService
08-23 17:43:00.221 1082 1082 D SystemServerTiming: OnBootPhase_480_com.android.server.lights.LightsService took to complete: 0ms
08-23 17:43:00.221 1082 1082 I SystemServerTiming: OnBootPhase_480_com.android.server.display.DisplayManagerService
08-23 17:43:00.221 1082 1082 D SystemServerTiming: OnBootPhase_480_com.android.server.display.DisplayManagerService took to complete: 0ms
08-23 17:43:00.221 1082 1082 I SystemServerTiming: OnBootPhase_480_com.android.server.pm.verify.domain.DomainVerificationService
08-23 17:43:00.221 1082 1082 D SystemServerTiming: OnBootPhase_480_com.android.server.pm.verify.domain.DomainVerificationService took to complete: 0ms
08-23 17:43:00.221 1082 1082 I SystemServerTiming: OnBootPhase_480_com.android.server.pm.PackageInstallerService$Lifecycle
08-23 17:43:00.221 1082 1082 D SystemServerTiming: OnBootPhase_480_com.android.server.pm.PackageInstallerService$Lifecycle took to complete: 0ms
08-23 17:43:00.221 1082 1082 I SystemServerTiming: OnBootPhase_480_com.android.server.pm.UserManagerService$LifeCycle
08-23 17:43:00.221 1082 1082 D SystemServerTiming: OnBootPhase_480_com.android.server.pm.UserManagerService$LifeCycle took to complete: 0ms
08-23 17:43:00.221 1082 1082 I SystemServerTiming: OnBootPhase_480_com.android.server.om.OverlayManagerService
08-23 17:43:00.221 1082 1082 D SystemServerTiming: OnBootPhase_480_com.android.server.om.OverlayManagerService took to complete: 0ms
08-23 17:43:00.221 1082 1082 I SystemServerTiming: OnBootPhase_480_com.android.server.SensorPrivacyService
08-23 17:43:00.221 1082 1082 D SystemServerTiming: OnBootPhase_480_com.android.server.SensorPrivacyService took to complete: 0ms
08-23 17:43:00.221 1082 1082 I SystemServerTiming: OnBootPhase_480_com.android.server.sensors.SensorService
08-23 17:43:00.221 1082 1082 D SystemServerTiming: OnBootPhase_480_com.android.server.sensors.SensorService took to complete: 0ms
08-23 17:43:00.221 1082 1082 I SystemServerTiming: OnBootPhase_480_com.android.server.SystemConfigService
08-23 17:43:00.221 1082 1082 D SystemServerTiming: OnBootPhase_480_com.android.server.SystemConfigService took to complete: 0ms
08-23 17:43:00.221 1082 1082 I SystemServerTiming: OnBootPhase_480_com.android.server.BatteryService
08-23 17:43:00.221 1082 1082 D SystemServerTiming: OnBootPhase_480_com.android.server.BatteryService took to complete: 0ms
08-23 17:43:00.221 1082 1082 I SystemServerTiming: OnBootPhase_480_com.android.server.usage.UsageStatsService
08-23 17:43:00.221 1082 1082 D SystemServerTiming: OnBootPhase_480_com.android.server.usage.UsageStatsService took to complete: 0ms
08-23 17:43:00.222 1082 1082 I SystemServerTiming: OnBootPhase_480_com.android.server.webkit.WebViewUpdateService
08-23 17:43:00.222 1082 1082 D SystemServerTiming: OnBootPhase_480_com.android.server.webkit.WebViewUpdateService took to complete: 0ms
08-23 17:43:00.222 1082 1082 I SystemServerTiming: OnBootPhase_480_com.android.server.CachedDeviceStateService
08-23 17:43:00.222 1082 1082 D SystemServerTiming: OnBootPhase_480_com.android.server.CachedDeviceStateService took to complete: 0ms
08-23 17:43:00.222 1082 1082 I SystemServerTiming: OnBootPhase_480_com.android.server.BinderCallsStatsService$LifeCycle
08-23 17:43:00.222 1082 1082 D SystemServerTiming: OnBootPhase_480_com.android.server.BinderCallsStatsService$LifeCycle took to complete: 0ms
08-23 17:43:00.222 1082 1082 I SystemServerTiming: OnBootPhase_480_com.android.server.LooperStatsService$Lifecycle
08-23 17:43:00.222 1082 1082 D SystemServerTiming: OnBootPhase_480_com.android.server.LooperStatsService$Lifecycle took to complete: 0ms
08-23 17:43:00.222 1082 1082 I SystemServerTiming: OnBootPhase_480_com.android.server.rollback.RollbackManagerService
08-23 17:43:00.222 1082 1082 D SystemServerTiming: OnBootPhase_480_com.android.server.rollback.RollbackManagerService took to complete: 0ms
08-23 17:43:00.222 1082 1082 I SystemServerTiming: OnBootPhase_480_com.android.server.os.NativeTombstoneManagerService
08-23 17:43:00.222 1082 1082 D SystemServerTiming: OnBootPhase_480_com.android.server.os.NativeTombstoneManagerService took to complete: 0ms
08-23 17:43:00.222 1082 1082 I SystemServerTiming: OnBootPhase_480_com.android.server.os.BugreportManagerService
08-23 17:43:00.222 1082 1082 D SystemServerTiming: OnBootPhase_480_com.android.server.os.BugreportManagerService took to complete: 0ms
08-23 17:43:00.222 1082 1082 I SystemServerTiming: OnBootPhase_480_com.android.server.gpu.GpuService
08-23 17:43:00.222 1082 1082 D SystemServerTiming: OnBootPhase_480_com.android.server.gpu.GpuService took to complete: 0ms
08-23 17:43:00.222 1082 1082 I SystemServerTiming: OnBootPhase_480_com.android.server.security.KeyChainSystemService
08-23 17:43:00.222 1082 1082 D SystemServerTiming: OnBootPhase_480_com.android.server.security.KeyChainSystemService took to complete: 0ms
08-23 17:43:00.222 1082 1082 I SystemServerTiming: OnBootPhase_480_com.android.server.telecom.TelecomLoaderService
08-23 17:43:00.222 1082 1082 D SystemServerTiming: OnBootPhase_480_com.android.server.telecom.TelecomLoaderService took to complete: 0ms
08-23 17:43:00.223 1082 1082 I SystemServerTiming: OnBootPhase_480_com.android.server.accounts.AccountManagerService$Lifecycle
08-23 17:43:00.223 1082 1082 D SystemServerTiming: OnBootPhase_480_com.android.server.accounts.AccountManagerService$Lifecycle took to complete: 0ms
08-23 17:43:00.223 1082 1082 I SystemServerTiming: OnBootPhase_480_com.android.server.content.ContentService$Lifecycle
08-23 17:43:00.223 1082 1082 D SystemServerTiming: OnBootPhase_480_com.android.server.content.ContentService$Lifecycle took to complete: 0ms
08-23 17:43:00.223 1082 1082 I SystemServerTiming: OnBootPhase_480_com.android.server.DropBoxManagerService
08-23 17:43:00.223 1082 1082 D SystemServerTiming: OnBootPhase_480_com.android.server.DropBoxManagerService took to complete: 0ms
08-23 17:43:00.223 1082 1082 I SystemServerTiming: OnBootPhase_480_com.android.role.RoleService
08-23 17:43:00.223 1082 1082 D SystemServerTiming: OnBootPhase_480_com.android.role.RoleService took to complete: 0ms
08-23 17:43:00.223 1082 1082 I SystemServerTiming: OnBootPhase_480_com.android.server.vibrator.VibratorManagerService$Lifecycle
08-23 17:43:00.223 1082 1082 D SystemServerTiming: OnBootPhase_480_com.android.server.vibrator.VibratorManagerService$Lifecycle took to complete: 0ms
08-23 17:43:00.223 1082 1082 I SystemServerTiming: OnBootPhase_480_com.android.server.alarm.AlarmManagerService
08-23 17:43:00.223 1082 1082 D SystemServerTiming: OnBootPhase_480_com.android.server.alarm.AlarmManagerService took to complete: 0ms
08-23 17:43:00.223 1082 1082 I SystemServerTiming: OnBootPhase_480_com.android.server.devicestate.DeviceStateManagerService
08-23 17:43:00.223 1082 1082 D SystemServerTiming: OnBootPhase_480_com.android.server.devicestate.DeviceStateManagerService took to complete: 0ms
08-23 17:43:00.223 1082 1082 I SystemServerTiming: OnBootPhase_480_com.android.server.camera.CameraServiceProxy
08-23 17:43:00.223 1082 1082 D SystemServerTiming: OnBootPhase_480_com.android.server.camera.CameraServiceProxy took to complete: 0ms
08-23 17:43:00.223 1082 1082 I SystemServerTiming: OnBootPhase_480_com.android.server.BluetoothService
08-23 17:43:00.223 1082 1082 D SystemServerTiming: OnBootPhase_480_com.android.server.BluetoothService took to complete: 0ms
08-23 17:43:00.223 1082 1082 I SystemServerTiming: OnBootPhase_480_com.android.server.connectivity.IpConnectivityMetrics
08-23 17:43:00.223 1082 1082 D SystemServerTiming: OnBootPhase_480_com.android.server.connectivity.IpConnectivityMetrics took to complete: 0ms
08-23 17:43:00.223 1082 1082 I SystemServerTiming: OnBootPhase_480_com.android.server.net.watchlist.NetworkWatchlistService$Lifecycle
08-23 17:43:00.223 1082 1082 D SystemServerTiming: OnBootPhase_480_com.android.server.net.watchlist.NetworkWatchlistService$Lifecycle took to complete: 0ms
08-23 17:43:00.224 1082 1082 I SystemServerTiming: OnBootPhase_480_com.android.server.PinnerService
08-23 17:43:00.224 1082 1082 D SystemServerTiming: OnBootPhase_480_com.android.server.PinnerService took to complete: 0ms
08-23 17:43:00.224 1082 1082 I SystemServerTiming: OnBootPhase_480_com.google.android.startop.iorap.IorapForwardingService
08-23 17:43:00.224 1082 1082 D SystemServerTiming: OnBootPhase_480_com.google.android.startop.iorap.IorapForwardingService took to complete: 0ms
08-23 17:43:00.224 1082 1082 I SystemServerTiming: OnBootPhase_480_com.android.server.ActivityTriggerService
08-23 17:43:00.224 1082 1082 D SystemServerTiming: OnBootPhase_480_com.android.server.ActivityTriggerService took to complete: 0ms
08-23 17:43:00.224 1082 1082 I SystemServerTiming: OnBootPhase_480_com.android.server.integrity.AppIntegrityManagerService
08-23 17:43:00.224 1082 1082 D SystemServerTiming: OnBootPhase_480_com.android.server.integrity.AppIntegrityManagerService took to complete: 0ms
08-23 17:43:00.224 1082 1082 I SystemServerTiming: OnBootPhase_480_com.android.server.inputmethod.InputMethodManagerService$Lifecycle
08-23 17:43:00.224 1082 1082 D SystemServerTiming: OnBootPhase_480_com.android.server.inputmethod.InputMethodManagerService$Lifecycle took to complete: 0ms
08-23 17:43:00.224 1082 1082 I SystemServerTiming: OnBootPhase_480_com.android.server.accessibility.AccessibilityManagerService$Lifecycle
08-23 17:43:00.224 1082 1082 D SystemServerTiming: OnBootPhase_480_com.android.server.accessibility.AccessibilityManagerService$Lifecycle took to complete: 0ms
08-23 17:43:00.224 1082 1082 I SystemServerTiming: OnBootPhase_480_com.android.server.StorageManagerService$Lifecycle
08-23 17:43:00.224 1082 1082 D SystemServerTiming: OnBootPhase_480_com.android.server.StorageManagerService$Lifecycle took to complete: 0ms
08-23 17:43:00.224 1082 1082 I SystemServerTiming: OnBootPhase_480_com.android.server.usage.StorageStatsService$Lifecycle
08-23 17:43:00.224 1082 1082 D SystemServerTiming: OnBootPhase_480_com.android.server.usage.StorageStatsService$Lifecycle took to complete: 0ms
08-23 17:43:00.224 1082 1082 I SystemServerTiming: OnBootPhase_480_com.android.server.UiModeManagerService
08-23 17:43:00.224 1082 1082 D SystemServerTiming: OnBootPhase_480_com.android.server.UiModeManagerService took to complete: 0ms
08-23 17:43:00.224 1082 1082 I SystemServerTiming: OnBootPhase_480_com.android.server.locksettings.LockSettingsService$Lifecycle
08-23 17:43:00.224 1082 1082 D SystemServerTiming: OnBootPhase_480_com.android.server.locksettings.LockSettingsService$Lifecycle took to complete: 0ms
08-23 17:43:00.224 1082 1082 I SystemServerTiming: OnBootPhase_480_com.android.server.PersistentDataBlockService
08-23 17:43:00.224 1082 1082 D SystemServerTiming: OnBootPhase_480_com.android.server.PersistentDataBlockService took to complete: 0ms
08-23 17:43:00.224 1082 1082 I SystemServerTiming: OnBootPhase_480_com.android.server.testharness.TestHarnessModeService
08-23 17:43:00.225 1082 1082 D SystemServerTiming: OnBootPhase_480_com.android.server.testharness.TestHarnessModeService took to complete: 0ms
08-23 17:43:00.225 1082 1082 I SystemServerTiming: OnBootPhase_480_com.android.server.oemlock.OemLockService
08-23 17:43:00.225 1082 1082 D SystemServerTiming: OnBootPhase_480_com.android.server.oemlock.OemLockService took to complete: 0ms
08-23 17:43:00.225 1082 1082 I SystemServerTiming: OnBootPhase_480_com.android.server.DeviceIdleController
08-23 17:43:00.225 1082 1082 D SystemServerTiming: OnBootPhase_480_com.android.server.DeviceIdleController took to complete: 0ms
08-23 17:43:00.225 1082 1082 I SystemServerTiming: OnBootPhase_480_com.android.server.devicepolicy.DevicePolicyManagerService$Lifecycle
08-23 17:43:00.235 1082 1082 I DevicePolicyManager: Current version 2, latest version 2, not upgrading.
08-23 17:43:00.242 1082 1082 D SystemServerTiming: OnBootPhase_480_com.android.server.devicepolicy.DevicePolicyManagerService$Lifecycle took to complete: 17ms
08-23 17:43:00.243 1082 1631 I SystemServerTimingAsync: InitThreadPoolExec:DevicePolicyManager
08-23 17:43:00.243 1082 1631 D SystemServerInitThreadPool: Started executing DevicePolicyManager
08-23 17:43:00.243 1082 1082 I SystemServerTiming: OnBootPhase_480_com.android.server.texttospeech.TextToSpeechManagerService
08-23 17:43:00.243 1082 1082 D SystemServerTiming: OnBootPhase_480_com.android.server.texttospeech.TextToSpeechManagerService took to complete: 0ms
08-23 17:43:00.243 1082 1082 I SystemServerTiming: OnBootPhase_480_com.android.server.speech.SpeechRecognitionManagerService
08-23 17:43:00.243 1082 1631 D SystemServerInitThreadPool: Finished executing DevicePolicyManager
08-23 17:43:00.243 1082 1631 D SystemServerTimingAsync: InitThreadPoolExec:DevicePolicyManager took to complete: 1ms
08-23 17:43:00.243 1082 1082 D SystemServerTiming: OnBootPhase_480_com.android.server.speech.SpeechRecognitionManagerService took to complete: 0ms
08-23 17:43:00.243 1082 1082 I SystemServerTiming: OnBootPhase_480_com.android.server.searchui.SearchUiManagerService
08-23 17:43:00.243 1082 1082 D SystemServerTiming: OnBootPhase_480_com.android.server.searchui.SearchUiManagerService took to complete: 0ms
08-23 17:43:00.243 1082 1082 I SystemServerTiming: OnBootPhase_480_com.android.server.smartspace.SmartspaceManagerService
08-23 17:43:00.243 1082 1082 D SystemServerTiming: OnBootPhase_480_com.android.server.smartspace.SmartspaceManagerService took to complete: 0ms
08-23 17:43:00.243 1082 1082 I SystemServerTiming: OnBootPhase_480_com.android.server.graphics.fonts.FontManagerService$Lifecycle
08-23 17:43:00.244 1082 1082 D SystemServerTiming: OnBootPhase_480_com.android.server.graphics.fonts.FontManagerService$Lifecycle took to complete: 0ms
08-23 17:43:00.244 1082 1082 I SystemServerTiming: OnBootPhase_480_com.android.server.textservices.TextServicesManagerService$Lifecycle
08-23 17:43:00.244 1082 1082 D SystemServerTiming: OnBootPhase_480_com.android.server.textservices.TextServicesManagerService$Lifecycle took to complete: 0ms
08-23 17:43:00.244 1082 1082 I SystemServerTiming: OnBootPhase_480_com.android.server.textclassifier.TextClassificationManagerService$Lifecycle
08-23 17:43:00.244 1082 1082 D SystemServerTiming: OnBootPhase_480_com.android.server.textclassifier.TextClassificationManagerService$Lifecycle took to complete: 0ms
08-23 17:43:00.244 1082 1082 I SystemServerTiming: OnBootPhase_480_com.android.server.NetworkScoreService$Lifecycle
08-23 17:43:00.244 1082 1082 D SystemServerTiming: OnBootPhase_480_com.android.server.NetworkScoreService$Lifecycle took to complete: 0ms
08-23 17:43:00.244 1082 1082 I SystemServerTiming: OnBootPhase_480_com.android.server.wifi.WifiService
08-23 17:43:00.244 1082 1082 D SystemServerTiming: OnBootPhase_480_com.android.server.wifi.WifiService took to complete: 0ms
08-23 17:43:00.244 1082 1082 I SystemServerTiming: OnBootPhase_480_com.android.server.wifi.scanner.WifiScanningService
08-23 17:43:00.244 1082 1082 D SystemServerTiming: OnBootPhase_480_com.android.server.wifi.scanner.WifiScanningService took to complete: 0ms
08-23 17:43:00.244 1082 1082 I SystemServerTiming: OnBootPhase_480_com.android.server.wifi.rtt.RttService
08-23 17:43:00.244 1082 1082 D SystemServerTiming: OnBootPhase_480_com.android.server.wifi.rtt.RttService took to complete: 0ms
08-23 17:43:00.244 1082 1082 I SystemServerTiming: OnBootPhase_480_com.android.server.wifi.aware.WifiAwareService
08-23 17:43:00.244 1082 1082 D SystemServerTiming: OnBootPhase_480_com.android.server.wifi.aware.WifiAwareService took to complete: 0ms
08-23 17:43:00.244 1082 1082 I SystemServerTiming: OnBootPhase_480_com.android.server.wifi.p2p.WifiP2pService
08-23 17:43:00.244 1082 1082 D SystemServerTiming: OnBootPhase_480_com.android.server.wifi.p2p.WifiP2pService took to complete: 0ms
08-23 17:43:00.244 1082 1082 I SystemServerTiming: OnBootPhase_480_com.android.server.ethernet.EthernetService
08-23 17:43:00.245 1082 1082 D SystemServerTiming: OnBootPhase_480_com.android.server.ethernet.EthernetService took to complete: 0ms
08-23 17:43:00.245 1082 1082 I SystemServerTiming: OnBootPhase_480_com.android.server.ConnectivityServiceInitializer
08-23 17:43:00.245 1082 1082 D SystemServerTiming: OnBootPhase_480_com.android.server.ConnectivityServiceInitializer took to complete: 0ms
08-23 17:43:00.245 1082 1082 I SystemServerTiming: OnBootPhase_480_com.android.server.notification.NotificationManagerService
08-23 17:43:00.245 1082 1082 D SystemServerTiming: OnBootPhase_480_com.android.server.notification.NotificationManagerService took to complete: 0ms
08-23 17:43:00.245 1082 1082 I SystemServerTiming: OnBootPhase_480_com.android.server.storage.DeviceStorageMonitorService
08-23 17:43:00.245 1082 1082 D SystemServerTiming: OnBootPhase_480_com.android.server.storage.DeviceStorageMonitorService took to complete: 0ms
08-23 17:43:00.245 1082 1082 I SystemServerTiming: OnBootPhase_480_com.android.server.location.LocationManagerService$Lifecycle
08-23 17:43:00.245 1082 1082 D SystemServerTiming: OnBootPhase_480_com.android.server.location.LocationManagerService$Lifecycle took to complete: 0ms
08-23 17:43:00.245 1082 1082 I SystemServerTiming: OnBootPhase_480_com.android.server.timedetector.TimeDetectorService$Lifecycle
08-23 17:43:00.245 1082 1082 D SystemServerTiming: OnBootPhase_480_com.android.server.timedetector.TimeDetectorService$Lifecycle took to complete: 0ms
08-23 17:43:00.245 1082 1082 I SystemServerTiming: OnBootPhase_480_com.android.server.timezonedetector.TimeZoneDetectorService$Lifecycle
08-23 17:43:00.245 1082 1082 D SystemServerTiming: OnBootPhase_480_com.android.server.timezonedetector.TimeZoneDetectorService$Lifecycle took to complete: 0ms
08-23 17:43:00.245 1082 1082 I SystemServerTiming: OnBootPhase_480_com.android.server.timezonedetector.location.LocationTimeZoneManagerService$Lifecycle
08-23 17:43:00.245 1082 1082 D SystemServerTiming: OnBootPhase_480_com.android.server.timezonedetector.location.LocationTimeZoneManagerService$Lifecycle took to complete: 0ms
08-23 17:43:00.245 1082 1082 I SystemServerTiming: OnBootPhase_480_com.android.server.search.SearchManagerService$Lifecycle
