08-23 17:43:01.287 1082 1082 V StorageManagerService: Package com.android.wallpapercropper does not have legacy storage
08-23 17:43:01.287 1082 1082 V StorageManagerService: Package com.qualcomm.qti.gpudrivers.kona.api30 does not have legacy storage
08-23 17:43:01.288 1082 1082 V StorageManagerService: Package com.antutu.ABenchMark does not have legacy storage
08-23 17:43:01.288 1082 1082 V StorageManagerService: Package com.android.documentsui does not have legacy storage
08-23 17:43:01.288 1082 1082 V StorageManagerService: Package com.android.externalstorage does not have legacy storage
08-23 17:43:01.288 1082 1082 V StorageManagerService: Package com.qualcomm.uimremoteclient does not have legacy storage
08-23 17:43:01.288 1082 1082 V StorageManagerService: Package com.android.htmlviewer does not have legacy storage
08-23 17:43:01.288 1082 1082 V StorageManagerService: Package com.qualcomm.qti.uceShimService does not have legacy storage
08-23 17:43:01.289 1082 1082 V StorageManagerService: Package com.android.companiondevicemanager does not have legacy storage
08-23 17:43:01.289 1082 1082 V StorageManagerService: Package com.android.quicksearchbox does not have legacy storage
08-23 17:43:01.289 1082 1082 V StorageManagerService: Package com.qualcomm.qti.qms.service.connectionsecurity does not have legacy storage
08-23 17:43:01.289 1082 1082 V StorageManagerService: Package com.android.providers.downloads does not have legacy storage
08-23 17:43:01.290 1082 1082 V StorageManagerService: Package com.android.internal.systemui.onehanded.gestural does not have legacy storage
08-23 17:43:01.290 1082 1082 V StorageManagerService: Package vendor.qti.hardware.cacert.server does not have legacy storage
08-23 17:43:01.290 1082 1082 V StorageManagerService: Package vendor.qti.iwlan does not have legacy storage
08-23 17:43:01.290 1082 1082 V StorageManagerService: Package com.qualcomm.qti.optinoverlay does not have legacy storage
08-23 17:43:01.290 1082 1082 V StorageManagerService: Package com.android.soundrecorder does not have legacy storage
08-23 17:43:01.290 1082 1082 V StorageManagerService: Package com.qualcomm.uimremoteserver does not have legacy storage
08-23 17:43:01.291 1082 1082 V StorageManagerService: Package android.qvaoverlay.common does not have legacy storage
08-23 17:43:01.291 1082 1082 V StorageManagerService: Package com.android.providers.downloads.ui does not have legacy storage
08-23 17:43:01.291 1082 1082 V StorageManagerService: Package com.android.pacprocessor does not have legacy storage
08-23 17:43:01.292 1082 1082 V StorageManagerService: Package com.android.networkstack does not have legacy storage
08-23 17:43:01.292 1082 1082 V StorageManagerService: Package android.overlay.common does not have legacy storage
08-23 17:43:01.292 1082 1082 V StorageManagerService: Package com.android.connectivity.resources does not have legacy storage
08-23 17:43:01.292 1082 1082 V StorageManagerService: Package com.android.modulemetadata does not have legacy storage
08-23 17:43:01.292 1082 1082 V StorageManagerService: Package com.android.certinstaller does not have legacy storage
08-23 17:43:01.292 1082 1082 V StorageManagerService: Package com.android.internal.systemui.navbar.threebutton does not have legacy storage
08-23 17:43:01.293 1082 1082 V StorageManagerService: Package android does not have legacy storage
08-23 17:43:01.293 1082 1082 V StorageManagerService: Package com.qualcomm.wfd.service does not have legacy storage
08-23 17:43:01.293 1082 1082 V StorageManagerService: Package ts.car.uart does not have legacy storage
08-23 17:43:01.294 1082 1082 V StorageManagerService: Package com.android.egg does not have legacy storage
08-23 17:43:01.294 1082 1082 V StorageManagerService: Package com.android.mtp does not have legacy storage
08-23 17:43:01.294 1082 1082 V StorageManagerService: Package com.android.nfc does not have legacy storage
08-23 17:43:01.294 1082 1082 V StorageManagerService: Package com.android.stk does not have legacy storage
08-23 17:43:01.295 1082 1082 V StorageManagerService: Package com.android.launcher3 does not have legacy storage
08-23 17:43:01.295 1082 1082 V StorageManagerService: Package com.android.backupconfirm does not have legacy storage
08-23 17:43:01.295 1082 1082 V StorageManagerService: Package vendor.qti.qesdk.sysservice does not have legacy storage
08-23 17:43:01.296 1082 1082 V StorageManagerService: Package com.android.provision does not have legacy storage
08-23 17:43:01.296 1082 1082 V StorageManagerService: Package android.overlay.target does not have legacy storage
08-23 17:43:01.296 1082 1082 V StorageManagerService: Package com.qti.pasrservice does not have legacy storage
08-23 17:43:01.296 1082 1082 V StorageManagerService: Package com.android.settings.intelligence does not have legacy storage
08-23 17:43:01.297 1082 1700 W PackageManager: Loading a package that does not exist for the calling user. package=null, user=0
08-23 17:43:01.297 1082 1082 V StorageManagerService: Package com.android.calendar does not have legacy storage
08-23 17:43:01.297 1082 1082 V StorageManagerService: Package com.android.internal.systemui.navbar.gestural_extra_wide_back does not have legacy storage
08-23 17:43:01.298 1082 1082 V StorageManagerService: Package com.qualcomm.qti.dynamicddsservice does not have legacy storage
08-23 17:43:01.298 1082 1082 V StorageManagerService: Package com.qualcomm.qti.xrvd.service does not have legacy storage
08-23 17:43:01.298 1082 1082 V StorageManagerService: Package com.android.providers.settings does not have legacy storage
08-23 17:43:01.298 1082 1082 V StorageManagerService: Package com.android.sharedstoragebackup does not have legacy storage
08-23 17:43:01.299 1082 1082 V StorageManagerService: Package com.android.printspooler does not have legacy storage
08-23 17:43:01.300 1082 1082 V StorageManagerService: Package com.qti.qualcomm.mstatssystemservice does not have legacy storage
08-23 17:43:01.300 1082 1082 V StorageManagerService: Package com.qualcomm.qti.services.systemhelper does not have legacy storage
08-23 17:43:01.301 1082 1082 V StorageManagerService: Package com.android.wifi.resources.overlay.common does not have legacy storage
08-23 17:43:01.301 1082 1082 V StorageManagerService: Package com.android.dreams.basic does not have legacy storage
08-23 17:43:01.301 1082 1082 V StorageManagerService: Package com.android.webview does not have legacy storage
08-23 17:43:01.302 1082 1082 V StorageManagerService: Package com.android.se does not have legacy storage
08-23 17:43:01.302 1082 1082 V StorageManagerService: Package com.android.inputdevices does not have legacy storage
08-23 17:43:01.302 1082 1082 V StorageManagerService: Package com.android.bips does not have legacy storage
08-23 17:43:01.303 1082 1082 V StorageManagerService: Package com.qti.dpmserviceapp does not have legacy storage
08-23 17:43:01.303 1082 1082 V StorageManagerService: Package com.thundercomm.remotecontrolservice does not have legacy storage
08-23 17:43:01.303 1082 1082 V StorageManagerService: Package com.android.musicfx does not have legacy storage
08-23 17:43:01.303 1082 1082 V StorageManagerService: Package com.android.settings.overlay.common does not have legacy storage
08-23 17:43:01.303 1082 1082 V StorageManagerService: Package com.qualcomm.qti.qccnetstat does not have legacy storage
08-23 17:43:01.303 1082 1082 V StorageManagerService: Package com.example.android.locationattribution does not have legacy storage
08-23 17:43:01.303 1082 1082 V StorageManagerService: Package android.ext.shared does not have legacy storage
08-23 17:43:01.303 1082 1082 V StorageManagerService: Package com.android.onetimeinitializer does not have legacy storage
08-23 17:43:01.303 1082 1082 V StorageManagerService: Package com.android.server.telecom does not have legacy storage
08-23 17:43:01.304 1082 1082 V StorageManagerService: Package com.android.keychain does not have legacy storage
08-23 17:43:01.304 1082 1082 V StorageManagerService: Package com.qti.snapdragon.qdcm_ff does not have legacy storage
08-23 17:43:01.304 1082 1082 V StorageManagerService: Package com.android.wifi.resources.overlay.target does not have legacy storage
08-23 17:43:01.304 1082 1082 V StorageManagerService: Package com.android.printservice.recommendation does not have legacy storage
08-23 17:43:01.304 1082 1082 V StorageManagerService: Package com.thundercomm.mcuupgrade does not have legacy storage
08-23 17:43:01.304 1082 1082 V StorageManagerService: Package com.android.gallery3d has legacy storage
08-23 17:43:01.304 1082 1082 V StorageManagerService: Package android.ext.services does not have legacy storage
08-23 17:43:01.304 1082 1082 V StorageManagerService: Package com.android.wifi.resources does not have legacy storage
08-23 17:43:01.304 1082 1082 V StorageManagerService: Package com.android.systemui.overlay.common does not have legacy storage
08-23 17:43:01.304 1082 1082 V StorageManagerService: Package com.android.cameraextensions does not have legacy storage
08-23 17:43:01.304 1082 1082 V StorageManagerService: Package com.android.localtransport does not have legacy storage
08-23 17:43:01.305 1082 1082 V StorageManagerService: Package com.android.packageinstaller does not have legacy storage
08-23 17:43:01.305 1082 1082 V StorageManagerService: Package com.qualcomm.qti.devicestatisticsservice does not have legacy storage
08-23 17:43:01.307 1082 1082 V StorageManagerService: Package com.android.theme.font.notoserifsource does not have legacy storage
08-23 17:43:01.307 1082 1082 V StorageManagerService: Package com.android.proxyhandler does not have legacy storage
08-23 17:43:01.307 1082 1082 V StorageManagerService: Package com.android.internal.display.cutout.emulation.waterfall does not have legacy storage
08-23 17:43:01.307 1082 1082 V StorageManagerService: Package com.qualcomm.qti.workloadclassifier does not have legacy storage
08-23 17:43:01.307 1082 1082 V StorageManagerService: Package com.android.inputmethod.latin does not have legacy storage
08-23 17:43:01.308 1082 1082 V StorageManagerService: Package com.android.providers.settings.overlay does not have legacy storage
08-23 17:43:01.308 1082 1082 V StorageManagerService: Package com.android.managedprovisioning does not have legacy storage
08-23 17:43:01.308 1082 1082 V StorageManagerService: Package com.android.networkstack.tethering does not have legacy storage
08-23 17:43:01.308 1082 1082 V StorageManagerService: Package com.android.soundpicker does not have legacy storage
08-23 17:43:01.308 1082 1082 V StorageManagerService: Package com.android.dreams.phototable does not have legacy storage
08-23 17:43:01.308 1082 1082 V StorageManagerService: Package com.android.wallpaper.livepicker does not have legacy storage
08-23 17:43:01.308 1082 1082 V StorageManagerService: Package com.android.apps.tag does not have legacy storage
08-23 17:43:01.308 1082 1082 V StorageManagerService: Package com.android.storagemanager does not have legacy storage
08-23 17:43:01.308 1082 1082 V StorageManagerService: Package com.android.bookmarkprovider does not have legacy storage
08-23 17:43:01.309 1082 1082 V StorageManagerService: Package com.android.settings does not have legacy storage
08-23 17:43:01.309 1082 1082 V StorageManagerService: Package com.android.networkstack.permissionconfig does not have legacy storage
08-23 17:43:01.309 1082 1082 V StorageManagerService: Package com.qualcomm.location does not have legacy storage
08-23 17:43:01.309 1082 1082 V StorageManagerService: Package com.android.cts.ctsshim does not have legacy storage
08-23 17:43:01.309 1082 1082 V StorageManagerService: Package com.caf.fmradio does not have legacy storage
08-23 17:43:01.309 1082 1082 V StorageManagerService: Package com.qti.diagservices does not have legacy storage
08-23 17:43:01.309 1082 1082 V StorageManagerService: Package com.android.vpndialogs does not have legacy storage
08-23 17:43:01.309 1082 1082 V StorageManagerService: Package com.qualcomm.location.XT does not have legacy storage
08-23 17:43:01.309 1082 1082 V StorageManagerService: Package com.android.music does not have legacy storage
08-23 17:43:01.310 1082 1082 V StorageManagerService: Package com.android.shell does not have legacy storage
08-23 17:43:01.310 1082 1082 V StorageManagerService: Package com.android.wallpaperbackup does not have legacy storage
08-23 17:43:01.310 1082 1082 V StorageManagerService: Package org.codeaurora.snapcam has legacy storage
08-23 17:43:01.310 1082 1082 V StorageManagerService: Package com.shipoplayer.jnjeqy does not have legacy storage
08-23 17:43:01.310 1082 1082 V StorageManagerService: Package com.android.providers.userdictionary does not have legacy storage
08-23 17:43:01.310 1082 1082 V StorageManagerService: Package com.android.providers.media.module does not have legacy storage
08-23 17:43:01.310 1082 1082 V StorageManagerService: Package com.android.emergency does not have legacy storage
08-23 17:43:01.310 1082 1082 V StorageManagerService: Package com.android.hotspot2.osulogin does not have legacy storage
08-23 17:43:01.310 1082 1082 V StorageManagerService: Package com.qualcomm.qti.qdma does not have legacy storage
08-23 17:43:01.310 1082 1082 V StorageManagerService: Package com.qualcomm.qti.qmmi does not have legacy storage
08-23 17:43:01.311 1082 1082 V StorageManagerService: Package com.qualcomm.qti.usta does not have legacy storage
08-23 17:43:01.311 1082 1082 V StorageManagerService: Package com.qualcomm.qti.xrcb does not have legacy storage
08-23 17:43:01.311 1082 1082 V StorageManagerService: Package com.android.internal.systemui.navbar.gestural does not have legacy storage
08-23 17:43:01.311 1082 1082 V StorageManagerService: Package com.android.location.fused does not have legacy storage
08-23 17:43:01.311 1082 1082 V StorageManagerService: Package com.android.deskclock does not have legacy storage
08-23 17:43:01.312 1082 1082 V StorageManagerService: Package com.android.systemui does not have legacy storage
08-23 17:43:01.312 1082 1082 V StorageManagerService: Package com.android.bluetoothmidiservice does not have legacy storage
08-23 17:43:01.312 1082 1082 V StorageManagerService: Package com.qti.ltebc does not have legacy storage
08-23 17:43:01.312 1082 1210 W ActivityManager: Slow operation: 96ms so far, now at startProcess: returned from zygote!
08-23 17:43:01.312 1082 1082 V StorageManagerService: Package com.android.permissioncontroller does not have legacy storage
08-23 17:43:01.312 1082 1082 V StorageManagerService: Package com.android.traceur does not have legacy storage
08-23 17:43:01.314 1082 1082 V StorageManagerService: Package com.qualcomm.qti.qccauthmgr does not have legacy storage
08-23 17:43:01.314 1082 1082 V StorageManagerService: Package com.qualcomm.qti.qms.service.trustzoneaccess does not have legacy storage
08-23 17:43:01.314 1082 1082 V StorageManagerService: Package com.qualcomm.qtil.aptxui does not have legacy storage
08-23 17:43:01.316 1082 1082 V StorageManagerService: Package com.android.bluetooth does not have legacy storage
08-23 17:43:01.316 1082 1082 V StorageManagerService: Package com.qualcomm.timeservice does not have legacy storage
08-23 17:43:01.316 1082 1082 V StorageManagerService: Package com.qualcomm.embms does not have legacy storage
08-23 17:43:01.317 1082 1082 V StorageManagerService: Package com.android.providers.contacts does not have legacy storage
08-23 17:43:01.317 1082 1082 V StorageManagerService: Package com.android.captiveportallogin does not have legacy storage
08-23 17:43:01.317 1082 1082 V StorageManagerService: Package com.android.internal.systemui.navbar.gestural_narrow_back does not have legacy storage
08-23 17:43:01.317 1082 1082 V StorageManagerService: Package com.android.cellbroadcastreceiver.overlay.common does not have legacy storage
08-23 17:43:01.317 1082 1082 V StorageManagerService: Package com.qualcomm.qti.sensors.qsensortest does not have legacy storage
08-23 17:43:01.317 1082 1210 W ActivityManager: Slow operation: 102ms so far, now at startProcess: done updating battery stats
08-23 17:43:01.317 1082 1210 W ActivityManager: Slow operation: 102ms so far, now at startProcess: building log message
08-23 17:43:01.317 1082 1210 I ActivityManager: Start proc 2016:com.android.networkstack.process/1073 for service {com.android.networkstack/com.android.server.NetworkStackService}
08-23 17:43:01.317 1082 1210 W ActivityManager: Slow operation: 102ms so far, now at startProcess: starting to update pids map
08-23 17:43:01.319 1082 1210 W ActivityManager: Slow operation: 103ms so far, now at startProcess: done updating pids map
08-23 17:43:01.319 1082 1082 D SystemServerTiming: ssm.onStartUser-0_com.android.server.StorageManagerService$Lifecycle took to complete: 38ms
08-23 17:43:01.319 1082 1082 I SystemServerTiming: ssm.onStartUser-0_com.android.server.usage.StorageStatsService$Lifecycle
08-23 17:43:01.320 1082 1082 D SystemServerTiming: ssm.onStartUser-0_com.android.server.usage.StorageStatsService$Lifecycle took to complete: 0ms
08-23 17:43:01.320 1082 1082 I SystemServerTiming: ssm.onStartUser-0_com.android.server.UiModeManagerService
08-23 17:43:01.320 1082 1082 D SystemServerTiming: ssm.onStartUser-0_com.android.server.UiModeManagerService took to complete: 0ms
08-23 17:43:01.320 1082 1082 I SystemServerTiming: ssm.onStartUser-0_com.android.server.locksettings.LockSettingsService$Lifecycle
08-23 17:43:01.320 1082 1082 D SystemServerTiming: ssm.onStartUser-0_com.android.server.locksettings.LockSettingsService$Lifecycle took to complete: 0ms
08-23 17:43:01.320 1082 1082 I SystemServerTiming: ssm.onStartUser-0_com.android.server.PersistentDataBlockService
08-23 17:43:01.321 1082 1082 D SystemServerTiming: ssm.onStartUser-0_com.android.server.PersistentDataBlockService took to complete: 0ms
08-23 17:43:01.321 1082 1082 I SystemServerTiming: ssm.onStartUser-0_com.android.server.testharness.TestHarnessModeService
08-23 17:43:01.322 1082 1082 D SystemServerTiming: ssm.onStartUser-0_com.android.server.testharness.TestHarnessModeService took to complete: 0ms
08-23 17:43:01.322 1082 1082 I SystemServerTiming: ssm.onStartUser-0_com.android.server.oemlock.OemLockService
08-23 17:43:01.322 1082 1082 D SystemServerTiming: ssm.onStartUser-0_com.android.server.oemlock.OemLockService took to complete: 0ms
08-23 17:43:01.322 1082 1082 I SystemServerTiming: ssm.onStartUser-0_com.android.server.DeviceIdleController
08-23 17:43:01.322 1082 1082 D SystemServerTiming: ssm.onStartUser-0_com.android.server.DeviceIdleController took to complete: 0ms
08-23 17:43:01.323 1082 1082 I SystemServerTiming: ssm.onStartUser-0_com.android.server.devicepolicy.DevicePolicyManagerService$Lifecycle
08-23 17:43:01.323 1082 1082 D SystemServerTiming: ssm.onStartUser-0_com.android.server.devicepolicy.DevicePolicyManagerService$Lifecycle took to complete: 1ms
08-23 17:43:01.323 1082 1082 I SystemServerTiming: ssm.onStartUser-0_com.android.server.texttospeech.TextToSpeechManagerService
08-23 17:43:01.324 1082 1082 D SystemServerTiming: ssm.onStartUser-0_com.android.server.texttospeech.TextToSpeechManagerService took to complete: 0ms
08-23 17:43:01.324 1082 1082 I SystemServerTiming: ssm.onStartUser-0_com.android.server.speech.SpeechRecognitionManagerService
08-23 17:43:01.324 1082 1082 D SystemServerTiming: ssm.onStartUser-0_com.android.server.speech.SpeechRecognitionManagerService took to complete: 0ms
08-23 17:43:01.325 1082 1082 I SystemServerTiming: ssm.onStartUser-0_com.android.server.searchui.SearchUiManagerService
08-23 17:43:01.325 1082 1082 D SystemServerTiming: ssm.onStartUser-0_com.android.server.searchui.SearchUiManagerService took to complete: 0ms
08-23 17:43:01.325 1082 1082 I SystemServerTiming: ssm.onStartUser-0_com.android.server.smartspace.SmartspaceManagerService
08-23 17:43:01.325 1082 1082 D SystemServerTiming: ssm.onStartUser-0_com.android.server.smartspace.SmartspaceManagerService took to complete: 0ms
08-23 17:43:01.326 1082 1082 I SystemServerTiming: ssm.onStartUser-0_com.android.server.graphics.fonts.FontManagerService$Lifecycle
08-23 17:43:01.326 1082 1082 D SystemServerTiming: ssm.onStartUser-0_com.android.server.graphics.fonts.FontManagerService$Lifecycle took to complete: 0ms
08-23 17:43:01.326 1082 1082 I SystemServerTiming: ssm.onStartUser-0_com.android.server.textservices.TextServicesManagerService$Lifecycle
08-23 17:43:01.326 1082 1082 D SystemServerTiming: ssm.onStartUser-0_com.android.server.textservices.TextServicesManagerService$Lifecycle took to complete: 0ms
08-23 17:43:01.326 1082 1082 I SystemServerTiming: ssm.onStartUser-0_com.android.server.textclassifier.TextClassificationManagerService$Lifecycle
08-23 17:43:01.327 1082 1082 D SystemServerTiming: ssm.onStartUser-0_com.android.server.textclassifier.TextClassificationManagerService$Lifecycle took to complete: 1ms
08-23 17:43:01.328 1082 1082 I SystemServerTiming: ssm.onStartUser-0_com.android.server.NetworkScoreService$Lifecycle
08-23 17:43:01.328 1082 1082 D SystemServerTiming: ssm.onStartUser-0_com.android.server.NetworkScoreService$Lifecycle took to complete: 0ms
08-23 17:43:01.328 1082 1082 I SystemServerTiming: ssm.onStartUser-0_com.android.server.wifi.WifiService
08-23 17:43:01.328 1082 1082 D SystemServerTiming: ssm.onStartUser-0_com.android.server.wifi.WifiService took to complete: 0ms
08-23 17:43:01.328 1082 1082 I SystemServerTiming: ssm.onStartUser-0_com.android.server.wifi.scanner.WifiScanningService
08-23 17:43:01.328 1082 1082 D SystemServerTiming: ssm.onStartUser-0_com.android.server.wifi.scanner.WifiScanningService took to complete: 0ms
08-23 17:43:01.328 1082 1082 I SystemServerTiming: ssm.onStartUser-0_com.android.server.wifi.rtt.RttService
08-23 17:43:01.329 1082 1082 D SystemServerTiming: ssm.onStartUser-0_com.android.server.wifi.rtt.RttService took to complete: 0ms
08-23 17:43:01.329 1082 1082 I SystemServerTiming: ssm.onStartUser-0_com.android.server.wifi.aware.WifiAwareService
08-23 17:43:01.329 1082 1082 D SystemServerTiming: ssm.onStartUser-0_com.android.server.wifi.aware.WifiAwareService took to complete: 0ms
08-23 17:43:01.329 1082 1082 I SystemServerTiming: ssm.onStartUser-0_com.android.server.wifi.p2p.WifiP2pService
08-23 17:43:01.329 1082 1082 D SystemServerTiming: ssm.onStartUser-0_com.android.server.wifi.p2p.WifiP2pService took to complete: 0ms
08-23 17:43:01.329 1082 1082 I SystemServerTiming: ssm.onStartUser-0_com.android.server.ethernet.EthernetService
08-23 17:43:01.329 1082 1082 D SystemServerTiming: ssm.onStartUser-0_com.android.server.ethernet.EthernetService took to complete: 0ms
08-23 17:43:01.329 1082 1082 I SystemServerTiming: ssm.onStartUser-0_com.android.server.ConnectivityServiceInitializer
08-23 17:43:01.330 1082 1082 D SystemServerTiming: ssm.onStartUser-0_com.android.server.ConnectivityServiceInitializer took to complete: 0ms
08-23 17:43:01.330 1082 1082 I SystemServerTiming: ssm.onStartUser-0_com.android.server.notification.NotificationManagerService
08-23 17:43:01.330 1082 1082 D SystemServerTiming: ssm.onStartUser-0_com.android.server.notification.NotificationManagerService took to complete: 0ms
08-23 17:43:01.330 1082 1082 I SystemServerTiming: ssm.onStartUser-0_com.android.server.storage.DeviceStorageMonitorService
08-23 17:43:01.330 1082 1082 D SystemServerTiming: ssm.onStartUser-0_com.android.server.storage.DeviceStorageMonitorService took to complete: 0ms
08-23 17:43:01.334 1082 1082 I SystemServerTiming: ssm.onStartUser-0_com.android.server.location.LocationManagerService$Lifecycle
08-23 17:43:01.335 1082 1082 D SystemServerTiming: ssm.onStartUser-0_com.android.server.location.LocationManagerService$Lifecycle took to complete: 0ms
08-23 17:43:01.335 1082 1082 I SystemServerTiming: ssm.onStartUser-0_com.android.server.timedetector.TimeDetectorService$Lifecycle
08-23 17:43:01.335 1082 1082 D SystemServerTiming: ssm.onStartUser-0_com.android.server.timedetector.TimeDetectorService$Lifecycle took to complete: 0ms
08-23 17:43:01.335 1082 1082 I SystemServerTiming: ssm.onStartUser-0_com.android.server.timezonedetector.TimeZoneDetectorService$Lifecycle
08-23 17:43:01.335 1082 1082 D SystemServerTiming: ssm.onStartUser-0_com.android.server.timezonedetector.TimeZoneDetectorService$Lifecycle took to complete: 0ms
08-23 17:43:01.335 1082 1082 I SystemServerTiming: ssm.onStartUser-0_com.android.server.timezonedetector.location.LocationTimeZoneManagerService$Lifecycle
08-23 17:43:01.335 1082 1082 D SystemServerTiming: ssm.onStartUser-0_com.android.server.timezonedetector.location.LocationTimeZoneManagerService$Lifecycle took to complete: 0ms
08-23 17:43:01.335 1082 1082 I SystemServerTiming: ssm.onStartUser-0_com.android.server.search.SearchManagerService$Lifecycle
08-23 17:43:01.335 1082 1082 D SystemServerTiming: ssm.onStartUser-0_com.android.server.search.SearchManagerService$Lifecycle took to complete: 0ms
08-23 17:43:01.335 1082 1082 I SystemServerTiming: ssm.onStartUser-0_com.android.server.wallpaper.WallpaperManagerService$Lifecycle
08-23 17:43:01.335 1082 1082 D SystemServerTiming: ssm.onStartUser-0_com.android.server.wallpaper.WallpaperManagerService$Lifecycle took to complete: 0ms
08-23 17:43:01.335 1082 1082 I SystemServerTiming: ssm.onStartUser-0_com.android.server.audio.AudioService$Lifecycle
08-23 17:43:01.335 1082 1082 D SystemServerTiming: ssm.onStartUser-0_com.android.server.audio.AudioService$Lifecycle took to complete: 0ms
08-23 17:43:01.335 1082 1082 I SystemServerTiming: ssm.onStartUser-0_com.android.server.soundtrigger_middleware.SoundTriggerMiddlewareService$Lifecycle
08-23 17:43:01.335 1082 1082 D SystemServerTiming: ssm.onStartUser-0_com.android.server.soundtrigger_middleware.SoundTriggerMiddlewareService$Lifecycle took to complete: 0ms
08-23 17:43:01.335 1082 1082 I SystemServerTiming: ssm.onStartUser-0_com.android.server.DockObserver
08-23 17:43:01.335 1082 1082 D SystemServerTiming: ssm.onStartUser-0_com.android.server.DockObserver took to complete: 0ms
08-23 17:43:01.335 1082 1082 I SystemServerTiming: ssm.onStartUser-0_com.android.server.midi.MidiService$Lifecycle
08-23 17:43:01.335 1082 1082 D SystemServerTiming: ssm.onStartUser-0_com.android.server.midi.MidiService$Lifecycle took to complete: 0ms
08-23 17:43:01.336 1082 1082 I SystemServerTiming: ssm.onStartUser-0_com.android.server.adb.AdbService$Lifecycle
08-23 17:43:01.336 1082 1082 D SystemServerTiming: ssm.onStartUser-0_com.android.server.adb.AdbService$Lifecycle took to complete: 0ms
08-23 17:43:01.336 1082 1082 I SystemServerTiming: ssm.onStartUser-0_com.android.server.usb.UsbService$Lifecycle
08-23 17:43:01.336 1082 1082 D SystemServerTiming: ssm.onStartUser-0_com.android.server.usb.UsbService$Lifecycle took to complete: 0ms
08-23 17:43:01.336 1082 1082 I SystemServerTiming: ssm.onStartUser-0_com.android.server.twilight.TwilightService
08-23 17:43:01.336 1082 1082 D SystemServerTiming: ssm.onStartUser-0_com.android.server.twilight.TwilightService took to complete: 0ms
08-23 17:43:01.336 1082 1082 I SystemServerTiming: ssm.onStartUser-0_com.android.server.display.color.ColorDisplayService
08-23 17:43:01.336 1082 1082 D SystemServerTiming: ssm.onStartUser-0_com.android.server.display.color.ColorDisplayService took to complete: 0ms
08-23 17:43:01.336 1082 1082 I SystemServerTiming: ssm.onStartUser-0_com.android.server.job.JobSchedulerService
08-23 17:43:01.336 1082 1082 D SystemServerTiming: ssm.onStartUser-0_com.android.server.job.JobSchedulerService took to complete: 0ms
08-23 17:43:01.336 1082 1082 I SystemServerTiming: ssm.onStartUser-0_com.android.server.soundtrigger.SoundTriggerService
08-23 17:43:01.336 1082 1082 D SystemServerTiming: ssm.onStartUser-0_com.android.server.soundtrigger.SoundTriggerService took to complete: 0ms
08-23 17:43:01.336 1082 1082 I SystemServerTiming: ssm.onStartUser-0_com.android.server.trust.TrustManagerService
08-23 17:43:01.336 1082 1082 D SystemServerTiming: ssm.onStartUser-0_com.android.server.trust.TrustManagerService took to complete: 0ms
08-23 17:43:01.336 1082 1082 I SystemServerTiming: ssm.onStartUser-0_com.android.server.backup.BackupManagerService$Lifecycle
08-23 17:43:01.336 1082 1082 D SystemServerTiming: ssm.onStartUser-0_com.android.server.backup.BackupManagerService$Lifecycle took to complete: 0ms
08-23 17:43:01.336 1082 1082 I SystemServerTiming: ssm.onStartUser-0_com.android.server.appwidget.AppWidgetService
08-23 17:43:01.336 1082 1082 D SystemServerTiming: ssm.onStartUser-0_com.android.server.appwidget.AppWidgetService took to complete: 0ms
08-23 17:43:01.336 1082 1082 I SystemServerTiming: ssm.onStartUser-0_com.android.server.voiceinteraction.VoiceInteractionManagerService
08-23 17:43:01.337 1082 1082 W VoiceInteractionManager: no available voice recognition services found for user 0
08-23 17:43:01.337 1082 1082 D SystemServerTiming: ssm.onStartUser-0_com.android.server.voiceinteraction.VoiceInteractionManagerService took to complete: 1ms
08-23 17:43:01.337 1082 1082 I SystemServerTiming: ssm.onStartUser-0_com.android.server.apphibernation.AppHibernationService
08-23 17:43:01.337 1082 1082 D SystemServerTiming: ssm.onStartUser-0_com.android.server.apphibernation.AppHibernationService took to complete: 0ms
08-23 17:43:01.337 1082 1082 I SystemServerTiming: ssm.onStartUser-0_com.android.server.GestureLauncherService
08-23 17:43:01.337 1082 1082 D SystemServerTiming: ssm.onStartUser-0_com.android.server.GestureLauncherService took to complete: 0ms
08-23 17:43:01.337 1082 1082 I SystemServerTiming: ssm.onStartUser-0_com.android.server.SensorNotificationService
08-23 17:43:01.337 1082 1082 D SystemServerTiming: ssm.onStartUser-0_com.android.server.SensorNotificationService took to complete: 0ms
08-23 17:43:01.337 1082 1082 I SystemServerTiming: ssm.onStartUser-0_com.android.server.emergency.EmergencyAffordanceService
08-23 17:43:01.337 1082 1082 D SystemServerTiming: ssm.onStartUser-0_com.android.server.emergency.EmergencyAffordanceService took to complete: 0ms
08-23 17:43:01.337 1082 1082 I SystemServerTiming: ssm.onStartUser-0_com.android.server.blob.BlobStoreManagerService
08-23 17:43:01.337 1082 1082 D SystemServerTiming: ssm.onStartUser-0_com.android.server.blob.BlobStoreManagerService took to complete: 0ms
08-23 17:43:01.337 1082 1082 I SystemServerTiming: ssm.onStartUser-0_com.android.server.dreams.DreamManagerService
08-23 17:43:01.337 1082 1082 D SystemServerTiming: ssm.onStartUser-0_com.android.server.dreams.DreamManagerService took to complete: 0ms
08-23 17:43:01.337 1082 1082 I SystemServerTiming: ssm.onStartUser-0_com.android.server.companion.CompanionDeviceManagerService
08-23 17:43:01.337 1082 1082 D SystemServerTiming: ssm.onStartUser-0_com.android.server.companion.CompanionDeviceManagerService took to complete: 0ms
08-23 17:43:01.337 1082 1082 I SystemServerTiming: ssm.onStartUser-0_com.android.server.restrictions.RestrictionsManagerService
08-23 17:43:01.338 1082 1082 D SystemServerTiming: ssm.onStartUser-0_com.android.server.restrictions.RestrictionsManagerService took to complete: 0ms
08-23 17:43:01.338 1082 1082 I SystemServerTiming: ssm.onStartUser-0_com.android.server.media.MediaSessionService
08-23 17:43:01.338 1082 1082 D SystemServerTiming: ssm.onStartUser-0_com.android.server.media.MediaSessionService took to complete: 0ms
08-23 17:43:01.338 1082 1082 I SystemServerTiming: ssm.onStartUser-0_com.android.server.media.MediaResourceMonitorService
08-23 17:43:01.338 1082 1082 D SystemServerTiming: ssm.onStartUser-0_com.android.server.media.MediaResourceMonitorService took to complete: 0ms
08-23 17:43:01.338 1082 1082 I SystemServerTiming: ssm.onStartUser-0_com.android.server.biometrics.sensors.fingerprint.FingerprintService
08-23 17:43:01.338 1082 1082 D SystemServerTiming: ssm.onStartUser-0_com.android.server.biometrics.sensors.fingerprint.FingerprintService took to complete: 0ms
08-23 17:43:01.338 1082 1082 I SystemServerTiming: ssm.onStartUser-0_com.android.server.biometrics.BiometricService
08-23 17:43:01.338 1082 1082 D SystemServerTiming: ssm.onStartUser-0_com.android.server.biometrics.BiometricService took to complete: 0ms
08-23 17:43:01.338 1082 1082 I SystemServerTiming: ssm.onStartUser-0_com.android.server.biometrics.AuthService
08-23 17:43:01.338 1082 1082 D SystemServerTiming: ssm.onStartUser-0_com.android.server.biometrics.AuthService took to complete: 0ms
08-23 17:43:01.338 1082 1082 I SystemServerTiming: ssm.onStartUser-0_com.android.server.pm.ShortcutService$Lifecycle
08-23 17:43:01.338 1082 1082 D SystemServerTiming: ssm.onStartUser-0_com.android.server.pm.ShortcutService$Lifecycle took to complete: 0ms
08-23 17:43:01.338 1082 1082 I SystemServerTiming: ssm.onStartUser-0_com.android.server.pm.LauncherAppsService
08-23 17:43:01.338 1082 1082 D SystemServerTiming: ssm.onStartUser-0_com.android.server.pm.LauncherAppsService took to complete: 0ms
08-23 17:43:01.338 1082 1082 I SystemServerTiming: ssm.onStartUser-0_com.android.server.pm.CrossProfileAppsService
08-23 17:43:01.338 1082 1082 D SystemServerTiming: ssm.onStartUser-0_com.android.server.pm.CrossProfileAppsService took to complete: 0ms
08-23 17:43:01.338 1082 1082 I SystemServerTiming: ssm.onStartUser-0_com.android.server.people.PeopleService
08-23 17:43:01.339 1082 1082 D SystemServerTiming: ssm.onStartUser-0_com.android.server.people.PeopleService took to complete: 0ms
08-23 17:43:01.339 1082 1082 I SystemServerTiming: ssm.onStartUser-0_com.android.server.media.metrics.MediaMetricsManagerService
08-23 17:43:01.339 1082 1082 D SystemServerTiming: ssm.onStartUser-0_com.android.server.media.metrics.MediaMetricsManagerService took to complete: 0ms
08-23 17:43:01.339 1082 1082 I SystemServerTiming: ssm.onStartUser-0_com.android.server.media.projection.MediaProjectionManagerService
08-23 17:43:01.339 1082 1082 D SystemServerTiming: ssm.onStartUser-0_com.android.server.media.projection.MediaProjectionManagerService took to complete: 0ms
08-23 17:43:01.339 1082 1082 I SystemServerTiming: ssm.onStartUser-0_com.android.server.slice.SliceManagerService$Lifecycle
08-23 17:43:01.339 1082 1082 D SystemServerTiming: ssm.onStartUser-0_com.android.server.slice.SliceManagerService$Lifecycle took to complete: 0ms
08-23 17:43:01.339 1082 1082 I SystemServerTiming: ssm.onStartUser-0_com.android.server.stats.StatsCompanion$Lifecycle
08-23 17:43:01.339 1082 1082 D SystemServerTiming: ssm.onStartUser-0_com.android.server.stats.StatsCompanion$Lifecycle took to complete: 0ms
08-23 17:43:01.339 1082 1082 I SystemServerTiming: ssm.onStartUser-0_com.android.server.scheduling.RebootReadinessManagerService$Lifecycle
08-23 17:43:01.339 1082 1082 D SystemServerTiming: ssm.onStartUser-0_com.android.server.scheduling.RebootReadinessManagerService$Lifecycle took to complete: 0ms
08-23 17:43:01.339 1082 1082 I SystemServerTiming: ssm.onStartUser-0_com.android.server.stats.pull.StatsPullAtomService
08-23 17:43:01.339 1082 1082 D SystemServerTiming: ssm.onStartUser-0_com.android.server.stats.pull.StatsPullAtomService took to complete: 0ms
08-23 17:43:01.339 1082 1082 I SystemServerTiming: ssm.onStartUser-0_com.android.server.incident.IncidentCompanionService
08-23 17:43:01.339 1082 1082 D SystemServerTiming: ssm.onStartUser-0_com.android.server.incident.IncidentCompanionService took to complete: 0ms
08-23 17:43:01.339 1082 1082 I SystemServerTiming: ssm.onStartUser-0_com.android.server.MmsServiceBroker
08-23 17:43:01.339 1082 1082 D SystemServerTiming: ssm.onStartUser-0_com.android.server.MmsServiceBroker took to complete: 0ms
08-23 17:43:01.339 1082 1082 I SystemServerTiming: ssm.onStartUser-0_com.android.server.autofill.AutofillManagerService
08-23 17:43:01.339 1082 1082 D SystemServerTiming: ssm.onStartUser-0_com.android.server.autofill.AutofillManagerService took to complete: 0ms
08-23 17:43:01.339 1082 1082 I SystemServerTiming: ssm.onStartUser-0_com.android.server.clipboard.ClipboardService
08-23 17:43:01.339 1082 1082 D SystemServerTiming: ssm.onStartUser-0_com.android.server.clipboard.ClipboardService took to complete: 0ms
08-23 17:43:01.339 1082 1082 I SystemServerTiming: ssm.onStartUser-0_com.android.server.appbinding.AppBindingService$Lifecycle
08-23 17:43:01.340 1082 1082 W AppBindingService: [Default SMS app] u0 Target package not found
08-23 17:43:01.340 1082 1082 D SystemServerTiming: ssm.onStartUser-0_com.android.server.appbinding.AppBindingService$Lifecycle took to complete: 0ms
08-23 17:43:01.340 1082 1082 I SystemServerTiming: ssm.onStartUser-0_com.android.server.tracing.TracingServiceProxy
08-23 17:43:01.340 1082 1082 D SystemServerTiming: ssm.onStartUser-0_com.android.server.tracing.TracingServiceProxy took to complete: 0ms
08-23 17:43:01.340 1082 1082 I SystemServerTiming: ssm.onStartUser-0_com.android.server.policy.PermissionPolicyService
08-23 17:43:01.340 1082 1082 D SystemServerTiming: ssm.onStartUser-0_com.android.server.policy.PermissionPolicyService took to complete: 0ms
08-23 17:43:01.340 1082 1082 I SystemServerTiming: ssm.onStartUser-0_com.android.server.pm.StagingManager$Lifecycle
08-23 17:43:01.340 1082 1082 D SystemServerTiming: ssm.onStartUser-0_com.android.server.pm.StagingManager$Lifecycle took to complete: 0ms
08-23 17:43:01.340 1082 1082 I SystemServerTiming: ssm.onStartUser-0_com.android.server.app.GameManagerService$Lifecycle
08-23 17:43:01.343 1082 1082 V GameManagerService: Settings file doesn't exists, skip reading
08-23 17:43:01.343 1082 1082 D SystemServerTiming: ssm.onStartUser-0_com.android.server.app.GameManagerService$Lifecycle took to complete: 3ms
08-23 17:43:01.343 1082 1082 I SystemServerTiming: ssm.onStartUser-0_com.android.server.appsearch.AppSearchManagerService
08-23 17:43:01.343 1082 1082 D SystemServerTiming: ssm.onStartUser-0_com.android.server.appsearch.AppSearchManagerService took to complete: 0ms
08-23 17:43:01.344 1082 1082 I SystemServerTiming: ssm.onStartUser-0_com.android.server.media.MediaCommunicationService
08-23 17:43:01.344 1082 1082 D SystemServerTiming: ssm.onStartUser-0_com.android.server.media.MediaCommunicationService took to complete: 0ms
08-23 17:43:01.344 1082 1082 D SystemServerTiming: ssm.StartUser-0 took to complete: 86ms
08-23 17:43:01.344 1082 1082 I SystemServerTiming: startPersistentApps
08-23 17:43:01.345 1082 1082 D CompatibilityChangeReporter: Compat change id reported: 135634846; UID 1001; state: DISABLED
08-23 17:43:01.345 1082 1082 D CompatibilityChangeReporter: Compat change id reported: 177438394; UID 1001; state: DISABLED
08-23 17:43:01.345 1082 1082 D CompatibilityChangeReporter: Compat change id reported: 135772972; UID 1001; state: DISABLED
08-23 17:43:01.345 1082 1082 D CompatibilityChangeReporter: Compat change id reported: 135754954; UID 1001; state: ENABLED
08-23 17:43:01.346 1082 1082 D CompatibilityChangeReporter: Compat change id reported: 135634846; UID 10056; state: DISABLED
08-23 17:43:01.346 1082 1082 D CompatibilityChangeReporter: Compat change id reported: 177438394; UID 10056; state: DISABLED
08-23 17:43:01.346 1082 1082 D CompatibilityChangeReporter: Compat change id reported: 135772972; UID 10056; state: DISABLED
08-23 17:43:01.346 1082 1082 D CompatibilityChangeReporter: Compat change id reported: 135754954; UID 10056; state: DISABLED
08-23 17:43:01.350 1082 1082 D CompatibilityChangeReporter: Compat change id reported: 135634846; UID 1000; state: DISABLED
08-23 17:43:01.350 1082 1082 D CompatibilityChangeReporter: Compat change id reported: 177438394; UID 1000; state: DISABLED
08-23 17:43:01.350 1082 1082 D CompatibilityChangeReporter: Compat change id reported: 135772972; UID 1000; state: DISABLED
08-23 17:43:01.350 1082 1082 D CompatibilityChangeReporter: Compat change id reported: 135754954; UID 1000; state: ENABLED
08-23 17:43:01.352 1082 1082 D CompatibilityChangeReporter: Compat change id reported: 135634846; UID 10090; state: DISABLED
08-23 17:43:01.352 1082 1082 D CompatibilityChangeReporter: Compat change id reported: 177438394; UID 10090; state: DISABLED
08-23 17:43:01.352 1082 1082 D CompatibilityChangeReporter: Compat change id reported: 135772972; UID 10090; state: DISABLED
08-23 17:43:01.352 1082 1082 D CompatibilityChangeReporter: Compat change id reported: 135754954; UID 10090; state: DISABLED
08-23 17:43:01.353 1082 1082 D CompatibilityChangeReporter: Compat change id reported: 135634846; UID 1068; state: DISABLED
08-23 17:43:01.354 1082 1082 D CompatibilityChangeReporter: Compat change id reported: 135634846; UID 10065; state: DISABLED
08-23 17:43:01.354 1082 1082 D CompatibilityChangeReporter: Compat change id reported: 177438394; UID 10065; state: DISABLED
08-23 17:43:01.354 1082 1082 D CompatibilityChangeReporter: Compat change id reported: 135772972; UID 10065; state: DISABLED
08-23 17:43:01.355 1082 1082 D CompatibilityChangeReporter: Compat change id reported: 135754954; UID 10065; state: ENABLED
08-23 17:43:01.355 1082 1082 D SystemServerTiming: startPersistentApps took to complete: 11ms
08-23 17:43:01.355 1082 1082 I SystemServerTiming: startHomeOnAllDisplays
08-23 17:43:01.356 1082 1082 I ActivityTaskManager: START u0 {act=android.intent.action.MAIN cat=[android.intent.category.HOME] flg=0x10000100 cmp=com.android.settings/.FallbackHome (has extras)} from uid 0
08-23 17:43:01.372 1082 1082 D CompatibilityChangeReporter: Compat change id reported: 174042980; UID 1000; state: DISABLED
08-23 17:43:01.398 1082 1210 W ActivityManager: Slow operation: 54ms so far, now at startProcess: returned from zygote!
08-23 17:43:01.425 1082 1082 D CompatibilityChangeReporter: Compat change id reported: 168419799; UID 1000; state: DISABLED
08-23 17:43:01.431 1082 2028 W ContextImpl: Calling a method in the system process without a qualified user: android.app.ContextImpl.bindService:1895 android.content.ContextWrapper.bindService:810 com.qualcomm.qti.activityextension.ActivityNotifier.bindToDynamicDDSService:103 com.qualcomm.qti.activityextension.ActivityNotifier.handleSendActivityInvokeNotification:184 com.qualcomm.qti.activityextension.ActivityNotifier.access$300:26
08-23 17:43:01.432 1082 1082 D SystemServerTiming: startHomeOnAllDisplays took to complete: 77ms
08-23 17:43:01.432 1082 1082 I SystemServerTiming: showSystemReadyErrorDialogs
08-23 17:43:01.549 1082 1082 D SystemServerTiming: showSystemReadyErrorDialogs took to complete: 117ms
08-23 17:43:01.550 1082 1082 I SystemServerTiming: sendUserStartBroadcast
08-23 17:43:01.550 1082 1082 D SystemServerTiming: sendUserStartBroadcast took to complete: 1ms
08-23 17:43:01.550 1082 1082 I SystemServerTiming: resumeTopActivities
08-23 17:43:01.553 1082 1082 D SystemServerTiming: resumeTopActivities took to complete: 3ms
08-23 17:43:01.553 1082 1082 I SystemServerTiming: sendUserSwitchBroadcasts
08-23 17:43:01.553 1082 1082 D SystemServerTiming: sendUserSwitchBroadcasts took to complete: 0ms
08-23 17:43:01.553 1082 1082 I SystemServerTiming: setBinderProxies
08-23 17:43:01.553 1082 1082 D SystemServerTiming: setBinderProxies took to complete: 0ms
08-23 17:43:01.553 1082 1082 D SystemServerTiming: ActivityManagerStartApps took to complete: 296ms
08-23 17:43:01.553 1082 1082 D SystemServerTiming: PhaseActivityManagerReady took to complete: 1005ms
08-23 17:43:01.554 1082 1082 I SystemServerTiming: StartSystemUI
08-23 17:43:01.565 1082 1210 W ActivityManager: Slow operation: 221ms so far, now at startProcess: done updating battery stats
08-23 17:43:01.565 1082 1210 W ActivityManager: Slow operation: 221ms so far, now at startProcess: building log message
08-23 17:43:01.565 1082 1210 I ActivityManager: Start proc 2027:.dataservices/1001 for added application .dataservices
08-23 17:43:01.565 1082 1210 W ActivityManager: Slow operation: 221ms so far, now at startProcess: starting to update pids map
08-23 17:43:01.566 1082 1210 W ActivityManager: Slow operation: 222ms so far, now at startProcess: done updating pids map
08-23 17:43:01.566 1082 1210 W ActivityManager: Slow operation: 221ms so far, now at startProcess: asking zygote to start proc
08-23 17:43:01.566 1082 1210 D CompatibilityChangeReporter: Compat change id reported: 143937733; UID 10056; state: DISABLED
08-23 17:43:01.571 1082 2028 W ContextImpl: Calling a method in the system process without a qualified user: android.app.ContextImpl.bindService:1895 android.content.ContextWrapper.bindService:810 com.qualcomm.qti.activityextension.ActivityNotifier.bindToDynamicDDSService:103 com.qualcomm.qti.activityextension.ActivityNotifier.handleSendActivityInvokeNotification:184 com.qualcomm.qti.activityextension.ActivityNotifier.access$300:26
08-23 17:43:01.571 1082 1864 W ActivityManager: No pending application record for pid 2016 (IApplicationThread android.app.IApplicationThread$Stub$Proxy@1bf52b0); dropping process
08-23 17:43:01.580 1082 1126 D CompatibilityChangeReporter: Compat change id reported: 168419799; UID 1001; state: DISABLED
08-23 17:43:01.590 1082 1126 D CompatibilityChangeReporter: Compat change id reported: 168419799; UID 1001; state: DISABLED
08-23 17:43:01.598 1082 2028 W ContextImpl: Calling a method in the system process without a qualified user: android.app.ContextImpl.bindService:1895 android.content.ContextWrapper.bindService:810 com.qualcomm.qti.activityextension.ActivityNotifier.bindToDynamicDDSService:103 com.qualcomm.qti.activityextension.ActivityNotifier.handleSendActivityInvokeNotification:184 com.qualcomm.qti.activityextension.ActivityNotifier.access$300:26
08-23 17:43:01.602 1082 1082 D SystemServerTiming: StartSystemUI took to complete: 49ms
08-23 17:43:01.603 1082 1082 I SystemServerTiming: startRemoteControlService
08-23 17:43:01.607 1082 1082 D SystemServerTiming: startRemoteControlService took to complete: 5ms
08-23 17:43:01.607 1082 1082 D SystemServerTiming: startOtherServices took to complete: 3898ms
08-23 17:43:01.607 1082 1082 D SystemServerTiming: StartServices took to complete: 8761ms
08-23 17:43:01.616 1082 1082 W Looper : Slow delivery took 7927ms main h=android.app.PropertyInvalidatedCache$AutoCorker$1 c=null m=0
08-23 17:43:01.620 1082 1700 I ActivityManager: Process WebViewLoader-armeabi-v7a (pid 1950) has died: psvc PER
08-23 17:43:01.655 1082 1082 D ConditionProviders.SCP: onConnected
08-23 17:43:01.659 1082 1082 D ConditionProviders: Subscribing to condition://android/event?userId=-10000&calendar=&reply=1 with ComponentInfo{android/com.android.server.notification.EventConditionProvider}
08-23 17:43:01.660 1082 1082 D ConditionProviders: Subscribing to condition://android/schedule?days=1.2.3.4.5.6.7&start=22.0&end=7.0&exitAtAlarm=true with ComponentInfo{android/com.android.server.notification.ScheduleConditionProvider}
08-23 17:43:01.672 1082 1210 W ActivityManager: Slow operation: 327ms so far, now at startProcess: returned from zygote!
08-23 17:43:01.673 1082 1082 D CompatibilityChangeReporter: Compat change id reported: 135634846; UID 10101; state: DISABLED
08-23 17:43:01.673 1082 1082 D CompatibilityChangeReporter: Compat change id reported: 177438394; UID 10101; state: DISABLED
08-23 17:43:01.673 1082 1082 D CompatibilityChangeReporter: Compat change id reported: 135772972; UID 10101; state: DISABLED
08-23 17:43:01.673 1082 1082 D CompatibilityChangeReporter: Compat change id reported: 135754954; UID 10101; state: ENABLED
08-23 17:43:01.678 1082 1210 W ActivityManager: Slow operation: 331ms so far, now at startProcess: done updating battery stats
08-23 17:43:01.678 1082 1210 W ActivityManager: Slow operation: 333ms so far, now at startProcess: building log message
08-23 17:43:01.678 1082 1210 I ActivityManager: Start proc 2098:.qtidataservices/u0a56 for added application .qtidataservices
08-23 17:43:01.678 1082 1210 W ActivityManager: Slow operation: 333ms so far, now at startProcess: starting to update pids map
08-23 17:43:01.679 1082 1210 W ActivityManager: Slow operation: 333ms so far, now at startProcess: done updating pids map
08-23 17:43:01.679 1082 1210 W ActivityManager: Slow operation: 333ms so far, now at startProcess: asking zygote to start proc
08-23 17:43:01.745 1082 1210 W ActivityManager: Slow operation: 398ms so far, now at startProcess: returned from zygote!
08-23 17:43:01.745 1082 1210 W ActivityManager: Slow operation: 399ms so far, now at startProcess: done updating battery stats
08-23 17:43:01.745 1082 1210 W ActivityManager: Slow operation: 399ms so far, now at startProcess: building log message
08-23 17:43:01.745 1082 1210 I ActivityManager: Start proc 2111:com.android.networkstack.process/1073 for added application com.android.networkstack.process
08-23 17:43:01.745 1082 1210 W ActivityManager: Slow operation: 399ms so far, now at startProcess: starting to update pids map
08-23 17:43:01.747 1082 1210 W ActivityManager: Slow operation: 401ms so far, now at startProcess: done updating pids map
08-23 17:43:01.747 1082 1210 W ActivityManager: Slow operation: 398ms so far, now at startProcess: asking zygote to start proc
08-23 17:43:01.863 1082 1082 W Looper : Slow dispatch took 167ms main h=android.app.ActivityThread$H c=null m=114
08-23 17:43:01.863 1082 2006 D CompatibilityChangeReporter: Compat change id reported: 171306433; UID 1000; state: ENABLED
08-23 17:43:01.864 1082 1126 D CompatibilityChangeReporter: Compat change id reported: 168419799; UID 10056; state: DISABLED
08-23 17:43:01.889 1082 1126 D CompatibilityChangeReporter: Compat change id reported: 181136395; UID 1000; state: DISABLED
08-23 17:43:01.890 1082 1126 D CompatibilityChangeReporter: Compat change id reported: 174042936; UID 1000; state: DISABLED
08-23 17:43:01.894 1082 1082 I PackageWatchdog: Syncing health check requests for packages: {}
08-23 17:43:01.894 1082 1082 I ExplicitHealthCheckController: Service not ready to get health check supported packages. Binding...
08-23 17:43:01.895 1082 1082 I ExplicitHealthCheckController: Explicit health check service is bound
08-23 17:43:01.906 1082 1210 W ActivityManager: Slow operation: 557ms so far, now at startProcess: returned from zygote!
