08-23 17:43:05.293 1082 1185 D ActivityManagerTiming: OnBootPhase_1000_com.android.server.wifi.WifiService took to complete: 0ms
08-23 17:43:05.294 1082 1185 I ActivityManagerTiming: OnBootPhase_1000_com.android.server.wifi.scanner.WifiScanningService
08-23 17:43:05.294 1082 1185 D ActivityManagerTiming: OnBootPhase_1000_com.android.server.wifi.scanner.WifiScanningService took to complete: 0ms
08-23 17:43:05.294 1082 1185 I ActivityManagerTiming: OnBootPhase_1000_com.android.server.wifi.rtt.RttService
08-23 17:43:05.294 1082 1185 D ActivityManagerTiming: OnBootPhase_1000_com.android.server.wifi.rtt.RttService took to complete: 0ms
08-23 17:43:05.294 1082 1185 I ActivityManagerTiming: OnBootPhase_1000_com.android.server.wifi.aware.WifiAwareService
08-23 17:43:05.294 1082 1185 D ActivityManagerTiming: OnBootPhase_1000_com.android.server.wifi.aware.WifiAwareService took to complete: 0ms
08-23 17:43:05.294 1082 1185 I ActivityManagerTiming: OnBootPhase_1000_com.android.server.wifi.p2p.WifiP2pService
08-23 17:43:05.294 1082 1185 D ActivityManagerTiming: OnBootPhase_1000_com.android.server.wifi.p2p.WifiP2pService took to complete: 0ms
08-23 17:43:05.294 1082 1185 I ActivityManagerTiming: OnBootPhase_1000_com.android.server.ethernet.EthernetService
08-23 17:43:05.294 1082 1185 D ActivityManagerTiming: OnBootPhase_1000_com.android.server.ethernet.EthernetService took to complete: 0ms
08-23 17:43:05.294 1082 1185 I ActivityManagerTiming: OnBootPhase_1000_com.android.server.ConnectivityServiceInitializer
08-23 17:43:05.294 1082 1185 D ActivityManagerTiming: OnBootPhase_1000_com.android.server.ConnectivityServiceInitializer took to complete: 0ms
08-23 17:43:05.294 1082 1185 I ActivityManagerTiming: OnBootPhase_1000_com.android.server.notification.NotificationManagerService
08-23 17:43:05.294 1082 1185 D ActivityManagerTiming: OnBootPhase_1000_com.android.server.notification.NotificationManagerService took to complete: 0ms
08-23 17:43:05.294 1082 1185 I ActivityManagerTiming: OnBootPhase_1000_com.android.server.storage.DeviceStorageMonitorService
08-23 17:43:05.294 1082 1185 D ActivityManagerTiming: OnBootPhase_1000_com.android.server.storage.DeviceStorageMonitorService took to complete: 0ms
08-23 17:43:05.294 1082 1185 I ActivityManagerTiming: OnBootPhase_1000_com.android.server.location.LocationManagerService$Lifecycle
08-23 17:43:05.294 1082 1185 D ActivityManagerTiming: OnBootPhase_1000_com.android.server.location.LocationManagerService$Lifecycle took to complete: 0ms
08-23 17:43:05.295 1082 1185 I ActivityManagerTiming: OnBootPhase_1000_com.android.server.timedetector.TimeDetectorService$Lifecycle
08-23 17:43:05.295 1082 1185 D ActivityManagerTiming: OnBootPhase_1000_com.android.server.timedetector.TimeDetectorService$Lifecycle took to complete: 0ms
08-23 17:43:05.295 1082 1185 I ActivityManagerTiming: OnBootPhase_1000_com.android.server.timezonedetector.TimeZoneDetectorService$Lifecycle
08-23 17:43:05.295 1082 1185 D ActivityManagerTiming: OnBootPhase_1000_com.android.server.timezonedetector.TimeZoneDetectorService$Lifecycle took to complete: 0ms
08-23 17:43:05.295 1082 1185 I ActivityManagerTiming: OnBootPhase_1000_com.android.server.timezonedetector.location.LocationTimeZoneManagerService$Lifecycle
08-23 17:43:05.295 1082 1185 D ActivityManagerTiming: OnBootPhase_1000_com.android.server.timezonedetector.location.LocationTimeZoneManagerService$Lifecycle took to complete: 0ms
08-23 17:43:05.295 1082 1185 I ActivityManagerTiming: OnBootPhase_1000_com.android.server.search.SearchManagerService$Lifecycle
08-23 17:43:05.295 1082 1185 D ActivityManagerTiming: OnBootPhase_1000_com.android.server.search.SearchManagerService$Lifecycle took to complete: 0ms
08-23 17:43:05.295 1082 1185 I ActivityManagerTiming: OnBootPhase_1000_com.android.server.wallpaper.WallpaperManagerService$Lifecycle
08-23 17:43:05.295 1082 1185 D ActivityManagerTiming: OnBootPhase_1000_com.android.server.wallpaper.WallpaperManagerService$Lifecycle took to complete: 0ms
08-23 17:43:05.295 1082 1185 I ActivityManagerTiming: OnBootPhase_1000_com.android.server.audio.AudioService$Lifecycle
08-23 17:43:05.295 1082 1185 D ActivityManagerTiming: OnBootPhase_1000_com.android.server.audio.AudioService$Lifecycle took to complete: 0ms
08-23 17:43:05.295 1082 1185 I ActivityManagerTiming: OnBootPhase_1000_com.android.server.soundtrigger_middleware.SoundTriggerMiddlewareService$Lifecycle
08-23 17:43:05.295 1082 1185 D ActivityManagerTiming: OnBootPhase_1000_com.android.server.soundtrigger_middleware.SoundTriggerMiddlewareService$Lifecycle took to complete: 0ms
08-23 17:43:05.295 1082 1185 I ActivityManagerTiming: OnBootPhase_1000_com.android.server.DockObserver
08-23 17:43:05.295 1082 1185 D ActivityManagerTiming: OnBootPhase_1000_com.android.server.DockObserver took to complete: 0ms
08-23 17:43:05.295 1082 1185 I ActivityManagerTiming: OnBootPhase_1000_com.android.server.midi.MidiService$Lifecycle
08-23 17:43:05.295 1082 1185 D ActivityManagerTiming: OnBootPhase_1000_com.android.server.midi.MidiService$Lifecycle took to complete: 0ms
08-23 17:43:05.295 1082 1185 I ActivityManagerTiming: OnBootPhase_1000_com.android.server.adb.AdbService$Lifecycle
08-23 17:43:05.296 1082 1185 D ActivityManagerTiming: OnBootPhase_1000_com.android.server.adb.AdbService$Lifecycle took to complete: 1ms
08-23 17:43:05.296 1082 1185 I ActivityManagerTiming: OnBootPhase_1000_com.android.server.usb.UsbService$Lifecycle
08-23 17:43:05.296 1082 1185 D ActivityManagerTiming: OnBootPhase_1000_com.android.server.usb.UsbService$Lifecycle took to complete: 0ms
08-23 17:43:05.296 1082 1185 I ActivityManagerTiming: OnBootPhase_1000_com.android.server.twilight.TwilightService
08-23 17:43:05.298 1082 1185 D ActivityManagerTiming: OnBootPhase_1000_com.android.server.twilight.TwilightService took to complete: 2ms
08-23 17:43:05.298 1082 1185 I ActivityManagerTiming: OnBootPhase_1000_com.android.server.display.color.ColorDisplayService
08-23 17:43:05.298 1082 1185 D ActivityManagerTiming: OnBootPhase_1000_com.android.server.display.color.ColorDisplayService took to complete: 0ms
08-23 17:43:05.298 1082 1185 I ActivityManagerTiming: OnBootPhase_1000_com.android.server.job.JobSchedulerService
08-23 17:43:05.298 1082 1185 D ActivityManagerTiming: OnBootPhase_1000_com.android.server.job.JobSchedulerService took to complete: 0ms
08-23 17:43:05.298 1082 1185 I ActivityManagerTiming: OnBootPhase_1000_com.android.server.soundtrigger.SoundTriggerService
08-23 17:43:05.299 1082 1185 D SoundTriggerService: onBootPhase: 1000 : false
08-23 17:43:05.299 1082 1185 D ActivityManagerTiming: OnBootPhase_1000_com.android.server.soundtrigger.SoundTriggerService took to complete: 0ms
08-23 17:43:05.299 1082 1185 I ActivityManagerTiming: OnBootPhase_1000_com.android.server.trust.TrustManagerService
08-23 17:43:05.299 1082 1185 D ActivityManagerTiming: OnBootPhase_1000_com.android.server.trust.TrustManagerService took to complete: 1ms
08-23 17:43:05.299 1082 1185 I ActivityManagerTiming: OnBootPhase_1000_com.android.server.backup.BackupManagerService$Lifecycle
08-23 17:43:05.299 1082 1185 D ActivityManagerTiming: OnBootPhase_1000_com.android.server.backup.BackupManagerService$Lifecycle took to complete: 0ms
08-23 17:43:05.299 1082 1185 I ActivityManagerTiming: OnBootPhase_1000_com.android.server.appwidget.AppWidgetService
08-23 17:43:05.299 1082 1185 D ActivityManagerTiming: OnBootPhase_1000_com.android.server.appwidget.AppWidgetService took to complete: 0ms
08-23 17:43:05.299 1082 1185 I ActivityManagerTiming: OnBootPhase_1000_com.android.server.voiceinteraction.VoiceInteractionManagerService
08-23 17:43:05.299 1082 1185 D ActivityManagerTiming: OnBootPhase_1000_com.android.server.voiceinteraction.VoiceInteractionManagerService took to complete: 0ms
08-23 17:43:05.299 1082 1185 I ActivityManagerTiming: OnBootPhase_1000_com.android.server.apphibernation.AppHibernationService
08-23 17:43:05.302 1082 1185 D ActivityManagerTiming: OnBootPhase_1000_com.android.server.apphibernation.AppHibernationService took to complete: 3ms
08-23 17:43:05.302 1082 1185 I ActivityManagerTiming: OnBootPhase_1000_com.android.server.GestureLauncherService
08-23 17:43:05.302 1082 1185 D ActivityManagerTiming: OnBootPhase_1000_com.android.server.GestureLauncherService took to complete: 0ms
08-23 17:43:05.302 1082 1185 I ActivityManagerTiming: OnBootPhase_1000_com.android.server.SensorNotificationService
08-23 17:43:05.304 1082 2620 I HibernationStateDiskStore: No hibernation file on disk for file /data/system/hibernation/states
08-23 17:43:05.316 1082 1185 D CompatibilityChangeReporter: Compat change id reported: 168936375; UID 1000; state: DISABLED
08-23 17:43:05.317 1082 1185 D CompatibilityChangeReporter: Compat change id reported: 168936375; UID 1000; state: ENABLED
08-23 17:43:05.320 1082 1185 D CompatibilityChangeReporter: Compat change id reported: 73144566; UID 1000; state: DISABLED
08-23 17:43:05.320 1082 1185 D CompatibilityChangeReporter: Compat change id reported: 73144566; UID 1000; state: ENABLED
08-23 17:43:05.321 1082 1185 D ActivityManagerTiming: OnBootPhase_1000_com.android.server.SensorNotificationService took to complete: 19ms
08-23 17:43:05.321 1082 1185 I ActivityManagerTiming: OnBootPhase_1000_com.android.server.emergency.EmergencyAffordanceService
08-23 17:43:05.321 1082 1185 D ActivityManagerTiming: OnBootPhase_1000_com.android.server.emergency.EmergencyAffordanceService took to complete: 0ms
08-23 17:43:05.321 1082 1185 I ActivityManagerTiming: OnBootPhase_1000_com.android.server.blob.BlobStoreManagerService
08-23 17:43:05.322 1082 1185 D ActivityManagerTiming: OnBootPhase_1000_com.android.server.blob.BlobStoreManagerService took to complete: 1ms
08-23 17:43:05.322 1082 1185 I ActivityManagerTiming: OnBootPhase_1000_com.android.server.dreams.DreamManagerService
08-23 17:43:05.322 1082 1185 D ActivityManagerTiming: OnBootPhase_1000_com.android.server.dreams.DreamManagerService took to complete: 0ms
08-23 17:43:05.322 1082 1185 I ActivityManagerTiming: OnBootPhase_1000_com.android.server.companion.CompanionDeviceManagerService
08-23 17:43:05.322 1082 1185 D ActivityManagerTiming: OnBootPhase_1000_com.android.server.companion.CompanionDeviceManagerService took to complete: 0ms
08-23 17:43:05.322 1082 1185 I ActivityManagerTiming: OnBootPhase_1000_com.android.server.restrictions.RestrictionsManagerService
08-23 17:43:05.322 1082 1185 D ActivityManagerTiming: OnBootPhase_1000_com.android.server.restrictions.RestrictionsManagerService took to complete: 0ms
08-23 17:43:05.322 1082 1185 I ActivityManagerTiming: OnBootPhase_1000_com.android.server.media.MediaSessionService
08-23 17:43:05.324 1082 1185 D ActivityManagerTiming: OnBootPhase_1000_com.android.server.media.MediaSessionService took to complete: 2ms
08-23 17:43:05.325 1082 1185 I ActivityManagerTiming: OnBootPhase_1000_com.android.server.media.MediaResourceMonitorService
08-23 17:43:05.325 1082 1185 D ActivityManagerTiming: OnBootPhase_1000_com.android.server.media.MediaResourceMonitorService took to complete: 0ms
08-23 17:43:05.325 1082 1185 I ActivityManagerTiming: OnBootPhase_1000_com.android.server.biometrics.sensors.fingerprint.FingerprintService
08-23 17:43:05.326 1082 1185 D ActivityManagerTiming: OnBootPhase_1000_com.android.server.biometrics.sensors.fingerprint.FingerprintService took to complete: 0ms
08-23 17:43:05.326 1082 1185 I ActivityManagerTiming: OnBootPhase_1000_com.android.server.biometrics.BiometricService
08-23 17:43:05.326 1082 1185 D ActivityManagerTiming: OnBootPhase_1000_com.android.server.biometrics.BiometricService took to complete: 0ms
08-23 17:43:05.326 1082 1185 I ActivityManagerTiming: OnBootPhase_1000_com.android.server.biometrics.AuthService
08-23 17:43:05.326 1082 1185 D ActivityManagerTiming: OnBootPhase_1000_com.android.server.biometrics.AuthService took to complete: 0ms
08-23 17:43:05.326 1082 1185 I ActivityManagerTiming: OnBootPhase_1000_com.android.server.pm.ShortcutService$Lifecycle
08-23 17:43:05.326 1082 1185 D ActivityManagerTiming: OnBootPhase_1000_com.android.server.pm.ShortcutService$Lifecycle took to complete: 0ms
08-23 17:43:05.326 1082 1185 I ActivityManagerTiming: OnBootPhase_1000_com.android.server.pm.LauncherAppsService
08-23 17:43:05.326 1082 1185 D ActivityManagerTiming: OnBootPhase_1000_com.android.server.pm.LauncherAppsService took to complete: 0ms
08-23 17:43:05.326 1082 1185 I ActivityManagerTiming: OnBootPhase_1000_com.android.server.pm.CrossProfileAppsService
08-23 17:43:05.326 1082 1185 D ActivityManagerTiming: OnBootPhase_1000_com.android.server.pm.CrossProfileAppsService took to complete: 0ms
08-23 17:43:05.327 1082 1185 I ActivityManagerTiming: OnBootPhase_1000_com.android.server.people.PeopleService
08-23 17:43:05.327 1082 1185 D ActivityManagerTiming: OnBootPhase_1000_com.android.server.people.PeopleService took to complete: 0ms
08-23 17:43:05.327 1082 1185 I ActivityManagerTiming: OnBootPhase_1000_com.android.server.media.metrics.MediaMetricsManagerService
08-23 17:43:05.327 1082 1185 D ActivityManagerTiming: OnBootPhase_1000_com.android.server.media.metrics.MediaMetricsManagerService took to complete: 0ms
08-23 17:43:05.327 1082 1185 I ActivityManagerTiming: OnBootPhase_1000_com.android.server.media.projection.MediaProjectionManagerService
08-23 17:43:05.327 1082 1185 D ActivityManagerTiming: OnBootPhase_1000_com.android.server.media.projection.MediaProjectionManagerService took to complete: 0ms
08-23 17:43:05.327 1082 1185 I ActivityManagerTiming: OnBootPhase_1000_com.android.server.slice.SliceManagerService$Lifecycle
08-23 17:43:05.327 1082 1185 D ActivityManagerTiming: OnBootPhase_1000_com.android.server.slice.SliceManagerService$Lifecycle took to complete: 0ms
08-23 17:43:05.327 1082 1185 I ActivityManagerTiming: OnBootPhase_1000_com.android.server.stats.StatsCompanion$Lifecycle
08-23 17:43:05.327 1082 1185 D ActivityManagerTiming: OnBootPhase_1000_com.android.server.stats.StatsCompanion$Lifecycle took to complete: 0ms
08-23 17:43:05.327 1082 1185 I ActivityManagerTiming: OnBootPhase_1000_com.android.server.scheduling.RebootReadinessManagerService$Lifecycle
08-23 17:43:05.328 1082 1185 D ActivityManagerTiming: OnBootPhase_1000_com.android.server.scheduling.RebootReadinessManagerService$Lifecycle took to complete: 0ms
08-23 17:43:05.328 1082 1185 I ActivityManagerTiming: OnBootPhase_1000_com.android.server.stats.pull.StatsPullAtomService
08-23 17:43:05.328 1082 1185 D ActivityManagerTiming: OnBootPhase_1000_com.android.server.stats.pull.StatsPullAtomService took to complete: 0ms
08-23 17:43:05.328 1082 1185 I ActivityManagerTiming: OnBootPhase_1000_com.android.server.incident.IncidentCompanionService
08-23 17:43:05.328 1082 1185 D ActivityManagerTiming: OnBootPhase_1000_com.android.server.incident.IncidentCompanionService took to complete: 0ms
08-23 17:43:05.328 1082 1185 I ActivityManagerTiming: OnBootPhase_1000_com.android.server.MmsServiceBroker
08-23 17:43:05.328 1082 1185 D ActivityManagerTiming: OnBootPhase_1000_com.android.server.MmsServiceBroker took to complete: 0ms
08-23 17:43:05.328 1082 1185 I ActivityManagerTiming: OnBootPhase_1000_com.android.server.autofill.AutofillManagerService
08-23 17:43:05.328 1082 1185 D ActivityManagerTiming: OnBootPhase_1000_com.android.server.autofill.AutofillManagerService took to complete: 0ms
08-23 17:43:05.328 1082 1185 I ActivityManagerTiming: OnBootPhase_1000_com.android.server.clipboard.ClipboardService
08-23 17:43:05.328 1082 1185 D ActivityManagerTiming: OnBootPhase_1000_com.android.server.clipboard.ClipboardService took to complete: 0ms
08-23 17:43:05.328 1082 1185 I ActivityManagerTiming: OnBootPhase_1000_com.android.server.appbinding.AppBindingService$Lifecycle
08-23 17:43:05.329 1082 1185 D ActivityManagerTiming: OnBootPhase_1000_com.android.server.appbinding.AppBindingService$Lifecycle took to complete: 0ms
08-23 17:43:05.329 1082 1185 I ActivityManagerTiming: OnBootPhase_1000_com.android.server.tracing.TracingServiceProxy
08-23 17:43:05.329 1082 1185 D ActivityManagerTiming: OnBootPhase_1000_com.android.server.tracing.TracingServiceProxy took to complete: 0ms
08-23 17:43:05.329 1082 1185 I ActivityManagerTiming: OnBootPhase_1000_com.android.server.policy.PermissionPolicyService
08-23 17:43:05.329 1082 1185 D ActivityManagerTiming: OnBootPhase_1000_com.android.server.policy.PermissionPolicyService took to complete: 0ms
08-23 17:43:05.329 1082 1185 I ActivityManagerTiming: OnBootPhase_1000_com.android.server.pm.StagingManager$Lifecycle
08-23 17:43:05.329 1082 1185 D ActivityManagerTiming: OnBootPhase_1000_com.android.server.pm.StagingManager$Lifecycle took to complete: 0ms
08-23 17:43:05.329 1082 1185 I ActivityManagerTiming: OnBootPhase_1000_com.android.server.app.GameManagerService$Lifecycle
08-23 17:43:05.329 1082 1185 D GameManagerService: onBootCompleted
08-23 17:43:05.329 1082 1185 D ActivityManagerTiming: OnBootPhase_1000_com.android.server.app.GameManagerService$Lifecycle took to complete: 0ms
08-23 17:43:05.330 1082 1185 I ActivityManagerTiming: OnBootPhase_1000_com.android.server.appsearch.AppSearchManagerService
08-23 17:43:05.330 1082 1185 D ActivityManagerTiming: OnBootPhase_1000_com.android.server.appsearch.AppSearchManagerService took to complete: 1ms
08-23 17:43:05.331 1082 1185 I ActivityManagerTiming: OnBootPhase_1000_com.android.server.media.MediaCommunicationService
08-23 17:43:05.331 1082 1185 D ActivityManagerTiming: OnBootPhase_1000_com.android.server.media.MediaCommunicationService took to complete: 0ms
08-23 17:43:05.331 1082 1185 D ActivityManagerTiming: OnBootPhase_1000 took to complete: 104ms
08-23 17:43:05.331 1082 1185 D ActivityManagerTiming: TotalBootTime took to complete: 13566ms
08-23 17:43:05.331 1082 1185 D SystemServerInitThreadPool: Shutdown requested
08-23 17:43:05.331 1082 1185 I SystemServerTiming: WaitInitThreadPoolShutdown
08-23 17:43:05.342 1082 1185 D SystemServerInitThreadPool: Shutdown successful
08-23 17:43:05.342 1082 1185 D SystemServerTiming: WaitInitThreadPoolShutdown took to complete: 11ms
08-23 17:43:05.344 1082 1210 W ActivityManager: Slow operation: 105ms so far, now at startProcess: returned from zygote!
08-23 17:43:05.368 1082 1221 W BatteryExternalStatsWorker: error reading modem stats:ERROR_PHONE_NOT_AVAILABLE
08-23 17:43:05.381 1082 1185 I ActivityManager: User 0 state changed from BOOTING to RUNNING_LOCKED
08-23 17:43:05.381 1082 1185 W ActivityManager: UserLifecycleEvent 4 received without an active userJourneySession.
08-23 17:43:05.391 1082 1185 D StorageManagerService: unlockUserKey: 0 isFileEncryptedNativeOrEmulated: true hasToken: false hasSecret: false
08-23 17:43:05.392 1082 1221 E KernelCpuSpeedReader: Failed to read cpu-freq: /sys/devices/system/cpu/cpu4/cpufreq/stats/time_in_state: open failed: ENOENT (No such file or directory)
08-23 17:43:05.392 560 560 D vold : fscrypt_unlock_user_key 0 serial=0
08-23 17:43:05.393 1082 1221 E KernelCpuSpeedReader: Failed to read cpu-freq: /sys/devices/system/cpu/cpu0/cpufreq/stats/time_in_state: open failed: ENOENT (No such file or directory)
08-23 17:43:05.395 1082 1221 W BatteryStatsImpl: Attempted to remove untracked isolated uid (1037)
08-23 17:43:05.395 560 560 D vold : Trying user CE key /data/misc/vold/user_keys/ce/0/current
08-23 17:43:05.455 560 560 D vold : Successfully retrieved key
08-23 17:43:05.505 560 560 D vold : Installed fscrypt key with ref 4877f78d81be1feac0b6964b37220ea3 to /data
08-23 17:43:05.506 560 560 D vold : Added fscrypt-provisioning key for 4877f78d81be1feac0b6964b37220ea3 to session keyring
08-23 17:43:05.506 560 560 D vold : Installed ce key for user 0
08-23 17:43:05.509 1082 1185 W ActivityManager: UserLifecycleEvent 5 received without an active userJourneySession.
08-23 17:43:05.509 1082 1185 D ActivityManager: Started unlocking user 0
08-23 17:43:05.509 1082 1185 D ActivityManager: Unlocking user 0 progress 0
08-23 17:43:05.509 1082 1185 D ActivityManager: Unlocking user 0 progress 5
08-23 17:43:05.510 560 560 D vold : fscrypt_prepare_user_storage for volume null, user 0, serial 0, flags 2
08-23 17:43:05.510 560 560 D vold : Preparing: /data/system_ce/0
08-23 17:43:05.510 560 560 D vold : Preparing: /data/misc_ce/0
08-23 17:43:05.510 560 560 D vold : Preparing: /data/vendor_ce/0
08-23 17:43:05.510 1082 1210 W ActivityManager: Slow operation: 271ms so far, now at startProcess: done updating battery stats
08-23 17:43:05.511 1082 1210 W ActivityManager: Slow operation: 271ms so far, now at startProcess: building log message
08-23 17:43:05.511 1082 1210 I ActivityManager: Start proc 2626:com.android.inputmethod.latin/u0a76 for service {com.android.inputmethod.latin/com.android.inputmethod.latin.LatinIME}
08-23 17:43:05.511 1082 1210 W ActivityManager: Slow operation: 272ms so far, now at startProcess: starting to update pids map
08-23 17:43:05.512 560 560 D vold : Preparing: /data/media/0
08-23 17:43:05.513 1082 1210 W ActivityManager: Slow operation: 274ms so far, now at startProcess: done updating pids map
08-23 17:43:05.521 1082 1126 D CompatibilityChangeReporter: Compat change id reported: 168419799; UID 10076; state: DISABLED
08-23 17:43:05.529 1082 1185 D ActivityManagerTiming: FinishBooting took to complete: 316ms
08-23 17:43:05.536 560 560 D vold : Preparing: /data/data
08-23 17:43:05.536 560 560 I vold : Verified that /data/system_ce/0 has the encryption policy 4877f78d81be1feac0b6964b37220ea3 v2 modes 1/4 flags 0xa
08-23 17:43:05.536 560 560 I vold : Verified that /data/misc_ce/0 has the encryption policy 4877f78d81be1feac0b6964b37220ea3 v2 modes 1/4 flags 0xa
08-23 17:43:05.536 560 560 I vold : Verified that /data/vendor_ce/0 has the encryption policy 4877f78d81be1feac0b6964b37220ea3 v2 modes 1/4 flags 0xa
08-23 17:43:05.536 560 560 I vold : Verified that /data/media/0 has the encryption policy 4877f78d81be1feac0b6964b37220ea3 v2 modes 1/4 flags 0xa
08-23 17:43:05.536 560 560 I vold : Verified that /data/data has the encryption policy 4877f78d81be1feac0b6964b37220ea3 v2 modes 1/4 flags 0xa
08-23 17:43:05.537 560 560 D vold : Starting restorecon of /data/system_ce/0
08-23 17:43:05.540 1082 1184 I DropBoxManagerService: add tag=system_server_strictmode isTagEnabled=true flags=0x2
08-23 17:43:05.547 1082 1184 I DropBoxManagerService: add tag=system_server_strictmode isTagEnabled=true flags=0x2
08-23 17:43:05.550 1082 1184 I DropBoxManagerService: add tag=system_server_strictmode isTagEnabled=true flags=0x2
08-23 17:43:05.551 1082 1185 D ColorDisplayService: setUp: currentUser=0
08-23 17:43:05.551 1082 1209 D CompatibilityChangeReporter: Compat change id reported: 135634846; UID 10068; state: DISABLED
08-23 17:43:05.551 1082 1209 D CompatibilityChangeReporter: Compat change id reported: 177438394; UID 10068; state: DISABLED
08-23 17:43:05.551 1082 1209 D CompatibilityChangeReporter: Compat change id reported: 135772972; UID 10068; state: DISABLED
08-23 17:43:05.551 1082 1209 D CompatibilityChangeReporter: Compat change id reported: 135754954; UID 10068; state: DISABLED
08-23 17:43:05.554 1082 1210 D CompatibilityChangeReporter: Compat change id reported: 143937733; UID 10068; state: DISABLED
08-23 17:43:05.558 1082 1184 I DropBoxManagerService: add tag=system_server_strictmode isTagEnabled=true flags=0x2
08-23 17:43:05.572 1082 1082 W Looper : Slow dispatch took 574ms main h=android.os.Handler c=com.android.server.biometrics.sensors.fingerprint.hidl.Fingerprint21$$ExternalSyntheticLambda2@7a3648f m=0
08-23 17:43:05.572 1082 1082 D BiometricScheduler/Fingerprint21: [Added] {[1] FingerprintUpdateActiveUserClient, proto=1, owner=android, cookie=0, requestId=-1, userId=0}, new queue size: 1
08-23 17:43:05.572 1082 1082 V BiometricScheduler/Fingerprint21: Not idle, current operation: {[0] FingerprintUpdateActiveUserClient, proto=1, owner=android, cookie=0, requestId=-1, userId=0}, State: 2
08-23 17:43:05.573 1082 1082 D BiometricScheduler/Fingerprint21: [Added] {[2] FingerprintInternalCleanupClient, proto=7, owner=android, cookie=0, requestId=-1, userId=0}, new queue size: 2
08-23 17:43:05.573 1082 1082 V BiometricScheduler/Fingerprint21: Not idle, current operation: {[0] FingerprintUpdateActiveUserClient, proto=1, owner=android, cookie=0, requestId=-1, userId=0}, State: 2
08-23 17:43:05.573 1082 1082 W Looper : Slow delivery took 574ms main h=android.os.Handler c=com.android.server.biometrics.sensors.fingerprint.hidl.Fingerprint21$$ExternalSyntheticLambda12@6d0c508 m=0
08-23 17:43:05.573 1082 1082 D BluetoothManagerService: Bluetooth Adapter address changed to 22:22:AE:2C:F9:BF
08-23 17:43:05.574 1082 1082 D BluetoothManagerService: Stored Bluetoothaddress: 22:22:AE:2C:F9:BF
08-23 17:43:05.574 1082 1082 D BluetoothManagerService: Bluetooth Adapter name changed to QCOM-BTD by android
08-23 17:43:05.574 1082 1082 D BluetoothManagerService: Stored Bluetooth name: QCOM-BTD
08-23 17:43:05.574 1082 1082 D BluetoothManagerService: Bluetooth Adapter address changed to 22:22:AE:2C:F9:BF
08-23 17:43:05.574 1082 1082 D BluetoothManagerService: Stored Bluetoothaddress: 22:22:AE:2C:F9:BF
08-23 17:43:05.574 1082 1082 D CompanionDeviceManagerService: Received BT state transition broadcast: BLE_TURNING_ON -> BLE_ON
08-23 17:43:05.575 1082 1082 I CompanionDeviceManagerService: startBleScan()
08-23 17:43:05.575 1082 1082 I CompanionDeviceManagerService: Read associations from disk: {0=[]}
08-23 17:43:05.575 1082 1082 D BluetoothManagerService: BluetoothServiceConnection: com.android.bluetooth.gatt.GattService
08-23 17:43:05.577 1082 1184 D BluetoothManagerService: MESSAGE_BLUETOOTH_SERVICE_CONNECTED: 2
08-23 17:43:05.577 1082 1184 D BluetoothManagerService: continueFromBleOnState()
08-23 17:43:05.581 1082 1184 D BluetoothManagerService: Persisting Bluetooth Setting: 1
08-23 17:43:05.593 1082 1082 D BiometricScheduler/Fingerprint21: [Finishing] {[0] FingerprintUpdateActiveUserClient, proto=1, owner=android, cookie=0, requestId=-1, userId=0}, success: true
08-23 17:43:05.593 1082 1082 D BiometricScheduler/Fingerprint21: [Polled] {[1] FingerprintUpdateActiveUserClient, proto=1, owner=android, cookie=0, requestId=-1, userId=0}, State: 0
08-23 17:43:05.593 1082 1082 D BiometricScheduler/Fingerprint21: [Starting] {[1] FingerprintUpdateActiveUserClient, proto=1, owner=android, cookie=0, requestId=-1, userId=0}, State: 0
08-23 17:43:05.593 1082 1082 D BiometricScheduler/Fingerprint21: [Started] {[1] FingerprintUpdateActiveUserClient, proto=1, owner=android, cookie=0, requestId=-1, userId=0}
08-23 17:43:05.613 560 560 D vold : Finished restorecon of /data/system_ce/0
08-23 17:43:05.613 560 560 D vold : Starting restorecon of /data/vendor_ce/0
08-23 17:43:05.620 1082 1185 D ColorDisplayService: onNightDisplayAutoModeChanged: autoMode=0
08-23 17:43:05.621 1082 1185 I ColorDisplayService: Turning off night display
08-23 17:43:05.621 1082 1185 D ColorDisplayService: Setting bright color reduction level: 50
08-23 17:43:05.621 1082 1235 V DisplayPowerController[0]: Brightness [0.39763778] manual adjustment.
08-23 17:43:05.624 1082 1184 D BluetoothManagerService: MESSAGE_BLUETOOTH_STATE_CHANGE: BLE_ON > TURNING_ON
08-23 17:43:05.624 1082 1184 D BluetoothManagerService: Sending BLE State Change: BLE_ON > TURNING_ON
08-23 17:43:05.626 1082 1184 D BluetoothManagerService: Sending State Change: OFF > TURNING_ON
08-23 17:43:05.650 1082 1210 W ActivityManager: Slow operation: 100ms so far, now at startProcess: returned from zygote!
08-23 17:43:05.651 1082 1210 W ActivityManager: Slow operation: 101ms so far, now at startProcess: done updating battery stats
08-23 17:43:05.651 1082 1210 W ActivityManager: Slow operation: 101ms so far, now at startProcess: building log message
08-23 17:43:05.651 1082 1210 I ActivityManager: Start proc 2677:com.android.deskclock/u0a68 for broadcast {com.android.deskclock/com.android.deskclock.AlarmInitReceiver}
08-23 17:43:05.651 1082 1210 W ActivityManager: Slow operation: 101ms so far, now at startProcess: starting to update pids map
08-23 17:43:05.652 1082 1210 W ActivityManager: Slow operation: 101ms so far, now at startProcess: done updating pids map
08-23 17:43:05.653 560 560 D vold : Finished restorecon of /data/vendor_ce/0
08-23 17:43:05.654 560 560 D vold : Starting restorecon of /data/misc_ce/0
08-23 17:43:05.673 560 560 D vold : Finished restorecon of /data/misc_ce/0
08-23 17:43:05.673 560 560 D vold : /system/bin/vold_prepare_subdirs
08-23 17:43:05.673 560 560 D vold : prepare
08-23 17:43:05.673 560 560 D vold :
08-23 17:43:05.673 560 560 D vold : 0
08-23 17:43:05.673 560 560 D vold : 2
08-23 17:43:05.690 1082 2074 D TelephonyRegistry: listen oscl: mHasNotifySubscriptionInfoChangedOccurred==false no callback
08-23 17:43:05.818 1082 1126 D CompatibilityChangeReporter: Compat change id reported: 168419799; UID 10068; state: DISABLED
08-23 17:43:05.916 1082 1182 V UserDataPreparer: Found /data/user/0 with serial number 0
08-23 17:43:05.917 1082 1182 V UserDataPreparer: Found /data/system_ce/0 with serial number 0
08-23 17:43:05.918 1082 1182 D UserDataPreparer: Setting property: sys.user.0.ce_available=true
08-23 17:43:05.924 1082 1182 V PackageManager: reconcileAppsData for null u0 0x2 migrateAppData=false
08-23 17:43:05.941 2626 2720 W ActivityThread: Failed to find provider info for user_dictionary (user not unlocked)
08-23 17:43:06.047 1877 2732 W ActivityThread: Failed to find provider info for com.android.contacts (user not unlocked)
08-23 17:43:06.092 1082 1184 D BluetoothManagerService: MESSAGE_BLUETOOTH_STATE_CHANGE: TURNING_ON > ON
08-23 17:43:06.092 1082 1184 D BluetoothManagerService: Broadcasting onBluetoothStateChange(true) to 10 receivers.
08-23 17:43:06.096 1082 1184 D BluetoothManagerService: Creating new ProfileServiceConnections object for profile: 1
08-23 17:43:06.110 1082 1082 W Looper : Slow dispatch took 518ms main h=android.os.Handler c=com.android.server.biometrics.sensors.BiometricScheduler$InternalCallback$$ExternalSyntheticLambda0@c87b9c7 m=0
08-23 17:43:06.111 1082 1082 D CompanionDeviceManagerService: Received BT state transition broadcast: BLE_ON -> TURNING_ON
08-23 17:43:06.111 1082 1184 W BluetoothManagerService: psc is not null in bindBluetoothProfileService
08-23 17:43:06.121 1082 1184 D BluetoothManagerService: Sending BLE State Change: TURNING_ON > ON
08-23 17:43:06.121 1082 1082 W NotificationHistory: Attempted to add notif for locked/gone/disabled user 0
08-23 17:43:06.121 1082 1184 D BluetoothManagerService: Sending State Change: TURNING_ON > ON
08-23 17:43:06.130 1082 1082 W NotificationHistory: Attempted to add notif for locked/gone/disabled user 0
08-23 17:43:06.147 1082 1082 I Telecom : BluetoothDeviceManager: Got BluetoothHearingAid: android.bluetooth.BluetoothHearingAid@7bae98d: BMSL.oSC@AAg
08-23 17:43:06.148 1082 1082 D BiometricScheduler/Fingerprint21: [Finishing] {[1] FingerprintUpdateActiveUserClient, proto=1, owner=android, cookie=0, requestId=-1, userId=0}, success: true
08-23 17:43:06.148 1082 1082 D BiometricScheduler/Fingerprint21: [Polled] {[2] FingerprintInternalCleanupClient, proto=7, owner=android, cookie=0, requestId=-1, userId=0}, State: 0
08-23 17:43:06.148 1082 1082 D BiometricScheduler/Fingerprint21: [Starting] {[2] FingerprintInternalCleanupClient, proto=7, owner=android, cookie=0, requestId=-1, userId=0}, State: 0
08-23 17:43:06.148 1082 1082 D BiometricScheduler/Fingerprint21: [Started] {[2] FingerprintInternalCleanupClient, proto=7, owner=android, cookie=0, requestId=-1, userId=0}
08-23 17:43:06.148 1082 1082 D Biometrics/InternalCleanupClient: Starting enumerate: {[3] FingerprintInternalEnumerateClient, proto=6, owner=android, cookie=0, requestId=-1, userId=0}
08-23 17:43:06.151 1082 1082 D CompanionDeviceManagerService: Received BT state transition broadcast: TURNING_ON -> ON
08-23 17:43:06.151 1082 1082 I CompanionDeviceManagerService: startBleScan()
08-23 17:43:06.182 1889 2747 W ActivityThread: Failed to find provider info for media (user not unlocked)
08-23 17:43:06.183 1082 1082 W Looper : Drained
08-23 17:43:06.205 1082 1126 W ActivityTaskManager: Current config: {1.0 ?mcc?mnc [zh_CN] ldltr sw680dp w1586dp h608dp 240dpi lrg long hdr land finger -keyb/v/h -nav/h winConfig={ mBounds=Rect(0, 0 - 2380, 1020) mAppBounds=Rect(0, 0 - 2380, 948) mMaxBounds=Rect(0, 0 - 2380, 1020) mWindowingMode=fullscreen mDisplayWindowingMode=fullscreen mActivityType=undefined mAlwaysOnTop=undefined mRotation=ROTATION_0} s.10 fontWeightAdjustment=0} unchanged for IME proc com.android.inputmethod.latin
08-23 17:43:06.205 1082 1126 W ActivityTaskManager: Current config: {1.0 ?mcc?mnc [zh_CN] ldltr sw680dp w1586dp h608dp 240dpi lrg long hdr land finger -keyb/v/h -nav/h winConfig={ mBounds=Rect(0, 0 - 2380, 1020) mAppBounds=Rect(0, 0 - 2380, 948) mMaxBounds=Rect(0, 0 - 2380, 1020) mWindowingMode=fullscreen mDisplayWindowingMode=fullscreen mActivityType=undefined mAlwaysOnTop=undefined mRotation=ROTATION_0} s.10 fontWeightAdjustment=0} unchanged for IME proc com.android.inputmethod.latin
08-23 17:43:06.267 1082 1125 D CompatibilityChangeReporter: Compat change id reported: 168419799; UID 10090; state: DISABLED
08-23 17:43:06.287 1082 1126 D CompatibilityChangeReporter: Compat change id reported: 135634846; UID 10079; state: DISABLED
08-23 17:43:06.288 1082 1126 D CompatibilityChangeReporter: Compat change id reported: 177438394; UID 10079; state: DISABLED
08-23 17:43:06.288 1082 1126 D CompatibilityChangeReporter: Compat change id reported: 135772972; UID 10079; state: DISABLED
08-23 17:43:06.289 1082 1126 D CompatibilityChangeReporter: Compat change id reported: 135754954; UID 10079; state: ENABLED
08-23 17:43:06.290 1082 1210 D CompatibilityChangeReporter: Compat change id reported: 143937733; UID 10079; state: ENABLED
08-23 17:43:06.339 1082 1210 W ActivityManager: Slow operation: 53ms so far, now at startProcess: returned from zygote!
08-23 17:43:06.340 1082 1210 W ActivityManager: Slow operation: 54ms so far, now at startProcess: done updating battery stats
08-23 17:43:06.340 1082 1210 W ActivityManager: Slow operation: 54ms so far, now at startProcess: building log message
08-23 17:43:06.340 1082 1210 I ActivityManager: Start proc 2768:com.qualcomm.location/u0a79 for broadcast {com.qualcomm.location/com.qualcomm.location.LocationServiceReceiver}
08-23 17:43:06.340 1082 1210 W ActivityManager: Slow operation: 54ms so far, now at startProcess: starting to update pids map
08-23 17:43:06.341 1082 1210 W ActivityManager: Slow operation: 54ms so far, now at startProcess: done updating pids map
08-23 17:43:06.450 1082 1182 V PackageManager: reconcileAppsData finished 139 packages
08-23 17:43:06.450 1082 1182 I ActivityManager: User 0 state changed from RUNNING_LOCKED to RUNNING_UNLOCKING
08-23 17:43:06.456 1082 1182 D ActivityManager: Unlocking user 0 progress 20
08-23 17:43:06.457 1082 1182 W Looper : Slow dispatch took 947ms android.fg h=android.os.Handler c=com.android.server.am.UserController$$ExternalSyntheticLambda3@e488431 m=0
08-23 17:43:06.457 1082 1182 W Looper : Slow delivery took 946ms android.fg h=android.os.Handler c=com.android.server.am.UserController$$ExternalSyntheticLambda1@821c897 m=0
08-23 17:43:06.465 1082 1209 I SystemServerTimingAsync: ssm.UnlockingUser-0
08-23 17:43:06.466 1082 1209 I SystemServiceManager: Calling onUnlockingUser 0
08-23 17:43:06.466 1082 1209 I SystemServerTimingAsync: ssm.onUnlockingUser-0_com.android.server.security.FileIntegrityService
08-23 17:43:06.466 1082 1209 D SystemServerTimingAsync: ssm.onUnlockingUser-0_com.android.server.security.FileIntegrityService took to complete: 0ms
08-23 17:43:06.466 1082 1209 I SystemServerTimingAsync: ssm.onUnlockingUser-0_com.android.server.pm.Installer
08-23 17:43:06.466 1082 1209 D SystemServerTimingAsync: ssm.onUnlockingUser-0_com.android.server.pm.Installer took to complete: 0ms
08-23 17:43:06.466 1082 1209 I SystemServerTimingAsync: ssm.onUnlockingUser-0_com.android.server.os.DeviceIdentifiersPolicyService
08-23 17:43:06.466 1082 1209 D SystemServerTimingAsync: ssm.onUnlockingUser-0_com.android.server.os.DeviceIdentifiersPolicyService took to complete: 0ms
08-23 17:43:06.466 1082 1209 I SystemServerTimingAsync: ssm.onUnlockingUser-0_com.android.server.uri.UriGrantsManagerService$Lifecycle
08-23 17:43:06.466 1082 1209 D SystemServerTimingAsync: ssm.onUnlockingUser-0_com.android.server.uri.UriGrantsManagerService$Lifecycle took to complete: 0ms
08-23 17:43:06.466 1082 1209 I SystemServerTimingAsync: ssm.onUnlockingUser-0_com.android.server.powerstats.PowerStatsService
08-23 17:43:06.466 1082 1209 D SystemServerTimingAsync: ssm.onUnlockingUser-0_com.android.server.powerstats.PowerStatsService took to complete: 0ms
08-23 17:43:06.466 1082 1209 I SystemServerTimingAsync: ssm.onUnlockingUser-0_com.android.server.wm.ActivityTaskManagerService$Lifecycle
08-23 17:43:06.467 1082 1209 D SystemServerTimingAsync: ssm.onUnlockingUser-0_com.android.server.wm.ActivityTaskManagerService$Lifecycle took to complete: 0ms
08-23 17:43:06.467 1082 1209 I SystemServerTimingAsync: ssm.onUnlockingUser-0_com.android.server.am.ActivityManagerService$Lifecycle
08-23 17:43:06.467 1082 1209 D SystemServerTimingAsync: ssm.onUnlockingUser-0_com.android.server.am.ActivityManagerService$Lifecycle took to complete: 0ms
08-23 17:43:06.467 1082 1209 I SystemServerTimingAsync: ssm.onUnlockingUser-0_com.android.server.pm.DataLoaderManagerService
08-23 17:43:06.467 1082 1209 D SystemServerTimingAsync: ssm.onUnlockingUser-0_com.android.server.pm.DataLoaderManagerService took to complete: 0ms
08-23 17:43:06.467 1082 1209 I SystemServerTimingAsync: ssm.onUnlockingUser-0_com.android.server.power.PowerManagerService
08-23 17:43:06.467 1082 1209 D SystemServerTimingAsync: ssm.onUnlockingUser-0_com.android.server.power.PowerManagerService took to complete: 0ms
08-23 17:43:06.467 1082 1209 I SystemServerTimingAsync: ssm.onUnlockingUser-0_com.android.server.power.ThermalManagerService
08-23 17:43:06.467 1082 1209 D SystemServerTimingAsync: ssm.onUnlockingUser-0_com.android.server.power.ThermalManagerService took to complete: 0ms
08-23 17:43:06.467 1082 1209 I SystemServerTimingAsync: ssm.onUnlockingUser-0_com.android.server.power.hint.HintManagerService
08-23 17:43:06.467 1082 1209 D SystemServerTimingAsync: ssm.onUnlockingUser-0_com.android.server.power.hint.HintManagerService took to complete: 0ms
08-23 17:43:06.467 1082 1209 I SystemServerTimingAsync: ssm.onUnlockingUser-0_com.android.server.recoverysystem.RecoverySystemService$Lifecycle
08-23 17:43:06.467 1082 1209 D SystemServerTimingAsync: ssm.onUnlockingUser-0_com.android.server.recoverysystem.RecoverySystemService$Lifecycle took to complete: 0ms
08-23 17:43:06.468 1082 1209 I SystemServerTimingAsync: ssm.onUnlockingUser-0_com.android.server.lights.LightsService
08-23 17:43:06.468 1082 1209 D SystemServerTimingAsync: ssm.onUnlockingUser-0_com.android.server.lights.LightsService took to complete: 0ms
08-23 17:43:06.468 1082 1209 I SystemServerTimingAsync: ssm.onUnlockingUser-0_com.android.server.display.DisplayManagerService
08-23 17:43:06.468 1082 1209 D SystemServerTimingAsync: ssm.onUnlockingUser-0_com.android.server.display.DisplayManagerService took to complete: 0ms
08-23 17:43:06.468 1082 1209 I SystemServerTimingAsync: ssm.onUnlockingUser-0_com.android.server.pm.verify.domain.DomainVerificationService
08-23 17:43:06.468 1082 1209 D SystemServerTimingAsync: ssm.onUnlockingUser-0_com.android.server.pm.verify.domain.DomainVerificationService took to complete: 0ms
08-23 17:43:06.468 1082 1209 I SystemServerTimingAsync: ssm.onUnlockingUser-0_com.android.server.pm.PackageInstallerService$Lifecycle
08-23 17:43:06.468 1082 1209 D SystemServerTimingAsync: ssm.onUnlockingUser-0_com.android.server.pm.PackageInstallerService$Lifecycle took to complete: 0ms
08-23 17:43:06.468 1082 1209 I SystemServerTimingAsync: ssm.onUnlockingUser-0_com.android.server.pm.UserManagerService$LifeCycle
08-23 17:43:06.468 1082 1209 D SystemServerTimingAsync: ssm.onUnlockingUser-0_com.android.server.pm.UserManagerService$LifeCycle took to complete: 0ms
08-23 17:43:06.468 1082 1209 I SystemServerTimingAsync: ssm.onUnlockingUser-0_com.android.server.om.OverlayManagerService
08-23 17:43:06.468 1082 1209 D SystemServerTimingAsync: ssm.onUnlockingUser-0_com.android.server.om.OverlayManagerService took to complete: 0ms
08-23 17:43:06.468 1082 1209 I SystemServerTimingAsync: ssm.onUnlockingUser-0_com.android.server.SensorPrivacyService
08-23 17:43:06.468 1082 1209 D SystemServerTimingAsync: ssm.onUnlockingUser-0_com.android.server.SensorPrivacyService took to complete: 0ms
08-23 17:43:06.469 1082 1209 I SystemServerTimingAsync: ssm.onUnlockingUser-0_com.android.server.sensors.SensorService
08-23 17:43:06.469 1082 1209 D SystemServerTimingAsync: ssm.onUnlockingUser-0_com.android.server.sensors.SensorService took to complete: 0ms
08-23 17:43:06.469 1082 1209 I SystemServerTimingAsync: ssm.onUnlockingUser-0_com.android.server.SystemConfigService
08-23 17:43:06.469 1082 1209 D SystemServerTimingAsync: ssm.onUnlockingUser-0_com.android.server.SystemConfigService took to complete: 0ms
08-23 17:43:06.469 1082 1209 I SystemServerTimingAsync: ssm.onUnlockingUser-0_com.android.server.BatteryService
08-23 17:43:06.469 1082 1209 D SystemServerTimingAsync: ssm.onUnlockingUser-0_com.android.server.BatteryService took to complete: 0ms
08-23 17:43:06.469 1082 1209 I SystemServerTimingAsync: ssm.onUnlockingUser-0_com.android.server.usage.UsageStatsService
08-23 17:43:06.469 1082 1209 D SystemServerTimingAsync: ssm.onUnlockingUser-0_com.android.server.usage.UsageStatsService took to complete: 0ms
08-23 17:43:06.469 1082 1209 I SystemServerTimingAsync: ssm.onUnlockingUser-0_com.android.server.webkit.WebViewUpdateService
08-23 17:43:06.469 1082 1209 D SystemServerTimingAsync: ssm.onUnlockingUser-0_com.android.server.webkit.WebViewUpdateService took to complete: 0ms
08-23 17:43:06.470 1082 1209 I SystemServerTimingAsync: ssm.onUnlockingUser-0_com.android.server.CachedDeviceStateService
08-23 17:43:06.470 1082 1209 D SystemServerTimingAsync: ssm.onUnlockingUser-0_com.android.server.CachedDeviceStateService took to complete: 0ms
08-23 17:43:06.470 1082 1209 I SystemServerTimingAsync: ssm.onUnlockingUser-0_com.android.server.BinderCallsStatsService$LifeCycle
08-23 17:43:06.470 1082 1209 D SystemServerTimingAsync: ssm.onUnlockingUser-0_com.android.server.BinderCallsStatsService$LifeCycle took to complete: 0ms
08-23 17:43:06.470 1082 1209 I SystemServerTimingAsync: ssm.onUnlockingUser-0_com.android.server.LooperStatsService$Lifecycle
08-23 17:43:06.470 1082 1209 D SystemServerTimingAsync: ssm.onUnlockingUser-0_com.android.server.LooperStatsService$Lifecycle took to complete: 0ms
08-23 17:43:06.470 1082 1209 I SystemServerTimingAsync: ssm.onUnlockingUser-0_com.android.server.rollback.RollbackManagerService
08-23 17:43:06.476 1082 1209 D SystemServerTimingAsync: ssm.onUnlockingUser-0_com.android.server.rollback.RollbackManagerService took to complete: 6ms
08-23 17:43:06.476 1082 1209 I SystemServerTimingAsync: ssm.onUnlockingUser-0_com.android.server.os.NativeTombstoneManagerService
08-23 17:43:06.476 1082 1209 D SystemServerTimingAsync: ssm.onUnlockingUser-0_com.android.server.os.NativeTombstoneManagerService took to complete: 0ms
08-23 17:43:06.476 1082 1209 I SystemServerTimingAsync: ssm.onUnlockingUser-0_com.android.server.os.BugreportManagerService
08-23 17:43:06.476 1082 1209 D SystemServerTimingAsync: ssm.onUnlockingUser-0_com.android.server.os.BugreportManagerService took to complete: 0ms
08-23 17:43:06.476 1082 1209 I SystemServerTimingAsync: ssm.onUnlockingUser-0_com.android.server.gpu.GpuService
08-23 17:43:06.476 1082 1209 D SystemServerTimingAsync: ssm.onUnlockingUser-0_com.android.server.gpu.GpuService took to complete: 0ms
08-23 17:43:06.476 1082 1209 I SystemServerTimingAsync: ssm.onUnlockingUser-0_com.android.server.security.KeyChainSystemService
08-23 17:43:06.476 1082 1209 D SystemServerTimingAsync: ssm.onUnlockingUser-0_com.android.server.security.KeyChainSystemService took to complete: 0ms
08-23 17:43:06.476 1082 1209 I SystemServerTimingAsync: ssm.onUnlockingUser-0_com.android.server.telecom.TelecomLoaderService
08-23 17:43:06.476 1082 1209 D SystemServerTimingAsync: ssm.onUnlockingUser-0_com.android.server.telecom.TelecomLoaderService took to complete: 0ms
08-23 17:43:06.476 1082 1209 I SystemServerTimingAsync: ssm.onUnlockingUser-0_com.android.server.accounts.AccountManagerService$Lifecycle
08-23 17:43:06.477 1082 1209 D SystemServerTimingAsync: ssm.onUnlockingUser-0_com.android.server.accounts.AccountManagerService$Lifecycle took to complete: 0ms
08-23 17:43:06.477 1082 1209 I SystemServerTimingAsync: ssm.onUnlockingUser-0_com.android.server.content.ContentService$Lifecycle
08-23 17:43:06.477 1082 1209 D SystemServerTimingAsync: ssm.onUnlockingUser-0_com.android.server.content.ContentService$Lifecycle took to complete: 1ms
08-23 17:43:06.477 1082 1209 I SystemServerTimingAsync: ssm.onUnlockingUser-0_com.android.server.DropBoxManagerService
08-23 17:43:06.477 1082 1209 D SystemServerTimingAsync: ssm.onUnlockingUser-0_com.android.server.DropBoxManagerService took to complete: 0ms
08-23 17:43:06.477 1082 1209 I SystemServerTimingAsync: ssm.onUnlockingUser-0_com.android.role.RoleService
08-23 17:43:06.477 1082 1209 D SystemServerTimingAsync: ssm.onUnlockingUser-0_com.android.role.RoleService took to complete: 0ms
08-23 17:43:06.477 1082 1209 I SystemServerTimingAsync: ssm.onUnlockingUser-0_com.android.server.vibrator.VibratorManagerService$Lifecycle
08-23 17:43:06.477 1082 1209 D SystemServerTimingAsync: ssm.onUnlockingUser-0_com.android.server.vibrator.VibratorManagerService$Lifecycle took to complete: 0ms
08-23 17:43:06.477 1082 1209 I SystemServerTimingAsync: ssm.onUnlockingUser-0_com.android.server.alarm.AlarmManagerService
08-23 17:43:06.477 1082 1209 D SystemServerTimingAsync: ssm.onUnlockingUser-0_com.android.server.alarm.AlarmManagerService took to complete: 0ms
08-23 17:43:06.477 1082 1209 I SystemServerTimingAsync: ssm.onUnlockingUser-0_com.android.server.devicestate.DeviceStateManagerService
08-23 17:43:06.477 1082 1209 D SystemServerTimingAsync: ssm.onUnlockingUser-0_com.android.server.devicestate.DeviceStateManagerService took to complete: 0ms
08-23 17:43:06.478 1082 1209 I SystemServerTimingAsync: ssm.onUnlockingUser-0_com.android.server.camera.CameraServiceProxy
08-23 17:43:06.478 1082 1209 D SystemServerTimingAsync: ssm.onUnlockingUser-0_com.android.server.camera.CameraServiceProxy took to complete: 0ms
08-23 17:43:06.478 1082 1209 I SystemServerTimingAsync: ssm.onUnlockingUser-0_com.android.server.BluetoothService
08-23 17:43:06.478 1082 1209 D BluetoothManagerService: User 0 unlocked
08-23 17:43:06.478 1082 1209 D SystemServerTimingAsync: ssm.onUnlockingUser-0_com.android.server.BluetoothService took to complete: 1ms
08-23 17:43:06.478 1082 1209 I SystemServerTimingAsync: ssm.onUnlockingUser-0_com.android.server.connectivity.IpConnectivityMetrics
08-23 17:43:06.478 1082 1184 D BluetoothManagerService: MESSAGE_USER_UNLOCKED
08-23 17:43:06.485 1082 1209 D SystemServerTimingAsync: ssm.onUnlockingUser-0_com.android.server.connectivity.IpConnectivityMetrics took to complete: 0ms
08-23 17:43:06.485 1082 1209 I SystemServerTimingAsync: ssm.onUnlockingUser-0_com.android.server.net.watchlist.NetworkWatchlistService$Lifecycle
08-23 17:43:06.485 1082 1209 D SystemServerTimingAsync: ssm.onUnlockingUser-0_com.android.server.net.watchlist.NetworkWatchlistService$Lifecycle took to complete: 0ms
08-23 17:43:06.485 1082 1209 I SystemServerTimingAsync: ssm.onUnlockingUser-0_com.android.server.PinnerService
08-23 17:43:06.485 1082 1209 D SystemServerTimingAsync: ssm.onUnlockingUser-0_com.android.server.PinnerService took to complete: 0ms
08-23 17:43:06.485 1082 1209 I SystemServerTimingAsync: ssm.onUnlockingUser-0_com.google.android.startop.iorap.IorapForwardingService
08-23 17:43:06.485 1082 1209 D SystemServerTimingAsync: ssm.onUnlockingUser-0_com.google.android.startop.iorap.IorapForwardingService took to complete: 0ms
08-23 17:43:06.485 1082 1209 I SystemServerTimingAsync: ssm.onUnlockingUser-0_com.android.server.ActivityTriggerService
08-23 17:43:06.485 1082 1209 D SystemServerTimingAsync: ssm.onUnlockingUser-0_com.android.server.ActivityTriggerService took to complete: 0ms
08-23 17:43:06.485 1082 1209 I SystemServerTimingAsync: ssm.onUnlockingUser-0_com.android.server.integrity.AppIntegrityManagerService
08-23 17:43:06.485 1082 1209 D SystemServerTimingAsync: ssm.onUnlockingUser-0_com.android.server.integrity.AppIntegrityManagerService took to complete: 0ms
08-23 17:43:06.485 1082 1209 I SystemServerTimingAsync: ssm.onUnlockingUser-0_com.android.server.inputmethod.InputMethodManagerService$Lifecycle
08-23 17:43:06.486 1082 1209 D SystemServerTimingAsync: ssm.onUnlockingUser-0_com.android.server.inputmethod.InputMethodManagerService$Lifecycle took to complete: 0ms
08-23 17:43:06.486 1082 1209 I SystemServerTimingAsync: ssm.onUnlockingUser-0_com.android.server.accessibility.AccessibilityManagerService$Lifecycle
08-23 17:43:06.486 1082 1209 D SystemServerTimingAsync: ssm.onUnlockingUser-0_com.android.server.accessibility.AccessibilityManagerService$Lifecycle took to complete: 0ms
08-23 17:43:06.486 1082 1209 I SystemServerTimingAsync: ssm.onUnlockingUser-0_com.android.server.StorageManagerService$Lifecycle
08-23 17:43:06.486 1082 1209 D StorageManagerService: onUnlockUser 0
08-23 17:43:06.486 1082 1209 I StorageSessionController: On user unlock 0
08-23 17:43:06.486 1082 1209 I StorageSessionController: Initialialising...
08-23 17:43:06.487 560 560 I vold : onUserStarted: 0
08-23 17:43:06.488 1082 1125 V StorageManagerService: Found primary storage at VolumeInfo{emulated;0}:
08-23 17:43:06.488 1082 1125 V StorageManagerService: type=EMULATED diskId=null partGuid= mountFlags=0 mountUserId=0
08-23 17:43:06.488 1082 1125 V StorageManagerService: state=UNMOUNTED
