01-01 00:04:28.839 1082 1082 W UserManagerService: com.qualcomm.qti.imsiprivacy.tests is allowlisted but not present.
01-01 00:04:28.839 1082 1082 W UserManagerService: com.android.theme.icon_pack.sam.android is allowlisted but not present.
01-01 00:04:28.839 1082 1082 W UserManagerService: com.android.theme.icon_pack.filled.android is allowlisted but not present.
01-01 00:04:28.839 1082 1082 W UserManagerService: com.android.theme.icon_pack.circular.systemui is allowlisted but not present.
01-01 00:04:28.839 1082 1082 W UserManagerService: com.android.theme.icon_pack.kai.android is allowlisted but not present.
01-01 00:04:28.839 1082 1082 W UserManagerService: com.android.theme.icon_pack.kai.launcher is allowlisted but not present.
01-01 00:04:28.839 1082 1082 W UserManagerService: com.qualcomm.qti.sam.service is allowlisted but not present.
01-01 00:04:28.839 1082 1082 W UserManagerService: com.android.theme.icon_pack.sam.launcher is allowlisted but not present.
01-01 00:04:28.839 1082 1082 W UserManagerService: com.android.theme.icon.squircle is allowlisted but not present.
01-01 00:04:28.839 1082 1082 W UserManagerService: com.android.theme.icon_pack.victor.android is allowlisted but not present.
01-01 00:04:28.839 1082 1082 W UserManagerService: com.android.theme.color.palette is allowlisted but not present.
01-01 00:04:28.839 1082 1082 W UserManagerService: com.android.theme.icon_pack.filled.launcher is allowlisted but not present.
01-01 00:04:28.839 1082 1082 W UserManagerService: com.android.theme.color.carbon is allowlisted but not present.
01-01 00:04:28.839 1082 1082 W UserManagerService: com.android.theme.icon_pack.circular.launcher is allowlisted but not present.
01-01 00:04:28.839 1082 1082 W UserManagerService: com.android.theme.icon_pack.filled.themepicker is allowlisted but not present.
01-01 00:04:28.839 1082 1082 W UserManagerService: com.android.theme.icon_pack.victor.themepicker is allowlisted but not present.
01-01 00:04:28.839 1082 1082 W UserManagerService: com.android.theme.color.orchid is allowlisted but not present.
01-01 00:04:28.839 1082 1082 W UserManagerService: com.android.theme.color.purple is allowlisted but not present.
01-01 00:04:28.839 1082 1082 W UserManagerService: com.qualcomm.qti.confdialer is allowlisted but not present.
01-01 00:04:28.839 1082 1082 W UserManagerService: com.android.theme.icon_pack.sam.themepicker is allowlisted but not present.
01-01 00:04:28.840 1082 1082 W UserManagerService: com.qualcomm.atfwd is allowlisted but not present.
01-01 00:04:28.840 1082 1082 W UserManagerService: com.android.theme.icon.roundedrect is allowlisted but not present.
01-01 00:04:28.840 1082 1082 W UserManagerService: com.android.theme.icon_pack.rounded.settings is allowlisted but not present.
01-01 00:04:28.840 1082 1082 W UserManagerService: org.codeaurora.qti.nrNetworkSettingApp is allowlisted but not present.
01-01 00:04:28.840 1082 1082 W UserManagerService: com.android.theme.icon_pack.circular.android is allowlisted but not present.
01-01 00:04:28.893 1082 1082 I Watchdog: Resuming HandlerChecker: main thread for reason: packagemanagermain. Pause count: 0
01-01 00:04:28.894 1082 1082 I SystemServerDexLoadReporter: Configuring system server dex reporter
01-01 00:04:28.918 1082 1082 D SystemServerTiming: StartPackageManagerService took to complete: 3493ms
01-01 00:04:28.921 1082 1082 I SystemServerTiming: StartOtaDexOptService
01-01 00:04:28.921 1082 1082 I Watchdog: Pausing HandlerChecker: main thread for reason: moveab. Pause count: 1
01-01 00:04:28.926 1082 1082 D OTADexopt: No upgrade, skipping A/B artifacts check.
01-01 00:04:28.926 1082 1082 I Watchdog: Resuming HandlerChecker: main thread for reason: moveab. Pause count: 0
01-01 00:04:28.926 1082 1082 D SystemServerTiming: StartOtaDexOptService took to complete: 6ms
01-01 00:04:28.926 1082 1082 I SystemServerTiming: StartUserManagerService
01-01 00:04:28.927 1082 1082 I SystemServiceManager: Starting com.android.server.pm.UserManagerService$LifeCycle
01-01 00:04:28.928 1082 1082 D SystemServerTiming: StartUserManagerService took to complete: 2ms
01-01 00:04:28.929 1082 1082 I SystemServerTiming: InitAttributerCache
01-01 00:04:28.929 1082 1082 D SystemServerTiming: InitAttributerCache took to complete: 0ms
01-01 00:04:28.929 1082 1082 I SystemServerTiming: SetSystemProcess
01-01 00:04:29.000 1319 1319 W HidlServiceManagement: Waited one second for android.hardware.health@2.0::IHealth/default
01-01 00:04:29.000 1082 1126 V HistoricalRegistry: Interaction before persistence initialized
01-01 00:04:29.089 1082 1214 I ActivityManager: Connection with lmkd established
01-01 00:04:29.095 1082 1082 D SystemServerTiming: SetSystemProcess took to complete: 167ms
01-01 00:04:29.096 1082 1082 I SystemServerTiming: InitWatchdog
01-01 00:04:29.096 1082 1082 D SystemServerTiming: InitWatchdog took to complete: 0ms
01-01 00:04:29.113 1082 1082 I SystemServerTiming: StartOverlayManagerService
01-01 00:04:29.281 1082 1182 W ActivityTaskManager: Skip updateConfiguration because mWindowManager isn't set
01-01 00:04:29.285 1082 1082 D SystemServerTiming: StartOverlayManagerService took to complete: 173ms
01-01 00:04:29.285 1082 1082 I SystemServerTiming: StartSensorPrivacyService
01-01 00:04:29.291 1082 1082 D SystemServerTiming: StartSensorPrivacyService took to complete: 5ms
01-01 00:04:29.291 1082 1082 I SystemServerTiming: StartSensorService
01-01 00:04:29.291 1082 1082 I SystemServiceManager: Starting com.android.server.sensors.SensorService
01-01 00:04:29.303 1082 1082 D SystemServerTiming: StartSensorService took to complete: 11ms
01-01 00:04:29.303 1082 1082 D SystemServerTiming: startBootstrapServices took to complete: 4640ms
01-01 00:04:29.303 1082 1082 I SystemServerTiming: startCoreServices
01-01 00:04:29.303 1082 1082 I SystemServerTiming: StartSystemConfigService
01-01 00:04:29.303 1082 1082 I SystemServiceManager: Starting com.android.server.SystemConfigService
01-01 00:04:29.304 1082 1082 D SystemServerTiming: StartSystemConfigService took to complete: 1ms
01-01 00:04:29.304 1082 1082 I SystemServerTiming: StartBatteryService
01-01 00:04:29.304 1082 1082 I SystemServiceManager: Starting com.android.server.BatteryService
01-01 00:04:29.315 1082 1631 I SystemServerTimingAsync: InitThreadPoolExec:StartNativeSensorService
01-01 00:04:29.315 1082 1631 D SystemServerInitThreadPool: Started executing StartNativeSensorService
01-01 00:04:29.315 1082 1631 I SystemServerTimingAsync: StartNativeSensorService
01-01 00:04:29.358 1082 1631 D SystemServerTimingAsync: StartNativeSensorService took to complete: 44ms
01-01 00:04:29.359 1082 1631 D SystemServerInitThreadPool: Finished executing StartNativeSensorService
01-01 00:04:29.359 1082 1631 D SystemServerTimingAsync: InitThreadPoolExec:StartNativeSensorService took to complete: 44ms
01-01 00:04:29.395 1319 1319 W storaged: health: invalid battery status
01-01 00:04:29.409 1082 1082 I HealthServiceWrapper: health: HealthServiceWrapper listening to instance default
01-01 00:04:29.409 1082 1082 I BatteryService: health: Waited 0ms and received the update.
01-01 00:04:29.411 1082 1082 W SystemServiceManager: Service com.android.server.BatteryService took 96 ms in onStart
01-01 00:04:29.411 1082 1082 D SystemServerTiming: StartBatteryService took to complete: 107ms
01-01 00:04:29.411 1082 1082 I SystemServerTiming: StartUsageService
01-01 00:04:29.411 1082 1082 I SystemServiceManager: Starting com.android.server.usage.UsageStatsService
01-01 00:04:29.432 1082 1082 D SystemServerTiming: StartUsageService took to complete: 22ms
01-01 00:04:29.433 1082 1082 I SystemServerTiming: StartWebViewUpdateService
01-01 00:04:29.433 1082 1082 I SystemServiceManager: Starting com.android.server.webkit.WebViewUpdateService
01-01 00:04:29.443 1082 1082 D SystemServerTiming: StartWebViewUpdateService took to complete: 10ms
01-01 00:04:29.443 1082 1082 I SystemServerTiming: StartCachedDeviceStateService
01-01 00:04:29.443 1082 1082 I SystemServiceManager: Starting com.android.server.CachedDeviceStateService
01-01 00:04:29.443 1082 1082 D SystemServerTiming: StartCachedDeviceStateService took to complete: 0ms
01-01 00:04:29.443 1082 1082 I SystemServerTiming: StartBinderCallsStatsService
01-01 00:04:29.443 1082 1082 I SystemServiceManager: Starting com.android.server.BinderCallsStatsService$LifeCycle
01-01 00:04:29.444 1082 1082 D SystemServerTiming: StartBinderCallsStatsService took to complete: 2ms
01-01 00:04:29.444 1082 1082 I SystemServerTiming: StartLooperStatsService
01-01 00:04:29.445 1082 1082 I SystemServiceManager: Starting com.android.server.LooperStatsService$Lifecycle
01-01 00:04:29.447 1082 1082 D SystemServerTiming: StartLooperStatsService took to complete: 2ms
01-01 00:04:29.447 1082 1082 I SystemServerTiming: StartRollbackManagerService
01-01 00:04:29.447 1082 1082 I SystemServiceManager: Starting com.android.server.rollback.RollbackManagerService
01-01 00:04:29.453 1319 1647 I storaged: storaged: Start
01-01 00:04:29.498 1082 1082 I PackageWatchdog: Syncing state, reason: added new observer
01-01 00:04:29.498 1082 1082 I PackageWatchdog: Not pruning observers, elapsed time: 0ms
01-01 00:04:29.498 1082 1082 I PackageWatchdog: Cancelling state sync, nothing to sync
01-01 00:04:29.499 1082 1200 I PackageWatchdog: Saving observer state to file
01-01 00:04:29.512 1082 1082 W SystemServiceManager: Service com.android.server.rollback.RollbackManagerService took 66 ms in onStart
01-01 00:04:29.512 1082 1082 D SystemServerTiming: StartRollbackManagerService took to complete: 66ms
01-01 00:04:29.512 1082 1082 I SystemServerTiming: StartNativeTombstoneManagerService
01-01 00:04:29.513 1082 1082 I SystemServiceManager: Starting com.android.server.os.NativeTombstoneManagerService
01-01 00:04:29.518 1082 1082 D SystemServerTiming: StartNativeTombstoneManagerService took to complete: 6ms
01-01 00:04:29.518 1082 1082 I SystemServerTiming: StartBugreportManagerService
01-01 00:04:29.518 1082 1082 I SystemServiceManager: Starting com.android.server.os.BugreportManagerService
01-01 00:04:29.523 1082 1082 D SystemServerTiming: StartBugreportManagerService took to complete: 5ms
01-01 00:04:29.524 1082 1082 I SystemServerTiming: GpuService
01-01 00:04:29.524 1082 1082 I SystemServiceManager: Starting com.android.server.gpu.GpuService
01-01 00:04:29.525 1082 1082 D SystemServerTiming: GpuService took to complete: 1ms
01-01 00:04:29.525 1082 1082 D SystemServerTiming: startCoreServices took to complete: 222ms
01-01 00:04:29.525 1082 1082 I SystemServerTiming: startOtherServices
01-01 00:04:29.528 1082 1082 I SystemServerTiming: StartKeyAttestationApplicationIdProviderService
01-01 00:04:29.532 1082 1658 I SystemServerTimingAsync: InitThreadPoolExec:SecondaryZygotePreload
01-01 00:04:29.532 1082 1082 D SystemServerTiming: StartKeyAttestationApplicationIdProviderService took to complete: 3ms
01-01 00:04:29.533 1082 1082 I SystemServerTiming: StartKeyChainSystemService
01-01 00:04:29.533 1082 1082 I SystemServiceManager: Starting com.android.server.security.KeyChainSystemService
01-01 00:04:29.534 1082 1082 D SystemServerTiming: StartKeyChainSystemService took to complete: 2ms
01-01 00:04:29.534 1082 1082 I SystemServerTiming: StartSchedulingPolicyService
01-01 00:04:29.536 1082 1082 D SystemServerTiming: StartSchedulingPolicyService took to complete: 2ms
01-01 00:04:29.536 1082 1082 I SystemServerTiming: StartTelecomLoaderService
01-01 00:04:29.536 1082 1082 I SystemServiceManager: Starting com.android.server.telecom.TelecomLoaderService
01-01 00:04:29.537 1082 1082 D SystemServerTiming: StartTelecomLoaderService took to complete: 0ms
01-01 00:04:29.537 1082 1082 I SystemServerTiming: StartTelephonyRegistry
01-01 00:04:29.538 1082 1658 D SystemServerInitThreadPool: Started executing SecondaryZygotePreload
01-01 00:04:29.538 1082 1658 I SystemServer: SecondaryZygotePreload
01-01 00:04:29.538 1082 1658 I SystemServerTimingAsync: SecondaryZygotePreload
01-01 00:04:29.539 1082 1082 D SystemServerTiming: StartTelephonyRegistry took to complete: 1ms
01-01 00:04:29.539 1082 1082 I SystemServerTiming: StartEntropyMixer
01-01 00:04:29.540 1082 1082 I EntropyMixer: Writing entropy...
01-01 00:04:29.546 1082 1659 I SystemServerTimingAsync: InitThreadPoolExec:SchedulingPolicyService.
01-01 00:04:29.546 1082 1659 D SystemServerInitThreadPool: Started executing SchedulingPolicyService.
01-01 00:04:29.553 1082 1082 D SystemServerTiming: StartEntropyMixer took to complete: 14ms
01-01 00:04:29.553 1082 1082 I SystemServerTiming: StartAccountManagerService
01-01 00:04:29.553 1082 1082 I SystemServiceManager: Starting com.android.server.accounts.AccountManagerService$Lifecycle
01-01 00:04:29.575 1082 1082 D SystemServerTiming: StartAccountManagerService took to complete: 22ms
01-01 00:04:29.575 1082 1082 I SystemServerTiming: StartContentService
01-01 00:04:29.575 1082 1082 I SystemServiceManager: Starting com.android.server.content.ContentService$Lifecycle
01-01 00:04:29.577 1082 1082 D SystemServerTiming: StartContentService took to complete: 2ms
01-01 00:04:29.577 1082 1082 I SystemServerTiming: InstallSystemProviders
01-01 00:04:29.628 688 688 D ZygoteInitTiming_lazy: BeginPreload took to complete: 73ms
01-01 00:04:29.657 1082 1659 D SystemServerInitThreadPool: Finished executing SchedulingPolicyService.
01-01 00:04:29.657 1082 1659 D SystemServerTimingAsync: InitThreadPoolExec:SchedulingPolicyService. took to complete: 112ms
01-01 00:04:29.747 1082 1209 D ActivityManager: Freezer enabled
01-01 00:04:29.748 1082 1209 D ActivityManager: freezer override set to false
01-01 00:04:29.756 1082 1530 D SystemServerTimingAsync: AppDataFixup took to complete: 1294ms
01-01 00:04:29.758 1082 1082 D SystemServerTiming: InstallSystemProviders took to complete: 181ms
01-01 00:04:29.758 1082 1082 I SystemServerTiming: StartDropBoxManager
01-01 00:04:29.758 1082 1082 I SystemServiceManager: Starting com.android.server.DropBoxManagerService
01-01 00:04:29.759 1082 1082 D SystemServerTiming: StartDropBoxManager took to complete: 1ms
01-01 00:04:29.759 1082 1082 I SystemServerTiming: StartRoleManagerService
01-01 00:04:29.760 1082 1082 I SystemServiceManager: Starting com.android.role.RoleService
01-01 00:04:29.765 1082 1082 D SystemServerTiming: StartRoleManagerService took to complete: 6ms
01-01 00:04:29.765 1082 1082 I SystemServerTiming: StartVibratorManagerService
01-01 00:04:29.765 1082 1082 I SystemServiceManager: Starting com.android.server.vibrator.VibratorManagerService$Lifecycle
01-01 00:04:29.784 1082 1082 D SystemServerTiming: StartVibratorManagerService took to complete: 18ms
01-01 00:04:29.784 1082 1082 I SystemServerTiming: StartDynamicSystemService
01-01 00:04:29.787 1082 1082 D SystemServerTiming: StartDynamicSystemService took to complete: 4ms
01-01 00:04:29.787 1082 1082 I SystemServerTiming: StartConsumerIrService
01-01 00:04:29.792 1082 1082 D SystemServerTiming: StartConsumerIrService took to complete: 5ms
01-01 00:04:29.792 1082 1082 I SystemServerTiming: StartAlarmManagerService
01-01 00:04:29.793 1082 1082 I SystemServiceManager: Starting com.android.server.alarm.AlarmManagerService
01-01 00:04:29.816 1082 1082 I AlarmManager: Current time only 269816, advancing to build time 1661276578000
08-23 17:42:58.007 1082 1082 D SystemServerTiming: StartAlarmManagerService took to complete: 31ms
08-23 17:42:58.007 1082 1082 I SystemServerTiming: StartInputManagerService
08-23 17:42:58.008 1082 1082 I InputManager: Initializing input manager, mUseDevInputEventForAudioJack=true
08-23 17:42:58.031 1082 1082 D SystemServerTiming: StartInputManagerService took to complete: 24ms
08-23 17:42:58.031 1082 1082 I SystemServerTiming: DeviceStateManagerService
08-23 17:42:58.031 1082 1082 I SystemServiceManager: Starting com.android.server.devicestate.DeviceStateManagerService
08-23 17:42:58.042 1082 1082 D SystemServerTiming: DeviceStateManagerService took to complete: 11ms
08-23 17:42:58.042 1082 1082 I SystemServerTiming: StartCameraServiceProxy
08-23 17:42:58.043 1082 1082 I SystemServiceManager: Starting com.android.server.camera.CameraServiceProxy
08-23 17:42:58.045 1082 1082 D SystemServerTiming: StartCameraServiceProxy took to complete: 3ms
08-23 17:42:58.045 1082 1082 I SystemServerTiming: StartWindowManagerService
08-23 17:42:58.045 1082 1082 I SystemServiceManager: Starting phase 200
08-23 17:42:58.046 1082 1082 I SystemServerTiming: OnBootPhase_200
08-23 17:42:58.046 1082 1082 I SystemServerTiming: OnBootPhase_200_com.android.server.security.FileIntegrityService
08-23 17:42:58.046 1082 1082 D SystemServerTiming: OnBootPhase_200_com.android.server.security.FileIntegrityService took to complete: 0ms
08-23 17:42:58.046 1082 1082 I SystemServerTiming: OnBootPhase_200_com.android.server.pm.Installer
08-23 17:42:58.046 1082 1082 D SystemServerTiming: OnBootPhase_200_com.android.server.pm.Installer took to complete: 0ms
08-23 17:42:58.046 1082 1082 I SystemServerTiming: OnBootPhase_200_com.android.server.os.DeviceIdentifiersPolicyService
08-23 17:42:58.046 1082 1082 D SystemServerTiming: OnBootPhase_200_com.android.server.os.DeviceIdentifiersPolicyService took to complete: 0ms
08-23 17:42:58.046 1082 1082 I SystemServerTiming: OnBootPhase_200_com.android.server.uri.UriGrantsManagerService$Lifecycle
08-23 17:42:58.046 1082 1082 D SystemServerTiming: OnBootPhase_200_com.android.server.uri.UriGrantsManagerService$Lifecycle took to complete: 0ms
08-23 17:42:58.046 1082 1082 I SystemServerTiming: OnBootPhase_200_com.android.server.powerstats.PowerStatsService
08-23 17:42:58.046 1082 1082 D SystemServerTiming: OnBootPhase_200_com.android.server.powerstats.PowerStatsService took to complete: 0ms
08-23 17:42:58.046 1082 1082 I SystemServerTiming: OnBootPhase_200_com.android.server.wm.ActivityTaskManagerService$Lifecycle
08-23 17:42:58.046 1082 1082 D SystemServerTiming: OnBootPhase_200_com.android.server.wm.ActivityTaskManagerService$Lifecycle took to complete: 0ms
08-23 17:42:58.046 1082 1082 I SystemServerTiming: OnBootPhase_200_com.android.server.am.ActivityManagerService$Lifecycle
08-23 17:42:58.046 1082 1082 D SystemServerTiming: OnBootPhase_200_com.android.server.am.ActivityManagerService$Lifecycle took to complete: 0ms
08-23 17:42:58.046 1082 1082 I SystemServerTiming: OnBootPhase_200_com.android.server.pm.DataLoaderManagerService
08-23 17:42:58.046 1082 1082 D SystemServerTiming: OnBootPhase_200_com.android.server.pm.DataLoaderManagerService took to complete: 0ms
08-23 17:42:58.046 1082 1082 I SystemServerTiming: OnBootPhase_200_com.android.server.power.PowerManagerService
08-23 17:42:58.047 1082 1082 D SystemServerTiming: OnBootPhase_200_com.android.server.power.PowerManagerService took to complete: 0ms
08-23 17:42:58.047 1082 1082 I SystemServerTiming: OnBootPhase_200_com.android.server.power.ThermalManagerService
08-23 17:42:58.047 1082 1082 D SystemServerTiming: OnBootPhase_200_com.android.server.power.ThermalManagerService took to complete: 0ms
08-23 17:42:58.047 1082 1082 I SystemServerTiming: OnBootPhase_200_com.android.server.power.hint.HintManagerService
08-23 17:42:58.047 1082 1082 D SystemServerTiming: OnBootPhase_200_com.android.server.power.hint.HintManagerService took to complete: 0ms
08-23 17:42:58.047 1082 1082 I SystemServerTiming: OnBootPhase_200_com.android.server.recoverysystem.RecoverySystemService$Lifecycle
08-23 17:42:58.047 1082 1082 D SystemServerTiming: OnBootPhase_200_com.android.server.recoverysystem.RecoverySystemService$Lifecycle took to complete: 0ms
08-23 17:42:58.047 1082 1082 I SystemServerTiming: OnBootPhase_200_com.android.server.lights.LightsService
08-23 17:42:58.047 1082 1082 D SystemServerTiming: OnBootPhase_200_com.android.server.lights.LightsService took to complete: 0ms
08-23 17:42:58.047 1082 1082 I SystemServerTiming: OnBootPhase_200_com.android.server.display.DisplayManagerService
08-23 17:42:58.047 1082 1082 D SystemServerTiming: OnBootPhase_200_com.android.server.display.DisplayManagerService took to complete: 0ms
08-23 17:42:58.047 1082 1082 I SystemServerTiming: OnBootPhase_200_com.android.server.pm.verify.domain.DomainVerificationService
08-23 17:42:58.047 1082 1082 D SystemServerTiming: OnBootPhase_200_com.android.server.pm.verify.domain.DomainVerificationService took to complete: 0ms
08-23 17:42:58.047 1082 1082 I SystemServerTiming: OnBootPhase_200_com.android.server.pm.PackageInstallerService$Lifecycle
08-23 17:42:58.047 1082 1082 D SystemServerTiming: OnBootPhase_200_com.android.server.pm.PackageInstallerService$Lifecycle took to complete: 0ms
08-23 17:42:58.047 1082 1082 I SystemServerTiming: OnBootPhase_200_com.android.server.pm.UserManagerService$LifeCycle
08-23 17:42:58.047 1082 1082 D SystemServerTiming: OnBootPhase_200_com.android.server.pm.UserManagerService$LifeCycle took to complete: 0ms
08-23 17:42:58.047 1082 1082 I SystemServerTiming: OnBootPhase_200_com.android.server.om.OverlayManagerService
08-23 17:42:58.048 1082 1082 D SystemServerTiming: OnBootPhase_200_com.android.server.om.OverlayManagerService took to complete: 0ms
08-23 17:42:58.048 1082 1082 I SystemServerTiming: OnBootPhase_200_com.android.server.SensorPrivacyService
08-23 17:42:58.048 1082 1082 D SystemServerTiming: OnBootPhase_200_com.android.server.SensorPrivacyService took to complete: 0ms
08-23 17:42:58.048 1082 1082 I SystemServerTiming: OnBootPhase_200_com.android.server.sensors.SensorService
08-23 17:42:58.048 1082 1082 D SystemServerTiming: OnBootPhase_200_com.android.server.sensors.SensorService took to complete: 0ms
08-23 17:42:58.048 1082 1082 I SystemServerTiming: OnBootPhase_200_com.android.server.SystemConfigService
08-23 17:42:58.048 1082 1082 D SystemServerTiming: OnBootPhase_200_com.android.server.SystemConfigService took to complete: 0ms
08-23 17:42:58.048 1082 1082 I SystemServerTiming: OnBootPhase_200_com.android.server.BatteryService
08-23 17:42:58.048 1082 1082 D SystemServerTiming: OnBootPhase_200_com.android.server.BatteryService took to complete: 0ms
08-23 17:42:58.048 1082 1082 I SystemServerTiming: OnBootPhase_200_com.android.server.usage.UsageStatsService
08-23 17:42:58.048 1082 1082 D SystemServerTiming: OnBootPhase_200_com.android.server.usage.UsageStatsService took to complete: 0ms
08-23 17:42:58.048 1082 1082 I SystemServerTiming: OnBootPhase_200_com.android.server.webkit.WebViewUpdateService
08-23 17:42:58.048 1082 1082 D SystemServerTiming: OnBootPhase_200_com.android.server.webkit.WebViewUpdateService took to complete: 0ms
08-23 17:42:58.048 1082 1082 I SystemServerTiming: OnBootPhase_200_com.android.server.CachedDeviceStateService
08-23 17:42:58.049 1082 1082 D SystemServerTiming: OnBootPhase_200_com.android.server.CachedDeviceStateService took to complete: 0ms
08-23 17:42:58.049 1082 1082 I SystemServerTiming: OnBootPhase_200_com.android.server.BinderCallsStatsService$LifeCycle
08-23 17:42:58.049 1082 1082 D SystemServerTiming: OnBootPhase_200_com.android.server.BinderCallsStatsService$LifeCycle took to complete: 0ms
08-23 17:42:58.049 1082 1082 I SystemServerTiming: OnBootPhase_200_com.android.server.LooperStatsService$Lifecycle
08-23 17:42:58.050 1082 1082 D SystemServerTiming: OnBootPhase_200_com.android.server.LooperStatsService$Lifecycle took to complete: 0ms
08-23 17:42:58.050 1082 1082 I SystemServerTiming: OnBootPhase_200_com.android.server.rollback.RollbackManagerService
08-23 17:42:58.050 1082 1082 D SystemServerTiming: OnBootPhase_200_com.android.server.rollback.RollbackManagerService took to complete: 0ms
08-23 17:42:58.050 1082 1082 I SystemServerTiming: OnBootPhase_200_com.android.server.os.NativeTombstoneManagerService
08-23 17:42:58.050 1082 1082 D SystemServerTiming: OnBootPhase_200_com.android.server.os.NativeTombstoneManagerService took to complete: 0ms
08-23 17:42:58.050 1082 1082 I SystemServerTiming: OnBootPhase_200_com.android.server.os.BugreportManagerService
08-23 17:42:58.050 1082 1082 D SystemServerTiming: OnBootPhase_200_com.android.server.os.BugreportManagerService took to complete: 0ms
08-23 17:42:58.050 1082 1082 I SystemServerTiming: OnBootPhase_200_com.android.server.gpu.GpuService
08-23 17:42:58.050 1082 1082 D SystemServerTiming: OnBootPhase_200_com.android.server.gpu.GpuService took to complete: 0ms
08-23 17:42:58.051 1082 1082 I SystemServerTiming: OnBootPhase_200_com.android.server.security.KeyChainSystemService
08-23 17:42:58.051 1082 1082 D SystemServerTiming: OnBootPhase_200_com.android.server.security.KeyChainSystemService took to complete: 0ms
08-23 17:42:58.051 1082 1082 I SystemServerTiming: OnBootPhase_200_com.android.server.telecom.TelecomLoaderService
08-23 17:42:58.051 1082 1082 D SystemServerTiming: OnBootPhase_200_com.android.server.telecom.TelecomLoaderService took to complete: 0ms
08-23 17:42:58.051 1082 1082 I SystemServerTiming: OnBootPhase_200_com.android.server.accounts.AccountManagerService$Lifecycle
08-23 17:42:58.051 1082 1082 D SystemServerTiming: OnBootPhase_200_com.android.server.accounts.AccountManagerService$Lifecycle took to complete: 0ms
08-23 17:42:58.051 1082 1082 I SystemServerTiming: OnBootPhase_200_com.android.server.content.ContentService$Lifecycle
08-23 17:42:58.051 1082 1082 D SystemServerTiming: OnBootPhase_200_com.android.server.content.ContentService$Lifecycle took to complete: 0ms
08-23 17:42:58.051 1082 1082 I SystemServerTiming: OnBootPhase_200_com.android.server.DropBoxManagerService
08-23 17:42:58.051 1082 1082 D SystemServerTiming: OnBootPhase_200_com.android.server.DropBoxManagerService took to complete: 0ms
08-23 17:42:58.051 1082 1082 I SystemServerTiming: OnBootPhase_200_com.android.role.RoleService
08-23 17:42:58.051 1082 1082 D SystemServerTiming: OnBootPhase_200_com.android.role.RoleService took to complete: 0ms
08-23 17:42:58.051 1082 1082 I SystemServerTiming: OnBootPhase_200_com.android.server.vibrator.VibratorManagerService$Lifecycle
08-23 17:42:58.051 1082 1082 D SystemServerTiming: OnBootPhase_200_com.android.server.vibrator.VibratorManagerService$Lifecycle took to complete: 0ms
08-23 17:42:58.051 1082 1082 I SystemServerTiming: OnBootPhase_200_com.android.server.alarm.AlarmManagerService
08-23 17:42:58.051 1082 1082 D SystemServerTiming: OnBootPhase_200_com.android.server.alarm.AlarmManagerService took to complete: 0ms
08-23 17:42:58.052 1082 1082 I SystemServerTiming: OnBootPhase_200_com.android.server.devicestate.DeviceStateManagerService
08-23 17:42:58.052 1082 1082 D SystemServerTiming: OnBootPhase_200_com.android.server.devicestate.DeviceStateManagerService took to complete: 0ms
08-23 17:42:58.052 1082 1082 I SystemServerTiming: OnBootPhase_200_com.android.server.camera.CameraServiceProxy
08-23 17:42:58.052 1082 1082 D SystemServerTiming: OnBootPhase_200_com.android.server.camera.CameraServiceProxy took to complete: 0ms
08-23 17:42:58.052 1082 1082 D SystemServerTiming: OnBootPhase_200 took to complete: 6ms
08-23 17:42:58.053 1082 1082 I WindowManager: No existing display settings, starting empty
08-23 17:42:58.054 1082 1082 I WindowManager: No existing display settings, starting empty
08-23 17:42:58.072 1082 1082 D SystemServerTiming: StartWindowManagerService took to complete: 27ms
08-23 17:42:58.072 1082 1082 I SystemServerTiming: SetWindowManagerService
08-23 17:42:58.136 1082 1228 W ProcessCpuTracker: Failed to stat(/proc/1669): android.system.ErrnoException: stat failed: ENOENT (No such file or directory)
08-23 17:42:58.137 1082 1228 W ProcessCpuTracker: Skipping unknown process pid 1669
08-23 17:42:58.137 1082 1082 I ActivityTaskManager: Loaded persisted task ids for user 0
08-23 17:42:58.137 1082 1228 W ProcessCpuTracker: Failed to stat(/proc/1673): android.system.ErrnoException: stat failed: ENOENT (No such file or directory)
08-23 17:42:58.137 1082 1228 W ProcessCpuTracker: Skipping unknown process pid 1673
08-23 17:42:58.141 1082 1082 D SystemServerTiming: SetWindowManagerService took to complete: 69ms
08-23 17:42:58.142 1082 1082 I SystemServerTiming: WindowManagerServiceOnInitReady
08-23 17:42:58.152 1082 1082 D SystemServerTiming: WindowManagerServiceOnInitReady took to complete: 11ms
08-23 17:42:58.153 1082 1082 I SystemServerTiming: StartInputManager
08-23 17:42:58.153 1082 1082 I InputManager: Starting input manager
08-23 17:42:58.163 1082 1685 I SystemServerTimingAsync: InitThreadPoolExec:StartHidlServices
08-23 17:42:58.163 1082 1685 D SystemServerInitThreadPool: Started executing StartHidlServices
08-23 17:42:58.164 1082 1685 I SystemServerTimingAsync: StartHidlServices
08-23 17:42:58.167 1082 1082 D SystemServerTiming: StartInputManager took to complete: 14ms
08-23 17:42:58.168 1082 1082 I SystemServerTiming: DisplayManagerWindowManagerAndInputReady
08-23 17:42:58.168 1082 1082 D SystemServerTiming: DisplayManagerWindowManagerAndInputReady took to complete: 1ms
08-23 17:42:58.168 1082 1082 I SystemServerTiming: StartBluetoothService
08-23 17:42:58.168 1082 1185 I LogicalDisplayMapper: Requesting Transition to state: 0
08-23 17:42:58.168 1082 1185 I LogicalDisplayMapper: Applying layout: [{addr: {port=129, model=0x40446d3026322d}, dispId: 0(ON)}], Previous layout: [{addr: {port=129, model=0x40446d3026322d}, dispId: 0(ON)}]
08-23 17:42:58.171 1082 1685 D SystemServerTimingAsync: StartHidlServices took to complete: 8ms
08-23 17:42:58.171 1082 1685 D SystemServerInitThreadPool: Finished executing StartHidlServices
08-23 17:42:58.171 1082 1685 D SystemServerTimingAsync: InitThreadPoolExec:StartHidlServices took to complete: 8ms
08-23 17:42:58.174 1082 1082 I SystemServiceManager: Starting com.android.server.BluetoothService
08-23 17:42:58.176 1082 1082 D BluetoothManagerService: Loading stored name and address
08-23 17:42:58.177 1082 1082 D BluetoothManagerService: Stored bluetooth Name=QCOM-BTD,Address=22:22:AE:2C:F9:BF
08-23 17:42:58.177 1082 1082 D BluetoothManagerService: Bluetooth persisted state: 1
08-23 17:42:58.177 1082 1082 D BluetoothManagerService: Startup: Bluetooth persisted state is ON.
08-23 17:42:58.177 1082 1082 D BluetoothManagerService: Detected SystemUiUid: 10088
08-23 17:42:58.177 1082 1082 D SystemServerTiming: StartBluetoothService took to complete: 9ms
08-23 17:42:58.177 1082 1082 I SystemServerTiming: IpConnectivityMetrics
08-23 17:42:58.178 1082 1082 I SystemServiceManager: Starting com.android.server.connectivity.IpConnectivityMetrics
08-23 17:42:58.178 1082 1082 D SystemServerTiming: IpConnectivityMetrics took to complete: 1ms
08-23 17:42:58.178 1082 1082 I SystemServerTiming: NetworkWatchlistService
08-23 17:42:58.178 1082 1082 I SystemServiceManager: Starting com.android.server.net.watchlist.NetworkWatchlistService$Lifecycle
08-23 17:42:58.184 1082 1082 I WatchlistSettings: Reload watchlist settings done
08-23 17:42:58.192 1082 1082 D SystemServerTiming: NetworkWatchlistService took to complete: 14ms
08-23 17:42:58.193 1082 1082 I SystemServerTiming: PinnerService
08-23 17:42:58.193 1082 1082 I SystemServiceManager: Starting com.android.server.PinnerService
08-23 17:42:58.193 1082 1082 V HistoricalRegistry: Interaction before persistence initialized
08-23 17:42:58.194 1082 1082 D SystemServerTiming: PinnerService took to complete: 2ms
08-23 17:42:58.194 1082 1082 I SystemServerTiming: IorapForwardingService
08-23 17:42:58.194 1082 1082 I SystemServiceManager: Starting com.google.android.startop.iorap.IorapForwardingService
08-23 17:42:58.196 1082 1691 I WatchlistLoggingHandler: No need to aggregate record yet.
08-23 17:42:58.196 1082 1691 I WatchlistLoggingHandler: Milliseconds spent on tryAggregateRecords(): 1
08-23 17:42:58.196 1082 1082 D SystemServerTiming: IorapForwardingService took to complete: 2ms
08-23 17:42:58.196 1082 1082 I SystemServiceManager: Starting com.android.server.ActivityTriggerService
08-23 17:42:58.196 1082 1082 I ActivityTriggerService: Starting ActivityTriggerService
08-23 17:42:58.197 1082 1082 I SystemServerTiming: SignedConfigService
08-23 17:42:58.197 1082 1082 D SystemServerTiming: SignedConfigService took to complete: 0ms
08-23 17:42:58.197 1082 1082 I SystemServerTiming: AppIntegrityService
08-23 17:42:58.197 1082 1082 I SystemServiceManager: Starting com.android.server.integrity.AppIntegrityManagerService
08-23 17:42:58.201 1082 1200 D PinnerService: pinRangeStream: null
08-23 17:42:58.221 1082 1082 E IntegrityFileManager: Error creating staging and rules directory
08-23 17:42:58.266 1082 1200 D PinnerService: pinRangeStream: null
08-23 17:42:58.280 1082 1082 W SystemServiceManager: Service com.android.server.integrity.AppIntegrityManagerService took 82 ms in onStart
08-23 17:42:58.280 1082 1082 D SystemServerTiming: AppIntegrityService took to complete: 82ms
08-23 17:42:58.291 1082 1200 D PinnerService: pinRangeStream: null
08-23 17:42:58.291 1082 1200 D PinnerService: pinRangeStream: null
08-23 17:42:58.338 1273 1273 W iorapd : Readahead disabled by system property
08-23 17:42:58.343 1273 1273 W iorapd : Reconnect to package manager service: 1 times
08-23 17:42:58.353 1082 1082 I WindowManager: SAFE MODE not enabled
08-23 17:42:58.354 1082 1082 I SystemServerTiming: StartInputMethodManagerLifecycle
08-23 17:42:58.354 1082 1082 I SystemServiceManager: Starting com.android.server.inputmethod.InputMethodManagerService$Lifecycle
08-23 17:42:58.363 1082 1082 D SystemServerTiming: StartInputMethodManagerLifecycle took to complete: 10ms
08-23 17:42:58.364 1082 1082 I SystemServerTiming: StartAccessibilityManagerService
08-23 17:42:58.364 1082 1082 I SystemServiceManager: Starting com.android.server.accessibility.AccessibilityManagerService$Lifecycle
08-23 17:42:58.465 1701 1701 D iorap.prefetcherd: Installing minijail
08-23 17:42:58.472 1701 1701 W iorap.prefetcherd: No seccomp filter defined for this architecture.
08-23 17:42:58.493 1082 1082 D SystemServerTiming: StartAccessibilityManagerService took to complete: 128ms
08-23 17:42:58.493 1082 1082 I SystemServerTiming: MakeDisplayReady
08-23 17:42:58.499 1082 1082 I ActivityTaskManager: Config changes=20005df8 {1.0 ?mcc?mnc [zh_CN] ldltr sw680dp w1586dp h608dp 240dpi lrg long land ?uimode ?night -touch -keyb/v/h -nav/h winConfig={ mBounds=Rect(0, 0 - 2380, 1020) mAppBounds=Rect(0, 0 - 2380, 948) mMaxBounds=Rect(0, 0 - 2380, 1020) mWindowingMode=fullscreen mDisplayWindowingMode=fullscreen mActivityType=undefined mAlwaysOnTop=undefined mRotation=ROTATION_0} s.2 ?fontWeightAdjustment}
08-23 17:42:58.500 1082 1082 I WindowManager: Override config changes=60007dfc {1.0 ?mcc?mnc [zh_CN] ldltr sw680dp w1586dp h608dp 240dpi lrg long land ?uimode ?night -touch -keyb/v/h -nav/h winConfig={ mBounds=Rect(0, 0 - 2380, 1020) mAppBounds=Rect(0, 0 - 2380, 948) mMaxBounds=Rect(0, 0 - 2380, 1020) mWindowingMode=fullscreen mDisplayWindowingMode=fullscreen mActivityType=undefined mAlwaysOnTop=undefined mRotation=ROTATION_0} s.2 ?fontWeightAdjustment} for displayId=0
08-23 17:42:58.524 1082 1082 I ActivityTaskManager: Config changes=8 {1.0 ?mcc?mnc [zh_CN] ldltr sw680dp w1586dp h608dp 240dpi lrg long land ?uimode ?night finger -keyb/v/h -nav/h winConfig={ mBounds=Rect(0, 0 - 2380, 1020) mAppBounds=Rect(0, 0 - 2380, 948) mMaxBounds=Rect(0, 0 - 2380, 1020) mWindowingMode=fullscreen mDisplayWindowingMode=fullscreen mActivityType=undefined mAlwaysOnTop=undefined mRotation=ROTATION_0} s.4 ?fontWeightAdjustment}
08-23 17:42:58.525 1082 1082 I WindowManager: Override config changes=8 {1.0 ?mcc?mnc [zh_CN] ldltr sw680dp w1586dp h608dp 240dpi lrg long land ?uimode ?night finger -keyb/v/h -nav/h winConfig={ mBounds=Rect(0, 0 - 2380, 1020) mAppBounds=Rect(0, 0 - 2380, 948) mMaxBounds=Rect(0, 0 - 2380, 1020) mWindowingMode=fullscreen mDisplayWindowingMode=fullscreen mActivityType=undefined mAlwaysOnTop=undefined mRotation=ROTATION_0} s.4 ?fontWeightAdjustment} for displayId=0
08-23 17:42:58.529 1082 1082 D SystemServerTiming: MakeDisplayReady took to complete: 37ms
08-23 17:42:58.530 1082 1082 I SystemServerTiming: StartStorageManagerService
08-23 17:42:58.530 1082 1082 I SystemServiceManager: Starting com.android.server.StorageManagerService$Lifecycle
08-23 17:42:58.611 1082 1200 D PinnerService: pinRangeStream: null
08-23 17:42:58.613 1082 1200 D PinnerService: pinRangeStream: null
08-23 17:42:58.625 1082 1715 D StorageManagerService: Thinking about init, mBootCompleted=false, mDaemonConnected=true
08-23 17:42:58.625 1082 1715 D StorageManagerService: Thinking about reset, mBootCompleted=false, mDaemonConnected=true
08-23 17:42:58.626 1082 1200 D PinnerService: pinRangeStream: null
08-23 17:42:58.629 1082 1082 W SystemServiceManager: Service com.android.server.StorageManagerService$Lifecycle took 99 ms in onStart
08-23 17:42:58.630 1082 1715 D StorageManagerService: Thinking about init, mBootCompleted=false, mDaemonConnected=true
08-23 17:42:58.630 1082 1715 D StorageManagerService: Thinking about reset, mBootCompleted=false, mDaemonConnected=true
08-23 17:42:58.633 1082 1082 D SystemServerTiming: StartStorageManagerService took to complete: 102ms
08-23 17:42:58.633 1082 1082 I SystemServerTiming: StartStorageStatsService
08-23 17:42:58.633 1082 1082 I SystemServiceManager: Starting com.android.server.usage.StorageStatsService$Lifecycle
08-23 17:42:58.665 1082 1082 D SystemServerTiming: StartStorageStatsService took to complete: 31ms
08-23 17:42:58.665 1082 1082 I SystemServerTiming: StartUiModeManager
08-23 17:42:58.665 1082 1082 I SystemServiceManager: Starting com.android.server.UiModeManagerService
08-23 17:42:58.701 1082 1200 D PinnerService: pinRangeStream: null
08-23 17:42:58.704 1082 1082 D SystemServerTiming: StartUiModeManager took to complete: 38ms
08-23 17:42:58.704 1082 1082 I SystemServerTiming: UpdatePackagesIfNeeded
08-23 17:42:58.704 1082 1082 I Watchdog: Pausing HandlerChecker: main thread for reason: dexopt. Pause count: 1
08-23 17:42:58.705 1082 1082 I Watchdog: Resuming HandlerChecker: main thread for reason: dexopt. Pause count: 0
08-23 17:42:58.705 1082 1082 D SystemServerTiming: UpdatePackagesIfNeeded took to complete: 1ms
08-23 17:42:58.705 1082 1082 I SystemServerTiming: PerformFstrimIfNeeded
08-23 17:42:58.708 1082 1082 D SystemServerTiming: PerformFstrimIfNeeded took to complete: 2ms
08-23 17:42:58.708 1082 1082 I SystemServerTiming: StartLockSettingsService
08-23 17:42:58.708 1082 1082 I SystemServiceManager: Starting com.android.server.locksettings.LockSettingsService$Lifecycle
08-23 17:42:58.767 1082 1716 I SystemServerTimingAsync: InitThreadPoolExec:UiModeManager.onStart
08-23 17:42:58.767 1082 1716 D SystemServerInitThreadPool: Started executing UiModeManager.onStart
08-23 17:42:58.789 1082 1716 D SystemServerInitThreadPool: Finished executing UiModeManager.onStart
08-23 17:42:58.790 1082 1716 D SystemServerTimingAsync: InitThreadPoolExec:UiModeManager.onStart took to complete: 22ms
08-23 17:42:58.798 1082 1082 W SystemServiceManager: Service com.android.server.locksettings.LockSettingsService$Lifecycle took 90 ms in onStart
08-23 17:42:58.799 1082 1082 D SystemServerTiming: StartLockSettingsService took to complete: 90ms
08-23 17:42:58.799 1082 1082 I SystemServerTiming: StartPersistentDataBlock
08-23 17:42:58.799 1082 1082 I SystemServiceManager: Starting com.android.server.PersistentDataBlockService
08-23 17:42:58.800 1082 1082 D SystemServerTiming: StartPersistentDataBlock took to complete: 0ms
08-23 17:42:58.800 1082 1082 I SystemServerTiming: StartTestHarnessMode
08-23 17:42:58.800 1082 1082 I SystemServiceManager: Starting com.android.server.testharness.TestHarnessModeService
08-23 17:42:58.801 1082 1082 D SystemServerTiming: StartTestHarnessMode took to complete: 0ms
08-23 17:42:58.801 1082 1082 I SystemServerTiming: StartOemLockService
08-23 17:42:58.801 1082 1082 I SystemServiceManager: Starting com.android.server.oemlock.OemLockService
08-23 17:42:58.802 1082 1082 I OemLock : OemLock HAL not present on device
08-23 17:42:58.802 1082 1082 I OemLock : Using persistent data block based lock
08-23 17:42:58.803 1082 1720 I SystemServerTimingAsync: InitThreadPoolExec:PersistentDataBlockService.onStart
08-23 17:42:58.803 1082 1720 D SystemServerInitThreadPool: Started executing PersistentDataBlockService.onStart
08-23 17:42:58.803 1082 1082 D SystemServerTiming: StartOemLockService took to complete: 3ms
08-23 17:42:58.803 1082 1082 I SystemServerTiming: StartDeviceIdleController
08-23 17:42:58.803 1082 1082 I SystemServiceManager: Starting com.android.server.DeviceIdleController
08-23 17:42:58.803 1082 1720 E PersistentDataBlockService: not able to find package com.google.android.gms
08-23 17:42:58.803 1082 1720 E PersistentDataBlockService: android.content.pm.PackageManager$NameNotFoundException: com.google.android.gms
08-23 17:42:58.803 1082 1720 E PersistentDataBlockService: at android.app.ApplicationPackageManager.getPackageUidAsUser(ApplicationPackageManager.java:364)
08-23 17:42:58.803 1082 1720 E PersistentDataBlockService: at com.android.server.PersistentDataBlockService.getAllowedUid(PersistentDataBlockService.java:162)
08-23 17:42:58.803 1082 1720 E PersistentDataBlockService: at com.android.server.PersistentDataBlockService.lambda$onStart$0$PersistentDataBlockService(PersistentDataBlockService.java:176)
08-23 17:42:58.803 1082 1720 E PersistentDataBlockService: at com.android.server.PersistentDataBlockService$$ExternalSyntheticLambda0.run(Unknown Source:2)
08-23 17:42:58.803 1082 1720 E PersistentDataBlockService: at com.android.server.SystemServerInitThreadPool.lambda$submitTask$0$SystemServerInitThreadPool(SystemServerInitThreadPool.java:105)
08-23 17:42:58.803 1082 1720 E PersistentDataBlockService: at com.android.server.SystemServerInitThreadPool$$ExternalSyntheticLambda0.run(Unknown Source:6)
08-23 17:42:58.803 1082 1720 E PersistentDataBlockService: at java.util.concurrent.Executors$RunnableAdapter.call(Executors.java:462)
08-23 17:42:58.803 1082 1720 E PersistentDataBlockService: at java.util.concurrent.FutureTask.run(FutureTask.java:266)
08-23 17:42:58.803 1082 1720 E PersistentDataBlockService: at java.util.concurrent.ThreadPoolExecutor.runWorker(ThreadPoolExecutor.java:1167)
08-23 17:42:58.803 1082 1720 E PersistentDataBlockService: at java.util.concurrent.ThreadPoolExecutor$Worker.run(ThreadPoolExecutor.java:641)
08-23 17:42:58.803 1082 1720 E PersistentDataBlockService: at com.android.internal.util.ConcurrentUtils$1$1.run(ConcurrentUtils.java:65)
08-23 17:42:58.806 1082 1082 D SystemServerTiming: StartDeviceIdleController took to complete: 3ms
08-23 17:42:58.807 1082 1082 I SystemServerTiming: StartDevicePolicyManager
08-23 17:42:58.807 1082 1082 I SystemServiceManager: Starting com.android.server.devicepolicy.DevicePolicyManagerService$Lifecycle
08-23 17:42:58.807 1082 1200 D PinnerService: pinRangeStream: null
08-23 17:42:58.810 1082 1200 D PinnerService: pinRangeStream: null
08-23 17:42:58.812 1082 1082 D SLog : static_init took to complete: 2ms
08-23 17:42:58.812 1082 1082 I DevicePolicyManager: Set ro.organization_owned property to false
08-23 17:42:58.815 1082 1082 D SystemServerTiming: StartDevicePolicyManager took to complete: 8ms
08-23 17:42:58.815 1082 1082 I SystemServerTiming: StartStatusBarManagerService
08-23 17:42:58.816 1082 1082 D SystemServerTiming: StartStatusBarManagerService took to complete: 1ms
08-23 17:42:58.816 1082 1082 D SystemServer: MusicRecognitionManagerService not defined by OEM or disabled by flag
08-23 17:42:58.816 1082 1082 D SystemServer: ContentCaptureService disabled because resource is not overlaid
08-23 17:42:58.816 1082 1082 D SystemServer: AttentionService is not configured on this device
08-23 17:42:58.816 1082 1082 D SystemServer: RotationResolverService is not configured on this device
08-23 17:42:58.816 1082 1082 D SystemServer: SystemCaptionsManagerService disabled because resource is not overlaid
08-23 17:42:58.816 1082 1082 I SystemServerTiming: StartTextToSpeechManagerService
08-23 17:42:58.816 1082 1082 I SystemServiceManager: Starting com.android.server.texttospeech.TextToSpeechManagerService
08-23 17:42:58.818 1082 1082 D SystemServerTiming: StartTextToSpeechManagerService took to complete: 2ms
08-23 17:42:58.818 1082 1082 I SystemServerTiming: StartSpeechRecognitionManagerService
08-23 17:42:58.818 1082 1082 I SystemServiceManager: Starting com.android.server.speech.SpeechRecognitionManagerService
08-23 17:42:58.819 1082 1082 D SystemServerTiming: StartSpeechRecognitionManagerService took to complete: 1ms
08-23 17:42:58.819 1082 1082 D SystemServer: AppPredictionService not defined by OEM
08-23 17:42:58.819 1082 1082 D SystemServer: ContentSuggestionsService not defined by OEM
08-23 17:42:58.819 1082 1082 I SystemServerTiming: StartSearchUiService
08-23 17:42:58.819 1082 1082 I SystemServiceManager: Starting com.android.server.searchui.SearchUiManagerService
08-23 17:42:58.821 1082 1082 D SystemServerTiming: StartSearchUiService took to complete: 1ms
08-23 17:42:58.821 1082 1082 I SystemServerTiming: StartSmartspaceService
08-23 17:42:58.821 1082 1082 I SystemServiceManager: Starting com.android.server.smartspace.SmartspaceManagerService
08-23 17:42:58.822 1082 1082 D SystemServerTiming: StartSmartspaceService took to complete: 2ms
08-23 17:42:58.822 1082 1082 I SystemServerTiming: InitConnectivityModuleConnector
08-23 17:42:58.822 1082 1082 D ConnectivityModuleConnector: Network stack init
08-23 17:42:58.823 1082 1082 D SystemServerTiming: InitConnectivityModuleConnector took to complete: 0ms
08-23 17:42:58.823 1082 1082 I SystemServerTiming: InitNetworkStackClient
08-23 17:42:58.824 1082 1082 D SystemServerTiming: InitNetworkStackClient took to complete: 0ms
08-23 17:42:58.824 1082 1082 I SystemServerTiming: StartNetworkManagementService
08-23 17:42:58.831 1082 1720 D SystemServerInitThreadPool: Finished executing PersistentDataBlockService.onStart
08-23 17:42:58.832 1082 1720 D SystemServerTimingAsync: InitThreadPoolExec:PersistentDataBlockService.onStart took to complete: 28ms
08-23 17:42:58.894 1082 1200 D PinnerService: pinRangeStream: null
08-23 17:42:58.897 1082 1082 D SystemServerTiming: StartNetworkManagementService took to complete: 74ms
08-23 17:42:58.897 1082 1082 I SystemServerTiming: StartIpSecService
08-23 17:42:58.904 1082 1082 D SystemServerTiming: StartIpSecService took to complete: 7ms
08-23 17:42:58.904 1082 1082 I SystemServerTiming: StartFontManagerService
08-23 17:42:58.905 1082 1200 D PinnerService: pinRangeStream: null
08-23 17:42:58.908 1082 1200 E PinnerService: Could not pin file /system/lib64/libsurfaceflinger.so
08-23 17:42:58.908 1082 1200 E PinnerService: android.system.ErrnoException: open failed: ENOENT (No such file or directory)
08-23 17:42:58.908 1082 1200 E PinnerService: at libcore.io.Linux.open(Native Method)
08-23 17:42:58.908 1082 1200 E PinnerService: at libcore.io.ForwardingOs.open(ForwardingOs.java:567)
08-23 17:42:58.908 1082 1200 E PinnerService: at libcore.io.BlockGuardOs.open(BlockGuardOs.java:273)
08-23 17:42:58.908 1082 1200 E PinnerService: at android.system.Os.open(Os.java:501)
08-23 17:42:58.908 1082 1200 E PinnerService: at com.android.server.PinnerService.pinFileRanges(PinnerService.java:939)
08-23 17:42:58.908 1082 1200 E PinnerService: at com.android.server.PinnerService.pinFile(PinnerService.java:814)
08-23 17:42:58.908 1082 1200 E PinnerService: at com.android.server.PinnerService.handlePinOnStart(PinnerService.java:273)
08-23 17:42:58.908 1082 1200 E PinnerService: at com.android.server.PinnerService.access$1600(PinnerService.java:91)
08-23 17:42:58.908 1082 1200 E PinnerService: at com.android.server.PinnerService$PinnerHandler.handleMessage(PinnerService.java:1183)
08-23 17:42:58.908 1082 1200 E PinnerService: at android.os.Handler.dispatchMessage(Handler.java:106)
08-23 17:42:58.908 1082 1200 E PinnerService: at android.os.Looper.loopOnce(Looper.java:201)
08-23 17:42:58.908 1082 1200 E PinnerService: at android.os.Looper.loop(Looper.java:288)
08-23 17:42:58.908 1082 1200 E PinnerService: at android.os.HandlerThread.run(HandlerThread.java:67)
08-23 17:42:58.908 1082 1200 E PinnerService: Failed to pin file = /system/lib64/libsurfaceflinger.so
08-23 17:42:58.933 1082 1530 D SystemServerTimingAsync: AppDataPrepare took to complete: 993ms
08-23 17:42:58.933 1082 1530 I PackageManager: Deferred reconcileAppsData finished 112 packages
08-23 17:42:58.933 1082 1530 D SystemServerInitThreadPool: Finished executing prepareAppData
08-23 17:42:58.933 1082 1530 D SystemServerTimingAsync: InitThreadPoolExec:prepareAppData took to complete: 2288ms
08-23 17:42:59.153 1082 1082 D SystemServerTiming: StartFontManagerService took to complete: 249ms
08-23 17:42:59.153 1082 1082 I SystemServerTiming: StartTextServicesManager
08-23 17:42:59.153 1082 1082 I SystemServiceManager: Starting com.android.server.textservices.TextServicesManagerService$Lifecycle
08-23 17:42:59.170 1082 1082 D SystemServerTiming: StartTextServicesManager took to complete: 16ms
08-23 17:42:59.170 1082 1082 I SystemServerTiming: StartTextClassificationManagerService
08-23 17:42:59.170 1082 1082 I SystemServiceManager: Starting com.android.server.textclassifier.TextClassificationManagerService$Lifecycle
08-23 17:42:59.175 1082 1082 D SystemServerTiming: StartTextClassificationManagerService took to complete: 4ms
08-23 17:42:59.175 1082 1082 I SystemServerTiming: StartNetworkScoreService
08-23 17:42:59.175 1082 1082 I SystemServiceManager: Starting com.android.server.NetworkScoreService$Lifecycle
08-23 17:42:59.178 1082 1082 D SystemServerTiming: StartNetworkScoreService took to complete: 2ms
08-23 17:42:59.178 1082 1082 I SystemServerTiming: StartNetworkStatsService
08-23 17:42:59.181 1082 1082 D SystemServerTiming: StartNetworkStatsService took to complete: 3ms
08-23 17:42:59.181 1082 1082 I SystemServerTiming: StartNetworkPolicyManagerService
08-23 17:42:59.184 1082 1082 D SystemServerTiming: StartNetworkPolicyManagerService took to complete: 3ms
08-23 17:42:59.184 1082 1082 I SystemServerTiming: StartWifi
08-23 17:42:59.221 1082 1082 I SystemServiceManager: Starting com.android.server.wifi.WifiService
