08-23 17:43:01.907 1082 1210 W ActivityManager: Slow operation: 558ms so far, now at startProcess: done updating battery stats
08-23 17:43:01.907 1082 1210 W ActivityManager: Slow operation: 558ms so far, now at startProcess: building log message
08-23 17:43:01.907 1082 1210 I ActivityManager: Start proc 2156:vendor.qti.qesdk.sysservice/1000 for added application vendor.qti.qesdk.sysservice
08-23 17:43:01.907 1082 1210 W ActivityManager: Slow operation: 558ms so far, now at startProcess: starting to update pids map
08-23 17:43:01.908 1082 1210 W ActivityManager: Slow operation: 558ms so far, now at startProcess: done updating pids map
08-23 17:43:01.908 1082 1210 W ActivityManager: Slow operation: 557ms so far, now at startProcess: asking zygote to start proc
08-23 17:43:01.908 1082 1210 D CompatibilityChangeReporter: Compat change id reported: 143937733; UID 10090; state: DISABLED
08-23 17:43:01.918 1082 1864 I ActivityManager: Process WebViewLoader-arm64-v8a (pid 1969) has died: psvc PER
08-23 17:43:01.928 1889 1889 W OneHandedController: Device doesn't support OneHanded feature
08-23 17:43:01.956 1082 2006 D CompatibilityChangeReporter: Compat change id reported: 168419799; UID 1073; state: DISABLED
08-23 17:43:01.959 1082 1210 W ActivityManager: Slow operation: 608ms so far, now at startProcess: returned from zygote!
08-23 17:43:01.962 1082 2006 D CompatibilityChangeReporter: Compat change id reported: 168419799; UID 1073; state: DISABLED
08-23 17:43:01.963 1082 1210 W ActivityManager: Slow operation: 612ms so far, now at startProcess: done updating battery stats
08-23 17:43:01.963 1082 1210 W ActivityManager: Slow operation: 612ms so far, now at startProcess: building log message
08-23 17:43:01.963 1082 1210 I ActivityManager: Start proc 2163:com.qti.qualcomm.mstatssystemservice/u0a90 for added application com.qti.qualcomm.mstatssystemservice
08-23 17:43:01.964 1082 1210 W ActivityManager: Slow operation: 612ms so far, now at startProcess: starting to update pids map
08-23 17:43:01.964 1082 1210 W ActivityManager: Slow operation: 612ms so far, now at startProcess: done updating pids map
08-23 17:43:01.964 1082 1210 W ActivityManager: Slow operation: 611ms so far, now at startProcess: asking zygote to start proc
08-23 17:43:02.051 1082 1864 D CompatibilityChangeReporter: Compat change id reported: 168419799; UID 10090; state: DISABLED
08-23 17:43:02.069 1082 1082 I SystemServerTiming: ManagedServices.unbindOtherUserServices_current0
08-23 17:43:02.069 1082 1082 D SystemServerTiming: ManagedServices.unbindOtherUserServices_current0 took to complete: 0ms
08-23 17:43:02.070 1082 1082 I SystemServerTiming: ManagedServices.unbindOtherUserServices_current0
08-23 17:43:02.070 1082 1082 D SystemServerTiming: ManagedServices.unbindOtherUserServices_current0 took to complete: 0ms
08-23 17:43:02.070 1082 1082 I SystemServerTiming: ManagedServices.unbindOtherUserServices_current0
08-23 17:43:02.070 1082 1082 D SystemServerTiming: ManagedServices.unbindOtherUserServices_current0 took to complete: 0ms
08-23 17:43:02.070 1082 1082 V NotificationAssistants: enabling notification assistant for 0: ComponentInfo{android.ext.services/android.ext.services.notification.Assistant}
08-23 17:43:02.070 1082 1082 V NotificationAssistants: binding: Intent { act=android.service.notification.NotificationAssistantService cmp=android.ext.services/.notification.Assistant (has extras) }
08-23 17:43:02.088 1082 1210 W ActivityManager: Slow operation: 735ms so far, now at startProcess: returned from zygote!
08-23 17:43:02.088 1082 1210 W ActivityManager: Slow operation: 735ms so far, now at startProcess: done updating battery stats
08-23 17:43:02.088 1082 1210 W ActivityManager: Slow operation: 735ms so far, now at startProcess: building log message
08-23 17:43:02.088 1082 1210 I ActivityManager: Start proc 2206:com.android.se/1068 for added application com.android.se
08-23 17:43:02.088 1082 1210 W ActivityManager: Slow operation: 735ms so far, now at startProcess: starting to update pids map
08-23 17:43:02.089 1082 1210 W ActivityManager: Slow operation: 736ms so far, now at startProcess: done updating pids map
08-23 17:43:02.089 1082 1210 W ActivityManager: Slow operation: 736ms so far, now at startProcess: asking zygote to start proc
08-23 17:43:02.165 1082 1210 W ActivityManager: Slow operation: 812ms so far, now at startProcess: returned from zygote!
08-23 17:43:02.166 1082 1210 W ActivityManager: Slow operation: 813ms so far, now at startProcess: done updating battery stats
08-23 17:43:02.166 1082 1210 W ActivityManager: Slow operation: 813ms so far, now at startProcess: building log message
08-23 17:43:02.166 1082 1210 I ActivityManager: Start proc 2213:com.thundercomm.remotecontrolservice/1000 for added application com.thundercomm.remotecontrolservice
08-23 17:43:02.166 1082 1210 W ActivityManager: Slow operation: 813ms so far, now at startProcess: starting to update pids map
08-23 17:43:02.166 1082 1210 W ActivityManager: Slow operation: 813ms so far, now at startProcess: done updating pids map
08-23 17:43:02.167 1082 1210 W ActivityManager: Slow operation: 812ms so far, now at startProcess: asking zygote to start proc
08-23 17:43:02.167 1082 1210 D CompatibilityChangeReporter: Compat change id reported: 143937733; UID 10065; state: ENABLED
08-23 17:43:02.232 1082 1864 D TelephonyRegistry: listen oscl: mHasNotifySubscriptionInfoChangedOccurred==false no callback
08-23 17:43:02.282 1082 1864 D CompatibilityChangeReporter: Compat change id reported: 168419799; UID 1000; state: DISABLED
08-23 17:43:02.291 1082 1200 D TelephonyRegistry: listen oscl: mHasNotifySubscriptionInfoChangedOccurred==false no callback
08-23 17:43:02.297 1082 1200 D CountryDetector: Using custom country detector class: com.android.server.location.ComprehensiveCountryDetector
08-23 17:43:02.298 1082 1200 E CountryDetector: Could not instantiate the custom country detector class
08-23 17:43:02.298 1082 1200 D CountryDetector: Using default country detector
08-23 17:43:02.302 1082 2006 D CompatibilityChangeReporter: Compat change id reported: 157233955; UID 10088; state: ENABLED
08-23 17:43:02.366 1082 1210 W ActivityManager: Slow operation: 1012ms so far, now at startProcess: returned from zygote!
08-23 17:43:02.367 1082 1210 W ActivityManager: Slow operation: 1012ms so far, now at startProcess: done updating battery stats
08-23 17:43:02.367 1082 1210 W ActivityManager: Slow operation: 1013ms so far, now at startProcess: building log message
08-23 17:43:02.367 1082 1210 I ActivityManager: Start proc 2257:com.qualcomm.qti.devicestatisticsservice/u0a65 for added application com.qualcomm.qti.devicestatisticsservice
08-23 17:43:02.367 1082 1210 W ActivityManager: Slow operation: 1013ms so far, now at startProcess: starting to update pids map
08-23 17:43:02.368 1082 1210 W ActivityManager: Slow operation: 1014ms so far, now at startProcess: done updating pids map
08-23 17:43:02.368 1082 1210 W ActivityManager: Slow operation: 1014ms so far, now at startProcess: asking zygote to start proc
08-23 17:43:02.385 1082 1864 D CompatibilityChangeReporter: Compat change id reported: 168419799; UID 1068; state: DISABLED
08-23 17:43:02.438 1082 1210 W ActivityManager: Slow operation: 1084ms so far, now at startProcess: returned from zygote!
08-23 17:43:02.439 1082 1210 W ActivityManager: Slow operation: 1084ms so far, now at startProcess: done updating battery stats
08-23 17:43:02.439 1082 1210 W ActivityManager: Slow operation: 1084ms so far, now at startProcess: building log message
08-23 17:43:02.439 1082 1210 I ActivityManager: Start proc 2264:com.qualcomm.qti.qdma/1000 for added application com.qualcomm.qti.qdma
08-23 17:43:02.439 1082 1210 W ActivityManager: Slow operation: 1085ms so far, now at startProcess: starting to update pids map
08-23 17:43:02.439 1082 1210 W ActivityManager: Slow operation: 1085ms so far, now at startProcess: done updating pids map
08-23 17:43:02.439 1082 1210 W ActivityManager: Slow operation: 861ms so far, now at startProcess: asking zygote to start proc
08-23 17:43:02.490 1082 1184 I DropBoxManagerService: add tag=system_app_strictmode isTagEnabled=true flags=0x2
08-23 17:43:02.508 1082 1184 I DropBoxManagerService: add tag=system_app_strictmode isTagEnabled=true flags=0x2
08-23 17:43:02.515 1889 1889 D SystemUIBootTiming: DependencyInjection took to complete: 0ms
08-23 17:43:02.523 1082 1184 I DropBoxManagerService: add tag=system_app_strictmode isTagEnabled=true flags=0x2
08-23 17:43:02.524 1082 1184 I DropBoxManagerService: add tag=system_app_strictmode isTagEnabled=true flags=0x2
08-23 17:43:02.526 1082 1125 D CompatibilityChangeReporter: Compat change id reported: 182478738; UID 1073; state: DISABLED
08-23 17:43:02.530 1082 1126 D CompatibilityChangeReporter: Compat change id reported: 168419799; UID 1000; state: DISABLED
08-23 17:43:02.563 1889 1889 D SystemUIBootTiming: StartServicescom.android.systemui.util.NotificationChannels took to complete: 5ms
08-23 17:43:02.576 1082 1082 W Looper : Slow dispatch took 505ms main h=android.app.ActivityThread$H c=android.app.LoadedApk$ReceiverDispatcher$Args$$ExternalSyntheticLambda0@e3a9590 m=0
08-23 17:43:02.583 1082 1082 D BluetoothManagerService: Bluetooth Adapter name changed to QCOM-BTD by android
08-23 17:43:02.583 1082 1082 D BluetoothManagerService: Stored Bluetooth name: QCOM-BTD
08-23 17:43:02.586 1082 1082 D ConditionProviders.SCP: onSubscribe condition://android/schedule?days=1.2.3.4.5.6.7&start=22.0&end=7.0&exitAtAlarm=true
08-23 17:43:02.587 1082 1182 D UsbDeviceManager: push notification:正在通过 USB 为此设备充电
08-23 17:43:02.589 1082 1082 D ConditionProviders.SCP: setRegistered true
08-23 17:43:02.591 1082 1082 D ConditionProviders.SCP: evaluateSubscriptionLocked cal=ScheduleCalendar[mDays={1, 2, 3, 4, 5, 6, 7}, mSchedule=ScheduleInfo{days=[1, 2, 3, 4, 5, 6, 7], startHour=22, startMinute=0, endHour=7, endMinute=0, exitAtAlarm=true, nextAlarm=Thu Jan 01 00:00:00 GMT 1970 (0)}], now=Tue Aug 23 17:43:02 GMT 2022 (1661276582589), nextUserAlarmTime=Thu Jan 01 00:00:00 GMT 1970 (0)
08-23 17:43:02.591 1082 1082 D ConditionProviders.SCP: notifyCondition condition://android/schedule?days=1.2.3.4.5.6.7&start=22.0&end=7.0&exitAtAlarm=true STATE_FALSE reason=!meetsSchedule
08-23 17:43:02.600 1082 1082 D ConditionProviders.SCP: Scheduling evaluate for Tue Aug 23 22:00:00 GMT 2022 (1661292000000), in +4h16m57s411ms, now=Tue Aug 23 17:43:02 GMT 2022 (1661276582589)
08-23 17:43:02.613 1082 1210 W ActivityManager: Slow operation: 1035ms so far, now at startProcess: returned from zygote!
08-23 17:43:02.618 1082 1210 W ActivityManager: Slow operation: 1040ms so far, now at startProcess: done updating battery stats
08-23 17:43:02.618 1082 1210 W ActivityManager: Slow operation: 1040ms so far, now at startProcess: building log message
08-23 17:43:02.618 1082 1210 I ActivityManager: Start proc 2321:com.android.settings/1000 for top-activity {com.android.settings/com.android.settings.FallbackHome}
08-23 17:43:02.618 1082 1210 W ActivityManager: Slow operation: 1040ms so far, now at startProcess: starting to update pids map
08-23 17:43:02.619 1082 1210 W ActivityManager: Slow operation: 1040ms so far, now at startProcess: done updating pids map
08-23 17:43:02.619 1082 1210 W ActivityManager: Slow operation: 948ms so far, now at startProcess: asking zygote to start proc
08-23 17:43:02.619 1082 1210 D CompatibilityChangeReporter: Compat change id reported: 143937733; UID 10101; state: ENABLED
08-23 17:43:02.619 1082 1082 D BluetoothManagerService: BluetoothServiceConnection: com.android.bluetooth.btservice.AdapterService
08-23 17:43:02.620 1082 1184 D BluetoothManagerService: MESSAGE_BLUETOOTH_SERVICE_CONNECTED: 1
08-23 17:43:02.650 1082 1184 D BluetoothManagerService: MESSAGE_INFORM_ADAPTER_SERVICE_UP
08-23 17:43:02.650 1082 1184 D BluetoothManagerService: Broadcasting onBluetoothServiceUp() to 3 receivers.
08-23 17:43:02.654 1082 1184 D BluetoothManagerService: MESSAGE_BLUETOOTH_STATE_CHANGE: OFF > BLE_TURNING_ON
08-23 17:43:02.654 1082 1184 D BluetoothManagerService: Sending BLE State Change: OFF > BLE_TURNING_ON
08-23 17:43:02.712 1082 1759 W ActivityThread: Failed to find provider info for com.android.calendar (user not unlocked)
08-23 17:43:02.716 1082 1126 D CompatibilityChangeReporter: Compat change id reported: 168419799; UID 10065; state: DISABLED
08-23 17:43:02.758 1082 1210 W ActivityManager: Slow operation: 1087ms so far, now at startProcess: returned from zygote!
08-23 17:43:02.758 1082 1210 W ActivityManager: Slow operation: 1088ms so far, now at startProcess: done updating battery stats
08-23 17:43:02.758 1082 1210 W ActivityManager: Slow operation: 1088ms so far, now at startProcess: building log message
08-23 17:43:02.758 1082 1210 I ActivityManager: Start proc 2353:android.ext.services/u0a101 for service {android.ext.services/android.ext.services.autofill.InlineSuggestionRenderServiceImpl}
08-23 17:43:02.758 1082 1210 W ActivityManager: Slow operation: 1088ms so far, now at startProcess: starting to update pids map
08-23 17:43:02.759 1082 1210 W ActivityManager: Slow operation: 1088ms so far, now at startProcess: done updating pids map
08-23 17:43:02.771 1082 2078 D CompatibilityChangeReporter: Compat change id reported: 168419799; UID 1002; state: DISABLED
08-23 17:43:02.771 1082 1759 W ActivityThread: Failed to find provider info for com.android.calendar (user not unlocked)
08-23 17:43:02.792 1889 1889 D SystemUIBootTiming: StartServicescom.android.systemui.keyguard.KeyguardViewMediator took to complete: 230ms
08-23 17:43:02.798 1082 1082 W BluetoothManagerService: bindBluetoothProfileService:Trying to bind to profile: 1, while Bluetooth is disabled
08-23 17:43:02.898 1082 2359 I Telecom : BluetoothRouteManager: getBluetoothAudioConnectedDevice: no service available.
08-23 17:43:02.899 1082 1126 W ActivityManager: Slow operation: 61ms so far, now at startProcess: done creating new process record
08-23 17:43:02.899 1082 1126 W ActivityManager: Slow operation: 61ms so far, now at startProcess: stepping in to startProcess
08-23 17:43:02.900 1082 1126 D CompatibilityChangeReporter: Compat change id reported: 135634846; UID 10087; state: DISABLED
08-23 17:43:02.900 1082 1126 D CompatibilityChangeReporter: Compat change id reported: 177438394; UID 10087; state: DISABLED
08-23 17:43:02.900 1082 1126 D CompatibilityChangeReporter: Compat change id reported: 135772972; UID 10087; state: DISABLED
08-23 17:43:02.901 1082 1126 D CompatibilityChangeReporter: Compat change id reported: 135754954; UID 10087; state: ENABLED
08-23 17:43:02.901 1082 1126 W ActivityManager: Slow operation: 63ms so far, now at startProcess: done starting proc!
08-23 17:43:02.901 1082 1210 D CompatibilityChangeReporter: Compat change id reported: 143937733; UID 10087; state: ENABLED
08-23 17:43:02.902 1889 1889 D SystemUIBootTiming: StartServicescom.android.systemui.recents.Recents took to complete: 109ms
08-23 17:43:02.912 1082 1082 I Telecom : SystemStateHelper: Registering broadcast receiver: android.content.IntentFilter@ad256ca: TS.init@AAA
08-23 17:43:02.912 1082 1082 I Telecom : SystemStateHelper: Registering broadcast receiver: android.content.IntentFilter@c3cb03b: TS.init@AAA
08-23 17:43:02.940 1082 2006 D CompatibilityChangeReporter: Compat change id reported: 168419799; UID 10101; state: DISABLED
08-23 17:43:02.954 1082 2381 I Telecom : Logging.Events: Non-call EVENT: AUDIO_ROUTE, Entering state QuiescentEarpieceRoute
08-23 17:43:02.954 1082 2381 I Telecom : BluetoothRouteManager: getBluetoothAudioConnectedDevice: no service available.
08-23 17:43:03.008 1082 2400 I Telecom : CallAudioModeStateMachine: Message received: null.: TS.init->CAMSM.pM_1@AAA
08-23 17:43:03.019 1082 1082 I Telecom : MissedCallNotifierImpl: reloadFromDatabase: Boot not yet complete -- call log db may not be available. Deferring loading until boot complete for user 0: TS.init@AAA
08-23 17:43:03.127 1082 1210 W ActivityManager: Slow operation: 228ms so far, now at startProcess: returned from zygote!
08-23 17:43:03.128 1082 1210 W ActivityManager: Slow operation: 228ms so far, now at startProcess: done updating battery stats
08-23 17:43:03.128 1082 1210 W ActivityManager: Slow operation: 229ms so far, now at startProcess: building log message
08-23 17:43:03.128 1082 1210 I ActivityManager: Start proc 2411:com.android.launcher3/u0a87 for service {com.android.launcher3/com.android.quickstep.TouchInteractionService}
08-23 17:43:03.128 1082 1210 W ActivityManager: Slow operation: 229ms so far, now at startProcess: starting to update pids map
08-23 17:43:03.129 1082 1210 W ActivityManager: Slow operation: 229ms so far, now at startProcess: done updating pids map
08-23 17:43:03.151 1082 1185 I ActivityManagerTiming: FinishBooting
08-23 17:43:03.153 1082 1185 W KeyguardServiceDelegate: onScreenTurningOn(): no keyguard service!
08-23 17:43:03.164 1082 2074 D CompatibilityChangeReporter: Compat change id reported: 168419799; UID 10087; state: DISABLED
08-23 17:43:03.227 1082 1082 D TelephonyRegistry: listen oscl: mHasNotifySubscriptionInfoChangedOccurred==false no callback
08-23 17:43:03.227 1082 1082 I Telecom : MissedCallNotifierImpl: reloadFromDatabase: Boot not yet complete -- call log db may not be available. Deferring loading until boot complete for user 0: TS.init@AAA
08-23 17:43:03.229 1082 1082 I Telecom : Class: TelecomSystem.INSTANCE being set
08-23 17:43:03.230 1082 1082 W Looper : Slow dispatch took 610ms main h=android.app.ActivityThread$H c=android.app.LoadedApk$ServiceDispatcher$RunConnection@139244e m=0
08-23 17:43:03.232 1082 1082 D AutofillManagerService: Restriction did not change for user 0
08-23 17:43:03.234 1082 1082 I ConnectivityModuleConnector: Networking module service connected
08-23 17:43:03.235 1082 1184 I DropBoxManagerService: add tag=system_server_strictmode isTagEnabled=true flags=0x2
08-23 17:43:03.240 1082 1184 I DropBoxManagerService: add tag=system_server_strictmode isTagEnabled=true flags=0x2
08-23 17:43:03.256 1889 1889 D SystemUIBootTiming: StartServicescom.android.systemui.volume.VolumeUI took to complete: 353ms
08-23 17:43:03.257 1082 1184 I DropBoxManagerService: add tag=system_server_strictmode isTagEnabled=true flags=0x2
08-23 17:43:03.271 1082 1082 I ConnectivityModuleConnector: Networking module service connected
08-23 17:43:03.286 1082 1082 D TelephonyRegistry: notifyCellLocationForSubscriber: subId=2147483647 cellIdentity=null
08-23 17:43:03.289 1082 1082 D CompanionDeviceManagerService: Received BT state transition broadcast: OFF -> BLE_TURNING_ON
08-23 17:43:03.291 1082 1082 I Telecom : WiredHeadsetManager: ACTION_HEADSET_PLUG event, plugged in: false, : WHC.oADA@AAE
08-23 17:43:03.306 1082 1184 I DropBoxManagerService: add tag=system_app_strictmode isTagEnabled=true flags=0x2
08-23 17:43:03.310 1082 1082 W NotificationHistory: Attempted to add notif for locked/gone/disabled user 0
08-23 17:43:03.312 1082 1082 W Looper : Drained
08-23 17:43:03.313 1082 1184 I DropBoxManagerService: add tag=system_app_strictmode isTagEnabled=true flags=0x2
08-23 17:43:03.320 1082 1082 I ExplicitHealthCheckController: Explicit health check service is connected ComponentInfo{android.ext.services/android.ext.services.watchdog.ExplicitHealthCheckServiceImpl}
08-23 17:43:03.321 1082 1082 I ExplicitHealthCheckController: Service initialized, syncing requests
08-23 17:43:03.321 1082 1082 I PackageWatchdog: Syncing health check requests for packages: {}
08-23 17:43:03.321 1082 1082 D ExplicitHealthCheckController: Getting health check supported packages
08-23 17:43:03.328 1082 1184 I DropBoxManagerService: add tag=system_app_strictmode isTagEnabled=true flags=0x2
08-23 17:43:03.330 1082 1184 I DropBoxManagerService: add tag=system_app_strictmode isTagEnabled=true flags=0x2
08-23 17:43:03.379 1082 1082 V NotificationAssistants: 0 notification assistant service connected: ComponentInfo{android.ext.services/android.ext.services.notification.Assistant}
08-23 17:43:03.384 1082 1125 D CompatibilityChangeReporter: Compat change id reported: 135634846; UID 10089; state: DISABLED
08-23 17:43:03.384 1082 1125 D CompatibilityChangeReporter: Compat change id reported: 177438394; UID 10089; state: DISABLED
08-23 17:43:03.384 1082 1125 D CompatibilityChangeReporter: Compat change id reported: 135772972; UID 10089; state: DISABLED
08-23 17:43:03.384 1082 1125 D CompatibilityChangeReporter: Compat change id reported: 135754954; UID 10089; state: ENABLED
08-23 17:43:03.384 1082 1210 D CompatibilityChangeReporter: Compat change id reported: 143937733; UID 10089; state: ENABLED
08-23 17:43:03.401 1889 1889 W CarrierConfigManager: Error getting config for subId -1 ICarrierConfigLoader is null
08-23 17:43:03.402 1082 1184 I DropBoxManagerService: add tag=system_app_strictmode isTagEnabled=true flags=0x2
08-23 17:43:03.403 1082 2352 I ExplicitHealthCheckController: Explicit health check supported packages [PackageConfig{com.android.networkstack, 86400000}]
08-23 17:43:03.403 1082 2352 D PackageWatchdog: Received supported packages [PackageConfig{com.android.networkstack, 86400000}]
08-23 17:43:03.404 1082 2352 D ExplicitHealthCheckController: Getting health check requested packages
08-23 17:43:03.405 1082 1125 I ExplicitHealthCheckController: Explicit health check requested packages []
08-23 17:43:03.405 1082 1125 I ExplicitHealthCheckController: No more health check requests, unbinding...
08-23 17:43:03.407 1082 1125 I ExplicitHealthCheckController: Explicit health check service is unbound
08-23 17:43:03.416 1082 1184 I DropBoxManagerService: add tag=system_app_strictmode isTagEnabled=true flags=0x2
08-23 17:43:03.424 1082 1125 D TelephonyRegistry: listen oscl: mHasNotifySubscriptionInfoChangedOccurred==false no callback
08-23 17:43:03.432 1082 1184 I DropBoxManagerService: add tag=system_app_strictmode isTagEnabled=true flags=0x2
08-23 17:43:03.436 1082 1184 I DropBoxManagerService: add tag=system_app_strictmode isTagEnabled=true flags=0x2
08-23 17:43:03.466 1082 1210 W ActivityManager: Slow operation: 83ms so far, now at startProcess: returned from zygote!
08-23 17:43:03.466 1082 1210 W ActivityManager: Slow operation: 83ms so far, now at startProcess: done updating battery stats
08-23 17:43:03.467 1082 1210 W ActivityManager: Slow operation: 83ms so far, now at startProcess: building log message
08-23 17:43:03.467 1082 1210 I ActivityManager: Start proc 2465:com.qualcomm.qti.qccauthmgr/u0a89 for content provider {com.qualcomm.qti.qccauthmgr/com.qualcomm.qti.qccauthmgr.providers.SMQContentProvider}
08-23 17:43:03.467 1082 1210 W ActivityManager: Slow operation: 83ms so far, now at startProcess: starting to update pids map
08-23 17:43:03.467 1082 1210 W ActivityManager: Slow operation: 84ms so far, now at startProcess: done updating pids map
08-23 17:43:03.512 1082 1864 I StatusBarManagerService: registerStatusBar bar=com.android.internal.statusbar.IStatusBar$Stub$Proxy@5b87766
08-23 17:43:03.514 1082 1209 I DropBoxManagerService: add tag=system_server_wtf isTagEnabled=true flags=0x2
08-23 17:43:03.536 1082 1184 I DropBoxManagerService: add tag=system_app_strictmode isTagEnabled=true flags=0x2
08-23 17:43:03.541 1082 1184 I DropBoxManagerService: add tag=system_app_strictmode isTagEnabled=true flags=0x2
08-23 17:43:03.545 1082 1184 I DropBoxManagerService: add tag=system_app_strictmode isTagEnabled=true flags=0x2
08-23 17:43:03.554 1082 1125 D CompatibilityChangeReporter: Compat change id reported: 168419799; UID 10089; state: DISABLED
08-23 17:43:03.717 1082 2078 D CompatibilityChangeReporter: Compat change id reported: 171306433; UID 1000; state: ENABLED
08-23 17:43:03.860 1889 1889 D SystemUIBootTiming: StartServicescom.android.systemui.statusbar.phone.StatusBar took to complete: 605ms
08-23 17:43:03.864 1889 2269 W ActivityThread: Failed to find provider info for com.android.contacts (user not unlocked)
08-23 17:43:03.871 1889 1889 D SystemUIBootTiming: StartServicescom.android.systemui.usb.StorageNotification took to complete: 10ms
08-23 17:43:03.893 1889 1889 D SystemUIBootTiming: StartServicescom.android.systemui.power.PowerUI took to complete: 22ms
08-23 17:43:03.894 1889 1889 D SystemUIBootTiming: StartServicescom.android.systemui.media.RingtonePlayer took to complete: 1ms
08-23 17:43:03.898 1889 1889 D SystemUIBootTiming: StartServicescom.android.systemui.keyboard.KeyboardUI took to complete: 4ms
08-23 17:43:03.901 1889 1889 D SystemUIBootTiming: StartServicescom.android.systemui.shortcut.ShortcutKeyDispatcher took to complete: 3ms
08-23 17:43:03.901 1889 1889 D SystemUIBootTiming: StartServicescom.android.systemui.VendorServices took to complete: 0ms
08-23 17:43:03.902 1889 1889 D SystemUIBootTiming: StartServicescom.android.systemui.util.leak.GarbageMonitor$Service took to complete: 1ms
08-23 17:43:03.902 1889 1889 D SystemUIBootTiming: StartServicescom.android.systemui.LatencyTester took to complete: 0ms
08-23 17:43:03.903 1889 1889 D SystemUIBootTiming: StartServicescom.android.systemui.globalactions.GlobalActionsComponent took to complete: 1ms
08-23 17:43:03.904 1889 1889 D SystemUIBootTiming: StartServicescom.android.systemui.ScreenDecorations took to complete: 1ms
08-23 17:43:03.907 1889 1889 D SystemUIBootTiming: StartServicescom.android.systemui.biometrics.AuthController took to complete: 3ms
08-23 17:43:03.907 1889 1889 D SystemUIBootTiming: StartServicescom.android.systemui.SliceBroadcastRelayHandler took to complete: 0ms
08-23 17:43:03.909 1889 1889 D SystemUIBootTiming: StartServicescom.android.systemui.statusbar.notification.InstantAppNotifier took to complete: 2ms
08-23 17:43:03.982 1889 1889 D SystemUIBootTiming: StartServicescom.android.systemui.theme.ThemeOverlayController took to complete: 73ms
08-23 17:43:03.982 1889 1889 D SystemUIBootTiming: StartServicescom.android.systemui.accessibility.WindowMagnification took to complete: 0ms
08-23 17:43:03.988 1889 1889 D SystemUIBootTiming: StartServicescom.android.systemui.accessibility.SystemActions took to complete: 6ms
08-23 17:43:03.988 1889 1889 D SystemUIBootTiming: StartServicescom.android.systemui.toast.ToastUI took to complete: 0ms
08-23 17:43:03.989 1889 1889 D SystemUIBootTiming: StartServicescom.android.systemui.wmshell.WMShell took to complete: 1ms
08-23 17:43:04.000 1889 1889 D SystemUIBootTiming: StartServices took to complete: 1443ms
08-23 17:43:04.002 1082 1125 D CompatibilityChangeReporter: Compat change id reported: 168419799; UID 10088; state: DISABLED
08-23 17:43:04.038 1082 1125 D CompatibilityChangeReporter: Compat change id reported: 181136395; UID 1000; state: DISABLED
08-23 17:43:04.040 1082 1125 D CompatibilityChangeReporter: Compat change id reported: 174042936; UID 1000; state: DISABLED
08-23 17:43:04.043 1082 1125 D CompatibilityChangeReporter: Compat change id reported: 174042980; UID 1000; state: DISABLED
08-23 17:43:04.259 1889 2354 W ActivityThread: Failed to find provider info for com.android.contacts (user not unlocked)
08-23 17:43:04.285 1889 2354 W ActivityThread: Failed to find provider info for com.android.contacts (user not unlocked)
08-23 17:43:04.304 1889 2354 W ActivityThread: Failed to find provider info for com.android.contacts (user not unlocked)
08-23 17:43:04.990 1082 2006 D Fingerprint21: Daemon was null, reconnecting, current operation: null
08-23 17:43:04.998 1082 2006 D Fingerprint21: Fingerprint HAL ready, HAL ID: 5326416
08-23 17:43:04.999 1082 1082 D BiometricScheduler/Fingerprint21: [Added] {[0] FingerprintUpdateActiveUserClient, proto=1, owner=android, cookie=0, requestId=-1, userId=0}, new queue size: 1
08-23 17:43:04.999 1082 1082 D BiometricScheduler/Fingerprint21: [Polled] {[0] FingerprintUpdateActiveUserClient, proto=1, owner=android, cookie=0, requestId=-1, userId=0}, State: 0
08-23 17:43:04.999 1082 1082 D BiometricScheduler/Fingerprint21: [Starting] {[0] FingerprintUpdateActiveUserClient, proto=1, owner=android, cookie=0, requestId=-1, userId=0}, State: 0
08-23 17:43:04.999 1082 1082 D BiometricScheduler/Fingerprint21: [Started] {[0] FingerprintUpdateActiveUserClient, proto=1, owner=android, cookie=0, requestId=-1, userId=0}
08-23 17:43:05.014 940 940 I android.hardware.wifi@1.0-service: Wifi HAL started
08-23 17:43:05.028 1082 1184 D BluetoothManagerService: MESSAGE_BLUETOOTH_STATE_CHANGE: BLE_TURNING_ON > BLE_ON
08-23 17:43:05.028 1082 1184 D BluetoothManagerService: Bluetooth is in LE only mode
08-23 17:43:05.028 1082 1184 D BluetoothManagerService: Binding Bluetooth GATT service
08-23 17:43:05.031 1082 1184 D BluetoothManagerService: Sending BLE State Change: BLE_TURNING_ON > BLE_ON
08-23 17:43:05.132 940 940 I android.hardware.wifi@1.0-service: Adding interface handle for wifi-aware0
08-23 17:43:05.132 940 940 I android.hardware.wifi@1.0-service: Adding interface handle for p2p0
08-23 17:43:05.132 940 940 I android.hardware.wifi@1.0-service: Adding interface handle for wlan0
08-23 17:43:05.132 940 940 W android.hardware.wifi@1.0-service: No active wlan interfaces in use! Using default
08-23 17:43:05.133 940 940 W android.hardware.wifi@1.0-service: No active wlan interfaces in use! Using default
08-23 17:43:05.151 940 940 I android.hardware.wifi@1.0-service: Configured chip in mode 3
08-23 17:43:05.151 940 940 W android.hardware.wifi@1.0-service: No active wlan interfaces in use! Using default
08-23 17:43:05.191 940 940 W android.hardware.wifi@1.0-service: No active wlan interfaces in use! Using default
08-23 17:43:05.199 1082 1185 I WindowManager: ******* TELLING SURFACE FLINGER WE ARE BOOTED!
08-23 17:43:05.213 1082 1185 I ActivityManagerTiming: FinishBooting
08-23 17:43:05.222 1082 1185 I ActivityManager: About to commit checkpoint
08-23 17:43:05.227 1082 1185 I SystemServiceManager: Starting phase 1000
08-23 17:43:05.227 1082 1185 I ActivityManagerTiming: OnBootPhase_1000
08-23 17:43:05.227 1082 1185 I ActivityManagerTiming: OnBootPhase_1000_com.android.server.security.FileIntegrityService
08-23 17:43:05.227 1082 1185 D ActivityManagerTiming: OnBootPhase_1000_com.android.server.security.FileIntegrityService took to complete: 0ms
08-23 17:43:05.227 1082 1185 I ActivityManagerTiming: OnBootPhase_1000_com.android.server.pm.Installer
08-23 17:43:05.227 1082 1185 D ActivityManagerTiming: OnBootPhase_1000_com.android.server.pm.Installer took to complete: 0ms
08-23 17:43:05.227 1082 1185 I ActivityManagerTiming: OnBootPhase_1000_com.android.server.os.DeviceIdentifiersPolicyService
08-23 17:43:05.227 1082 1185 D ActivityManagerTiming: OnBootPhase_1000_com.android.server.os.DeviceIdentifiersPolicyService took to complete: 0ms
08-23 17:43:05.227 1082 1185 I ActivityManagerTiming: OnBootPhase_1000_com.android.server.uri.UriGrantsManagerService$Lifecycle
08-23 17:43:05.227 1082 1185 D ActivityManagerTiming: OnBootPhase_1000_com.android.server.uri.UriGrantsManagerService$Lifecycle took to complete: 0ms
08-23 17:43:05.227 1082 1185 I ActivityManagerTiming: OnBootPhase_1000_com.android.server.powerstats.PowerStatsService
08-23 17:43:05.227 1082 1185 E PowerStatsService: Failed to start PowerStatsService loggers
08-23 17:43:05.228 1082 1185 D ActivityManagerTiming: OnBootPhase_1000_com.android.server.powerstats.PowerStatsService took to complete: 0ms
08-23 17:43:05.228 1082 1185 I ActivityManagerTiming: OnBootPhase_1000_com.android.server.wm.ActivityTaskManagerService$Lifecycle
08-23 17:43:05.228 1082 1185 D ActivityManagerTiming: OnBootPhase_1000_com.android.server.wm.ActivityTaskManagerService$Lifecycle took to complete: 0ms
08-23 17:43:05.228 1082 1185 I ActivityManagerTiming: OnBootPhase_1000_com.android.server.am.ActivityManagerService$Lifecycle
08-23 17:43:05.228 1082 1185 D ActivityManagerTiming: OnBootPhase_1000_com.android.server.am.ActivityManagerService$Lifecycle took to complete: 0ms
08-23 17:43:05.228 1082 1185 I ActivityManagerTiming: OnBootPhase_1000_com.android.server.pm.DataLoaderManagerService
08-23 17:43:05.228 1082 1185 D ActivityManagerTiming: OnBootPhase_1000_com.android.server.pm.DataLoaderManagerService took to complete: 0ms
08-23 17:43:05.228 1082 1185 I ActivityManagerTiming: OnBootPhase_1000_com.android.server.power.PowerManagerService
08-23 17:43:05.229 1082 1185 D ActivityManagerTiming: OnBootPhase_1000_com.android.server.power.PowerManagerService took to complete: 1ms
08-23 17:43:05.229 1082 1185 I ActivityManagerTiming: OnBootPhase_1000_com.android.server.power.ThermalManagerService
08-23 17:43:05.229 1082 1185 D ActivityManagerTiming: OnBootPhase_1000_com.android.server.power.ThermalManagerService took to complete: 0ms
08-23 17:43:05.229 1082 1185 I ActivityManagerTiming: OnBootPhase_1000_com.android.server.power.hint.HintManagerService
08-23 17:43:05.229 1082 1185 D ActivityManagerTiming: OnBootPhase_1000_com.android.server.power.hint.HintManagerService took to complete: 0ms
08-23 17:43:05.229 1082 1185 I ActivityManagerTiming: OnBootPhase_1000_com.android.server.recoverysystem.RecoverySystemService$Lifecycle
08-23 17:43:05.230 1082 1185 D ActivityManagerTiming: OnBootPhase_1000_com.android.server.recoverysystem.RecoverySystemService$Lifecycle took to complete: 0ms
08-23 17:43:05.230 1082 1185 I ActivityManagerTiming: OnBootPhase_1000_com.android.server.lights.LightsService
08-23 17:43:05.230 1082 1185 D ActivityManagerTiming: OnBootPhase_1000_com.android.server.lights.LightsService took to complete: 0ms
08-23 17:43:05.230 1082 1185 I ActivityManagerTiming: OnBootPhase_1000_com.android.server.display.DisplayManagerService
08-23 17:43:05.230 1082 1235 V DisplayPowerController[0]: Brightness [0.39763778] reason changing to: 'manual', previous reason: 'override'.
08-23 17:43:05.232 1082 1185 D ActivityManagerTiming: OnBootPhase_1000_com.android.server.display.DisplayManagerService took to complete: 1ms
08-23 17:43:05.232 1082 1185 I ActivityManagerTiming: OnBootPhase_1000_com.android.server.pm.verify.domain.DomainVerificationService
08-23 17:43:05.232 1082 1185 D ActivityManagerTiming: OnBootPhase_1000_com.android.server.pm.verify.domain.DomainVerificationService took to complete: 0ms
08-23 17:43:05.232 1082 1185 I ActivityManagerTiming: OnBootPhase_1000_com.android.server.pm.PackageInstallerService$Lifecycle
08-23 17:43:05.232 1082 1185 D ActivityManagerTiming: OnBootPhase_1000_com.android.server.pm.PackageInstallerService$Lifecycle took to complete: 0ms
08-23 17:43:05.232 1082 1185 I ActivityManagerTiming: OnBootPhase_1000_com.android.server.pm.UserManagerService$LifeCycle
08-23 17:43:05.232 1082 1185 D ActivityManagerTiming: OnBootPhase_1000_com.android.server.pm.UserManagerService$LifeCycle took to complete: 0ms
08-23 17:43:05.232 1082 1185 I ActivityManagerTiming: OnBootPhase_1000_com.android.server.om.OverlayManagerService
08-23 17:43:05.233 1082 1185 D ActivityManagerTiming: OnBootPhase_1000_com.android.server.om.OverlayManagerService took to complete: 0ms
08-23 17:43:05.233 1082 1185 I ActivityManagerTiming: OnBootPhase_1000_com.android.server.SensorPrivacyService
08-23 17:43:05.233 1082 1185 D ActivityManagerTiming: OnBootPhase_1000_com.android.server.SensorPrivacyService took to complete: 0ms
08-23 17:43:05.233 1082 1185 I ActivityManagerTiming: OnBootPhase_1000_com.android.server.sensors.SensorService
08-23 17:43:05.233 1082 1185 D ActivityManagerTiming: OnBootPhase_1000_com.android.server.sensors.SensorService took to complete: 0ms
08-23 17:43:05.233 1082 1185 I ActivityManagerTiming: OnBootPhase_1000_com.android.server.SystemConfigService
08-23 17:43:05.233 1082 1185 D ActivityManagerTiming: OnBootPhase_1000_com.android.server.SystemConfigService took to complete: 0ms
08-23 17:43:05.233 1082 1185 I ActivityManagerTiming: OnBootPhase_1000_com.android.server.BatteryService
08-23 17:43:05.234 1082 1185 D ActivityManagerTiming: OnBootPhase_1000_com.android.server.BatteryService took to complete: 0ms
08-23 17:43:05.234 1082 1185 I ActivityManagerTiming: OnBootPhase_1000_com.android.server.usage.UsageStatsService
08-23 17:43:05.234 1082 1185 D ActivityManagerTiming: OnBootPhase_1000_com.android.server.usage.UsageStatsService took to complete: 0ms
08-23 17:43:05.235 1082 1185 I ActivityManagerTiming: OnBootPhase_1000_com.android.server.webkit.WebViewUpdateService
08-23 17:43:05.235 1082 1185 D ActivityManagerTiming: OnBootPhase_1000_com.android.server.webkit.WebViewUpdateService took to complete: 0ms
08-23 17:43:05.235 1082 1185 I ActivityManagerTiming: OnBootPhase_1000_com.android.server.CachedDeviceStateService
08-23 17:43:05.235 1082 1185 D ActivityManagerTiming: OnBootPhase_1000_com.android.server.CachedDeviceStateService took to complete: 0ms
08-23 17:43:05.235 1082 1185 I ActivityManagerTiming: OnBootPhase_1000_com.android.server.BinderCallsStatsService$LifeCycle
08-23 17:43:05.236 1082 1185 D ActivityManagerTiming: OnBootPhase_1000_com.android.server.BinderCallsStatsService$LifeCycle took to complete: 0ms
08-23 17:43:05.236 1082 1185 I ActivityManagerTiming: OnBootPhase_1000_com.android.server.LooperStatsService$Lifecycle
08-23 17:43:05.236 1082 1185 D ActivityManagerTiming: OnBootPhase_1000_com.android.server.LooperStatsService$Lifecycle took to complete: 0ms
08-23 17:43:05.236 1082 1185 I ActivityManagerTiming: OnBootPhase_1000_com.android.server.rollback.RollbackManagerService
08-23 17:43:05.237 1082 1645 D AppStandbyController: Loading headless system app cache. appIdleEnabled=false
08-23 17:43:05.237 1082 1185 D ActivityManagerTiming: OnBootPhase_1000_com.android.server.rollback.RollbackManagerService took to complete: 1ms
08-23 17:43:05.238 1082 1185 I ActivityManagerTiming: OnBootPhase_1000_com.android.server.os.NativeTombstoneManagerService
08-23 17:43:05.238 1082 1185 D ActivityManagerTiming: OnBootPhase_1000_com.android.server.os.NativeTombstoneManagerService took to complete: 0ms
08-23 17:43:05.238 1082 1185 I ActivityManagerTiming: OnBootPhase_1000_com.android.server.os.BugreportManagerService
08-23 17:43:05.238 1082 1185 D ActivityManagerTiming: OnBootPhase_1000_com.android.server.os.BugreportManagerService took to complete: 0ms
08-23 17:43:05.238 1082 1185 I ActivityManagerTiming: OnBootPhase_1000_com.android.server.gpu.GpuService
08-23 17:43:05.239 1082 1654 D RollbackManager: mRollbackLifetimeDurationInMillis=1209600000
08-23 17:43:05.239 1082 1125 D CompatibilityChangeReporter: Compat change id reported: 135634846; UID 10076; state: DISABLED
08-23 17:43:05.239 1082 1125 D CompatibilityChangeReporter: Compat change id reported: 177438394; UID 10076; state: DISABLED
08-23 17:43:05.239 1082 1125 D CompatibilityChangeReporter: Compat change id reported: 135772972; UID 10076; state: DISABLED
08-23 17:43:05.240 1082 1125 D CompatibilityChangeReporter: Compat change id reported: 135754954; UID 10076; state: ENABLED
08-23 17:43:05.240 1082 1210 D CompatibilityChangeReporter: Compat change id reported: 143937733; UID 10076; state: ENABLED
08-23 17:43:05.250 1082 1185 D ActivityManagerTiming: OnBootPhase_1000_com.android.server.gpu.GpuService took to complete: 12ms
08-23 17:43:05.250 1082 1185 I ActivityManagerTiming: OnBootPhase_1000_com.android.server.security.KeyChainSystemService
08-23 17:43:05.250 1082 1185 D ActivityManagerTiming: OnBootPhase_1000_com.android.server.security.KeyChainSystemService took to complete: 0ms
08-23 17:43:05.250 1082 1185 I ActivityManagerTiming: OnBootPhase_1000_com.android.server.telecom.TelecomLoaderService
08-23 17:43:05.250 1082 1185 D ActivityManagerTiming: OnBootPhase_1000_com.android.server.telecom.TelecomLoaderService took to complete: 0ms
08-23 17:43:05.250 1082 1185 I ActivityManagerTiming: OnBootPhase_1000_com.android.server.accounts.AccountManagerService$Lifecycle
08-23 17:43:05.250 1082 1185 D ActivityManagerTiming: OnBootPhase_1000_com.android.server.accounts.AccountManagerService$Lifecycle took to complete: 0ms
08-23 17:43:05.251 1082 1185 I ActivityManagerTiming: OnBootPhase_1000_com.android.server.content.ContentService$Lifecycle
08-23 17:43:05.251 1082 1185 D ActivityManagerTiming: OnBootPhase_1000_com.android.server.content.ContentService$Lifecycle took to complete: 0ms
08-23 17:43:05.251 1082 1185 I ActivityManagerTiming: OnBootPhase_1000_com.android.server.DropBoxManagerService
08-23 17:43:05.251 1082 1185 D ActivityManagerTiming: OnBootPhase_1000_com.android.server.DropBoxManagerService took to complete: 0ms
08-23 17:43:05.251 1082 1185 I ActivityManagerTiming: OnBootPhase_1000_com.android.role.RoleService
08-23 17:43:05.251 1082 1185 D ActivityManagerTiming: OnBootPhase_1000_com.android.role.RoleService took to complete: 0ms
08-23 17:43:05.251 1082 1185 I ActivityManagerTiming: OnBootPhase_1000_com.android.server.vibrator.VibratorManagerService$Lifecycle
08-23 17:43:05.251 1082 1185 D ActivityManagerTiming: OnBootPhase_1000_com.android.server.vibrator.VibratorManagerService$Lifecycle took to complete: 0ms
08-23 17:43:05.251 1082 1185 I ActivityManagerTiming: OnBootPhase_1000_com.android.server.alarm.AlarmManagerService
08-23 17:43:05.251 1082 1185 D ActivityManagerTiming: OnBootPhase_1000_com.android.server.alarm.AlarmManagerService took to complete: 0ms
08-23 17:43:05.251 1082 1185 I ActivityManagerTiming: OnBootPhase_1000_com.android.server.devicestate.DeviceStateManagerService
08-23 17:43:05.251 1082 1185 D ActivityManagerTiming: OnBootPhase_1000_com.android.server.devicestate.DeviceStateManagerService took to complete: 0ms
08-23 17:43:05.251 1082 1185 I ActivityManagerTiming: OnBootPhase_1000_com.android.server.camera.CameraServiceProxy
08-23 17:43:05.253 1082 1185 D ActivityManagerTiming: OnBootPhase_1000_com.android.server.camera.CameraServiceProxy took to complete: 2ms
08-23 17:43:05.254 1082 1185 I ActivityManagerTiming: OnBootPhase_1000_com.android.server.BluetoothService
08-23 17:43:05.254 1082 1185 D ActivityManagerTiming: OnBootPhase_1000_com.android.server.BluetoothService took to complete: 0ms
08-23 17:43:05.254 1082 1185 I ActivityManagerTiming: OnBootPhase_1000_com.android.server.connectivity.IpConnectivityMetrics
08-23 17:43:05.254 1082 1185 D ActivityManagerTiming: OnBootPhase_1000_com.android.server.connectivity.IpConnectivityMetrics took to complete: 0ms
08-23 17:43:05.254 1082 1185 I ActivityManagerTiming: OnBootPhase_1000_com.android.server.net.watchlist.NetworkWatchlistService$Lifecycle
08-23 17:43:05.254 1082 1185 D ActivityManagerTiming: OnBootPhase_1000_com.android.server.net.watchlist.NetworkWatchlistService$Lifecycle took to complete: 0ms
08-23 17:43:05.254 1082 1185 I ActivityManagerTiming: OnBootPhase_1000_com.android.server.PinnerService
08-23 17:43:05.254 1082 1185 D ActivityManagerTiming: OnBootPhase_1000_com.android.server.PinnerService took to complete: 0ms
08-23 17:43:05.254 1082 1185 I ActivityManagerTiming: OnBootPhase_1000_com.google.android.startop.iorap.IorapForwardingService
08-23 17:43:05.255 1082 1185 D ActivityManagerTiming: OnBootPhase_1000_com.google.android.startop.iorap.IorapForwardingService took to complete: 1ms
08-23 17:43:05.256 1082 1185 I ActivityManagerTiming: OnBootPhase_1000_com.android.server.ActivityTriggerService
08-23 17:43:05.256 1082 1185 D ActivityManagerTiming: OnBootPhase_1000_com.android.server.ActivityTriggerService took to complete: 0ms
08-23 17:43:05.256 1082 1185 I ActivityManagerTiming: OnBootPhase_1000_com.android.server.integrity.AppIntegrityManagerService
08-23 17:43:05.256 1082 1185 D ActivityManagerTiming: OnBootPhase_1000_com.android.server.integrity.AppIntegrityManagerService took to complete: 0ms
08-23 17:43:05.256 1082 1185 I ActivityManagerTiming: OnBootPhase_1000_com.android.server.inputmethod.InputMethodManagerService$Lifecycle
08-23 17:43:05.256 1082 1185 D ActivityManagerTiming: OnBootPhase_1000_com.android.server.inputmethod.InputMethodManagerService$Lifecycle took to complete: 0ms
08-23 17:43:05.256 1082 1185 I ActivityManagerTiming: OnBootPhase_1000_com.android.server.accessibility.AccessibilityManagerService$Lifecycle
08-23 17:43:05.256 1082 1185 D ActivityManagerTiming: OnBootPhase_1000_com.android.server.accessibility.AccessibilityManagerService$Lifecycle took to complete: 0ms
08-23 17:43:05.259 1082 1185 I ActivityManagerTiming: OnBootPhase_1000_com.android.server.StorageManagerService$Lifecycle
08-23 17:43:05.257 1324 1324 I wificond: createClientInterface: wiphy_index 0 iface_name wlan0
08-23 17:43:05.261 1082 1185 D ActivityManagerTiming: OnBootPhase_1000_com.android.server.StorageManagerService$Lifecycle took to complete: 1ms
08-23 17:43:05.261 1082 1185 I ActivityManagerTiming: OnBootPhase_1000_com.android.server.usage.StorageStatsService$Lifecycle
08-23 17:43:05.261 1082 1185 D ActivityManagerTiming: OnBootPhase_1000_com.android.server.usage.StorageStatsService$Lifecycle took to complete: 0ms
08-23 17:43:05.262 1082 1185 I ActivityManagerTiming: OnBootPhase_1000_com.android.server.UiModeManagerService
08-23 17:43:05.262 1082 1185 D ActivityManagerTiming: OnBootPhase_1000_com.android.server.UiModeManagerService took to complete: 0ms
08-23 17:43:05.262 1082 1185 I ActivityManagerTiming: OnBootPhase_1000_com.android.server.locksettings.LockSettingsService$Lifecycle
08-23 17:43:05.262 1082 1185 D ActivityManagerTiming: OnBootPhase_1000_com.android.server.locksettings.LockSettingsService$Lifecycle took to complete: 0ms
08-23 17:43:05.262 1082 1185 I ActivityManagerTiming: OnBootPhase_1000_com.android.server.PersistentDataBlockService
08-23 17:43:05.262 1082 1185 D ActivityManagerTiming: OnBootPhase_1000_com.android.server.PersistentDataBlockService took to complete: 0ms
08-23 17:43:05.262 1082 1185 I ActivityManagerTiming: OnBootPhase_1000_com.android.server.testharness.TestHarnessModeService
08-23 17:43:05.262 1082 1185 D TestHarnessModeService: Completing Test Harness Mode setup.
08-23 17:43:05.264 1082 1715 D StorageManagerService: Thinking about init, mBootCompleted=true, mDaemonConnected=true
08-23 17:43:05.264 1082 1715 D StorageManagerService: Thinking about reset, mBootCompleted=true, mDaemonConnected=true
08-23 17:43:05.264 1082 1715 I StorageSessionController: Started resetting external storage service...
08-23 17:43:05.264 1082 1715 I StorageSessionController: Finished resetting external storage service
08-23 17:43:05.264 1082 1715 I StorageManagerService: Resetting vold...
08-23 17:43:05.265 1082 1715 I StorageManagerService: Reset vold
08-23 17:43:05.267 560 560 I vold : onUserAdded: 0
08-23 17:43:05.267 1324 1324 I wificond: create scanner for interface with index: 17
08-23 17:43:05.268 1324 1324 I wificond: subscribe scan result for interface with index: 17
08-23 17:43:05.271 1324 1324 I wificond: add channel type 0 support at wiphy index: 0
08-23 17:43:05.272 1324 1324 I wificond: add channel type 1 support at wiphy index: 0
08-23 17:43:05.292 1082 1185 D ActivityManagerTiming: OnBootPhase_1000_com.android.server.testharness.TestHarnessModeService took to complete: 30ms
08-23 17:43:05.292 1082 1185 I ActivityManagerTiming: OnBootPhase_1000_com.android.server.oemlock.OemLockService
08-23 17:43:05.292 1082 1185 D ActivityManagerTiming: OnBootPhase_1000_com.android.server.oemlock.OemLockService took to complete: 0ms
08-23 17:43:05.292 1082 1185 I ActivityManagerTiming: OnBootPhase_1000_com.android.server.DeviceIdleController
08-23 17:43:05.293 1082 1185 D ActivityManagerTiming: OnBootPhase_1000_com.android.server.DeviceIdleController took to complete: 0ms
08-23 17:43:05.293 1082 1185 I ActivityManagerTiming: OnBootPhase_1000_com.android.server.devicepolicy.DevicePolicyManagerService$Lifecycle
08-23 17:43:05.293 1082 1185 D ActivityManagerTiming: OnBootPhase_1000_com.android.server.devicepolicy.DevicePolicyManagerService$Lifecycle took to complete: 0ms
08-23 17:43:05.293 1082 1185 I ActivityManagerTiming: OnBootPhase_1000_com.android.server.texttospeech.TextToSpeechManagerService
08-23 17:43:05.293 1082 1185 D ActivityManagerTiming: OnBootPhase_1000_com.android.server.texttospeech.TextToSpeechManagerService took to complete: 0ms
08-23 17:43:05.293 1082 1185 I ActivityManagerTiming: OnBootPhase_1000_com.android.server.speech.SpeechRecognitionManagerService
08-23 17:43:05.293 1082 1185 D ActivityManagerTiming: OnBootPhase_1000_com.android.server.speech.SpeechRecognitionManagerService took to complete: 0ms
08-23 17:43:05.293 1082 1185 I ActivityManagerTiming: OnBootPhase_1000_com.android.server.searchui.SearchUiManagerService
08-23 17:43:05.293 1082 1185 D ActivityManagerTiming: OnBootPhase_1000_com.android.server.searchui.SearchUiManagerService took to complete: 0ms
08-23 17:43:05.293 1082 1185 I ActivityManagerTiming: OnBootPhase_1000_com.android.server.smartspace.SmartspaceManagerService
08-23 17:43:05.293 1082 1185 D ActivityManagerTiming: OnBootPhase_1000_com.android.server.smartspace.SmartspaceManagerService took to complete: 0ms
08-23 17:43:05.293 1082 1185 I ActivityManagerTiming: OnBootPhase_1000_com.android.server.graphics.fonts.FontManagerService$Lifecycle
08-23 17:43:05.293 1082 1185 D ActivityManagerTiming: OnBootPhase_1000_com.android.server.graphics.fonts.FontManagerService$Lifecycle took to complete: 0ms
08-23 17:43:05.293 1082 1185 I ActivityManagerTiming: OnBootPhase_1000_com.android.server.textservices.TextServicesManagerService$Lifecycle
08-23 17:43:05.293 1082 1185 D ActivityManagerTiming: OnBootPhase_1000_com.android.server.textservices.TextServicesManagerService$Lifecycle took to complete: 0ms
08-23 17:43:05.293 1082 1185 I ActivityManagerTiming: OnBootPhase_1000_com.android.server.textclassifier.TextClassificationManagerService$Lifecycle
08-23 17:43:05.293 1082 1185 D ActivityManagerTiming: OnBootPhase_1000_com.android.server.textclassifier.TextClassificationManagerService$Lifecycle took to complete: 0ms
08-23 17:43:05.293 1082 1185 I ActivityManagerTiming: OnBootPhase_1000_com.android.server.NetworkScoreService$Lifecycle
08-23 17:43:05.293 1082 1185 D ActivityManagerTiming: OnBootPhase_1000_com.android.server.NetworkScoreService$Lifecycle took to complete: 0ms
08-23 17:43:05.293 1082 1185 I ActivityManagerTiming: OnBootPhase_1000_com.android.server.wifi.WifiService
