08-23 18:11:10.631 1889 2103 D StartingSurfaceDrawer: makeSplashScreenContentView: draw whole icon
08-23 18:11:10.632 1889 2103 D StartingSurfaceDrawer: fillViewWithIcon surfaceWindowView android.window.SplashScreenView{bf626f4 V.E...... ......ID 0,0-0,0}
08-23 18:11:10.633 1082 2854 D CompatibilityChangeReporter: Compat change id reported: 181136395; UID 1000; state: DISABLED
08-23 18:11:10.635 1082 2854 D CompatibilityChangeReporter: Compat change id reported: 174042936; UID 1000; state: DISABLED
08-23 18:11:10.682 1082 1864 E UserRestrictionsUtils: Unknown restriction queried by uid 1000 (com.qti.diagservices et al): null
08-23 18:11:10.687 1082 1200 W UsageStatsService: Unexpected activity event reported! (com.android.settings/com.android.settings.SubSettings event : 23 instanceId : 235859038)
08-23 18:11:10.801 1082 1221 W BatteryExternalStatsWorker: error reading modem stats:ERROR_PHONE_NOT_AVAILABLE
08-23 18:11:10.814 1082 1221 E KernelCpuSpeedReader: Failed to read cpu-freq: /sys/devices/system/cpu/cpu4/cpufreq/stats/time_in_state: open failed: ENOENT (No such file or directory)
08-23 18:11:10.814 1082 1221 E KernelCpuSpeedReader: Failed to read cpu-freq: /sys/devices/system/cpu/cpu0/cpufreq/stats/time_in_state: open failed: ENOENT (No such file or directory)
08-23 18:11:10.898 1889 2101 D StartingSurfaceDrawer: Task start finish, remove starting surface for task 57
08-23 18:11:10.898 1889 2101 V StartingSurfaceDrawer: Removing splash screen window for task: 57
08-23 18:11:10.947 1082 1221 D KernelCpuUidUserSysTimeReader: Removing uids 99000-99000
08-23 18:11:10.978 1082 1221 W BatteryExternalStatsWorker: error reading modem stats:ERROR_PHONE_NOT_AVAILABLE
08-23 18:11:10.993 1082 1221 E KernelCpuSpeedReader: Failed to read cpu-freq: /sys/devices/system/cpu/cpu4/cpufreq/stats/time_in_state: open failed: ENOENT (No such file or directory)
08-23 18:11:10.993 1082 1221 E KernelCpuSpeedReader: Failed to read cpu-freq: /sys/devices/system/cpu/cpu0/cpufreq/stats/time_in_state: open failed: ENOENT (No such file or directory)
08-23 18:11:13.225 1082 1125 I ActivityTaskManager: START u0 {act=android.intent.action.MAIN cmp=com.android.settings/.SubSettings (has extras)} from uid 1000
08-23 18:11:13.248 1082 1125 I ActivityTaskManager: The Process com.android.settings Already Exists in BG. So sending its PID: 22070
08-23 18:11:13.249 1082 1125 W ActivityTaskManager: Tried to set launchTime (0) < mLastActivityLaunchTime (1746818)
08-23 18:11:13.296 1082 1126 D CompatibilityChangeReporter: Compat change id reported: 135634846; UID 10089; state: DISABLED
08-23 18:11:13.297 1082 1126 D CompatibilityChangeReporter: Compat change id reported: 177438394; UID 10089; state: DISABLED
08-23 18:11:13.298 1082 1126 D CompatibilityChangeReporter: Compat change id reported: 135772972; UID 10089; state: DISABLED
08-23 18:11:13.298 1082 1126 D CompatibilityChangeReporter: Compat change id reported: 135754954; UID 10089; state: ENABLED
08-23 18:11:13.298 1082 1210 D CompatibilityChangeReporter: Compat change id reported: 143937733; UID 10089; state: ENABLED
08-23 18:11:13.327 22070 22070 W CarrierConfigManager: Error getting config for subId -1 ICarrierConfigLoader is null
08-23 18:11:13.331 1082 1126 E UserRestrictionsUtils: Unknown restriction queried by uid 1000 (com.qti.diagservices et al): null
08-23 18:11:13.333 1082 1210 I ActivityManager: Start proc 23902:com.qualcomm.qti.qccauthmgr/u0a89 for content provider {com.qualcomm.qti.qccauthmgr/com.qualcomm.qti.qccauthmgr.providers.SMQContentProvider}
08-23 18:11:13.401 1082 1125 D TelephonyRegistry: listen oscl: mHasNotifySubscriptionInfoChangedOccurred==false no callback
08-23 18:11:13.408 1082 1864 D TelephonyRegistry: listen oscl: mHasNotifySubscriptionInfoChangedOccurred==false no callback
08-23 18:11:13.467 1082 1125 D PackageManager: Instant App installer not found with android.intent.action.INSTALL_INSTANT_APP_PACKAGE
08-23 18:11:13.467 1082 1125 D PackageManager: Clear ephemeral installer activity
08-23 18:11:13.551 1082 1864 D PackageManager: Instant App installer not found with android.intent.action.INSTALL_INSTANT_APP_PACKAGE
08-23 18:11:13.551 1082 1864 D PackageManager: Clear ephemeral installer activity
08-23 18:11:14.147 1082 2802 E TaskPersister: File error accessing recents directory (directory doesn't exist?).
08-23 18:11:14.386 1082 25025 I ActivityTaskManager: START u0 {act=android.intent.action.MAIN cmp=com.android.settings/.SubSettings (has extras)} from uid 1000
08-23 18:11:14.425 1082 7421 I ActivityTaskManager: The Process com.android.settings Already Exists in BG. So sending its PID: 22070
08-23 18:11:14.428 1082 7421 W ActivityTaskManager: Tried to set launchTime (0) < mLastActivityLaunchTime (1749441)
08-23 18:11:14.475 1082 1182 D CompanionDeviceManagerService: onPackageModified(packageName = com.android.settings)
08-23 18:11:14.489 1082 1182 D CompatibilityChangeReporter: Compat change id reported: 135634846; UID 10099; state: DISABLED
08-23 18:11:14.489 1082 1182 D CompatibilityChangeReporter: Compat change id reported: 177438394; UID 10099; state: DISABLED
08-23 18:11:14.490 1082 1182 D CompatibilityChangeReporter: Compat change id reported: 135772972; UID 10099; state: DISABLED
08-23 18:11:14.490 1082 1182 D CompatibilityChangeReporter: Compat change id reported: 135754954; UID 10099; state: DISABLED
08-23 18:11:14.490 1082 1210 D CompatibilityChangeReporter: Compat change id reported: 143937733; UID 10099; state: DISABLED
08-23 18:11:14.491 1082 1082 I Telecom : DefaultDialerCache: Refreshing default dialer for user 0: now null: DDC.oR@ACQ
08-23 18:11:14.523 1082 1210 I ActivityManager: Start proc 24247:com.android.permissioncontroller/u0a99 for service {com.android.permissioncontroller/com.android.permissioncontroller.permission.service.PermissionControllerServiceImpl}
08-23 18:11:14.525 1082 1200 W VoiceInteractionManager: no available voice recognition services found for user 0
08-23 18:11:14.575 1082 7421 D PackageManager: Instant App installer not found with android.intent.action.INSTALL_INSTANT_APP_PACKAGE
08-23 18:11:14.575 1082 7421 D PackageManager: Clear ephemeral installer activity
08-23 18:11:14.606 1082 7421 D PackageManager: Instant App installer not found with android.intent.action.INSTALL_INSTANT_APP_PACKAGE
08-23 18:11:14.606 1082 7421 D PackageManager: Clear ephemeral installer activity
08-23 18:11:15.586 1082 1182 D CompanionDeviceManagerService: onPackageModified(packageName = com.android.settings)
08-23 18:11:15.596 1082 1082 I Telecom : DefaultDialerCache: Refreshing default dialer for user 0: now null: DDC.oR@ACU
08-23 18:11:15.633 1082 1200 W VoiceInteractionManager: no available voice recognition services found for user 0
08-23 18:11:16.594 1082 7033 D TelephonyRegistry: listen oscl: mHasNotifySubscriptionInfoChangedOccurred==false no callback
08-23 18:11:16.600 1082 7033 D TelephonyRegistry: listen oscl: mHasNotifySubscriptionInfoChangedOccurred==false no callback
08-23 18:11:17.923 1082 2802 E TaskPersister: File error accessing recents directory (directory doesn't exist?).
08-23 18:11:19.479 1082 25025 I ActivityTaskManager: START u0 {act=android.intent.action.MAIN cmp=com.android.settings/.SubSettings (has extras)} from uid 1000
08-23 18:11:19.497 1082 7421 I ActivityTaskManager: The Process com.android.settings Already Exists in BG. So sending its PID: 22070
08-23 18:11:19.498 1082 7421 W ActivityTaskManager: Tried to set launchTime (0) < mLastActivityLaunchTime (1750621)
08-23 18:11:19.533 22070 22070 W CarrierConfigManager: Error getting config for subId -1 ICarrierConfigLoader is null
08-23 18:11:19.536 1082 7421 E UserRestrictionsUtils: Unknown restriction queried by uid 1000 (com.qti.diagservices et al): null
08-23 18:11:19.578 1082 7421 D PackageManager: Instant App installer not found with android.intent.action.INSTALL_INSTANT_APP_PACKAGE
08-23 18:11:19.578 1082 7421 D PackageManager: Clear ephemeral installer activity
08-23 18:11:19.592 1082 25025 D TelephonyRegistry: listen oscl: mHasNotifySubscriptionInfoChangedOccurred==false no callback
08-23 18:11:19.596 1082 1864 D TelephonyRegistry: listen oscl: mHasNotifySubscriptionInfoChangedOccurred==false no callback
08-23 18:11:19.666 1082 2854 D PackageManager: Instant App installer not found with android.intent.action.INSTALL_INSTANT_APP_PACKAGE
08-23 18:11:19.666 1082 2854 D PackageManager: Clear ephemeral installer activity
08-23 18:11:20.529 1082 25025 I ActivityTaskManager: START u0 {act=android.intent.action.MAIN cmp=com.android.settings/.SubSettings (has extras)} from uid 1000
08-23 18:11:20.547 1082 7421 I ActivityTaskManager: The Process com.android.settings Already Exists in BG. So sending its PID: 22070
08-23 18:11:20.547 1082 7421 W ActivityTaskManager: Tried to set launchTime (0) < mLastActivityLaunchTime (1755690)
08-23 18:11:20.585 1082 1182 D CompanionDeviceManagerService: onPackageModified(packageName = com.android.settings)
08-23 18:11:20.603 1082 1082 I Telecom : DefaultDialerCache: Refreshing default dialer for user 0: now null: DDC.oR@ACY
08-23 18:11:20.646 1082 7033 D PackageManager: Instant App installer not found with android.intent.action.INSTALL_INSTANT_APP_PACKAGE
08-23 18:11:20.646 1082 7033 D PackageManager: Clear ephemeral installer activity
08-23 18:11:20.662 1082 1200 W VoiceInteractionManager: no available voice recognition services found for user 0
08-23 18:11:20.674 1082 7421 D PackageManager: Instant App installer not found with android.intent.action.INSTALL_INSTANT_APP_PACKAGE
08-23 18:11:20.674 1082 7421 D PackageManager: Clear ephemeral installer activity
08-23 18:11:21.657 1082 1182 D CompanionDeviceManagerService: onPackageModified(packageName = com.android.settings)
08-23 18:11:21.675 1082 1082 I Telecom : DefaultDialerCache: Refreshing default dialer for user 0: now null: DDC.oR@ACc
08-23 18:11:21.694 1082 1200 W VoiceInteractionManager: no available voice recognition services found for user 0
08-23 18:11:22.043 1082 2802 E TaskPersister: File error accessing recents directory (directory doesn't exist?).
08-23 18:11:25.762 1324 1324 W wificond: Scan aborted
08-23 18:11:25.925 940 940 D android.hardware.wifi@1.0-service: Successfully SetMacAddress.
08-23 18:11:25.955 1324 1324 W wificond: Scan is not started. Ignore abort request
08-23 18:11:26.087 1082 1082 D CompatibilityChangeReporter: Compat change id reported: 175319604; UID 1000; state: DISABLED
08-23 18:11:26.088 1082 1082 D CompatibilityChangeReporter: Compat change id reported: 175319604; UID 1000; state: ENABLED
08-23 18:11:26.103 1082 1750 W ContextImpl: Calling a method in the system process without a qualified user: android.app.ContextImpl.sendStickyBroadcast:1559 com.android.server.ConnectivityService.sendStickyBroadcast:2811 com.android.server.ConnectivityService.sendLegacyNetworkBroadcast:8732 com.android.server.ConnectivityService$LegacyTypeTracker.remove:1007 com.android.server.ConnectivityService$LegacyTypeTracker.remove:1024
08-23 18:11:27.457 686 748 E NetlinkEvent: NetlinkEvent::FindParam(): Parameter 'INTERFACE' not found
08-23 18:11:27.457 686 748 E NetlinkEvent: NetlinkEvent::FindParam(): Parameter 'STATE' not found
08-23 18:11:27.457 686 748 E NetlinkEvent: NetlinkEvent::FindParam(): Parameter 'TIME_NS' not found
08-23 18:11:27.457 686 748 E NetlinkEvent: NetlinkEvent::FindParam(): Parameter 'UID' not found
08-23 18:11:27.473 1082 1750 W ContextImpl: Calling a method in the system process without a qualified user: android.app.ContextImpl.sendStickyBroadcast:1559 com.android.server.ConnectivityService.sendStickyBroadcast:2811 com.android.server.ConnectivityService.sendGeneralBroadcast:2786 com.android.server.ConnectivityService.sendConnectedBroadcast:2759 com.android.server.ConnectivityService.sendLegacyNetworkBroadcast:8704
08-23 18:11:28.986 1324 1324 W wificond: Scan aborted
08-23 18:11:29.099 940 940 D android.hardware.wifi@1.0-service: Successfully SetMacAddress.
08-23 18:11:29.129 1324 1324 W wificond: Scan is not started. Ignore abort request
08-23 18:11:29.367 1082 1750 W ContextImpl: Calling a method in the system process without a qualified user: android.app.ContextImpl.sendStickyBroadcast:1559 com.android.server.ConnectivityService.sendStickyBroadcast:2811 com.android.server.ConnectivityService.sendLegacyNetworkBroadcast:8732 com.android.server.ConnectivityService$LegacyTypeTracker.remove:1007 com.android.server.ConnectivityService$LegacyTypeTracker.remove:1024
08-23 18:11:31.402 686 748 E NetlinkEvent: NetlinkEvent::FindParam(): Parameter 'INTERFACE' not found
08-23 18:11:31.402 686 748 E NetlinkEvent: NetlinkEvent::FindParam(): Parameter 'STATE' not found
08-23 18:11:31.402 686 748 E NetlinkEvent: NetlinkEvent::FindParam(): Parameter 'TIME_NS' not found
08-23 18:11:31.402 686 748 E NetlinkEvent: NetlinkEvent::FindParam(): Parameter 'UID' not found
08-23 18:11:31.423 1082 1750 W ContextImpl: Calling a method in the system process without a qualified user: android.app.ContextImpl.sendStickyBroadcast:1559 com.android.server.ConnectivityService.sendStickyBroadcast:2811 com.android.server.ConnectivityService.sendGeneralBroadcast:2786 com.android.server.ConnectivityService.sendConnectedBroadcast:2759 com.android.server.ConnectivityService.sendLegacyNetworkBroadcast:8704
08-23 18:11:31.686 1082 7206 W OverlayManager: service 'idmap' died
08-23 18:11:33.660 1082 7421 I ActivityTaskManager: START u0 {act=android.intent.action.MAIN cmp=com.android.settings/.SubSettings (has extras)} from uid 1000
08-23 18:11:33.665 1082 7421 D CompatibilityChangeReporter: Compat change id reported: 174042980; UID 1000; state: DISABLED
08-23 18:11:33.676 1082 7421 D CompatibilityChangeReporter: Compat change id reported: 168419799; UID 1000; state: DISABLED
08-23 18:11:33.686 1082 8110 I ActivityTaskManager: The Process com.android.settings Already Exists in BG. So sending its PID: 22070
08-23 18:11:33.688 1082 8110 W ActivityTaskManager: Tried to set launchTime (0) < mLastActivityLaunchTime (1756739)
08-23 18:11:33.754 1082 7421 D PackageManager: Instant App installer not found with android.intent.action.INSTALL_INSTANT_APP_PACKAGE
08-23 18:11:33.754 1082 7421 D PackageManager: Clear ephemeral installer activity
08-23 18:11:33.881 1082 7421 D PackageManager: Instant App installer not found with android.intent.action.INSTALL_INSTANT_APP_PACKAGE
08-23 18:11:33.881 1082 7421 D PackageManager: Clear ephemeral installer activity
08-23 18:11:34.766 1082 1182 D CompanionDeviceManagerService: onPackageModified(packageName = com.android.settings)
08-23 18:11:34.776 1082 1082 I Telecom : DefaultDialerCache: Refreshing default dialer for user 0: now null: DDC.oR@ACg
08-23 18:11:34.787 1082 1182 D CompatibilityChangeReporter: Compat change id reported: 168419799; UID 10099; state: DISABLED
08-23 18:11:34.811 1082 1200 W VoiceInteractionManager: no available voice recognition services found for user 0
08-23 18:11:36.698 1082 2078 D TelephonyRegistry: listen oscl: mHasNotifySubscriptionInfoChangedOccurred==false no callback
08-23 18:11:36.709 1082 2854 D TelephonyRegistry: listen oscl: mHasNotifySubscriptionInfoChangedOccurred==false no callback
08-23 18:11:37.726 1082 2802 E TaskPersister: File error accessing recents directory (directory doesn't exist?).
08-23 18:11:39.610 1082 1082 W NotificationHistory: Attempted to add notif for locked/gone/disabled user 0
08-23 18:11:40.004 1082 1184 I DropBoxManagerService: add tag=system_app_strictmode isTagEnabled=true flags=0x2
08-23 18:11:40.089 1082 1182 D AutofillManagerService: Close system dialogs
08-23 18:11:40.933 1082 1200 W UsageStatsService: Unexpected activity event reported! (com.android.launcher3/com.android.launcher3.uioverrides.QuickstepLauncher event : 23 instanceId : 196539261)
08-23 18:11:41.017 1082 2802 E TaskPersister: File error accessing recents directory (directory doesn't exist?).
08-23 18:11:41.488 1082 1184 I DropBoxManagerService: add tag=system_app_strictmode isTagEnabled=true flags=0x2
08-23 18:11:41.523 1082 1182 D AutofillManagerService: Close system dialogs
08-23 18:11:44.865 1082 1126 W OverlayManager: service 'idmap' died
08-23 18:12:03.919 1082 1221 W BatteryExternalStatsWorker: error reading modem stats:ERROR_PHONE_NOT_AVAILABLE
08-23 18:12:03.957 1082 1221 E KernelCpuSpeedReader: Failed to read cpu-freq: /sys/devices/system/cpu/cpu4/cpufreq/stats/time_in_state: open failed: ENOENT (No such file or directory)
08-23 18:12:03.957 1082 1221 E KernelCpuSpeedReader: Failed to read cpu-freq: /sys/devices/system/cpu/cpu0/cpufreq/stats/time_in_state: open failed: ENOENT (No such file or directory)
08-23 18:12:36.311 1082 1235 V DisplayPowerController[0]: Brightness [0.05] reason changing to: 'manual [ dim ]', previous reason: 'manual'.
08-23 18:12:36.311 1082 1235 W PowerManagerService: Screen on took 93003 ms
08-23 18:12:36.324 1082 1868 E DisplayDeviceConfig: requesting nits when no mapping exists.
08-23 18:12:36.324 1082 1868 E DisplayDeviceConfig: requesting nits when no mapping exists.
08-23 18:12:36.327 1082 1209 I DropBoxManagerService: add tag=system_server_wtf isTagEnabled=true flags=0x2
08-23 18:12:36.332 1082 1209 I DropBoxManagerService: add tag=system_server_wtf isTagEnabled=true flags=0x2
08-23 18:12:36.344 1082 1868 E DisplayDeviceConfig: requesting nits when no mapping exists.
08-23 18:12:36.345 1082 1868 E DisplayDeviceConfig: requesting nits when no mapping exists.
08-23 18:12:36.348 1082 1209 I DropBoxManagerService: add tag=system_server_wtf isTagEnabled=true flags=0x2
08-23 18:12:36.352 1082 1209 I DropBoxManagerService: add tag=system_server_wtf isTagEnabled=true flags=0x2
08-23 18:12:36.358 1082 1868 E DisplayDeviceConfig: requesting nits when no mapping exists.
08-23 18:12:36.359 1082 1868 E DisplayDeviceConfig: requesting nits when no mapping exists.
08-23 18:12:36.361 1082 1209 I DropBoxManagerService: add tag=system_server_wtf isTagEnabled=true flags=0x2
08-23 18:12:36.376 1082 1868 E DisplayDeviceConfig: requesting nits when no mapping exists.
08-23 18:12:36.376 1082 1868 E DisplayDeviceConfig: requesting nits when no mapping exists.
08-23 18:12:36.392 1082 1868 E DisplayDeviceConfig: requesting nits when no mapping exists.
08-23 18:12:36.392 1082 1868 E DisplayDeviceConfig: requesting nits when no mapping exists.
08-23 18:12:36.408 1082 1868 E DisplayDeviceConfig: requesting nits when no mapping exists.
08-23 18:12:36.409 1082 1868 E DisplayDeviceConfig: requesting nits when no mapping exists.
08-23 18:12:36.425 1082 1868 E DisplayDeviceConfig: requesting nits when no mapping exists.
08-23 18:12:36.425 1082 1868 E DisplayDeviceConfig: requesting nits when no mapping exists.
08-23 18:12:36.442 1082 1868 E DisplayDeviceConfig: requesting nits when no mapping exists.
08-23 18:12:36.442 1082 1868 E DisplayDeviceConfig: requesting nits when no mapping exists.
08-23 18:12:36.458 1082 1868 E DisplayDeviceConfig: requesting nits when no mapping exists.
08-23 18:12:36.459 1082 1868 E DisplayDeviceConfig: requesting nits when no mapping exists.
08-23 18:12:36.475 1082 1868 E DisplayDeviceConfig: requesting nits when no mapping exists.
08-23 18:12:36.476 1082 1868 E DisplayDeviceConfig: requesting nits when no mapping exists.
08-23 18:12:36.492 1082 1868 E DisplayDeviceConfig: requesting nits when no mapping exists.
08-23 18:12:36.492 1082 1868 E DisplayDeviceConfig: requesting nits when no mapping exists.
08-23 18:12:36.508 1082 1868 E DisplayDeviceConfig: requesting nits when no mapping exists.
08-23 18:12:36.509 1082 1868 E DisplayDeviceConfig: requesting nits when no mapping exists.
08-23 18:12:36.526 1082 1868 E DisplayDeviceConfig: requesting nits when no mapping exists.
08-23 18:12:36.526 1082 1868 E DisplayDeviceConfig: requesting nits when no mapping exists.
08-23 18:12:36.542 1082 1868 E DisplayDeviceConfig: requesting nits when no mapping exists.
08-23 18:12:36.542 1082 1868 E DisplayDeviceConfig: requesting nits when no mapping exists.
08-23 18:12:36.559 1082 1868 E DisplayDeviceConfig: requesting nits when no mapping exists.
08-23 18:12:36.559 1082 1868 E DisplayDeviceConfig: requesting nits when no mapping exists.
08-23 18:12:36.575 1082 1868 E DisplayDeviceConfig: requesting nits when no mapping exists.
08-23 18:12:36.576 1082 1868 E DisplayDeviceConfig: requesting nits when no mapping exists.
08-23 18:12:36.592 1082 1868 E DisplayDeviceConfig: requesting nits when no mapping exists.
08-23 18:12:36.592 1082 1868 E DisplayDeviceConfig: requesting nits when no mapping exists.
08-23 18:12:36.609 1082 1868 E DisplayDeviceConfig: requesting nits when no mapping exists.
08-23 18:12:36.609 1082 1868 E DisplayDeviceConfig: requesting nits when no mapping exists.
08-23 18:12:36.626 1082 1868 E DisplayDeviceConfig: requesting nits when no mapping exists.
08-23 18:12:36.627 1082 1868 E DisplayDeviceConfig: requesting nits when no mapping exists.
08-23 18:12:36.642 1082 1868 E DisplayDeviceConfig: requesting nits when no mapping exists.
08-23 18:12:36.643 1082 1868 E DisplayDeviceConfig: requesting nits when no mapping exists.
08-23 18:12:36.670 1082 1868 E DisplayDeviceConfig: requesting nits when no mapping exists.
08-23 18:12:36.671 1082 1868 E DisplayDeviceConfig: requesting nits when no mapping exists.
08-23 18:12:36.676 1082 1868 E DisplayDeviceConfig: requesting nits when no mapping exists.
08-23 18:12:36.676 1082 1868 E DisplayDeviceConfig: requesting nits when no mapping exists.
08-23 18:12:36.693 1082 1868 E DisplayDeviceConfig: requesting nits when no mapping exists.
08-23 18:12:36.693 1082 1868 E DisplayDeviceConfig: requesting nits when no mapping exists.
08-23 18:12:36.712 1082 1868 E DisplayDeviceConfig: requesting nits when no mapping exists.
08-23 18:12:36.713 1082 1868 E DisplayDeviceConfig: requesting nits when no mapping exists.
08-23 18:12:36.726 1082 1868 E DisplayDeviceConfig: requesting nits when no mapping exists.
08-23 18:12:36.726 1082 1868 E DisplayDeviceConfig: requesting nits when no mapping exists.
08-23 18:12:36.746 1082 1868 E DisplayDeviceConfig: requesting nits when no mapping exists.
08-23 18:12:36.746 1082 1868 E DisplayDeviceConfig: requesting nits when no mapping exists.
08-23 18:12:36.759 1082 1868 E DisplayDeviceConfig: requesting nits when no mapping exists.
08-23 18:12:36.759 1082 1868 E DisplayDeviceConfig: requesting nits when no mapping exists.
08-23 18:12:36.776 1082 1868 E DisplayDeviceConfig: requesting nits when no mapping exists.
08-23 18:12:36.776 1082 1868 E DisplayDeviceConfig: requesting nits when no mapping exists.
08-23 18:12:36.792 1082 1868 E DisplayDeviceConfig: requesting nits when no mapping exists.
08-23 18:12:36.793 1082 1868 E DisplayDeviceConfig: requesting nits when no mapping exists.
08-23 18:12:36.810 1082 1868 E DisplayDeviceConfig: requesting nits when no mapping exists.
08-23 18:12:36.810 1082 1868 E DisplayDeviceConfig: requesting nits when no mapping exists.
08-23 18:12:43.293 1082 1235 I PowerManagerService: Napping display group (groupId=0, uid=1000)...
08-23 18:12:43.293 1082 1235 I PowerManagerService: Nap time (uid 1000)...
08-23 18:12:43.295 1082 1235 I DreamManagerService: Entering dreamland.
08-23 18:12:43.297 1082 1235 I PowerManagerService: Dreaming...
08-23 18:12:43.299 1082 1182 I DreamController: Starting dream: name=ComponentInfo{com.android.deskclock/com.android.deskclock.Screensaver}, isTest=false, canDoze=false, userId=0
08-23 18:12:43.312 1082 1182 D AutofillManagerService: Close system dialogs
08-23 18:12:43.320 1082 2078 I ActivityTaskManager: START u0 {flg=0x10000000 pkg=com.android.deskclock cmp=com.android.deskclock/android.service.dreams.DreamActivity (has extras)} from uid 10068
08-23 18:12:43.327 1082 2078 W ActivityTaskManager: Can't find TaskDisplayArea to determine support for multi window. Task id=63 attached=false
08-23 18:12:43.338 1082 2078 V SplashScreenExceptionList: SplashScreen checking exception for package com.android.deskclock (target sdk:29) -> false
08-23 18:12:43.365 1082 2078 I ActivityTaskManager: The Process com.android.deskclock Already Exists in BG. So sending its PID: 22090
08-23 18:12:43.367 1082 2078 W ActivityTaskManager: Tried to set launchTime (0) < mLastActivityLaunchTime (1525047)
08-23 18:12:43.392 1082 2078 W WindowManager: Failed looking up window session=Session{25dd50e 22090:u0a10068} callers=com.android.server.wm.WindowManagerService.windowForClientLocked:5626 com.android.server.wm.Session.insetsModified:629 android.view.IWindowSession$Stub.onTransact:1151
08-23 18:12:43.451 1082 1235 V DisplayPowerController[0]: Brightness [0.39763778] reason changing to: 'manual', previous reason: 'manual [ dim ]'.
08-23 18:12:43.461 1082 1868 E DisplayDeviceConfig: requesting nits when no mapping exists.
08-23 18:12:43.462 1082 1868 E DisplayDeviceConfig: requesting nits when no mapping exists.
08-23 18:12:43.480 1082 1868 E DisplayDeviceConfig: requesting nits when no mapping exists.
08-23 18:12:43.480 1082 1868 E DisplayDeviceConfig: requesting nits when no mapping exists.
08-23 18:12:43.493 1082 1868 E DisplayDeviceConfig: requesting nits when no mapping exists.
08-23 18:12:43.495 1082 1868 E DisplayDeviceConfig: requesting nits when no mapping exists.
08-23 18:12:43.510 1082 1868 E DisplayDeviceConfig: requesting nits when no mapping exists.
08-23 18:12:43.510 1082 1868 E DisplayDeviceConfig: requesting nits when no mapping exists.
08-23 18:12:43.529 1082 1868 E DisplayDeviceConfig: requesting nits when no mapping exists.
08-23 18:12:43.530 1082 1868 E DisplayDeviceConfig: requesting nits when no mapping exists.
08-23 18:12:43.543 1082 1868 E DisplayDeviceConfig: requesting nits when no mapping exists.
08-23 18:12:43.543 1082 1868 E DisplayDeviceConfig: requesting nits when no mapping exists.
08-23 18:12:43.559 1082 1868 E DisplayDeviceConfig: requesting nits when no mapping exists.
08-23 18:12:43.560 1082 1868 E DisplayDeviceConfig: requesting nits when no mapping exists.
08-23 18:12:43.579 1082 1868 E DisplayDeviceConfig: requesting nits when no mapping exists.
08-23 18:12:43.579 1082 1868 E DisplayDeviceConfig: requesting nits when no mapping exists.
08-23 18:12:43.597 1082 1868 E DisplayDeviceConfig: requesting nits when no mapping exists.
08-23 18:12:43.598 1082 1868 E DisplayDeviceConfig: requesting nits when no mapping exists.
08-23 18:12:43.613 1082 1868 E DisplayDeviceConfig: requesting nits when no mapping exists.
08-23 18:12:43.613 1082 1868 E DisplayDeviceConfig: requesting nits when no mapping exists.
08-23 18:12:43.628 1082 1868 E DisplayDeviceConfig: requesting nits when no mapping exists.
08-23 18:12:43.628 1082 1868 E DisplayDeviceConfig: requesting nits when no mapping exists.
08-23 18:12:43.643 1082 1868 E DisplayDeviceConfig: requesting nits when no mapping exists.
08-23 18:12:43.644 1082 1868 E DisplayDeviceConfig: requesting nits when no mapping exists.
08-23 18:12:43.660 1082 1868 E DisplayDeviceConfig: requesting nits when no mapping exists.
08-23 18:12:43.662 1082 1868 E DisplayDeviceConfig: requesting nits when no mapping exists.
08-23 18:12:43.677 1082 1868 E DisplayDeviceConfig: requesting nits when no mapping exists.
08-23 18:12:43.679 1082 1868 E DisplayDeviceConfig: requesting nits when no mapping exists.
08-23 18:12:43.696 1082 1868 E DisplayDeviceConfig: requesting nits when no mapping exists.
08-23 18:12:43.696 1082 1868 E DisplayDeviceConfig: requesting nits when no mapping exists.
08-23 18:12:43.713 1082 1868 E DisplayDeviceConfig: requesting nits when no mapping exists.
08-23 18:12:43.714 1082 1868 E DisplayDeviceConfig: requesting nits when no mapping exists.
08-23 18:12:43.727 1082 1868 E DisplayDeviceConfig: requesting nits when no mapping exists.
08-23 18:12:43.727 1082 1868 E DisplayDeviceConfig: requesting nits when no mapping exists.
08-23 18:12:43.744 1082 1868 E DisplayDeviceConfig: requesting nits when no mapping exists.
08-23 18:12:43.745 1082 1868 E DisplayDeviceConfig: requesting nits when no mapping exists.
08-23 18:12:43.760 1082 1868 E DisplayDeviceConfig: requesting nits when no mapping exists.
08-23 18:12:43.761 1082 1868 E DisplayDeviceConfig: requesting nits when no mapping exists.
08-23 18:12:43.778 1082 1868 E DisplayDeviceConfig: requesting nits when no mapping exists.
08-23 18:12:43.779 1082 1868 E DisplayDeviceConfig: requesting nits when no mapping exists.
08-23 18:12:43.794 1082 1868 E DisplayDeviceConfig: requesting nits when no mapping exists.
08-23 18:12:43.795 1082 1868 E DisplayDeviceConfig: requesting nits when no mapping exists.
08-23 18:12:43.812 1082 1868 E DisplayDeviceConfig: requesting nits when no mapping exists.
08-23 18:12:43.812 1082 1868 E DisplayDeviceConfig: requesting nits when no mapping exists.
08-23 18:12:43.828 1082 1868 E DisplayDeviceConfig: requesting nits when no mapping exists.
08-23 18:12:43.828 1082 1868 E DisplayDeviceConfig: requesting nits when no mapping exists.
08-23 18:12:43.844 1082 1868 E DisplayDeviceConfig: requesting nits when no mapping exists.
08-23 18:12:43.845 1082 1868 E DisplayDeviceConfig: requesting nits when no mapping exists.
08-23 18:12:43.861 1082 1868 E DisplayDeviceConfig: requesting nits when no mapping exists.
08-23 18:12:43.861 1082 1868 E DisplayDeviceConfig: requesting nits when no mapping exists.
08-23 18:12:43.879 1082 1868 E DisplayDeviceConfig: requesting nits when no mapping exists.
08-23 18:12:43.879 1082 1868 E DisplayDeviceConfig: requesting nits when no mapping exists.
08-23 18:12:43.894 1082 1868 E DisplayDeviceConfig: requesting nits when no mapping exists.
08-23 18:12:43.895 1082 1868 E DisplayDeviceConfig: requesting nits when no mapping exists.
08-23 18:12:43.912 1082 1868 E DisplayDeviceConfig: requesting nits when no mapping exists.
08-23 18:12:43.915 1082 1868 E DisplayDeviceConfig: requesting nits when no mapping exists.
08-23 18:12:43.929 1082 1868 E DisplayDeviceConfig: requesting nits when no mapping exists.
08-23 18:12:43.930 1082 1868 E DisplayDeviceConfig: requesting nits when no mapping exists.
08-23 18:12:43.946 1082 1868 E DisplayDeviceConfig: requesting nits when no mapping exists.
08-23 18:12:43.946 1082 1868 E DisplayDeviceConfig: requesting nits when no mapping exists.
08-23 18:14:00.020 1082 8110 D CompatibilityChangeReporter: Compat change id reported: 171306433; UID 1000; state: ENABLED
08-23 18:15:02.135 1082 1082 D CompanionDeviceManagerService: 00:58:76:20:46:3D disconnected w/ reason: (2147483647) Reason unknown
08-23 18:15:02.135 1082 1082 D CompanionDeviceManagerService: onDeviceDisconnected(address = 00:58:76:20:46:3D)
08-23 18:15:02.135 1082 1082 I CompanionDeviceManagerService: onDeviceDisappeared(address = 00:58:76:20:46:3D)
08-23 18:15:02.135 1082 1082 D CompanionDeviceManagerService: unscheduling TriggerDeviceDisappearedRunnable(address = 00:58:76:20:46:3D)
08-23 18:15:02.159 1082 1082 I Telecom : BluetoothStateReceiver: Device null is now the preferred BT device for HFP: BSR.oR@ACk
08-23 18:15:02.160 1082 1082 I Telecom : BluetoothStateReceiver: Device 00:58:76:20:46:3D changed state to 0: BSR.oR@ACo
08-23 18:15:02.160 1082 2359 I Telecom : BluetoothRouteManager: Message received: LOST_DEVICE.: BSR.oR->BRM.pM_2@ACo
08-23 18:15:02.160 1082 2381 I Telecom : CallAudioRouteStateMachine: Message received: BT_ACTIVE_DEVICE_GONE=9, arg1=0: BSR.oR->CARSM.pM_BT_ACTIVE_DEVICE_GONE@ACk
08-23 18:15:02.160 1082 2381 I Telecom : QuiescentEarpieceRoute: Processing message BT_ACTIVE_DEVICE_GONE: BSR.oR->CARSM.pM_BT_ACTIVE_DEVICE_GONE@ACk
08-23 18:15:02.161 1082 2381 I Telecom : Logging.Events: Non-call EVENT: AUDIO_ROUTE, Bluetooth active device gone: BSR.oR->CARSM.pM_BT_ACTIVE_DEVICE_GONE@ACk
08-23 18:15:02.161 1082 2381 I Telecom : CallAudioRouteStateMachine: Message received: BLUETOOTH_DEVICE_LIST_CHANGED=7, arg1=0: BSR.oR->CARSM.pM_BLUETOOTH_DEVICE_LIST_CHANGED@ACo
08-23 18:15:02.161 1082 2381 I Telecom : QuiescentEarpieceRoute: Processing message BLUETOOTH_DEVICE_LIST_CHANGED: BSR.oR->CARSM.pM_BLUETOOTH_DEVICE_LIST_CHANGED@ACo
08-23 18:15:02.161 1082 2381 I Telecom : Logging.Events: Non-call EVENT: AUDIO_ROUTE, Bluetooth device list changed: BSR.oR->CARSM.pM_BLUETOOTH_DEVICE_LIST_CHANGED@ACo
08-23 18:15:02.163 1082 1082 I Telecom : WiredHeadsetManager: ACTION_HEADSET_PLUG event, plugged in: false, : WHC.oADR@ACs
08-23 18:15:02.217 1082 1082 I Telecom : WiredHeadsetManager: ACTION_HEADSET_PLUG event, plugged in: false, : WHC.oADR@ACw
08-23 18:21:44.860 1082 1671 D ActivityManager: freezing 24247 com.android.permissioncontroller
08-23 18:21:44.866 1082 1671 E ActivityManager: Unable to freeze binder for 24247 com.android.permissioncontroller
08-23 18:21:44.875 1082 1671 D ActivityManager: froze 24247 com.android.permissioncontroller
08-23 18:21:44.882 1082 1671 E ActivityManager: Unable to freeze binder for 24247 com.android.permissioncontroller
08-23 18:21:44.884 1082 1671 I ActivityManager: Killing 24247:com.android.permissioncontroller/u0a99 (adj 905): Unable to freeze binder interface
08-23 18:21:48.910 1082 1671 D ActivityManager: freezing 10444 com.android.gallery3d
08-23 18:21:48.919 1082 1671 E ActivityManager: Unable to freeze binder for 10444 com.android.gallery3d
08-23 18:21:48.923 1082 1671 D ActivityManager: froze 10444 com.android.gallery3d
08-23 18:21:48.930 1082 1671 E ActivityManager: Unable to freeze binder for 10444 com.android.gallery3d
08-23 18:21:48.931 1082 1671 I ActivityManager: Killing 10444:com.android.gallery3d/u0a67 (adj 900): Unable to freeze binder interface
08-23 18:21:49.157 1082 7214 I WindowManager: WIN DEATH: Window{1543b4f u0 com.android.gallery3d/com.android.gallery3d.app.GalleryActivity}
08-23 18:21:49.194 1082 1185 W ActivityManager: setHasOverlayUi called on unknown pid: 10444
08-23 18:21:49.194 1082 1200 W UsageStatsService: Unexpected activity event reported! (com.android.gallery3d/com.android.gallery3d.app.GalleryActivity event : 23 instanceId : 153327665)
08-23 18:22:05.716 1082 1671 D ActivityManager: freezing 23902 com.qualcomm.qti.qccauthmgr
08-23 18:22:05.723 1082 1671 E ActivityManager: Unable to freeze binder for 23902 com.qualcomm.qti.qccauthmgr
08-23 18:22:05.730 1082 1671 D ActivityManager: froze 23902 com.qualcomm.qti.qccauthmgr
08-23 18:22:05.737 1082 1671 E ActivityManager: Unable to freeze binder for 23902 com.qualcomm.qti.qccauthmgr
08-23 18:22:05.738 1082 1671 I ActivityManager: Killing 23902:com.qualcomm.qti.qccauthmgr/u0a89 (adj 905): Unable to freeze binder interface
08-23 18:22:58.741 1082 1200 I UsageStatsService: User[0] Flushing usage stats to disk
08-23 18:25:02.211 1082 1671 D ActivityManager: freezing 3315 com.qti.diagservices
08-23 18:25:02.219 1082 1671 E ActivityManager: Unable to freeze binder for 3315 com.qti.diagservices
08-23 18:25:02.221 1082 1671 D ActivityManager: froze 3315 com.qti.diagservices
08-23 18:25:02.231 1082 1671 E ActivityManager: Unable to freeze binder for 3315 com.qti.diagservices
08-23 18:25:02.233 1082 1671 I ActivityManager: Killing 3315:com.qti.diagservices/1000 (adj 935): Unable to freeze binder interface
08-23 18:25:02.457 1082 7214 W ActivityManager: Scheduling restart of crashed service com.qti.diagservices/.QTIDiagServices in 1000ms for start-requested
08-23 18:25:03.459 1082 1209 D CompatibilityChangeReporter: Compat change id reported: 135634846; UID 1000; state: DISABLED
08-23 18:25:03.459 1082 1209 D CompatibilityChangeReporter: Compat change id reported: 177438394; UID 1000; state: DISABLED
08-23 18:25:03.460 1082 1209 D CompatibilityChangeReporter: Compat change id reported: 135772972; UID 1000; state: DISABLED
08-23 18:25:03.460 1082 1209 D CompatibilityChangeReporter: Compat change id reported: 135754954; UID 1000; state: ENABLED
08-23 18:25:03.502 1082 1210 I ActivityManager: Start proc 28157:com.qti.diagservices/1000 for service {com.qti.diagservices/com.qti.diagservices.QTIDiagServices}
08-23 18:42:03.905 1082 1221 W BatteryExternalStatsWorker: error reading modem stats:ERROR_PHONE_NOT_AVAILABLE
08-23 18:42:03.935 1082 1221 E KernelCpuSpeedReader: Failed to read cpu-freq: /sys/devices/system/cpu/cpu4/cpufreq/stats/time_in_state: open failed: ENOENT (No such file or directory)
08-23 18:42:03.935 1082 1221 E KernelCpuSpeedReader: Failed to read cpu-freq: /sys/devices/system/cpu/cpu0/cpufreq/stats/time_in_state: open failed: ENOENT (No such file or directory)
08-23 18:42:58.939 1082 1200 I UsageStatsService: User[0] Flushing usage stats to disk
08-23 18:45:00.377 1082 1082 D CompatibilityChangeReporter: Compat change id reported: 168419799; UID 1000; state: DISABLED
08-23 18:45:00.388 1082 1082 D CompatibilityChangeReporter: Compat change id reported: 135634846; UID 10019; state: DISABLED
08-23 18:45:00.391 1082 1082 D CompatibilityChangeReporter: Compat change id reported: 177438394; UID 10019; state: DISABLED
08-23 18:45:00.391 1082 1082 D CompatibilityChangeReporter: Compat change id reported: 135772972; UID 10019; state: DISABLED
08-23 18:45:00.394 1082 1082 D CompatibilityChangeReporter: Compat change id reported: 135754954; UID 10019; state: ENABLED
08-23 18:45:00.394 1082 1210 D CompatibilityChangeReporter: Compat change id reported: 143937733; UID 10019; state: ENABLED
08-23 18:45:00.420 1082 1210 I ActivityManager: Start proc 29796:android.process.media/u0a19 for service {com.android.providers.downloads/com.android.providers.downloads.DownloadIdleService}
08-23 18:45:00.577 29796 29863 D DownloadManager: Removed 0 stale downloads
08-23 18:45:00.597 29796 29863 D DownloadManager: Found 0 files in database
08-23 18:45:00.598 29796 29863 D DownloadManager: Found 0 files on disk
08-23 18:45:00.636 1082 29923 I BackgroundDexOptService: Performing idle optimizations
08-23 18:45:00.637 1082 1691 I WatchlistLoggingHandler: No need to aggregate record yet.
08-23 18:45:00.637 1082 1691 I WatchlistLoggingHandler: Milliseconds spent on tryAggregateRecords(): 0
08-23 18:45:00.655 1082 29924 E DynamicCodeLogger: Could not infer CE/DE storage for path /apex/com.android.tethering/javalib/service-connectivity.jar
08-23 18:45:00.656 1082 29924 E DynamicCodeLogger: Could not infer CE/DE storage for path /apex/com.android.appsearch/javalib/service-appsearch.jar
08-23 18:45:00.656 1082 29924 E DynamicCodeLogger: Could not infer CE/DE storage for path /system/framework/services.jar
08-23 18:45:00.656 1082 29924 E DynamicCodeLogger: Could not infer CE/DE storage for path /system/framework/com.android.location.provider.jar
08-23 18:45:00.656 1082 29924 E DynamicCodeLogger: Could not infer CE/DE storage for path /apex/com.android.permission/javalib/service-permission.jar
08-23 18:45:00.656 1082 29924 E DynamicCodeLogger: Could not infer CE/DE storage for path /system/framework/ethernet-service.jar
08-23 18:45:00.656 1082 29924 E DynamicCodeLogger: Could not infer CE/DE storage for path /system_ext/framework/ActivityExt.jar
08-23 18:45:00.656 1082 29924 E DynamicCodeLogger: Could not infer CE/DE storage for path /product/framework/ims-ext-common.jar
08-23 18:45:00.656 1082 29924 E DynamicCodeLogger: Could not infer CE/DE storage for path /apex/com.android.scheduling/javalib/service-scheduling.jar
08-23 18:45:00.656 1082 29924 E DynamicCodeLogger: Could not infer CE/DE storage for path /apex/com.android.media/javalib/service-media-s.jar
08-23 18:45:00.656 1082 29924 E DynamicCodeLogger: Could not infer CE/DE storage for path /apex/com.android.wifi/javalib/service-wifi.jar
08-23 18:45:00.656 1082 29924 E DynamicCodeLogger: Could not infer CE/DE storage for path /apex/com.android.os.statsd/javalib/service-statsd.jar
08-23 18:45:01.562 1082 1917 D BlobStore: Completed idle maintenance; deleted []
08-23 18:45:07.569 1273 1703 E iorapd : Iorap compilation failed
08-23 18:45:07.569 1273 1703 E iorapd : Compilation failed for package_id:7 activity_name: com.android.gallery3d.app.GalleryActivity
08-23 18:45:07.817 1273 1703 W iorapd : Missing corresponding prefetch_file db row for com.android.settings/com.android.settings.Settings@31
08-23 18:45:08.114 1273 1703 E iorapd : Iorap compilation failed
08-23 18:45:08.114 1273 1703 E iorapd : Compilation failed for package_id:4 activity_name: com.android.settings.Settings
08-23 18:45:11.028 1273 1703 E iorapd : Iorap compilation failed
08-23 18:45:11.028 1273 1703 E iorapd : Compilation failed for package_id:4 activity_name: com.android.settings.FallbackHome
08-23 18:45:17.439 1082 29923 I BackgroundDexOptService: Pinning optimized code {com.antutu.ABenchMark, com.android.webview, com.thundercomm.remotecontrolservice, com.android.gallery3d}
08-23 18:45:17.440 1082 29923 I BackgroundDexOptService: Idle optimizations completed.
08-23 18:55:00.724 1082 1671 D ActivityManager: freezing 29796 android.process.media
08-23 18:55:00.732 1082 1671 E ActivityManager: Unable to freeze binder for 29796 android.process.media
08-23 18:55:00.744 1082 1671 D ActivityManager: froze 29796 android.process.media
08-23 18:55:00.753 1082 1671 E ActivityManager: Unable to freeze binder for 29796 android.process.media
08-23 18:55:00.754 1082 1671 I ActivityManager: Killing 29796:android.process.media/u0a19 (adj 905): Unable to freeze binder interface
08-23 18:59:00.394 1082 1082 D CompatibilityChangeReporter: Compat change id reported: 168419799; UID 10103; state: DISABLED
08-23 19:02:59.119 1082 1200 I UsageStatsService: User[0] Flushing usage stats to disk
08-23 19:12:03.903 1082 1221 W BatteryExternalStatsWorker: error reading modem stats:ERROR_PHONE_NOT_AVAILABLE
08-23 19:12:03.949 1082 1221 E KernelCpuSpeedReader: Failed to read cpu-freq: /sys/devices/system/cpu/cpu4/cpufreq/stats/time_in_state: open failed: ENOENT (No such file or directory)
08-23 19:12:03.949 1082 1221 E KernelCpuSpeedReader: Failed to read cpu-freq: /sys/devices/system/cpu/cpu0/cpufreq/stats/time_in_state: open failed: ENOENT (No such file or directory)
08-23 19:22:59.304 1082 1200 I UsageStatsService: User[0] Flushing usage stats to disk
08-23 19:42:03.869 1082 1228 W ProcessCpuTracker: Failed to stat(/proc/26528): android.system.ErrnoException: stat failed: ENOENT (No such file or directory)
08-23 19:42:03.870 1082 1228 W ProcessCpuTracker: Skipping unknown process pid 26528
08-23 19:42:03.870 1082 1228 W ProcessCpuTracker: Failed to stat(/proc/26533): android.system.ErrnoException: stat failed: ENOENT (No such file or directory)
08-23 19:42:03.870 1082 1228 W ProcessCpuTracker: Skipping unknown process pid 26533
08-23 19:42:03.900 1082 1221 W BatteryExternalStatsWorker: error reading modem stats:ERROR_PHONE_NOT_AVAILABLE
08-23 19:42:03.940 1082 1221 E KernelCpuSpeedReader: Failed to read cpu-freq: /sys/devices/system/cpu/cpu4/cpufreq/stats/time_in_state: open failed: ENOENT (No such file or directory)
08-23 19:42:03.940 1082 1221 E KernelCpuSpeedReader: Failed to read cpu-freq: /sys/devices/system/cpu/cpu0/cpufreq/stats/time_in_state: open failed: ENOENT (No such file or directory)
08-23 19:42:59.517 1082 1200 I UsageStatsService: User[0] Flushing usage stats to disk
08-23 20:02:59.689 1082 1200 I UsageStatsService: User[0] Flushing usage stats to disk
08-23 20:12:03.963 1082 1221 W BatteryExternalStatsWorker: error reading modem stats:ERROR_PHONE_NOT_AVAILABLE
08-23 20:12:04.011 1082 1221 E KernelCpuSpeedReader: Failed to read cpu-freq: /sys/devices/system/cpu/cpu4/cpufreq/stats/time_in_state: open failed: ENOENT (No such file or directory)
08-23 20:12:04.011 1082 1221 E KernelCpuSpeedReader: Failed to read cpu-freq: /sys/devices/system/cpu/cpu0/cpufreq/stats/time_in_state: open failed: ENOENT (No such file or directory)
08-23 20:22:59.865 1082 1200 I UsageStatsService: User[0] Flushing usage stats to disk
08-23 20:42:03.986 1082 1221 W BatteryExternalStatsWorker: error reading modem stats:ERROR_PHONE_NOT_AVAILABLE
08-23 20:42:04.035 1082 1221 E KernelCpuSpeedReader: Failed to read cpu-freq: /sys/devices/system/cpu/cpu4/cpufreq/stats/time_in_state: open failed: ENOENT (No such file or directory)
08-23 20:42:04.035 1082 1221 E KernelCpuSpeedReader: Failed to read cpu-freq: /sys/devices/system/cpu/cpu0/cpufreq/stats/time_in_state: open failed: ENOENT (No such file or directory)
08-23 20:42:57.740 1082 1184 I EntropyMixer: Writing entropy...
08-23 20:43:00.072 1082 1200 I UsageStatsService: User[0] Flushing usage stats to disk
08-23 20:58:09.193 1082 1209 W ProcessCpuTracker: Failed to stat(/proc/22719): android.system.ErrnoException: stat failed: ENOENT (No such file or directory)
08-23 20:58:09.193 1082 1209 W ProcessCpuTracker: Skipping unknown process pid 22719
08-23 20:58:09.194 1082 1209 W ProcessCpuTracker: Failed to stat(/proc/22723): android.system.ErrnoException: stat failed: ENOENT (No such file or directory)
08-23 20:58:09.194 1082 1209 W ProcessCpuTracker: Skipping unknown process pid 22723
08-23 21:03:00.273 1082 1200 I UsageStatsService: User[0] Flushing usage stats to disk
08-23 21:12:04.043 1082 1221 W BatteryExternalStatsWorker: error reading modem stats:ERROR_PHONE_NOT_AVAILABLE
08-23 21:12:04.070 1082 1221 E KernelCpuSpeedReader: Failed to read cpu-freq: /sys/devices/system/cpu/cpu4/cpufreq/stats/time_in_state: open failed: ENOENT (No such file or directory)
08-23 21:12:04.070 1082 1221 E KernelCpuSpeedReader: Failed to read cpu-freq: /sys/devices/system/cpu/cpu0/cpufreq/stats/time_in_state: open failed: ENOENT (No such file or directory)
08-23 21:14:20.533 1082 1184 I DropBoxManagerService: add tag=system_server_strictmode isTagEnabled=true flags=0x2
08-23 21:14:20.536 1082 1184 I DropBoxManagerService: add tag=system_server_strictmode isTagEnabled=true flags=0x2
08-23 21:14:20.538 1082 1184 I DropBoxManagerService: add tag=system_server_strictmode isTagEnabled=true flags=0x2
08-23 21:23:00.470 1082 1200 I UsageStatsService: User[0] Flushing usage stats to disk
08-23 21:42:04.118 1082 1221 W BatteryExternalStatsWorker: error reading modem stats:ERROR_PHONE_NOT_AVAILABLE
08-23 21:42:04.164 1082 1221 E KernelCpuSpeedReader: Failed to read cpu-freq: /sys/devices/system/cpu/cpu4/cpufreq/stats/time_in_state: open failed: ENOENT (No such file or directory)
08-23 21:42:04.164 1082 1221 E KernelCpuSpeedReader: Failed to read cpu-freq: /sys/devices/system/cpu/cpu0/cpufreq/stats/time_in_state: open failed: ENOENT (No such file or directory)
08-23 21:43:00.653 1082 1200 I UsageStatsService: User[0] Flushing usage stats to disk
08-23 22:00:00.004 1082 1082 D ConditionProviders.SCP: onReceive ScheduleConditionProvider.EVALUATE
08-23 22:00:00.004 1082 1082 D ConditionProviders.SCP: evaluateSubscriptionLocked cal=ScheduleCalendar[mDays={1, 2, 3, 4, 5, 6, 7}, mSchedule=ScheduleInfo{days=[1, 2, 3, 4, 5, 6, 7], startHour=22, startMinute=0, endHour=7, endMinute=0, exitAtAlarm=true, nextAlarm=Thu Jan 01 00:00:00 GMT 1970 (0)}], now=Tue Aug 23 22:00:00 GMT 2022 (1661292000004), nextUserAlarmTime=Thu Jan 01 00:00:00 GMT 1970 (0)
08-23 22:00:00.005 1082 1082 D ConditionProviders.SCP: notifyCondition condition://android/schedule?days=1.2.3.4.5.6.7&start=22.0&end=7.0&exitAtAlarm=true STATE_TRUE reason=meetsSchedule
08-23 22:00:00.005 1082 1082 D ConditionProviders.SCP: Scheduling evaluate for Wed Aug 24 07:00:00 GMT 2022 (1661324400000), in +8h59m59s996ms, now=Tue Aug 23 22:00:00 GMT 2022 (1661292000004)
08-23 22:00:00.008 1082 1082 D CompatibilityChangeReporter: Compat change id reported: 171306433; UID 1000; state: ENABLED
08-23 22:03:00.826 1082 1200 I UsageStatsService: User[0] Flushing usage stats to disk
08-23 22:10:00.115 1082 1671 D ActivityManager: freezing 28157 com.qti.diagservices
08-23 22:10:00.123 1082 1671 E ActivityManager: Unable to freeze binder for 28157 com.qti.diagservices
08-23 22:10:00.130 1082 1671 D ActivityManager: froze 28157 com.qti.diagservices
08-23 22:10:00.138 1082 1671 E ActivityManager: Unable to freeze binder for 28157 com.qti.diagservices
08-23 22:10:00.139 1082 1671 I ActivityManager: Killing 28157:com.qti.diagservices/1000 (adj 905): Unable to freeze binder interface
08-23 22:10:00.557 1082 7214 W ActivityManager: Scheduling restart of crashed service com.qti.diagservices/.QTIDiagServices in 1000ms for start-requested
08-23 22:10:01.559 1082 1209 D CompatibilityChangeReporter: Compat change id reported: 135634846; UID 1000; state: DISABLED
08-23 22:10:01.559 1082 1209 D CompatibilityChangeReporter: Compat change id reported: 177438394; UID 1000; state: DISABLED
08-23 22:10:01.559 1082 1209 D CompatibilityChangeReporter: Compat change id reported: 135772972; UID 1000; state: DISABLED
08-23 22:10:01.559 1082 1209 D CompatibilityChangeReporter: Compat change id reported: 135754954; UID 1000; state: ENABLED
08-23 22:10:01.604 1082 1210 I ActivityManager: Start proc 25113:com.qti.diagservices/1000 for service {com.qti.diagservices/com.qti.diagservices.QTIDiagServices}
08-23 22:12:04.103 1082 1221 W BatteryExternalStatsWorker: error reading modem stats:ERROR_PHONE_NOT_AVAILABLE
08-23 22:12:04.135 1082 1221 E KernelCpuSpeedReader: Failed to read cpu-freq: /sys/devices/system/cpu/cpu4/cpufreq/stats/time_in_state: open failed: ENOENT (No such file or directory)
08-23 22:12:04.136 1082 1221 E KernelCpuSpeedReader: Failed to read cpu-freq: /sys/devices/system/cpu/cpu0/cpufreq/stats/time_in_state: open failed: ENOENT (No such file or directory)
08-23 22:23:01.026 1082 1200 I UsageStatsService: User[0] Flushing usage stats to disk
08-23 22:38:11.116 1082 1209 W ProcessCpuTracker: Failed to stat(/proc/27141): android.system.ErrnoException: stat failed: ENOENT (No such file or directory)
08-23 22:38:11.116 1082 1209 W ProcessCpuTracker: Skipping unknown process pid 27141
08-23 22:42:04.129 1082 1221 W BatteryExternalStatsWorker: error reading modem stats:ERROR_PHONE_NOT_AVAILABLE
08-23 22:42:04.172 1082 1221 E KernelCpuSpeedReader: Failed to read cpu-freq: /sys/devices/system/cpu/cpu4/cpufreq/stats/time_in_state: open failed: ENOENT (No such file or directory)
08-23 22:42:04.173 1082 1221 E KernelCpuSpeedReader: Failed to read cpu-freq: /sys/devices/system/cpu/cpu0/cpufreq/stats/time_in_state: open failed: ENOENT (No such file or directory)
