08-23 17:43:00.442 1082 1082 I SystemServerTiming: MakePackageManagerServiceReady
08-23 17:43:00.461 1082 1082 V UserDataPreparer: Found /data/user_de/0 with serial number 0
08-23 17:43:00.462 1082 1082 V UserDataPreparer: Found /data/user/0 with serial number 0
08-23 17:43:00.462 1082 1082 V UserDataPreparer: Found /data/system_de/0 with serial number 0
08-23 17:43:00.462 1082 1082 V UserDataPreparer: Found /data/system_ce/0 with serial number 0
08-23 17:43:00.462 1082 1082 V UserDataPreparer: Found /data/misc_ce/0 with serial number 0
08-23 17:43:00.466 1082 1082 I PackageManager: Permission ownership changed. Updating all permissions.
08-23 17:43:00.506 1082 1082 D StagingManagerTiming: restoreSessions took to complete: 2ms
08-23 17:43:00.506 1082 1082 D SystemServerTiming: MakePackageManagerServiceReady took to complete: 65ms
08-23 17:43:00.506 1082 1082 I SystemServerTiming: MakeDisplayManagerServiceReady
08-23 17:43:00.508 1082 1185 E DisplayModeDirector: Asked about unknown display, returning empty display mode specs!(id=0)
08-23 17:43:00.511 1082 1245 E DefaultPermGrantPolicy: Package not found: com.qualcomm.qti.cne
08-23 17:43:00.512 1082 1082 D SystemServerTiming: MakeDisplayManagerServiceReady took to complete: 6ms
08-23 17:43:00.512 1082 1082 I SystemServerTiming: StartDeviceSpecificServices
08-23 17:43:00.512 1082 1082 D SystemServerTiming: StartDeviceSpecificServices took to complete: 0ms
08-23 17:43:00.512 1082 1082 I SystemServerTiming: GameManagerService
08-23 17:43:00.512 1082 1082 I SystemServiceManager: Starting com.android.server.app.GameManagerService$Lifecycle
08-23 17:43:00.518 1082 1082 D SystemServerTiming: GameManagerService took to complete: 6ms
08-23 17:43:00.518 1082 1082 I SystemServerTiming: StartBootPhaseDeviceSpecificServicesReady
08-23 17:43:00.518 1082 1082 I SystemServiceManager: Starting phase 520
08-23 17:43:00.519 1082 1082 I SystemServerTiming: OnBootPhase_520
08-23 17:43:00.519 1082 1082 I SystemServerTiming: OnBootPhase_520_com.android.server.security.FileIntegrityService
08-23 17:43:00.519 1082 1082 D SystemServerTiming: OnBootPhase_520_com.android.server.security.FileIntegrityService took to complete: 0ms
08-23 17:43:00.519 1082 1082 I SystemServerTiming: OnBootPhase_520_com.android.server.pm.Installer
08-23 17:43:00.519 1082 1082 D SystemServerTiming: OnBootPhase_520_com.android.server.pm.Installer took to complete: 0ms
08-23 17:43:00.519 1082 1082 I SystemServerTiming: OnBootPhase_520_com.android.server.os.DeviceIdentifiersPolicyService
08-23 17:43:00.519 1082 1082 D SystemServerTiming: OnBootPhase_520_com.android.server.os.DeviceIdentifiersPolicyService took to complete: 0ms
08-23 17:43:00.519 1082 1082 I SystemServerTiming: OnBootPhase_520_com.android.server.uri.UriGrantsManagerService$Lifecycle
08-23 17:43:00.519 1082 1082 D SystemServerTiming: OnBootPhase_520_com.android.server.uri.UriGrantsManagerService$Lifecycle took to complete: 0ms
08-23 17:43:00.519 1082 1082 I SystemServerTiming: OnBootPhase_520_com.android.server.powerstats.PowerStatsService
08-23 17:43:00.519 1082 1082 D SystemServerTiming: OnBootPhase_520_com.android.server.powerstats.PowerStatsService took to complete: 0ms
08-23 17:43:00.519 1082 1082 I SystemServerTiming: OnBootPhase_520_com.android.server.wm.ActivityTaskManagerService$Lifecycle
08-23 17:43:00.519 1082 1082 D SystemServerTiming: OnBootPhase_520_com.android.server.wm.ActivityTaskManagerService$Lifecycle took to complete: 0ms
08-23 17:43:00.519 1082 1082 I SystemServerTiming: OnBootPhase_520_com.android.server.am.ActivityManagerService$Lifecycle
08-23 17:43:00.519 1082 1082 D SystemServerTiming: OnBootPhase_520_com.android.server.am.ActivityManagerService$Lifecycle took to complete: 0ms
08-23 17:43:00.519 1082 1082 I SystemServerTiming: OnBootPhase_520_com.android.server.pm.DataLoaderManagerService
08-23 17:43:00.519 1082 1082 D SystemServerTiming: OnBootPhase_520_com.android.server.pm.DataLoaderManagerService took to complete: 0ms
08-23 17:43:00.519 1082 1082 I SystemServerTiming: OnBootPhase_520_com.android.server.power.PowerManagerService
08-23 17:43:00.519 1082 1082 D SystemServerTiming: OnBootPhase_520_com.android.server.power.PowerManagerService took to complete: 0ms
08-23 17:43:00.519 1082 1082 I SystemServerTiming: OnBootPhase_520_com.android.server.power.ThermalManagerService
08-23 17:43:00.519 1082 1082 D SystemServerTiming: OnBootPhase_520_com.android.server.power.ThermalManagerService took to complete: 0ms
08-23 17:43:00.519 1082 1082 I SystemServerTiming: OnBootPhase_520_com.android.server.power.hint.HintManagerService
08-23 17:43:00.519 1082 1082 D SystemServerTiming: OnBootPhase_520_com.android.server.power.hint.HintManagerService took to complete: 0ms
08-23 17:43:00.519 1082 1082 I SystemServerTiming: OnBootPhase_520_com.android.server.recoverysystem.RecoverySystemService$Lifecycle
08-23 17:43:00.519 1082 1082 D SystemServerTiming: OnBootPhase_520_com.android.server.recoverysystem.RecoverySystemService$Lifecycle took to complete: 0ms
08-23 17:43:00.520 1082 1082 I SystemServerTiming: OnBootPhase_520_com.android.server.lights.LightsService
08-23 17:43:00.520 1082 1082 D SystemServerTiming: OnBootPhase_520_com.android.server.lights.LightsService took to complete: 0ms
08-23 17:43:00.520 1082 1082 I SystemServerTiming: OnBootPhase_520_com.android.server.display.DisplayManagerService
08-23 17:43:00.520 1082 1082 D SystemServerTiming: OnBootPhase_520_com.android.server.display.DisplayManagerService took to complete: 0ms
08-23 17:43:00.520 1082 1082 I SystemServerTiming: OnBootPhase_520_com.android.server.pm.verify.domain.DomainVerificationService
08-23 17:43:00.520 1082 1082 D SystemServerTiming: OnBootPhase_520_com.android.server.pm.verify.domain.DomainVerificationService took to complete: 0ms
08-23 17:43:00.520 1082 1082 I SystemServerTiming: OnBootPhase_520_com.android.server.pm.PackageInstallerService$Lifecycle
08-23 17:43:00.520 1082 1082 D SystemServerTiming: OnBootPhase_520_com.android.server.pm.PackageInstallerService$Lifecycle took to complete: 0ms
08-23 17:43:00.520 1082 1082 I SystemServerTiming: OnBootPhase_520_com.android.server.pm.UserManagerService$LifeCycle
08-23 17:43:00.520 1082 1082 D SystemServerTiming: OnBootPhase_520_com.android.server.pm.UserManagerService$LifeCycle took to complete: 0ms
08-23 17:43:00.520 1082 1082 I SystemServerTiming: OnBootPhase_520_com.android.server.om.OverlayManagerService
08-23 17:43:00.520 1082 1082 D SystemServerTiming: OnBootPhase_520_com.android.server.om.OverlayManagerService took to complete: 0ms
08-23 17:43:00.520 1082 1082 I SystemServerTiming: OnBootPhase_520_com.android.server.SensorPrivacyService
08-23 17:43:00.520 1082 1082 D SystemServerTiming: OnBootPhase_520_com.android.server.SensorPrivacyService took to complete: 0ms
08-23 17:43:00.520 1082 1082 I SystemServerTiming: OnBootPhase_520_com.android.server.sensors.SensorService
08-23 17:43:00.520 1082 1082 D SystemServerTiming: OnBootPhase_520_com.android.server.sensors.SensorService took to complete: 0ms
08-23 17:43:00.520 1082 1082 I SystemServerTiming: OnBootPhase_520_com.android.server.SystemConfigService
08-23 17:43:00.520 1082 1082 D SystemServerTiming: OnBootPhase_520_com.android.server.SystemConfigService took to complete: 0ms
08-23 17:43:00.520 1082 1082 I SystemServerTiming: OnBootPhase_520_com.android.server.BatteryService
08-23 17:43:00.520 1082 1082 D SystemServerTiming: OnBootPhase_520_com.android.server.BatteryService took to complete: 0ms
08-23 17:43:00.520 1082 1082 I SystemServerTiming: OnBootPhase_520_com.android.server.usage.UsageStatsService
08-23 17:43:00.520 1082 1082 D SystemServerTiming: OnBootPhase_520_com.android.server.usage.UsageStatsService took to complete: 0ms
08-23 17:43:00.520 1082 1082 I SystemServerTiming: OnBootPhase_520_com.android.server.webkit.WebViewUpdateService
08-23 17:43:00.521 1082 1082 D SystemServerTiming: OnBootPhase_520_com.android.server.webkit.WebViewUpdateService took to complete: 0ms
08-23 17:43:00.521 1082 1082 I SystemServerTiming: OnBootPhase_520_com.android.server.CachedDeviceStateService
08-23 17:43:00.521 1082 1082 D SystemServerTiming: OnBootPhase_520_com.android.server.CachedDeviceStateService took to complete: 0ms
08-23 17:43:00.521 1082 1082 I SystemServerTiming: OnBootPhase_520_com.android.server.BinderCallsStatsService$LifeCycle
08-23 17:43:00.521 1082 1082 D SystemServerTiming: OnBootPhase_520_com.android.server.BinderCallsStatsService$LifeCycle took to complete: 0ms
08-23 17:43:00.521 1082 1082 I SystemServerTiming: OnBootPhase_520_com.android.server.LooperStatsService$Lifecycle
08-23 17:43:00.521 1082 1082 D SystemServerTiming: OnBootPhase_520_com.android.server.LooperStatsService$Lifecycle took to complete: 0ms
08-23 17:43:00.521 1082 1082 I SystemServerTiming: OnBootPhase_520_com.android.server.rollback.RollbackManagerService
08-23 17:43:00.521 1082 1082 D SystemServerTiming: OnBootPhase_520_com.android.server.rollback.RollbackManagerService took to complete: 0ms
08-23 17:43:00.521 1082 1082 I SystemServerTiming: OnBootPhase_520_com.android.server.os.NativeTombstoneManagerService
08-23 17:43:00.521 1082 1082 D SystemServerTiming: OnBootPhase_520_com.android.server.os.NativeTombstoneManagerService took to complete: 0ms
08-23 17:43:00.521 1082 1082 I SystemServerTiming: OnBootPhase_520_com.android.server.os.BugreportManagerService
08-23 17:43:00.521 1082 1082 D SystemServerTiming: OnBootPhase_520_com.android.server.os.BugreportManagerService took to complete: 0ms
08-23 17:43:00.521 1082 1082 I SystemServerTiming: OnBootPhase_520_com.android.server.gpu.GpuService
08-23 17:43:00.521 1082 1082 D SystemServerTiming: OnBootPhase_520_com.android.server.gpu.GpuService took to complete: 0ms
08-23 17:43:00.521 1082 1082 I SystemServerTiming: OnBootPhase_520_com.android.server.security.KeyChainSystemService
08-23 17:43:00.521 1082 1082 D SystemServerTiming: OnBootPhase_520_com.android.server.security.KeyChainSystemService took to complete: 0ms
08-23 17:43:00.521 1082 1082 I SystemServerTiming: OnBootPhase_520_com.android.server.telecom.TelecomLoaderService
08-23 17:43:00.521 1082 1082 D SystemServerTiming: OnBootPhase_520_com.android.server.telecom.TelecomLoaderService took to complete: 0ms
08-23 17:43:00.521 1082 1082 I SystemServerTiming: OnBootPhase_520_com.android.server.accounts.AccountManagerService$Lifecycle
08-23 17:43:00.522 1082 1082 D SystemServerTiming: OnBootPhase_520_com.android.server.accounts.AccountManagerService$Lifecycle took to complete: 0ms
08-23 17:43:00.522 1082 1082 I SystemServerTiming: OnBootPhase_520_com.android.server.content.ContentService$Lifecycle
08-23 17:43:00.522 1082 1082 D SystemServerTiming: OnBootPhase_520_com.android.server.content.ContentService$Lifecycle took to complete: 0ms
08-23 17:43:00.522 1082 1082 I SystemServerTiming: OnBootPhase_520_com.android.server.DropBoxManagerService
08-23 17:43:00.522 1082 1082 D SystemServerTiming: OnBootPhase_520_com.android.server.DropBoxManagerService took to complete: 0ms
08-23 17:43:00.522 1082 1082 I SystemServerTiming: OnBootPhase_520_com.android.role.RoleService
08-23 17:43:00.522 1082 1082 D SystemServerTiming: OnBootPhase_520_com.android.role.RoleService took to complete: 0ms
08-23 17:43:00.522 1082 1082 I SystemServerTiming: OnBootPhase_520_com.android.server.vibrator.VibratorManagerService$Lifecycle
08-23 17:43:00.522 1082 1082 D SystemServerTiming: OnBootPhase_520_com.android.server.vibrator.VibratorManagerService$Lifecycle took to complete: 0ms
08-23 17:43:00.522 1082 1082 I SystemServerTiming: OnBootPhase_520_com.android.server.alarm.AlarmManagerService
08-23 17:43:00.522 1082 1082 D SystemServerTiming: OnBootPhase_520_com.android.server.alarm.AlarmManagerService took to complete: 0ms
08-23 17:43:00.522 1082 1082 I SystemServerTiming: OnBootPhase_520_com.android.server.devicestate.DeviceStateManagerService
08-23 17:43:00.522 1082 1082 D SystemServerTiming: OnBootPhase_520_com.android.server.devicestate.DeviceStateManagerService took to complete: 0ms
08-23 17:43:00.522 1082 1082 I SystemServerTiming: OnBootPhase_520_com.android.server.camera.CameraServiceProxy
08-23 17:43:00.522 1082 1082 D SystemServerTiming: OnBootPhase_520_com.android.server.camera.CameraServiceProxy took to complete: 0ms
08-23 17:43:00.522 1082 1082 I SystemServerTiming: OnBootPhase_520_com.android.server.BluetoothService
08-23 17:43:00.522 1082 1082 D SystemServerTiming: OnBootPhase_520_com.android.server.BluetoothService took to complete: 0ms
08-23 17:43:00.522 1082 1082 I SystemServerTiming: OnBootPhase_520_com.android.server.connectivity.IpConnectivityMetrics
08-23 17:43:00.522 1082 1082 D SystemServerTiming: OnBootPhase_520_com.android.server.connectivity.IpConnectivityMetrics took to complete: 0ms
08-23 17:43:00.522 1082 1082 I SystemServerTiming: OnBootPhase_520_com.android.server.net.watchlist.NetworkWatchlistService$Lifecycle
08-23 17:43:00.523 1082 1082 D SystemServerTiming: OnBootPhase_520_com.android.server.net.watchlist.NetworkWatchlistService$Lifecycle took to complete: 0ms
08-23 17:43:00.523 1082 1082 I SystemServerTiming: OnBootPhase_520_com.android.server.PinnerService
08-23 17:43:00.523 1082 1082 D SystemServerTiming: OnBootPhase_520_com.android.server.PinnerService took to complete: 0ms
08-23 17:43:00.523 1082 1082 I SystemServerTiming: OnBootPhase_520_com.google.android.startop.iorap.IorapForwardingService
08-23 17:43:00.523 1082 1082 D SystemServerTiming: OnBootPhase_520_com.google.android.startop.iorap.IorapForwardingService took to complete: 0ms
08-23 17:43:00.523 1082 1082 I SystemServerTiming: OnBootPhase_520_com.android.server.ActivityTriggerService
08-23 17:43:00.523 1082 1082 D SystemServerTiming: OnBootPhase_520_com.android.server.ActivityTriggerService took to complete: 0ms
08-23 17:43:00.523 1082 1082 I SystemServerTiming: OnBootPhase_520_com.android.server.integrity.AppIntegrityManagerService
08-23 17:43:00.523 1082 1082 D SystemServerTiming: OnBootPhase_520_com.android.server.integrity.AppIntegrityManagerService took to complete: 0ms
08-23 17:43:00.523 1082 1082 I SystemServerTiming: OnBootPhase_520_com.android.server.inputmethod.InputMethodManagerService$Lifecycle
08-23 17:43:00.523 1082 1082 D SystemServerTiming: OnBootPhase_520_com.android.server.inputmethod.InputMethodManagerService$Lifecycle took to complete: 0ms
08-23 17:43:00.523 1082 1082 I SystemServerTiming: OnBootPhase_520_com.android.server.accessibility.AccessibilityManagerService$Lifecycle
08-23 17:43:00.523 1082 1082 D SystemServerTiming: OnBootPhase_520_com.android.server.accessibility.AccessibilityManagerService$Lifecycle took to complete: 0ms
08-23 17:43:00.523 1082 1082 I SystemServerTiming: OnBootPhase_520_com.android.server.StorageManagerService$Lifecycle
08-23 17:43:00.523 1082 1082 D SystemServerTiming: OnBootPhase_520_com.android.server.StorageManagerService$Lifecycle took to complete: 0ms
08-23 17:43:00.523 1082 1082 I SystemServerTiming: OnBootPhase_520_com.android.server.usage.StorageStatsService$Lifecycle
08-23 17:43:00.523 1082 1082 D SystemServerTiming: OnBootPhase_520_com.android.server.usage.StorageStatsService$Lifecycle took to complete: 0ms
08-23 17:43:00.523 1082 1082 I SystemServerTiming: OnBootPhase_520_com.android.server.UiModeManagerService
08-23 17:43:00.523 1082 1082 D SystemServerTiming: OnBootPhase_520_com.android.server.UiModeManagerService took to complete: 0ms
08-23 17:43:00.523 1082 1082 I SystemServerTiming: OnBootPhase_520_com.android.server.locksettings.LockSettingsService$Lifecycle
08-23 17:43:00.523 1082 1082 D SystemServerTiming: OnBootPhase_520_com.android.server.locksettings.LockSettingsService$Lifecycle took to complete: 0ms
08-23 17:43:00.524 1082 1082 I SystemServerTiming: OnBootPhase_520_com.android.server.PersistentDataBlockService
08-23 17:43:00.524 1082 1082 D SystemServerTiming: OnBootPhase_520_com.android.server.PersistentDataBlockService took to complete: 0ms
08-23 17:43:00.524 1082 1082 I SystemServerTiming: OnBootPhase_520_com.android.server.testharness.TestHarnessModeService
08-23 17:43:00.524 1082 1082 D SystemServerTiming: OnBootPhase_520_com.android.server.testharness.TestHarnessModeService took to complete: 0ms
08-23 17:43:00.524 1082 1082 I SystemServerTiming: OnBootPhase_520_com.android.server.oemlock.OemLockService
08-23 17:43:00.524 1082 1082 D SystemServerTiming: OnBootPhase_520_com.android.server.oemlock.OemLockService took to complete: 0ms
08-23 17:43:00.524 1082 1082 I SystemServerTiming: OnBootPhase_520_com.android.server.DeviceIdleController
08-23 17:43:00.524 1082 1082 D SystemServerTiming: OnBootPhase_520_com.android.server.DeviceIdleController took to complete: 0ms
08-23 17:43:00.524 1082 1082 I SystemServerTiming: OnBootPhase_520_com.android.server.devicepolicy.DevicePolicyManagerService$Lifecycle
08-23 17:43:00.524 1082 1082 D SystemServerTiming: OnBootPhase_520_com.android.server.devicepolicy.DevicePolicyManagerService$Lifecycle took to complete: 0ms
08-23 17:43:00.524 1082 1082 I SystemServerTiming: OnBootPhase_520_com.android.server.texttospeech.TextToSpeechManagerService
08-23 17:43:00.524 1082 1082 D SystemServerTiming: OnBootPhase_520_com.android.server.texttospeech.TextToSpeechManagerService took to complete: 0ms
08-23 17:43:00.524 1082 1082 I SystemServerTiming: OnBootPhase_520_com.android.server.speech.SpeechRecognitionManagerService
08-23 17:43:00.524 1082 1082 D SystemServerTiming: OnBootPhase_520_com.android.server.speech.SpeechRecognitionManagerService took to complete: 0ms
08-23 17:43:00.524 1082 1082 I SystemServerTiming: OnBootPhase_520_com.android.server.searchui.SearchUiManagerService
08-23 17:43:00.524 1082 1082 D SystemServerTiming: OnBootPhase_520_com.android.server.searchui.SearchUiManagerService took to complete: 0ms
08-23 17:43:00.524 1082 1082 I SystemServerTiming: OnBootPhase_520_com.android.server.smartspace.SmartspaceManagerService
08-23 17:43:00.524 1082 1082 D SystemServerTiming: OnBootPhase_520_com.android.server.smartspace.SmartspaceManagerService took to complete: 0ms
08-23 17:43:00.524 1082 1082 I SystemServerTiming: OnBootPhase_520_com.android.server.graphics.fonts.FontManagerService$Lifecycle
08-23 17:43:00.524 1082 1082 D SystemServerTiming: OnBootPhase_520_com.android.server.graphics.fonts.FontManagerService$Lifecycle took to complete: 0ms
08-23 17:43:00.525 1082 1082 I SystemServerTiming: OnBootPhase_520_com.android.server.textservices.TextServicesManagerService$Lifecycle
08-23 17:43:00.525 1082 1082 D SystemServerTiming: OnBootPhase_520_com.android.server.textservices.TextServicesManagerService$Lifecycle took to complete: 0ms
08-23 17:43:00.525 1082 1082 I SystemServerTiming: OnBootPhase_520_com.android.server.textclassifier.TextClassificationManagerService$Lifecycle
08-23 17:43:00.525 1082 1082 D SystemServerTiming: OnBootPhase_520_com.android.server.textclassifier.TextClassificationManagerService$Lifecycle took to complete: 0ms
08-23 17:43:00.525 1082 1082 I SystemServerTiming: OnBootPhase_520_com.android.server.NetworkScoreService$Lifecycle
08-23 17:43:00.527 1082 1082 D SystemServerTiming: OnBootPhase_520_com.android.server.NetworkScoreService$Lifecycle took to complete: 0ms
08-23 17:43:00.527 1082 1082 I SystemServerTiming: OnBootPhase_520_com.android.server.wifi.WifiService
08-23 17:43:00.527 1082 1082 D SystemServerTiming: OnBootPhase_520_com.android.server.wifi.WifiService took to complete: 0ms
08-23 17:43:00.527 1082 1082 I SystemServerTiming: OnBootPhase_520_com.android.server.wifi.scanner.WifiScanningService
08-23 17:43:00.527 1082 1082 D SystemServerTiming: OnBootPhase_520_com.android.server.wifi.scanner.WifiScanningService took to complete: 0ms
08-23 17:43:00.527 1082 1082 I SystemServerTiming: OnBootPhase_520_com.android.server.wifi.rtt.RttService
08-23 17:43:00.527 1082 1082 D SystemServerTiming: OnBootPhase_520_com.android.server.wifi.rtt.RttService took to complete: 0ms
08-23 17:43:00.528 1082 1082 I SystemServerTiming: OnBootPhase_520_com.android.server.wifi.aware.WifiAwareService
08-23 17:43:00.528 1082 1082 D SystemServerTiming: OnBootPhase_520_com.android.server.wifi.aware.WifiAwareService took to complete: 0ms
08-23 17:43:00.528 1082 1082 I SystemServerTiming: OnBootPhase_520_com.android.server.wifi.p2p.WifiP2pService
08-23 17:43:00.528 1082 1082 D SystemServerTiming: OnBootPhase_520_com.android.server.wifi.p2p.WifiP2pService took to complete: 0ms
08-23 17:43:00.528 1082 1082 I SystemServerTiming: OnBootPhase_520_com.android.server.ethernet.EthernetService
08-23 17:43:00.528 1082 1082 D SystemServerTiming: OnBootPhase_520_com.android.server.ethernet.EthernetService took to complete: 0ms
08-23 17:43:00.528 1082 1082 I SystemServerTiming: OnBootPhase_520_com.android.server.ConnectivityServiceInitializer
08-23 17:43:00.528 1082 1082 D SystemServerTiming: OnBootPhase_520_com.android.server.ConnectivityServiceInitializer took to complete: 0ms
08-23 17:43:00.528 1082 1082 I SystemServerTiming: OnBootPhase_520_com.android.server.notification.NotificationManagerService
08-23 17:43:00.528 1082 1082 D SystemServerTiming: OnBootPhase_520_com.android.server.notification.NotificationManagerService took to complete: 0ms
08-23 17:43:00.528 1082 1082 I SystemServerTiming: OnBootPhase_520_com.android.server.storage.DeviceStorageMonitorService
08-23 17:43:00.528 1082 1082 D SystemServerTiming: OnBootPhase_520_com.android.server.storage.DeviceStorageMonitorService took to complete: 0ms
08-23 17:43:00.528 1082 1082 I SystemServerTiming: OnBootPhase_520_com.android.server.location.LocationManagerService$Lifecycle
08-23 17:43:00.528 1082 1082 D SystemServerTiming: OnBootPhase_520_com.android.server.location.LocationManagerService$Lifecycle took to complete: 0ms
08-23 17:43:00.528 1082 1082 I SystemServerTiming: OnBootPhase_520_com.android.server.timedetector.TimeDetectorService$Lifecycle
08-23 17:43:00.528 1082 1082 D SystemServerTiming: OnBootPhase_520_com.android.server.timedetector.TimeDetectorService$Lifecycle took to complete: 0ms
08-23 17:43:00.528 1082 1082 I SystemServerTiming: OnBootPhase_520_com.android.server.timezonedetector.TimeZoneDetectorService$Lifecycle
08-23 17:43:00.528 1082 1082 D SystemServerTiming: OnBootPhase_520_com.android.server.timezonedetector.TimeZoneDetectorService$Lifecycle took to complete: 0ms
08-23 17:43:00.528 1082 1082 I SystemServerTiming: OnBootPhase_520_com.android.server.timezonedetector.location.LocationTimeZoneManagerService$Lifecycle
08-23 17:43:00.529 1082 1082 D SystemServerTiming: OnBootPhase_520_com.android.server.timezonedetector.location.LocationTimeZoneManagerService$Lifecycle took to complete: 0ms
08-23 17:43:00.529 1082 1082 I SystemServerTiming: OnBootPhase_520_com.android.server.search.SearchManagerService$Lifecycle
08-23 17:43:00.529 1082 1082 D SystemServerTiming: OnBootPhase_520_com.android.server.search.SearchManagerService$Lifecycle took to complete: 0ms
08-23 17:43:00.529 1082 1082 I SystemServerTiming: OnBootPhase_520_com.android.server.wallpaper.WallpaperManagerService$Lifecycle
08-23 17:43:00.529 1082 1082 D SystemServerTiming: OnBootPhase_520_com.android.server.wallpaper.WallpaperManagerService$Lifecycle took to complete: 0ms
08-23 17:43:00.529 1082 1082 I SystemServerTiming: OnBootPhase_520_com.android.server.audio.AudioService$Lifecycle
08-23 17:43:00.529 1082 1082 D SystemServerTiming: OnBootPhase_520_com.android.server.audio.AudioService$Lifecycle took to complete: 0ms
08-23 17:43:00.529 1082 1082 I SystemServerTiming: OnBootPhase_520_com.android.server.soundtrigger_middleware.SoundTriggerMiddlewareService$Lifecycle
08-23 17:43:00.529 1082 1082 D SystemServerTiming: OnBootPhase_520_com.android.server.soundtrigger_middleware.SoundTriggerMiddlewareService$Lifecycle took to complete: 0ms
08-23 17:43:00.529 1082 1082 I SystemServerTiming: OnBootPhase_520_com.android.server.DockObserver
08-23 17:43:00.529 1082 1082 D SystemServerTiming: OnBootPhase_520_com.android.server.DockObserver took to complete: 0ms
08-23 17:43:00.529 1082 1082 I SystemServerTiming: OnBootPhase_520_com.android.server.midi.MidiService$Lifecycle
08-23 17:43:00.529 1082 1082 D SystemServerTiming: OnBootPhase_520_com.android.server.midi.MidiService$Lifecycle took to complete: 0ms
08-23 17:43:00.529 1082 1082 I SystemServerTiming: OnBootPhase_520_com.android.server.adb.AdbService$Lifecycle
08-23 17:43:00.529 1082 1082 D SystemServerTiming: OnBootPhase_520_com.android.server.adb.AdbService$Lifecycle took to complete: 0ms
08-23 17:43:00.529 1082 1082 I SystemServerTiming: OnBootPhase_520_com.android.server.usb.UsbService$Lifecycle
08-23 17:43:00.529 1082 1082 D SystemServerTiming: OnBootPhase_520_com.android.server.usb.UsbService$Lifecycle took to complete: 0ms
08-23 17:43:00.529 1082 1082 I SystemServerTiming: OnBootPhase_520_com.android.server.twilight.TwilightService
08-23 17:43:00.529 1082 1082 D SystemServerTiming: OnBootPhase_520_com.android.server.twilight.TwilightService took to complete: 0ms
08-23 17:43:00.530 1082 1082 I SystemServerTiming: OnBootPhase_520_com.android.server.display.color.ColorDisplayService
08-23 17:43:00.530 1082 1082 D SystemServerTiming: OnBootPhase_520_com.android.server.display.color.ColorDisplayService took to complete: 0ms
08-23 17:43:00.530 1082 1082 I SystemServerTiming: OnBootPhase_520_com.android.server.job.JobSchedulerService
08-23 17:43:00.530 1082 1082 D SystemServerTiming: OnBootPhase_520_com.android.server.job.JobSchedulerService took to complete: 0ms
08-23 17:43:00.530 1082 1082 I SystemServerTiming: OnBootPhase_520_com.android.server.soundtrigger.SoundTriggerService
08-23 17:43:00.530 1082 1082 D SoundTriggerService: onBootPhase: 520 : false
08-23 17:43:00.530 1082 1082 D SystemServerTiming: OnBootPhase_520_com.android.server.soundtrigger.SoundTriggerService took to complete: 0ms
08-23 17:43:00.530 1082 1082 I SystemServerTiming: OnBootPhase_520_com.android.server.trust.TrustManagerService
08-23 17:43:00.530 1082 1082 D SystemServerTiming: OnBootPhase_520_com.android.server.trust.TrustManagerService took to complete: 0ms
08-23 17:43:00.530 1082 1082 I SystemServerTiming: OnBootPhase_520_com.android.server.backup.BackupManagerService$Lifecycle
08-23 17:43:00.530 1082 1082 D SystemServerTiming: OnBootPhase_520_com.android.server.backup.BackupManagerService$Lifecycle took to complete: 0ms
08-23 17:43:00.530 1082 1082 I SystemServerTiming: OnBootPhase_520_com.android.server.appwidget.AppWidgetService
08-23 17:43:00.530 1082 1082 D SystemServerTiming: OnBootPhase_520_com.android.server.appwidget.AppWidgetService took to complete: 0ms
08-23 17:43:00.530 1082 1082 I SystemServerTiming: OnBootPhase_520_com.android.server.voiceinteraction.VoiceInteractionManagerService
08-23 17:43:00.530 1082 1082 D SystemServerTiming: OnBootPhase_520_com.android.server.voiceinteraction.VoiceInteractionManagerService took to complete: 0ms
08-23 17:43:00.530 1082 1082 I SystemServerTiming: OnBootPhase_520_com.android.server.apphibernation.AppHibernationService
08-23 17:43:00.530 1082 1082 D SystemServerTiming: OnBootPhase_520_com.android.server.apphibernation.AppHibernationService took to complete: 0ms
08-23 17:43:00.530 1082 1082 I SystemServerTiming: OnBootPhase_520_com.android.server.GestureLauncherService
08-23 17:43:00.530 1082 1082 D SystemServerTiming: OnBootPhase_520_com.android.server.GestureLauncherService took to complete: 0ms
08-23 17:43:00.530 1082 1082 I SystemServerTiming: OnBootPhase_520_com.android.server.SensorNotificationService
08-23 17:43:00.530 1082 1082 D SystemServerTiming: OnBootPhase_520_com.android.server.SensorNotificationService took to complete: 0ms
08-23 17:43:00.531 1082 1082 I SystemServerTiming: OnBootPhase_520_com.android.server.emergency.EmergencyAffordanceService
08-23 17:43:00.531 1082 1082 D SystemServerTiming: OnBootPhase_520_com.android.server.emergency.EmergencyAffordanceService took to complete: 0ms
08-23 17:43:00.531 1082 1082 I SystemServerTiming: OnBootPhase_520_com.android.server.blob.BlobStoreManagerService
08-23 17:43:00.531 1082 1082 D SystemServerTiming: OnBootPhase_520_com.android.server.blob.BlobStoreManagerService took to complete: 0ms
08-23 17:43:00.531 1082 1082 I SystemServerTiming: OnBootPhase_520_com.android.server.dreams.DreamManagerService
08-23 17:43:00.531 1082 1082 D SystemServerTiming: OnBootPhase_520_com.android.server.dreams.DreamManagerService took to complete: 0ms
08-23 17:43:00.531 1082 1082 I SystemServerTiming: OnBootPhase_520_com.android.server.companion.CompanionDeviceManagerService
08-23 17:43:00.531 1082 1082 D SystemServerTiming: OnBootPhase_520_com.android.server.companion.CompanionDeviceManagerService took to complete: 0ms
08-23 17:43:00.531 1082 1082 I SystemServerTiming: OnBootPhase_520_com.android.server.restrictions.RestrictionsManagerService
08-23 17:43:00.531 1082 1082 D SystemServerTiming: OnBootPhase_520_com.android.server.restrictions.RestrictionsManagerService took to complete: 0ms
08-23 17:43:00.531 1082 1082 I SystemServerTiming: OnBootPhase_520_com.android.server.media.MediaSessionService
08-23 17:43:00.531 1082 1082 D SystemServerTiming: OnBootPhase_520_com.android.server.media.MediaSessionService took to complete: 0ms
08-23 17:43:00.531 1082 1082 I SystemServerTiming: OnBootPhase_520_com.android.server.media.MediaResourceMonitorService
08-23 17:43:00.531 1082 1082 D SystemServerTiming: OnBootPhase_520_com.android.server.media.MediaResourceMonitorService took to complete: 0ms
08-23 17:43:00.531 1082 1082 I SystemServerTiming: OnBootPhase_520_com.android.server.biometrics.sensors.fingerprint.FingerprintService
08-23 17:43:00.531 1082 1082 D SystemServerTiming: OnBootPhase_520_com.android.server.biometrics.sensors.fingerprint.FingerprintService took to complete: 0ms
08-23 17:43:00.531 1082 1082 I SystemServerTiming: OnBootPhase_520_com.android.server.biometrics.BiometricService
08-23 17:43:00.531 1082 1082 D SystemServerTiming: OnBootPhase_520_com.android.server.biometrics.BiometricService took to complete: 0ms
08-23 17:43:00.531 1082 1082 I SystemServerTiming: OnBootPhase_520_com.android.server.biometrics.AuthService
08-23 17:43:00.531 1082 1082 D SystemServerTiming: OnBootPhase_520_com.android.server.biometrics.AuthService took to complete: 0ms
08-23 17:43:00.532 1082 1082 I SystemServerTiming: OnBootPhase_520_com.android.server.pm.ShortcutService$Lifecycle
08-23 17:43:00.532 1082 1082 D SystemServerTiming: OnBootPhase_520_com.android.server.pm.ShortcutService$Lifecycle took to complete: 0ms
08-23 17:43:00.532 1082 1082 I SystemServerTiming: OnBootPhase_520_com.android.server.pm.LauncherAppsService
08-23 17:43:00.532 1082 1082 D SystemServerTiming: OnBootPhase_520_com.android.server.pm.LauncherAppsService took to complete: 0ms
08-23 17:43:00.532 1082 1082 I SystemServerTiming: OnBootPhase_520_com.android.server.pm.CrossProfileAppsService
08-23 17:43:00.532 1082 1082 D SystemServerTiming: OnBootPhase_520_com.android.server.pm.CrossProfileAppsService took to complete: 0ms
08-23 17:43:00.532 1082 1082 I SystemServerTiming: OnBootPhase_520_com.android.server.people.PeopleService
08-23 17:43:00.532 1082 1082 D SystemServerTiming: OnBootPhase_520_com.android.server.people.PeopleService took to complete: 0ms
08-23 17:43:00.532 1082 1082 I SystemServerTiming: OnBootPhase_520_com.android.server.media.metrics.MediaMetricsManagerService
08-23 17:43:00.532 1082 1082 D SystemServerTiming: OnBootPhase_520_com.android.server.media.metrics.MediaMetricsManagerService took to complete: 0ms
08-23 17:43:00.532 1082 1082 I SystemServerTiming: OnBootPhase_520_com.android.server.media.projection.MediaProjectionManagerService
08-23 17:43:00.532 1082 1082 D SystemServerTiming: OnBootPhase_520_com.android.server.media.projection.MediaProjectionManagerService took to complete: 0ms
08-23 17:43:00.532 1082 1082 I SystemServerTiming: OnBootPhase_520_com.android.server.slice.SliceManagerService$Lifecycle
08-23 17:43:00.532 1082 1082 D SystemServerTiming: OnBootPhase_520_com.android.server.slice.SliceManagerService$Lifecycle took to complete: 0ms
08-23 17:43:00.532 1082 1082 I SystemServerTiming: OnBootPhase_520_com.android.server.stats.StatsCompanion$Lifecycle
08-23 17:43:00.532 1082 1082 D SystemServerTiming: OnBootPhase_520_com.android.server.stats.StatsCompanion$Lifecycle took to complete: 0ms
08-23 17:43:00.532 1082 1082 I SystemServerTiming: OnBootPhase_520_com.android.server.scheduling.RebootReadinessManagerService$Lifecycle
08-23 17:43:00.532 1082 1082 D SystemServerTiming: OnBootPhase_520_com.android.server.scheduling.RebootReadinessManagerService$Lifecycle took to complete: 0ms
08-23 17:43:00.532 1082 1082 I SystemServerTiming: OnBootPhase_520_com.android.server.stats.pull.StatsPullAtomService
08-23 17:43:00.532 1082 1082 D SystemServerTiming: OnBootPhase_520_com.android.server.stats.pull.StatsPullAtomService took to complete: 0ms
08-23 17:43:00.532 1082 1082 I SystemServerTiming: OnBootPhase_520_com.android.server.incident.IncidentCompanionService
08-23 17:43:00.533 1082 1082 D SystemServerTiming: OnBootPhase_520_com.android.server.incident.IncidentCompanionService took to complete: 0ms
08-23 17:43:00.533 1082 1082 I SystemServerTiming: OnBootPhase_520_com.android.server.MmsServiceBroker
08-23 17:43:00.533 1082 1082 D SystemServerTiming: OnBootPhase_520_com.android.server.MmsServiceBroker took to complete: 0ms
08-23 17:43:00.533 1082 1082 I SystemServerTiming: OnBootPhase_520_com.android.server.autofill.AutofillManagerService
08-23 17:43:00.533 1082 1082 D SystemServerTiming: OnBootPhase_520_com.android.server.autofill.AutofillManagerService took to complete: 0ms
08-23 17:43:00.533 1082 1082 I SystemServerTiming: OnBootPhase_520_com.android.server.clipboard.ClipboardService
08-23 17:43:00.533 1082 1082 D SystemServerTiming: OnBootPhase_520_com.android.server.clipboard.ClipboardService took to complete: 0ms
08-23 17:43:00.533 1082 1082 I SystemServerTiming: OnBootPhase_520_com.android.server.appbinding.AppBindingService$Lifecycle
08-23 17:43:00.533 1082 1082 D SystemServerTiming: OnBootPhase_520_com.android.server.appbinding.AppBindingService$Lifecycle took to complete: 0ms
08-23 17:43:00.533 1082 1082 I SystemServerTiming: OnBootPhase_520_com.android.server.tracing.TracingServiceProxy
08-23 17:43:00.534 1082 1082 D SystemServerTiming: OnBootPhase_520_com.android.server.tracing.TracingServiceProxy took to complete: 0ms
08-23 17:43:00.534 1082 1082 I SystemServerTiming: OnBootPhase_520_com.android.server.policy.PermissionPolicyService
08-23 17:43:00.534 1082 1082 D SystemServerTiming: OnBootPhase_520_com.android.server.policy.PermissionPolicyService took to complete: 0ms
08-23 17:43:00.534 1082 1082 I SystemServerTiming: OnBootPhase_520_com.android.server.pm.StagingManager$Lifecycle
08-23 17:43:00.534 1082 1082 D SystemServerTiming: OnBootPhase_520_com.android.server.pm.StagingManager$Lifecycle took to complete: 0ms
08-23 17:43:00.534 1082 1082 I SystemServerTiming: OnBootPhase_520_com.android.server.app.GameManagerService$Lifecycle
08-23 17:43:00.534 1082 1082 D SystemServerTiming: OnBootPhase_520_com.android.server.app.GameManagerService$Lifecycle took to complete: 0ms
08-23 17:43:00.534 1082 1082 D SystemServerTiming: OnBootPhase_520 took to complete: 16ms
08-23 17:43:00.534 1082 1082 D SystemServerTiming: StartBootPhaseDeviceSpecificServicesReady took to complete: 16ms
08-23 17:43:00.534 1082 1082 I SystemServerTiming: AppSearchManagerService
08-23 17:43:00.542 1082 1082 I SystemServiceManager: Starting com.android.server.appsearch.AppSearchManagerService
08-23 17:43:00.545 1082 1082 D SystemServerTiming: AppSearchManagerService took to complete: 10ms
08-23 17:43:00.545 1082 1082 I SystemServerTiming: StartMediaCommunicationService
08-23 17:43:00.546 1082 1082 I SystemServiceManager: Starting com.android.server.media.MediaCommunicationService
08-23 17:43:00.548 1082 1082 D SystemServerTiming: StartMediaCommunicationService took to complete: 3ms
08-23 17:43:00.548 1082 1082 I SystemServerTiming: PhaseActivityManagerReady
08-23 17:43:00.548 1082 1082 I SystemServerTiming: controllersReady
08-23 17:43:00.557 1082 1659 I SystemServerTimingAsync: InitThreadPoolExec:Update app-ops uidState in case package com.android.providers.media.module changed
08-23 17:43:00.557 1082 1659 D SystemServerInitThreadPool: Started executing Update app-ops uidState in case package com.android.providers.media.module changed
08-23 17:43:00.558 1082 1685 I SystemServerTimingAsync: InitThreadPoolExec:Update app-ops uidState in case package com.qualcomm.qtil.aptxui changed
08-23 17:43:00.558 1082 1685 D SystemServerInitThreadPool: Started executing Update app-ops uidState in case package com.qualcomm.qtil.aptxui changed
08-23 17:43:00.558 1082 1716 I SystemServerTimingAsync: InitThreadPoolExec:Update app-ops uidState in case package com.qualcomm.qti.workloadclassifier changed
08-23 17:43:00.558 1082 1716 D SystemServerInitThreadPool: Started executing Update app-ops uidState in case package com.qualcomm.qti.workloadclassifier changed
08-23 17:43:00.558 1082 1530 I SystemServerTimingAsync: InitThreadPoolExec:Update app-ops uidState in case package com.android.launcher3 changed
08-23 17:43:00.558 1082 1720 I SystemServerTimingAsync: InitThreadPoolExec:Update app-ops uidState in case package com.android.systemui changed
08-23 17:43:00.558 1082 1189 I SystemServerTimingAsync: InitThreadPoolExec:Update app-ops uidState in case package com.qti.ltebc changed
08-23 17:43:00.558 1082 1720 D SystemServerInitThreadPool: Started executing Update app-ops uidState in case package com.android.systemui changed
08-23 17:43:00.559 1082 1658 I SystemServerTimingAsync: InitThreadPoolExec:Update app-ops uidState in case package com.qualcomm.location changed
08-23 17:43:00.559 1082 1685 D SystemServerInitThreadPool: Finished executing Update app-ops uidState in case package com.qualcomm.qtil.aptxui changed
08-23 17:43:00.559 1082 1189 D SystemServerInitThreadPool: Started executing Update app-ops uidState in case package com.qti.ltebc changed
08-23 17:43:00.559 1082 1631 I SystemServerTimingAsync: InitThreadPoolExec:Update app-ops uidState in case package com.android.inputmethod.latin changed
08-23 17:43:00.559 1082 1189 D SystemServerInitThreadPool: Finished executing Update app-ops uidState in case package com.qti.ltebc changed
08-23 17:43:00.559 1082 1659 D SystemServerInitThreadPool: Finished executing Update app-ops uidState in case package com.android.providers.media.module changed
08-23 17:43:00.560 1082 1189 D SystemServerTimingAsync: InitThreadPoolExec:Update app-ops uidState in case package com.qti.ltebc changed took to complete: 1ms
08-23 17:43:00.560 1082 1685 D SystemServerTimingAsync: InitThreadPoolExec:Update app-ops uidState in case package com.qualcomm.qtil.aptxui changed took to complete: 2ms
08-23 17:43:00.560 1082 1189 I SystemServerTimingAsync: InitThreadPoolExec:Update app-ops uidState in case package com.android.deskclock changed
08-23 17:43:00.560 1082 1189 D SystemServerInitThreadPool: Started executing Update app-ops uidState in case package com.android.deskclock changed
08-23 17:43:00.560 1082 1189 D SystemServerInitThreadPool: Finished executing Update app-ops uidState in case package com.android.deskclock changed
08-23 17:43:00.561 1082 1189 D SystemServerTimingAsync: InitThreadPoolExec:Update app-ops uidState in case package com.android.deskclock changed took to complete: 0ms
08-23 17:43:00.561 1082 1189 I SystemServerTimingAsync: InitThreadPoolExec:Update app-ops uidState in case package com.android.providers.contacts changed
08-23 17:43:00.561 1082 1189 D SystemServerInitThreadPool: Started executing Update app-ops uidState in case package com.android.providers.contacts changed
08-23 17:43:00.561 1082 1189 D SystemServerInitThreadPool: Finished executing Update app-ops uidState in case package com.android.providers.contacts changed
08-23 17:43:00.562 1082 1082 D SystemServerTiming: controllersReady took to complete: 11ms
08-23 17:43:00.562 1082 1658 D SystemServerInitThreadPool: Started executing Update app-ops uidState in case package com.qualcomm.location changed
08-23 17:43:00.562 1082 1658 D SystemServerInitThreadPool: Finished executing Update app-ops uidState in case package com.qualcomm.location changed
08-23 17:43:00.562 1082 1658 D SystemServerTimingAsync: InitThreadPoolExec:Update app-ops uidState in case package com.qualcomm.location changed took to complete: 4ms
08-23 17:43:00.562 1082 1658 I SystemServerTimingAsync: InitThreadPoolExec:Update app-ops uidState in case package com.android.providers.calendar changed
08-23 17:43:00.562 1082 1658 D SystemServerInitThreadPool: Started executing Update app-ops uidState in case package com.android.providers.calendar changed
08-23 17:43:00.562 1082 1658 D SystemServerInitThreadPool: Finished executing Update app-ops uidState in case package com.android.providers.calendar changed
08-23 17:43:00.562 1082 1658 D SystemServerTimingAsync: InitThreadPoolExec:Update app-ops uidState in case package com.android.providers.calendar changed took to complete: 0ms
08-23 17:43:00.562 1082 1658 I SystemServerTimingAsync: InitThreadPoolExec:Update app-ops uidState in case package com.android.soundpicker changed
08-23 17:43:00.562 1082 1658 D SystemServerInitThreadPool: Started executing Update app-ops uidState in case package com.android.soundpicker changed
08-23 17:43:00.562 1082 1658 D SystemServerInitThreadPool: Finished executing Update app-ops uidState in case package com.android.soundpicker changed
08-23 17:43:00.562 1082 1658 D SystemServerTimingAsync: InitThreadPoolExec:Update app-ops uidState in case package com.android.soundpicker changed took to complete: 0ms
08-23 17:43:00.562 1082 1658 I SystemServerTimingAsync: InitThreadPoolExec:Update app-ops uidState in case package com.android.shell changed
08-23 17:43:00.563 1082 1658 D SystemServerInitThreadPool: Started executing Update app-ops uidState in case package com.android.shell changed
08-23 17:43:00.563 1082 1658 D SystemServerInitThreadPool: Finished executing Update app-ops uidState in case package com.android.shell changed
08-23 17:43:00.563 1082 1658 D SystemServerTimingAsync: InitThreadPoolExec:Update app-ops uidState in case package com.android.shell changed took to complete: 0ms
08-23 17:43:00.563 1082 1658 I SystemServerTimingAsync: InitThreadPoolExec:Update app-ops uidState in case package com.android.bluetooth changed
08-23 17:43:00.563 1082 1658 D SystemServerInitThreadPool: Started executing Update app-ops uidState in case package com.android.bluetooth changed
08-23 17:43:00.563 1082 1658 D SystemServerInitThreadPool: Finished executing Update app-ops uidState in case package com.android.bluetooth changed
08-23 17:43:00.563 1082 1658 D SystemServerTimingAsync: InitThreadPoolExec:Update app-ops uidState in case package com.android.bluetooth changed took to complete: 0ms
08-23 17:43:00.563 1082 1658 I SystemServerTimingAsync: InitThreadPoolExec:Update app-ops uidState in case package android changed
08-23 17:43:00.563 1082 1658 D SystemServerInitThreadPool: Started executing Update app-ops uidState in case package android changed
08-23 17:43:00.563 1082 1658 D SystemServerInitThreadPool: Finished executing Update app-ops uidState in case package android changed
08-23 17:43:00.563 1082 1658 D SystemServerTimingAsync: InitThreadPoolExec:Update app-ops uidState in case package android changed took to complete: 0ms
08-23 17:43:00.563 1082 1658 I SystemServerTimingAsync: InitThreadPoolExec:Update app-ops uidState in case package com.android.server.telecom changed
08-23 17:43:00.563 1082 1658 D SystemServerInitThreadPool: Started executing Update app-ops uidState in case package com.android.server.telecom changed
08-23 17:43:00.563 1082 1658 D SystemServerInitThreadPool: Finished executing Update app-ops uidState in case package com.android.server.telecom changed
08-23 17:43:00.563 1082 1658 D SystemServerTimingAsync: InitThreadPoolExec:Update app-ops uidState in case package com.android.server.telecom changed took to complete: 0ms
08-23 17:43:00.563 1082 1658 I SystemServerTimingAsync: InitThreadPoolExec:Update app-ops uidState in case package com.android.settings changed
08-23 17:43:00.563 1082 1658 D SystemServerInitThreadPool: Started executing Update app-ops uidState in case package com.android.settings changed
08-23 17:43:00.564 1082 1658 D SystemServerInitThreadPool: Finished executing Update app-ops uidState in case package com.android.settings changed
08-23 17:43:00.564 1082 1658 D SystemServerTimingAsync: InitThreadPoolExec:Update app-ops uidState in case package com.android.settings changed took to complete: 0ms
08-23 17:43:00.564 1082 1082 I SystemServerTiming: killProcesses
08-23 17:43:00.564 1082 1082 D SystemServerTiming: killProcesses took to complete: 1ms
08-23 17:43:00.564 1082 1082 I ActivityManager: System now ready
08-23 17:43:00.564 1082 1082 I SystemServerTiming: updateTopComponentForFactoryTest
08-23 17:43:00.564 1082 1082 D SystemServerTiming: updateTopComponentForFactoryTest took to complete: 0ms
08-23 17:43:00.564 1082 1082 I SystemServerTiming: registerActivityLaunchObserver
08-23 17:43:00.564 1082 1082 D SystemServerTiming: registerActivityLaunchObserver took to complete: 0ms
08-23 17:43:00.564 1082 1082 I SystemServerTiming: watchDeviceProvisioning
08-23 17:43:00.567 1082 1716 D SystemServerInitThreadPool: Finished executing Update app-ops uidState in case package com.qualcomm.qti.workloadclassifier changed
08-23 17:43:00.568 1082 1716 D SystemServerTimingAsync: InitThreadPoolExec:Update app-ops uidState in case package com.qualcomm.qti.workloadclassifier changed took to complete: 10ms
08-23 17:43:00.568 1082 1685 I SystemServerTimingAsync: InitThreadPoolExec:Update app-ops uidState in case package com.android.providers.userdictionary changed
08-23 17:43:00.568 1082 1530 D SystemServerInitThreadPool: Started executing Update app-ops uidState in case package com.android.launcher3 changed
08-23 17:43:00.568 1082 1720 D SystemServerInitThreadPool: Finished executing Update app-ops uidState in case package com.android.systemui changed
08-23 17:43:00.568 1082 1720 D SystemServerTimingAsync: InitThreadPoolExec:Update app-ops uidState in case package com.android.systemui changed took to complete: 10ms
08-23 17:43:00.568 1082 1631 D SystemServerInitThreadPool: Started executing Update app-ops uidState in case package com.android.inputmethod.latin changed
08-23 17:43:00.568 1082 1631 D SystemServerInitThreadPool: Finished executing Update app-ops uidState in case package com.android.inputmethod.latin changed
08-23 17:43:00.568 1082 1631 D SystemServerTimingAsync: InitThreadPoolExec:Update app-ops uidState in case package com.android.inputmethod.latin changed took to complete: 9ms
08-23 17:43:00.568 1082 1659 D SystemServerTimingAsync: InitThreadPoolExec:Update app-ops uidState in case package com.android.providers.media.module changed took to complete: 2ms
08-23 17:43:00.568 1082 1685 D SystemServerInitThreadPool: Started executing Update app-ops uidState in case package com.android.providers.userdictionary changed
08-23 17:43:00.569 1082 1530 D SystemServerInitThreadPool: Finished executing Update app-ops uidState in case package com.android.launcher3 changed
08-23 17:43:00.569 1082 1530 D SystemServerTimingAsync: InitThreadPoolExec:Update app-ops uidState in case package com.android.launcher3 changed took to complete: 10ms
08-23 17:43:00.569 1082 1685 D SystemServerInitThreadPool: Finished executing Update app-ops uidState in case package com.android.providers.userdictionary changed
08-23 17:43:00.569 1082 1685 D SystemServerTimingAsync: InitThreadPoolExec:Update app-ops uidState in case package com.android.providers.userdictionary changed took to complete: 2ms
08-23 17:43:00.569 1082 1189 D SystemServerTimingAsync: InitThreadPoolExec:Update app-ops uidState in case package com.android.providers.contacts changed took to complete: 0ms
08-23 17:43:00.580 1082 1082 D SystemServerTiming: watchDeviceProvisioning took to complete: 16ms
08-23 17:43:00.580 1082 1082 I SystemServerTiming: retrieveSettings
08-23 17:43:00.583 1082 1082 I ActivityTaskManager: Config changes=10000000 {1.0 ?mcc?mnc [zh_CN] ldltr sw680dp w1586dp h608dp 240dpi lrg long land finger -keyb/v/h -nav/h winConfig={ mBounds=Rect(0, 0 - 2380, 1020) mAppBounds=Rect(0, 0 - 2380, 948) mMaxBounds=Rect(0, 0 - 2380, 1020) mWindowingMode=fullscreen mDisplayWindowingMode=fullscreen mActivityType=undefined mAlwaysOnTop=undefined mRotation=ROTATION_0} s.8 fontWeightAdjustment=0}
08-23 17:43:00.584 1082 1082 I WindowManager: Override config changes=10000000 {1.0 ?mcc?mnc [zh_CN] ldltr sw680dp w1586dp h608dp 240dpi lrg long land finger -keyb/v/h -nav/h winConfig={ mBounds=Rect(0, 0 - 2380, 1020) mAppBounds=Rect(0, 0 - 2380, 948) mMaxBounds=Rect(0, 0 - 2380, 1020) mWindowingMode=fullscreen mDisplayWindowingMode=fullscreen mActivityType=undefined mAlwaysOnTop=undefined mRotation=ROTATION_0} s.8 fontWeightAdjustment=0} for displayId=0
08-23 17:43:00.586 1082 1082 D SystemServerTiming: retrieveSettings took to complete: 6ms
08-23 17:43:00.586 1082 1082 I SystemServerTiming: Ugm.onSystemReady
08-23 17:43:00.587 1082 1082 D SystemServerTiming: Ugm.onSystemReady took to complete: 1ms
08-23 17:43:00.587 1082 1082 I SystemServerTiming: updateForceBackgroundCheck
08-23 17:43:00.587 1082 1082 D SystemServerTiming: updateForceBackgroundCheck took to complete: 0ms
08-23 17:43:00.587 1082 1082 I SystemServer: Making services ready
08-23 17:43:00.587 1082 1082 I SystemServerTiming: StartActivityManagerReadyPhase
08-23 17:43:00.587 1082 1082 I SystemServiceManager: Starting phase 550
08-23 17:43:00.587 1082 1082 I SystemServerTiming: OnBootPhase_550
08-23 17:43:00.587 1082 1082 I SystemServerTiming: OnBootPhase_550_com.android.server.security.FileIntegrityService
08-23 17:43:00.587 1082 1082 D SystemServerTiming: OnBootPhase_550_com.android.server.security.FileIntegrityService took to complete: 0ms
