08-23 17:43:09.981 1082 1210 W ActivityManager: Slow operation: 55ms so far, now at startProcess: done updating battery stats
08-23 17:43:09.981 1082 1210 W ActivityManager: Slow operation: 55ms so far, now at startProcess: building log message
08-23 17:43:09.981 1082 1210 I ActivityManager: Start proc 3289:android.process.media/u0a19 for content provider {com.android.providers.downloads/com.android.providers.downloads.DownloadProvider}
08-23 17:43:09.981 1082 1210 W ActivityManager: Slow operation: 55ms so far, now at startProcess: starting to update pids map
08-23 17:43:09.982 1082 1210 W ActivityManager: Slow operation: 55ms so far, now at startProcess: done updating pids map
08-23 17:43:09.986 1082 1700 D TelephonyRegistry: listen oscl: mHasNotifySubscriptionInfoChangedOccurred==false no callback
08-23 17:43:09.989 1082 2795 I BackupManagerService: [UserID:0] Found 17 stale backup journal(s), scheduling.
08-23 17:43:09.993 1082 2795 V BackupManagerConstants: getKeyValueBackupIntervalMilliseconds(...) returns 14400000
08-23 17:43:09.993 1082 2795 V BackupManagerConstants: getKeyValueBackupFuzzMilliseconds(...) returns 600000
08-23 17:43:09.993 1082 2795 V BackupManagerConstants: getKeyValueBackupRequiredNetworkType(...) returns 1
08-23 17:43:09.993 1082 2795 V BackupManagerConstants: getKeyValueBackupRequireCharging(...) returns true
08-23 17:43:09.993 1082 2795 V KeyValueBackupJob: Scheduling k/v pass in 244 minutes
08-23 17:43:09.999 1082 1700 I ActivityManager: Process com.qualcomm.qti.devicestatisticsservice (pid 2257) has died: pers PER
08-23 17:43:10.005 1082 1700 W ActivityManager: Scheduling restart of crashed service com.qualcomm.qti.devicestatisticsservice/.DeviceStatisticsService in 0ms for persistent
08-23 17:43:10.007 1082 1700 W ActivityManager: Re-adding persistent process ProcessRecord{2038a67 2257:com.qualcomm.qti.devicestatisticsservice/u0a65}
08-23 17:43:10.008 1082 1700 D CompatibilityChangeReporter: Compat change id reported: 135634846; UID 10065; state: DISABLED
08-23 17:43:10.009 1082 1700 D CompatibilityChangeReporter: Compat change id reported: 177438394; UID 10065; state: DISABLED
08-23 17:43:10.009 1082 1700 D CompatibilityChangeReporter: Compat change id reported: 135772972; UID 10065; state: DISABLED
08-23 17:43:10.010 1082 1700 D CompatibilityChangeReporter: Compat change id reported: 135754954; UID 10065; state: ENABLED
08-23 17:43:10.011 1082 1210 D CompatibilityChangeReporter: Compat change id reported: 143937733; UID 10065; state: ENABLED
08-23 17:43:10.022 1082 2074 D CompatibilityChangeReporter: Compat change id reported: 135634846; UID 1000; state: DISABLED
08-23 17:43:10.022 1082 2074 D CompatibilityChangeReporter: Compat change id reported: 177438394; UID 1000; state: DISABLED
08-23 17:43:10.022 1082 2074 D CompatibilityChangeReporter: Compat change id reported: 135772972; UID 1000; state: DISABLED
08-23 17:43:10.022 1082 2074 D CompatibilityChangeReporter: Compat change id reported: 135754954; UID 1000; state: ENABLED
08-23 17:43:10.038 1082 2795 I BackupManagerService: [UserID:0] Stale backup journals: Scheduled 10 package(s) total
08-23 17:43:10.060 1082 1210 W ActivityManager: Slow operation: 52ms so far, now at startProcess: returned from zygote!
08-23 17:43:10.060 1082 1210 W ActivityManager: Slow operation: 53ms so far, now at startProcess: done updating battery stats
08-23 17:43:10.060 1082 1210 W ActivityManager: Slow operation: 53ms so far, now at startProcess: building log message
08-23 17:43:10.060 1082 1210 I ActivityManager: Start proc 3299:com.qualcomm.qti.devicestatisticsservice/u0a65 for restart com.qualcomm.qti.devicestatisticsservice
08-23 17:43:10.060 1082 1210 W ActivityManager: Slow operation: 53ms so far, now at startProcess: starting to update pids map
08-23 17:43:10.061 1082 1210 W ActivityManager: Slow operation: 53ms so far, now at startProcess: done updating pids map
08-23 17:43:10.067 1082 2074 D CompatibilityChangeReporter: Compat change id reported: 135634846; UID 10029; state: DISABLED
08-23 17:43:10.067 1082 2074 D CompatibilityChangeReporter: Compat change id reported: 177438394; UID 10029; state: DISABLED
08-23 17:43:10.067 1082 2074 D CompatibilityChangeReporter: Compat change id reported: 135772972; UID 10029; state: DISABLED
08-23 17:43:10.068 1082 2074 D CompatibilityChangeReporter: Compat change id reported: 135754954; UID 10029; state: ENABLED
08-23 17:43:10.075 1082 2074 D CompatibilityChangeReporter: Compat change id reported: 172100307; UID 10100; state: DISABLED
08-23 17:43:10.107 1082 1210 W ActivityManager: Slow operation: 86ms so far, now at startProcess: returned from zygote!
08-23 17:43:10.107 1082 1700 D CompatibilityChangeReporter: Compat change id reported: 168419799; UID 10019; state: DISABLED
08-23 17:43:10.116 1082 1210 W ActivityManager: Slow operation: 96ms so far, now at startProcess: done updating battery stats
08-23 17:43:10.116 1082 1210 W ActivityManager: Slow operation: 96ms so far, now at startProcess: building log message
08-23 17:43:10.116 1082 1210 I ActivityManager: Start proc 3315:com.qti.diagservices/1000 for broadcast {com.qti.diagservices/com.qti.diagservices.Diag_OnBoot}
08-23 17:43:10.116 1082 1210 W ActivityManager: Slow operation: 96ms so far, now at startProcess: starting to update pids map
08-23 17:43:10.117 1082 1210 W ActivityManager: Slow operation: 96ms so far, now at startProcess: done updating pids map
08-23 17:43:10.117 1082 1210 D CompatibilityChangeReporter: Compat change id reported: 143937733; UID 10029; state: ENABLED
08-23 17:43:10.162 1082 1210 W ActivityManager: Slow operation: 96ms so far, now at startProcess: returned from zygote!
08-23 17:43:10.163 1082 1210 W ActivityManager: Slow operation: 97ms so far, now at startProcess: done updating battery stats
08-23 17:43:10.163 1082 1210 W ActivityManager: Slow operation: 97ms so far, now at startProcess: building log message
08-23 17:43:10.163 1082 1210 I ActivityManager: Start proc 3332:android.process.acore/u0a29 for content provider {com.android.providers.contacts/com.android.providers.contacts.ContactsProvider2}
08-23 17:43:10.163 1082 1210 W ActivityManager: Slow operation: 97ms so far, now at startProcess: starting to update pids map
08-23 17:43:10.163 1082 1210 W ActivityManager: Slow operation: 97ms so far, now at startProcess: done updating pids map
08-23 17:43:10.261 1082 1700 D CompatibilityChangeReporter: Compat change id reported: 168419799; UID 10029; state: DISABLED
08-23 17:43:10.276 1082 1184 I DropBoxManagerService: add tag=system_server_strictmode isTagEnabled=true flags=0x2
08-23 17:43:10.337 3315 3315 W ContextImpl: Calling a method in the system process without a qualified user: android.app.ContextImpl.startService:1816 android.content.ContextWrapper.startService:774 android.content.ContextWrapper.startService:774 com.qti.diagservices.Diag_OnBoot.onReceive:40 android.app.ActivityThread.handleReceiver:4309
08-23 17:43:10.352 1082 1082 I Telecom : DefaultDialerCache: Refreshing default dialer for user 0: now null: DDC.oR@AAw
08-23 17:43:10.354 1082 1082 I Telecom : MissedCallNotifierImpl: reloadAfterBootComplete: user=0: TSBCR.oR@AA0
08-23 17:43:10.359 1082 1082 I Telecom : MissedCallNotifierImpl: reloadAfterBootComplete: user=0: TSBCR.oR@AA0
08-23 17:43:10.361 1082 1082 D CompatibilityChangeReporter: Compat change id reported: 135634846; UID 10073; state: DISABLED
08-23 17:43:10.361 1082 1082 D CompatibilityChangeReporter: Compat change id reported: 177438394; UID 10073; state: DISABLED
08-23 17:43:10.361 1082 1082 D CompatibilityChangeReporter: Compat change id reported: 135772972; UID 10073; state: DISABLED
08-23 17:43:10.362 1082 1082 D CompatibilityChangeReporter: Compat change id reported: 135754954; UID 10073; state: DISABLED
08-23 17:43:10.362 1082 1210 D CompatibilityChangeReporter: Compat change id reported: 143937733; UID 10073; state: DISABLED
08-23 17:43:10.387 1082 2074 D CountryDetector: The first listener is added
08-23 17:43:10.405 1082 1210 I ActivityManager: Start proc 3378:com.android.calendar/u0a73 for broadcast {com.android.calendar/com.android.calendar.alerts.AlertReceiver}
08-23 17:43:10.472 1082 2074 D CompatibilityChangeReporter: Compat change id reported: 168419799; UID 10073; state: DISABLED
08-23 17:43:10.628 1082 2067 D CompatibilityChangeReporter: Compat change id reported: 168419799; UID 10068; state: DISABLED
08-23 17:43:10.673 1082 2078 D CompatibilityChangeReporter: Compat change id reported: 135634846; UID 1000; state: DISABLED
08-23 17:43:10.673 1082 2078 D CompatibilityChangeReporter: Compat change id reported: 177438394; UID 1000; state: DISABLED
08-23 17:43:10.673 1082 2078 D CompatibilityChangeReporter: Compat change id reported: 135772972; UID 1000; state: DISABLED
08-23 17:43:10.673 1082 2078 D CompatibilityChangeReporter: Compat change id reported: 135754954; UID 1000; state: ENABLED
08-23 17:43:10.717 1082 1210 I ActivityManager: Start proc 3421:com.android.dynsystem/1000 for broadcast {com.android.dynsystem/com.android.dynsystem.BootCompletedReceiver}
08-23 17:43:10.780 1082 2078 D CompatibilityChangeReporter: Compat change id reported: 168419799; UID 1000; state: DISABLED
08-23 17:43:10.903 1082 1700 D CompatibilityChangeReporter: Compat change id reported: 135634846; UID 1000; state: DISABLED
08-23 17:43:10.903 1082 1700 D CompatibilityChangeReporter: Compat change id reported: 177438394; UID 1000; state: DISABLED
08-23 17:43:10.903 1082 1700 D CompatibilityChangeReporter: Compat change id reported: 135772972; UID 1000; state: DISABLED
08-23 17:43:10.903 1082 1700 D CompatibilityChangeReporter: Compat change id reported: 135754954; UID 1000; state: ENABLED
08-23 17:43:10.913 1082 1700 D CompatibilityChangeReporter: Compat change id reported: 168419799; UID 10076; state: DISABLED
08-23 17:43:10.932 1082 2078 I ActivityManager: com.android.managedprovisioning is exempt from freezer
08-23 17:43:10.932 1082 2078 D CompatibilityChangeReporter: Compat change id reported: 135634846; UID 10035; state: DISABLED
08-23 17:43:10.933 1082 2078 D CompatibilityChangeReporter: Compat change id reported: 177438394; UID 10035; state: DISABLED
08-23 17:43:10.933 1082 2078 D CompatibilityChangeReporter: Compat change id reported: 135772972; UID 10035; state: DISABLED
08-23 17:43:10.934 1082 2078 D CompatibilityChangeReporter: Compat change id reported: 135754954; UID 10035; state: ENABLED
08-23 17:43:10.943 1082 1210 I ActivityManager: Start proc 3443:com.android.dynsystem:dynsystem/1000 for service {com.android.dynsystem/com.android.dynsystem.DynamicSystemInstallationService}
08-23 17:43:10.943 1082 1210 D CompatibilityChangeReporter: Compat change id reported: 143937733; UID 10035; state: ENABLED
08-23 17:43:10.984 1082 1210 W ActivityManager: Slow operation: 53ms so far, now at startProcess: returned from zygote!
08-23 17:43:10.984 1082 1210 W ActivityManager: Slow operation: 53ms so far, now at startProcess: done updating battery stats
08-23 17:43:10.985 1082 1210 W ActivityManager: Slow operation: 53ms so far, now at startProcess: building log message
08-23 17:43:10.985 1082 1210 I ActivityManager: Start proc 3444:com.android.managedprovisioning/u0a35 for broadcast {com.android.managedprovisioning/com.android.managedprovisioning.BootReminder}
08-23 17:43:10.985 1082 1210 W ActivityManager: Slow operation: 53ms so far, now at startProcess: starting to update pids map
08-23 17:43:10.985 1082 1210 W ActivityManager: Slow operation: 54ms so far, now at startProcess: done updating pids map
08-23 17:43:11.063 1082 2078 D CompatibilityChangeReporter: Compat change id reported: 168419799; UID 10035; state: DISABLED
08-23 17:43:11.150 1082 1700 I DynamicSystemService: isInstalled(): false
08-23 17:43:11.251 1082 2074 D CompatibilityChangeReporter: Compat change id reported: 168419799; UID 10019; state: DISABLED
08-23 17:43:11.262 1082 1700 D CompatibilityChangeReporter: Compat change id reported: 135634846; UID 10061; state: DISABLED
08-23 17:43:11.262 1082 1700 D CompatibilityChangeReporter: Compat change id reported: 177438394; UID 10061; state: DISABLED
08-23 17:43:11.263 1082 1700 D CompatibilityChangeReporter: Compat change id reported: 135772972; UID 10061; state: DISABLED
08-23 17:43:11.263 1082 1700 D CompatibilityChangeReporter: Compat change id reported: 135754954; UID 10061; state: ENABLED
08-23 17:43:11.264 1082 1210 D CompatibilityChangeReporter: Compat change id reported: 143937733; UID 10061; state: ENABLED
08-23 17:43:11.303 1082 1210 I ActivityManager: Start proc 3482:com.android.onetimeinitializer/u0a61 for broadcast {com.android.onetimeinitializer/com.android.onetimeinitializer.OneTimeInitializerReceiver}
08-23 17:43:11.396 1082 2074 D CompatibilityChangeReporter: Compat change id reported: 168419799; UID 10061; state: DISABLED
08-23 17:43:11.532 1082 2074 I ActivityManager: com.android.packageinstaller is exempt from freezer
08-23 17:43:11.532 1082 2074 D CompatibilityChangeReporter: Compat change id reported: 135634846; UID 10030; state: DISABLED
08-23 17:43:11.532 1082 2074 D CompatibilityChangeReporter: Compat change id reported: 177438394; UID 10030; state: DISABLED
08-23 17:43:11.533 1082 2074 D CompatibilityChangeReporter: Compat change id reported: 135772972; UID 10030; state: DISABLED
08-23 17:43:11.533 1082 2074 D CompatibilityChangeReporter: Compat change id reported: 135754954; UID 10030; state: ENABLED
08-23 17:43:11.533 1082 1210 D CompatibilityChangeReporter: Compat change id reported: 143937733; UID 10030; state: ENABLED
08-23 17:43:11.572 1082 1210 I ActivityManager: Start proc 3507:com.android.packageinstaller/u0a30 for broadcast {com.android.packageinstaller/com.android.packageinstaller.TemporaryFileManager}
08-23 17:43:11.649 1082 2067 D CompatibilityChangeReporter: Compat change id reported: 168419799; UID 10030; state: DISABLED
08-23 17:43:11.791 1082 2067 D CompatibilityChangeReporter: Compat change id reported: 135634846; UID 10099; state: DISABLED
08-23 17:43:11.792 1082 2067 D CompatibilityChangeReporter: Compat change id reported: 177438394; UID 10099; state: DISABLED
08-23 17:43:11.792 1082 2067 D CompatibilityChangeReporter: Compat change id reported: 135772972; UID 10099; state: DISABLED
08-23 17:43:11.792 1082 2067 D CompatibilityChangeReporter: Compat change id reported: 135754954; UID 10099; state: DISABLED
08-23 17:43:11.793 1082 1210 D CompatibilityChangeReporter: Compat change id reported: 143937733; UID 10099; state: DISABLED
08-23 17:43:11.837 1082 1210 I ActivityManager: Start proc 3529:com.android.permissioncontroller/u0a99 for broadcast {com.android.permissioncontroller/com.android.permissioncontroller.permission.service.LocationAccessCheck$SetupPeriodicBackgroundLocationAccessCheck}
08-23 17:43:11.904 1082 1700 D CompatibilityChangeReporter: Compat change id reported: 168419799; UID 10099; state: DISABLED
08-23 17:43:12.177 1082 2074 D CompatibilityChangeReporter: Compat change id reported: 135634846; UID 10026; state: DISABLED
08-23 17:43:12.177 1082 2074 D CompatibilityChangeReporter: Compat change id reported: 177438394; UID 10026; state: DISABLED
08-23 17:43:12.178 1082 2074 D CompatibilityChangeReporter: Compat change id reported: 135772972; UID 10026; state: DISABLED
08-23 17:43:12.178 1082 2074 D CompatibilityChangeReporter: Compat change id reported: 135754954; UID 10026; state: ENABLED
08-23 17:43:12.179 1082 1210 D CompatibilityChangeReporter: Compat change id reported: 143937733; UID 10026; state: ENABLED
08-23 17:43:12.229 1082 1210 W ActivityManager: Slow operation: 52ms so far, now at startProcess: returned from zygote!
08-23 17:43:12.229 1082 1210 W ActivityManager: Slow operation: 53ms so far, now at startProcess: done updating battery stats
08-23 17:43:12.229 1082 1210 W ActivityManager: Slow operation: 53ms so far, now at startProcess: building log message
08-23 17:43:12.229 1082 1210 I ActivityManager: Start proc 3555:com.android.providers.calendar/u0a26 for broadcast {com.android.providers.calendar/com.android.providers.calendar.CalendarReceiver}
08-23 17:43:12.229 1082 1210 W ActivityManager: Slow operation: 53ms so far, now at startProcess: starting to update pids map
08-23 17:43:12.229 1082 1210 W ActivityManager: Slow operation: 53ms so far, now at startProcess: done updating pids map
08-23 17:43:12.306 1082 2074 D CompatibilityChangeReporter: Compat change id reported: 168419799; UID 10026; state: DISABLED
08-23 17:43:12.490 1082 2067 D CompatibilityChangeReporter: Compat change id reported: 143231523; UID 10026; state: DISABLED
08-23 17:43:12.495 1082 2067 D CompatibilityChangeReporter: Compat change id reported: 171306433; UID 10026; state: ENABLED
08-23 17:43:12.541 1082 2067 D CompatibilityChangeReporter: Compat change id reported: 168419799; UID 10100; state: DISABLED
08-23 17:43:12.555 1082 1700 D CompatibilityChangeReporter: Compat change id reported: 168419799; UID 1000; state: DISABLED
08-23 17:43:12.584 1082 1700 I ActivityManager: com.android.shell is exempt from freezer
08-23 17:43:12.585 1082 1700 D CompatibilityChangeReporter: Compat change id reported: 135634846; UID 2000; state: DISABLED
08-23 17:43:12.585 1082 1700 D CompatibilityChangeReporter: Compat change id reported: 177438394; UID 2000; state: DISABLED
08-23 17:43:12.585 1082 1700 D CompatibilityChangeReporter: Compat change id reported: 135772972; UID 2000; state: DISABLED
08-23 17:43:12.585 1082 1700 D CompatibilityChangeReporter: Compat change id reported: 135754954; UID 2000; state: ENABLED
08-23 17:43:12.648 1082 1210 W ActivityManager: Slow operation: 63ms so far, now at startProcess: returned from zygote!
08-23 17:43:12.648 1082 1210 W ActivityManager: Slow operation: 64ms so far, now at startProcess: done updating battery stats
08-23 17:43:12.648 1082 1210 W ActivityManager: Slow operation: 64ms so far, now at startProcess: building log message
08-23 17:43:12.648 1082 1210 I ActivityManager: Start proc 3581:com.android.shell/2000 for broadcast {com.android.shell/com.android.shell.HeapDumpReceiver}
08-23 17:43:12.648 1082 1210 W ActivityManager: Slow operation: 64ms so far, now at startProcess: starting to update pids map
08-23 17:43:12.648 1082 1210 W ActivityManager: Slow operation: 64ms so far, now at startProcess: done updating pids map
08-23 17:43:12.724 1082 1700 D CompatibilityChangeReporter: Compat change id reported: 168419799; UID 2000; state: DISABLED
08-23 17:43:12.856 1082 1700 D CompatibilityChangeReporter: Compat change id reported: 135634846; UID 1001; state: DISABLED
08-23 17:43:12.857 1082 1700 D CompatibilityChangeReporter: Compat change id reported: 177438394; UID 1001; state: DISABLED
08-23 17:43:12.857 1082 1700 D CompatibilityChangeReporter: Compat change id reported: 135772972; UID 1001; state: DISABLED
08-23 17:43:12.857 1082 1700 D CompatibilityChangeReporter: Compat change id reported: 135754954; UID 1001; state: ENABLED
08-23 17:43:12.906 1082 1210 I Watchdog: Interesting Java process com.android.phone started. Pid 3599
08-23 17:43:12.906 1082 1210 W ActivityManager: Slow operation: 51ms so far, now at startProcess: building log message
08-23 17:43:12.906 1082 1210 I ActivityManager: Start proc 3599:com.android.phone/1001 for broadcast {com.android.stk/com.android.stk.BootCompletedReceiver}
08-23 17:43:12.906 1082 1210 W ActivityManager: Slow operation: 51ms so far, now at startProcess: starting to update pids map
08-23 17:43:12.907 1082 1210 W ActivityManager: Slow operation: 52ms so far, now at startProcess: done updating pids map
08-23 17:43:13.133 3599 3599 D CAT : BootCompletedReceiver: [ACTION_BOOT_COMPLETED]
08-23 17:43:13.135 1082 1700 D CompatibilityChangeReporter: Compat change id reported: 135634846; UID 10078; state: DISABLED
08-23 17:43:13.136 3599 3599 D CAT : StkAppService: onCreate()+
08-23 17:43:13.136 1082 1700 D CompatibilityChangeReporter: Compat change id reported: 177438394; UID 10078; state: DISABLED
08-23 17:43:13.137 3599 3599 D CAT : StkAppService: simCount: 1
08-23 17:43:13.137 1082 1700 D CompatibilityChangeReporter: Compat change id reported: 135772972; UID 10078; state: DISABLED
08-23 17:43:13.137 3599 3599 D CAT : StkAppService: slotId: 0
08-23 17:43:13.137 1082 1700 D CompatibilityChangeReporter: Compat change id reported: 135754954; UID 10078; state: ENABLED
08-23 17:43:13.139 1082 1210 D CompatibilityChangeReporter: Compat change id reported: 143937733; UID 10078; state: ENABLED
08-23 17:43:13.139 3599 3599 D CAT : StkAppService: onStart sim id: 0, op: 5, *****
08-23 17:43:13.139 3599 3599 D CAT : StkAppService: mStkService is: -1
08-23 17:43:13.147 3599 3599 D CAT : StkAppService: onDestroy()
08-23 17:43:13.188 1082 1210 W ActivityManager: Slow operation: 54ms so far, now at startProcess: returned from zygote!
08-23 17:43:13.189 1082 1210 W ActivityManager: Slow operation: 54ms so far, now at startProcess: done updating battery stats
08-23 17:43:13.189 1082 1210 W ActivityManager: Slow operation: 54ms so far, now at startProcess: building log message
08-23 17:43:13.189 1082 1210 I ActivityManager: Start proc 3618:com.qti.ltebc/u0a78 for broadcast {com.qti.ltebc/com.qualcomm.ltebc.LTEBroadcastBootReceiver}
08-23 17:43:13.189 1082 1210 W ActivityManager: Slow operation: 55ms so far, now at startProcess: starting to update pids map
08-23 17:43:13.189 1082 1210 W ActivityManager: Slow operation: 55ms so far, now at startProcess: done updating pids map
08-23 17:43:13.279 1082 1700 D CompatibilityChangeReporter: Compat change id reported: 168419799; UID 10078; state: DISABLED
08-23 17:43:18.029 1082 1700 D CompatibilityChangeReporter: Compat change id reported: 168419799; UID 10059; state: DISABLED
08-23 17:43:18.035 1082 1700 D CompatibilityChangeReporter: Compat change id reported: 171306433; UID 10078; state: ENABLED
08-23 17:43:18.057 1082 2067 D CompatibilityChangeReporter: Compat change id reported: 168419799; UID 10079; state: DISABLED
08-23 17:43:18.070 1082 1700 D CompatibilityChangeReporter: Compat change id reported: 168419799; UID 10081; state: DISABLED
08-23 17:43:18.090 1082 1700 D CompatibilityChangeReporter: Compat change id reported: 168419799; UID 10094; state: DISABLED
08-23 17:43:18.102 1082 1700 D CompatibilityChangeReporter: Compat change id reported: 135634846; UID 10057; state: DISABLED
08-23 17:43:18.102 1082 1210 D CompatibilityChangeReporter: Compat change id reported: 143937733; UID 10057; state: DISABLED
08-23 17:43:18.161 1082 1210 W ActivityManager: Slow operation: 60ms so far, now at startProcess: returned from zygote!
08-23 17:43:18.161 1082 1210 W ActivityManager: Slow operation: 60ms so far, now at startProcess: done updating battery stats
08-23 17:43:18.161 1082 1210 W ActivityManager: Slow operation: 60ms so far, now at startProcess: building log message
08-23 17:43:18.161 1082 1210 I ActivityManager: Start proc 3667:com.qualcomm.qti.qms.service.connectionsecurity/u0a57 for broadcast {com.qualcomm.qti.qms.service.connectionsecurity/com.qualcomm.qti.qms.service.connectionsecurity.ConnSecBroadcastReceiver}
08-23 17:43:18.161 1082 1210 W ActivityManager: Slow operation: 60ms so far, now at startProcess: starting to update pids map
08-23 17:43:18.162 1082 1210 W ActivityManager: Slow operation: 60ms so far, now at startProcess: done updating pids map
08-23 17:43:18.212 1082 1700 I ActivityManager: Process com.qti.ltebc (pid 3618) has died: cch+5 CEM
08-23 17:43:18.229 1082 2067 D CompatibilityChangeReporter: Compat change id reported: 168419799; UID 10057; state: DISABLED
08-23 17:43:18.356 1082 2067 D CompatibilityChangeReporter: Compat change id reported: 168419799; UID 1001; state: DISABLED
08-23 17:43:18.367 1082 1700 D CompatibilityChangeReporter: Compat change id reported: 168419799; UID 10091; state: DISABLED
08-23 17:43:18.386 1082 2067 D CompatibilityChangeReporter: Compat change id reported: 168419799; UID 10092; state: DISABLED
08-23 17:43:18.394 1082 2067 W BroadcastQueue: Permission Denial: receiving Intent { act=android.intent.action.BOOT_COMPLETED flg=0x89000010 (has extras) } to org.codeaurora.snapcam/com.android.camera.DisableCameraReceiver requires android.permission.RECEIVE_BOOT_COMPLETED due to sender null (uid 1000)
08-23 17:43:18.408 1082 2067 I ActivityManager: Finished processing BOOT_COMPLETED for u0
08-23 17:43:18.412 1082 2067 D CompatibilityChangeReporter: Compat change id reported: 168419799; UID 10071; state: DISABLED
08-23 17:43:18.419 1082 2067 D CompatibilityChangeReporter: Compat change id reported: 135634846; UID 10024; state: DISABLED
08-23 17:43:18.419 1082 2067 D CompatibilityChangeReporter: Compat change id reported: 177438394; UID 10024; state: DISABLED
08-23 17:43:18.420 1082 2067 D CompatibilityChangeReporter: Compat change id reported: 135772972; UID 10024; state: DISABLED
08-23 17:43:18.420 1082 2067 D CompatibilityChangeReporter: Compat change id reported: 135754954; UID 10024; state: ENABLED
08-23 17:43:18.423 1082 1210 D CompatibilityChangeReporter: Compat change id reported: 143937733; UID 10024; state: ENABLED
08-23 17:43:18.483 1082 1210 W ActivityManager: Slow operation: 65ms so far, now at startProcess: returned from zygote!
08-23 17:43:18.484 1082 1210 W ActivityManager: Slow operation: 65ms so far, now at startProcess: done updating battery stats
08-23 17:43:18.484 1082 1210 W ActivityManager: Slow operation: 66ms so far, now at startProcess: building log message
08-23 17:43:18.484 1082 1210 I ActivityManager: Start proc 3687:com.android.externalstorage/u0a24 for broadcast {com.android.externalstorage/com.android.externalstorage.MountReceiver}
08-23 17:43:18.484 1082 1210 W ActivityManager: Slow operation: 66ms so far, now at startProcess: starting to update pids map
08-23 17:43:18.484 1082 1210 W ActivityManager: Slow operation: 66ms so far, now at startProcess: done updating pids map
08-23 17:43:18.552 1082 2067 D CompatibilityChangeReporter: Compat change id reported: 168419799; UID 10024; state: DISABLED
08-23 17:43:18.726 1082 1700 D CompatibilityChangeReporter: Compat change id reported: 135634846; UID 10078; state: DISABLED
08-23 17:43:18.726 1082 1700 D CompatibilityChangeReporter: Compat change id reported: 177438394; UID 10078; state: DISABLED
08-23 17:43:18.726 1082 1700 D CompatibilityChangeReporter: Compat change id reported: 135772972; UID 10078; state: DISABLED
08-23 17:43:18.726 1082 1700 D CompatibilityChangeReporter: Compat change id reported: 135754954; UID 10078; state: ENABLED
08-23 17:43:18.727 1082 1210 D CompatibilityChangeReporter: Compat change id reported: 143937733; UID 10078; state: ENABLED
08-23 17:43:18.778 1082 1210 W ActivityManager: Slow operation: 53ms so far, now at startProcess: returned from zygote!
08-23 17:43:18.778 1082 1210 W ActivityManager: Slow operation: 53ms so far, now at startProcess: done updating battery stats
08-23 17:43:18.778 1082 1210 W ActivityManager: Slow operation: 53ms so far, now at startProcess: building log message
08-23 17:43:18.779 1082 1210 I ActivityManager: Start proc 3706:com.qti.ltebc/u0a78 for broadcast {com.qti.ltebc/com.qualcomm.ltebc.LTEBroadcastReceiver}
08-23 17:43:18.779 1082 1210 W ActivityManager: Slow operation: 53ms so far, now at startProcess: starting to update pids map
08-23 17:43:18.779 1082 1210 W ActivityManager: Slow operation: 54ms so far, now at startProcess: done updating pids map
08-23 17:43:18.854 1082 1700 D CompatibilityChangeReporter: Compat change id reported: 168419799; UID 10078; state: DISABLED
08-23 17:43:24.049 1082 1700 I ActivityManager: Process com.qti.ltebc (pid 3706) has died: fg RCVR
08-23 17:43:24.112 1082 1700 D CompatibilityChangeReporter: Compat change id reported: 135634846; UID 10078; state: DISABLED
08-23 17:43:24.113 1082 1700 D CompatibilityChangeReporter: Compat change id reported: 177438394; UID 10078; state: DISABLED
08-23 17:43:24.113 1082 1700 D CompatibilityChangeReporter: Compat change id reported: 135772972; UID 10078; state: DISABLED
08-23 17:43:24.113 1082 1700 D CompatibilityChangeReporter: Compat change id reported: 135754954; UID 10078; state: ENABLED
08-23 17:43:24.114 1082 1210 D CompatibilityChangeReporter: Compat change id reported: 143937733; UID 10078; state: ENABLED
08-23 17:43:24.180 1082 1210 W ActivityManager: Slow operation: 68ms so far, now at startProcess: returned from zygote!
08-23 17:43:24.181 1082 1210 W ActivityManager: Slow operation: 68ms so far, now at startProcess: done updating battery stats
08-23 17:43:24.181 1082 1210 W ActivityManager: Slow operation: 68ms so far, now at startProcess: building log message
08-23 17:43:24.181 1082 1210 I ActivityManager: Start proc 3759:com.qti.ltebc/u0a78 for broadcast {com.qti.ltebc/com.qualcomm.ltebc.LTEBroadcastReceiver}
08-23 17:43:24.181 1082 1210 W ActivityManager: Slow operation: 69ms so far, now at startProcess: starting to update pids map
08-23 17:43:24.181 1082 1210 W ActivityManager: Slow operation: 69ms so far, now at startProcess: done updating pids map
08-23 17:43:25.343 1082 1209 I ActivityManager: Waited long enough for: ServiceRecord{cefe740 u0 com.qti.diagservices/.QTIDiagServices}
08-23 17:43:29.587 1082 1700 I ActivityManager: Process com.qti.ltebc (pid 3759) has died: fg RCVR
08-23 17:43:29.601 1082 1209 D CompatibilityChangeReporter: Compat change id reported: 168419799; UID 10026; state: DISABLED
08-23 17:43:29.625 1082 2074 D CompatibilityChangeReporter: Compat change id reported: 135634846; UID 10078; state: DISABLED
08-23 17:43:29.625 1082 2074 D CompatibilityChangeReporter: Compat change id reported: 177438394; UID 10078; state: DISABLED
08-23 17:43:29.626 1082 2074 D CompatibilityChangeReporter: Compat change id reported: 135772972; UID 10078; state: DISABLED
08-23 17:43:29.626 1082 2074 D CompatibilityChangeReporter: Compat change id reported: 135754954; UID 10078; state: ENABLED
08-23 17:43:29.626 1082 1210 D CompatibilityChangeReporter: Compat change id reported: 143937733; UID 10078; state: ENABLED
08-23 17:43:29.687 1082 1210 W ActivityManager: Slow operation: 63ms so far, now at startProcess: returned from zygote!
08-23 17:43:29.688 1082 1210 W ActivityManager: Slow operation: 63ms so far, now at startProcess: done updating battery stats
08-23 17:43:29.688 1082 1210 W ActivityManager: Slow operation: 64ms so far, now at startProcess: building log message
08-23 17:43:29.688 1082 1210 I ActivityManager: Start proc 3820:com.qti.ltebc/u0a78 for broadcast {com.qti.ltebc/com.qualcomm.ltebc.LTEBroadcastAlarmReceiver}
08-23 17:43:29.688 1082 1210 W ActivityManager: Slow operation: 64ms so far, now at startProcess: starting to update pids map
08-23 17:43:29.688 1082 1210 W ActivityManager: Slow operation: 64ms so far, now at startProcess: done updating pids map
08-23 17:43:35.448 1082 2067 D CompatibilityChangeReporter: Compat change id reported: 135634846; UID 10053; state: DISABLED
08-23 17:43:35.449 1082 2067 D CompatibilityChangeReporter: Compat change id reported: 177438394; UID 10053; state: DISABLED
08-23 17:43:35.449 1082 2067 D CompatibilityChangeReporter: Compat change id reported: 135772972; UID 10053; state: DISABLED
08-23 17:43:35.450 1082 2067 D CompatibilityChangeReporter: Compat change id reported: 135754954; UID 10053; state: DISABLED
08-23 17:43:35.451 1082 1210 D CompatibilityChangeReporter: Compat change id reported: 143937733; UID 10053; state: DISABLED
08-23 17:43:35.493 1082 1210 I ActivityManager: Start proc 3887:com.qualcomm.qti.qms.service.trustzoneaccess/u0a53 for service {com.qualcomm.qti.qms.service.trustzoneaccess/com.qualcomm.qti.qms.service.trustzoneaccess.TZAccessService}
08-23 17:43:35.602 1082 2067 D CompatibilityChangeReporter: Compat change id reported: 168419799; UID 10053; state: DISABLED
08-23 17:43:36.009 1082 2067 I ActivityManager: Process com.qti.ltebc (pid 3820) has died: cch+5 CEM
08-23 17:43:59.666 1082 1235 V DisplayPowerController[0]: Brightness [0.05] reason changing to: 'manual [ dim ]', previous reason: 'manual'.
08-23 17:43:59.678 1082 1868 E DisplayDeviceConfig: requesting nits when no mapping exists.
08-23 17:43:59.679 1082 1868 E DisplayDeviceConfig: requesting nits when no mapping exists.
08-23 17:43:59.686 1082 1209 I DropBoxManagerService: add tag=system_server_wtf isTagEnabled=true flags=0x2
08-23 17:43:59.699 1082 1209 I DropBoxManagerService: add tag=system_server_wtf isTagEnabled=true flags=0x2
08-23 17:43:59.723 1082 1868 E DisplayDeviceConfig: requesting nits when no mapping exists.
08-23 17:43:59.724 1082 1868 E DisplayDeviceConfig: requesting nits when no mapping exists.
08-23 17:43:59.728 1082 1209 I DropBoxManagerService: add tag=system_server_wtf isTagEnabled=true flags=0x2
08-23 17:43:59.734 1082 1209 I DropBoxManagerService: add tag=system_server_wtf isTagEnabled=true flags=0x2
08-23 17:43:59.736 1082 1868 E DisplayDeviceConfig: requesting nits when no mapping exists.
08-23 17:43:59.736 1082 1868 E DisplayDeviceConfig: requesting nits when no mapping exists.
08-23 17:43:59.739 1082 1209 I DropBoxManagerService: add tag=system_server_wtf isTagEnabled=true flags=0x2
08-23 17:43:59.750 1082 1868 E DisplayDeviceConfig: requesting nits when no mapping exists.
08-23 17:43:59.750 1082 1868 E DisplayDeviceConfig: requesting nits when no mapping exists.
08-23 17:43:59.767 1082 1868 E DisplayDeviceConfig: requesting nits when no mapping exists.
08-23 17:43:59.767 1082 1868 E DisplayDeviceConfig: requesting nits when no mapping exists.
08-23 17:43:59.784 1082 1868 E DisplayDeviceConfig: requesting nits when no mapping exists.
08-23 17:43:59.784 1082 1868 E DisplayDeviceConfig: requesting nits when no mapping exists.
08-23 17:43:59.800 1082 1868 E DisplayDeviceConfig: requesting nits when no mapping exists.
08-23 17:43:59.801 1082 1868 E DisplayDeviceConfig: requesting nits when no mapping exists.
08-23 17:43:59.817 1082 1868 E DisplayDeviceConfig: requesting nits when no mapping exists.
08-23 17:43:59.817 1082 1868 E DisplayDeviceConfig: requesting nits when no mapping exists.
08-23 17:43:59.834 1082 1868 E DisplayDeviceConfig: requesting nits when no mapping exists.
08-23 17:43:59.834 1082 1868 E DisplayDeviceConfig: requesting nits when no mapping exists.
08-23 17:43:59.850 1082 1868 E DisplayDeviceConfig: requesting nits when no mapping exists.
08-23 17:43:59.851 1082 1868 E DisplayDeviceConfig: requesting nits when no mapping exists.
08-23 17:43:59.867 1082 1868 E DisplayDeviceConfig: requesting nits when no mapping exists.
08-23 17:43:59.868 1082 1868 E DisplayDeviceConfig: requesting nits when no mapping exists.
08-23 17:43:59.884 1082 1868 E DisplayDeviceConfig: requesting nits when no mapping exists.
08-23 17:43:59.884 1082 1868 E DisplayDeviceConfig: requesting nits when no mapping exists.
08-23 17:43:59.900 1082 1868 E DisplayDeviceConfig: requesting nits when no mapping exists.
08-23 17:43:59.901 1082 1868 E DisplayDeviceConfig: requesting nits when no mapping exists.
08-23 17:43:59.917 1082 1868 E DisplayDeviceConfig: requesting nits when no mapping exists.
08-23 17:43:59.918 1082 1868 E DisplayDeviceConfig: requesting nits when no mapping exists.
08-23 17:43:59.934 1082 1868 E DisplayDeviceConfig: requesting nits when no mapping exists.
08-23 17:43:59.935 1082 1868 E DisplayDeviceConfig: requesting nits when no mapping exists.
08-23 17:43:59.950 1082 1868 E DisplayDeviceConfig: requesting nits when no mapping exists.
08-23 17:43:59.951 1082 1868 E DisplayDeviceConfig: requesting nits when no mapping exists.
08-23 17:43:59.967 1082 1868 E DisplayDeviceConfig: requesting nits when no mapping exists.
08-23 17:43:59.968 1082 1868 E DisplayDeviceConfig: requesting nits when no mapping exists.
08-23 17:43:59.984 1082 1868 E DisplayDeviceConfig: requesting nits when no mapping exists.
08-23 17:43:59.985 1082 1868 E DisplayDeviceConfig: requesting nits when no mapping exists.
08-23 17:44:00.006 1082 1868 E DisplayDeviceConfig: requesting nits when no mapping exists.
08-23 17:44:00.006 1082 1868 E DisplayDeviceConfig: requesting nits when no mapping exists.
08-23 17:44:00.018 1082 1868 E DisplayDeviceConfig: requesting nits when no mapping exists.
08-23 17:44:00.019 1082 1868 E DisplayDeviceConfig: requesting nits when no mapping exists.
08-23 17:44:00.037 1082 1868 E DisplayDeviceConfig: requesting nits when no mapping exists.
08-23 17:44:00.037 1082 1868 E DisplayDeviceConfig: requesting nits when no mapping exists.
08-23 17:44:00.051 1082 1868 E DisplayDeviceConfig: requesting nits when no mapping exists.
08-23 17:44:00.051 1082 1868 E DisplayDeviceConfig: requesting nits when no mapping exists.
08-23 17:44:00.068 1082 1868 E DisplayDeviceConfig: requesting nits when no mapping exists.
08-23 17:44:00.068 1082 1868 E DisplayDeviceConfig: requesting nits when no mapping exists.
08-23 17:44:00.084 1082 1868 E DisplayDeviceConfig: requesting nits when no mapping exists.
08-23 17:44:00.085 1082 1868 E DisplayDeviceConfig: requesting nits when no mapping exists.
08-23 17:44:00.105 1082 1868 E DisplayDeviceConfig: requesting nits when no mapping exists.
08-23 17:44:00.106 1082 1868 E DisplayDeviceConfig: requesting nits when no mapping exists.
08-23 17:44:00.119 1082 1868 E DisplayDeviceConfig: requesting nits when no mapping exists.
08-23 17:44:00.120 1082 1868 E DisplayDeviceConfig: requesting nits when no mapping exists.
08-23 17:44:00.136 1082 1868 E DisplayDeviceConfig: requesting nits when no mapping exists.
08-23 17:44:00.137 1082 1868 E DisplayDeviceConfig: requesting nits when no mapping exists.
08-23 17:44:00.151 1082 1868 E DisplayDeviceConfig: requesting nits when no mapping exists.
08-23 17:44:00.152 1082 1868 E DisplayDeviceConfig: requesting nits when no mapping exists.
08-23 17:44:00.168 1082 1868 E DisplayDeviceConfig: requesting nits when no mapping exists.
08-23 17:44:00.168 1082 1868 E DisplayDeviceConfig: requesting nits when no mapping exists.
08-23 17:44:00.472 1082 1182 D CompatibilityChangeReporter: Compat change id reported: 168419799; UID 10099; state: DISABLED
08-23 17:44:08.216 1082 1235 I PowerManagerService: Napping display group (groupId=0, uid=1000)...
08-23 17:44:08.217 1082 1235 I PowerManagerService: Nap time (uid 1000)...
08-23 17:44:08.222 1082 1235 I DreamManagerService: Entering dreamland.
08-23 17:44:08.226 1082 1235 I PowerManagerService: Dreaming...
08-23 17:44:08.228 1082 1182 I DreamController: Starting dream: name=ComponentInfo{com.android.deskclock/com.android.deskclock.Screensaver}, isTest=false, canDoze=false, userId=0
08-23 17:44:08.253 1082 1182 D AutofillManagerService: Close system dialogs
08-23 17:44:08.275 1082 2067 I ActivityTaskManager: START u0 {flg=0x10000000 pkg=com.android.deskclock cmp=com.android.deskclock/android.service.dreams.DreamActivity (has extras)} from uid 10068
08-23 17:44:08.281 1082 2067 D CompatibilityChangeReporter: Compat change id reported: 184838306; UID 10068; state: DISABLED
08-23 17:44:08.284 1082 2067 D CompatibilityChangeReporter: Compat change id reported: 185004937; UID 10068; state: DISABLED
08-23 17:44:08.286 1082 2067 D CompatibilityChangeReporter: Compat change id reported: 181136395; UID 10068; state: DISABLED
08-23 17:44:08.288 1082 2067 D CompatibilityChangeReporter: Compat change id reported: 174042936; UID 10068; state: DISABLED
08-23 17:44:08.290 1082 2067 D CompatibilityChangeReporter: Compat change id reported: 174042980; UID 10068; state: DISABLED
08-23 17:44:08.292 1082 2067 W ActivityTaskManager: Can't find TaskDisplayArea to determine support for multi window. Task id=56 attached=false
08-23 17:44:08.310 1082 2067 V SplashScreenExceptionList: SplashScreen checking exception for package com.android.deskclock (target sdk:29) -> false
08-23 17:44:08.330 1082 2074 I ActivityTaskManager: The Process com.android.deskclock Already Exists in BG. So sending its PID: 2677
08-23 17:44:08.382 1082 2078 W WindowManager: Failed looking up window session=Session{abaff35 2677:u0a10068} callers=com.android.server.wm.WindowManagerService.windowForClientLocked:5626 com.android.server.wm.Session.insetsModified:629 android.view.IWindowSession$Stub.onTransact:1151
08-23 17:44:08.529 1082 1235 V DisplayPowerController[0]: Brightness [0.39763778] reason changing to: 'manual', previous reason: 'manual [ dim ]'.
08-23 17:44:08.541 1082 1868 E DisplayDeviceConfig: requesting nits when no mapping exists.
08-23 17:44:08.542 1082 1868 E DisplayDeviceConfig: requesting nits when no mapping exists.
08-23 17:44:08.555 1082 1868 E DisplayDeviceConfig: requesting nits when no mapping exists.
08-23 17:44:08.555 1082 1868 E DisplayDeviceConfig: requesting nits when no mapping exists.
08-23 17:44:08.587 1082 1868 E DisplayDeviceConfig: requesting nits when no mapping exists.
08-23 17:44:08.588 1082 1868 E DisplayDeviceConfig: requesting nits when no mapping exists.
08-23 17:44:08.606 1082 1868 E DisplayDeviceConfig: requesting nits when no mapping exists.
08-23 17:44:08.607 1082 1868 E DisplayDeviceConfig: requesting nits when no mapping exists.
08-23 17:44:08.639 1082 1868 E DisplayDeviceConfig: requesting nits when no mapping exists.
08-23 17:44:08.639 1082 1868 E DisplayDeviceConfig: requesting nits when no mapping exists.
08-23 17:44:08.673 1082 1868 E DisplayDeviceConfig: requesting nits when no mapping exists.
08-23 17:44:08.674 1082 1868 E DisplayDeviceConfig: requesting nits when no mapping exists.
08-23 17:44:08.702 1082 1868 E DisplayDeviceConfig: requesting nits when no mapping exists.
08-23 17:44:08.710 1082 1868 E DisplayDeviceConfig: requesting nits when no mapping exists.
08-23 17:44:08.744 1082 1868 E DisplayDeviceConfig: requesting nits when no mapping exists.
08-23 17:44:08.744 1082 1868 E DisplayDeviceConfig: requesting nits when no mapping exists.
08-23 17:44:08.774 1082 1868 E DisplayDeviceConfig: requesting nits when no mapping exists.
08-23 17:44:08.775 1082 1868 E DisplayDeviceConfig: requesting nits when no mapping exists.
08-23 17:44:08.808 1082 1868 E DisplayDeviceConfig: requesting nits when no mapping exists.
08-23 17:44:08.808 1082 1868 E DisplayDeviceConfig: requesting nits when no mapping exists.
08-23 17:44:08.839 1082 1868 E DisplayDeviceConfig: requesting nits when no mapping exists.
08-23 17:44:08.841 1082 1868 E DisplayDeviceConfig: requesting nits when no mapping exists.
08-23 17:44:08.872 1082 1868 E DisplayDeviceConfig: requesting nits when no mapping exists.
08-23 17:44:08.873 1082 1868 E DisplayDeviceConfig: requesting nits when no mapping exists.
08-23 17:44:08.906 1082 1868 E DisplayDeviceConfig: requesting nits when no mapping exists.
08-23 17:44:08.907 1082 1868 E DisplayDeviceConfig: requesting nits when no mapping exists.
08-23 17:44:08.923 1082 1868 E DisplayDeviceConfig: requesting nits when no mapping exists.
08-23 17:44:08.924 1082 1868 E DisplayDeviceConfig: requesting nits when no mapping exists.
08-23 17:44:08.939 1082 1868 E DisplayDeviceConfig: requesting nits when no mapping exists.
08-23 17:44:08.940 1082 1868 E DisplayDeviceConfig: requesting nits when no mapping exists.
08-23 17:44:08.957 1082 1868 E DisplayDeviceConfig: requesting nits when no mapping exists.
08-23 17:44:08.957 1082 1868 E DisplayDeviceConfig: requesting nits when no mapping exists.
08-23 17:44:08.973 1082 1868 E DisplayDeviceConfig: requesting nits when no mapping exists.
08-23 17:44:08.973 1082 1868 E DisplayDeviceConfig: requesting nits when no mapping exists.
08-23 17:44:08.990 1082 1868 E DisplayDeviceConfig: requesting nits when no mapping exists.
08-23 17:44:08.990 1082 1868 E DisplayDeviceConfig: requesting nits when no mapping exists.
08-23 17:44:09.006 1082 1868 E DisplayDeviceConfig: requesting nits when no mapping exists.
08-23 17:44:09.007 1082 1868 E DisplayDeviceConfig: requesting nits when no mapping exists.
08-23 17:44:09.023 1082 1868 E DisplayDeviceConfig: requesting nits when no mapping exists.
08-23 17:44:09.024 1082 1868 E DisplayDeviceConfig: requesting nits when no mapping exists.
08-23 17:45:36.873 1082 2078 I DreamManagerService: Gently waking up from dream.
08-23 17:45:36.874 1082 1182 I DreamManagerService: Performing gentle wake from dream.
08-23 17:45:36.947 1082 1235 I PowerManagerService: Powering on display group fromDreaming (groupId=0, uid=1000, reason=WAKE_REASON_UNKNOWN, details=android.server.power:DREAM_FINISHED)...
08-23 17:45:36.947 1082 1235 I PowerManagerService: Waking up from Dreaming (uid=1000, reason=WAKE_REASON_UNKNOWN, details=android.server.power:DREAM_FINISHED)...
08-23 17:45:37.235 1082 2854 I DreamManagerService: Leaving dreamland.
08-23 17:45:37.236 1082 1182 I DreamManagerService: Performing gentle wake from dream.
08-23 17:45:37.236 1082 1182 I DreamController: Stopping dream: name=ComponentInfo{com.android.deskclock/com.android.deskclock.Screensaver}, isTest=false, canDoze=false, userId=0, reason='finished self'(from 'finished self')
08-23 17:45:37.271 1082 1186 W ActivityTaskManager: Can't find TaskDisplayArea to determine support for multi window. Task id=56 attached=false
08-23 17:45:41.024 1082 2854 I ActivityTaskManager: START u0 {act=android.intent.action.MAIN cat=[android.intent.category.LAUNCHER] flg=0x10200000 cmp=com.android.settings/.Settings bnds=[36,450][335,747]} from uid 10087
08-23 17:45:41.035 1082 2854 W ActivityTaskManager: Can't find TaskDisplayArea to determine support for multi window. Task id=57 attached=false
08-23 17:45:41.045 1082 2854 D CompatibilityChangeReporter: Compat change id reported: 174042980; UID 1000; state: DISABLED
08-23 17:45:41.069 1082 1126 I ActivityTaskManager: The Process com.android.settings Already Exists in BG. So sending its PID: 2321
08-23 17:45:41.070 1082 1126 W ActivityTaskManager: Tried to set launchTime (0) < mLastActivityLaunchTime (58925)
08-23 17:45:41.071 1889 2101 D PhoneStartingWindowTypeAlgorithm: preferredStartingWindowType newTask:true taskSwitch:true processRunning:true allowTaskSnapshot:true activityCreated:false useEmptySplashScreen:false legacySplashScreen:false topIsHome:false
08-23 17:45:41.071 1889 2101 D StartingSurfaceDrawer: addSplashScreen com.android.settings theme=7f13033e task=57 suggestType=1
08-23 17:45:41.078 1889 2103 D StartingSurfaceDrawer: window attributes color: 0 icon null duration 0 brandImage null
08-23 17:45:41.079 1082 1126 D CompatibilityChangeReporter: Compat change id reported: 181136395; UID 1000; state: DISABLED
08-23 17:45:41.081 1082 1126 D CompatibilityChangeReporter: Compat change id reported: 174042936; UID 1000; state: DISABLED
08-23 17:45:41.086 1889 2103 D StartingSurfaceDrawer: FgMainColor=fff5f5f5 BgMainColor=ff00668b IsBgComplex=false FromCache=false ThemeColor=fff0f0f3
08-23 17:45:41.086 1889 2103 D StartingSurfaceDrawer: isRgbSimilarInHsv a: fff0f0f3 b ff00668b contrast ratio: 5.6404657
08-23 17:45:41.086 1889 2103 D StartingSurfaceDrawer: hsvDiff 44 ah 240.0 bh 195.97124 as 0.012345679 bs 1.0 av 0.9529412 bv 0.54509807 sqH 0.059753086581642245 sqS 0.975461072301087 sqV 0.16633600477712207 root 0.6328639041847389
08-23 17:45:41.086 1889 2103 D StartingSurfaceDrawer: makeSplashScreenContentView: draw whole icon
08-23 17:45:41.093 1889 2103 D StartingSurfaceDrawer: fillViewWithIcon surfaceWindowView android.window.SplashScreenView{6cdf14e V.E...... ......ID 0,0-0,0}
08-23 17:45:41.160 1082 2074 E UserRestrictionsUtils: Unknown restriction queried by uid 1000 (com.qti.diagservices et al): null
08-23 17:45:41.357 1889 2101 D StartingSurfaceDrawer: Task start finish, remove starting surface for task 57
08-23 17:45:41.358 1889 2101 V StartingSurfaceDrawer: Removing splash screen window for task: 57
08-23 17:45:43.027 1082 2078 I ActivityTaskManager: START u0 {act=android.intent.action.MAIN cmp=com.android.settings/.SubSettings (has extras)} from uid 1000
08-23 17:45:43.054 1082 2854 I ActivityTaskManager: The Process com.android.settings Already Exists in BG. So sending its PID: 2321
08-23 17:45:43.059 1082 2854 W ActivityTaskManager: Tried to set launchTime (0) < mLastActivityLaunchTime (217261)
08-23 17:45:43.135 2321 2321 W CarrierConfigManager: Error getting config for subId -1 ICarrierConfigLoader is null
08-23 17:45:43.140 1082 2078 E UserRestrictionsUtils: Unknown restriction queried by uid 1000 (com.qti.diagservices et al): null
08-23 17:45:43.215 1082 2067 D PackageManager: Instant App installer not found with android.intent.action.INSTALL_INSTANT_APP_PACKAGE
08-23 17:45:43.215 1082 2067 D PackageManager: Clear ephemeral installer activity
08-23 17:45:43.226 1082 2854 D TelephonyRegistry: listen oscl: mHasNotifySubscriptionInfoChangedOccurred==false no callback
08-23 17:45:43.240 1082 2067 D TelephonyRegistry: listen oscl: mHasNotifySubscriptionInfoChangedOccurred==false no callback
08-23 17:45:43.330 1082 2854 D PackageManager: Instant App installer not found with android.intent.action.INSTALL_INSTANT_APP_PACKAGE
08-23 17:45:43.330 1082 2854 D PackageManager: Clear ephemeral installer activity
08-23 17:45:44.228 1082 1182 D CompanionDeviceManagerService: onPackageModified(packageName = com.android.settings)
08-23 17:45:44.257 1082 1082 I Telecom : DefaultDialerCache: Refreshing default dialer for user 0: now null: DDC.oR@ABY
08-23 17:45:44.258 1082 1126 I ActivityTaskManager: START u0 {act=android.intent.action.MAIN cmp=com.android.settings/.SubSettings (has extras)} from uid 1000
08-23 17:45:44.288 1082 2074 I ActivityTaskManager: The Process com.android.settings Already Exists in BG. So sending its PID: 2321
08-23 17:45:44.289 1082 2074 W ActivityTaskManager: Tried to set launchTime (0) < mLastActivityLaunchTime (219251)
08-23 17:45:44.298 1082 1200 W VoiceInteractionManager: no available voice recognition services found for user 0
08-23 17:45:44.411 1082 2074 D PackageManager: Instant App installer not found with android.intent.action.INSTALL_INSTANT_APP_PACKAGE
08-23 17:45:44.411 1082 2074 D PackageManager: Clear ephemeral installer activity
08-23 17:45:44.428 1082 1184 I DropBoxManagerService: add tag=system_server_strictmode isTagEnabled=true flags=0x2
