01-01 00:04:25.376 1082 1082 I SystemServerTiming: OnBootPhase_100_com.android.server.power.PowerManagerService
01-01 00:04:25.376 1082 1082 D SystemServerTiming: OnBootPhase_100_com.android.server.power.PowerManagerService took to complete: 0ms
01-01 00:04:25.376 1082 1082 I SystemServerTiming: OnBootPhase_100_com.android.server.power.ThermalManagerService
01-01 00:04:25.376 1082 1082 D SystemServerTiming: OnBootPhase_100_com.android.server.power.ThermalManagerService took to complete: 0ms
01-01 00:04:25.376 1082 1082 I SystemServerTiming: OnBootPhase_100_com.android.server.power.hint.HintManagerService
01-01 00:04:25.376 1082 1082 D SystemServerTiming: OnBootPhase_100_com.android.server.power.hint.HintManagerService took to complete: 0ms
01-01 00:04:25.376 1082 1082 I SystemServerTiming: OnBootPhase_100_com.android.server.recoverysystem.RecoverySystemService$Lifecycle
01-01 00:04:25.376 1082 1082 D SystemServerTiming: OnBootPhase_100_com.android.server.recoverysystem.RecoverySystemService$Lifecycle took to complete: 0ms
01-01 00:04:25.376 1082 1082 I SystemServerTiming: OnBootPhase_100_com.android.server.lights.LightsService
01-01 00:04:25.377 1082 1082 D SystemServerTiming: OnBootPhase_100_com.android.server.lights.LightsService took to complete: 0ms
01-01 00:04:25.377 1082 1082 I SystemServerTiming: OnBootPhase_100_com.android.server.display.DisplayManagerService
01-01 00:04:25.399 1082 1185 I DisplayDeviceRepository: Display device added: DisplayDeviceInfo{"内置屏幕": uniqueId="local:4630946370410392961", 2380 x 1020, modeId 1, defaultModeId 1, supportedModes [{id=1, width=2380, height=1020, fps=60.000004, alternativeRefreshRates=[]}], colorMode 0, supportedColorModes [0], hdrCapabilities HdrCapabilities{mSupportedHdrTypes=[2, 3, 4], mMaxLuminance=500.0, mMaxAverageLuminance=500.0, mMinLuminance=0.0}, allmSupported false, gameContentTypeSupported false, density 240, 319.851 x 319.851 dpi, appVsyncOff 1000000, presDeadline 16666666, touch INTERNAL, rotation 0, type INTERNAL, address {port=129, model=0x40446d3026322d}, deviceProductInfo DeviceProductInfo{name=, manufacturerPnpId=QCM, productId=1, modelYear=null, manufactureDate=ManufactureDate{week=27, year=2006}, connectionToSinkType=0}, state UNKNOWN, frameRateOverride , brightnessMinimum 0.0, brightnessMaximum 1.0, brightnessDefault 0.39763778, FLAG_DEFAULT_DISPLAY, FLAG_ROTATES_WITH_CONTENT, FLAG_SECURE, FLAG_SUPPORTS_PROTECTED_BUFFERS}
01-01 00:04:25.401 1082 1185 I LogicalDisplayMapper: Applying layout: [{addr: {port=129, model=0x40446d3026322d}, dispId: 0(ON)}], Previous layout: null
01-01 00:04:25.411 1082 1185 I LogicalDisplayMapper: Adding new display: 0: DisplayInfo{"内置屏幕", displayId 0", displayGroupId -1, FLAG_SECURE, FLAG_SUPPORTS_PROTECTED_BUFFERS, FLAG_TRUSTED, real 2380 x 1020, largest app 2380 x 1020, smallest app 2380 x 1020, appVsyncOff 1000000, presDeadline 16666666, mode 1, defaultMode 1, modes [{id=1, width=2380, height=1020, fps=60.000004, alternativeRefreshRates=[]}], hdrCapabilities HdrCapabilities{mSupportedHdrTypes=[2, 3, 4], mMaxLuminance=500.0, mMaxAverageLuminance=500.0, mMinLuminance=0.0}, userDisabledHdrTypes [], minimalPostProcessingSupported false, rotation 0, state UNKNOWN, type INTERNAL, uniqueId "local:4630946370410392961", app 2380 x 1020, density 240 (319.851 x 319.851) dpi, layerStack 0, colorMode 0, supportedColorModes [0], address {port=129, model=0x40446d3026322d}, deviceProductInfo DeviceProductInfo{name=, manufacturerPnpId=QCM, productId=1, modelYear=null, manufactureDate=ManufactureDate{week=27, year=2006}, connectionToSinkType=0}, removeMode 0, refreshRateOverride 0.0, brightnessMinimum 0.0, brightnessMaximum 1.0, brightnessDefault 0.39763778}
01-01 00:04:25.412 1082 1185 I LogicalDisplayMapper: Setting new display group 0 for display 0, from previous group: null
01-01 00:04:25.415 1082 1185 E DisplayDeviceConfig: requesting nits when no mapping exists.
01-01 00:04:25.418 1082 1185 E DisplayDeviceConfig: requesting nits when no mapping exists.
01-01 00:04:25.422 1082 1082 D SystemServerTiming: OnBootPhase_100_com.android.server.display.DisplayManagerService took to complete: 45ms
01-01 00:04:25.422 1082 1082 D SystemServerTiming: OnBootPhase_100 took to complete: 47ms
01-01 00:04:25.422 1082 1082 D SystemServerTiming: WaitForDisplay took to complete: 47ms
01-01 00:04:25.422 1082 1082 I SystemServerTiming: StartDomainVerificationService
01-01 00:04:25.425 1082 1082 D SystemServerTiming: StartDomainVerificationService took to complete: 2ms
01-01 00:04:25.425 1082 1082 I SystemServerTiming: StartPackageManagerService
01-01 00:04:25.425 1082 1082 I Watchdog: Pausing HandlerChecker: main thread for reason: packagemanagermain. Pause count: 1
01-01 00:04:25.426 1082 1082 I PackageManagerTiming: create package manager
01-01 00:04:25.429 1082 1185 I DisplayDeviceRepository: Display device changed state: "内置屏幕", ON
01-01 00:04:25.434 1082 1082 I PackageManagerTiming: readListOfPackagesToBeDisabled
01-01 00:04:25.434 1082 1082 D PackageManagerTiming: readListOfPackagesToBeDisabled took to complete: 0ms
01-01 00:04:25.434 1082 1082 I PackageManagerTiming: createSubComponents
01-01 00:04:25.467 1082 1082 D PackageManagerTiming: createSubComponents took to complete: 32ms
01-01 00:04:25.467 1082 1082 I PackageManagerTiming: addSharedUsers
01-01 00:04:25.467 1082 1082 D PackageManagerTiming: addSharedUsers took to complete: 1ms
01-01 00:04:25.468 1082 1082 I PackageManagerTiming: get system config
01-01 00:04:25.469 1082 1082 D PackageManagerTiming: get system config took to complete: 0ms
01-01 00:04:25.476 1082 1082 D PackageManager: Directories scanned as system partitions: [/system:0, /vendor:524288, /odm:4194304, /oem:262144, /product:1048576, /system_ext:2097152, /apex/com.android.vndk.v30:8388608, /apex/com.android.wifi:8388608, /apex/com.android.vndk.v31:8388608, /apex/com.android.tzdata:8388608, /apex/com.android.tethering:8388608, /apex/com.android.sdkext:8388608, /apex/com.android.scheduling:8388608, /apex/com.android.runtime:8388608, /apex/com.android.resolv:8388608, /apex/com.android.permission:8388608, /apex/com.android.os.statsd:8388608, /apex/com.android.neuralnetworks:8388608, /apex/com.android.mediaprovider:8388608, /apex/com.android.media.swcodec:8388608, /apex/com.android.media:8388608, /apex/com.android.ipsec:8388608, /apex/com.android.i18n:8388608, /apex/com.android.extservices:8388608, /apex/com.android.conscrypt:8388608, /apex/com.android.art:8388608, /apex/com.android.appsearch:8388608, /apex/com.android.adbd:8388608]
01-01 00:04:25.487 1082 1082 D SELinuxMMAC: Using policy file /system/etc/selinux/plat_mac_permissions.xml
01-01 00:04:25.496 1082 1082 D SELinuxMMAC: Using policy file /system_ext/etc/selinux/system_ext_mac_permissions.xml
01-01 00:04:25.500 1082 1082 D SELinuxMMAC: Using policy file /product/etc/selinux/product_mac_permissions.xml
01-01 00:04:25.507 1082 1082 D SELinuxMMAC: Using policy file /vendor/etc/selinux/vendor_mac_permissions.xml
01-01 00:04:25.513 1082 1082 D SELinuxMMAC: Using policy file /odm/etc/selinux/odm_mac_permissions.xml
01-01 00:04:25.514 1082 1082 I PackageManagerTiming: loadFallbacks
01-01 00:04:25.515 1082 1082 D PackageManagerTiming: loadFallbacks took to complete: 1ms
01-01 00:04:25.515 1082 1082 I PackageManagerTiming: read user settings
01-01 00:04:25.584 1082 1228 W ProcessCpuTracker: Failed to stat(/proc/1141): android.system.ErrnoException: stat failed: ENOENT (No such file or directory)
01-01 00:04:25.584 1082 1228 W ProcessCpuTracker: Skipping unknown process pid 1141
01-01 00:04:25.586 1082 1228 W ProcessCpuTracker: Failed to stat(/proc/1230): android.system.ErrnoException: stat failed: ENOENT (No such file or directory)
01-01 00:04:25.586 1082 1228 W ProcessCpuTracker: Skipping unknown process pid 1230
01-01 00:04:25.602 1249 1249 I gsid : no DSU: No such file or directory
01-01 00:04:25.665 1082 1082 W android.permission.PermissionManager: Missing ActivityManager; assuming 1000 holds android.permission.SET_PREFERRED_APPLICATIONS
01-01 00:04:25.667 1082 1082 W android.permission.PermissionManager: Missing ActivityManager; assuming 1000 holds android.permission.SET_PREFERRED_APPLICATIONS
01-01 00:04:25.667 1082 1082 W android.permission.PermissionManager: Missing ActivityManager; assuming 1000 holds android.permission.SET_PREFERRED_APPLICATIONS
01-01 00:04:25.668 1082 1082 W android.permission.PermissionManager: Missing ActivityManager; assuming 1000 holds android.permission.SET_PREFERRED_APPLICATIONS
01-01 00:04:25.668 1082 1082 W android.permission.PermissionManager: Missing ActivityManager; assuming 1000 holds android.permission.SET_PREFERRED_APPLICATIONS
01-01 00:04:25.669 1082 1082 W android.permission.PermissionManager: Missing ActivityManager; assuming 1000 holds android.permission.SET_PREFERRED_APPLICATIONS
01-01 00:04:25.669 1082 1082 W android.permission.PermissionManager: Missing ActivityManager; assuming 1000 holds android.permission.SET_PREFERRED_APPLICATIONS
01-01 00:04:25.677 1082 1082 W android.permission.PermissionManager: Missing ActivityManager; assuming 1000 holds android.permission.SET_PREFERRED_APPLICATIONS
01-01 00:04:25.678 1082 1082 W android.permission.PermissionManager: Missing ActivityManager; assuming 1000 holds android.permission.SET_PREFERRED_APPLICATIONS
01-01 00:04:25.679 1082 1082 W android.permission.PermissionManager: Missing ActivityManager; assuming 1000 holds android.permission.SET_PREFERRED_APPLICATIONS
01-01 00:04:25.679 1082 1082 W android.permission.PermissionManager: Missing ActivityManager; assuming 1000 holds android.permission.SET_PREFERRED_APPLICATIONS
01-01 00:04:25.680 1082 1082 W android.permission.PermissionManager: Missing ActivityManager; assuming 1000 holds android.permission.SET_PREFERRED_APPLICATIONS
01-01 00:04:25.680 1082 1082 W android.permission.PermissionManager: Missing ActivityManager; assuming 1000 holds android.permission.SET_PREFERRED_APPLICATIONS
01-01 00:04:25.681 1082 1082 W android.permission.PermissionManager: Missing ActivityManager; assuming 1000 holds android.permission.SET_PREFERRED_APPLICATIONS
01-01 00:04:25.681 1082 1082 W android.permission.PermissionManager: Missing ActivityManager; assuming 1000 holds android.permission.SET_PREFERRED_APPLICATIONS
01-01 00:04:25.682 1082 1082 W android.permission.PermissionManager: Missing ActivityManager; assuming 1000 holds android.permission.SET_PREFERRED_APPLICATIONS
01-01 00:04:25.683 1082 1082 W android.permission.PermissionManager: Missing ActivityManager; assuming 1000 holds android.permission.SET_PREFERRED_APPLICATIONS
01-01 00:04:25.683 1082 1082 W android.permission.PermissionManager: Missing ActivityManager; assuming 1000 holds android.permission.SET_PREFERRED_APPLICATIONS
01-01 00:04:25.684 1082 1082 W android.permission.PermissionManager: Missing ActivityManager; assuming 1000 holds android.permission.SET_PREFERRED_APPLICATIONS
01-01 00:04:25.684 1082 1082 W android.permission.PermissionManager: Missing ActivityManager; assuming 1000 holds android.permission.SET_PREFERRED_APPLICATIONS
01-01 00:04:25.685 1082 1082 W android.permission.PermissionManager: Missing ActivityManager; assuming 1000 holds android.permission.SET_PREFERRED_APPLICATIONS
01-01 00:04:25.685 1082 1082 W android.permission.PermissionManager: Missing ActivityManager; assuming 1000 holds android.permission.SET_PREFERRED_APPLICATIONS
01-01 00:04:25.686 1082 1082 W android.permission.PermissionManager: Missing ActivityManager; assuming 1000 holds android.permission.SET_PREFERRED_APPLICATIONS
01-01 00:04:25.686 1082 1082 W android.permission.PermissionManager: Missing ActivityManager; assuming 1000 holds android.permission.SET_PREFERRED_APPLICATIONS
01-01 00:04:25.687 1082 1082 W android.permission.PermissionManager: Missing ActivityManager; assuming 1000 holds android.permission.SET_PREFERRED_APPLICATIONS
01-01 00:04:25.688 1082 1082 W android.permission.PermissionManager: Missing ActivityManager; assuming 1000 holds android.permission.SET_PREFERRED_APPLICATIONS
01-01 00:04:25.688 1082 1082 W android.permission.PermissionManager: Missing ActivityManager; assuming 1000 holds android.permission.SET_PREFERRED_APPLICATIONS
01-01 00:04:25.689 1082 1082 W android.permission.PermissionManager: Missing ActivityManager; assuming 1000 holds android.permission.SET_PREFERRED_APPLICATIONS
01-01 00:04:25.689 1082 1082 W android.permission.PermissionManager: Missing ActivityManager; assuming 1000 holds android.permission.SET_PREFERRED_APPLICATIONS
01-01 00:04:25.690 1082 1082 W android.permission.PermissionManager: Missing ActivityManager; assuming 1000 holds android.permission.SET_PREFERRED_APPLICATIONS
01-01 00:04:25.690 1082 1082 W android.permission.PermissionManager: Missing ActivityManager; assuming 1000 holds android.permission.SET_PREFERRED_APPLICATIONS
01-01 00:04:25.691 1082 1082 W android.permission.PermissionManager: Missing ActivityManager; assuming 1000 holds android.permission.SET_PREFERRED_APPLICATIONS
01-01 00:04:25.691 1082 1082 W android.permission.PermissionManager: Missing ActivityManager; assuming 1000 holds android.permission.SET_PREFERRED_APPLICATIONS
01-01 00:04:25.692 1082 1082 W android.permission.PermissionManager: Missing ActivityManager; assuming 1000 holds android.permission.SET_PREFERRED_APPLICATIONS
01-01 00:04:25.692 1082 1082 W android.permission.PermissionManager: Missing ActivityManager; assuming 1000 holds android.permission.SET_PREFERRED_APPLICATIONS
01-01 00:04:25.693 1082 1082 W android.permission.PermissionManager: Missing ActivityManager; assuming 1000 holds android.permission.SET_PREFERRED_APPLICATIONS
01-01 00:04:25.693 1082 1082 W android.permission.PermissionManager: Missing ActivityManager; assuming 1000 holds android.permission.SET_PREFERRED_APPLICATIONS
01-01 00:04:25.694 1082 1082 W android.permission.PermissionManager: Missing ActivityManager; assuming 1000 holds android.permission.SET_PREFERRED_APPLICATIONS
01-01 00:04:25.694 1082 1082 W android.permission.PermissionManager: Missing ActivityManager; assuming 1000 holds android.permission.SET_PREFERRED_APPLICATIONS
01-01 00:04:25.695 1082 1082 W android.permission.PermissionManager: Missing ActivityManager; assuming 1000 holds android.permission.SET_PREFERRED_APPLICATIONS
01-01 00:04:25.695 1082 1082 W android.permission.PermissionManager: Missing ActivityManager; assuming 1000 holds android.permission.SET_PREFERRED_APPLICATIONS
01-01 00:04:25.696 1082 1082 W android.permission.PermissionManager: Missing ActivityManager; assuming 1000 holds android.permission.SET_PREFERRED_APPLICATIONS
01-01 00:04:25.696 1082 1082 W android.permission.PermissionManager: Missing ActivityManager; assuming 1000 holds android.permission.SET_PREFERRED_APPLICATIONS
01-01 00:04:25.697 1082 1082 W android.permission.PermissionManager: Missing ActivityManager; assuming 1000 holds android.permission.SET_PREFERRED_APPLICATIONS
01-01 00:04:25.697 1082 1082 W android.permission.PermissionManager: Missing ActivityManager; assuming 1000 holds android.permission.SET_PREFERRED_APPLICATIONS
01-01 00:04:25.698 1082 1082 W android.permission.PermissionManager: Missing ActivityManager; assuming 1000 holds android.permission.SET_PREFERRED_APPLICATIONS
01-01 00:04:25.698 1082 1082 W android.permission.PermissionManager: Missing ActivityManager; assuming 1000 holds android.permission.SET_PREFERRED_APPLICATIONS
01-01 00:04:25.699 1082 1082 W android.permission.PermissionManager: Missing ActivityManager; assuming 1000 holds android.permission.SET_PREFERRED_APPLICATIONS
01-01 00:04:25.699 1082 1082 W android.permission.PermissionManager: Missing ActivityManager; assuming 1000 holds android.permission.SET_PREFERRED_APPLICATIONS
01-01 00:04:25.700 1082 1082 W android.permission.PermissionManager: Missing ActivityManager; assuming 1000 holds android.permission.SET_PREFERRED_APPLICATIONS
01-01 00:04:25.700 1082 1082 W android.permission.PermissionManager: Missing ActivityManager; assuming 1000 holds android.permission.SET_PREFERRED_APPLICATIONS
01-01 00:04:25.701 1082 1082 W android.permission.PermissionManager: Missing ActivityManager; assuming 1000 holds android.permission.SET_PREFERRED_APPLICATIONS
01-01 00:04:25.701 1082 1082 W android.permission.PermissionManager: Missing ActivityManager; assuming 1000 holds android.permission.SET_PREFERRED_APPLICATIONS
01-01 00:04:25.702 1082 1082 W android.permission.PermissionManager: Missing ActivityManager; assuming 1000 holds android.permission.SET_PREFERRED_APPLICATIONS
01-01 00:04:25.703 1082 1082 W android.permission.PermissionManager: Missing ActivityManager; assuming 1000 holds android.permission.SET_PREFERRED_APPLICATIONS
01-01 00:04:25.703 1082 1082 W android.permission.PermissionManager: Missing ActivityManager; assuming 1000 holds android.permission.SET_PREFERRED_APPLICATIONS
01-01 00:04:25.704 1082 1082 W android.permission.PermissionManager: Missing ActivityManager; assuming 1000 holds android.permission.SET_PREFERRED_APPLICATIONS
01-01 00:04:25.704 1082 1082 W android.permission.PermissionManager: Missing ActivityManager; assuming 1000 holds android.permission.SET_PREFERRED_APPLICATIONS
01-01 00:04:25.705 1082 1082 W android.permission.PermissionManager: Missing ActivityManager; assuming 1000 holds android.permission.SET_PREFERRED_APPLICATIONS
01-01 00:04:25.705 1082 1082 W android.permission.PermissionManager: Missing ActivityManager; assuming 1000 holds android.permission.SET_PREFERRED_APPLICATIONS
01-01 00:04:25.706 1082 1082 W android.permission.PermissionManager: Missing ActivityManager; assuming 1000 holds android.permission.SET_PREFERRED_APPLICATIONS
01-01 00:04:25.706 1082 1082 W android.permission.PermissionManager: Missing ActivityManager; assuming 1000 holds android.permission.SET_PREFERRED_APPLICATIONS
01-01 00:04:25.707 1082 1082 W android.permission.PermissionManager: Missing ActivityManager; assuming 1000 holds android.permission.SET_PREFERRED_APPLICATIONS
01-01 00:04:25.707 1082 1082 W android.permission.PermissionManager: Missing ActivityManager; assuming 1000 holds android.permission.SET_PREFERRED_APPLICATIONS
01-01 00:04:25.708 1082 1082 W android.permission.PermissionManager: Missing ActivityManager; assuming 1000 holds android.permission.SET_PREFERRED_APPLICATIONS
01-01 00:04:25.708 1082 1082 W android.permission.PermissionManager: Missing ActivityManager; assuming 1000 holds android.permission.SET_PREFERRED_APPLICATIONS
01-01 00:04:25.709 1082 1082 W android.permission.PermissionManager: Missing ActivityManager; assuming 1000 holds android.permission.SET_PREFERRED_APPLICATIONS
01-01 00:04:25.709 1082 1082 W android.permission.PermissionManager: Missing ActivityManager; assuming 1000 holds android.permission.SET_PREFERRED_APPLICATIONS
01-01 00:04:25.709 1082 1082 W android.permission.PermissionManager: Missing ActivityManager; assuming 1000 holds android.permission.SET_PREFERRED_APPLICATIONS
01-01 00:04:25.710 1082 1082 W android.permission.PermissionManager: Missing ActivityManager; assuming 1000 holds android.permission.SET_PREFERRED_APPLICATIONS
01-01 00:04:25.711 1082 1082 W android.permission.PermissionManager: Missing ActivityManager; assuming 1000 holds android.permission.SET_PREFERRED_APPLICATIONS
01-01 00:04:25.711 1082 1082 W android.permission.PermissionManager: Missing ActivityManager; assuming 1000 holds android.permission.SET_PREFERRED_APPLICATIONS
01-01 00:04:25.713 1082 1082 W android.permission.PermissionManager: Missing ActivityManager; assuming 1000 holds android.permission.SET_PREFERRED_APPLICATIONS
01-01 00:04:25.714 1082 1082 W android.permission.PermissionManager: Missing ActivityManager; assuming 1000 holds android.permission.SET_PREFERRED_APPLICATIONS
01-01 00:04:25.714 1082 1082 W android.permission.PermissionManager: Missing ActivityManager; assuming 1000 holds android.permission.SET_PREFERRED_APPLICATIONS
01-01 00:04:25.715 1082 1082 W android.permission.PermissionManager: Missing ActivityManager; assuming 1000 holds android.permission.SET_PREFERRED_APPLICATIONS
01-01 00:04:25.715 1082 1082 W android.permission.PermissionManager: Missing ActivityManager; assuming 1000 holds android.permission.SET_PREFERRED_APPLICATIONS
01-01 00:04:25.716 1082 1082 W android.permission.PermissionManager: Missing ActivityManager; assuming 1000 holds android.permission.SET_PREFERRED_APPLICATIONS
01-01 00:04:25.716 1082 1082 W android.permission.PermissionManager: Missing ActivityManager; assuming 1000 holds android.permission.SET_PREFERRED_APPLICATIONS
01-01 00:04:25.717 1082 1082 W android.permission.PermissionManager: Missing ActivityManager; assuming 1000 holds android.permission.SET_PREFERRED_APPLICATIONS
01-01 00:04:25.717 1082 1082 W android.permission.PermissionManager: Missing ActivityManager; assuming 1000 holds android.permission.SET_PREFERRED_APPLICATIONS
01-01 00:04:25.718 1082 1082 W android.permission.PermissionManager: Missing ActivityManager; assuming 1000 holds android.permission.SET_PREFERRED_APPLICATIONS
01-01 00:04:25.718 1082 1082 W android.permission.PermissionManager: Missing ActivityManager; assuming 1000 holds android.permission.SET_PREFERRED_APPLICATIONS
01-01 00:04:25.719 1082 1082 W android.permission.PermissionManager: Missing ActivityManager; assuming 1000 holds android.permission.SET_PREFERRED_APPLICATIONS
01-01 00:04:25.719 1082 1082 W android.permission.PermissionManager: Missing ActivityManager; assuming 1000 holds android.permission.SET_PREFERRED_APPLICATIONS
01-01 00:04:25.720 1082 1082 W android.permission.PermissionManager: Missing ActivityManager; assuming 1000 holds android.permission.SET_PREFERRED_APPLICATIONS
01-01 00:04:25.720 1082 1082 W android.permission.PermissionManager: Missing ActivityManager; assuming 1000 holds android.permission.SET_PREFERRED_APPLICATIONS
01-01 00:04:25.721 1082 1082 W android.permission.PermissionManager: Missing ActivityManager; assuming 1000 holds android.permission.SET_PREFERRED_APPLICATIONS
01-01 00:04:25.721 1082 1082 W android.permission.PermissionManager: Missing ActivityManager; assuming 1000 holds android.permission.SET_PREFERRED_APPLICATIONS
01-01 00:04:25.722 1082 1082 W android.permission.PermissionManager: Missing ActivityManager; assuming 1000 holds android.permission.SET_PREFERRED_APPLICATIONS
01-01 00:04:25.722 1082 1082 W android.permission.PermissionManager: Missing ActivityManager; assuming 1000 holds android.permission.SET_PREFERRED_APPLICATIONS
01-01 00:04:25.723 1082 1082 W android.permission.PermissionManager: Missing ActivityManager; assuming 1000 holds android.permission.SET_PREFERRED_APPLICATIONS
01-01 00:04:25.723 1082 1082 W android.permission.PermissionManager: Missing ActivityManager; assuming 1000 holds android.permission.SET_PREFERRED_APPLICATIONS
01-01 00:04:25.723 1082 1082 W android.permission.PermissionManager: Missing ActivityManager; assuming 1000 holds android.permission.SET_PREFERRED_APPLICATIONS
01-01 00:04:25.724 1082 1082 W android.permission.PermissionManager: Missing ActivityManager; assuming 1000 holds android.permission.SET_PREFERRED_APPLICATIONS
01-01 00:04:25.724 1082 1082 W android.permission.PermissionManager: Missing ActivityManager; assuming 1000 holds android.permission.SET_PREFERRED_APPLICATIONS
01-01 00:04:25.725 1082 1082 W android.permission.PermissionManager: Missing ActivityManager; assuming 1000 holds android.permission.SET_PREFERRED_APPLICATIONS
01-01 00:04:25.725 1082 1082 W android.permission.PermissionManager: Missing ActivityManager; assuming 1000 holds android.permission.SET_PREFERRED_APPLICATIONS
01-01 00:04:25.726 1082 1082 W android.permission.PermissionManager: Missing ActivityManager; assuming 1000 holds android.permission.SET_PREFERRED_APPLICATIONS
01-01 00:04:25.726 1082 1082 W android.permission.PermissionManager: Missing ActivityManager; assuming 1000 holds android.permission.SET_PREFERRED_APPLICATIONS
01-01 00:04:25.727 1082 1082 W android.permission.PermissionManager: Missing ActivityManager; assuming 1000 holds android.permission.SET_PREFERRED_APPLICATIONS
01-01 00:04:25.727 1082 1082 W android.permission.PermissionManager: Missing ActivityManager; assuming 1000 holds android.permission.SET_PREFERRED_APPLICATIONS
01-01 00:04:25.728 1082 1082 W android.permission.PermissionManager: Missing ActivityManager; assuming 1000 holds android.permission.SET_PREFERRED_APPLICATIONS
01-01 00:04:25.728 1082 1082 W android.permission.PermissionManager: Missing ActivityManager; assuming 1000 holds android.permission.SET_PREFERRED_APPLICATIONS
01-01 00:04:25.728 1082 1082 W android.permission.PermissionManager: Missing ActivityManager; assuming 1000 holds android.permission.SET_PREFERRED_APPLICATIONS
01-01 00:04:25.729 1082 1082 W android.permission.PermissionManager: Missing ActivityManager; assuming 1000 holds android.permission.SET_PREFERRED_APPLICATIONS
01-01 00:04:25.730 1082 1082 W android.permission.PermissionManager: Missing ActivityManager; assuming 1000 holds android.permission.SET_PREFERRED_APPLICATIONS
01-01 00:04:25.730 1082 1082 W android.permission.PermissionManager: Missing ActivityManager; assuming 1000 holds android.permission.SET_PREFERRED_APPLICATIONS
01-01 00:04:25.731 1082 1082 W android.permission.PermissionManager: Missing ActivityManager; assuming 1000 holds android.permission.SET_PREFERRED_APPLICATIONS
01-01 00:04:25.731 1082 1082 W android.permission.PermissionManager: Missing ActivityManager; assuming 1000 holds android.permission.SET_PREFERRED_APPLICATIONS
01-01 00:04:25.732 1082 1082 W android.permission.PermissionManager: Missing ActivityManager; assuming 1000 holds android.permission.SET_PREFERRED_APPLICATIONS
01-01 00:04:25.732 1082 1082 W android.permission.PermissionManager: Missing ActivityManager; assuming 1000 holds android.permission.SET_PREFERRED_APPLICATIONS
01-01 00:04:25.733 1082 1082 W android.permission.PermissionManager: Missing ActivityManager; assuming 1000 holds android.permission.SET_PREFERRED_APPLICATIONS
01-01 00:04:25.734 1082 1082 W android.permission.PermissionManager: Missing ActivityManager; assuming 1000 holds android.permission.SET_PREFERRED_APPLICATIONS
01-01 00:04:25.736 1082 1082 W android.permission.PermissionManager: Missing ActivityManager; assuming 1000 holds android.permission.SET_PREFERRED_APPLICATIONS
01-01 00:04:25.736 1082 1082 W android.permission.PermissionManager: Missing ActivityManager; assuming 1000 holds android.permission.SET_PREFERRED_APPLICATIONS
01-01 00:04:25.737 1082 1082 W android.permission.PermissionManager: Missing ActivityManager; assuming 1000 holds android.permission.SET_PREFERRED_APPLICATIONS
01-01 00:04:25.737 1082 1082 W android.permission.PermissionManager: Missing ActivityManager; assuming 1000 holds android.permission.SET_PREFERRED_APPLICATIONS
01-01 00:04:25.738 1082 1082 W android.permission.PermissionManager: Missing ActivityManager; assuming 1000 holds android.permission.SET_PREFERRED_APPLICATIONS
01-01 00:04:25.738 1082 1082 W android.permission.PermissionManager: Missing ActivityManager; assuming 1000 holds android.permission.SET_PREFERRED_APPLICATIONS
01-01 00:04:25.739 1082 1082 W android.permission.PermissionManager: Missing ActivityManager; assuming 1000 holds android.permission.SET_PREFERRED_APPLICATIONS
01-01 00:04:25.739 1082 1082 W android.permission.PermissionManager: Missing ActivityManager; assuming 1000 holds android.permission.SET_PREFERRED_APPLICATIONS
01-01 00:04:25.740 1082 1082 W android.permission.PermissionManager: Missing ActivityManager; assuming 1000 holds android.permission.SET_PREFERRED_APPLICATIONS
01-01 00:04:25.740 1082 1082 W android.permission.PermissionManager: Missing ActivityManager; assuming 1000 holds android.permission.SET_PREFERRED_APPLICATIONS
01-01 00:04:25.741 1082 1082 W android.permission.PermissionManager: Missing ActivityManager; assuming 1000 holds android.permission.SET_PREFERRED_APPLICATIONS
01-01 00:04:25.741 1082 1082 W android.permission.PermissionManager: Missing ActivityManager; assuming 1000 holds android.permission.SET_PREFERRED_APPLICATIONS
01-01 00:04:25.742 1082 1082 W android.permission.PermissionManager: Missing ActivityManager; assuming 1000 holds android.permission.SET_PREFERRED_APPLICATIONS
01-01 00:04:25.742 1082 1082 W android.permission.PermissionManager: Missing ActivityManager; assuming 1000 holds android.permission.SET_PREFERRED_APPLICATIONS
01-01 00:04:25.743 1082 1082 W android.permission.PermissionManager: Missing ActivityManager; assuming 1000 holds android.permission.SET_PREFERRED_APPLICATIONS
01-01 00:04:25.743 1082 1082 W android.permission.PermissionManager: Missing ActivityManager; assuming 1000 holds android.permission.SET_PREFERRED_APPLICATIONS
01-01 00:04:25.744 1082 1082 W android.permission.PermissionManager: Missing ActivityManager; assuming 1000 holds android.permission.SET_PREFERRED_APPLICATIONS
01-01 00:04:25.744 1082 1082 W android.permission.PermissionManager: Missing ActivityManager; assuming 1000 holds android.permission.SET_PREFERRED_APPLICATIONS
01-01 00:04:25.745 1082 1082 W android.permission.PermissionManager: Missing ActivityManager; assuming 1000 holds android.permission.SET_PREFERRED_APPLICATIONS
01-01 00:04:25.745 1082 1082 W android.permission.PermissionManager: Missing ActivityManager; assuming 1000 holds android.permission.SET_PREFERRED_APPLICATIONS
01-01 00:04:25.746 1082 1082 W android.permission.PermissionManager: Missing ActivityManager; assuming 1000 holds android.permission.SET_PREFERRED_APPLICATIONS
01-01 00:04:25.747 1082 1082 W android.permission.PermissionManager: Missing ActivityManager; assuming 1000 holds android.permission.SET_PREFERRED_APPLICATIONS
01-01 00:04:25.747 1082 1082 W android.permission.PermissionManager: Missing ActivityManager; assuming 1000 holds android.permission.SET_PREFERRED_APPLICATIONS
01-01 00:04:25.747 1082 1082 W android.permission.PermissionManager: Missing ActivityManager; assuming 1000 holds android.permission.SET_PREFERRED_APPLICATIONS
01-01 00:04:25.748 1082 1082 W android.permission.PermissionManager: Missing ActivityManager; assuming 1000 holds android.permission.SET_PREFERRED_APPLICATIONS
01-01 00:04:25.765 1082 1082 W PackageSettings: Missing permission state for package: android.frameworkres.overlay
01-01 00:04:25.765 1082 1082 W PackageSettings: Missing permission state for package: com.android.cts.priv.ctsshim
01-01 00:04:25.765 1082 1082 W PackageSettings: Missing permission state for package: com.android.internal.systemui.navbar.gestural_wide_back
01-01 00:04:25.765 1082 1082 W PackageSettings: Missing permission state for package: com.qualcomm.qti.gpudrivers.kona.api30
01-01 00:04:25.765 1082 1082 W PackageSettings: Missing permission state for package: com.android.htmlviewer
01-01 00:04:25.766 1082 1082 W PackageSettings: Missing permission state for package: com.android.internal.systemui.onehanded.gestural
01-01 00:04:25.766 1082 1082 W PackageSettings: Missing permission state for package: com.qualcomm.qti.optinoverlay
01-01 00:04:25.766 1082 1082 W PackageSettings: Missing permission state for package: android.qvaoverlay.common
01-01 00:04:25.766 1082 1082 W PackageSettings: Missing permission state for package: android.overlay.common
01-01 00:04:25.766 1082 1082 W PackageSettings: Missing permission state for package: com.android.connectivity.resources
01-01 00:04:25.766 1082 1082 W PackageSettings: Missing permission state for package: com.android.modulemetadata
01-01 00:04:25.766 1082 1082 W PackageSettings: Missing permission state for package: com.android.internal.systemui.navbar.threebutton
01-01 00:04:25.766 1082 1082 W PackageSettings: Missing permission state for package: android.overlay.target
01-01 00:04:25.766 1082 1082 W PackageSettings: Missing permission state for package: com.android.internal.systemui.navbar.gestural_extra_wide_back
01-01 00:04:25.766 1082 1082 W PackageSettings: Missing permission state for package: com.android.wifi.resources.overlay.common
01-01 00:04:25.766 1082 1082 W PackageSettings: Missing permission state for package: com.android.dreams.basic
01-01 00:04:25.767 1082 1082 W PackageSettings: Missing permission state for package: com.android.settings.overlay.common
01-01 00:04:25.767 1082 1082 W PackageSettings: Missing permission state for package: android.ext.shared
01-01 00:04:25.767 1082 1082 W PackageSettings: Missing permission state for package: com.android.wifi.resources.overlay.target
01-01 00:04:25.767 1082 1082 W PackageSettings: Missing permission state for package: com.android.wifi.resources
01-01 00:04:25.767 1082 1082 W PackageSettings: Missing permission state for package: com.android.systemui.overlay.common
01-01 00:04:25.767 1082 1082 W PackageSettings: Missing permission state for package: com.android.cameraextensions
01-01 00:04:25.767 1082 1082 W PackageSettings: Missing permission state for package: com.android.theme.font.notoserifsource
01-01 00:04:25.767 1082 1082 W PackageSettings: Missing permission state for package: com.android.internal.display.cutout.emulation.waterfall
01-01 00:04:25.767 1082 1082 W PackageSettings: Missing permission state for package: com.android.providers.settings.overlay
01-01 00:04:25.767 1082 1082 W PackageSettings: Missing permission state for package: com.android.bookmarkprovider
01-01 00:04:25.767 1082 1082 W PackageSettings: Missing permission state for package: com.android.cts.ctsshim
01-01 00:04:25.768 1082 1082 W PackageSettings: Missing permission state for package: com.qualcomm.qti.xrcb
01-01 00:04:25.768 1082 1082 W PackageSettings: Missing permission state for package: com.android.internal.systemui.navbar.gestural
01-01 00:04:25.768 1082 1082 W PackageSettings: Missing permission state for package: com.android.internal.systemui.navbar.gestural_narrow_back
01-01 00:04:25.768 1082 1082 W PackageSettings: Missing permission state for package: com.android.cellbroadcastreceiver.overlay.common
01-01 00:04:25.768 1082 1082 W PackageSettings: Missing permission state for shared user: android.uid.log
01-01 00:04:25.768 1082 1082 W PackageSettings: Missing permission state for shared user: android.uid.uwb
01-01 00:04:25.830 1082 1082 D PackageManagerTiming: read user settings took to complete: 316ms
01-01 00:04:25.854 1082 1082 D PackageManager: Keeping known cache 9c31807fbd644abd8e6f1ce5edd4787d584f616e
01-01 00:04:25.871 1082 1082 W android.permission.PermissionManager: Missing ActivityManager; assuming 1000 holds android.permission.WATCH_APPOPS
01-01 00:04:25.872 1082 1082 W android.permission.PermissionManager: Missing ActivityManager; assuming 1000 holds android.permission.WATCH_APPOPS
01-01 00:04:25.902 1082 1082 D CompatibilityChangeReporter: Compat change id reported: 143539591; UID -1; state: ENABLED
01-01 00:04:25.912 1082 1200 W Installer: installd not found; trying again
01-01 00:04:25.960 1082 1082 D CompatibilityChangeReporter: Compat change id reported: 143539591; UID -1; state: DISABLED
01-01 00:04:25.960 1082 1082 D CompatibilityChangeReporter: Compat change id reported: 168782947; UID -1; state: ENABLED
01-01 00:04:25.981 1082 1082 W PackageManager: Failed to parse /system/framework/arm: Missing base APK in /system/framework/arm
01-01 00:04:25.981 1082 1082 W PackageManager: Failed to parse /system/framework/arm64: Missing base APK in /system/framework/arm64
01-01 00:04:25.981 1082 1082 W PackageManager: Failed to parse /system/framework/oat: Missing base APK in /system/framework/oat
01-01 00:04:26.127 1082 1082 W PackageManager: Failed to scan /system/priv-app/McuUpdate: Package com.thundercomm.mcuupgrade at /system/priv-app/McuUpdate ignored: updated version 31 better than this 31
01-01 00:04:26.127 1082 1260 D CompatibilityChangeReporter: Compat change id reported: 150232615; UID -1; state: DISABLED
01-01 00:04:26.141 1082 1082 D CompatibilityChangeReporter: Compat change id reported: 168782947; UID -1; state: DISABLED
01-01 00:04:26.198 1273 1273 I iorapd : iorapd (the prefetchening) firing up
01-01 00:04:26.210 1273 1273 I iorapd : Opened existing database at '/data/misc/iorapd/sqlite.db'
01-01 00:04:26.211 1273 1273 W iorapd : Reconnect to package manager service: 1 times
01-01 00:04:26.390 1082 1261 W PackageParsing: No actions in intent-filter at /system/app/Bluetooth/Bluetooth.apk Binary XML file line #284
01-01 00:04:26.482 1082 1082 W PackageManager: Failed to parse /vendor/app/CneApp: Missing base APK in /vendor/app/CneApp/lib/arm64
01-01 00:04:26.505 1308 1308 I installd: installd firing up
01-01 00:04:26.622 1082 1260 W PackageParsing: No actions in intent-filter at /product/app/SnapdragonMusic/SnapdragonMusic.apk Binary XML file line #80
01-01 00:04:26.623 1082 1260 W PackageParsing: No actions in intent-filter at /product/app/SnapdragonMusic/SnapdragonMusic.apk Binary XML file line #216
01-01 00:04:26.963 1324 1324 I wificond: wificond is starting up...
01-01 00:04:27.012 1324 1324 I HidlServiceManagement: Registered android.system.wifi.keystore@1.0::IKeystore/default
01-01 00:04:27.069 1082 1260 W PackageParsing: Ignoring duplicate uses-permissions/uses-permissions-sdk-m: android.permission.CONFIGURE_WIFI_DISPLAY in package: com.android.systemui at: Binary XML file line #160
01-01 00:04:27.092 1082 1260 I PackageParsing: Parse times for '/system_ext/priv-app/SystemUI': parse=291ms, update_cache=2 ms
01-01 00:04:27.308 1360 1360 I imsrcsd : Uce Service HAL is starting up...
01-01 00:04:27.333 1360 1360 I imsrcsd : Uce Service HAL loading imsrcsbaseimpl
01-01 00:04:27.365 1082 1126 W android.permission.PermissionManager: Missing ActivityManager; assuming 1047 does not hold android.permission.UPDATE_DEVICE_STATS
01-01 00:04:27.375 1082 1126 W android.permission.PermissionManager: Missing ActivityManager; assuming 1047 does not hold android.permission.UPDATE_DEVICE_STATS
01-01 00:04:27.479 1082 1262 I PackageParsing: Parse times for '/system_ext/priv-app/Settings': parse=719ms, update_cache=21 ms
01-01 00:04:27.557 1360 1360 I imsrcsd : Starting Service for First Time imsbaseimpl
01-01 00:04:27.570 1360 1360 I imsrcsd : Interface com.qualcomm.qti.uceservice@2.3::IUceService com.qualcomm.qti.uceservice is found in manifest
01-01 00:04:27.581 1360 1360 I HidlServiceManagement: Registered com.qualcomm.qti.uceservice@2.3::IUceService/com.qualcomm.qti.uceservice (start delay of 455ms)
01-01 00:04:27.582 1360 1360 I imsrcsd : Interface com.qualcomm.qti.imscmservice@2.2::IImsCmService qti.ims.connectionmanagerservice is found in manifest
01-01 00:04:27.584 1360 1360 I HidlServiceManagement: Registered com.qualcomm.qti.imscmservice@2.2::IImsCmService/qti.ims.connectionmanagerservice (start delay of 459ms)
01-01 00:04:27.599 1360 1360 I imsrcsd : Interface vendor.qti.ims.factory@1.1::IImsFactory default is not found in manifest
01-01 00:04:27.622 1360 1360 I imsrcsd : Interface vendor.qti.ims.factory@1.0::IImsFactory default is found in manifest
01-01 00:04:27.624 1360 1360 I HidlServiceManagement: Registered vendor.qti.ims.factory@1.0::IImsFactory/default (start delay of 498ms)
01-01 00:04:27.625 1082 1126 W android.permission.PermissionManager: Missing ActivityManager; assuming 1013 does not hold android.permission.UPDATE_DEVICE_STATS
01-01 00:04:27.626 1360 1360 I imsrcsd : Interface vendor.qti.ims.callinfo@1.0::IService default is found in manifest
01-01 00:04:27.628 1082 1126 W android.permission.PermissionManager: Missing ActivityManager; assuming 1013 does not hold android.permission.UPDATE_DEVICE_STATS
01-01 00:04:27.641 1360 1360 I HidlServiceManagement: Registered vendor.qti.ims.callinfo@1.0::IService/default (start delay of 515ms)
01-01 00:04:27.643 1082 1262 I PackageParsing: Parse times for '/system_ext/app/MStatsSystemService': parse=78ms, update_cache=57 ms
01-01 00:04:27.646 1360 1360 I imsrcsd : ImsRcsBaseImpl ImsCallInfo After Registering Service
01-01 00:04:27.844 1143 1157 D BootAnimation: BootAnimationShownTiming start time: 52218ms
01-01 00:04:27.935 1082 1082 I PackageManager: Finished scanning system apps. Time: 2093 ms, packageCount: 136 , timePerPackage: 15 , cached: 0
01-01 00:04:27.955 1082 1082 W PackageManager: Relax SCAN_REQUIRE_KNOWN requirement for package com.thundercomm.mcuupgrade
01-01 00:04:27.961 1082 1082 D CompatibilityChangeReporter: Compat change id reported: 133396946; UID -1; state: ENABLED
01-01 00:04:27.995 1082 1082 W PackageManager: Skipping provider name com.antutu.ABenchMark.fileprovider (in package com.antutu.ABenchMark): name already used by com.antutu.ABenchMark
01-01 00:04:27.997 1319 1319 W HidlServiceManagement: Waited one second for android.hardware.health@2.0::IHealth/default
01-01 00:04:27.999 1082 1082 I PackageManager: Finished scanning non-system apps. Time: 64 ms, packageCount: 3 , timePerPackage: 21 , cached: 0
01-01 00:04:28.000 1082 1082 E PackageManager: updateAllSharedLibrariesLPw failed: Package com.qualcomm.embms requires unavailable shared library com.qualcomm.qcrilhook; failing!
01-01 00:04:28.000 1082 1082 E PackageManager: updateAllSharedLibrariesLPw failed: Package com.android.systemui requires unavailable shared library com.qti.extphone.extphonelib; failing!
01-01 00:04:28.000 1082 1082 E PackageManager: updateAllSharedLibrariesLPw failed: Package com.android.settings requires unavailable shared library com.qti.extphone.extphonelib; failing!
01-01 00:04:28.000 1082 1082 E PackageManager: updateAllSharedLibrariesLPw failed: Package com.qualcomm.qti.devicestatisticsservice requires unavailable shared library qti-telephony-hidl-wrapper-prd; failing!
01-01 00:04:28.001 1082 1082 E PackageManager: updateAllSharedLibrariesLPw failed: Package com.qti.snapdragon.qdcm_ff requires unavailable shared library vendor.display.color.V1_0.IDisplayColor; failing!
01-01 00:04:28.001 1082 1082 E PackageManager: updateAllSharedLibrariesLPw failed: Package com.qti.pasrservice requires unavailable shared library vendor.qti.power.pasrmanager.V1_0.IPasrManager; failing!
01-01 00:04:28.001 1082 1082 E PackageManager: updateAllSharedLibrariesLPw failed: Package com.qualcomm.wfd.service requires unavailable shared library .WfdService; failing!
01-01 00:04:28.001 1082 1082 E PackageManager: updateAllSharedLibrariesLPw failed: Package com.qualcomm.uimremoteserver requires unavailable shared library qti-telephony-hidl-wrapper-prd; failing!
01-01 00:04:28.001 1082 1082 E PackageManager: updateAllSharedLibrariesLPw failed: Package com.qualcomm.uimremoteclient requires unavailable shared library qti-telephony-hidl-wrapper-prd; failing!
01-01 00:04:28.008 1082 1082 I PackageManager: Time to scan packages: 2.166 seconds
01-01 00:04:28.008 1082 1082 I PackageManager: Permission ownership changed. Updating all permissions.
01-01 00:04:28.028 1082 1082 V PackageManager: reconcileAppsData for null u0 0x1 migrateAppData=true
01-01 00:04:28.447 1082 1082 V PackageManager: reconcileAppsData finished 27 packages
01-01 00:04:28.448 1082 1082 I PackageManagerTiming: write settings
01-01 00:04:28.462 1082 1530 I SystemServerTimingAsync: InitThreadPoolExec:prepareAppData
01-01 00:04:28.462 1082 1530 D SystemServerInitThreadPool: Started executing prepareAppData
01-01 00:04:28.735 1540 1540 I TLOC : [main ]"TLOC DAEMON main thread"
01-01 00:04:28.736 1540 1540 D TLOC : [TLOCDaemon ]"---------- TLOC Daemon Starts ----------"
01-01 00:04:28.743 1082 1082 D PackageManagerTiming: write settings took to complete: 295ms
01-01 00:04:28.744 1082 1082 W PackageManager: Intent filter verifier not found
01-01 00:04:28.744 1082 1082 W PackageManager: Domain verification agent not found
01-01 00:04:28.750 1540 1540 D TLOC : [TLOCChannel]"The channel was initialized successfully for TLOCD"
01-01 00:04:28.756 1540 1540 D TLOC : [TLOCChannel]"The channel was initialized successfully for TLOCL"
01-01 00:04:28.759 1540 1540 D TLOC : [TLOCChannel]"The channel was initialized successfully for MODEM"
01-01 00:04:28.759 1540 1540 D TLOC : [TLOCChannel]"TLOCChannel was initialized successfully"
01-01 00:04:28.759 1540 1540 D TLOC : [TLOCChannel] "TLOCChannel is already initialized"
01-01 00:04:28.776 1082 1082 D PackageManager: Ephemeral resolver NOT found; no matching intent filters
01-01 00:04:28.777 1082 1082 D PackageManager: Instant App installer not found with android.intent.action.INSTALL_INSTANT_APP_PACKAGE
01-01 00:04:28.777 1082 1082 D PackageManager: Clear ephemeral installer activity
01-01 00:04:28.814 1082 1082 I PackageManagerTiming: GC
01-01 00:04:28.815 1082 1082 D PackageManagerTiming: GC took to complete: 0ms
01-01 00:04:28.815 1082 1082 I PackageManager: Fix for b/169414761 is applied
01-01 00:04:28.815 1082 1082 D PackageManagerTiming: create package manager took to complete: 3388ms
01-01 00:04:28.815 1082 1082 V UserManagerService: Checking that all system packages are whitelisted.
01-01 00:04:28.837 1082 1082 W UserManagerService: checkWhitelistedSystemPackages(mode=ENFORCE|IMPLICIT_WHITELIST|IMPLICIT_WHITELIST_SYSTEM) has 67 warnings:
01-01 00:04:28.837 1082 1082 W UserManagerService: com.android.internal.display.cutout.emulation.corner is allowlisted but not present.
01-01 00:04:28.837 1082 1082 W UserManagerService: com.android.internal.display.cutout.emulation.double is allowlisted but not present.
01-01 00:04:28.837 1082 1082 W UserManagerService: com.android.theme.color.amethyst is allowlisted but not present.
01-01 00:04:28.837 1082 1082 W UserManagerService: com.android.theme.icon.pebble is allowlisted but not present.
01-01 00:04:28.837 1082 1082 W UserManagerService: com.android.theme.color.sand is allowlisted but not present.
01-01 00:04:28.837 1082 1082 W UserManagerService: com.android.theme.icon.vessel is allowlisted but not present.
01-01 00:04:28.837 1082 1082 W UserManagerService: com.android.theme.color.cinnamon is allowlisted but not present.
01-01 00:04:28.837 1082 1082 W UserManagerService: com.android.theme.icon_pack.victor.settings is allowlisted but not present.
01-01 00:04:28.837 1082 1082 W UserManagerService: com.android.theme.icon_pack.rounded.systemui is allowlisted but not present.
01-01 00:04:28.837 1082 1082 W UserManagerService: com.android.theme.icon.taperedrect is allowlisted but not present.
01-01 00:04:28.837 1082 1082 W UserManagerService: com.android.theme.icon_pack.rounded.android is allowlisted but not present.
01-01 00:04:28.837 1082 1082 W UserManagerService: com.qualcomm.qti.euiccresource is allowlisted but not present.
01-01 00:04:28.838 1082 1082 W UserManagerService: com.qualcomm.qti.telephonyservice is allowlisted but not present.
01-01 00:04:28.838 1082 1082 W UserManagerService: com.android.theme.icon_pack.victor.systemui is allowlisted but not present.
01-01 00:04:28.838 1082 1082 W UserManagerService: com.android.theme.icon_pack.circular.themepicker is allowlisted but not present.
01-01 00:04:28.838 1082 1082 W UserManagerService: com.android.theme.color.tangerine is allowlisted but not present.
01-01 00:04:28.838 1082 1082 W UserManagerService: com.android.theme.color.aquamarine is allowlisted but not present.
01-01 00:04:28.838 1082 1082 W UserManagerService: com.android.internal.display.cutout.emulation.hole is allowlisted but not present.
01-01 00:04:28.838 1082 1082 W UserManagerService: com.android.internal.display.cutout.emulation.tall is allowlisted but not present.
01-01 00:04:28.838 1082 1082 W UserManagerService: com.android.theme.color.black is allowlisted but not present.
01-01 00:04:28.838 1082 1082 W UserManagerService: com.android.theme.color.green is allowlisted but not present.
01-01 00:04:28.838 1082 1082 W UserManagerService: com.android.theme.color.ocean is allowlisted but not present.
01-01 00:04:28.838 1082 1082 W UserManagerService: com.android.theme.color.space is allowlisted but not present.
01-01 00:04:28.838 1082 1082 W UserManagerService: com.qti.qualcomm.datastatusnotification is allowlisted but not present.
01-01 00:04:28.838 1082 1082 W UserManagerService: com.qualcomm.qti.callfeaturessetting is allowlisted but not present.
01-01 00:04:28.838 1082 1082 W UserManagerService: com.android.theme.icon_pack.rounded.launcher is allowlisted but not present.
01-01 00:04:28.838 1082 1082 W UserManagerService: com.qti.qualcomm.deviceinfo is allowlisted but not present.
01-01 00:04:28.838 1082 1082 W UserManagerService: com.android.theme.icon_pack.kai.settings is allowlisted but not present.
01-01 00:04:28.838 1082 1082 W UserManagerService: com.android.internal.systemui.navbar.twobutton is allowlisted but not present.
01-01 00:04:28.838 1082 1082 W UserManagerService: org.codeaurora.ims is allowlisted but not present.
01-01 00:04:28.838 1082 1082 W UserManagerService: com.android.theme.icon_pack.sam.settings is allowlisted but not present.
01-01 00:04:28.838 1082 1082 W UserManagerService: com.android.theme.icon_pack.kai.themepicker is allowlisted but not present.
01-01 00:04:28.838 1082 1082 W UserManagerService: com.qualcomm.qcrilmsgtunnel is allowlisted but not present.
01-01 00:04:28.838 1082 1082 W UserManagerService: com.android.theme.icon_pack.victor.launcher is allowlisted but not present.
01-01 00:04:28.838 1082 1082 W UserManagerService: com.android.theme.icon_pack.filled.settings is allowlisted but not present.
01-01 00:04:28.838 1082 1082 W UserManagerService: com.android.theme.icon_pack.kai.systemui is allowlisted but not present.
01-01 00:04:28.838 1082 1082 W UserManagerService: com.android.theme.icon_pack.circular.settings is allowlisted but not present.
01-01 00:04:28.838 1082 1082 W UserManagerService: com.qti.xdivert is allowlisted but not present.
01-01 00:04:28.838 1082 1082 W UserManagerService: com.android.theme.icon_pack.sam.systemui is allowlisted but not present.
01-01 00:04:28.839 1082 1082 W UserManagerService: com.android.theme.icon.teardrop is allowlisted but not present.
01-01 00:04:28.839 1082 1082 W UserManagerService: com.android.theme.icon_pack.rounded.themepicker is allowlisted but not present.
01-01 00:04:28.839 1082 1082 W UserManagerService: com.android.theme.icon_pack.filled.systemui is allowlisted but not present.
