08-23 17:45:44.440 1082 1184 I DropBoxManagerService: add tag=system_server_strictmode isTagEnabled=true flags=0x2
08-23 17:45:44.477 1082 7206 D PackageManager: Instant App installer not found with android.intent.action.INSTALL_INSTANT_APP_PACKAGE
08-23 17:45:44.477 1082 7206 D PackageManager: Clear ephemeral installer activity
08-23 17:45:45.099 1082 2802 E TaskPersister: File error accessing recents directory (directory doesn't exist?).
08-23 17:45:45.426 1082 1182 D CompanionDeviceManagerService: onPackageModified(packageName = com.android.settings)
08-23 17:45:45.447 1082 1082 I Telecom : DefaultDialerCache: Refreshing default dialer for user 0: now null: DDC.oR@ABc
08-23 17:45:45.480 1082 1200 W VoiceInteractionManager: no available voice recognition services found for user 0
08-23 17:45:50.741 1082 7206 I ActivityTaskManager: START u0 {act=android.intent.action.MAIN cmp=com.android.settings/.SubSettings (has extras)} from uid 1000
08-23 17:45:50.790 1082 1864 I ActivityTaskManager: The Process com.android.settings Already Exists in BG. So sending its PID: 2321
08-23 17:45:50.792 1082 1864 W ActivityTaskManager: Tried to set launchTime (0) < mLastActivityLaunchTime (220480)
08-23 17:45:50.961 1082 7206 D PackageManager: Instant App installer not found with android.intent.action.INSTALL_INSTANT_APP_PACKAGE
08-23 17:45:50.962 1082 7206 D PackageManager: Clear ephemeral installer activity
08-23 17:45:50.976 1082 1183 D AutofillUI: destroySaveUiUiThread(): already destroyed
08-23 17:45:50.977 1082 2352 D AutofillManagerServiceImpl: Reset component for user 0:
08-23 17:45:51.012 1082 1864 D PackageManager: Instant App installer not found with android.intent.action.INSTALL_INSTANT_APP_PACKAGE
08-23 17:45:51.012 1082 1864 D PackageManager: Clear ephemeral installer activity
08-23 17:45:51.072 1082 1184 I DropBoxManagerService: add tag=system_app_strictmode isTagEnabled=true flags=0x2
08-23 17:45:51.077 1082 1184 I DropBoxManagerService: add tag=system_app_strictmode isTagEnabled=true flags=0x2
08-23 17:45:51.081 1082 1184 I DropBoxManagerService: add tag=system_app_strictmode isTagEnabled=true flags=0x2
08-23 17:45:51.088 1082 1184 I DropBoxManagerService: add tag=system_app_strictmode isTagEnabled=true flags=0x2
08-23 17:45:51.091 1082 1184 I DropBoxManagerService: add tag=system_app_strictmode isTagEnabled=true flags=0x2
08-23 17:45:51.096 1082 1184 I DropBoxManagerService: add tag=system_app_strictmode isTagEnabled=true flags=0x2
08-23 17:45:51.102 1082 1184 I DropBoxManagerService: add tag=system_app_strictmode isTagEnabled=true flags=0x2
08-23 17:45:51.106 1082 1184 I DropBoxManagerService: add tag=system_app_strictmode isTagEnabled=true flags=0x2
08-23 17:45:51.111 1082 1184 I DropBoxManagerService: add tag=system_app_strictmode isTagEnabled=true flags=0x2
08-23 17:45:51.112 1082 1184 I DropBoxManagerService: add tag=system_app_strictmode isTagEnabled=true flags=0x2
08-23 17:45:51.114 1082 1184 I DropBoxManagerService: add tag=system_app_strictmode isTagEnabled=true flags=0x2
08-23 17:45:51.115 1082 1184 I DropBoxManagerService: add tag=system_app_strictmode isTagEnabled=true flags=0x2
08-23 17:45:51.123 1082 1184 I DropBoxManagerService: add tag=system_app_strictmode isTagEnabled=true flags=0x2
08-23 17:45:51.125 1082 1184 I DropBoxManagerService: add tag=system_app_strictmode isTagEnabled=true flags=0x2
08-23 17:45:51.126 1082 1184 I DropBoxManagerService: add tag=system_app_strictmode isTagEnabled=true flags=0x2
08-23 17:45:51.127 1082 1184 I DropBoxManagerService: add tag=system_app_strictmode isTagEnabled=true flags=0x2
08-23 17:45:51.129 1082 1184 I DropBoxManagerService: add tag=system_app_strictmode isTagEnabled=true flags=0x2
08-23 17:45:51.131 1082 1184 I DropBoxManagerService: add tag=system_app_strictmode isTagEnabled=true flags=0x2
08-23 17:45:51.132 1082 1184 I DropBoxManagerService: add tag=system_app_strictmode isTagEnabled=true flags=0x2
08-23 17:45:51.134 1082 1184 I DropBoxManagerService: add tag=system_app_strictmode isTagEnabled=true flags=0x2
08-23 17:45:51.140 1082 1184 I DropBoxManagerService: add tag=system_app_strictmode isTagEnabled=true flags=0x2
08-23 17:45:51.142 1082 1184 I DropBoxManagerService: add tag=system_app_strictmode isTagEnabled=true flags=0x2
08-23 17:45:51.162 1082 1184 I DropBoxManagerService: add tag=system_app_strictmode isTagEnabled=true flags=0x2
08-23 17:45:51.164 1082 1184 I DropBoxManagerService: add tag=system_app_strictmode isTagEnabled=true flags=0x2
08-23 17:45:51.166 1082 1184 I DropBoxManagerService: add tag=system_app_strictmode isTagEnabled=true flags=0x2
08-23 17:45:51.169 1082 1184 I DropBoxManagerService: add tag=system_app_strictmode isTagEnabled=true flags=0x2
08-23 17:45:51.173 1082 1184 I DropBoxManagerService: add tag=system_app_strictmode isTagEnabled=true flags=0x2
08-23 17:45:51.175 1082 1184 I DropBoxManagerService: add tag=system_app_strictmode isTagEnabled=true flags=0x2
08-23 17:45:51.177 1082 1184 I DropBoxManagerService: add tag=system_app_strictmode isTagEnabled=true flags=0x2
08-23 17:45:51.179 1082 1184 I DropBoxManagerService: add tag=system_app_strictmode isTagEnabled=true flags=0x2
08-23 17:45:51.181 1082 1184 I DropBoxManagerService: add tag=system_app_strictmode isTagEnabled=true flags=0x2
08-23 17:45:51.183 1082 1184 I DropBoxManagerService: add tag=system_app_strictmode isTagEnabled=true flags=0x2
08-23 17:45:51.186 1082 1184 I DropBoxManagerService: add tag=system_app_strictmode isTagEnabled=true flags=0x2
08-23 17:45:51.188 1082 1184 I DropBoxManagerService: add tag=system_app_strictmode isTagEnabled=true flags=0x2
08-23 17:45:51.190 1082 1184 I DropBoxManagerService: add tag=system_app_strictmode isTagEnabled=true flags=0x2
08-23 17:45:51.192 1082 1184 I DropBoxManagerService: add tag=system_app_strictmode isTagEnabled=true flags=0x2
08-23 17:45:51.976 1082 1182 D CompanionDeviceManagerService: onPackageModified(packageName = com.android.settings)
08-23 17:45:51.988 1082 1082 I Telecom : DefaultDialerCache: Refreshing default dialer for user 0: now null: DDC.oR@ABg
08-23 17:45:52.033 1082 1200 W VoiceInteractionManager: no available voice recognition services found for user 0
08-23 17:45:53.780 1082 2802 E TaskPersister: File error accessing recents directory (directory doesn't exist?).
08-23 17:45:56.872 1082 1736 W ContextImpl: Calling a method in the system process without a qualified user: android.app.ContextImpl.sendBroadcastMultiplePermissions:1206 android.content.Context.sendBroadcastWithMultiplePermissions:2262 com.android.server.wifi.WifiServiceImpl.broadcastWifiCredentialChanged:4925 com.android.server.wifi.WifiServiceImpl.lambda$connect$106:4975 com.android.server.wifi.WifiServiceImpl.$r8$lambda$k_VbQ0XctrStvVsieclZczsvs-g:0
08-23 17:45:56.972 940 940 D android.hardware.wifi@1.0-service: Successfully SetMacAddress.
08-23 17:45:56.985 1324 1324 W wificond: Scan is not started. Ignore abort request
08-23 17:45:57.259 1324 1324 E wificond: NL80211_CMD_TRIGGER_SCAN failed: Device or resource busy
08-23 17:45:57.909 1082 2006 D CompatibilityChangeReporter: Compat change id reported: 171306433; UID 1073; state: ENABLED
08-23 17:45:59.425 1082 1082 D CompatibilityChangeReporter: Compat change id reported: 175319604; UID 10088; state: ENABLED
08-23 17:45:59.439 1082 1082 D CompatibilityChangeReporter: Compat change id reported: 175319604; UID 1000; state: DISABLED
08-23 17:45:59.439 1082 1082 D CompatibilityChangeReporter: Compat change id reported: 175319604; UID 1000; state: ENABLED
08-23 17:45:59.442 1082 1082 D CompatibilityChangeReporter: Compat change id reported: 175319604; UID 10101; state: DISABLED
08-23 17:45:59.565 686 748 E NetlinkEvent: NetlinkEvent::FindParam(): Parameter 'INTERFACE' not found
08-23 17:45:59.565 686 748 E NetlinkEvent: NetlinkEvent::FindParam(): Parameter 'STATE' not found
08-23 17:45:59.565 686 748 E NetlinkEvent: NetlinkEvent::FindParam(): Parameter 'TIME_NS' not found
08-23 17:45:59.565 686 748 E NetlinkEvent: NetlinkEvent::FindParam(): Parameter 'UID' not found
08-23 17:45:59.606 1082 1750 W ContextImpl: Calling a method in the system process without a qualified user: android.app.ContextImpl.sendStickyBroadcast:1559 com.android.server.ConnectivityService.sendStickyBroadcast:2811 com.android.server.ConnectivityService.sendGeneralBroadcast:2786 com.android.server.ConnectivityService.sendConnectedBroadcast:2759 com.android.server.ConnectivityService.sendLegacyNetworkBroadcast:8704
08-23 17:46:00.544 1082 2802 E TaskPersister: File error accessing recents directory (directory doesn't exist?).
08-23 17:46:02.004 1082 2006 W OverlayManager: service 'idmap' died
08-23 17:46:06.028 1082 1864 D TelephonyRegistry: listen oscl: mHasNotifySubscriptionInfoChangedOccurred==false no callback
08-23 17:46:06.038 1082 1864 D TelephonyRegistry: listen oscl: mHasNotifySubscriptionInfoChangedOccurred==false no callback
08-23 17:46:06.092 1082 1184 I DropBoxManagerService: add tag=system_app_strictmode isTagEnabled=true flags=0x2
08-23 17:46:07.779 1082 1082 W NotificationHistory: Attempted to add notif for locked/gone/disabled user 0
08-23 17:46:09.374 1082 7206 I ActivityTaskManager: START u0 {act=android.intent.action.MAIN cmp=com.android.settings/.SubSettings (has extras)} from uid 1000
08-23 17:46:09.411 1082 7206 I ActivityTaskManager: The Process com.android.settings Already Exists in BG. So sending its PID: 2321
08-23 17:46:09.412 1082 7206 W ActivityTaskManager: Tried to set launchTime (0) < mLastActivityLaunchTime (226983)
08-23 17:46:09.459 1082 1125 W BluetoothManagerService: psc is not null in bindBluetoothProfileService
08-23 17:46:09.524 2321 2321 E ActivityThread: Failed to find provider info for com.google.android.gms.nearby.fastpair
08-23 17:46:09.525 2321 8338 E ActivityThread: Failed to find provider info for com.google.android.gms.nearby.fastpair
08-23 17:46:09.546 1082 1125 D PackageManager: Instant App installer not found with android.intent.action.INSTALL_INSTANT_APP_PACKAGE
08-23 17:46:09.546 1082 1125 D PackageManager: Clear ephemeral installer activity
08-23 17:46:09.628 1082 2006 D PackageManager: Instant App installer not found with android.intent.action.INSTALL_INSTANT_APP_PACKAGE
08-23 17:46:09.629 1082 2006 D PackageManager: Clear ephemeral installer activity
08-23 17:46:10.119 1082 2802 E TaskPersister: File error accessing recents directory (directory doesn't exist?).
08-23 17:46:10.559 1082 1182 D CompanionDeviceManagerService: onPackageModified(packageName = com.android.settings)
08-23 17:46:10.576 1082 1082 I Telecom : DefaultDialerCache: Refreshing default dialer for user 0: now null: DDC.oR@ABo
08-23 17:46:10.580 1082 2854 I ActivityTaskManager: START u0 {act=android.intent.action.MAIN cmp=com.android.settings/.SubSettings (has extras)} from uid 1000
08-23 17:46:10.605 1082 2854 I ActivityTaskManager: The Process com.android.settings Already Exists in BG. So sending its PID: 2321
08-23 17:46:10.606 1082 2854 W ActivityTaskManager: Tried to set launchTime (0) < mLastActivityLaunchTime (245604)
08-23 17:46:10.646 1082 1200 W VoiceInteractionManager: no available voice recognition services found for user 0
08-23 17:46:10.671 1082 7206 D PackageManager: Instant App installer not found with android.intent.action.INSTALL_INSTANT_APP_PACKAGE
08-23 17:46:10.671 1082 7206 D PackageManager: Clear ephemeral installer activity
08-23 17:46:10.736 1082 2854 D PackageManager: Instant App installer not found with android.intent.action.INSTALL_INSTANT_APP_PACKAGE
08-23 17:46:10.736 1082 2854 D PackageManager: Clear ephemeral installer activity
08-23 17:46:11.702 1082 1182 D CompanionDeviceManagerService: onPackageModified(packageName = com.android.settings)
08-23 17:46:11.716 1082 1082 I Telecom : DefaultDialerCache: Refreshing default dialer for user 0: now null: DDC.oR@ABs
08-23 17:46:11.745 1082 1200 W VoiceInteractionManager: no available voice recognition services found for user 0
08-23 17:46:13.622 1082 2802 E TaskPersister: File error accessing recents directory (directory doesn't exist?).
08-23 17:46:21.732 1082 2067 W OverlayManager: service 'idmap' died
08-23 17:46:39.703 1082 1082 D CompanionDeviceManagerService: onDeviceConnected(address = 00:58:76:20:46:3D)
08-23 17:46:39.704 1082 1082 I CompanionDeviceManagerService: onDeviceNearby(justAppeared, address = 00:58:76:20:46:3D)
08-23 17:46:40.095 1082 2067 I ActivityTaskManager: START u0 {act=android.bluetooth.device.action.PAIRING_REQUEST flg=0x10000000 cmp=com.android.settings/.bluetooth.BluetoothPairingDialog (has extras)} from uid 1000
08-23 17:46:40.112 1082 2067 W ActivityTaskManager: Can't find TaskDisplayArea to determine support for multi window. Task id=58 attached=false
08-23 17:46:40.145 1082 8337 I ActivityTaskManager: The Process com.android.settings Already Exists in BG. So sending its PID: 2321
08-23 17:46:40.146 1082 8337 W ActivityTaskManager: Tried to set launchTime (0) < mLastActivityLaunchTime (246797)
08-23 17:46:42.494 1082 1186 W ActivityTaskManager: Can't find TaskDisplayArea to determine support for multi window. Task id=58 attached=false
08-23 17:46:42.494 1082 1186 W ActivityTaskManager: Can't find TaskDisplayArea to determine support for multi window. Task id=58 attached=false
08-23 17:46:43.301 1082 1082 I Telecom : BluetoothStateReceiver: Device 00:58:76:20:46:3D changed state to 1: BSR.oR@ABw
08-23 17:46:43.342 2321 2321 E ActivityThread: Failed to find provider info for com.google.android.gms.nearby.fastpair
08-23 17:46:43.342 2321 9946 E ActivityThread: Failed to find provider info for com.google.android.gms.nearby.fastpair
08-23 17:46:44.662 1082 1082 W Looper : Slow dispatch took 387ms main h=android.app.ActivityThread$H c=android.app.LoadedApk$ReceiverDispatcher$Args$$ExternalSyntheticLambda0@91ff9da m=0
08-23 17:46:44.662 1082 1082 I Telecom : BluetoothStateReceiver: Device 00:58:76:20:46:3D is now the preferred BT device for HFP: BSR.oR@AB0
08-23 17:46:44.663 1082 1082 W Looper : Slow delivery took 384ms main h=android.app.ActivityThread$H c=android.app.LoadedApk$ReceiverDispatcher$Args$$ExternalSyntheticLambda0@e3ab4e8 m=0
08-23 17:46:44.663 1082 2381 I Telecom : CallAudioRouteStateMachine: Message received: BT_ACTIVE_DEVICE_PRESENT=8, arg1=0: BSR.oR->CARSM.pM_BT_ACTIVE_DEVICE_PRESENT@AB0
08-23 17:46:44.663 1082 1082 I Telecom : BluetoothStateReceiver: Device 00:58:76:20:46:3D changed state to 2: BSR.oR@AB4
08-23 17:46:44.664 1082 2381 I Telecom : QuiescentEarpieceRoute: Processing message BT_ACTIVE_DEVICE_PRESENT: BSR.oR->CARSM.pM_BT_ACTIVE_DEVICE_PRESENT@AB0
08-23 17:46:44.664 1082 2359 I Telecom : BluetoothRouteManager: Message received: NEW_DEVICE_CONNECTED.: BSR.oR->BRM.pM_1@AB4
08-23 17:46:44.665 1082 2381 I Telecom : Logging.Events: Non-call EVENT: AUDIO_ROUTE, Bluetooth active device present: BSR.oR->CARSM.pM_BT_ACTIVE_DEVICE_PRESENT@AB0
08-23 17:46:44.665 1082 2381 I Telecom : CallAudioRouteStateMachine: Message received: SWITCH_BLUETOOTH=1002, arg1=0: BSR.oR->CARSM.pM_BT_ACTIVE_DEVICE_PRESENT->CARSM.pM_SWITCH_BLUETOOTH@AB0
08-23 17:46:44.666 1082 2381 I Telecom : QuiescentEarpieceRoute: Processing message SWITCH_BLUETOOTH: BSR.oR->CARSM.pM_BT_ACTIVE_DEVICE_PRESENT->CARSM.pM_SWITCH_BLUETOOTH@AB0
08-23 17:46:44.667 1082 2381 W Telecom : QuiescentEarpieceRoute: Ignoring switch to bluetooth command. Not available.: BSR.oR->CARSM.pM_BT_ACTIVE_DEVICE_PRESENT->CARSM.pM_SWITCH_BLUETOOTH@AB0
08-23 17:46:44.667 1082 2381 I Telecom : CallAudioRouteStateMachine: Message received: BLUETOOTH_DEVICE_LIST_CHANGED=7, arg1=0: BSR.oR->CARSM.pM_BLUETOOTH_DEVICE_LIST_CHANGED@AB4
08-23 17:46:44.667 1082 2381 I Telecom : QuiescentEarpieceRoute: Processing message BLUETOOTH_DEVICE_LIST_CHANGED: BSR.oR->CARSM.pM_BLUETOOTH_DEVICE_LIST_CHANGED@AB4
08-23 17:46:44.668 1082 2381 I Telecom : Logging.Events: Non-call EVENT: AUDIO_ROUTE, Bluetooth device list changed: BSR.oR->CARSM.pM_BLUETOOTH_DEVICE_LIST_CHANGED@AB4
08-23 17:46:44.678 1082 1082 I Telecom : WiredHeadsetManager: ACTION_HEADSET_PLUG event, plugged in: false, : WHC.oADA@AB8
08-23 17:46:44.678 1082 1082 W Looper : Drained
08-23 17:46:45.755 1082 2802 E TaskPersister: File error accessing recents directory (directory doesn't exist?).
08-23 17:46:46.536 1082 1184 I DropBoxManagerService: add tag=system_app_strictmode isTagEnabled=true flags=0x2
08-23 17:46:46.697 1082 1182 D AutofillManagerService: Close system dialogs
08-23 17:46:46.776 1082 1082 I Telecom : WiredHeadsetManager: ACTION_HEADSET_PLUG event, plugged in: false, : WHC.oADA@ACA
08-23 17:46:47.308 1082 1200 W UsageStatsService: Unexpected activity event reported! (com.android.launcher3/com.android.launcher3.uioverrides.QuickstepLauncher event : 23 instanceId : 196539261)
08-23 17:46:47.984 1082 1184 I DropBoxManagerService: add tag=system_app_strictmode isTagEnabled=true flags=0x2
08-23 17:46:48.027 1082 1182 D AutofillManagerService: Close system dialogs
08-23 17:46:49.263 1082 7206 I ActivityManager: PendingStartActivityUids startActivity to updateOomAdj delay:1272ms, uid:10087
08-23 17:46:49.704 1082 1082 D CompanionDeviceManagerService: TriggerDeviceDisappearedRunnable.run(address = 00:58:76:20:46:3D)
08-23 17:46:50.767 1082 7206 I ActivityTaskManager: START u0 {act=android.intent.action.MAIN cat=[android.intent.category.LAUNCHER] flg=0x10200000 pkg=com.android.gallery3d cmp=com.android.gallery3d/.app.GalleryActivity bnds=[336,630][634,927]} from uid 10087
08-23 17:46:50.777 1082 1184 I DropBoxManagerService: add tag=system_app_strictmode isTagEnabled=true flags=0x2
08-23 17:46:50.788 1082 7206 W ActivityTaskManager: Can't find TaskDisplayArea to determine support for multi window. Task id=59 attached=false
08-23 17:46:50.797 1082 7206 D CompatibilityChangeReporter: Compat change id reported: 174042980; UID 10067; state: DISABLED
08-23 17:46:50.798 1082 7206 D CompatibilityChangeReporter: Compat change id reported: 184838306; UID 10067; state: DISABLED
08-23 17:46:50.800 1082 7206 D CompatibilityChangeReporter: Compat change id reported: 185004937; UID 10067; state: DISABLED
08-23 17:46:50.801 1082 7206 D CompatibilityChangeReporter: Compat change id reported: 181136395; UID 10067; state: DISABLED
08-23 17:46:50.802 1082 7206 D CompatibilityChangeReporter: Compat change id reported: 174042936; UID 10067; state: DISABLED
08-23 17:46:50.808 1082 7206 D CompatibilityChangeReporter: Compat change id reported: 168419799; UID 10067; state: DISABLED
08-23 17:46:50.809 1082 7206 V SplashScreenExceptionList: SplashScreen checking exception for package com.android.gallery3d (target sdk:29) -> false
08-23 17:46:50.822 1889 2101 D PhoneStartingWindowTypeAlgorithm: preferredStartingWindowType newTask:true taskSwitch:true processRunning:false allowTaskSnapshot:true activityCreated:false useEmptySplashScreen:false legacySplashScreen:false topIsHome:false
08-23 17:46:50.822 1889 2101 D StartingSurfaceDrawer: addSplashScreen com.android.gallery3d theme=7f120034 task=59 suggestType=1
08-23 17:46:50.835 1889 2103 D StartingSurfaceDrawer: window attributes color: 0 icon null duration 0 brandImage null
08-23 17:46:50.842 1082 1185 D CompatibilityChangeReporter: Compat change id reported: 135634846; UID 10067; state: DISABLED
08-23 17:46:50.842 1082 1185 D CompatibilityChangeReporter: Compat change id reported: 177438394; UID 10067; state: DISABLED
08-23 17:46:50.842 1082 1185 D CompatibilityChangeReporter: Compat change id reported: 135772972; UID 10067; state: DISABLED
08-23 17:46:50.842 1082 1185 D CompatibilityChangeReporter: Compat change id reported: 135754954; UID 10067; state: DISABLED
08-23 17:46:50.843 1082 1210 D CompatibilityChangeReporter: Compat change id reported: 143937733; UID 10067; state: DISABLED
08-23 17:46:50.847 1889 2103 D StartingSurfaceDrawer: FgMainColor=fff1f1f1 BgMainColor=ff4285f4 IsBgComplex=false FromCache=false ThemeColor=ff000000
08-23 17:46:50.847 1889 2103 D StartingSurfaceDrawer: isRgbSimilarInHsv a: ff000000 b ff4285f4 contrast ratio: 5.8929925
08-23 17:46:50.847 1889 2103 D StartingSurfaceDrawer: hsvDiff -143 ah 0.0 bh 217.41573 as 0.0 bs 0.7295082 av 0.0 bv 0.95686275 sqH 0.6311419710995239 sqS 0.5321822447246269 sqV 0.9155863178770893 root 0.8324483034401676
08-23 17:46:50.847 1889 2103 D StartingSurfaceDrawer: makeSplashScreenContentView: draw whole icon
08-23 17:46:50.848 1889 2103 D StartingSurfaceDrawer: fillViewWithIcon surfaceWindowView android.window.SplashScreenView{482dfff V.E...... ......ID 0,0-0,0}
08-23 17:46:50.891 1082 1210 W ActivityManager: Slow operation: 51ms so far, now at startProcess: returned from zygote!
08-23 17:46:50.891 1082 1210 W ActivityManager: Slow operation: 51ms so far, now at startProcess: done updating battery stats
08-23 17:46:50.891 1082 1210 W ActivityManager: Slow operation: 51ms so far, now at startProcess: building log message
08-23 17:46:50.891 1082 1210 I ActivityManager: Start proc 10444:com.android.gallery3d/u0a67 for pre-top-activity {com.android.gallery3d/com.android.gallery3d.app.GalleryActivity}
08-23 17:46:50.892 1082 1210 W ActivityManager: Slow operation: 51ms so far, now at startProcess: starting to update pids map
08-23 17:46:50.892 1082 1210 W ActivityManager: Slow operation: 52ms so far, now at startProcess: done updating pids map
08-23 17:46:50.893 1082 10445 W ContextImpl: Calling a method in the system process without a qualified user: android.app.ContextImpl.sendBroadcast:1173 com.qualcomm.qti.Performance$SendGameLaunchBroadcast.run:217 java.lang.Thread.run:920
08-23 17:46:51.124 1082 1126 D CompatibilityChangeReporter: Compat change id reported: 149924527; UID 10067; state: ENABLED
08-23 17:46:51.124 1082 1126 D CompatibilityChangeReporter: Compat change id reported: 132649864; UID 10067; state: DISABLED
08-23 17:46:51.126 1082 1126 D CompatibilityChangeReporter: Compat change id reported: 182734110; UID 10067; state: DISABLED
08-23 17:46:51.134 1082 2067 W WindowManager: Failed looking up window session=Session{baec162 10444:u0a10067} callers=com.android.server.wm.WindowManagerService.windowForClientLocked:5626 com.android.server.wm.Session.insetsModified:629 android.view.IWindowSession$Stub.onTransact:1151
08-23 17:46:51.320 1889 2101 D StartingSurfaceDrawer: Task start finish, remove starting surface for task 59
08-23 17:46:51.321 1889 2101 V StartingSurfaceDrawer: Removing splash screen window for task: 59
08-23 17:46:51.338 1082 7206 W ActivityTaskManager: Request to remove task ignored for non-existent task 58
08-23 17:46:54.340 1082 2802 E TaskPersister: File error accessing recents directory (directory doesn't exist?).
08-23 17:46:55.992 1273 10438 I iorapd : Perfetto TraceBuffer saved to file: /data/misc/iorapd/com.android.gallery3d/40030/com.android.gallery3d.app.GalleryActivity/raw_traces/1661276815981464805.perfetto_trace.pb
08-23 17:47:00.635 1082 7206 I ActivityTaskManager: START u0 {act=android.intent.action.VIEW dat=content://media/external/video/media/19 typ=video/* cmp=com.android.gallery3d/.app.MovieActivity (has extras)} from uid 10067
08-23 17:47:00.648 1082 1184 I DropBoxManagerService: add tag=system_app_strictmode isTagEnabled=true flags=0x2
08-23 17:47:00.710 1082 7206 I ActivityTaskManager: The Process com.android.gallery3d Already Exists in BG. So sending its PID: 10444
08-23 17:47:00.710 1082 7206 W ActivityTaskManager: Tried to set launchTime (0) < mLastActivityLaunchTime (287143)
08-23 17:47:00.782 1082 1126 W WindowManager: Failed looking up window session=Session{baec162 10444:u0a10067} callers=com.android.server.wm.WindowManagerService.windowForClientLocked:5626 com.android.server.wm.Session.insetsModified:629 android.view.IWindowSession$Stub.onTransact:1151
08-23 17:47:03.678 1082 2802 E TaskPersister: File error accessing recents directory (directory doesn't exist?).
08-23 17:47:52.970 588 588 E spcomlib: [spcom_wait_for_event] event [1] [nvm_ready] EVENT_STATUS_TIMEOUT
08-23 17:47:52.970 588 588 E spdaemon: spcom_wait_for_nvm_ready() failed. ret [-110] [Connection timed out].
08-23 17:47:52.970 588 588 E spdaemon: Initial SP initialization failed. ret [-110].
08-23 17:47:52.970 588 588 D spdaemon: going to sleep for a day.
08-23 17:48:00.613 1082 1184 I DropBoxManagerService: add tag=system_server_strictmode isTagEnabled=true flags=0x2
08-23 17:48:00.617 1082 1184 I DropBoxManagerService: add tag=system_server_strictmode isTagEnabled=true flags=0x2
08-23 17:48:00.620 1082 1184 I DropBoxManagerService: add tag=system_server_strictmode isTagEnabled=true flags=0x2
08-23 17:48:00.623 1082 1184 I DropBoxManagerService: add tag=system_server_strictmode isTagEnabled=true flags=0x2
08-23 17:48:00.625 1082 1184 I DropBoxManagerService: add tag=system_server_strictmode isTagEnabled=true flags=0x2
08-23 17:48:00.628 1082 1184 I DropBoxManagerService: add tag=system_server_strictmode isTagEnabled=true flags=0x2
08-23 17:48:00.631 1082 1184 I DropBoxManagerService: add tag=system_server_strictmode isTagEnabled=true flags=0x2
08-23 17:48:00.633 1082 1184 I DropBoxManagerService: add tag=system_server_strictmode isTagEnabled=true flags=0x2
08-23 17:48:00.635 1082 1184 I DropBoxManagerService: add tag=system_server_strictmode isTagEnabled=true flags=0x2
08-23 17:49:44.312 1082 2802 E TaskPersister: File error accessing recents directory (directory doesn't exist?).
08-23 17:50:20.977 1082 7421 I ActivityTaskManager: START u0 {act=android.intent.action.VIEW dat=content://media/external/video/media/21 typ=video/* cmp=com.android.gallery3d/.app.MovieActivity (has extras)} from uid 10067
08-23 17:50:20.983 1082 1184 I DropBoxManagerService: add tag=system_app_strictmode isTagEnabled=true flags=0x2
08-23 17:50:21.054 1082 2067 I ActivityTaskManager: The Process com.android.gallery3d Already Exists in BG. So sending its PID: 10444
08-23 17:50:21.055 1082 2067 W ActivityTaskManager: Tried to set launchTime (0) < mLastActivityLaunchTime (296902)
08-23 17:50:21.091 1082 7421 W WindowManager: Failed looking up window session=Session{baec162 10444:u0a10067} callers=com.android.server.wm.WindowManagerService.windowForClientLocked:5626 com.android.server.wm.Session.insetsModified:629 android.view.IWindowSession$Stub.onTransact:1151
08-23 17:50:23.999 1082 2802 E TaskPersister: File error accessing recents directory (directory doesn't exist?).
08-23 17:52:25.330 1082 2802 E TaskPersister: File error accessing recents directory (directory doesn't exist?).
08-23 17:53:08.886 1082 1671 D ActivityManager: freezing 3009 com.android.keychain
08-23 17:53:08.894 1082 1671 E ActivityManager: Unable to freeze binder for 3009 com.android.keychain
08-23 17:53:08.899 1082 1671 D ActivityManager: froze 3009 com.android.keychain
08-23 17:53:08.907 1082 1671 E ActivityManager: Unable to freeze binder for 3009 com.android.keychain
08-23 17:53:08.909 1082 1671 I ActivityManager: Killing 3009:com.android.keychain/1000 (adj 975): Unable to freeze binder interface
08-23 17:53:09.614 1082 1671 D ActivityManager: freezing 3194 com.android.traceur
08-23 17:53:09.621 1082 1671 E ActivityManager: Unable to freeze binder for 3194 com.android.traceur
08-23 17:53:09.623 1082 1671 D ActivityManager: froze 3194 com.android.traceur
08-23 17:53:09.631 1082 1671 E ActivityManager: Unable to freeze binder for 3194 com.android.traceur
08-23 17:53:09.631 1082 1671 I ActivityManager: Killing 3194:com.android.traceur/u0a31 (adj 975): Unable to freeze binder interface
08-23 17:53:09.902 1082 1671 D ActivityManager: freezing 3243 com.qualcomm.qti.qmmi
08-23 17:53:09.909 1082 1671 E ActivityManager: Unable to freeze binder for 3243 com.qualcomm.qti.qmmi
08-23 17:53:09.911 1082 1671 D ActivityManager: froze 3243 com.qualcomm.qti.qmmi
08-23 17:53:09.921 1082 1671 E ActivityManager: Unable to freeze binder for 3243 com.qualcomm.qti.qmmi
08-23 17:53:09.922 1082 1671 I ActivityManager: Killing 3243:com.qualcomm.qti.qmmi/1000 (adj 965): Unable to freeze binder interface
08-23 17:53:10.030 1082 1671 D ActivityManager: freezing 3265 com.android.localtransport
08-23 17:53:10.037 1082 1671 E ActivityManager: Unable to freeze binder for 3265 com.android.localtransport
08-23 17:53:10.039 1082 1671 D ActivityManager: froze 3265 com.android.localtransport
08-23 17:53:10.045 1082 1671 E ActivityManager: Unable to freeze binder for 3265 com.android.localtransport
08-23 17:53:10.046 1082 1671 I ActivityManager: Killing 3265:com.android.localtransport/1000 (adj 965): Unable to freeze binder interface
08-23 17:53:10.662 1082 1671 D ActivityManager: freezing 3378 com.android.calendar
08-23 17:53:10.669 1082 1671 E ActivityManager: Unable to freeze binder for 3378 com.android.calendar
08-23 17:53:10.671 1082 1671 D ActivityManager: froze 3378 com.android.calendar
08-23 17:53:10.678 1082 1671 E ActivityManager: Unable to freeze binder for 3378 com.android.calendar
08-23 17:53:10.679 1082 1671 I ActivityManager: Killing 3378:com.android.calendar/u0a73 (adj 985): Unable to freeze binder interface
08-23 17:53:10.946 1082 1671 D ActivityManager: freezing 3421 com.android.dynsystem
08-23 17:53:10.955 1082 1671 E ActivityManager: Unable to freeze binder for 3421 com.android.dynsystem
08-23 17:53:10.956 1082 1671 D ActivityManager: froze 3421 com.android.dynsystem
08-23 17:53:10.964 1082 1671 E ActivityManager: Unable to freeze binder for 3421 com.android.dynsystem
08-23 17:53:10.964 1082 1671 I ActivityManager: Killing 3421:com.android.dynsystem/1000 (adj 985): Unable to freeze binder interface
08-23 17:53:11.172 1082 1671 D ActivityManager: freezing 3443 com.android.dynsystem:dynsystem
08-23 17:53:11.180 1082 1671 E ActivityManager: Unable to freeze binder for 3443 com.android.dynsystem:dynsystem
08-23 17:53:11.182 1082 1671 D ActivityManager: froze 3443 com.android.dynsystem:dynsystem
08-23 17:53:11.188 1082 1671 E ActivityManager: Unable to freeze binder for 3443 com.android.dynsystem:dynsystem
08-23 17:53:11.189 1082 1671 I ActivityManager: Killing 3443:com.android.dynsystem:dynsystem/1000 (adj 975): Unable to freeze binder interface
08-23 17:53:11.537 1082 1671 D ActivityManager: freezing 3482 com.android.onetimeinitializer
08-23 17:53:11.545 1082 1671 E ActivityManager: Unable to freeze binder for 3482 com.android.onetimeinitializer
08-23 17:53:11.548 1082 1671 D ActivityManager: froze 3482 com.android.onetimeinitializer
08-23 17:53:11.555 1082 1671 E ActivityManager: Unable to freeze binder for 3482 com.android.onetimeinitializer
08-23 17:53:11.557 1082 1671 I ActivityManager: Killing 3482:com.android.onetimeinitializer/u0a61 (adj 965): Unable to freeze binder interface
08-23 17:53:13.188 1082 1671 D ActivityManager: freezing 3599 com.android.phone
08-23 17:53:13.195 1082 1671 E ActivityManager: Unable to freeze binder for 3599 com.android.phone
08-23 17:53:13.198 1082 1671 D ActivityManager: froze 3599 com.android.phone
08-23 17:53:13.205 1082 1671 E ActivityManager: Unable to freeze binder for 3599 com.android.phone
08-23 17:53:13.206 1082 1671 I ActivityManager: Killing 3599:com.android.phone/1001 (adj 955): Unable to freeze binder interface
08-23 17:53:13.340 1082 2078 I Watchdog: Interesting Java process com.android.phone died. Pid 3599
08-23 17:53:18.402 1082 1671 D ActivityManager: freezing 3667 com.qualcomm.qti.qms.service.connectionsecurity
08-23 17:53:18.409 1082 1671 E ActivityManager: Unable to freeze binder for 3667 com.qualcomm.qti.qms.service.connectionsecurity
08-23 17:53:18.410 1082 1671 D ActivityManager: froze 3667 com.qualcomm.qti.qms.service.connectionsecurity
08-23 17:53:18.425 1082 1671 E ActivityManager: Unable to freeze binder for 3667 com.qualcomm.qti.qms.service.connectionsecurity
08-23 17:53:18.427 1082 1671 D ActivityManager: freezing 3082 com.qualcomm.qtil.aptxui
08-23 17:53:18.434 1082 1671 E ActivityManager: Unable to freeze binder for 3082 com.qualcomm.qtil.aptxui
08-23 17:53:18.435 1082 1671 D ActivityManager: froze 3082 com.qualcomm.qtil.aptxui
08-23 17:53:18.444 1082 1671 E ActivityManager: Unable to freeze binder for 3082 com.qualcomm.qtil.aptxui
08-23 17:53:18.446 1082 1671 I ActivityManager: Killing 3667:com.qualcomm.qti.qms.service.connectionsecurity/u0a57 (adj 945): Unable to freeze binder interface
08-23 17:53:18.448 1082 1671 D ActivityManager: freezing 3158 com.android.quicksearchbox
08-23 17:53:18.455 1082 1671 E ActivityManager: Unable to freeze binder for 3158 com.android.quicksearchbox
08-23 17:53:18.457 1082 1671 D ActivityManager: froze 3158 com.android.quicksearchbox
08-23 17:53:18.465 1082 1671 E ActivityManager: Unable to freeze binder for 3158 com.android.quicksearchbox
08-23 17:53:18.466 1082 1671 I ActivityManager: Killing 3082:com.qualcomm.qtil.aptxui/u0a92 (adj 945): Unable to freeze binder interface
08-23 17:53:18.468 1082 1671 I ActivityManager: Killing 3158:com.android.quicksearchbox/u0a71 (adj 935): Unable to freeze binder interface
08-23 17:53:24.020 1082 2067 I ActivityTaskManager: START u0 {act=android.intent.action.VIEW dat=content://media/external/video/media/18 typ=video/* cmp=com.android.gallery3d/.app.MovieActivity (has extras)} from uid 10067
08-23 17:53:24.027 1082 1184 I DropBoxManagerService: add tag=system_app_strictmode isTagEnabled=true flags=0x2
08-23 17:53:24.105 1082 2067 I ActivityTaskManager: The Process com.android.gallery3d Already Exists in BG. So sending its PID: 10444
08-23 17:53:24.105 1082 2067 W ActivityTaskManager: Tried to set launchTime (0) < mLastActivityLaunchTime (497247)
08-23 17:53:24.114 1082 1671 D ActivityManager: freezing 3687 com.android.externalstorage
08-23 17:53:24.121 1082 1671 E ActivityManager: Unable to freeze binder for 3687 com.android.externalstorage
08-23 17:53:24.125 1082 1671 D ActivityManager: froze 3687 com.android.externalstorage
08-23 17:53:24.134 1082 1671 E ActivityManager: Unable to freeze binder for 3687 com.android.externalstorage
08-23 17:53:24.135 1082 1671 I ActivityManager: Killing 3687:com.android.externalstorage/u0a24 (adj 935): Unable to freeze binder interface
08-23 17:53:24.161 1082 8337 W WindowManager: Failed looking up window session=Session{baec162 10444:u0a10067} callers=com.android.server.wm.WindowManagerService.windowForClientLocked:5626 com.android.server.wm.Session.insetsModified:629 android.view.IWindowSession$Stub.onTransact:1151
08-23 17:53:27.052 1082 2802 E TaskPersister: File error accessing recents directory (directory doesn't exist?).
08-23 17:53:29.734 1082 1671 D ActivityManager: freezing 3555 com.android.providers.calendar
08-23 17:53:29.741 1082 1671 E ActivityManager: Unable to freeze binder for 3555 com.android.providers.calendar
08-23 17:53:29.744 1082 1671 D ActivityManager: froze 3555 com.android.providers.calendar
08-23 17:53:29.751 1082 1671 E ActivityManager: Unable to freeze binder for 3555 com.android.providers.calendar
08-23 17:53:29.752 1082 1671 I ActivityManager: Killing 3555:com.android.providers.calendar/u0a26 (adj 945): Unable to freeze binder interface
08-23 17:53:35.859 1082 1671 D ActivityManager: freezing 3887 com.qualcomm.qti.qms.service.trustzoneaccess
08-23 17:53:35.867 1082 1671 E ActivityManager: Unable to freeze binder for 3887 com.qualcomm.qti.qms.service.trustzoneaccess
08-23 17:53:35.877 1082 1671 D ActivityManager: froze 3887 com.qualcomm.qti.qms.service.trustzoneaccess
08-23 17:53:35.884 1082 1671 E ActivityManager: Unable to freeze binder for 3887 com.qualcomm.qti.qms.service.trustzoneaccess
08-23 17:53:35.885 1082 1671 I ActivityManager: Killing 3887:com.qualcomm.qti.qms.service.trustzoneaccess/u0a53 (adj 935): Unable to freeze binder interface
08-23 17:53:38.091 1082 1671 D ActivityManager: freezing 3289 android.process.media
08-23 17:53:38.099 1082 1671 E ActivityManager: Unable to freeze binder for 3289 android.process.media
08-23 17:53:38.101 1082 1671 D ActivityManager: froze 3289 android.process.media
08-23 17:53:38.108 1082 1671 E ActivityManager: Unable to freeze binder for 3289 android.process.media
08-23 17:53:38.110 1082 1671 D ActivityManager: freezing 3332 android.process.acore
08-23 17:53:38.117 1082 1671 E ActivityManager: Unable to freeze binder for 3332 android.process.acore
08-23 17:53:38.118 1082 1671 D ActivityManager: froze 3332 android.process.acore
08-23 17:53:38.127 1082 1671 E ActivityManager: Unable to freeze binder for 3332 android.process.acore
08-23 17:53:38.128 1082 1671 I ActivityManager: Killing 3289:android.process.media/u0a19 (adj 935): Unable to freeze binder interface
08-23 17:53:38.130 1082 1671 I ActivityManager: Killing 3332:android.process.acore/u0a29 (adj 975): Unable to freeze binder interface
08-23 17:53:38.248 1082 8337 D CountryDetector: No listener is left
08-23 17:54:01.099 1082 1645 W DeviceIdleController: motion timeout went off and device isn't stationary
08-23 17:54:02.715 1082 24550 I BackgroundDexOptService: Pinning optimized code {}
08-23 17:55:37.353 1082 1671 D ActivityManager: freezing 2677 com.android.deskclock
08-23 17:55:37.361 1082 1671 E ActivityManager: Unable to freeze binder for 2677 com.android.deskclock
08-23 17:55:37.364 1082 1671 D ActivityManager: froze 2677 com.android.deskclock
08-23 17:55:37.370 1082 1671 E ActivityManager: Unable to freeze binder for 2677 com.android.deskclock
08-23 17:55:37.371 1082 1671 I ActivityManager: Killing 2677:com.android.deskclock/u0a68 (adj 925): Unable to freeze binder interface
08-23 17:55:37.580 1082 1185 W ActivityManager: setHasOverlayUi called on unknown pid: 2677
08-23 17:55:49.489 1082 2802 E TaskPersister: File error accessing recents directory (directory doesn't exist?).
08-23 17:56:21.831 1082 1671 D ActivityManager: freezing 3529 com.android.permissioncontroller
08-23 17:56:21.838 1082 1671 E ActivityManager: Unable to freeze binder for 3529 com.android.permissioncontroller
08-23 17:56:21.840 1082 1671 D ActivityManager: froze 3529 com.android.permissioncontroller
08-23 17:56:21.847 1082 1671 E ActivityManager: Unable to freeze binder for 3529 com.android.permissioncontroller
08-23 17:56:21.848 1082 1671 I ActivityManager: Killing 3529:com.android.permissioncontroller/u0a99 (adj 905): Unable to freeze binder interface
08-23 17:56:38.579 1082 1671 D ActivityManager: freezing 2465 com.qualcomm.qti.qccauthmgr
08-23 17:56:38.590 1082 1671 E ActivityManager: Unable to freeze binder for 2465 com.qualcomm.qti.qccauthmgr
08-23 17:56:38.593 1082 1671 D ActivityManager: froze 2465 com.qualcomm.qti.qccauthmgr
08-23 17:56:38.599 1082 1671 E ActivityManager: Unable to freeze binder for 2465 com.qualcomm.qti.qccauthmgr
08-23 17:56:38.600 1082 1671 I ActivityManager: Killing 2465:com.qualcomm.qti.qccauthmgr/u0a89 (adj 905): Unable to freeze binder interface
08-23 17:56:45.978 1082 1235 I PowerManagerService: Napping display group (groupId=0, uid=1000)...
08-23 17:56:45.978 1082 1235 I PowerManagerService: Nap time (uid 1000)...
08-23 17:56:45.985 1082 1235 V DisplayPowerController[0]: Brightness [0.05] reason changing to: 'manual [ dim ]', previous reason: 'manual'.
08-23 17:56:45.986 1082 1235 I DreamManagerService: Entering dreamland.
08-23 17:56:45.987 1082 1235 I PowerManagerService: Dreaming...
08-23 17:56:45.988 1082 1182 I DreamController: Starting dream: name=ComponentInfo{com.android.deskclock/com.android.deskclock.Screensaver}, isTest=false, canDoze=false, userId=0
08-23 17:56:45.991 1082 1182 D CompatibilityChangeReporter: Compat change id reported: 135634846; UID 10068; state: DISABLED
08-23 17:56:45.991 1082 1182 D CompatibilityChangeReporter: Compat change id reported: 177438394; UID 10068; state: DISABLED
08-23 17:56:45.992 1082 1182 D CompatibilityChangeReporter: Compat change id reported: 135772972; UID 10068; state: DISABLED
08-23 17:56:45.992 1082 1182 D CompatibilityChangeReporter: Compat change id reported: 135754954; UID 10068; state: DISABLED
08-23 17:56:45.993 1082 1210 D CompatibilityChangeReporter: Compat change id reported: 143937733; UID 10068; state: DISABLED
08-23 17:56:45.994 1082 1182 D AutofillManagerService: Close system dialogs
08-23 17:56:45.997 1082 1868 E DisplayDeviceConfig: requesting nits when no mapping exists.
08-23 17:56:45.997 1082 1868 E DisplayDeviceConfig: requesting nits when no mapping exists.
08-23 17:56:45.999 1082 1209 I DropBoxManagerService: add tag=system_server_wtf isTagEnabled=true flags=0x2
08-23 17:56:46.005 1082 1209 I DropBoxManagerService: add tag=system_server_wtf isTagEnabled=true flags=0x2
08-23 17:56:46.014 1082 1868 E DisplayDeviceConfig: requesting nits when no mapping exists.
08-23 17:56:46.015 1082 1868 E DisplayDeviceConfig: requesting nits when no mapping exists.
08-23 17:56:46.016 1082 1209 I DropBoxManagerService: add tag=system_server_wtf isTagEnabled=true flags=0x2
08-23 17:56:46.020 1082 1209 I DropBoxManagerService: add tag=system_server_wtf isTagEnabled=true flags=0x2
08-23 17:56:46.025 1082 1868 E DisplayDeviceConfig: requesting nits when no mapping exists.
08-23 17:56:46.025 1082 1868 E DisplayDeviceConfig: requesting nits when no mapping exists.
08-23 17:56:46.028 1082 1209 I DropBoxManagerService: add tag=system_server_wtf isTagEnabled=true flags=0x2
08-23 17:56:46.037 1082 1210 I ActivityManager: Start proc 22090:com.android.deskclock/u0a68 for service {com.android.deskclock/com.android.deskclock.Screensaver}
08-23 17:56:46.043 1082 1868 E DisplayDeviceConfig: requesting nits when no mapping exists.
08-23 17:56:46.044 1082 1868 E DisplayDeviceConfig: requesting nits when no mapping exists.
08-23 17:56:46.059 1082 1868 E DisplayDeviceConfig: requesting nits when no mapping exists.
08-23 17:56:46.060 1082 1868 E DisplayDeviceConfig: requesting nits when no mapping exists.
08-23 17:56:46.074 1082 1868 E DisplayDeviceConfig: requesting nits when no mapping exists.
08-23 17:56:46.075 1082 1868 E DisplayDeviceConfig: requesting nits when no mapping exists.
08-23 17:56:46.092 1082 1868 E DisplayDeviceConfig: requesting nits when no mapping exists.
08-23 17:56:46.094 1082 1868 E DisplayDeviceConfig: requesting nits when no mapping exists.
08-23 17:56:46.112 1082 1868 E DisplayDeviceConfig: requesting nits when no mapping exists.
08-23 17:56:46.112 1082 1868 E DisplayDeviceConfig: requesting nits when no mapping exists.
08-23 17:56:46.126 1082 1868 E DisplayDeviceConfig: requesting nits when no mapping exists.
08-23 17:56:46.126 1082 1868 E DisplayDeviceConfig: requesting nits when no mapping exists.
08-23 17:56:46.142 1082 1868 E DisplayDeviceConfig: requesting nits when no mapping exists.
08-23 17:56:46.142 1082 1868 E DisplayDeviceConfig: requesting nits when no mapping exists.
08-23 17:56:46.158 1082 1868 E DisplayDeviceConfig: requesting nits when no mapping exists.
08-23 17:56:46.158 1082 1868 E DisplayDeviceConfig: requesting nits when no mapping exists.
08-23 17:56:46.173 1082 1864 I ActivityTaskManager: START u0 {flg=0x10000000 pkg=com.android.deskclock cmp=com.android.deskclock/android.service.dreams.DreamActivity (has extras)} from uid 10068
08-23 17:56:46.175 1082 1864 D CompatibilityChangeReporter: Compat change id reported: 184838306; UID 10068; state: DISABLED
08-23 17:56:46.175 1082 1868 E DisplayDeviceConfig: requesting nits when no mapping exists.
08-23 17:56:46.175 1082 1868 E DisplayDeviceConfig: requesting nits when no mapping exists.
08-23 17:56:46.177 1082 1864 D CompatibilityChangeReporter: Compat change id reported: 185004937; UID 10068; state: DISABLED
08-23 17:56:46.178 1082 1864 D CompatibilityChangeReporter: Compat change id reported: 181136395; UID 10068; state: DISABLED
08-23 17:56:46.180 1082 1864 D CompatibilityChangeReporter: Compat change id reported: 174042936; UID 10068; state: DISABLED
08-23 17:56:46.181 1082 1864 D CompatibilityChangeReporter: Compat change id reported: 174042980; UID 10068; state: DISABLED
08-23 17:56:46.182 1082 1864 W ActivityTaskManager: Can't find TaskDisplayArea to determine support for multi window. Task id=60 attached=false
08-23 17:56:46.192 1082 1864 V SplashScreenExceptionList: SplashScreen checking exception for package com.android.deskclock (target sdk:29) -> false
08-23 17:56:46.199 1082 1868 E DisplayDeviceConfig: requesting nits when no mapping exists.
08-23 17:56:46.200 1082 1868 E DisplayDeviceConfig: requesting nits when no mapping exists.
08-23 17:56:46.215 1082 1868 E DisplayDeviceConfig: requesting nits when no mapping exists.
08-23 17:56:46.215 1082 1868 E DisplayDeviceConfig: requesting nits when no mapping exists.
08-23 17:56:46.222 1082 2067 I ActivityTaskManager: The Process com.android.deskclock Already Exists in BG. So sending its PID: 22090
08-23 17:56:46.225 1082 1868 E DisplayDeviceConfig: requesting nits when no mapping exists.
08-23 17:56:46.226 1082 1868 E DisplayDeviceConfig: requesting nits when no mapping exists.
08-23 17:56:46.242 1082 1868 E DisplayDeviceConfig: requesting nits when no mapping exists.
08-23 17:56:46.243 1082 1868 E DisplayDeviceConfig: requesting nits when no mapping exists.
08-23 17:56:46.259 1082 1868 E DisplayDeviceConfig: requesting nits when no mapping exists.
08-23 17:56:46.259 1082 1868 E DisplayDeviceConfig: requesting nits when no mapping exists.
08-23 17:56:46.267 1082 1125 W WindowManager: Failed looking up window session=Session{25dd50e 22090:u0a10068} callers=com.android.server.wm.WindowManagerService.windowForClientLocked:5626 com.android.server.wm.Session.insetsModified:629 android.view.IWindowSession$Stub.onTransact:1151
08-23 17:56:46.276 1082 1868 E DisplayDeviceConfig: requesting nits when no mapping exists.
08-23 17:56:46.277 1082 1868 E DisplayDeviceConfig: requesting nits when no mapping exists.
08-23 17:56:46.292 1082 1868 E DisplayDeviceConfig: requesting nits when no mapping exists.
08-23 17:56:46.292 1082 1868 E DisplayDeviceConfig: requesting nits when no mapping exists.
08-23 17:56:46.309 1082 1868 E DisplayDeviceConfig: requesting nits when no mapping exists.
08-23 17:56:46.309 1082 1868 E DisplayDeviceConfig: requesting nits when no mapping exists.
08-23 17:56:46.325 1082 1868 E DisplayDeviceConfig: requesting nits when no mapping exists.
08-23 17:56:46.325 1082 1868 E DisplayDeviceConfig: requesting nits when no mapping exists.
08-23 17:56:46.344 1082 1868 E DisplayDeviceConfig: requesting nits when no mapping exists.
08-23 17:56:46.344 1082 1868 E DisplayDeviceConfig: requesting nits when no mapping exists.
08-23 17:56:46.360 1082 1868 E DisplayDeviceConfig: requesting nits when no mapping exists.
08-23 17:56:46.360 1082 1868 E DisplayDeviceConfig: requesting nits when no mapping exists.
08-23 17:56:46.375 1082 1868 E DisplayDeviceConfig: requesting nits when no mapping exists.
08-23 17:56:46.376 1082 1868 E DisplayDeviceConfig: requesting nits when no mapping exists.
08-23 17:56:46.398 1082 1868 E DisplayDeviceConfig: requesting nits when no mapping exists.
08-23 17:56:46.398 1082 1868 E DisplayDeviceConfig: requesting nits when no mapping exists.
08-23 17:56:46.415 1082 1235 V DisplayPowerController[0]: Brightness [0.39763778] reason changing to: 'manual', previous reason: 'manual [ dim ]'.
08-23 17:56:46.415 1082 1868 E DisplayDeviceConfig: requesting nits when no mapping exists.
08-23 17:56:46.416 1082 1868 E DisplayDeviceConfig: requesting nits when no mapping exists.
08-23 17:56:46.428 1082 1868 E DisplayDeviceConfig: requesting nits when no mapping exists.
08-23 17:56:46.429 1082 1868 E DisplayDeviceConfig: requesting nits when no mapping exists.
08-23 17:56:46.445 1082 1868 E DisplayDeviceConfig: requesting nits when no mapping exists.
08-23 17:56:46.445 1082 1868 E DisplayDeviceConfig: requesting nits when no mapping exists.
08-23 17:56:46.460 1082 1868 E DisplayDeviceConfig: requesting nits when no mapping exists.
08-23 17:56:46.460 1082 1868 E DisplayDeviceConfig: requesting nits when no mapping exists.
08-23 17:56:46.477 1082 1868 E DisplayDeviceConfig: requesting nits when no mapping exists.
08-23 17:56:46.477 1082 1868 E DisplayDeviceConfig: requesting nits when no mapping exists.
08-23 17:56:46.494 1082 1868 E DisplayDeviceConfig: requesting nits when no mapping exists.
08-23 17:56:46.495 1082 1868 E DisplayDeviceConfig: requesting nits when no mapping exists.
08-23 17:56:46.511 1082 1868 E DisplayDeviceConfig: requesting nits when no mapping exists.
08-23 17:56:46.512 1082 1868 E DisplayDeviceConfig: requesting nits when no mapping exists.
08-23 17:56:46.526 1082 1868 E DisplayDeviceConfig: requesting nits when no mapping exists.
08-23 17:56:46.527 1082 1868 E DisplayDeviceConfig: requesting nits when no mapping exists.
08-23 17:56:46.543 1082 1868 E DisplayDeviceConfig: requesting nits when no mapping exists.
08-23 17:56:46.544 1082 1868 E DisplayDeviceConfig: requesting nits when no mapping exists.
08-23 17:56:46.561 1082 1868 E DisplayDeviceConfig: requesting nits when no mapping exists.
08-23 17:56:46.561 1082 1868 E DisplayDeviceConfig: requesting nits when no mapping exists.
08-23 17:56:46.577 1082 1868 E DisplayDeviceConfig: requesting nits when no mapping exists.
08-23 17:56:46.581 1082 1868 E DisplayDeviceConfig: requesting nits when no mapping exists.
08-23 17:56:46.593 1082 1868 E DisplayDeviceConfig: requesting nits when no mapping exists.
08-23 17:56:46.594 1082 1868 E DisplayDeviceConfig: requesting nits when no mapping exists.
08-23 17:56:46.611 1082 1868 E DisplayDeviceConfig: requesting nits when no mapping exists.
08-23 17:56:46.612 1082 1868 E DisplayDeviceConfig: requesting nits when no mapping exists.
08-23 17:56:46.628 1082 1868 E DisplayDeviceConfig: requesting nits when no mapping exists.
08-23 17:56:46.629 1082 1868 E DisplayDeviceConfig: requesting nits when no mapping exists.
08-23 17:56:46.643 1082 1868 E DisplayDeviceConfig: requesting nits when no mapping exists.
08-23 17:56:46.643 1082 1868 E DisplayDeviceConfig: requesting nits when no mapping exists.
08-23 17:56:46.660 1082 1868 E DisplayDeviceConfig: requesting nits when no mapping exists.
08-23 17:56:46.662 1082 1868 E DisplayDeviceConfig: requesting nits when no mapping exists.
08-23 17:56:46.677 1082 1868 E DisplayDeviceConfig: requesting nits when no mapping exists.
08-23 17:56:46.677 1082 1868 E DisplayDeviceConfig: requesting nits when no mapping exists.
