--------- beginning of system
01-01 00:04:15.047 558 572 I QISL : QSEE Interrupt Service Listener Thread is started
01-01 00:04:15.050 558 572 I QISL : QSEE Interrupt Service Listener was activated successfully
01-01 00:04:15.051 558 558 D SPL : Call QSEECom_register_listener()
01-01 00:04:15.053 558 558 D SPL : Registered listener sucessfully!
01-01 00:04:15.053 558 558 D SPL : pipe read-fd [32] write-fd [33]
01-01 00:04:15.053 558 558 D SPL : Create thread
01-01 00:04:15.053 558 558 D SPL : Thread created sucessfully.
01-01 00:04:15.053 558 573 D SPL : spl_dispatch() started
01-01 00:04:15.053 558 573 D SPL : ==== Wait For Request ======
01-01 00:04:15.056 560 560 I vold : Vold 3.0 (the awakening) firing up
01-01 00:04:15.057 560 560 D vold : Detected support for: ext4 f2fs vfat
01-01 00:04:15.063 560 560 D vold : Found unmanaged dm device named system_ext_a
01-01 00:04:15.063 560 560 D vold : Found unmanaged dm device named odm_a
01-01 00:04:15.063 560 560 D vold : Found unmanaged dm device named system_a
01-01 00:04:15.063 560 560 D vold : Found unmanaged dm device named vendor_a
01-01 00:04:15.063 560 560 D vold : Found unmanaged dm device named scratch
01-01 00:04:15.063 560 560 D vold : Found unmanaged dm device named product_a
01-01 00:04:15.066 560 560 I vold : [libfs_mgr]dt_fstab: Skip disabled entry for partition vendor
01-01 00:04:15.091 560 560 D vold : VoldNativeService::start() completed OK
01-01 00:04:15.548 588 588 D spdaemon: Firmware Name [spss2p].
01-01 00:04:15.549 588 588 D spdaemon: Prod FW.
01-01 00:04:15.549 588 588 D spdaemon: firmware_type [p].
01-01 00:04:15.549 588 588 D spdaemon: open() file [/sys/devices/soc0/machine] Failed, ret =-1.
01-01 00:04:15.549 588 588 D spdaemon: soc_type 1048576
01-01 00:04:15.549 588 588 E iardb : [iar_db_get_iar_state] failed to open file /mnt/vendor/spunvm/iar_db/iar_state.bin [13] [Permission denied]
01-01 00:04:15.549 588 588 D iarlib : [iar_get_state] Can't get iar_state, return DISABLED
01-01 00:04:15.549 588 588 I spdaemon: IAR is not activated
01-01 00:04:15.549 588 588 D spdaemon: ------ going to start SP From kernel ------
01-01 00:04:15.549 588 588 I spcomlib: [spcom_restart_sp_subsystem] restart_sp starts
01-01 00:04:15.549 588 588 D spcomlib: [spcom_restart_sp_subsystem] restart_sp - Send PIL request [1]
01-01 00:04:15.590 588 588 D spcomlib: [spcom_restart_sp_subsystem] restart_sp - Restart SP command ok.
01-01 00:04:15.591 588 588 D spcomlib: [spcom_signal_event] event [0] [pil_called] EVENT_STATUS_SIGNALED
01-01 00:04:15.591 588 588 I spcomlib: [spcom_reset_all_app_loaded_prop] start reset all spcomlib apploaded props.
01-01 00:04:16.839 560 560 D vold : fscrypt_mount_metadata_encrypted: /data encrypt: 0 format: 0 with null
01-01 00:04:16.840 560 560 D vold : metadata_key_dir/key: /metadata/vold/metadata_encryption/key
01-01 00:04:16.841 560 560 D vold : Key exists, using: /metadata/vold/metadata_encryption/key
01-01 00:04:16.863 560 560 D vold : Mounting metadata-encrypted filesystem:/data
01-01 00:04:16.868 560 560 I vold : [libfs_mgr]Running /system/bin/fsck.f2fs -a -c 10000 --debug-cache /dev/block/dm-6
01-01 00:04:18.136 560 560 I vold : [libfs_mgr]__mount(source=/dev/block/dm-6,target=/data,type=f2fs)=0: Success
01-01 00:04:18.136 560 560 D vold : Mounted /data
01-01 00:04:18.137 560 578 D vold : Disk at 252:6 changed
01-01 00:04:18.269 560 560 I Checkpoint: cp_prepareCheckpoint called
01-01 00:04:18.282 633 635 D spcomlib: [spcom_register_service] spcom_register_service() name [sp_keymaster_ssr] pid [529126497456]
01-01 00:04:18.282 633 635 D spcomlib: [spcom_open] ch [sp_keymaster_ssr] doesn't exist, create it.
01-01 00:04:18.282 633 635 D spcomlib: [spcom_create_channel] Create Channel [sp_keymaster_ssr].
01-01 00:04:18.297 633 635 D spcomlib: [add_ssr_cb] ssr cb added!
01-01 00:04:18.297 633 635 D spcomlib: [start_ssr_thread] ch [spcom] ready!
01-01 00:04:18.297 633 635 D spcomlib: [start_ssr_thread] main pthread self_id [0x32659cb0].
01-01 00:04:18.298 633 635 D spcomlib: [start_ssr_thread] pthread_create() ret [0] thread-id [0x3155bcb0].
01-01 00:04:18.298 633 635 D spcomlib: [start_ssr_thread] Wait for SSR thread to run.
01-01 00:04:18.298 633 636 D spcomlib: [notify_ssr_thread] SSR pthread self_id [0x3155bcb0].
01-01 00:04:18.298 633 635 D spcomlib: [start_ssr_thread] pthread_cond_wait() ret [0].
01-01 00:04:18.298 633 635 D spcomlib: [start_ssr_thread] done.
01-01 00:04:18.298 633 635 D spcomlib: [add_ch] add ch [sp_keymaster_ssr].
01-01 00:04:18.298 633 635 D spcomlib: [spcom_register_service] spcom_register_service() name [sp_keymaster_ssr] pid [529126497456] done
01-01 00:04:18.336 560 560 I vold : fscrypt_initialize_systemwide_keys
01-01 00:04:18.337 560 560 D vold : Key exists, using: /data/unencrypted/key
01-01 00:04:18.355 560 560 D vold : Installed fscrypt key with ref 0d5c94f53b61e75ba51797741538bac5 to /data
01-01 00:04:18.355 560 560 D vold : Added fscrypt-provisioning key for 0d5c94f53b61e75ba51797741538bac5 to session keyring
01-01 00:04:18.360 560 560 I vold : Wrote system DE key reference to:/data/unencrypted/ref
01-01 00:04:18.360 560 560 D vold : Generating wrapped storage key
01-01 00:04:18.363 560 560 E vold : keystore2 Keystore generateKey returned service specific error: -67
01-01 00:04:18.363 560 560 W vold : Failed to generate rollback-resistant key. This is expected if keymaster doesn't support rollback resistance. Falling back to non-rollback-resistant key.
01-01 00:04:18.373 560 560 D vold : Installed fscrypt key with ref dae520406f0f4cc53ff030550f44db5c to /data
01-01 00:04:18.373 560 560 D vold : Added fscrypt-provisioning key for dae520406f0f4cc53ff030550f44db5c to session keyring
01-01 00:04:18.375 560 560 I vold : Wrote per boot key reference to:/data/unencrypted/per_boot_ref
01-01 00:04:18.448 560 560 I incfs : Initial API level of the device: 30
01-01 00:04:18.448 560 560 I incfs : ro.incremental.enable: 1
01-01 00:04:18.448 560 560 I incfs : isFsAvailable: true
01-01 00:04:18.448 560 560 I incfs : isFsAvailable: true
01-01 00:04:18.449 560 560 I incfs : IncFs_Features: v1
01-01 00:04:18.470 560 560 E vold : keystore2 Keystore earlyBootEnded returned service specific error: -68
01-01 00:04:18.684 560 560 D vold : fscrypt_init_user0
01-01 00:04:18.684 560 560 D vold : Preparing: /data/misc/vold/user_keys
01-01 00:04:18.686 560 560 D vold : Preparing: /data/misc/vold/user_keys/ce
01-01 00:04:18.686 560 560 D vold : Preparing: /data/misc/vold/user_keys/de
01-01 00:04:18.705 560 560 D vold : Installed fscrypt key with ref d3071d38acc3d3d1cc64a1d7c4bafd7d to /data
01-01 00:04:18.706 560 560 D vold : Added fscrypt-provisioning key for d3071d38acc3d3d1cc64a1d7c4bafd7d to session keyring
01-01 00:04:18.706 560 560 D vold : Installed de key for user 0
01-01 00:04:18.706 560 560 D vold : fscrypt_prepare_user_storage for volume null, user 0, serial 0, flags 1
01-01 00:04:18.706 560 560 D vold : Preparing: /data/system/users/0
01-01 00:04:18.707 560 560 D vold : Preparing: /data/misc/profiles/cur/0
01-01 00:04:18.708 560 560 D vold : Preparing: /data/system_de/0
01-01 00:04:18.708 560 560 D vold : Preparing: /data/misc_de/0
01-01 00:04:18.709 560 560 D vold : Preparing: /data/vendor_de/0
01-01 00:04:18.709 560 560 D vold : Preparing: /data/user_de/0
01-01 00:04:18.710 560 560 I vold : Verified that /data/system_de/0 has the encryption policy d3071d38acc3d3d1cc64a1d7c4bafd7d v2 modes 1/4 flags 0xa
01-01 00:04:18.710 560 560 I vold : Verified that /data/misc_de/0 has the encryption policy d3071d38acc3d3d1cc64a1d7c4bafd7d v2 modes 1/4 flags 0xa
01-01 00:04:18.710 560 560 I vold : Verified that /data/vendor_de/0 has the encryption policy d3071d38acc3d3d1cc64a1d7c4bafd7d v2 modes 1/4 flags 0xa
01-01 00:04:18.710 560 560 I vold : Verified that /data/user_de/0 has the encryption policy d3071d38acc3d3d1cc64a1d7c4bafd7d v2 modes 1/4 flags 0xa
01-01 00:04:18.710 560 560 D vold : /system/bin/vold_prepare_subdirs
01-01 00:04:18.710 560 560 D vold : prepare
01-01 00:04:18.710 560 560 D vold :
01-01 00:04:18.710 560 560 D vold : 0
01-01 00:04:18.710 560 560 D vold : 1
01-01 00:04:18.774 560 560 D vold : Detected support for FS_IOC_ADD_ENCRYPTION_KEY
01-01 00:04:20.943 688 688 D Zygote32Timing: PostZygoteInitGC took to complete: 13ms
01-01 00:04:20.943 688 688 D Zygote32Timing: ZygoteInit took to complete: 18ms
01-01 00:04:20.990 687 687 D Zygote64Timing: BeginPreload took to complete: 65ms
01-01 00:04:22.047 940 940 I android.hardware.wifi@1.0-service: Wifi Hal is booting up...
01-01 00:04:22.066 940 940 I HidlServiceManagement: Registered android.hardware.wifi@1.4::IWifi/default (start delay of 210ms)
01-01 00:04:22.425 687 687 D Zygote64Timing: PreloadClasses took to complete: 1435ms
01-01 00:04:22.474 687 687 D Zygote64Timing: CacheNonBootClasspathClassLoaders took to complete: 48ms
01-01 00:04:22.505 687 687 D Zygote64Timing: PreloadResources took to complete: 32ms
01-01 00:04:22.634 1019 1019 I irsc_util: Starting irsc tool
01-01 00:04:22.637 1019 1019 I irsc_util: Num of entries:298
01-01 00:04:22.637 1019 1019 I irsc_util: Ending irsc tool
01-01 00:04:22.741 687 687 D Zygote64Timing: ZygotePreload took to complete: 1817ms
01-01 00:04:22.851 687 687 D Zygote64Timing: PostZygoteInitGC took to complete: 110ms
01-01 00:04:22.851 687 687 D Zygote64Timing: ZygoteInit took to complete: 1931ms
01-01 00:04:23.586 1082 1082 I SystemServerTiming: InitBeforeStartServices
01-01 00:04:23.611 1082 1082 I SystemServer: Entered the Android system server!
01-01 00:04:24.029 1082 1082 I SystemServerInitThreadPool: Creating instance with 8 threads
01-01 00:04:24.662 1082 1082 D SystemServerTiming: InitBeforeStartServices took to complete: 1075ms
01-01 00:04:24.662 1082 1082 I SystemServerTiming: StartServices
01-01 00:04:24.662 1082 1082 I SystemServerTiming: startBootstrapServices
01-01 00:04:24.662 1082 1082 I SystemServerTiming: StartWatchdog
01-01 00:04:24.671 1082 1082 D SystemServerTiming: StartWatchdog took to complete: 8ms
01-01 00:04:24.671 1082 1082 I SystemServer: Reading configuration...
01-01 00:04:24.671 1082 1082 I SystemServerTiming: ReadingSystemConfig
01-01 00:04:24.671 1082 1082 D SystemServerTiming: ReadingSystemConfig took to complete: 1ms
01-01 00:04:24.671 1082 1082 I SystemServerTiming: PlatformCompat
01-01 00:04:24.672 1082 1189 I SystemServerTimingAsync: InitThreadPoolExec:ReadingSystemConfig
01-01 00:04:24.672 1082 1189 D SystemServerInitThreadPool: Started executing ReadingSystemConfig
01-01 00:04:24.673 1082 1082 D CompatConfig: Found a config file: /system/etc/compatconfig/services-platform-compat-config.xml
01-01 00:04:24.676 1082 1082 D CompatConfig: Adding: com.android.server.compat.config.Change@594fc5a
01-01 00:04:24.677 1082 1082 D CompatConfig: Adding: com.android.server.compat.config.Change@cef0e8b
01-01 00:04:24.678 1082 1082 D CompatConfig: Adding: com.android.server.compat.config.Change@2b9bb68
01-01 00:04:24.679 1082 1082 D CompatConfig: Adding: com.android.server.compat.config.Change@a9eab81
01-01 00:04:24.679 1082 1082 D CompatConfig: Adding: com.android.server.compat.config.Change@bbe0867
01-01 00:04:24.680 1082 1189 I SystemConfig: Reading permissions from /system/etc/sysconfig/qti_whitelist.xml
01-01 00:04:24.685 1082 1082 D CompatConfig: Adding: com.android.server.compat.config.Change@d232614
01-01 00:04:24.686 1082 1082 D CompatConfig: Adding: com.android.server.compat.config.Change@5097ebd
01-01 00:04:24.688 1082 1082 D CompatConfig: Adding: com.android.server.compat.config.Change@cd6bcb2
01-01 00:04:24.690 1082 1082 D CompatConfig: Adding: com.android.server.compat.config.Change@898c403
01-01 00:04:24.690 1082 1189 I SystemConfig: Reading permissions from /system/etc/sysconfig/preinstalled-packages-com.android.providers.media.module.xml
01-01 00:04:24.693 1082 1189 I SystemConfig: Reading permissions from /system/etc/sysconfig/hiddenapi-package-whitelist.xml
01-01 00:04:24.694 1082 1082 D CompatConfig: Adding: com.android.server.compat.config.Change@6ff1fe
01-01 00:04:24.695 1082 1082 D CompatConfig: Adding: com.android.server.compat.config.Change@3d99d5f
01-01 00:04:24.695 1082 1189 I SystemConfig: Reading permissions from /system/etc/sysconfig/preinstalled-packages-platform-full-base.xml
01-01 00:04:24.696 1082 1082 D CompatConfig: Adding: com.android.server.compat.config.Change@4e6c875
01-01 00:04:24.698 1082 1189 I SystemConfig: Reading permissions from /system/etc/sysconfig/preinstalled-packages-platform.xml
01-01 00:04:24.700 1082 1189 I SystemConfig: Reading permissions from /system/etc/sysconfig/framework-sysconfig.xml
01-01 00:04:24.701 1082 1082 D CompatConfig: Adding: com.android.server.compat.config.Change@a86ce98
01-01 00:04:24.702 1082 1082 D CompatConfig: Adding: com.android.server.compat.config.Change@fe876f1
01-01 00:04:24.703 1082 1082 D CompatConfig: Adding: com.android.server.compat.config.Change@99e42d6
01-01 00:04:24.703 1082 1082 D CompatConfig: Adding: com.android.server.compat.config.Change@843d957
01-01 00:04:24.704 1082 1082 D CompatConfig: Adding: com.android.server.compat.config.Change@1663c44
01-01 00:04:24.705 1082 1082 D CompatConfig: Adding: com.android.server.compat.config.Change@f7c912d
01-01 00:04:24.705 1082 1189 I SystemConfig: Reading permissions from /system/etc/permissions/org.apache.http.legacy.xml
01-01 00:04:24.706 1082 1082 D CompatConfig: Adding: com.android.server.compat.config.Change@5c2b3f3
01-01 00:04:24.706 1082 1082 D CompatConfig: Adding: com.android.server.compat.config.Change@7acd8b0
01-01 00:04:24.707 1082 1082 D CompatConfig: Adding: com.android.server.compat.config.Change@6be1329
01-01 00:04:24.708 1082 1082 D CompatConfig: Adding: com.android.server.compat.config.Change@37ad6ae
01-01 00:04:24.708 1082 1189 I SystemConfig: Reading permissions from /system/etc/permissions/privapp-permissions-platform.xml
01-01 00:04:24.709 1082 1082 D CompatConfig: Adding: com.android.server.compat.config.Change@c7ecfdc
01-01 00:04:24.710 1082 1082 D CompatConfig: Adding: com.android.server.compat.config.Change@57bb8e5
01-01 00:04:24.711 1082 1082 D CompatConfig: Adding: com.android.server.compat.config.Change@e21afba
01-01 00:04:24.713 1082 1082 D CompatConfig: Adding: com.android.server.compat.config.Change@bbeae6b
01-01 00:04:24.713 1082 1189 I SystemConfig: Reading permissions from /system/etc/permissions/uimremoteclient.xml
01-01 00:04:24.714 1082 1082 D CompatConfig: Adding: com.android.server.compat.config.Change@fb3fe61
01-01 00:04:24.716 1082 1082 D CompatConfig: Adding: com.android.server.compat.config.Change@72b0d86
01-01 00:04:24.717 1082 1082 D CompatConfig: Adding: com.android.server.compat.config.Change@5733e74
01-01 00:04:24.717 1082 1189 I SystemConfig: Reading permissions from /system/etc/permissions/privapp-permissions-qti.xml
01-01 00:04:24.718 1082 1082 D CompatConfig: Adding: com.android.server.compat.config.Change@d11f9d
01-01 00:04:24.720 1082 1082 D CompatConfig: Adding: com.android.server.compat.config.Change@11a7c12
01-01 00:04:24.721 1082 1189 I SystemConfig: Reading permissions from /system/etc/permissions/com.android.mediadrm.signer.xml
01-01 00:04:24.723 1082 1082 D CompatConfig: Adding: com.android.server.compat.config.Change@dbfcde0
01-01 00:04:24.724 1082 1189 I SystemConfig: Reading permissions from /system/etc/permissions/com.android.future.usb.accessory.xml
01-01 00:04:24.724 1082 1082 D CompatConfig: Adding: com.android.server.compat.config.Change@120475e
01-01 00:04:24.725 1082 1082 D CompatConfig: Adding: com.android.server.compat.config.Change@131373f
01-01 00:04:24.727 1082 1189 I SystemConfig: Reading permissions from /system/etc/permissions/com.android.documentsui.xml
01-01 00:04:24.728 1082 1082 D CompatConfig: Adding: com.android.server.compat.config.Change@25a555
01-01 00:04:24.730 1082 1189 I SystemConfig: Reading permissions from /system/etc/permissions/android.software.live_wallpaper.xml
01-01 00:04:24.730 1082 1082 D CompatConfig: Adding: com.android.server.compat.config.Change@28c085b
01-01 00:04:24.731 1082 1082 D CompatConfig: Adding: com.android.server.compat.config.Change@18d78f8
01-01 00:04:24.733 1082 1189 I SystemConfig: Reading permissions from /system/etc/permissions/com.android.nfc_extras.xml
01-01 00:04:24.735 1082 1189 I SystemConfig: Reading permissions from /system/etc/permissions/android.test.mock.xml
01-01 00:04:24.735 1082 1082 D CompatConfig: Adding: com.android.server.compat.config.Change@5f8cf37
01-01 00:04:24.736 1082 1082 D CompatConfig: Adding: com.android.server.compat.config.Change@59d2ca4
01-01 00:04:24.737 1082 1189 I SystemConfig: Reading permissions from /system/etc/permissions/android.software.freeform_window_management.xml
01-01 00:04:24.738 1082 1082 D CompatConfig: Adding: com.android.server.compat.config.Change@5f60dc2
01-01 00:04:24.739 1082 1189 I SystemConfig: Reading permissions from /system/etc/permissions/android.test.base.xml
01-01 00:04:24.739 1082 1082 D CompatConfig: Adding: com.android.server.compat.config.Change@2d26f10
01-01 00:04:24.740 1082 1082 D CompatConfig: Adding: com.android.server.compat.config.Change@7d05a09
01-01 00:04:24.740 1082 1082 D CompatConfig: Adding: com.android.server.compat.config.Change@b1b440e
01-01 00:04:24.741 1082 1189 I SystemConfig: Reading permissions from /system/etc/permissions/com.android.location.provider.xml
01-01 00:04:24.742 1082 1082 D CompatConfig: Adding: com.android.server.compat.config.Change@5d76c3c
01-01 00:04:24.744 1082 1189 I SystemConfig: Reading permissions from /system/etc/permissions/android.test.runner.xml
01-01 00:04:24.744 1082 1082 D CompatConfig: Adding: com.android.server.compat.config.Change@64b931a
01-01 00:04:24.746 1082 1189 I SystemConfig: Reading permissions from /system/etc/permissions/uimremoteserver.xml
01-01 00:04:24.747 1082 1189 I SystemConfig: Reading permissions from /system/etc/permissions/com.android.networkstack.tethering.xml
01-01 00:04:24.748 1082 1082 D CompatConfig: Adding: com.android.server.compat.config.Change@e2c4141
01-01 00:04:24.750 1082 1189 I SystemConfig: Reading permissions from /system/etc/permissions/android.software.webview.xml
01-01 00:04:24.750 1082 1082 D CompatConfig: Adding: com.android.server.compat.config.Change@65f427
01-01 00:04:24.751 1082 1082 D CompatConfig: Adding: com.android.server.compat.config.Change@8f706d4
01-01 00:04:24.751 1082 1082 D CompatConfig: Adding: com.android.server.compat.config.Change@13ab07d
01-01 00:04:24.752 1082 1189 I SystemConfig: Reading permissions from /system/etc/permissions/com.android.media.remotedisplay.xml
01-01 00:04:24.752 1082 1082 D CompatConfig: Adding: com.android.server.compat.config.Change@c33abc3
01-01 00:04:24.753 1082 1082 D CompatConfig: Adding: com.android.server.compat.config.Change@c27bc40
01-01 00:04:24.754 1082 1082 D CompatConfig: Adding: com.android.server.compat.config.Change@1c6d779
01-01 00:04:24.754 1082 1189 I SystemConfig: Reading permissions from /system/etc/permissions/com.android.networkstack.xml
01-01 00:04:24.756 1082 1082 D CompatConfig: Found a config file: /system/etc/compatconfig/calendar-provider-compat-config.xml
01-01 00:04:24.757 1082 1189 I SystemConfig: Reading permissions from /system/etc/permissions/javax.obex.xml
01-01 00:04:24.757 1082 1082 D CompatConfig: Adding: com.android.server.compat.config.Change@4547235
01-01 00:04:24.758 1082 1189 I SystemConfig: Reading permissions from /system/etc/permissions/platform.xml
01-01 00:04:24.758 1082 1082 D CompatConfig: Found a config file: /system/etc/compatconfig/framework-platform-compat-config.xml
01-01 00:04:24.761 1082 1082 D CompatConfig: Adding: com.android.server.compat.config.Change@e78d358
01-01 00:04:24.762 1082 1082 D CompatConfig: Adding: com.android.server.compat.config.Change@7e6fcb1
01-01 00:04:24.763 1082 1082 D CompatConfig: Adding: com.android.server.compat.config.Change@3db596
01-01 00:04:24.764 1082 1189 I SystemConfig: Reading permissions from /vendor/etc/permissions/android.hardware.wifi.xml
01-01 00:04:24.765 1082 1082 D CompatConfig: Adding: com.android.server.compat.config.Change@153cd04
01-01 00:04:24.766 1082 1082 D CompatConfig: Adding: com.android.server.compat.config.Change@e3db2ed
01-01 00:04:24.766 1082 1189 I SystemConfig: Reading permissions from /vendor/etc/permissions/vendor-qti-hardware-sensorscalibrate.xml
01-01 00:04:24.768 1082 1082 D CompatConfig: Adding: com.android.server.compat.config.Change@cc70bb3
01-01 00:04:24.769 1082 1082 D CompatConfig: Adding: com.android.server.compat.config.Change@5c2b570
01-01 00:04:24.770 1082 1082 D CompatConfig: Adding: com.android.server.compat.config.Change@bcf90e9
01-01 00:04:24.771 1082 1082 D CompatConfig: Adding: com.android.server.compat.config.Change@2bde16e
01-01 00:04:24.773 1082 1082 D CompatConfig: Adding: com.android.server.compat.config.Change@e9cb00f
01-01 00:04:24.774 1082 1082 D CompatConfig: Adding: com.android.server.compat.config.Change@f5b89c
01-01 00:04:24.776 1082 1082 D CompatConfig: Adding: com.android.server.compat.config.Change@b8752a5
01-01 00:04:24.776 1082 1189 I SystemConfig: Reading permissions from /vendor/etc/permissions/android.hardware.bluetooth_le.xml
01-01 00:04:24.779 1082 1189 I SystemConfig: Reading permissions from /vendor/etc/permissions/android.hardware.se.omapi.uicc.xml
01-01 00:04:24.779 1082 1082 D CompatConfig: Adding: com.android.server.compat.config.Change@8f3c288
01-01 00:04:24.781 1082 1189 I SystemConfig: Reading permissions from /vendor/etc/permissions/android.hardware.audio.low_latency.xml
01-01 00:04:24.782 1082 1082 D CompatConfig: Adding: com.android.server.compat.config.Change@cecb046
01-01 00:04:24.783 1082 1082 D CompatConfig: Adding: com.android.server.compat.config.Change@aa09207
01-01 00:04:24.784 1082 1189 I SystemConfig: Reading permissions from /vendor/etc/permissions/android.software.verified_boot.xml
01-01 00:04:24.784 1082 1082 D CompatConfig: Adding: com.android.server.compat.config.Change@dfe315d
01-01 00:04:24.786 1082 1189 I SystemConfig: Reading permissions from /vendor/etc/permissions/android.hardware.se.omapi.ese.xml
01-01 00:04:24.786 1082 1082 D CompatConfig: Adding: com.android.server.compat.config.Change@1aa47a3
01-01 00:04:24.787 1082 1189 I SystemConfig: Reading permissions from /vendor/etc/permissions/handheld_core_hardware.xml
01-01 00:04:24.788 1082 1082 D CompatConfig: Adding: com.android.server.compat.config.Change@cf18659
01-01 00:04:24.789 1082 1082 D CompatConfig: Adding: com.android.server.compat.config.Change@b9b821e
01-01 00:04:24.790 1082 1189 I SystemConfig: Reading permissions from /vendor/etc/permissions/android.hardware.wifi.rtt.xml
01-01 00:04:24.790 1082 1082 D CompatConfig: Adding: com.android.server.compat.config.Change@5e680cc
01-01 00:04:24.791 1082 1082 D CompatConfig: Adding: com.android.server.compat.config.Change@82b2f15
01-01 00:04:24.791 1082 1189 I SystemConfig: Reading permissions from /vendor/etc/permissions/android.hardware.fingerprint.xml
01-01 00:04:24.792 1082 1082 D CompatConfig: Adding: com.android.server.compat.config.Change@d2f081b
01-01 00:04:24.793 1082 1189 I SystemConfig: Reading permissions from /vendor/etc/permissions/android.hardware.sensor.proximity.xml
01-01 00:04:24.794 1082 1082 D CompatConfig: Adding: com.android.server.compat.config.Change@e1ca791
01-01 00:04:24.795 1082 1189 I SystemConfig: Reading permissions from /vendor/etc/permissions/android.hardware.wifi.passpoint.xml
01-01 00:04:24.795 1082 1082 D CompatConfig: Adding: com.android.server.compat.config.Change@62c0af7
01-01 00:04:24.798 1082 1189 I SystemConfig: Reading permissions from /vendor/etc/permissions/android.software.device_id_attestation.xml
01-01 00:04:24.798 1082 1082 D CompatConfig: Adding: com.android.server.compat.config.Change@8d32bcd
01-01 00:04:24.799 1082 1082 D CompatConfig: Adding: com.android.server.compat.config.Change@6d04c82
01-01 00:04:24.799 1082 1082 D CompatConfig: Adding: com.android.server.compat.config.Change@c8c5f93
01-01 00:04:24.800 1082 1082 D CompatConfig: Adding: com.android.server.compat.config.Change@b95abd0
01-01 00:04:24.800 1082 1189 I SystemConfig: Reading permissions from /vendor/etc/permissions/android.hardware.vulkan.version-1_1.xml
01-01 00:04:24.800 1082 1082 D CompatConfig: Adding: com.android.server.compat.config.Change@73aaece
01-01 00:04:24.801 1082 1082 D CompatConfig: Adding: com.android.server.compat.config.Change@69361ef
01-01 00:04:24.802 1082 1189 I SystemConfig: Reading permissions from /vendor/etc/permissions/android.hardware.usb.accessory.xml
01-01 00:04:24.802 1082 1082 D CompatConfig: Adding: com.android.server.compat.config.Change@6770785
01-01 00:04:24.803 1082 1082 D CompatConfig: Adding: com.android.server.compat.config.Change@ad6e9da
01-01 00:04:24.803 1082 1082 D CompatConfig: Adding: com.android.server.compat.config.Change@15e2e0b
01-01 00:04:24.804 1082 1189 I SystemConfig: Reading permissions from /vendor/etc/permissions/android.hardware.opengles.aep.xml
01-01 00:04:24.804 1082 1082 D CompatConfig: Adding: com.android.server.compat.config.Change@4259701
01-01 00:04:24.804 1082 1082 D CompatConfig: Adding: com.android.server.compat.config.Change@3c9c9a6
01-01 00:04:24.805 1082 1082 D CompatConfig: Adding: com.android.server.compat.config.Change@4bf9fe7
01-01 00:04:24.805 1082 1189 I SystemConfig: Reading permissions from /vendor/etc/permissions/android.hardware.vulkan.compute-0.xml
01-01 00:04:24.806 1082 1082 D CompatConfig: Adding: com.android.server.compat.config.Change@ad3a23d
01-01 00:04:24.807 1082 1082 D CompatConfig: Adding: com.android.server.compat.config.Change@fb8da32
01-01 00:04:24.807 1082 1189 I SystemConfig: Reading permissions from /vendor/etc/permissions/android.hardware.location.gps.xml
01-01 00:04:24.808 1082 1189 I SystemConfig: Reading permissions from /vendor/etc/permissions/android.hardware.sensor.hifi_sensors.xml
01-01 00:04:24.809 1082 1082 D CompatConfig: Adding: com.android.server.compat.config.Change@f5d2539
01-01 00:04:24.810 1082 1082 D CompatConfig: Adding: com.android.server.compat.config.Change@f16677e
01-01 00:04:24.810 1082 1189 I SystemConfig: Reading permissions from /vendor/etc/permissions/vendor.qti.hardware.factory.xml
01-01 00:04:24.811 1082 1082 D CompatConfig: Adding: com.android.server.compat.config.Change@80a552c
01-01 00:04:24.812 1082 1189 I SystemConfig: Reading permissions from /vendor/etc/permissions/android.hardware.sensor.stepdetector.xml
01-01 00:04:24.813 1082 1082 D CompatConfig: Adding: com.android.server.compat.config.Change@52d7d8a
01-01 00:04:24.813 1082 1082 D CompatConfig: Adding: com.android.server.compat.config.Change@35aaffb
01-01 00:04:24.814 1082 1082 D CompatConfig: Adding: com.android.server.compat.config.Change@65d9818
01-01 00:04:24.814 1082 1189 I SystemConfig: Reading permissions from /vendor/etc/permissions/android.hardware.sensor.accelerometer.xml
01-01 00:04:24.815 1082 1082 D CompatConfig: Adding: com.android.server.compat.config.Change@cede856
01-01 00:04:24.816 1082 1189 I SystemConfig: Reading permissions from /vendor/etc/permissions/android.hardware.sensor.compass.xml
01-01 00:04:24.817 1082 1082 D CompatConfig: Adding: com.android.server.compat.config.Change@1a01dc4
01-01 00:04:24.818 1082 1189 I SystemConfig: Reading permissions from /vendor/etc/permissions/android.hardware.sensor.barometer.xml
01-01 00:04:24.820 1082 1082 D CompatConfig: Adding: com.android.server.compat.config.Change@e7833e2
01-01 00:04:24.821 1082 1189 I SystemConfig: Reading permissions from /vendor/etc/permissions/android.hardware.sensor.relative_humidity.xml
01-01 00:04:24.822 1082 1082 D CompatConfig: Adding: com.android.server.compat.config.Change@b635230
01-01 00:04:24.823 1082 1189 I SystemConfig: Reading permissions from /vendor/etc/permissions/android.hardware.wifi.aware.xml
01-01 00:04:24.825 1082 1189 I SystemConfig: Reading permissions from /vendor/etc/permissions/android.hardware.touchscreen.multitouch.jazzhand.xml
01-01 00:04:24.825 1082 1082 D CompatConfig: Adding: com.android.server.compat.config.Change@60883cf
01-01 00:04:24.826 1082 1189 I SystemConfig: Reading permissions from /vendor/etc/permissions/android.hardware.wifi.direct.xml
01-01 00:04:24.827 1082 1082 D CompatConfig: Adding: com.android.server.compat.config.Change@3a2ac65
01-01 00:04:24.828 1082 1082 D CompatConfig: Adding: com.android.server.compat.config.Change@7e85d3a
01-01 00:04:24.829 1082 1189 I SystemConfig: Reading permissions from /vendor/etc/permissions/android.hardware.sensor.ambient_temperature.xml
01-01 00:04:24.829 1082 1082 D CompatConfig: Adding: com.android.server.compat.config.Change@cf33748
01-01 00:04:24.829 1082 1082 D CompatConfig: Adding: com.android.server.compat.config.Change@816a9e1
01-01 00:04:24.831 1082 1082 D CompatConfig: Adding: com.android.server.compat.config.Change@e6f1306
01-01 00:04:24.831 1082 1189 I SystemConfig: Reading permissions from /vendor/etc/permissions/android.hardware.sensor.gyroscope.xml
01-01 00:04:24.832 1082 1082 D CompatConfig: Adding: com.android.server.compat.config.Change@6a87ff4
01-01 00:04:24.833 1082 1082 D CompatConfig: Adding: com.android.server.compat.config.Change@773031d
01-01 00:04:24.834 1082 1189 I SystemConfig: Reading permissions from /vendor/etc/permissions/android.hardware.usb.host.xml
01-01 00:04:24.834 1082 1082 D CompatConfig: Adding: com.android.server.compat.config.Change@441cf63
01-01 00:04:24.835 1082 1082 D CompatConfig: Adding: com.android.server.compat.config.Change@6c7a760
01-01 00:04:24.836 1082 1082 D CompatConfig: Found a config file: /system/etc/compatconfig/icu4j-platform-compat-config.xml
01-01 00:04:24.836 1082 1189 I SystemConfig: Reading permissions from /vendor/etc/permissions/android.software.midi.xml
01-01 00:04:24.837 1082 1082 D CompatConfig: Adding: com.android.server.compat.config.Change@af7febf
01-01 00:04:24.838 1082 1189 I SystemConfig: Reading permissions from /vendor/etc/permissions/android.hardware.audio.pro.xml
01-01 00:04:24.840 1082 1189 I SystemConfig: Reading permissions from /vendor/etc/permissions/android.hardware.sensor.light.xml
01-01 00:04:24.841 1082 1189 I SystemConfig: Reading permissions from /vendor/etc/permissions/android.hardware.sensor.stepcounter.xml
01-01 00:04:24.843 1082 1082 D CompatConfig: Found a config file: /system/etc/compatconfig/documents-ui-compat-config.xml
01-01 00:04:24.845 1082 1082 D CompatConfig: Adding: com.android.server.compat.config.Change@5870278
01-01 00:04:24.848 1082 1189 I SystemConfig: Reading permissions from /vendor/etc/permissions/android.software.vulkan.deqp.level.xml
01-01 00:04:24.849 1082 1082 D CompatConfig: Found a config file: /system/system_ext/etc/compatconfig/settings-platform-compat-config.xml
01-01 00:04:24.852 1082 1082 D CompatConfig: Adding: com.android.server.compat.config.Change@9e106b7
01-01 00:04:24.853 1082 1189 I SystemConfig: Reading permissions from /vendor/etc/permissions/android.hardware.bluetooth.xml
01-01 00:04:24.855 1082 1082 D CompatConfig: No directory /apex/com.android.vndk.v30/etc/compatconfig, skipping
01-01 00:04:24.856 1082 1082 D CompatConfig: No directory /apex/com.android.wifi/etc/compatconfig, skipping
01-01 00:04:24.856 1082 1082 D CompatConfig: No directory /apex/com.android.vndk.v31/etc/compatconfig, skipping
01-01 00:04:24.856 1082 1082 D CompatConfig: No directory /apex/com.android.tzdata/etc/compatconfig, skipping
01-01 00:04:24.856 1082 1082 D CompatConfig: No directory /apex/com.android.tethering/etc/compatconfig, skipping
01-01 00:04:24.857 1082 1082 D CompatConfig: No directory /apex/com.android.sdkext/etc/compatconfig, skipping
01-01 00:04:24.857 1082 1082 D CompatConfig: No directory /apex/com.android.scheduling/etc/compatconfig, skipping
01-01 00:04:24.857 1082 1082 D CompatConfig: No directory /apex/com.android.runtime/etc/compatconfig, skipping
01-01 00:04:24.857 1082 1082 D CompatConfig: No directory /apex/com.android.resolv/etc/compatconfig, skipping
01-01 00:04:24.858 1082 1082 D CompatConfig: No directory /apex/com.android.permission/etc/compatconfig, skipping
01-01 00:04:24.858 1082 1082 D CompatConfig: No directory /apex/com.android.os.statsd/etc/compatconfig, skipping
01-01 00:04:24.858 1082 1082 D CompatConfig: No directory /apex/com.android.neuralnetworks/etc/compatconfig, skipping
01-01 00:04:24.865 1082 1082 D CompatConfig: Found a config file: /apex/com.android.mediaprovider/etc/compatconfig/media-provider-platform-compat-config.xml
01-01 00:04:24.865 1082 1189 I SystemConfig: Reading permissions from /vendor/etc/permissions/android.hardware.light.xml
01-01 00:04:24.867 1082 1082 D CompatConfig: Adding: com.android.server.compat.config.Change@af55753
01-01 00:04:24.867 1082 1082 D CompatConfig: Adding: com.android.server.compat.config.Change@843a890
01-01 00:04:24.875 1082 1189 I SystemConfig: Reading permissions from /vendor/etc/permissions/android.software.ipsec_tunnels.xml
01-01 00:04:24.878 1082 1189 I SystemConfig: Reading permissions from /vendor/etc/permissions/android.hardware.vulkan.level-1.xml
01-01 00:04:24.880 1082 1082 D CompatConfig: Adding: com.android.server.compat.config.Change@cf415af
01-01 00:04:24.881 1082 1082 D CompatConfig: Adding: com.android.server.compat.config.Change@6e2bdbc
01-01 00:04:24.882 1082 1082 D CompatConfig: Adding: com.android.server.compat.config.Change@fc24145
01-01 00:04:24.883 1082 1082 D CompatConfig: Adding: com.android.server.compat.config.Change@5f7009a
01-01 00:04:24.884 1082 1082 D CompatConfig: Adding: com.android.server.compat.config.Change@d765dcb
01-01 00:04:24.886 1082 1082 D CompatConfig: No directory /apex/com.android.media.swcodec/etc/compatconfig, skipping
01-01 00:04:24.886 1082 1082 D CompatConfig: No directory /apex/com.android.media/etc/compatconfig, skipping
01-01 00:04:24.886 1082 1189 I SystemConfig: Reading permissions from /vendor/etc/permissions/qti_fingerprint_interface.xml
01-01 00:04:24.886 1082 1082 D CompatConfig: No directory /apex/com.android.ipsec/etc/compatconfig, skipping
01-01 00:04:24.886 1082 1082 D CompatConfig: No directory /apex/com.android.i18n/etc/compatconfig, skipping
01-01 00:04:24.886 1082 1082 D CompatConfig: No directory /apex/com.android.extservices/etc/compatconfig, skipping
01-01 00:04:24.886 1082 1082 D CompatConfig: No directory /apex/com.android.conscrypt/etc/compatconfig, skipping
01-01 00:04:24.887 1082 1082 D CompatConfig: Found a config file: /apex/com.android.art/etc/compatconfig/libcore-platform-compat-config.xml
01-01 00:04:24.888 1082 1082 D CompatConfig: Adding: com.android.server.compat.config.Change@4b48c66
01-01 00:04:24.889 1082 1082 D CompatConfig: Adding: com.android.server.compat.config.Change@8b0ba7
01-01 00:04:24.890 1082 1082 D CompatConfig: Adding: com.android.server.compat.config.Change@2eb0854
01-01 00:04:24.891 1082 1082 D CompatConfig: Adding: com.android.server.compat.config.Change@f9453fd
01-01 00:04:24.891 1082 1082 D CompatConfig: Adding: com.android.server.compat.config.Change@66d08f2
01-01 00:04:24.892 1082 1189 I SystemConfig: Reading permissions from /product/etc/sysconfig/preinstalled-packages-platform-handheld-product.xml
01-01 00:04:24.893 1082 1082 D CompatConfig: No directory /apex/com.android.appsearch/etc/compatconfig, skipping
01-01 00:04:24.893 1082 1082 D CompatConfig: No directory /apex/com.android.adbd/etc/compatconfig, skipping
01-01 00:04:24.894 1082 1189 I SystemConfig: Reading permissions from /product/etc/sysconfig/preinstalled-packages-platform-overlays.xml
01-01 00:04:24.896 1082 1082 D SystemServerTiming: PlatformCompat took to complete: 224ms
01-01 00:04:24.896 1082 1082 I SystemServerTiming: StartFileIntegrityService
01-01 00:04:24.896 1082 1082 I SystemServiceManager: Starting com.android.server.security.FileIntegrityService
01-01 00:04:24.898 1082 1189 I SystemConfig: Reading permissions from /product/etc/permissions/com.qti.snapdragon.sdk.display.xml
01-01 00:04:24.900 1082 1082 D SystemServerTiming: StartFileIntegrityService took to complete: 4ms
01-01 00:04:24.900 1082 1082 I SystemServerTiming: StartInstaller
01-01 00:04:24.900 1082 1082 I SystemServiceManager: Starting com.android.server.pm.Installer
01-01 00:04:24.900 1082 1189 I SystemConfig: Reading permissions from /product/etc/permissions/vendor.qti.hardware.data.connection-V1.0-java.xml
01-01 00:04:24.902 1082 1189 I SystemConfig: Reading permissions from /product/etc/permissions/ims_ext_common.xml
01-01 00:04:24.903 1082 1189 I SystemConfig: Reading permissions from /product/etc/permissions/privapp-permissions-soundrecorder.xml
01-01 00:04:24.909 1082 1082 W Installer: installd not found; trying again
01-01 00:04:24.911 1082 1082 D SystemServerTiming: StartInstaller took to complete: 11ms
01-01 00:04:24.911 1082 1082 I SystemServerTiming: DeviceIdentifiersPolicyService
01-01 00:04:24.911 1082 1082 I SystemServiceManager: Starting com.android.server.os.DeviceIdentifiersPolicyService
01-01 00:04:24.912 1082 1189 I SystemConfig: Reading permissions from /product/etc/permissions/vendor.qti.hardware.data.connection-V1.1-java.xml
01-01 00:04:24.913 1082 1082 D SystemServerTiming: DeviceIdentifiersPolicyService took to complete: 3ms
01-01 00:04:24.914 1082 1082 I SystemServerTiming: UriGrantsManagerService
01-01 00:04:24.914 1082 1082 I SystemServiceManager: Starting com.android.server.uri.UriGrantsManagerService$Lifecycle
01-01 00:04:24.914 1082 1189 I SystemConfig: Reading permissions from /product/etc/permissions/telephony_product_privapp-permissions-qti.xml
01-01 00:04:24.916 1082 1082 D SystemServerTiming: UriGrantsManagerService took to complete: 2ms
01-01 00:04:24.916 1082 1082 I SystemServerTiming: StartPowerStatsService
01-01 00:04:24.916 1082 1082 I SystemServiceManager: Starting com.android.server.powerstats.PowerStatsService
01-01 00:04:24.918 1082 1189 I SystemConfig: Reading permissions from /product/etc/permissions/UimService.xml
01-01 00:04:24.929 1082 1189 I SystemConfig: Reading permissions from /product/etc/permissions/com.android.settings.intelligence.xml
01-01 00:04:24.932 1082 1189 I SystemConfig: Reading permissions from /system_ext/etc/sysconfig/qti_telephony_system_packages_config.xml
01-01 00:04:24.934 1082 1189 I SystemConfig: Reading permissions from /system_ext/etc/sysconfig/qti_whitelist_system_ext.xml
01-01 00:04:24.934 1082 1082 D SystemServerTiming: StartPowerStatsService took to complete: 19ms
01-01 00:04:24.934 1082 1082 I SystemServerTiming: StartIStatsService
01-01 00:04:24.937 1082 1082 D SystemServerTiming: StartIStatsService took to complete: 2ms
01-01 00:04:24.937 1082 1082 I SystemServerTiming: MemtrackProxyService
01-01 00:04:24.938 1082 1189 I SystemConfig: Reading permissions from /system_ext/etc/permissions/com.qualcomm.qti.imscmservice-V2.1-java.xml
01-01 00:04:24.940 1082 1189 I SystemConfig: Reading permissions from /system_ext/etc/permissions/com.android.settings.xml
01-01 00:04:24.942 1082 1189 I SystemConfig: Reading permissions from /system_ext/etc/permissions/dpmapi.xml
01-01 00:04:24.944 1082 1082 D SystemServerTiming: MemtrackProxyService took to complete: 6ms
01-01 00:04:24.944 1082 1082 I SystemServerTiming: StartActivityManager
01-01 00:04:24.944 1082 1082 I SystemServiceManager: Starting com.android.server.wm.ActivityTaskManagerService$Lifecycle
01-01 00:04:24.944 1082 1189 I SystemConfig: Reading permissions from /system_ext/etc/permissions/com.qualcomm.location.xml
01-01 00:04:24.946 1082 1189 I SystemConfig: Reading permissions from /system_ext/etc/permissions/embms-noship_product_privapp_permissions_qti.xml
01-01 00:04:24.948 1082 1189 I SystemConfig: Reading permissions from /system_ext/etc/permissions/com.qualcomm.qmapbridge.xml
01-01 00:04:24.948 1082 1082 I SystemServiceManager: Starting com.android.server.am.ActivityManagerService$Lifecycle
01-01 00:04:24.949 1082 1189 I SystemConfig: Reading permissions from /system_ext/etc/permissions/com.qti.media.secureprocessor.xml
01-01 00:04:24.950 1082 1189 I SystemConfig: Reading permissions from /system_ext/etc/permissions/qti_permissions.xml
01-01 00:04:24.953 1082 1189 I SystemConfig: Reading permissions from /system_ext/etc/permissions/privapp-permissions-com.qualcomm.location.xml
01-01 00:04:24.954 1082 1189 I SystemConfig: Reading permissions from /system_ext/etc/permissions/privapp-permissions-qti-system-ext.xml
01-01 00:04:24.956 1082 1189 I SystemConfig: Reading permissions from /system_ext/etc/permissions/telephony_system-ext_privapp-permissions-qti.xml
01-01 00:04:24.958 1082 1189 I SystemConfig: Reading permissions from /system_ext/etc/permissions/wfd-system-ext-privapp-permissions-qti.xml
01-01 00:04:24.960 1082 1189 I SystemConfig: Reading permissions from /system_ext/etc/permissions/com.qualcomm.qti.imscmservice-V2.2-java.xml
01-01 00:04:24.961 1082 1082 I ActivityManager: Memory class: 256
01-01 00:04:24.964 1082 1209 I Binder : Setting heavy hitter watcher config: false, 0, 0.0
01-01 00:04:24.964 1082 1189 I SystemConfig: Reading permissions from /system_ext/etc/permissions/embms.xml
01-01 00:04:24.966 1082 1189 I SystemConfig: Reading permissions from /system_ext/etc/permissions/com.qualcomm.qti.izattools.xml
01-01 00:04:24.968 1082 1189 I SystemConfig: Reading permissions from /system_ext/etc/permissions/com.qualcomm.qti.imscmservice-V2.0-java.xml
01-01 00:04:24.970 1082 1189 I SystemConfig: Reading permissions from /system_ext/etc/permissions/com.android.provision.xml
01-01 00:04:24.972 1082 1189 I SystemConfig: Reading permissions from /system_ext/etc/permissions/com.qti.dpmframework.xml
01-01 00:04:24.974 1082 1189 I SystemConfig: Reading permissions from /system_ext/etc/permissions/vendor.qti.ims.rcsservice.xml
01-01 00:04:24.975 1082 1189 I SystemConfig: Reading permissions from /system_ext/etc/permissions/android.software.verified_boot.xml
01-01 00:04:24.977 1082 1189 I SystemConfig: Reading permissions from /system_ext/etc/permissions/qti_supplicant_interface.xml
01-01 00:04:24.979 1082 1189 I SystemConfig: Reading permissions from /system_ext/etc/permissions/com.nxp.nfc.nq.xml
01-01 00:04:24.981 1082 1189 I SystemConfig: Reading permissions from /system_ext/etc/permissions/audiosphere.xml
01-01 00:04:24.983 1082 1189 I SystemConfig: Reading permissions from /system_ext/etc/permissions/com.android.systemui.xml
01-01 00:04:24.985 1082 1189 I SystemConfig: Reading permissions from /system_ext/etc/permissions/com.android.launcher3.xml
01-01 00:04:24.991 1082 1189 I SystemConfig: Reading permissions from /system_ext/etc/permissions/qti_libpermissions.xml
01-01 00:04:24.993 1082 1189 I SystemConfig: Reading permissions from /system_ext/etc/permissions/com.qti.location.sdk.xml
01-01 00:04:24.994 1082 1189 I SystemConfig: Reading permissions from /system_ext/etc/permissions/privapp-permissions-aptxals.xml
01-01 00:04:24.996 1082 1189 I SystemConfig: Reading permissions from /system_ext/etc/permissions/com.android.emergency.xml
01-01 00:04:24.998 1082 1189 I SystemConfig: Reading permissions from /system_ext/etc/permissions/com.qualcomm.qti.imscmservice.xml
01-01 00:04:25.000 1082 1189 I SystemConfig: Reading permissions from /system_ext/etc/permissions/izat.xt.srv.xml
01-01 00:04:25.002 1082 1189 I SystemConfig: Reading permissions from /system_ext/etc/permissions/com.android.storagemanager.xml
01-01 00:04:25.007 1082 1189 I SystemConfig: Reading permissions from /apex/com.android.ipsec/etc/permissions/android.net.ipsec.ike.xml
01-01 00:04:25.011 1082 1189 D SystemConfig: readAllPermissions took to complete: 339ms
01-01 00:04:25.011 1082 1189 D SystemServerInitThreadPool: Finished executing ReadingSystemConfig
01-01 00:04:25.011 1082 1189 D SystemServerTimingAsync: InitThreadPoolExec:ReadingSystemConfig took to complete: 339ms
01-01 00:04:25.078 1082 1082 D BatteryStatsImpl: Reading daily items from /data/system/batterystats-daily.xml
01-01 00:04:25.094 1082 1221 I KernelCpuUidFreqTimeReader: mPerClusterTimesAvailable=false
01-01 00:04:25.108 1082 1221 W KernelCpuUidFreqTimeBpfMapReader: Failed to start tracking
01-01 00:04:25.113 1082 1221 W KernelCpuUidActiveTimeBpfMapReader: Failed to start tracking
01-01 00:04:25.121 1082 1221 W KernelCpuUidClusterTimeBpfMapReader: Failed to start tracking
01-01 00:04:25.122 1082 1221 E KernelCpuSpeedReader: Failed to read cpu-freq: /sys/devices/system/cpu/cpu4/cpufreq/stats/time_in_state: open failed: ENOENT (No such file or directory)
01-01 00:04:25.122 1082 1221 E KernelCpuSpeedReader: Failed to read cpu-freq: /sys/devices/system/cpu/cpu0/cpufreq/stats/time_in_state: open failed: ENOENT (No such file or directory)
01-01 00:04:25.199 1082 1221 W KernelMemoryBandwidthStats: No kernel memory bandwidth stats available
01-01 00:04:25.283 1082 1082 I IntentFirewall: Read new rules (A:0 B:0 S:0)
01-01 00:04:25.297 1082 1082 D AppOps : AppOpsService published
01-01 00:04:25.299 1082 1082 D SystemServerTiming: StartActivityManager took to complete: 355ms
01-01 00:04:25.299 1082 1082 I SystemServerTiming: StartDataLoaderManagerService
01-01 00:04:25.299 1082 1082 I SystemServiceManager: Starting com.android.server.pm.DataLoaderManagerService
01-01 00:04:25.305 1082 1082 D SystemServerTiming: StartDataLoaderManagerService took to complete: 6ms
01-01 00:04:25.305 1082 1082 I SystemServerTiming: StartIncrementalService
01-01 00:04:25.317 1082 1082 D SystemServerTiming: StartIncrementalService took to complete: 12ms
01-01 00:04:25.317 1082 1082 I SystemServerTiming: StartPowerManager
01-01 00:04:25.317 1082 1082 I SystemServiceManager: Starting com.android.server.power.PowerManagerService
01-01 00:04:25.344 1082 1082 D SystemServerTiming: StartPowerManager took to complete: 27ms
01-01 00:04:25.344 1082 1082 I SystemServerTiming: StartThermalManager
01-01 00:04:25.344 1082 1082 I SystemServiceManager: Starting com.android.server.power.ThermalManagerService
01-01 00:04:25.346 1082 1082 D SystemServerTiming: StartThermalManager took to complete: 1ms
01-01 00:04:25.346 1082 1082 I SystemServerTiming: StartHintManager
01-01 00:04:25.346 1082 1082 I SystemServiceManager: Starting com.android.server.power.hint.HintManagerService
01-01 00:04:25.349 1082 1082 D SystemServerTiming: StartHintManager took to complete: 2ms
01-01 00:04:25.349 1082 1082 I SystemServerTiming: InitPowerManagement
01-01 00:04:25.351 1082 1082 D SystemServerTiming: InitPowerManagement took to complete: 2ms
01-01 00:04:25.351 1082 1082 I SystemServerTiming: StartRecoverySystemService
01-01 00:04:25.351 1082 1082 I SystemServiceManager: Starting com.android.server.recoverysystem.RecoverySystemService$Lifecycle
01-01 00:04:25.353 1082 1082 D SystemServerTiming: StartRecoverySystemService took to complete: 2ms
01-01 00:04:25.353 1082 1082 I PackageWatchdog: Syncing state, reason: added new observer
01-01 00:04:25.353 1082 1082 I PackageWatchdog: Not pruning observers, elapsed time: 0ms
01-01 00:04:25.353 1082 1082 I PackageWatchdog: Cancelling state sync, nothing to sync
01-01 00:04:25.354 1082 1200 I PackageWatchdog: Saving observer state to file
01-01 00:04:25.356 1082 1082 I SystemServerTiming: StartLightsService
01-01 00:04:25.357 1082 1082 I SystemServiceManager: Starting com.android.server.lights.LightsService
01-01 00:04:25.362 1082 1082 D SystemServerTiming: StartLightsService took to complete: 5ms
01-01 00:04:25.362 1082 1082 I SystemServerTiming: StartSidekickService
01-01 00:04:25.362 1082 1082 D SystemServerTiming: StartSidekickService took to complete: 0ms
01-01 00:04:25.362 1082 1082 I SystemServerTiming: StartDisplayManager
01-01 00:04:25.362 1082 1082 I SystemServiceManager: Starting com.android.server.display.DisplayManagerService
01-01 00:04:25.375 1082 1082 D SystemServerTiming: StartDisplayManager took to complete: 13ms
01-01 00:04:25.375 1082 1082 I SystemServerTiming: WaitForDisplay
01-01 00:04:25.375 1082 1082 I SystemServiceManager: Starting phase 100
01-01 00:04:25.375 1082 1082 I SystemServerTiming: OnBootPhase_100
01-01 00:04:25.375 1082 1082 I SystemServerTiming: OnBootPhase_100_com.android.server.security.FileIntegrityService
01-01 00:04:25.375 1082 1082 D SystemServerTiming: OnBootPhase_100_com.android.server.security.FileIntegrityService took to complete: 0ms
01-01 00:04:25.375 1082 1082 I SystemServerTiming: OnBootPhase_100_com.android.server.pm.Installer
01-01 00:04:25.375 1082 1082 D SystemServerTiming: OnBootPhase_100_com.android.server.pm.Installer took to complete: 0ms
01-01 00:04:25.375 1082 1082 I SystemServerTiming: OnBootPhase_100_com.android.server.os.DeviceIdentifiersPolicyService
01-01 00:04:25.375 1082 1082 D SystemServerTiming: OnBootPhase_100_com.android.server.os.DeviceIdentifiersPolicyService took to complete: 0ms
01-01 00:04:25.375 1082 1082 I SystemServerTiming: OnBootPhase_100_com.android.server.uri.UriGrantsManagerService$Lifecycle
01-01 00:04:25.375 1082 1082 D SystemServerTiming: OnBootPhase_100_com.android.server.uri.UriGrantsManagerService$Lifecycle took to complete: 0ms
01-01 00:04:25.376 1082 1082 I SystemServerTiming: OnBootPhase_100_com.android.server.powerstats.PowerStatsService
01-01 00:04:25.376 1082 1082 D SystemServerTiming: OnBootPhase_100_com.android.server.powerstats.PowerStatsService took to complete: 0ms
01-01 00:04:25.376 1082 1082 I SystemServerTiming: OnBootPhase_100_com.android.server.wm.ActivityTaskManagerService$Lifecycle
01-01 00:04:25.376 1082 1082 D SystemServerTiming: OnBootPhase_100_com.android.server.wm.ActivityTaskManagerService$Lifecycle took to complete: 0ms
01-01 00:04:25.376 1082 1082 I SystemServerTiming: OnBootPhase_100_com.android.server.am.ActivityManagerService$Lifecycle
01-01 00:04:25.376 1082 1082 D SystemServerTiming: OnBootPhase_100_com.android.server.am.ActivityManagerService$Lifecycle took to complete: 0ms
01-01 00:04:25.376 1082 1082 I SystemServerTiming: OnBootPhase_100_com.android.server.pm.DataLoaderManagerService
01-01 00:04:25.376 1082 1082 D SystemServerTiming: OnBootPhase_100_com.android.server.pm.DataLoaderManagerService took to complete: 0ms
