08-23 17:43:06.488 1082 1125 V StorageManagerService: fsType=null fsUuid=null fsLabel=null
08-23 17:43:06.488 1082 1125 V StorageManagerService: path=null internalPath=null
08-23 17:43:06.490 1082 1715 I StorageManagerService: Mounting volume VolumeInfo{emulated;0}:
08-23 17:43:06.490 1082 1715 I StorageManagerService: type=EMULATED diskId=null partGuid= mountFlags=PRIMARY|VISIBLE
08-23 17:43:06.490 1082 1715 I StorageManagerService: mountUserId=0 state=UNMOUNTED
08-23 17:43:06.490 1082 1715 I StorageManagerService: fsType=null fsUuid=null fsLabel=null
08-23 17:43:06.490 1082 1715 I StorageManagerService: path=null internalPath=null
08-23 17:43:06.491 560 560 I vold : Executing sdcardfs
08-23 17:43:06.500 560 560 D vold : Waiting for sdcardfs to spin up...
08-23 17:43:06.501 1082 1182 W Looper : Drained
08-23 17:43:06.511 1082 1082 D Fingerprint21: handleError, client: FingerprintInternalCleanupClient, error: 2, vendorCode: 0
08-23 17:43:06.511 1082 1082 E Fingerprint21: onError for non-error consumer: FingerprintInternalCleanupClient
08-23 17:43:06.540 1082 1209 W SystemServiceManager: Service com.android.server.StorageManagerService$Lifecycle took 53 ms in onUnlockingUser-0
08-23 17:43:06.540 1082 1209 D SystemServerTimingAsync: ssm.onUnlockingUser-0_com.android.server.StorageManagerService$Lifecycle took to complete: 54ms
08-23 17:43:06.540 1082 1209 I SystemServerTimingAsync: ssm.onUnlockingUser-0_com.android.server.usage.StorageStatsService$Lifecycle
08-23 17:43:06.540 1082 1209 D SystemServerTimingAsync: ssm.onUnlockingUser-0_com.android.server.usage.StorageStatsService$Lifecycle took to complete: 0ms
08-23 17:43:06.540 1082 1209 I SystemServerTimingAsync: ssm.onUnlockingUser-0_com.android.server.UiModeManagerService
08-23 17:43:06.540 1082 1209 D SystemServerTimingAsync: ssm.onUnlockingUser-0_com.android.server.UiModeManagerService took to complete: 0ms
08-23 17:43:06.540 1082 1209 I SystemServerTimingAsync: ssm.onUnlockingUser-0_com.android.server.locksettings.LockSettingsService$Lifecycle
08-23 17:43:06.540 1082 1209 D SystemServerTimingAsync: ssm.onUnlockingUser-0_com.android.server.locksettings.LockSettingsService$Lifecycle took to complete: 0ms
08-23 17:43:06.540 1082 1209 I SystemServerTimingAsync: ssm.onUnlockingUser-0_com.android.server.PersistentDataBlockService
08-23 17:43:06.540 1082 1209 D SystemServerTimingAsync: ssm.onUnlockingUser-0_com.android.server.PersistentDataBlockService took to complete: 0ms
08-23 17:43:06.540 1082 1209 I SystemServerTimingAsync: ssm.onUnlockingUser-0_com.android.server.testharness.TestHarnessModeService
08-23 17:43:06.541 1082 1209 D SystemServerTimingAsync: ssm.onUnlockingUser-0_com.android.server.testharness.TestHarnessModeService took to complete: 0ms
08-23 17:43:06.541 1082 1209 I SystemServerTimingAsync: ssm.onUnlockingUser-0_com.android.server.oemlock.OemLockService
08-23 17:43:06.541 1082 1209 D SystemServerTimingAsync: ssm.onUnlockingUser-0_com.android.server.oemlock.OemLockService took to complete: 0ms
08-23 17:43:06.541 1082 1209 I SystemServerTimingAsync: ssm.onUnlockingUser-0_com.android.server.DeviceIdleController
08-23 17:43:06.541 1082 1209 D SystemServerTimingAsync: ssm.onUnlockingUser-0_com.android.server.DeviceIdleController took to complete: 0ms
08-23 17:43:06.541 1082 1209 I SystemServerTimingAsync: ssm.onUnlockingUser-0_com.android.server.devicepolicy.DevicePolicyManagerService$Lifecycle
08-23 17:43:06.541 1082 1209 D SystemServerTimingAsync: ssm.onUnlockingUser-0_com.android.server.devicepolicy.DevicePolicyManagerService$Lifecycle took to complete: 0ms
08-23 17:43:06.541 1082 1209 I SystemServerTimingAsync: ssm.onUnlockingUser-0_com.android.server.texttospeech.TextToSpeechManagerService
08-23 17:43:06.541 1082 1209 D SystemServerTimingAsync: ssm.onUnlockingUser-0_com.android.server.texttospeech.TextToSpeechManagerService took to complete: 0ms
08-23 17:43:06.541 1082 1209 I SystemServerTimingAsync: ssm.onUnlockingUser-0_com.android.server.speech.SpeechRecognitionManagerService
08-23 17:43:06.542 1082 1209 D SystemServerTimingAsync: ssm.onUnlockingUser-0_com.android.server.speech.SpeechRecognitionManagerService took to complete: 0ms
08-23 17:43:06.542 1082 1209 I SystemServerTimingAsync: ssm.onUnlockingUser-0_com.android.server.searchui.SearchUiManagerService
08-23 17:43:06.542 1082 1209 D SystemServerTimingAsync: ssm.onUnlockingUser-0_com.android.server.searchui.SearchUiManagerService took to complete: 0ms
08-23 17:43:06.542 1082 1209 I SystemServerTimingAsync: ssm.onUnlockingUser-0_com.android.server.smartspace.SmartspaceManagerService
08-23 17:43:06.542 1082 1209 D SystemServerTimingAsync: ssm.onUnlockingUser-0_com.android.server.smartspace.SmartspaceManagerService took to complete: 0ms
08-23 17:43:06.542 1082 1209 I SystemServerTimingAsync: ssm.onUnlockingUser-0_com.android.server.graphics.fonts.FontManagerService$Lifecycle
08-23 17:43:06.542 1082 1209 D SystemServerTimingAsync: ssm.onUnlockingUser-0_com.android.server.graphics.fonts.FontManagerService$Lifecycle took to complete: 0ms
08-23 17:43:06.542 1082 1209 I SystemServerTimingAsync: ssm.onUnlockingUser-0_com.android.server.textservices.TextServicesManagerService$Lifecycle
08-23 17:43:06.544 1082 1126 D CompatibilityChangeReporter: Compat change id reported: 168419799; UID 10079; state: DISABLED
08-23 17:43:06.545 1082 1209 D SystemServerTimingAsync: ssm.onUnlockingUser-0_com.android.server.textservices.TextServicesManagerService$Lifecycle took to complete: 2ms
08-23 17:43:06.545 1082 1209 I SystemServerTimingAsync: ssm.onUnlockingUser-0_com.android.server.textclassifier.TextClassificationManagerService$Lifecycle
08-23 17:43:06.545 1082 1209 D SystemServerTimingAsync: ssm.onUnlockingUser-0_com.android.server.textclassifier.TextClassificationManagerService$Lifecycle took to complete: 0ms
08-23 17:43:06.545 1082 1209 I SystemServerTimingAsync: ssm.onUnlockingUser-0_com.android.server.NetworkScoreService$Lifecycle
08-23 17:43:06.545 1082 1209 D SystemServerTimingAsync: ssm.onUnlockingUser-0_com.android.server.NetworkScoreService$Lifecycle took to complete: 0ms
08-23 17:43:06.545 1082 1209 I SystemServerTimingAsync: ssm.onUnlockingUser-0_com.android.server.wifi.WifiService
08-23 17:43:06.546 1082 1209 D SystemServerTimingAsync: ssm.onUnlockingUser-0_com.android.server.wifi.WifiService took to complete: 0ms
08-23 17:43:06.546 1082 1209 I SystemServerTimingAsync: ssm.onUnlockingUser-0_com.android.server.wifi.scanner.WifiScanningService
08-23 17:43:06.546 1082 1209 D SystemServerTimingAsync: ssm.onUnlockingUser-0_com.android.server.wifi.scanner.WifiScanningService took to complete: 0ms
08-23 17:43:06.546 1082 1209 I SystemServerTimingAsync: ssm.onUnlockingUser-0_com.android.server.wifi.rtt.RttService
08-23 17:43:06.546 1082 1209 D SystemServerTimingAsync: ssm.onUnlockingUser-0_com.android.server.wifi.rtt.RttService took to complete: 0ms
08-23 17:43:06.546 1082 1209 I SystemServerTimingAsync: ssm.onUnlockingUser-0_com.android.server.wifi.aware.WifiAwareService
08-23 17:43:06.546 1082 1209 D SystemServerTimingAsync: ssm.onUnlockingUser-0_com.android.server.wifi.aware.WifiAwareService took to complete: 0ms
08-23 17:43:06.546 1082 1209 I SystemServerTimingAsync: ssm.onUnlockingUser-0_com.android.server.wifi.p2p.WifiP2pService
08-23 17:43:06.546 1082 1209 D SystemServerTimingAsync: ssm.onUnlockingUser-0_com.android.server.wifi.p2p.WifiP2pService took to complete: 0ms
08-23 17:43:06.546 1082 1209 I SystemServerTimingAsync: ssm.onUnlockingUser-0_com.android.server.ethernet.EthernetService
08-23 17:43:06.546 1082 1209 D SystemServerTimingAsync: ssm.onUnlockingUser-0_com.android.server.ethernet.EthernetService took to complete: 0ms
08-23 17:43:06.546 1082 1209 I SystemServerTimingAsync: ssm.onUnlockingUser-0_com.android.server.ConnectivityServiceInitializer
08-23 17:43:06.546 1082 1209 D SystemServerTimingAsync: ssm.onUnlockingUser-0_com.android.server.ConnectivityServiceInitializer took to complete: 0ms
08-23 17:43:06.546 1082 1209 I SystemServerTimingAsync: ssm.onUnlockingUser-0_com.android.server.notification.NotificationManagerService
08-23 17:43:06.547 1082 1209 D SystemServerTimingAsync: ssm.onUnlockingUser-0_com.android.server.notification.NotificationManagerService took to complete: 0ms
08-23 17:43:06.547 1082 1209 I SystemServerTimingAsync: ssm.onUnlockingUser-0_com.android.server.storage.DeviceStorageMonitorService
08-23 17:43:06.547 1082 1209 D SystemServerTimingAsync: ssm.onUnlockingUser-0_com.android.server.storage.DeviceStorageMonitorService took to complete: 0ms
08-23 17:43:06.547 1082 1082 I NotificationHistory: Attempted to unlock gone/disabled user 0
08-23 17:43:06.547 1082 1209 I SystemServerTimingAsync: ssm.onUnlockingUser-0_com.android.server.location.LocationManagerService$Lifecycle
08-23 17:43:06.547 1082 1209 D SystemServerTimingAsync: ssm.onUnlockingUser-0_com.android.server.location.LocationManagerService$Lifecycle took to complete: 0ms
08-23 17:43:06.547 1082 1209 I SystemServerTimingAsync: ssm.onUnlockingUser-0_com.android.server.timedetector.TimeDetectorService$Lifecycle
08-23 17:43:06.547 1082 1209 D SystemServerTimingAsync: ssm.onUnlockingUser-0_com.android.server.timedetector.TimeDetectorService$Lifecycle took to complete: 0ms
08-23 17:43:06.547 1082 1209 I SystemServerTimingAsync: ssm.onUnlockingUser-0_com.android.server.timezonedetector.TimeZoneDetectorService$Lifecycle
08-23 17:43:06.547 1082 1209 D SystemServerTimingAsync: ssm.onUnlockingUser-0_com.android.server.timezonedetector.TimeZoneDetectorService$Lifecycle took to complete: 0ms
08-23 17:43:06.548 1082 1209 I SystemServerTimingAsync: ssm.onUnlockingUser-0_com.android.server.timezonedetector.location.LocationTimeZoneManagerService$Lifecycle
08-23 17:43:06.548 1082 1209 D SystemServerTimingAsync: ssm.onUnlockingUser-0_com.android.server.timezonedetector.location.LocationTimeZoneManagerService$Lifecycle took to complete: 0ms
08-23 17:43:06.548 1082 1209 I SystemServerTimingAsync: ssm.onUnlockingUser-0_com.android.server.search.SearchManagerService$Lifecycle
08-23 17:43:06.548 1082 1209 D SystemServerTimingAsync: ssm.onUnlockingUser-0_com.android.server.search.SearchManagerService$Lifecycle took to complete: 1ms
08-23 17:43:06.548 1082 1209 I SystemServerTimingAsync: ssm.onUnlockingUser-0_com.android.server.wallpaper.WallpaperManagerService$Lifecycle
08-23 17:43:06.548 1082 1209 I WallpaperManagerService: on-unlock-user-0
08-23 17:43:06.548 1082 1209 D WallpaperManagerService: on-unlock-user-0 took to complete: 0ms
08-23 17:43:06.548 1082 1209 D SystemServerTimingAsync: ssm.onUnlockingUser-0_com.android.server.wallpaper.WallpaperManagerService$Lifecycle took to complete: 0ms
08-23 17:43:06.548 1082 1209 I SystemServerTimingAsync: ssm.onUnlockingUser-0_com.android.server.audio.AudioService$Lifecycle
08-23 17:43:06.548 1082 1209 D SystemServerTimingAsync: ssm.onUnlockingUser-0_com.android.server.audio.AudioService$Lifecycle took to complete: 0ms
08-23 17:43:06.548 1082 1209 I SystemServerTimingAsync: ssm.onUnlockingUser-0_com.android.server.soundtrigger_middleware.SoundTriggerMiddlewareService$Lifecycle
08-23 17:43:06.548 1082 1209 D SystemServerTimingAsync: ssm.onUnlockingUser-0_com.android.server.soundtrigger_middleware.SoundTriggerMiddlewareService$Lifecycle took to complete: 0ms
08-23 17:43:06.548 1082 1209 I SystemServerTimingAsync: ssm.onUnlockingUser-0_com.android.server.DockObserver
08-23 17:43:06.548 1082 1209 D SystemServerTimingAsync: ssm.onUnlockingUser-0_com.android.server.DockObserver took to complete: 0ms
08-23 17:43:06.548 1082 1209 I SystemServerTimingAsync: ssm.onUnlockingUser-0_com.android.server.midi.MidiService$Lifecycle
08-23 17:43:06.551 1082 1209 D SystemServerTimingAsync: ssm.onUnlockingUser-0_com.android.server.midi.MidiService$Lifecycle took to complete: 3ms
08-23 17:43:06.551 1082 1209 I SystemServerTimingAsync: ssm.onUnlockingUser-0_com.android.server.adb.AdbService$Lifecycle
08-23 17:43:06.551 1082 1209 D SystemServerTimingAsync: ssm.onUnlockingUser-0_com.android.server.adb.AdbService$Lifecycle took to complete: 0ms
08-23 17:43:06.551 1082 1209 I SystemServerTimingAsync: ssm.onUnlockingUser-0_com.android.server.usb.UsbService$Lifecycle
08-23 17:43:06.552 1082 1209 D SystemServerTimingAsync: ssm.onUnlockingUser-0_com.android.server.usb.UsbService$Lifecycle took to complete: 0ms
08-23 17:43:06.552 560 560 D vold : Waiting for sdcardfs to spin up...
08-23 17:43:06.552 1082 1209 I SystemServerTimingAsync: ssm.onUnlockingUser-0_com.android.server.twilight.TwilightService
08-23 17:43:06.552 1082 1209 D SystemServerTimingAsync: ssm.onUnlockingUser-0_com.android.server.twilight.TwilightService took to complete: 0ms
08-23 17:43:06.552 1082 1209 I SystemServerTimingAsync: ssm.onUnlockingUser-0_com.android.server.display.color.ColorDisplayService
08-23 17:43:06.552 1082 1209 D SystemServerTimingAsync: ssm.onUnlockingUser-0_com.android.server.display.color.ColorDisplayService took to complete: 0ms
08-23 17:43:06.552 1082 1209 I SystemServerTimingAsync: ssm.onUnlockingUser-0_com.android.server.job.JobSchedulerService
08-23 17:43:06.552 1082 1209 D SystemServerTimingAsync: ssm.onUnlockingUser-0_com.android.server.job.JobSchedulerService took to complete: 0ms
08-23 17:43:06.552 1082 1209 I SystemServerTimingAsync: ssm.onUnlockingUser-0_com.android.server.soundtrigger.SoundTriggerService
08-23 17:43:06.552 1082 1209 D SystemServerTimingAsync: ssm.onUnlockingUser-0_com.android.server.soundtrigger.SoundTriggerService took to complete: 0ms
08-23 17:43:06.552 1082 1209 I SystemServerTimingAsync: ssm.onUnlockingUser-0_com.android.server.trust.TrustManagerService
08-23 17:43:06.556 1082 1209 D SystemServerTimingAsync: ssm.onUnlockingUser-0_com.android.server.trust.TrustManagerService took to complete: 3ms
08-23 17:43:06.556 1082 1209 I SystemServerTimingAsync: ssm.onUnlockingUser-0_com.android.server.backup.BackupManagerService$Lifecycle
08-23 17:43:06.556 1082 1209 D SystemServerTimingAsync: ssm.onUnlockingUser-0_com.android.server.backup.BackupManagerService$Lifecycle took to complete: 1ms
08-23 17:43:06.556 1082 1209 I SystemServerTimingAsync: ssm.onUnlockingUser-0_com.android.server.appwidget.AppWidgetService
08-23 17:43:06.556 1082 1209 D SystemServerTimingAsync: ssm.onUnlockingUser-0_com.android.server.appwidget.AppWidgetService took to complete: 0ms
08-23 17:43:06.556 1082 1209 I SystemServerTimingAsync: ssm.onUnlockingUser-0_com.android.server.voiceinteraction.VoiceInteractionManagerService
08-23 17:43:06.556 1082 1209 W VoiceInteractionManager: no available voice recognition services found for user 0
08-23 17:43:06.556 1082 1837 I BackupManagerService: Starting service for user: 0
08-23 17:43:06.557 1082 1837 V BackupManagerService: [UserID:0] Starting with transport com.android.localtransport/.LocalTransport
08-23 17:43:06.557 1082 1837 D BackupManagerService: [UserID:0] Started thread backup-0
08-23 17:43:06.558 1082 1209 D SystemServerTimingAsync: ssm.onUnlockingUser-0_com.android.server.voiceinteraction.VoiceInteractionManagerService took to complete: 1ms
08-23 17:43:06.558 1082 1209 I SystemServerTimingAsync: ssm.onUnlockingUser-0_com.android.server.apphibernation.AppHibernationService
08-23 17:43:06.558 1082 2620 I HibernationStateDiskStore: No hibernation file on disk for file /data/system_ce/0/hibernation/states
08-23 17:43:06.571 2778 2778 W sdcard : Device explicitly enabled sdcardfs
08-23 17:43:06.572 1082 1209 D SystemServerTimingAsync: ssm.onUnlockingUser-0_com.android.server.apphibernation.AppHibernationService took to complete: 14ms
08-23 17:43:06.573 1082 1209 I SystemServerTimingAsync: ssm.onUnlockingUser-0_com.android.server.GestureLauncherService
08-23 17:43:06.573 1082 1209 D SystemServerTimingAsync: ssm.onUnlockingUser-0_com.android.server.GestureLauncherService took to complete: 0ms
08-23 17:43:06.573 1082 1209 I SystemServerTimingAsync: ssm.onUnlockingUser-0_com.android.server.SensorNotificationService
08-23 17:43:06.573 1082 1209 D SystemServerTimingAsync: ssm.onUnlockingUser-0_com.android.server.SensorNotificationService took to complete: 0ms
08-23 17:43:06.573 1082 1209 I SystemServerTimingAsync: ssm.onUnlockingUser-0_com.android.server.emergency.EmergencyAffordanceService
08-23 17:43:06.573 1082 1209 D SystemServerTimingAsync: ssm.onUnlockingUser-0_com.android.server.emergency.EmergencyAffordanceService took to complete: 0ms
08-23 17:43:06.573 1082 1209 I SystemServerTimingAsync: ssm.onUnlockingUser-0_com.android.server.blob.BlobStoreManagerService
08-23 17:43:06.573 1082 1209 D SystemServerTimingAsync: ssm.onUnlockingUser-0_com.android.server.blob.BlobStoreManagerService took to complete: 0ms
08-23 17:43:06.573 1082 1209 I SystemServerTimingAsync: ssm.onUnlockingUser-0_com.android.server.dreams.DreamManagerService
08-23 17:43:06.573 1082 1209 D SystemServerTimingAsync: ssm.onUnlockingUser-0_com.android.server.dreams.DreamManagerService took to complete: 0ms
08-23 17:43:06.573 1082 1209 I SystemServerTimingAsync: ssm.onUnlockingUser-0_com.android.server.companion.CompanionDeviceManagerService
08-23 17:43:06.573 1082 1209 D SystemServerTimingAsync: ssm.onUnlockingUser-0_com.android.server.companion.CompanionDeviceManagerService took to complete: 0ms
08-23 17:43:06.573 1082 1209 I SystemServerTimingAsync: ssm.onUnlockingUser-0_com.android.server.restrictions.RestrictionsManagerService
08-23 17:43:06.573 1082 1209 D SystemServerTimingAsync: ssm.onUnlockingUser-0_com.android.server.restrictions.RestrictionsManagerService took to complete: 0ms
08-23 17:43:06.574 1082 1209 I SystemServerTimingAsync: ssm.onUnlockingUser-0_com.android.server.media.MediaSessionService
08-23 17:43:06.574 1082 1209 D SystemServerTimingAsync: ssm.onUnlockingUser-0_com.android.server.media.MediaSessionService took to complete: 0ms
08-23 17:43:06.574 1082 1209 I SystemServerTimingAsync: ssm.onUnlockingUser-0_com.android.server.media.MediaResourceMonitorService
08-23 17:43:06.574 1082 1209 D SystemServerTimingAsync: ssm.onUnlockingUser-0_com.android.server.media.MediaResourceMonitorService took to complete: 0ms
08-23 17:43:06.574 1082 1209 I SystemServerTimingAsync: ssm.onUnlockingUser-0_com.android.server.biometrics.sensors.fingerprint.FingerprintService
08-23 17:43:06.574 1082 1209 D SystemServerTimingAsync: ssm.onUnlockingUser-0_com.android.server.biometrics.sensors.fingerprint.FingerprintService took to complete: 0ms
08-23 17:43:06.574 1082 1209 I SystemServerTimingAsync: ssm.onUnlockingUser-0_com.android.server.biometrics.BiometricService
08-23 17:43:06.574 1082 1209 D SystemServerTimingAsync: ssm.onUnlockingUser-0_com.android.server.biometrics.BiometricService took to complete: 0ms
08-23 17:43:06.574 1082 1209 I SystemServerTimingAsync: ssm.onUnlockingUser-0_com.android.server.biometrics.AuthService
08-23 17:43:06.574 1082 1209 D SystemServerTimingAsync: ssm.onUnlockingUser-0_com.android.server.biometrics.AuthService took to complete: 0ms
08-23 17:43:06.574 1082 1209 I SystemServerTimingAsync: ssm.onUnlockingUser-0_com.android.server.pm.ShortcutService$Lifecycle
08-23 17:43:06.575 1082 1209 D SystemServerTimingAsync: ssm.onUnlockingUser-0_com.android.server.pm.ShortcutService$Lifecycle took to complete: 0ms
08-23 17:43:06.575 1082 1209 I SystemServerTimingAsync: ssm.onUnlockingUser-0_com.android.server.pm.LauncherAppsService
08-23 17:43:06.575 1082 1209 D SystemServerTimingAsync: ssm.onUnlockingUser-0_com.android.server.pm.LauncherAppsService took to complete: 0ms
08-23 17:43:06.575 1082 1209 I SystemServerTimingAsync: ssm.onUnlockingUser-0_com.android.server.pm.CrossProfileAppsService
08-23 17:43:06.575 1082 1209 D SystemServerTimingAsync: ssm.onUnlockingUser-0_com.android.server.pm.CrossProfileAppsService took to complete: 0ms
08-23 17:43:06.575 1082 1209 I SystemServerTimingAsync: ssm.onUnlockingUser-0_com.android.server.people.PeopleService
08-23 17:43:06.575 1082 1209 D SystemServerTimingAsync: ssm.onUnlockingUser-0_com.android.server.people.PeopleService took to complete: 0ms
08-23 17:43:06.575 1082 1209 I SystemServerTimingAsync: ssm.onUnlockingUser-0_com.android.server.media.metrics.MediaMetricsManagerService
08-23 17:43:06.575 1082 1209 D SystemServerTimingAsync: ssm.onUnlockingUser-0_com.android.server.media.metrics.MediaMetricsManagerService took to complete: 0ms
08-23 17:43:06.575 1082 1209 I SystemServerTimingAsync: ssm.onUnlockingUser-0_com.android.server.media.projection.MediaProjectionManagerService
08-23 17:43:06.575 1082 1209 D SystemServerTimingAsync: ssm.onUnlockingUser-0_com.android.server.media.projection.MediaProjectionManagerService took to complete: 0ms
08-23 17:43:06.575 1082 1209 I SystemServerTimingAsync: ssm.onUnlockingUser-0_com.android.server.slice.SliceManagerService$Lifecycle
08-23 17:43:06.575 1082 1209 D SystemServerTimingAsync: ssm.onUnlockingUser-0_com.android.server.slice.SliceManagerService$Lifecycle took to complete: 0ms
08-23 17:43:06.575 1082 1209 I SystemServerTimingAsync: ssm.onUnlockingUser-0_com.android.server.stats.StatsCompanion$Lifecycle
08-23 17:43:06.575 1082 1209 D SystemServerTimingAsync: ssm.onUnlockingUser-0_com.android.server.stats.StatsCompanion$Lifecycle took to complete: 0ms
08-23 17:43:06.576 1082 1209 I SystemServerTimingAsync: ssm.onUnlockingUser-0_com.android.server.scheduling.RebootReadinessManagerService$Lifecycle
08-23 17:43:06.576 1082 1209 D SystemServerTimingAsync: ssm.onUnlockingUser-0_com.android.server.scheduling.RebootReadinessManagerService$Lifecycle took to complete: 0ms
08-23 17:43:06.576 1082 1209 I SystemServerTimingAsync: ssm.onUnlockingUser-0_com.android.server.stats.pull.StatsPullAtomService
08-23 17:43:06.576 1082 1209 D SystemServerTimingAsync: ssm.onUnlockingUser-0_com.android.server.stats.pull.StatsPullAtomService took to complete: 0ms
08-23 17:43:06.576 1082 1209 I SystemServerTimingAsync: ssm.onUnlockingUser-0_com.android.server.incident.IncidentCompanionService
08-23 17:43:06.576 1082 1209 D SystemServerTimingAsync: ssm.onUnlockingUser-0_com.android.server.incident.IncidentCompanionService took to complete: 0ms
08-23 17:43:06.576 1082 1209 I SystemServerTimingAsync: ssm.onUnlockingUser-0_com.android.server.MmsServiceBroker
08-23 17:43:06.576 1082 1209 D SystemServerTimingAsync: ssm.onUnlockingUser-0_com.android.server.MmsServiceBroker took to complete: 0ms
08-23 17:43:06.576 1082 1209 I SystemServerTimingAsync: ssm.onUnlockingUser-0_com.android.server.autofill.AutofillManagerService
08-23 17:43:06.576 1082 1209 D AutofillManagerServiceImpl: Reset component for user 0:
08-23 17:43:06.577 1082 1183 D AutofillUI: destroySaveUiUiThread(): already destroyed
08-23 17:43:06.577 1082 1209 D FieldClassificationStrategy: reset(): service is not bound. Do nothing.
08-23 17:43:06.577 1082 1209 D SystemServerTimingAsync: ssm.onUnlockingUser-0_com.android.server.autofill.AutofillManagerService took to complete: 1ms
08-23 17:43:06.577 1082 1209 I SystemServerTimingAsync: ssm.onUnlockingUser-0_com.android.server.clipboard.ClipboardService
08-23 17:43:06.577 1082 1209 D SystemServerTimingAsync: ssm.onUnlockingUser-0_com.android.server.clipboard.ClipboardService took to complete: 0ms
08-23 17:43:06.577 1082 1209 I SystemServerTimingAsync: ssm.onUnlockingUser-0_com.android.server.appbinding.AppBindingService$Lifecycle
08-23 17:43:06.577 1082 1209 W AppBindingService: [Default SMS app] u0 Target package not found
08-23 17:43:06.577 1082 1209 D SystemServerTimingAsync: ssm.onUnlockingUser-0_com.android.server.appbinding.AppBindingService$Lifecycle took to complete: 0ms
08-23 17:43:06.577 1082 1209 I SystemServerTimingAsync: ssm.onUnlockingUser-0_com.android.server.tracing.TracingServiceProxy
08-23 17:43:06.577 1082 1209 D SystemServerTimingAsync: ssm.onUnlockingUser-0_com.android.server.tracing.TracingServiceProxy took to complete: 0ms
08-23 17:43:06.577 1082 1209 I SystemServerTimingAsync: ssm.onUnlockingUser-0_com.android.server.policy.PermissionPolicyService
08-23 17:43:06.577 1082 1209 D SystemServerTimingAsync: ssm.onUnlockingUser-0_com.android.server.policy.PermissionPolicyService took to complete: 0ms
08-23 17:43:06.578 1082 1209 I SystemServerTimingAsync: ssm.onUnlockingUser-0_com.android.server.pm.StagingManager$Lifecycle
08-23 17:43:06.578 1082 1209 D SystemServerTimingAsync: ssm.onUnlockingUser-0_com.android.server.pm.StagingManager$Lifecycle took to complete: 0ms
08-23 17:43:06.578 1082 1209 I SystemServerTimingAsync: ssm.onUnlockingUser-0_com.android.server.app.GameManagerService$Lifecycle
08-23 17:43:06.578 1082 1209 D SystemServerTimingAsync: ssm.onUnlockingUser-0_com.android.server.app.GameManagerService$Lifecycle took to complete: 0ms
08-23 17:43:06.578 1082 1209 I SystemServerTimingAsync: ssm.onUnlockingUser-0_com.android.server.appsearch.AppSearchManagerService
08-23 17:43:06.579 1082 1209 D SystemServerTimingAsync: ssm.onUnlockingUser-0_com.android.server.appsearch.AppSearchManagerService took to complete: 0ms
08-23 17:43:06.579 1082 1209 I SystemServerTimingAsync: ssm.onUnlockingUser-0_com.android.server.media.MediaCommunicationService
08-23 17:43:06.579 1082 1209 D SystemServerTimingAsync: ssm.onUnlockingUser-0_com.android.server.media.MediaCommunicationService took to complete: 0ms
08-23 17:43:06.579 1082 1209 D SystemServerTimingAsync: ssm.UnlockingUser-0 took to complete: 114ms
08-23 17:43:06.580 1082 1209 W ActivityManager: UserLifecycleEvent 5 received without an active userJourneySession.
08-23 17:43:06.580 1082 1209 W ActivityManager: UserLifecycleEvent 6 received without an active userJourneySession.
08-23 17:43:06.580 1082 1209 I ActivityManager: User 0 state changed from RUNNING_UNLOCKING to RUNNING_UNLOCKED
08-23 17:43:06.580 1082 1182 I ActivityTaskManager: Loading recents for user 0 into memory.
08-23 17:43:06.588 1082 1837 E BackupPasswordManager: Unable to read backup pw version
08-23 17:43:06.589 1082 1209 D SystemServerTiming: SystemUserUnlock took to complete: 1080ms
08-23 17:43:06.600 1082 1837 E BackupPasswordManager: Unable to read saved backup pw hash
08-23 17:43:06.604 560 560 I vold : Mounting emulated fuse volume
08-23 17:43:06.605 1082 1182 V PackageConfigPersister: loadPackages: empty list files from /data/system_ce/0/package_configs
08-23 17:43:06.608 1082 1209 D CompatibilityChangeReporter: Compat change id reported: 135634846; UID 10060; state: DISABLED
08-23 17:43:06.608 1082 1209 D CompatibilityChangeReporter: Compat change id reported: 177438394; UID 10060; state: DISABLED
08-23 17:43:06.608 1082 1209 D CompatibilityChangeReporter: Compat change id reported: 135772972; UID 10060; state: DISABLED
08-23 17:43:06.608 1082 1209 D CompatibilityChangeReporter: Compat change id reported: 135754954; UID 10060; state: ENABLED
08-23 17:43:06.609 1082 1210 D CompatibilityChangeReporter: Compat change id reported: 143937733; UID 10060; state: ENABLED
08-23 17:43:06.610 1082 1209 D CompatibilityChangeReporter: Compat change id reported: 135634846; UID 10059; state: DISABLED
08-23 17:43:06.610 1082 1209 D CompatibilityChangeReporter: Compat change id reported: 177438394; UID 10059; state: DISABLED
08-23 17:43:06.610 1082 1209 D CompatibilityChangeReporter: Compat change id reported: 135772972; UID 10059; state: DISABLED
08-23 17:43:06.610 1082 1209 D CompatibilityChangeReporter: Compat change id reported: 135754954; UID 10059; state: ENABLED
08-23 17:43:06.611 1082 1209 D CompatibilityChangeReporter: Compat change id reported: 135634846; UID 10086; state: DISABLED
08-23 17:43:06.611 1082 1209 D CompatibilityChangeReporter: Compat change id reported: 177438394; UID 10086; state: DISABLED
08-23 17:43:06.611 1082 1209 D CompatibilityChangeReporter: Compat change id reported: 135772972; UID 10086; state: DISABLED
08-23 17:43:06.611 1082 1209 D CompatibilityChangeReporter: Compat change id reported: 135754954; UID 10086; state: DISABLED
08-23 17:43:06.612 1082 1209 D CompatibilityChangeReporter: Compat change id reported: 135634846; UID 10094; state: DISABLED
08-23 17:43:06.612 1082 1209 D CompatibilityChangeReporter: Compat change id reported: 177438394; UID 10094; state: DISABLED
08-23 17:43:06.612 1082 1209 D CompatibilityChangeReporter: Compat change id reported: 135772972; UID 10094; state: DISABLED
08-23 17:43:06.612 1082 1209 D CompatibilityChangeReporter: Compat change id reported: 135754954; UID 10094; state: ENABLED
08-23 17:43:06.613 1082 1209 D CompatibilityChangeReporter: Compat change id reported: 135634846; UID 10091; state: DISABLED
08-23 17:43:06.613 1082 1209 D CompatibilityChangeReporter: Compat change id reported: 177438394; UID 10091; state: DISABLED
08-23 17:43:06.613 1082 1209 D CompatibilityChangeReporter: Compat change id reported: 135772972; UID 10091; state: DISABLED
08-23 17:43:06.613 1082 1209 D CompatibilityChangeReporter: Compat change id reported: 135754954; UID 10091; state: ENABLED
08-23 17:43:06.630 1082 1209 I ActivityManager: Posting BOOT_COMPLETED user #0
08-23 17:43:06.632 1082 1082 V NotificationAssistants: disabling notification assistant for user 0: ComponentInfo{android.ext.services/android.ext.services.notification.Assistant}
08-23 17:43:06.632 1082 1082 D NotificationListeners: Removing active service ComponentInfo{android.ext.services/android.ext.services.notification.Assistant}
08-23 17:43:06.634 1082 1209 I SystemServerTimingAsync: ssm.UnlockedUser-0
08-23 17:43:06.634 1082 1209 I SystemServiceManager: Calling onUnlockedUser 0
08-23 17:43:06.635 1082 1209 I SystemServerTimingAsync: ssm.onUnlockedUser-0_com.android.server.security.FileIntegrityService
08-23 17:43:06.635 1082 1209 D SystemServerTimingAsync: ssm.onUnlockedUser-0_com.android.server.security.FileIntegrityService took to complete: 0ms
08-23 17:43:06.635 1082 1209 I SystemServerTimingAsync: ssm.onUnlockedUser-0_com.android.server.pm.Installer
08-23 17:43:06.635 1082 1209 D SystemServerTimingAsync: ssm.onUnlockedUser-0_com.android.server.pm.Installer took to complete: 0ms
08-23 17:43:06.635 1082 1209 I SystemServerTimingAsync: ssm.onUnlockedUser-0_com.android.server.os.DeviceIdentifiersPolicyService
08-23 17:43:06.635 1082 1209 D SystemServerTimingAsync: ssm.onUnlockedUser-0_com.android.server.os.DeviceIdentifiersPolicyService took to complete: 0ms
08-23 17:43:06.638 1082 1209 I SystemServerTimingAsync: ssm.onUnlockedUser-0_com.android.server.uri.UriGrantsManagerService$Lifecycle
08-23 17:43:06.638 1082 1209 D SystemServerTimingAsync: ssm.onUnlockedUser-0_com.android.server.uri.UriGrantsManagerService$Lifecycle took to complete: 0ms
08-23 17:43:06.638 1082 1209 I SystemServerTimingAsync: ssm.onUnlockedUser-0_com.android.server.powerstats.PowerStatsService
08-23 17:43:06.638 1082 1209 D SystemServerTimingAsync: ssm.onUnlockedUser-0_com.android.server.powerstats.PowerStatsService took to complete: 0ms
08-23 17:43:06.638 1082 1209 I SystemServerTimingAsync: ssm.onUnlockedUser-0_com.android.server.wm.ActivityTaskManagerService$Lifecycle
08-23 17:43:06.639 1082 1082 V NotificationAssistants: enabling notification assistant for 0: ComponentInfo{android.ext.services/android.ext.services.notification.Assistant}
08-23 17:43:06.639 1082 1209 I LaunchParamsPersister: Didn't find launch param folder for user 0
08-23 17:43:06.640 1082 1082 V NotificationAssistants: binding: Intent { act=android.service.notification.NotificationAssistantService cmp=android.ext.services/.notification.Assistant (has extras) }
08-23 17:43:06.640 1082 1209 D SystemServerTimingAsync: ssm.onUnlockedUser-0_com.android.server.wm.ActivityTaskManagerService$Lifecycle took to complete: 1ms
08-23 17:43:06.640 1082 1209 I SystemServerTimingAsync: ssm.onUnlockedUser-0_com.android.server.am.ActivityManagerService$Lifecycle
08-23 17:43:06.640 1082 1209 D SystemServerTimingAsync: ssm.onUnlockedUser-0_com.android.server.am.ActivityManagerService$Lifecycle took to complete: 0ms
08-23 17:43:06.640 1082 1209 I SystemServerTimingAsync: ssm.onUnlockedUser-0_com.android.server.pm.DataLoaderManagerService
08-23 17:43:06.640 1082 1209 D SystemServerTimingAsync: ssm.onUnlockedUser-0_com.android.server.pm.DataLoaderManagerService took to complete: 0ms
08-23 17:43:06.640 1082 1209 I SystemServerTimingAsync: ssm.onUnlockedUser-0_com.android.server.power.PowerManagerService
08-23 17:43:06.640 1082 1209 D SystemServerTimingAsync: ssm.onUnlockedUser-0_com.android.server.power.PowerManagerService took to complete: 0ms
08-23 17:43:06.640 1082 1209 I SystemServerTimingAsync: ssm.onUnlockedUser-0_com.android.server.power.ThermalManagerService
08-23 17:43:06.640 1082 1209 D SystemServerTimingAsync: ssm.onUnlockedUser-0_com.android.server.power.ThermalManagerService took to complete: 0ms
08-23 17:43:06.640 1082 1209 I SystemServerTimingAsync: ssm.onUnlockedUser-0_com.android.server.power.hint.HintManagerService
08-23 17:43:06.640 1082 1209 D SystemServerTimingAsync: ssm.onUnlockedUser-0_com.android.server.power.hint.HintManagerService took to complete: 0ms
08-23 17:43:06.640 1082 1209 I SystemServerTimingAsync: ssm.onUnlockedUser-0_com.android.server.recoverysystem.RecoverySystemService$Lifecycle
08-23 17:43:06.640 1082 1209 D SystemServerTimingAsync: ssm.onUnlockedUser-0_com.android.server.recoverysystem.RecoverySystemService$Lifecycle took to complete: 0ms
08-23 17:43:06.640 1082 1209 I SystemServerTimingAsync: ssm.onUnlockedUser-0_com.android.server.lights.LightsService
08-23 17:43:06.640 1082 1209 D SystemServerTimingAsync: ssm.onUnlockedUser-0_com.android.server.lights.LightsService took to complete: 0ms
08-23 17:43:06.640 1082 1209 I SystemServerTimingAsync: ssm.onUnlockedUser-0_com.android.server.display.DisplayManagerService
08-23 17:43:06.641 1082 1209 D SystemServerTimingAsync: ssm.onUnlockedUser-0_com.android.server.display.DisplayManagerService took to complete: 0ms
08-23 17:43:06.641 1082 1209 I SystemServerTimingAsync: ssm.onUnlockedUser-0_com.android.server.pm.verify.domain.DomainVerificationService
08-23 17:43:06.641 1082 1209 D SystemServerTimingAsync: ssm.onUnlockedUser-0_com.android.server.pm.verify.domain.DomainVerificationService took to complete: 0ms
08-23 17:43:06.641 1082 1209 I SystemServerTimingAsync: ssm.onUnlockedUser-0_com.android.server.pm.PackageInstallerService$Lifecycle
08-23 17:43:06.641 1082 1209 D SystemServerTimingAsync: ssm.onUnlockedUser-0_com.android.server.pm.PackageInstallerService$Lifecycle took to complete: 0ms
08-23 17:43:06.641 1082 1209 I SystemServerTimingAsync: ssm.onUnlockedUser-0_com.android.server.pm.UserManagerService$LifeCycle
08-23 17:43:06.641 1082 1209 D SystemServerTimingAsync: ssm.onUnlockedUser-0_com.android.server.pm.UserManagerService$LifeCycle took to complete: 0ms
08-23 17:43:06.641 1082 1209 I SystemServerTimingAsync: ssm.onUnlockedUser-0_com.android.server.om.OverlayManagerService
08-23 17:43:06.641 1082 1209 D SystemServerTimingAsync: ssm.onUnlockedUser-0_com.android.server.om.OverlayManagerService took to complete: 0ms
08-23 17:43:06.641 1082 1209 I SystemServerTimingAsync: ssm.onUnlockedUser-0_com.android.server.SensorPrivacyService
08-23 17:43:06.641 1082 1209 D SystemServerTimingAsync: ssm.onUnlockedUser-0_com.android.server.SensorPrivacyService took to complete: 0ms
08-23 17:43:06.641 1082 1209 I SystemServerTimingAsync: ssm.onUnlockedUser-0_com.android.server.sensors.SensorService
08-23 17:43:06.641 1082 1209 D SystemServerTimingAsync: ssm.onUnlockedUser-0_com.android.server.sensors.SensorService took to complete: 0ms
08-23 17:43:06.641 1082 1209 I SystemServerTimingAsync: ssm.onUnlockedUser-0_com.android.server.SystemConfigService
08-23 17:43:06.641 1082 1209 D SystemServerTimingAsync: ssm.onUnlockedUser-0_com.android.server.SystemConfigService took to complete: 0ms
08-23 17:43:06.641 1082 1209 I SystemServerTimingAsync: ssm.onUnlockedUser-0_com.android.server.BatteryService
08-23 17:43:06.641 1082 1209 D SystemServerTimingAsync: ssm.onUnlockedUser-0_com.android.server.BatteryService took to complete: 0ms
08-23 17:43:06.641 1082 1209 I SystemServerTimingAsync: ssm.onUnlockedUser-0_com.android.server.usage.UsageStatsService
08-23 17:43:06.642 1082 1209 D SystemServerTimingAsync: ssm.onUnlockedUser-0_com.android.server.usage.UsageStatsService took to complete: 0ms
08-23 17:43:06.642 1082 1209 I SystemServerTimingAsync: ssm.onUnlockedUser-0_com.android.server.webkit.WebViewUpdateService
08-23 17:43:06.642 1082 1209 D SystemServerTimingAsync: ssm.onUnlockedUser-0_com.android.server.webkit.WebViewUpdateService took to complete: 0ms
08-23 17:43:06.643 1082 1209 I SystemServerTimingAsync: ssm.onUnlockedUser-0_com.android.server.CachedDeviceStateService
08-23 17:43:06.643 1082 1209 D SystemServerTimingAsync: ssm.onUnlockedUser-0_com.android.server.CachedDeviceStateService took to complete: 0ms
08-23 17:43:06.643 1082 1209 I SystemServerTimingAsync: ssm.onUnlockedUser-0_com.android.server.BinderCallsStatsService$LifeCycle
08-23 17:43:06.643 1082 1209 D SystemServerTimingAsync: ssm.onUnlockedUser-0_com.android.server.BinderCallsStatsService$LifeCycle took to complete: 0ms
08-23 17:43:06.643 1082 1209 I SystemServerTimingAsync: ssm.onUnlockedUser-0_com.android.server.LooperStatsService$Lifecycle
08-23 17:43:06.643 1082 1209 D SystemServerTimingAsync: ssm.onUnlockedUser-0_com.android.server.LooperStatsService$Lifecycle took to complete: 0ms
08-23 17:43:06.643 1082 1209 I SystemServerTimingAsync: ssm.onUnlockedUser-0_com.android.server.rollback.RollbackManagerService
08-23 17:43:06.643 1082 1209 D SystemServerTimingAsync: ssm.onUnlockedUser-0_com.android.server.rollback.RollbackManagerService took to complete: 0ms
08-23 17:43:06.643 1082 1209 I SystemServerTimingAsync: ssm.onUnlockedUser-0_com.android.server.os.NativeTombstoneManagerService
08-23 17:43:06.643 1082 1209 D SystemServerTimingAsync: ssm.onUnlockedUser-0_com.android.server.os.NativeTombstoneManagerService took to complete: 0ms
08-23 17:43:06.643 1082 1209 I SystemServerTimingAsync: ssm.onUnlockedUser-0_com.android.server.os.BugreportManagerService
08-23 17:43:06.643 1082 1209 D SystemServerTimingAsync: ssm.onUnlockedUser-0_com.android.server.os.BugreportManagerService took to complete: 0ms
08-23 17:43:06.643 1082 1209 I SystemServerTimingAsync: ssm.onUnlockedUser-0_com.android.server.gpu.GpuService
08-23 17:43:06.643 1082 1209 D SystemServerTimingAsync: ssm.onUnlockedUser-0_com.android.server.gpu.GpuService took to complete: 0ms
08-23 17:43:06.643 1082 1209 I SystemServerTimingAsync: ssm.onUnlockedUser-0_com.android.server.security.KeyChainSystemService
08-23 17:43:06.643 1082 1209 D SystemServerTimingAsync: ssm.onUnlockedUser-0_com.android.server.security.KeyChainSystemService took to complete: 0ms
08-23 17:43:06.643 1082 1209 I SystemServerTimingAsync: ssm.onUnlockedUser-0_com.android.server.telecom.TelecomLoaderService
08-23 17:43:06.643 1082 1209 D SystemServerTimingAsync: ssm.onUnlockedUser-0_com.android.server.telecom.TelecomLoaderService took to complete: 0ms
08-23 17:43:06.644 1082 1209 I SystemServerTimingAsync: ssm.onUnlockedUser-0_com.android.server.accounts.AccountManagerService$Lifecycle
08-23 17:43:06.644 1082 1209 D SystemServerTimingAsync: ssm.onUnlockedUser-0_com.android.server.accounts.AccountManagerService$Lifecycle took to complete: 0ms
08-23 17:43:06.644 1082 1209 I SystemServerTimingAsync: ssm.onUnlockedUser-0_com.android.server.content.ContentService$Lifecycle
08-23 17:43:06.644 1082 1209 D SystemServerTimingAsync: ssm.onUnlockedUser-0_com.android.server.content.ContentService$Lifecycle took to complete: 0ms
08-23 17:43:06.644 1082 1209 I SystemServerTimingAsync: ssm.onUnlockedUser-0_com.android.server.DropBoxManagerService
08-23 17:43:06.644 1082 1209 D SystemServerTimingAsync: ssm.onUnlockedUser-0_com.android.server.DropBoxManagerService took to complete: 0ms
08-23 17:43:06.644 1082 1209 I SystemServerTimingAsync: ssm.onUnlockedUser-0_com.android.role.RoleService
08-23 17:43:06.644 1082 1209 D SystemServerTimingAsync: ssm.onUnlockedUser-0_com.android.role.RoleService took to complete: 0ms
08-23 17:43:06.644 1082 1209 I SystemServerTimingAsync: ssm.onUnlockedUser-0_com.android.server.vibrator.VibratorManagerService$Lifecycle
08-23 17:43:06.644 1082 1209 D SystemServerTimingAsync: ssm.onUnlockedUser-0_com.android.server.vibrator.VibratorManagerService$Lifecycle took to complete: 0ms
08-23 17:43:06.644 1082 1209 I SystemServerTimingAsync: ssm.onUnlockedUser-0_com.android.server.alarm.AlarmManagerService
08-23 17:43:06.644 1082 1209 D SystemServerTimingAsync: ssm.onUnlockedUser-0_com.android.server.alarm.AlarmManagerService took to complete: 0ms
08-23 17:43:06.644 1082 1209 I SystemServerTimingAsync: ssm.onUnlockedUser-0_com.android.server.devicestate.DeviceStateManagerService
08-23 17:43:06.644 1082 1209 D SystemServerTimingAsync: ssm.onUnlockedUser-0_com.android.server.devicestate.DeviceStateManagerService took to complete: 0ms
08-23 17:43:06.644 1082 1209 I SystemServerTimingAsync: ssm.onUnlockedUser-0_com.android.server.camera.CameraServiceProxy
08-23 17:43:06.645 1082 1209 D SystemServerTimingAsync: ssm.onUnlockedUser-0_com.android.server.camera.CameraServiceProxy took to complete: 0ms
08-23 17:43:06.645 1082 1209 I SystemServerTimingAsync: ssm.onUnlockedUser-0_com.android.server.BluetoothService
08-23 17:43:06.645 1082 1209 D SystemServerTimingAsync: ssm.onUnlockedUser-0_com.android.server.BluetoothService took to complete: 0ms
08-23 17:43:06.645 1082 1209 I SystemServerTimingAsync: ssm.onUnlockedUser-0_com.android.server.connectivity.IpConnectivityMetrics
08-23 17:43:06.645 1082 1209 D SystemServerTimingAsync: ssm.onUnlockedUser-0_com.android.server.connectivity.IpConnectivityMetrics took to complete: 0ms
08-23 17:43:06.645 1082 1209 I SystemServerTimingAsync: ssm.onUnlockedUser-0_com.android.server.net.watchlist.NetworkWatchlistService$Lifecycle
08-23 17:43:06.645 1082 1209 D SystemServerTimingAsync: ssm.onUnlockedUser-0_com.android.server.net.watchlist.NetworkWatchlistService$Lifecycle took to complete: 0ms
08-23 17:43:06.645 1082 1209 I SystemServerTimingAsync: ssm.onUnlockedUser-0_com.android.server.PinnerService
08-23 17:43:06.645 1082 1209 D SystemServerTimingAsync: ssm.onUnlockedUser-0_com.android.server.PinnerService took to complete: 0ms
08-23 17:43:06.645 1082 1209 I SystemServerTimingAsync: ssm.onUnlockedUser-0_com.google.android.startop.iorap.IorapForwardingService
08-23 17:43:06.645 1082 1209 D SystemServerTimingAsync: ssm.onUnlockedUser-0_com.google.android.startop.iorap.IorapForwardingService took to complete: 0ms
08-23 17:43:06.645 1082 1209 I SystemServerTimingAsync: ssm.onUnlockedUser-0_com.android.server.ActivityTriggerService
08-23 17:43:06.645 1082 1209 D SystemServerTimingAsync: ssm.onUnlockedUser-0_com.android.server.ActivityTriggerService took to complete: 0ms
08-23 17:43:06.646 1082 1209 I SystemServerTimingAsync: ssm.onUnlockedUser-0_com.android.server.integrity.AppIntegrityManagerService
08-23 17:43:06.646 1082 1209 D SystemServerTimingAsync: ssm.onUnlockedUser-0_com.android.server.integrity.AppIntegrityManagerService took to complete: 0ms
08-23 17:43:06.646 1082 1209 I SystemServerTimingAsync: ssm.onUnlockedUser-0_com.android.server.inputmethod.InputMethodManagerService$Lifecycle
08-23 17:43:06.646 1082 1209 D SystemServerTimingAsync: ssm.onUnlockedUser-0_com.android.server.inputmethod.InputMethodManagerService$Lifecycle took to complete: 0ms
08-23 17:43:06.646 1082 1209 I SystemServerTimingAsync: ssm.onUnlockedUser-0_com.android.server.accessibility.AccessibilityManagerService$Lifecycle
08-23 17:43:06.646 1082 1209 D SystemServerTimingAsync: ssm.onUnlockedUser-0_com.android.server.accessibility.AccessibilityManagerService$Lifecycle took to complete: 0ms
08-23 17:43:06.646 1082 1209 I SystemServerTimingAsync: ssm.onUnlockedUser-0_com.android.server.StorageManagerService$Lifecycle
08-23 17:43:06.646 1082 1209 D SystemServerTimingAsync: ssm.onUnlockedUser-0_com.android.server.StorageManagerService$Lifecycle took to complete: 0ms
08-23 17:43:06.646 1082 1209 I SystemServerTimingAsync: ssm.onUnlockedUser-0_com.android.server.usage.StorageStatsService$Lifecycle
08-23 17:43:06.646 1082 1209 D SystemServerTimingAsync: ssm.onUnlockedUser-0_com.android.server.usage.StorageStatsService$Lifecycle took to complete: 0ms
08-23 17:43:06.646 1082 1209 I SystemServerTimingAsync: ssm.onUnlockedUser-0_com.android.server.UiModeManagerService
08-23 17:43:06.646 1082 1209 D SystemServerTimingAsync: ssm.onUnlockedUser-0_com.android.server.UiModeManagerService took to complete: 0ms
08-23 17:43:06.646 1082 1209 I SystemServerTimingAsync: ssm.onUnlockedUser-0_com.android.server.locksettings.LockSettingsService$Lifecycle
08-23 17:43:06.646 1082 1209 D SystemServerTimingAsync: ssm.onUnlockedUser-0_com.android.server.locksettings.LockSettingsService$Lifecycle took to complete: 0ms
08-23 17:43:06.647 1082 1209 I SystemServerTimingAsync: ssm.onUnlockedUser-0_com.android.server.PersistentDataBlockService
08-23 17:43:06.647 1082 1209 D SystemServerTimingAsync: ssm.onUnlockedUser-0_com.android.server.PersistentDataBlockService took to complete: 0ms
08-23 17:43:06.647 1082 1209 I SystemServerTimingAsync: ssm.onUnlockedUser-0_com.android.server.testharness.TestHarnessModeService
08-23 17:43:06.647 1082 1209 D SystemServerTimingAsync: ssm.onUnlockedUser-0_com.android.server.testharness.TestHarnessModeService took to complete: 0ms
08-23 17:43:06.647 1082 1209 I SystemServerTimingAsync: ssm.onUnlockedUser-0_com.android.server.oemlock.OemLockService
08-23 17:43:06.647 1082 1209 D SystemServerTimingAsync: ssm.onUnlockedUser-0_com.android.server.oemlock.OemLockService took to complete: 0ms
08-23 17:43:06.647 1082 1209 I SystemServerTimingAsync: ssm.onUnlockedUser-0_com.android.server.DeviceIdleController
08-23 17:43:06.647 1082 1209 D SystemServerTimingAsync: ssm.onUnlockedUser-0_com.android.server.DeviceIdleController took to complete: 0ms
08-23 17:43:06.647 1082 1209 I SystemServerTimingAsync: ssm.onUnlockedUser-0_com.android.server.devicepolicy.DevicePolicyManagerService$Lifecycle
08-23 17:43:06.647 1082 1209 D SystemServerTimingAsync: ssm.onUnlockedUser-0_com.android.server.devicepolicy.DevicePolicyManagerService$Lifecycle took to complete: 0ms
08-23 17:43:06.647 1082 1209 I SystemServerTimingAsync: ssm.onUnlockedUser-0_com.android.server.texttospeech.TextToSpeechManagerService
08-23 17:43:06.647 1082 1209 D SystemServerTimingAsync: ssm.onUnlockedUser-0_com.android.server.texttospeech.TextToSpeechManagerService took to complete: 0ms
08-23 17:43:06.647 1082 1209 I SystemServerTimingAsync: ssm.onUnlockedUser-0_com.android.server.speech.SpeechRecognitionManagerService
08-23 17:43:06.647 1082 1209 D SystemServerTimingAsync: ssm.onUnlockedUser-0_com.android.server.speech.SpeechRecognitionManagerService took to complete: 0ms
08-23 17:43:06.647 1082 1209 I SystemServerTimingAsync: ssm.onUnlockedUser-0_com.android.server.searchui.SearchUiManagerService
08-23 17:43:06.648 1082 1209 D SystemServerTimingAsync: ssm.onUnlockedUser-0_com.android.server.searchui.SearchUiManagerService took to complete: 0ms
08-23 17:43:06.648 1082 1209 I SystemServerTimingAsync: ssm.onUnlockedUser-0_com.android.server.smartspace.SmartspaceManagerService
08-23 17:43:06.648 1082 1209 D SystemServerTimingAsync: ssm.onUnlockedUser-0_com.android.server.smartspace.SmartspaceManagerService took to complete: 0ms
08-23 17:43:06.648 1082 1209 I SystemServerTimingAsync: ssm.onUnlockedUser-0_com.android.server.graphics.fonts.FontManagerService$Lifecycle
08-23 17:43:06.648 1082 1209 D SystemServerTimingAsync: ssm.onUnlockedUser-0_com.android.server.graphics.fonts.FontManagerService$Lifecycle took to complete: 0ms
08-23 17:43:06.648 1082 1209 I SystemServerTimingAsync: ssm.onUnlockedUser-0_com.android.server.textservices.TextServicesManagerService$Lifecycle
08-23 17:43:06.648 1082 1209 D SystemServerTimingAsync: ssm.onUnlockedUser-0_com.android.server.textservices.TextServicesManagerService$Lifecycle took to complete: 0ms
08-23 17:43:06.648 1082 1209 I SystemServerTimingAsync: ssm.onUnlockedUser-0_com.android.server.textclassifier.TextClassificationManagerService$Lifecycle
08-23 17:43:06.648 1082 1209 D SystemServerTimingAsync: ssm.onUnlockedUser-0_com.android.server.textclassifier.TextClassificationManagerService$Lifecycle took to complete: 0ms
08-23 17:43:06.648 1082 1209 I SystemServerTimingAsync: ssm.onUnlockedUser-0_com.android.server.NetworkScoreService$Lifecycle
08-23 17:43:06.648 1082 1209 D SystemServerTimingAsync: ssm.onUnlockedUser-0_com.android.server.NetworkScoreService$Lifecycle took to complete: 0ms
08-23 17:43:06.649 1082 1209 I SystemServerTimingAsync: ssm.onUnlockedUser-0_com.android.server.wifi.WifiService
08-23 17:43:06.649 1082 1209 D SystemServerTimingAsync: ssm.onUnlockedUser-0_com.android.server.wifi.WifiService took to complete: 0ms
08-23 17:43:06.649 1082 1209 I SystemServerTimingAsync: ssm.onUnlockedUser-0_com.android.server.wifi.scanner.WifiScanningService
08-23 17:43:06.649 1082 1209 D SystemServerTimingAsync: ssm.onUnlockedUser-0_com.android.server.wifi.scanner.WifiScanningService took to complete: 0ms
08-23 17:43:06.658 1082 1209 I SystemServerTimingAsync: ssm.onUnlockedUser-0_com.android.server.wifi.rtt.RttService
08-23 17:43:06.658 1082 1209 D SystemServerTimingAsync: ssm.onUnlockedUser-0_com.android.server.wifi.rtt.RttService took to complete: 0ms
08-23 17:43:06.658 1082 1209 I SystemServerTimingAsync: ssm.onUnlockedUser-0_com.android.server.wifi.aware.WifiAwareService
08-23 17:43:06.658 1082 1209 D SystemServerTimingAsync: ssm.onUnlockedUser-0_com.android.server.wifi.aware.WifiAwareService took to complete: 0ms
08-23 17:43:06.658 1082 1209 I SystemServerTimingAsync: ssm.onUnlockedUser-0_com.android.server.wifi.p2p.WifiP2pService
08-23 17:43:06.658 1082 1209 D SystemServerTimingAsync: ssm.onUnlockedUser-0_com.android.server.wifi.p2p.WifiP2pService took to complete: 0ms
08-23 17:43:06.658 1082 1209 I SystemServerTimingAsync: ssm.onUnlockedUser-0_com.android.server.ethernet.EthernetService
08-23 17:43:06.658 1082 1209 D SystemServerTimingAsync: ssm.onUnlockedUser-0_com.android.server.ethernet.EthernetService took to complete: 0ms
