08-23 17:43:06.658 1082 1209 I SystemServerTimingAsync: ssm.onUnlockedUser-0_com.android.server.ConnectivityServiceInitializer
08-23 17:43:06.659 1082 1209 D SystemServerTimingAsync: ssm.onUnlockedUser-0_com.android.server.ConnectivityServiceInitializer took to complete: 0ms
08-23 17:43:06.659 1082 1209 I SystemServerTimingAsync: ssm.onUnlockedUser-0_com.android.server.notification.NotificationManagerService
08-23 17:43:06.659 1082 1209 D SystemServerTimingAsync: ssm.onUnlockedUser-0_com.android.server.notification.NotificationManagerService took to complete: 0ms
08-23 17:43:06.659 1082 1209 I SystemServerTimingAsync: ssm.onUnlockedUser-0_com.android.server.storage.DeviceStorageMonitorService
08-23 17:43:06.659 1082 1209 D SystemServerTimingAsync: ssm.onUnlockedUser-0_com.android.server.storage.DeviceStorageMonitorService took to complete: 0ms
08-23 17:43:06.659 1082 1209 I SystemServerTimingAsync: ssm.onUnlockedUser-0_com.android.server.location.LocationManagerService$Lifecycle
08-23 17:43:06.659 1082 1209 D SystemServerTimingAsync: ssm.onUnlockedUser-0_com.android.server.location.LocationManagerService$Lifecycle took to complete: 0ms
08-23 17:43:06.659 1082 1209 I SystemServerTimingAsync: ssm.onUnlockedUser-0_com.android.server.timedetector.TimeDetectorService$Lifecycle
08-23 17:43:06.659 1082 1209 D SystemServerTimingAsync: ssm.onUnlockedUser-0_com.android.server.timedetector.TimeDetectorService$Lifecycle took to complete: 0ms
08-23 17:43:06.659 1082 1209 I SystemServerTimingAsync: ssm.onUnlockedUser-0_com.android.server.timezonedetector.TimeZoneDetectorService$Lifecycle
08-23 17:43:06.659 1082 1209 D SystemServerTimingAsync: ssm.onUnlockedUser-0_com.android.server.timezonedetector.TimeZoneDetectorService$Lifecycle took to complete: 0ms
08-23 17:43:06.659 1082 1209 I SystemServerTimingAsync: ssm.onUnlockedUser-0_com.android.server.timezonedetector.location.LocationTimeZoneManagerService$Lifecycle
08-23 17:43:06.659 1082 1209 D SystemServerTimingAsync: ssm.onUnlockedUser-0_com.android.server.timezonedetector.location.LocationTimeZoneManagerService$Lifecycle took to complete: 0ms
08-23 17:43:06.659 1082 1209 I SystemServerTimingAsync: ssm.onUnlockedUser-0_com.android.server.search.SearchManagerService$Lifecycle
08-23 17:43:06.659 1082 1209 D SystemServerTimingAsync: ssm.onUnlockedUser-0_com.android.server.search.SearchManagerService$Lifecycle took to complete: 0ms
08-23 17:43:06.659 1082 1209 I SystemServerTimingAsync: ssm.onUnlockedUser-0_com.android.server.wallpaper.WallpaperManagerService$Lifecycle
08-23 17:43:06.659 1082 1209 D SystemServerTimingAsync: ssm.onUnlockedUser-0_com.android.server.wallpaper.WallpaperManagerService$Lifecycle took to complete: 0ms
08-23 17:43:06.660 1082 1209 I SystemServerTimingAsync: ssm.onUnlockedUser-0_com.android.server.audio.AudioService$Lifecycle
08-23 17:43:06.660 1082 1209 D SystemServerTimingAsync: ssm.onUnlockedUser-0_com.android.server.audio.AudioService$Lifecycle took to complete: 0ms
08-23 17:43:06.660 1082 1209 I SystemServerTimingAsync: ssm.onUnlockedUser-0_com.android.server.soundtrigger_middleware.SoundTriggerMiddlewareService$Lifecycle
08-23 17:43:06.660 1082 1209 D SystemServerTimingAsync: ssm.onUnlockedUser-0_com.android.server.soundtrigger_middleware.SoundTriggerMiddlewareService$Lifecycle took to complete: 0ms
08-23 17:43:06.660 1082 1209 I SystemServerTimingAsync: ssm.onUnlockedUser-0_com.android.server.DockObserver
08-23 17:43:06.660 1082 1209 D SystemServerTimingAsync: ssm.onUnlockedUser-0_com.android.server.DockObserver took to complete: 0ms
08-23 17:43:06.660 1082 1209 I SystemServerTimingAsync: ssm.onUnlockedUser-0_com.android.server.midi.MidiService$Lifecycle
08-23 17:43:06.660 1082 1209 D SystemServerTimingAsync: ssm.onUnlockedUser-0_com.android.server.midi.MidiService$Lifecycle took to complete: 0ms
08-23 17:43:06.660 1082 1209 I SystemServerTimingAsync: ssm.onUnlockedUser-0_com.android.server.adb.AdbService$Lifecycle
08-23 17:43:06.660 1082 1209 D SystemServerTimingAsync: ssm.onUnlockedUser-0_com.android.server.adb.AdbService$Lifecycle took to complete: 0ms
08-23 17:43:06.660 1082 1209 I SystemServerTimingAsync: ssm.onUnlockedUser-0_com.android.server.usb.UsbService$Lifecycle
08-23 17:43:06.660 1082 1209 D SystemServerTimingAsync: ssm.onUnlockedUser-0_com.android.server.usb.UsbService$Lifecycle took to complete: 0ms
08-23 17:43:06.660 1082 1209 I SystemServerTimingAsync: ssm.onUnlockedUser-0_com.android.server.twilight.TwilightService
08-23 17:43:06.660 1082 1209 D SystemServerTimingAsync: ssm.onUnlockedUser-0_com.android.server.twilight.TwilightService took to complete: 0ms
08-23 17:43:06.660 1082 1209 I SystemServerTimingAsync: ssm.onUnlockedUser-0_com.android.server.display.color.ColorDisplayService
08-23 17:43:06.660 1082 1209 D SystemServerTimingAsync: ssm.onUnlockedUser-0_com.android.server.display.color.ColorDisplayService took to complete: 0ms
08-23 17:43:06.661 1082 1209 I SystemServerTimingAsync: ssm.onUnlockedUser-0_com.android.server.job.JobSchedulerService
08-23 17:43:06.661 1082 1209 D SystemServerTimingAsync: ssm.onUnlockedUser-0_com.android.server.job.JobSchedulerService took to complete: 0ms
08-23 17:43:06.661 1082 1209 I SystemServerTimingAsync: ssm.onUnlockedUser-0_com.android.server.soundtrigger.SoundTriggerService
08-23 17:43:06.661 1082 1209 D SystemServerTimingAsync: ssm.onUnlockedUser-0_com.android.server.soundtrigger.SoundTriggerService took to complete: 0ms
08-23 17:43:06.661 1082 1209 I SystemServerTimingAsync: ssm.onUnlockedUser-0_com.android.server.trust.TrustManagerService
08-23 17:43:06.661 1082 1209 D SystemServerTimingAsync: ssm.onUnlockedUser-0_com.android.server.trust.TrustManagerService took to complete: 0ms
08-23 17:43:06.661 1082 1209 I SystemServerTimingAsync: ssm.onUnlockedUser-0_com.android.server.backup.BackupManagerService$Lifecycle
08-23 17:43:06.661 1082 1209 D SystemServerTimingAsync: ssm.onUnlockedUser-0_com.android.server.backup.BackupManagerService$Lifecycle took to complete: 0ms
08-23 17:43:06.661 1082 1209 I SystemServerTimingAsync: ssm.onUnlockedUser-0_com.android.server.appwidget.AppWidgetService
08-23 17:43:06.661 1082 1209 D SystemServerTimingAsync: ssm.onUnlockedUser-0_com.android.server.appwidget.AppWidgetService took to complete: 0ms
08-23 17:43:06.661 1082 1209 I SystemServerTimingAsync: ssm.onUnlockedUser-0_com.android.server.voiceinteraction.VoiceInteractionManagerService
08-23 17:43:06.661 1082 1209 D SystemServerTimingAsync: ssm.onUnlockedUser-0_com.android.server.voiceinteraction.VoiceInteractionManagerService took to complete: 0ms
08-23 17:43:06.661 1082 1209 I SystemServerTimingAsync: ssm.onUnlockedUser-0_com.android.server.apphibernation.AppHibernationService
08-23 17:43:06.661 1082 1209 D SystemServerTimingAsync: ssm.onUnlockedUser-0_com.android.server.apphibernation.AppHibernationService took to complete: 0ms
08-23 17:43:06.662 1082 1209 I SystemServerTimingAsync: ssm.onUnlockedUser-0_com.android.server.GestureLauncherService
08-23 17:43:06.662 1082 1209 D SystemServerTimingAsync: ssm.onUnlockedUser-0_com.android.server.GestureLauncherService took to complete: 0ms
08-23 17:43:06.662 1082 1209 I SystemServerTimingAsync: ssm.onUnlockedUser-0_com.android.server.SensorNotificationService
08-23 17:43:06.662 1082 1209 D SystemServerTimingAsync: ssm.onUnlockedUser-0_com.android.server.SensorNotificationService took to complete: 0ms
08-23 17:43:06.662 1082 1209 I SystemServerTimingAsync: ssm.onUnlockedUser-0_com.android.server.emergency.EmergencyAffordanceService
08-23 17:43:06.662 1082 1209 D SystemServerTimingAsync: ssm.onUnlockedUser-0_com.android.server.emergency.EmergencyAffordanceService took to complete: 0ms
08-23 17:43:06.662 1082 1209 I SystemServerTimingAsync: ssm.onUnlockedUser-0_com.android.server.blob.BlobStoreManagerService
08-23 17:43:06.662 1082 1209 D SystemServerTimingAsync: ssm.onUnlockedUser-0_com.android.server.blob.BlobStoreManagerService took to complete: 0ms
08-23 17:43:06.662 1082 1209 I SystemServerTimingAsync: ssm.onUnlockedUser-0_com.android.server.dreams.DreamManagerService
08-23 17:43:06.662 1082 1209 D SystemServerTimingAsync: ssm.onUnlockedUser-0_com.android.server.dreams.DreamManagerService took to complete: 0ms
08-23 17:43:06.662 1082 1209 I SystemServerTimingAsync: ssm.onUnlockedUser-0_com.android.server.companion.CompanionDeviceManagerService
08-23 17:43:06.662 1082 1209 D SystemServerTimingAsync: ssm.onUnlockedUser-0_com.android.server.companion.CompanionDeviceManagerService took to complete: 0ms
08-23 17:43:06.662 1082 1209 I SystemServerTimingAsync: ssm.onUnlockedUser-0_com.android.server.restrictions.RestrictionsManagerService
08-23 17:43:06.662 1082 1209 D SystemServerTimingAsync: ssm.onUnlockedUser-0_com.android.server.restrictions.RestrictionsManagerService took to complete: 0ms
08-23 17:43:06.662 1082 1209 I SystemServerTimingAsync: ssm.onUnlockedUser-0_com.android.server.media.MediaSessionService
08-23 17:43:06.663 1082 1209 D SystemServerTimingAsync: ssm.onUnlockedUser-0_com.android.server.media.MediaSessionService took to complete: 0ms
08-23 17:43:06.663 1082 1209 I SystemServerTimingAsync: ssm.onUnlockedUser-0_com.android.server.media.MediaResourceMonitorService
08-23 17:43:06.663 1082 1209 D SystemServerTimingAsync: ssm.onUnlockedUser-0_com.android.server.media.MediaResourceMonitorService took to complete: 0ms
08-23 17:43:06.663 1082 1209 I SystemServerTimingAsync: ssm.onUnlockedUser-0_com.android.server.biometrics.sensors.fingerprint.FingerprintService
08-23 17:43:06.663 1082 1209 D SystemServerTimingAsync: ssm.onUnlockedUser-0_com.android.server.biometrics.sensors.fingerprint.FingerprintService took to complete: 0ms
08-23 17:43:06.663 1082 1209 I SystemServerTimingAsync: ssm.onUnlockedUser-0_com.android.server.biometrics.BiometricService
08-23 17:43:06.663 1082 1209 D SystemServerTimingAsync: ssm.onUnlockedUser-0_com.android.server.biometrics.BiometricService took to complete: 0ms
08-23 17:43:06.663 1082 1209 I SystemServerTimingAsync: ssm.onUnlockedUser-0_com.android.server.biometrics.AuthService
08-23 17:43:06.663 1082 1209 D SystemServerTimingAsync: ssm.onUnlockedUser-0_com.android.server.biometrics.AuthService took to complete: 0ms
08-23 17:43:06.664 1082 1082 D CompatibilityChangeReporter: Compat change id reported: 168419799; UID 10101; state: DISABLED
08-23 17:43:06.669 1082 1209 I SystemServerTimingAsync: ssm.onUnlockedUser-0_com.android.server.pm.ShortcutService$Lifecycle
08-23 17:43:06.669 1082 1209 D SystemServerTimingAsync: ssm.onUnlockedUser-0_com.android.server.pm.ShortcutService$Lifecycle took to complete: 0ms
08-23 17:43:06.669 1082 1209 I SystemServerTimingAsync: ssm.onUnlockedUser-0_com.android.server.pm.LauncherAppsService
08-23 17:43:06.669 1082 1209 D SystemServerTimingAsync: ssm.onUnlockedUser-0_com.android.server.pm.LauncherAppsService took to complete: 0ms
08-23 17:43:06.669 1082 1209 I SystemServerTimingAsync: ssm.onUnlockedUser-0_com.android.server.pm.CrossProfileAppsService
08-23 17:43:06.669 1082 1209 D SystemServerTimingAsync: ssm.onUnlockedUser-0_com.android.server.pm.CrossProfileAppsService took to complete: 0ms
08-23 17:43:06.670 1082 1209 I SystemServerTimingAsync: ssm.onUnlockedUser-0_com.android.server.people.PeopleService
08-23 17:43:06.670 1082 1209 D SystemServerTimingAsync: ssm.onUnlockedUser-0_com.android.server.people.PeopleService took to complete: 1ms
08-23 17:43:06.670 1082 1209 I SystemServerTimingAsync: ssm.onUnlockedUser-0_com.android.server.media.metrics.MediaMetricsManagerService
08-23 17:43:06.670 1082 1209 D SystemServerTimingAsync: ssm.onUnlockedUser-0_com.android.server.media.metrics.MediaMetricsManagerService took to complete: 0ms
08-23 17:43:06.670 1082 1209 I SystemServerTimingAsync: ssm.onUnlockedUser-0_com.android.server.media.projection.MediaProjectionManagerService
08-23 17:43:06.670 1082 1209 D SystemServerTimingAsync: ssm.onUnlockedUser-0_com.android.server.media.projection.MediaProjectionManagerService took to complete: 0ms
08-23 17:43:06.670 1082 1209 I SystemServerTimingAsync: ssm.onUnlockedUser-0_com.android.server.slice.SliceManagerService$Lifecycle
08-23 17:43:06.670 1082 1209 D SystemServerTimingAsync: ssm.onUnlockedUser-0_com.android.server.slice.SliceManagerService$Lifecycle took to complete: 0ms
08-23 17:43:06.670 1082 1209 I SystemServerTimingAsync: ssm.onUnlockedUser-0_com.android.server.stats.StatsCompanion$Lifecycle
08-23 17:43:06.671 1082 1209 D SystemServerTimingAsync: ssm.onUnlockedUser-0_com.android.server.stats.StatsCompanion$Lifecycle took to complete: 0ms
08-23 17:43:06.671 1082 1209 I SystemServerTimingAsync: ssm.onUnlockedUser-0_com.android.server.scheduling.RebootReadinessManagerService$Lifecycle
08-23 17:43:06.671 1082 1209 D SystemServerTimingAsync: ssm.onUnlockedUser-0_com.android.server.scheduling.RebootReadinessManagerService$Lifecycle took to complete: 0ms
08-23 17:43:06.671 1082 1209 I SystemServerTimingAsync: ssm.onUnlockedUser-0_com.android.server.stats.pull.StatsPullAtomService
08-23 17:43:06.671 1082 1209 D SystemServerTimingAsync: ssm.onUnlockedUser-0_com.android.server.stats.pull.StatsPullAtomService took to complete: 0ms
08-23 17:43:06.671 1082 1209 I SystemServerTimingAsync: ssm.onUnlockedUser-0_com.android.server.incident.IncidentCompanionService
08-23 17:43:06.671 1082 1209 D SystemServerTimingAsync: ssm.onUnlockedUser-0_com.android.server.incident.IncidentCompanionService took to complete: 0ms
08-23 17:43:06.671 1082 1209 I SystemServerTimingAsync: ssm.onUnlockedUser-0_com.android.server.MmsServiceBroker
08-23 17:43:06.671 1082 1209 D SystemServerTimingAsync: ssm.onUnlockedUser-0_com.android.server.MmsServiceBroker took to complete: 0ms
08-23 17:43:06.671 1082 1209 I SystemServerTimingAsync: ssm.onUnlockedUser-0_com.android.server.autofill.AutofillManagerService
08-23 17:43:06.671 1082 1209 D SystemServerTimingAsync: ssm.onUnlockedUser-0_com.android.server.autofill.AutofillManagerService took to complete: 0ms
08-23 17:43:06.671 1082 1209 I SystemServerTimingAsync: ssm.onUnlockedUser-0_com.android.server.clipboard.ClipboardService
08-23 17:43:06.671 1082 1209 D SystemServerTimingAsync: ssm.onUnlockedUser-0_com.android.server.clipboard.ClipboardService took to complete: 0ms
08-23 17:43:06.671 1082 1209 I SystemServerTimingAsync: ssm.onUnlockedUser-0_com.android.server.appbinding.AppBindingService$Lifecycle
08-23 17:43:06.671 1082 1209 D SystemServerTimingAsync: ssm.onUnlockedUser-0_com.android.server.appbinding.AppBindingService$Lifecycle took to complete: 0ms
08-23 17:43:06.672 1082 1209 I SystemServerTimingAsync: ssm.onUnlockedUser-0_com.android.server.tracing.TracingServiceProxy
08-23 17:43:06.672 1082 1209 D SystemServerTimingAsync: ssm.onUnlockedUser-0_com.android.server.tracing.TracingServiceProxy took to complete: 0ms
08-23 17:43:06.672 1082 1209 I SystemServerTimingAsync: ssm.onUnlockedUser-0_com.android.server.policy.PermissionPolicyService
08-23 17:43:06.672 1082 1209 D SystemServerTimingAsync: ssm.onUnlockedUser-0_com.android.server.policy.PermissionPolicyService took to complete: 0ms
08-23 17:43:06.672 1082 1209 I SystemServerTimingAsync: ssm.onUnlockedUser-0_com.android.server.pm.StagingManager$Lifecycle
08-23 17:43:06.672 1082 1209 D SystemServerTimingAsync: ssm.onUnlockedUser-0_com.android.server.pm.StagingManager$Lifecycle took to complete: 0ms
08-23 17:43:06.672 1082 1209 I SystemServerTimingAsync: ssm.onUnlockedUser-0_com.android.server.app.GameManagerService$Lifecycle
08-23 17:43:06.672 1082 1209 D SystemServerTimingAsync: ssm.onUnlockedUser-0_com.android.server.app.GameManagerService$Lifecycle took to complete: 0ms
08-23 17:43:06.672 1082 1209 I SystemServerTimingAsync: ssm.onUnlockedUser-0_com.android.server.appsearch.AppSearchManagerService
08-23 17:43:06.672 1082 1209 D SystemServerTimingAsync: ssm.onUnlockedUser-0_com.android.server.appsearch.AppSearchManagerService took to complete: 0ms
08-23 17:43:06.672 1082 1209 I SystemServerTimingAsync: ssm.onUnlockedUser-0_com.android.server.media.MediaCommunicationService
08-23 17:43:06.672 1082 1209 D SystemServerTimingAsync: ssm.onUnlockedUser-0_com.android.server.media.MediaCommunicationService took to complete: 0ms
08-23 17:43:06.672 1082 1209 D SystemServerTimingAsync: ssm.UnlockedUser-0 took to complete: 38ms
08-23 17:43:06.672 1082 1209 W ActivityManager: UserLifecycleEvent 6 received without an active userJourneySession.
08-23 17:43:06.678 560 560 I vold : Bind mounting /mnt/runtime/full/emulated to /mnt/pass_through/0/emulated
08-23 17:43:06.682 1082 1182 I AppWidgetServiceImpl: Processing of handleUserUnlocked u0 took 51 ms
08-23 17:43:06.683 1082 1184 I DropBoxManagerService: add tag=system_server_strictmode isTagEnabled=true flags=0x2
08-23 17:43:06.683 1082 1715 I StorageSessionController: On volume mount VolumeInfo{emulated;0}:
08-23 17:43:06.683 1082 1715 I StorageSessionController: type=EMULATED diskId=null partGuid= mountFlags=PRIMARY|VISIBLE
08-23 17:43:06.683 1082 1715 I StorageSessionController: mountUserId=0 state=CHECKING
08-23 17:43:06.683 1082 1715 I StorageSessionController: fsType=null fsUuid=null fsLabel=null
08-23 17:43:06.683 1082 1715 I StorageSessionController: path=/storage/emulated internalPath=/data/media
08-23 17:43:06.684 1082 1715 I StorageSessionController: Creating connection for user: 0
08-23 17:43:06.694 1082 1715 I StorageSessionController: Creating and starting session with id: emulated;0
08-23 17:43:06.694 1082 1715 I StorageUserConnection: Binding to the ExternalStorageService for user 0
08-23 17:43:06.703 1082 1200 I UsageStatsService: User[0] Rollover scheduled @ 2022-08-24 16:51:26(1661359886219)
08-23 17:43:06.714 1082 1210 W ActivityManager: Slow operation: 107ms so far, now at startProcess: returned from zygote!
08-23 17:43:06.720 1082 1200 I UsageStatsService: Time changed in by 1661276308 seconds
08-23 17:43:06.721 1082 1126 I ActivityTaskManager: START u0 {act=android.intent.action.MAIN cat=[android.intent.category.HOME] flg=0x10000100 cmp=com.android.launcher3/.uioverrides.QuickstepLauncher (has extras)} from uid 0
08-23 17:43:06.735 1082 1200 I UsageStatsService: User[0] Flushing usage stats to disk
08-23 17:43:06.750 1082 1875 I SyncManager: Loaded persisted syncs: 0 periodic syncs, 0 oneshot syncs, 15 total system server jobs, JobStats: FirstLoad: 5/4/0 LastSave: -1/-1/-1
08-23 17:43:06.752 1082 1837 V BackupManagerService: [UserID:0] No ancestral data
08-23 17:43:06.768 1082 2795 V BackupManagerConstants: getKeyValueBackupIntervalMilliseconds(...) returns 14400000
08-23 17:43:06.769 1082 2795 V BackupManagerConstants: getKeyValueBackupFuzzMilliseconds(...) returns 600000
08-23 17:43:06.771 1082 2795 V BackupManagerConstants: getKeyValueBackupRequiredNetworkType(...) returns 1
08-23 17:43:06.771 1082 2795 V BackupManagerConstants: getKeyValueBackupRequireCharging(...) returns true
08-23 17:43:06.771 1082 2795 V KeyValueBackupJob: Scheduling k/v pass in 248 minutes
08-23 17:43:06.775 1082 1126 D CompatibilityChangeReporter: Compat change id reported: 184838306; UID 10087; state: DISABLED
08-23 17:43:06.780 1082 1126 D CompatibilityChangeReporter: Compat change id reported: 185004937; UID 10087; state: DISABLED
08-23 17:43:06.782 1082 1126 D CompatibilityChangeReporter: Compat change id reported: 181136395; UID 10087; state: DISABLED
08-23 17:43:06.784 1082 1126 D CompatibilityChangeReporter: Compat change id reported: 174042936; UID 10087; state: DISABLED
08-23 17:43:06.785 1082 1126 D CompatibilityChangeReporter: Compat change id reported: 174042980; UID 10087; state: DISABLED
08-23 17:43:06.845 1082 1126 D CompatibilityChangeReporter: Compat change id reported: 168419799; UID 10087; state: DISABLED
08-23 17:43:06.848 1082 1126 I ActivityTaskManager: The Process com.android.launcher3 Already Exists in BG. So sending its PID: 2411
08-23 17:43:06.871 1082 2802 E TaskPersister: File error accessing recents directory (directory doesn't exist?).
08-23 17:43:06.875 1082 1182 W Looper : Slow dispatch took 186ms android.fg h=android.os.Handler c=com.android.server.servicewatcher.ServiceWatcherImpl$$ExternalSyntheticLambda1@83b0df6 m=0
08-23 17:43:06.900 1082 1715 D CompatibilityChangeReporter: Compat change id reported: 135634846; UID 10100; state: DISABLED
08-23 17:43:06.900 1082 1715 D CompatibilityChangeReporter: Compat change id reported: 177438394; UID 10100; state: DISABLED
08-23 17:43:06.900 1082 1715 D CompatibilityChangeReporter: Compat change id reported: 135772972; UID 10100; state: DISABLED
08-23 17:43:06.900 1082 1715 D CompatibilityChangeReporter: Compat change id reported: 135754954; UID 10100; state: ENABLED
08-23 17:43:06.901 1082 1715 I StorageUserConnection: Bound to the ExternalStorageService for user 0
08-23 17:43:06.906 1082 1210 W ActivityManager: Slow operation: 299ms so far, now at startProcess: done updating battery stats
08-23 17:43:06.906 1082 1210 W ActivityManager: Slow operation: 299ms so far, now at startProcess: building log message
08-23 17:43:06.906 1082 1210 I ActivityManager: Start proc 2808:ts.car.uart/u0a60 for added application ts.car.uart
08-23 17:43:06.906 1082 1210 W ActivityManager: Slow operation: 299ms so far, now at startProcess: starting to update pids map
08-23 17:43:06.906 1082 1210 W ActivityManager: Slow operation: 299ms so far, now at startProcess: done updating pids map
08-23 17:43:06.907 1082 1210 W ActivityManager: Slow operation: 297ms so far, now at startProcess: asking zygote to start proc
08-23 17:43:06.907 1082 1082 W Looper : Slow dispatch took 129ms main h=com.android.server.job.JobSchedulerService$JobHandler c=null m=1
08-23 17:43:06.907 1082 1210 D CompatibilityChangeReporter: Compat change id reported: 143937733; UID 10059; state: ENABLED
08-23 17:43:06.907 1082 1082 V NotificationAssistants: 0 notification assistant service connected: ComponentInfo{android.ext.services/android.ext.services.notification.Assistant}
08-23 17:43:06.908 1082 1082 W Looper : Slow delivery took 214ms main h=android.app.ActivityThread$H c=android.app.LoadedApk$ServiceDispatcher$RunConnection@4543648 m=0
08-23 17:43:06.914 1082 1082 W Looper : Drained
08-23 17:43:06.926 1082 1200 D CompatibilityChangeReporter: Compat change id reported: 135634846; UID 1000; state: DISABLED
08-23 17:43:06.927 1082 1200 D CompatibilityChangeReporter: Compat change id reported: 177438394; UID 1000; state: DISABLED
08-23 17:43:06.927 1082 1200 D CompatibilityChangeReporter: Compat change id reported: 135772972; UID 1000; state: DISABLED
08-23 17:43:06.928 1082 1200 D CompatibilityChangeReporter: Compat change id reported: 135754954; UID 1000; state: ENABLED
08-23 17:43:06.975 1082 1182 W Looper : Slow dispatch took 100ms android.fg h=android.os.Handler c=com.android.server.servicewatcher.ServiceWatcherImpl$$ExternalSyntheticLambda1@20b708d m=0
08-23 17:43:06.976 1082 1182 W Looper : Slow delivery took 256ms android.fg h=android.os.Handler c=com.android.server.location.injector.SystemAppForegroundHelper$$ExternalSyntheticLambda1@f7c1253 m=0
08-23 17:43:06.984 1082 1210 W ActivityManager: Slow operation: 375ms so far, now at startProcess: returned from zygote!
08-23 17:43:06.987 1082 2352 D CompatibilityChangeReporter: Compat change id reported: 168419799; UID 10060; state: DISABLED
08-23 17:43:06.998 1082 1182 W Looper : Drained
08-23 17:43:07.020 1082 1126 D CompatibilityChangeReporter: Compat change id reported: 168419799; UID 10089; state: DISABLED
08-23 17:43:07.026 1082 1210 W ActivityManager: Slow operation: 417ms so far, now at startProcess: done updating battery stats
08-23 17:43:07.026 1082 1210 W ActivityManager: Slow operation: 417ms so far, now at startProcess: building log message
08-23 17:43:07.027 1082 1210 I ActivityManager: Start proc 2850:.pasr/u0a59 for added application .pasr
08-23 17:43:07.027 1082 1210 W ActivityManager: Slow operation: 417ms so far, now at startProcess: starting to update pids map
08-23 17:43:07.029 1082 1210 W ActivityManager: Slow operation: 419ms so far, now at startProcess: done updating pids map
08-23 17:43:07.029 1082 1210 W ActivityManager: Slow operation: 419ms so far, now at startProcess: asking zygote to start proc
08-23 17:43:07.029 1082 1210 D CompatibilityChangeReporter: Compat change id reported: 143937733; UID 10086; state: DISABLED
08-23 17:43:07.057 1082 2006 D CompatibilityChangeReporter: Compat change id reported: 168419799; UID 1000; state: DISABLED
08-23 17:43:07.072 1082 1837 I BackupManagerService: isBackupEnabled() => false due to absent settings file
08-23 17:43:07.072 1082 1837 D BackupManagerService: user:0 readBackupEnableState enabled:false
08-23 17:43:07.072 1082 1837 I BackupManagerService: [UserID:0] Backup enabled => false
08-23 17:43:07.142 1082 1864 D CompatibilityChangeReporter: Compat change id reported: 168419799; UID 10059; state: DISABLED
08-23 17:43:07.144 1082 1210 W ActivityManager: Slow operation: 534ms so far, now at startProcess: returned from zygote!
08-23 17:43:07.150 1082 1210 W ActivityManager: Slow operation: 540ms so far, now at startProcess: done updating battery stats
08-23 17:43:07.150 1082 1210 W ActivityManager: Slow operation: 540ms so far, now at startProcess: building log message
08-23 17:43:07.150 1082 1210 I ActivityManager: Start proc 2890:com.qualcomm.qti.services.systemhelper:systemhelper_service/u0a86 for added application com.qualcomm.qti.services.systemhelper:systemhelper_service
08-23 17:43:07.150 1082 1210 W ActivityManager: Slow operation: 540ms so far, now at startProcess: starting to update pids map
08-23 17:43:07.152 1082 1210 W ActivityManager: Slow operation: 541ms so far, now at startProcess: done updating pids map
08-23 17:43:07.152 1082 1210 W ActivityManager: Slow operation: 540ms so far, now at startProcess: asking zygote to start proc
08-23 17:43:07.152 1082 1210 D CompatibilityChangeReporter: Compat change id reported: 143937733; UID 10094; state: ENABLED
08-23 17:43:07.190 1082 1864 D CompatibilityChangeReporter: Compat change id reported: 135634846; UID 10081; state: DISABLED
08-23 17:43:07.190 1082 1864 D CompatibilityChangeReporter: Compat change id reported: 177438394; UID 10081; state: DISABLED
08-23 17:43:07.190 1082 1864 D CompatibilityChangeReporter: Compat change id reported: 135772972; UID 10081; state: DISABLED
08-23 17:43:07.190 1082 1864 D CompatibilityChangeReporter: Compat change id reported: 135754954; UID 10081; state: ENABLED
08-23 17:43:07.200 1082 2854 D TelephonyRegistry: listen oscl: mHasNotifySubscriptionInfoChangedOccurred==false no callback
08-23 17:43:07.288 1082 1210 W ActivityManager: Slow operation: 677ms so far, now at startProcess: returned from zygote!
08-23 17:43:07.290 1082 1210 W ActivityManager: Slow operation: 679ms so far, now at startProcess: done updating battery stats
08-23 17:43:07.290 1082 1210 W ActivityManager: Slow operation: 679ms so far, now at startProcess: building log message
08-23 17:43:07.290 1082 1210 I ActivityManager: Start proc 2898:com.qualcomm.qti.qccnetstat/u0a94 for added application com.qualcomm.qti.qccnetstat
08-23 17:43:07.290 1082 1210 W ActivityManager: Slow operation: 679ms so far, now at startProcess: starting to update pids map
08-23 17:43:07.296 1082 1210 W ActivityManager: Slow operation: 685ms so far, now at startProcess: done updating pids map
08-23 17:43:07.296 1082 1210 W ActivityManager: Slow operation: 684ms so far, now at startProcess: asking zygote to start proc
08-23 17:43:07.296 1082 1210 D CompatibilityChangeReporter: Compat change id reported: 143937733; UID 10091; state: ENABLED
08-23 17:43:07.319 2264 2264 W ContextImpl: Calling a method in the system process without a qualified user: android.app.ContextImpl.startService:1816 android.content.ContextWrapper.startService:774 android.content.ContextWrapper.startService:774 com.qualcomm.qti.qdma.app.BootReceiver.onBootReceived:115 com.qualcomm.qti.innodme.InnoBootReceiver.onReceive:22
08-23 17:43:07.378 1082 2854 D CompatibilityChangeReporter: Compat change id reported: 135634846; UID 10092; state: DISABLED
08-23 17:43:07.378 1082 2854 D CompatibilityChangeReporter: Compat change id reported: 177438394; UID 10092; state: DISABLED
08-23 17:43:07.378 1082 2854 D CompatibilityChangeReporter: Compat change id reported: 135772972; UID 10092; state: DISABLED
08-23 17:43:07.378 1082 2854 D CompatibilityChangeReporter: Compat change id reported: 135754954; UID 10092; state: ENABLED
08-23 17:43:07.495 1082 2854 W OverlayManager: service 'idmap' died
08-23 17:43:07.499 1082 2006 D CompatibilityChangeReporter: Compat change id reported: 182478738; UID 1001; state: DISABLED
08-23 17:43:07.518 1082 2078 D CompatibilityChangeReporter: Compat change id reported: 157233955; UID 10079; state: DISABLED
08-23 17:43:07.550 1082 1210 W ActivityManager: Slow operation: 938ms so far, now at startProcess: returned from zygote!
08-23 17:43:07.557 1082 1210 W ActivityManager: Slow operation: 945ms so far, now at startProcess: done updating battery stats
08-23 17:43:07.557 1082 1210 W ActivityManager: Slow operation: 945ms so far, now at startProcess: building log message
08-23 17:43:07.557 1082 1210 I ActivityManager: Start proc 2966:com.qualcomm.qti.workloadclassifier/u0a91 for added application com.qualcomm.qti.workloadclassifier
08-23 17:43:07.557 1082 1210 W ActivityManager: Slow operation: 945ms so far, now at startProcess: starting to update pids map
08-23 17:43:07.558 1082 1210 W ActivityManager: Slow operation: 946ms so far, now at startProcess: done updating pids map
08-23 17:43:07.558 1082 1210 W ActivityManager: Slow operation: 659ms so far, now at startProcess: asking zygote to start proc
08-23 17:43:07.559 1082 1210 D CompatibilityChangeReporter: Compat change id reported: 143937733; UID 10100; state: ENABLED
08-23 17:43:07.588 1082 2006 D CompatibilityChangeReporter: Compat change id reported: 168419799; UID 10086; state: DISABLED
08-23 17:43:07.603 1082 2078 D CompatibilityChangeReporter: Compat change id reported: 168419799; UID 10094; state: DISABLED
08-23 17:43:07.712 1082 1210 W ActivityManager: Slow operation: 812ms so far, now at startProcess: returned from zygote!
08-23 17:43:07.712 1082 1210 W ActivityManager: Slow operation: 813ms so far, now at startProcess: done updating battery stats
08-23 17:43:07.712 1082 1210 I Watchdog: Interesting Java process com.android.providers.media.module started. Pid 2985
08-23 17:43:07.712 1082 1210 W ActivityManager: Slow operation: 813ms so far, now at startProcess: building log message
08-23 17:43:07.712 1082 1210 I ActivityManager: Start proc 2985:com.android.providers.media.module/u0a100 for service {com.android.providers.media.module/com.android.providers.media.fuse.ExternalStorageServiceImpl}
08-23 17:43:07.713 1082 1210 W ActivityManager: Slow operation: 813ms so far, now at startProcess: starting to update pids map
08-23 17:43:07.713 1082 1210 W ActivityManager: Slow operation: 814ms so far, now at startProcess: done updating pids map
08-23 17:43:07.713 1082 1210 W ActivityManager: Slow operation: 789ms so far, now at startProcess: asking zygote to start proc
08-23 17:43:07.769 1082 2074 D CompatibilityChangeReporter: Compat change id reported: 168419799; UID 10091; state: DISABLED
08-23 17:43:07.797 1082 1210 W ActivityManager: Slow operation: 873ms so far, now at startProcess: returned from zygote!
08-23 17:43:07.798 1082 1210 W ActivityManager: Slow operation: 873ms so far, now at startProcess: done updating battery stats
08-23 17:43:07.798 1082 1210 W ActivityManager: Slow operation: 873ms so far, now at startProcess: building log message
08-23 17:43:07.798 1082 1210 I ActivityManager: Start proc 3009:com.android.keychain/1000 for service {com.android.keychain/com.android.keychain.KeyChainService}
08-23 17:43:07.798 1082 1210 W ActivityManager: Slow operation: 874ms so far, now at startProcess: starting to update pids map
08-23 17:43:07.807 1082 1210 W ActivityManager: Slow operation: 883ms so far, now at startProcess: done updating pids map
08-23 17:43:07.807 1082 1210 W ActivityManager: Slow operation: 618ms so far, now at startProcess: asking zygote to start proc
08-23 17:43:07.808 1082 1210 D CompatibilityChangeReporter: Compat change id reported: 143937733; UID 10081; state: ENABLED
08-23 17:43:07.856 1082 1082 W Looper : Slow dispatch took 792ms main h=android.app.ActivityThread$H c=android.app.LoadedApk$ReceiverDispatcher$Args$$ExternalSyntheticLambda0@5168c07 m=0
08-23 17:43:07.856 1082 1082 W Looper : Slow delivery took 832ms main h=android.app.ActivityThread$H c=android.app.LoadedApk$ReceiverDispatcher$Args$$ExternalSyntheticLambda0@dadf134 m=0
08-23 17:43:07.863 1082 1082 W Looper : Drained
08-23 17:43:07.902 1082 1700 D CompatibilityChangeReporter: Compat change id reported: 168419799; UID 10100; state: DISABLED
08-23 17:43:07.942 1082 1082 I Telecom : BluetoothDeviceManager: Got BluetoothHeadset: com.android.server.telecom.BluetoothHeadsetProxy@c658101: BMSL.oSC@AAo
08-23 17:43:07.971 1082 1210 W ActivityManager: Slow operation: 781ms so far, now at startProcess: returned from zygote!
08-23 17:43:07.971 1082 1210 W ActivityManager: Slow operation: 782ms so far, now at startProcess: done updating battery stats
08-23 17:43:07.971 1082 1210 W ActivityManager: Slow operation: 782ms so far, now at startProcess: building log message
08-23 17:43:07.971 1082 1210 I ActivityManager: Start proc 3046:com.qualcomm.location.XT/u0a81 for service {com.qualcomm.location.XT/com.qualcomm.location.XT.XTSrv}
08-23 17:43:07.971 1082 1210 W ActivityManager: Slow operation: 782ms so far, now at startProcess: starting to update pids map
08-23 17:43:07.972 1082 1210 W ActivityManager: Slow operation: 782ms so far, now at startProcess: done updating pids map
08-23 17:43:07.972 1082 1210 W ActivityManager: Slow operation: 594ms so far, now at startProcess: asking zygote to start proc
08-23 17:43:07.972 1082 1210 D CompatibilityChangeReporter: Compat change id reported: 143937733; UID 10092; state: ENABLED
08-23 17:43:07.977 1082 1700 W StorageManagerService: Reporting emulated;0 unmounted due to system locked
08-23 17:43:08.093 1082 2067 W ActivityManager: Slow operation: 51ms so far, now at attachApplicationLocked: after mServices.attachApplicationLocked
08-23 17:43:08.142 1082 1210 W ActivityManager: Slow operation: 764ms so far, now at startProcess: returned from zygote!
08-23 17:43:08.142 1082 1184 I DropBoxManagerService: add tag=system_app_strictmode isTagEnabled=true flags=0x2
08-23 17:43:08.150 1082 2074 D CompatibilityChangeReporter: Compat change id reported: 168419799; UID 10081; state: DISABLED
08-23 17:43:08.152 1082 1184 I DropBoxManagerService: add tag=system_app_strictmode isTagEnabled=true flags=0x2
08-23 17:43:08.157 1082 1184 I DropBoxManagerService: add tag=system_app_strictmode isTagEnabled=true flags=0x2
08-23 17:43:08.161 1082 2074 W ActivityManager: Slow operation: 54ms so far, now at attachApplicationLocked: after mServices.attachApplicationLocked
08-23 17:43:08.164 1082 1210 W ActivityManager: Slow operation: 786ms so far, now at startProcess: done updating battery stats
08-23 17:43:08.164 1082 1210 W ActivityManager: Slow operation: 787ms so far, now at startProcess: building log message
08-23 17:43:08.164 1082 1210 I ActivityManager: Start proc 3082:com.qualcomm.qtil.aptxui/u0a92 for broadcast {com.qualcomm.qtil.aptxui/com.qualcomm.qtil.aptxui.aptxuiBootReceiver}
08-23 17:43:08.164 1082 1184 I DropBoxManagerService: add tag=system_app_strictmode isTagEnabled=true flags=0x2
08-23 17:43:08.164 1082 1210 W ActivityManager: Slow operation: 787ms so far, now at startProcess: starting to update pids map
08-23 17:43:08.165 1082 1210 W ActivityManager: Slow operation: 787ms so far, now at startProcess: done updating pids map
08-23 17:43:08.242 1082 2074 W BluetoothManagerService: psc is not null in bindBluetoothProfileService
08-23 17:43:08.290 1082 1700 D CompatibilityChangeReporter: Compat change id reported: 168419799; UID 10092; state: DISABLED
08-23 17:43:08.337 1082 1700 W ActivityManager: Slow operation: 58ms so far, now at attachApplicationLocked: after sendPendingBroadcastsLocked
08-23 17:43:08.515 1082 2805 I StorageUserConnection: Service: [ComponentInfo{com.android.providers.media.module/com.android.providers.media.fuse.ExternalStorageServiceImpl}] connected. User [0]
08-23 17:43:08.648 1082 1185 D ColorDisplayService: NightDisplayTintController Animation cancelled: false to matrix:
08-23 17:43:08.648 1082 1185 D ColorDisplayService: 1.000000 0.000000 0.000000 0.000000 0.000000 1.000000 0.000000 0.000000 0.000000 0.000000 1.000000 0.000000 0.000000 0.000000 0.000000 1.000000 min matrix coefficients:
08-23 17:43:08.648 1082 1185 D ColorDisplayService: 1.000000 0.000000 0.000000 0.000000 0.000000 1.000000 0.000000 0.000000 0.000000 0.000000 1.000000 0.000000 0.000000 0.000000 0.000000 1.000000 max matrix coefficients:
08-23 17:43:08.648 1082 1185 D ColorDisplayService: 1.000000 0.000000 0.000000 0.000000 0.000000 1.000000 0.000000 0.000000 0.000000 0.000000 1.000000 0.000000 0.000000 0.000000 0.000000 1.000000
08-23 17:43:08.665 1082 1126 D CompatibilityChangeReporter: Compat change id reported: 168419799; UID 10056; state: DISABLED
08-23 17:43:08.702 1082 1700 D CompatibilityChangeReporter: Compat change id reported: 168419799; UID 1000; state: DISABLED
08-23 17:43:08.706 2156 2156 W ContextImpl: Calling a method in the system process without a qualified user: android.app.ContextImpl.startService:1816 android.content.ContextWrapper.startService:774 android.content.ContextWrapper.startService:774 vendor.qti.qesdk.sysservice.QesdkSysReceiver.onReceive:42 android.app.ActivityThread.handleReceiver:4309
08-23 17:43:08.713 1082 1700 D CompatibilityChangeReporter: Compat change id reported: 135634846; UID 10071; state: DISABLED
08-23 17:43:08.713 1082 1700 D CompatibilityChangeReporter: Compat change id reported: 177438394; UID 10071; state: DISABLED
08-23 17:43:08.713 1082 1700 D CompatibilityChangeReporter: Compat change id reported: 135772972; UID 10071; state: DISABLED
08-23 17:43:08.713 1082 1700 D CompatibilityChangeReporter: Compat change id reported: 135754954; UID 10071; state: DISABLED
08-23 17:43:08.714 1082 1210 D CompatibilityChangeReporter: Compat change id reported: 143937733; UID 10071; state: DISABLED
08-23 17:43:08.774 1082 1210 W ActivityManager: Slow operation: 62ms so far, now at startProcess: returned from zygote!
08-23 17:43:08.775 1082 1210 W ActivityManager: Slow operation: 62ms so far, now at startProcess: done updating battery stats
08-23 17:43:08.775 1082 1210 W ActivityManager: Slow operation: 62ms so far, now at startProcess: building log message
08-23 17:43:08.775 1082 1210 I ActivityManager: Start proc 3158:com.android.quicksearchbox/u0a71 for broadcast {com.android.quicksearchbox/com.android.quicksearchbox.SearchWidgetProvider}
08-23 17:43:08.775 1082 1210 W ActivityManager: Slow operation: 63ms so far, now at startProcess: starting to update pids map
08-23 17:43:08.775 1082 1210 W ActivityManager: Slow operation: 63ms so far, now at startProcess: done updating pids map
08-23 17:43:08.785 1082 1228 W ProcessCpuTracker: Failed to stat(/proc/3143): android.system.ErrnoException: stat failed: ENOENT (No such file or directory)
08-23 17:43:08.785 1082 1228 W ProcessCpuTracker: Skipping unknown process pid 3143
08-23 17:43:08.785 1082 1228 W ProcessCpuTracker: Failed to stat(/proc/3144): android.system.ErrnoException: stat failed: ENOENT (No such file or directory)
08-23 17:43:08.785 1082 1228 W ProcessCpuTracker: Skipping unknown process pid 3144
08-23 17:43:08.905 1082 2067 D CompatibilityChangeReporter: Compat change id reported: 168419799; UID 10071; state: DISABLED
08-23 17:43:09.016 1324 1324 I wificond: Regulatory domain changed to country: CN on wiphy_index: 0
08-23 17:43:09.031 1324 1324 I wificond: 2.4Ghz frequencies: 2412 2417 2422 2427 2432 2437 2442 2447 2452 2457 2462 2467 2472
08-23 17:43:09.031 1324 1324 I wificond: 5Ghz non-DFS frequencies: 5180 5200 5220 5240 5745 5765 5785 5805 5825
08-23 17:43:09.031 1324 1324 I wificond: 5Ghz DFS frequencies: 5260 5280 5300 5320
08-23 17:43:09.031 1324 1324 I wificond: 6Ghz frequencies:
08-23 17:43:09.031 1324 1324 I wificond: 60Ghz frequencies:
08-23 17:43:09.150 1082 2074 D CompatibilityChangeReporter: Compat change id reported: 135634846; UID 10031; state: DISABLED
08-23 17:43:09.150 1082 2074 D CompatibilityChangeReporter: Compat change id reported: 177438394; UID 10031; state: DISABLED
08-23 17:43:09.150 1082 2074 D CompatibilityChangeReporter: Compat change id reported: 135772972; UID 10031; state: DISABLED
08-23 17:43:09.150 1082 2074 D CompatibilityChangeReporter: Compat change id reported: 135754954; UID 10031; state: ENABLED
08-23 17:43:09.150 1082 1210 D CompatibilityChangeReporter: Compat change id reported: 143937733; UID 10031; state: ENABLED
08-23 17:43:09.200 1082 1210 W ActivityManager: Slow operation: 51ms so far, now at startProcess: returned from zygote!
08-23 17:43:09.201 1082 1210 W ActivityManager: Slow operation: 52ms so far, now at startProcess: done updating battery stats
08-23 17:43:09.201 1082 1210 W ActivityManager: Slow operation: 52ms so far, now at startProcess: building log message
08-23 17:43:09.201 1082 1210 I ActivityManager: Start proc 3194:com.android.traceur/u0a31 for broadcast {com.android.traceur/com.android.traceur.Receiver}
08-23 17:43:09.201 1082 1210 W ActivityManager: Slow operation: 52ms so far, now at startProcess: starting to update pids map
08-23 17:43:09.202 1082 1210 W ActivityManager: Slow operation: 52ms so far, now at startProcess: done updating pids map
08-23 17:43:09.315 1082 2074 D CompatibilityChangeReporter: Compat change id reported: 168419799; UID 10031; state: DISABLED
08-23 17:43:09.534 560 560 I vold : Bind mounting /mnt/runtime/default/emulated/0/Android/data on /mnt/user/0/emulated/0/Android/data
08-23 17:43:09.541 560 560 I vold : Bind mounted /mnt/runtime/default/emulated/0/Android/data on /mnt/user/0/emulated/0/Android/data
08-23 17:43:09.541 560 560 I vold : Bind mounting /mnt/runtime/default/emulated/0/Android/obb on /mnt/user/0/emulated/0/Android/obb
08-23 17:43:09.554 1082 1082 W NotificationHistory: Attempted to add notif for locked/gone/disabled user 0
08-23 17:43:09.557 560 560 I vold : Bind mounted /mnt/runtime/default/emulated/0/Android/obb on /mnt/user/0/emulated/0/Android/obb
08-23 17:43:09.557 560 560 I vold : Bind mounting /mnt/runtime/write/emulated/0/Android/obb on /mnt/installer/0/emulated/0/Android/obb
08-23 17:43:09.569 560 560 I vold : Bind mounted /mnt/runtime/write/emulated/0/Android/obb on /mnt/installer/0/emulated/0/Android/obb
08-23 17:43:09.569 560 560 I vold : Configuring read_ahead of /mnt/user/0/emulated fuse filesystem to 256kb
08-23 17:43:09.570 560 560 I vold : Writing 256 to /sys/class/bdi/0:89/read_ahead_kb
08-23 17:43:09.570 560 560 I vold : Configuring max_ratio of /mnt/user/0/emulated fuse filesystem to 40
08-23 17:43:09.570 560 560 I vold : Writing 40 to /sys/class/bdi/0:89/max_ratio
08-23 17:43:09.571 1082 1715 I StorageManagerService: Mounted volume VolumeInfo{emulated;0}:
08-23 17:43:09.571 1082 1715 I StorageManagerService: type=EMULATED diskId=null partGuid= mountFlags=PRIMARY|VISIBLE
08-23 17:43:09.571 1082 1715 I StorageManagerService: mountUserId=0 state=MOUNTED
08-23 17:43:09.571 1082 1715 I StorageManagerService: fsType=null fsUuid=null fsLabel=null
08-23 17:43:09.571 1082 1715 I StorageManagerService: path=/storage/emulated internalPath=/data/media
08-23 17:43:09.571 1082 2067 D CompatibilityChangeReporter: Compat change id reported: 135634846; UID 1000; state: DISABLED
08-23 17:43:09.572 1082 2067 D CompatibilityChangeReporter: Compat change id reported: 177438394; UID 1000; state: DISABLED
08-23 17:43:09.572 1082 1715 I StorageSessionController: Notifying volume state changed for session with id: emulated;0
08-23 17:43:09.572 1082 2067 D CompatibilityChangeReporter: Compat change id reported: 135772972; UID 1000; state: DISABLED
08-23 17:43:09.573 1082 2067 D CompatibilityChangeReporter: Compat change id reported: 135754954; UID 1000; state: DISABLED
08-23 17:43:09.599 1082 1715 I StorageSessionController: Notifying volume state changed for session with id: emulated;0
08-23 17:43:09.614 1082 1210 I ActivityManager: Start proc 3243:com.qualcomm.qti.qmmi/1000 for broadcast {com.qualcomm.qti.qmmi/com.qualcomm.qti.qmmi.framework.QmmiReceiver}
08-23 17:43:09.618 1082 1715 I StorageSessionController: Notifying volume state changed for session with id: emulated;0
08-23 17:43:09.643 1082 1715 D StorageManagerService: Volume emulated;0 broadcasting mounted to UserHandle{0}
08-23 17:43:09.645 1082 1715 D StorageManagerService: Volume emulated;0 broadcasting mounted to UserHandle{0}
08-23 17:43:09.704 1082 1700 D CompatibilityChangeReporter: Compat change id reported: 149924527; UID 10100; state: ENABLED
08-23 17:43:09.704 1082 1700 D CompatibilityChangeReporter: Compat change id reported: 132649864; UID 10100; state: DISABLED
08-23 17:43:09.706 1082 1700 D CompatibilityChangeReporter: Compat change id reported: 182734110; UID 10100; state: DISABLED
08-23 17:43:09.746 1082 2795 D CompatibilityChangeReporter: Compat change id reported: 135634846; UID 1000; state: DISABLED
08-23 17:43:09.746 1082 2795 D CompatibilityChangeReporter: Compat change id reported: 177438394; UID 1000; state: DISABLED
08-23 17:43:09.747 1082 2795 D CompatibilityChangeReporter: Compat change id reported: 135772972; UID 1000; state: DISABLED
08-23 17:43:09.747 1082 2795 D CompatibilityChangeReporter: Compat change id reported: 135754954; UID 1000; state: ENABLED
08-23 17:43:09.793 1082 1210 I ActivityManager: Start proc 3265:com.android.localtransport/1000 for service {com.android.localtransport/com.android.localtransport.LocalTransportService}
08-23 17:43:09.870 1082 2074 D CompatibilityChangeReporter: Compat change id reported: 168419799; UID 1000; state: DISABLED
08-23 17:43:09.876 1082 2078 D CompatibilityChangeReporter: Compat change id reported: 168419799; UID 10065; state: DISABLED
08-23 17:43:09.889 1082 2067 D CompatibilityChangeReporter: Compat change id reported: 168419799; UID 1000; state: DISABLED
08-23 17:43:09.895 1082 1082 E BootReceiver: Could not open /sys/kernel/tracing/instances/bootreceiver/trace_pipe
08-23 17:43:09.895 1082 1082 E BootReceiver: android.system.ErrnoException: open failed: ENOENT (No such file or directory)
08-23 17:43:09.895 1082 1082 E BootReceiver: at libcore.io.Linux.open(Native Method)
08-23 17:43:09.895 1082 1082 E BootReceiver: at libcore.io.ForwardingOs.open(ForwardingOs.java:567)
08-23 17:43:09.895 1082 1082 E BootReceiver: at libcore.io.BlockGuardOs.open(BlockGuardOs.java:273)
08-23 17:43:09.895 1082 1082 E BootReceiver: at android.system.Os.open(Os.java:501)
08-23 17:43:09.895 1082 1082 E BootReceiver: at com.android.server.BootReceiver.onReceive(BootReceiver.java:167)
08-23 17:43:09.895 1082 1082 E BootReceiver: at android.app.ActivityThread.handleReceiver(ActivityThread.java:4309)
08-23 17:43:09.895 1082 1082 E BootReceiver: at android.app.ActivityThread.access$1600(ActivityThread.java:248)
08-23 17:43:09.895 1082 1082 E BootReceiver: at android.app.ActivityThread$H.handleMessage(ActivityThread.java:2065)
08-23 17:43:09.895 1082 1082 E BootReceiver: at android.os.Handler.dispatchMessage(Handler.java:106)
08-23 17:43:09.895 1082 1082 E BootReceiver: at android.os.Looper.loopOnce(Looper.java:201)
08-23 17:43:09.895 1082 1082 E BootReceiver: at android.os.Looper.loop(Looper.java:288)
08-23 17:43:09.895 1082 1082 E BootReceiver: at com.android.server.SystemServer.run(SystemServer.java:907)
08-23 17:43:09.895 1082 1082 E BootReceiver: at com.android.server.SystemServer.main(SystemServer.java:614)
08-23 17:43:09.895 1082 1082 E BootReceiver: at java.lang.reflect.Method.invoke(Native Method)
08-23 17:43:09.895 1082 1082 E BootReceiver: at com.android.internal.os.RuntimeInit$MethodAndArgsCaller.run(RuntimeInit.java:548)
08-23 17:43:09.895 1082 1082 E BootReceiver: at com.android.internal.os.ZygoteInit.main(ZygoteInit.java:987)
08-23 17:43:09.898 1082 3284 I DropBoxManagerService: add tag=system_app_crash isTagEnabled=true flags=0x2
08-23 17:43:09.902 1082 1209 I DropBoxManagerService: add tag=system_server_wtf isTagEnabled=true flags=0x2
08-23 17:43:09.916 1082 3285 I DropBoxManagerService: add tag=SYSTEM_BOOT isTagEnabled=true flags=0x2
08-23 17:43:09.920 1082 3285 I BootReceiver: Copying audit failures to DropBox
08-23 17:43:09.921 1082 3285 I BootReceiver: Checking for fsck errors
08-23 17:43:09.922 1082 3285 I BootReceiver: fs_stat, partition:persist stat:0xb
08-23 17:43:09.922 1082 3285 I BootReceiver: fs_stat, partition:dsp_a stat:0x3
08-23 17:43:09.927 1082 3285 D CompatibilityChangeReporter: Compat change id reported: 135634846; UID 10019; state: DISABLED
08-23 17:43:09.927 1082 3285 D CompatibilityChangeReporter: Compat change id reported: 177438394; UID 10019; state: DISABLED
08-23 17:43:09.927 1082 3285 D CompatibilityChangeReporter: Compat change id reported: 135772972; UID 10019; state: DISABLED
08-23 17:43:09.927 1082 3285 D CompatibilityChangeReporter: Compat change id reported: 135754954; UID 10019; state: ENABLED
08-23 17:43:09.928 1082 1210 D CompatibilityChangeReporter: Compat change id reported: 143937733; UID 10019; state: ENABLED
08-23 17:43:09.943 1082 1082 I TransportClient: LocalTransportService#0: Notifying [TransportManager.registerTransport()] transport = IBackupTransport
08-23 17:43:09.951 1082 2795 D BackupTransportManager: Transport com.android.localtransport/.LocalTransportService registered
08-23 17:43:09.952 1082 2795 D BackupManagerService: [UserID:0] Transport com.android.localtransport/.LocalTransport registered 3211ms after first request (delay = 3000ms)
08-23 17:43:09.979 1082 1210 W ActivityManager: Slow operation: 53ms so far, now at startProcess: returned from zygote!
