08-23 17:43:00.587 1082 1082 I SystemServerTiming: OnBootPhase_550_com.android.server.pm.Installer
08-23 17:43:00.587 1082 1082 D SystemServerTiming: OnBootPhase_550_com.android.server.pm.Installer took to complete: 0ms
08-23 17:43:00.587 1082 1082 I SystemServerTiming: OnBootPhase_550_com.android.server.os.DeviceIdentifiersPolicyService
08-23 17:43:00.587 1082 1082 D SystemServerTiming: OnBootPhase_550_com.android.server.os.DeviceIdentifiersPolicyService took to complete: 0ms
08-23 17:43:00.588 1082 1082 I SystemServerTiming: OnBootPhase_550_com.android.server.uri.UriGrantsManagerService$Lifecycle
08-23 17:43:00.588 1082 1082 D SystemServerTiming: OnBootPhase_550_com.android.server.uri.UriGrantsManagerService$Lifecycle took to complete: 0ms
08-23 17:43:00.588 1082 1082 I SystemServerTiming: OnBootPhase_550_com.android.server.powerstats.PowerStatsService
08-23 17:43:00.588 1082 1082 D SystemServerTiming: OnBootPhase_550_com.android.server.powerstats.PowerStatsService took to complete: 0ms
08-23 17:43:00.588 1082 1082 I SystemServerTiming: OnBootPhase_550_com.android.server.wm.ActivityTaskManagerService$Lifecycle
08-23 17:43:00.588 1082 1082 D SystemServerTiming: OnBootPhase_550_com.android.server.wm.ActivityTaskManagerService$Lifecycle took to complete: 0ms
08-23 17:43:00.588 1082 1082 I SystemServerTiming: OnBootPhase_550_com.android.server.am.ActivityManagerService$Lifecycle
08-23 17:43:00.588 1082 1082 D SystemServerTiming: OnBootPhase_550_com.android.server.am.ActivityManagerService$Lifecycle took to complete: 0ms
08-23 17:43:00.588 1082 1082 I SystemServerTiming: OnBootPhase_550_com.android.server.pm.DataLoaderManagerService
08-23 17:43:00.588 1082 1082 D SystemServerTiming: OnBootPhase_550_com.android.server.pm.DataLoaderManagerService took to complete: 0ms
08-23 17:43:00.588 1082 1082 I SystemServerTiming: OnBootPhase_550_com.android.server.power.PowerManagerService
08-23 17:43:00.589 1082 1082 D SystemServerTiming: OnBootPhase_550_com.android.server.power.PowerManagerService took to complete: 0ms
08-23 17:43:00.589 1082 1082 I SystemServerTiming: OnBootPhase_550_com.android.server.power.ThermalManagerService
08-23 17:43:00.593 1082 1082 I ThermalHalWrapper: Thermal HAL 2.0 service connected.
08-23 17:43:00.593 1082 1082 E ThermalHalWrapper: Couldn't get temperatures because of HAL error: ThermalHAL not initialized properly.
08-23 17:43:00.593 1082 1082 W ThermalManagerService: Thermal HAL reported invalid data, abort connection
08-23 17:43:00.594 1082 1082 E ThermalHalWrapper: Couldn't get temperature thresholds because of HAL error: ThermalHAL not initialized properly.
08-23 17:43:00.594 1082 1082 D SystemServerTiming: OnBootPhase_550_com.android.server.power.ThermalManagerService took to complete: 6ms
08-23 17:43:00.594 1082 1082 I SystemServerTiming: OnBootPhase_550_com.android.server.power.hint.HintManagerService
08-23 17:43:00.594 1082 1082 D SystemServerTiming: OnBootPhase_550_com.android.server.power.hint.HintManagerService took to complete: 0ms
08-23 17:43:00.594 1082 1082 I SystemServerTiming: OnBootPhase_550_com.android.server.recoverysystem.RecoverySystemService$Lifecycle
08-23 17:43:00.594 1082 1082 D SystemServerTiming: OnBootPhase_550_com.android.server.recoverysystem.RecoverySystemService$Lifecycle took to complete: 0ms
08-23 17:43:00.594 1082 1082 I SystemServerTiming: OnBootPhase_550_com.android.server.lights.LightsService
08-23 17:43:00.594 1082 1082 D SystemServerTiming: OnBootPhase_550_com.android.server.lights.LightsService took to complete: 0ms
08-23 17:43:00.594 1082 1082 I SystemServerTiming: OnBootPhase_550_com.android.server.display.DisplayManagerService
08-23 17:43:00.594 1082 1082 D SystemServerTiming: OnBootPhase_550_com.android.server.display.DisplayManagerService took to complete: 0ms
08-23 17:43:00.594 1082 1082 I SystemServerTiming: OnBootPhase_550_com.android.server.pm.verify.domain.DomainVerificationService
08-23 17:43:00.594 1082 1082 D SystemServerTiming: OnBootPhase_550_com.android.server.pm.verify.domain.DomainVerificationService took to complete: 0ms
08-23 17:43:00.594 1082 1082 I SystemServerTiming: OnBootPhase_550_com.android.server.pm.PackageInstallerService$Lifecycle
08-23 17:43:00.594 1082 1082 D SystemServerTiming: OnBootPhase_550_com.android.server.pm.PackageInstallerService$Lifecycle took to complete: 0ms
08-23 17:43:00.595 1082 1082 I SystemServerTiming: OnBootPhase_550_com.android.server.pm.UserManagerService$LifeCycle
08-23 17:43:00.595 1082 1082 D SystemServerTiming: OnBootPhase_550_com.android.server.pm.UserManagerService$LifeCycle took to complete: 0ms
08-23 17:43:00.595 1082 1082 I SystemServerTiming: OnBootPhase_550_com.android.server.om.OverlayManagerService
08-23 17:43:00.595 1082 1082 D SystemServerTiming: OnBootPhase_550_com.android.server.om.OverlayManagerService took to complete: 0ms
08-23 17:43:00.595 1082 1082 I SystemServerTiming: OnBootPhase_550_com.android.server.SensorPrivacyService
08-23 17:43:00.595 1082 1082 D SystemServerTiming: OnBootPhase_550_com.android.server.SensorPrivacyService took to complete: 0ms
08-23 17:43:00.595 1082 1082 I SystemServerTiming: OnBootPhase_550_com.android.server.sensors.SensorService
08-23 17:43:00.595 1082 1082 D SystemServerTiming: OnBootPhase_550_com.android.server.sensors.SensorService took to complete: 0ms
08-23 17:43:00.595 1082 1082 I SystemServerTiming: OnBootPhase_550_com.android.server.SystemConfigService
08-23 17:43:00.595 1082 1082 D SystemServerTiming: OnBootPhase_550_com.android.server.SystemConfigService took to complete: 0ms
08-23 17:43:00.595 1082 1082 I SystemServerTiming: OnBootPhase_550_com.android.server.BatteryService
08-23 17:43:00.596 1082 1082 D SystemServerTiming: OnBootPhase_550_com.android.server.BatteryService took to complete: 0ms
08-23 17:43:00.596 1082 1082 I SystemServerTiming: OnBootPhase_550_com.android.server.usage.UsageStatsService
08-23 17:43:00.596 1082 1082 D SystemServerTiming: OnBootPhase_550_com.android.server.usage.UsageStatsService took to complete: 0ms
08-23 17:43:00.596 1082 1082 I SystemServerTiming: OnBootPhase_550_com.android.server.webkit.WebViewUpdateService
08-23 17:43:00.596 1082 1082 D SystemServerTiming: OnBootPhase_550_com.android.server.webkit.WebViewUpdateService took to complete: 0ms
08-23 17:43:00.596 1082 1082 I SystemServerTiming: OnBootPhase_550_com.android.server.CachedDeviceStateService
08-23 17:43:00.596 1082 1082 D SystemServerTiming: OnBootPhase_550_com.android.server.CachedDeviceStateService took to complete: 0ms
08-23 17:43:00.596 1082 1082 I SystemServerTiming: OnBootPhase_550_com.android.server.BinderCallsStatsService$LifeCycle
08-23 17:43:00.596 1082 1082 D SystemServerTiming: OnBootPhase_550_com.android.server.BinderCallsStatsService$LifeCycle took to complete: 0ms
08-23 17:43:00.596 1082 1082 I SystemServerTiming: OnBootPhase_550_com.android.server.LooperStatsService$Lifecycle
08-23 17:43:00.596 1082 1082 D SystemServerTiming: OnBootPhase_550_com.android.server.LooperStatsService$Lifecycle took to complete: 0ms
08-23 17:43:00.596 1082 1082 I SystemServerTiming: OnBootPhase_550_com.android.server.rollback.RollbackManagerService
08-23 17:43:00.596 1082 1082 D SystemServerTiming: OnBootPhase_550_com.android.server.rollback.RollbackManagerService took to complete: 0ms
08-23 17:43:00.596 1082 1082 I SystemServerTiming: OnBootPhase_550_com.android.server.os.NativeTombstoneManagerService
08-23 17:43:00.597 1082 1082 D SystemServerTiming: OnBootPhase_550_com.android.server.os.NativeTombstoneManagerService took to complete: 0ms
08-23 17:43:00.597 1082 1082 I SystemServerTiming: OnBootPhase_550_com.android.server.os.BugreportManagerService
08-23 17:43:00.597 1082 1082 D SystemServerTiming: OnBootPhase_550_com.android.server.os.BugreportManagerService took to complete: 0ms
08-23 17:43:00.597 1082 1082 I SystemServerTiming: OnBootPhase_550_com.android.server.gpu.GpuService
08-23 17:43:00.597 1082 1082 D SystemServerTiming: OnBootPhase_550_com.android.server.gpu.GpuService took to complete: 0ms
08-23 17:43:00.597 1082 1082 I SystemServerTiming: OnBootPhase_550_com.android.server.security.KeyChainSystemService
08-23 17:43:00.597 1082 1082 D SystemServerTiming: OnBootPhase_550_com.android.server.security.KeyChainSystemService took to complete: 0ms
08-23 17:43:00.597 1082 1082 I SystemServerTiming: OnBootPhase_550_com.android.server.telecom.TelecomLoaderService
08-23 17:43:00.608 1082 1082 W ActivityManager: Too early to start/bind service in system_server: Phase=550 ComponentInfo{com.android.server.telecom/com.android.server.telecom.components.TelecomService}
08-23 17:43:00.611 1082 1082 D CompatibilityChangeReporter: Compat change id reported: 168419799; UID 1000; state: DISABLED
08-23 17:43:00.611 1082 1082 W ActivityManager: Too early to start/bind service in system_server: Phase=550 ComponentInfo{com.android.server.telecom/com.android.server.telecom.components.TelecomService}
08-23 17:43:00.612 1082 1082 D SystemServerTiming: OnBootPhase_550_com.android.server.telecom.TelecomLoaderService took to complete: 14ms
08-23 17:43:00.612 1082 1082 I SystemServerTiming: OnBootPhase_550_com.android.server.accounts.AccountManagerService$Lifecycle
08-23 17:43:00.612 1082 1082 D SystemServerTiming: OnBootPhase_550_com.android.server.accounts.AccountManagerService$Lifecycle took to complete: 0ms
08-23 17:43:00.612 1082 1082 I SystemServerTiming: OnBootPhase_550_com.android.server.content.ContentService$Lifecycle
08-23 17:43:00.614 1082 1082 I SyncManager: No initial accounts
08-23 17:43:00.619 1082 1082 D SystemServerTiming: OnBootPhase_550_com.android.server.content.ContentService$Lifecycle took to complete: 7ms
08-23 17:43:00.620 1082 1082 I SystemServerTiming: OnBootPhase_550_com.android.server.DropBoxManagerService
08-23 17:43:00.620 1082 1082 D SystemServerTiming: OnBootPhase_550_com.android.server.DropBoxManagerService took to complete: 0ms
08-23 17:43:00.620 1082 1082 I SystemServerTiming: OnBootPhase_550_com.android.role.RoleService
08-23 17:43:00.620 1082 1082 D SystemServerTiming: OnBootPhase_550_com.android.role.RoleService took to complete: 0ms
08-23 17:43:00.620 1082 1082 I SystemServerTiming: OnBootPhase_550_com.android.server.vibrator.VibratorManagerService$Lifecycle
08-23 17:43:00.620 1082 1082 D SystemServerTiming: OnBootPhase_550_com.android.server.vibrator.VibratorManagerService$Lifecycle took to complete: 0ms
08-23 17:43:00.620 1082 1082 I SystemServerTiming: OnBootPhase_550_com.android.server.alarm.AlarmManagerService
08-23 17:43:00.620 1082 1082 D SystemServerTiming: OnBootPhase_550_com.android.server.alarm.AlarmManagerService took to complete: 0ms
08-23 17:43:00.620 1082 1082 I SystemServerTiming: OnBootPhase_550_com.android.server.devicestate.DeviceStateManagerService
08-23 17:43:00.620 1082 1082 D SystemServerTiming: OnBootPhase_550_com.android.server.devicestate.DeviceStateManagerService took to complete: 0ms
08-23 17:43:00.620 1082 1082 I SystemServerTiming: OnBootPhase_550_com.android.server.camera.CameraServiceProxy
08-23 17:43:00.620 1082 1082 D SystemServerTiming: OnBootPhase_550_com.android.server.camera.CameraServiceProxy took to complete: 0ms
08-23 17:43:00.620 1082 1082 I SystemServerTiming: OnBootPhase_550_com.android.server.BluetoothService
08-23 17:43:00.620 1082 1082 D BluetoothManagerService: Bluetooth boot completed
08-23 17:43:00.621 1082 1082 D BluetoothManagerService: Auto-enabling Bluetooth.
08-23 17:43:00.621 1082 1184 D BluetoothManagerService: MESSAGE_ENABLE(0): mBluetooth = null
08-23 17:43:00.621 1082 1184 D BluetoothManagerService: MESSAGE_ENABLE: handleEnable
08-23 17:43:00.621 1082 1184 D BluetoothManagerService: binding Bluetooth service
08-23 17:43:00.625 1082 1184 D CompatibilityChangeReporter: Compat change id reported: 135634846; UID 1002; state: DISABLED
08-23 17:43:00.626 1082 1184 D CompatibilityChangeReporter: Compat change id reported: 177438394; UID 1002; state: DISABLED
08-23 17:43:00.626 1082 1184 D CompatibilityChangeReporter: Compat change id reported: 135772972; UID 1002; state: DISABLED
08-23 17:43:00.626 1082 1184 D CompatibilityChangeReporter: Compat change id reported: 135754954; UID 1002; state: ENABLED
08-23 17:43:00.637 1082 1184 D BluetoothManagerService: Binding BT service. Current user: 0
08-23 17:43:00.639 1082 1082 D SystemServerTiming: OnBootPhase_550_com.android.server.BluetoothService took to complete: 19ms
08-23 17:43:00.639 1082 1082 I SystemServerTiming: OnBootPhase_550_com.android.server.connectivity.IpConnectivityMetrics
08-23 17:43:00.639 1082 1082 D SystemServerTiming: OnBootPhase_550_com.android.server.connectivity.IpConnectivityMetrics took to complete: 0ms
08-23 17:43:00.639 1082 1082 I SystemServerTiming: OnBootPhase_550_com.android.server.net.watchlist.NetworkWatchlistService$Lifecycle
08-23 17:43:00.640 1082 1082 D SystemServerTiming: OnBootPhase_550_com.android.server.net.watchlist.NetworkWatchlistService$Lifecycle took to complete: 1ms
08-23 17:43:00.640 1082 1082 I SystemServerTiming: OnBootPhase_550_com.android.server.PinnerService
08-23 17:43:00.640 1082 1082 D SystemServerTiming: OnBootPhase_550_com.android.server.PinnerService took to complete: 0ms
08-23 17:43:00.640 1082 1082 I SystemServerTiming: OnBootPhase_550_com.google.android.startop.iorap.IorapForwardingService
08-23 17:43:00.640 1082 1082 D SystemServerTiming: OnBootPhase_550_com.google.android.startop.iorap.IorapForwardingService took to complete: 0ms
08-23 17:43:00.640 1082 1082 I SystemServerTiming: OnBootPhase_550_com.android.server.ActivityTriggerService
08-23 17:43:00.640 1082 1082 D SystemServerTiming: OnBootPhase_550_com.android.server.ActivityTriggerService took to complete: 0ms
08-23 17:43:00.640 1082 1082 I SystemServerTiming: OnBootPhase_550_com.android.server.integrity.AppIntegrityManagerService
08-23 17:43:00.641 1082 1082 D SystemServerTiming: OnBootPhase_550_com.android.server.integrity.AppIntegrityManagerService took to complete: 0ms
08-23 17:43:00.641 1082 1082 I SystemServerTiming: OnBootPhase_550_com.android.server.inputmethod.InputMethodManagerService$Lifecycle
08-23 17:43:00.680 1082 1210 W ActivityManager: Slow operation: 56ms so far, now at startProcess: returned from zygote!
08-23 17:43:00.681 1082 1210 W ActivityManager: Slow operation: 57ms so far, now at startProcess: done updating battery stats
08-23 17:43:00.681 1082 1210 W ActivityManager: Slow operation: 57ms so far, now at startProcess: building log message
08-23 17:43:00.681 1082 1210 I ActivityManager: Start proc 1877:com.android.bluetooth/1002 for service {com.android.bluetooth/com.android.bluetooth.btservice.AdapterService}
08-23 17:43:00.681 1082 1210 W ActivityManager: Slow operation: 57ms so far, now at startProcess: starting to update pids map
08-23 17:43:00.681 1082 1082 D SystemServerTiming: OnBootPhase_550_com.android.server.inputmethod.InputMethodManagerService$Lifecycle took to complete: 41ms
08-23 17:43:00.681 1082 1082 I SystemServerTiming: OnBootPhase_550_com.android.server.accessibility.AccessibilityManagerService$Lifecycle
08-23 17:43:00.681 1082 1082 D SystemServerTiming: OnBootPhase_550_com.android.server.accessibility.AccessibilityManagerService$Lifecycle took to complete: 0ms
08-23 17:43:00.681 1082 1082 I SystemServerTiming: OnBootPhase_550_com.android.server.StorageManagerService$Lifecycle
08-23 17:43:00.681 1082 1082 D SystemServerTiming: OnBootPhase_550_com.android.server.StorageManagerService$Lifecycle took to complete: 0ms
08-23 17:43:00.682 1082 1082 I SystemServerTiming: OnBootPhase_550_com.android.server.usage.StorageStatsService$Lifecycle
08-23 17:43:00.682 1082 1082 D SystemServerTiming: OnBootPhase_550_com.android.server.usage.StorageStatsService$Lifecycle took to complete: 0ms
08-23 17:43:00.682 1082 1082 I SystemServerTiming: OnBootPhase_550_com.android.server.UiModeManagerService
08-23 17:43:00.682 1082 1082 D SystemServerTiming: OnBootPhase_550_com.android.server.UiModeManagerService took to complete: 0ms
08-23 17:43:00.682 1082 1082 I SystemServerTiming: OnBootPhase_550_com.android.server.locksettings.LockSettingsService$Lifecycle
08-23 17:43:00.683 1082 1082 I RebootEscrowManager: No reboot escrow data found for users, skipping loading escrow data
08-23 17:43:00.683 1082 1210 W ActivityManager: Slow operation: 57ms so far, now at startProcess: done updating pids map
08-23 17:43:00.685 1082 1082 D SystemServerTiming: OnBootPhase_550_com.android.server.locksettings.LockSettingsService$Lifecycle took to complete: 3ms
08-23 17:43:00.685 1082 1082 I SystemServerTiming: OnBootPhase_550_com.android.server.PersistentDataBlockService
08-23 17:43:00.685 1082 1082 D SystemServerTiming: OnBootPhase_550_com.android.server.PersistentDataBlockService took to complete: 0ms
08-23 17:43:00.685 1082 1082 I SystemServerTiming: OnBootPhase_550_com.android.server.testharness.TestHarnessModeService
08-23 17:43:00.685 1082 1082 D SystemServerTiming: OnBootPhase_550_com.android.server.testharness.TestHarnessModeService took to complete: 0ms
08-23 17:43:00.685 1082 1082 I SystemServerTiming: OnBootPhase_550_com.android.server.oemlock.OemLockService
08-23 17:43:00.686 1082 1082 D SystemServerTiming: OnBootPhase_550_com.android.server.oemlock.OemLockService took to complete: 0ms
08-23 17:43:00.686 1082 1082 I SystemServerTiming: OnBootPhase_550_com.android.server.DeviceIdleController
08-23 17:43:00.686 1082 1082 D SystemServerTiming: OnBootPhase_550_com.android.server.DeviceIdleController took to complete: 0ms
08-23 17:43:00.686 1082 1082 I SystemServerTiming: OnBootPhase_550_com.android.server.devicepolicy.DevicePolicyManagerService$Lifecycle
08-23 17:43:00.686 1082 1082 D SystemServerTiming: OnBootPhase_550_com.android.server.devicepolicy.DevicePolicyManagerService$Lifecycle took to complete: 0ms
08-23 17:43:00.686 1082 1082 I SystemServerTiming: OnBootPhase_550_com.android.server.texttospeech.TextToSpeechManagerService
08-23 17:43:00.686 1082 1082 D SystemServerTiming: OnBootPhase_550_com.android.server.texttospeech.TextToSpeechManagerService took to complete: 0ms
08-23 17:43:00.686 1082 1082 I SystemServerTiming: OnBootPhase_550_com.android.server.speech.SpeechRecognitionManagerService
08-23 17:43:00.686 1082 1082 D SystemServerTiming: OnBootPhase_550_com.android.server.speech.SpeechRecognitionManagerService took to complete: 0ms
08-23 17:43:00.686 1082 1082 I SystemServerTiming: OnBootPhase_550_com.android.server.searchui.SearchUiManagerService
08-23 17:43:00.686 1082 1082 D SystemServerTiming: OnBootPhase_550_com.android.server.searchui.SearchUiManagerService took to complete: 0ms
08-23 17:43:00.686 1082 1082 I SystemServerTiming: OnBootPhase_550_com.android.server.smartspace.SmartspaceManagerService
08-23 17:43:00.687 1082 1082 D SystemServerTiming: OnBootPhase_550_com.android.server.smartspace.SmartspaceManagerService took to complete: 0ms
08-23 17:43:00.687 1082 1082 I SystemServerTiming: OnBootPhase_550_com.android.server.graphics.fonts.FontManagerService$Lifecycle
08-23 17:43:00.687 1082 1082 D SystemServerTiming: OnBootPhase_550_com.android.server.graphics.fonts.FontManagerService$Lifecycle took to complete: 0ms
08-23 17:43:00.687 1082 1082 I SystemServerTiming: OnBootPhase_550_com.android.server.textservices.TextServicesManagerService$Lifecycle
08-23 17:43:00.687 1082 1082 D SystemServerTiming: OnBootPhase_550_com.android.server.textservices.TextServicesManagerService$Lifecycle took to complete: 0ms
08-23 17:43:00.687 1082 1082 I SystemServerTiming: OnBootPhase_550_com.android.server.textclassifier.TextClassificationManagerService$Lifecycle
08-23 17:43:00.687 1082 1082 D SystemServerTiming: OnBootPhase_550_com.android.server.textclassifier.TextClassificationManagerService$Lifecycle took to complete: 0ms
08-23 17:43:00.687 1082 1082 I SystemServerTiming: OnBootPhase_550_com.android.server.NetworkScoreService$Lifecycle
08-23 17:43:00.687 1082 1082 D SystemServerTiming: OnBootPhase_550_com.android.server.NetworkScoreService$Lifecycle took to complete: 0ms
08-23 17:43:00.687 1082 1082 I SystemServerTiming: OnBootPhase_550_com.android.server.wifi.WifiService
08-23 17:43:00.687 1082 1082 D SystemServerTiming: OnBootPhase_550_com.android.server.wifi.WifiService took to complete: 0ms
08-23 17:43:00.687 1082 1082 I SystemServerTiming: OnBootPhase_550_com.android.server.wifi.scanner.WifiScanningService
08-23 17:43:00.687 1082 1082 D SystemServerTiming: OnBootPhase_550_com.android.server.wifi.scanner.WifiScanningService took to complete: 0ms
08-23 17:43:00.687 1082 1082 I SystemServerTiming: OnBootPhase_550_com.android.server.wifi.rtt.RttService
08-23 17:43:00.687 1082 1082 D SystemServerTiming: OnBootPhase_550_com.android.server.wifi.rtt.RttService took to complete: 0ms
08-23 17:43:00.687 1082 1082 I SystemServerTiming: OnBootPhase_550_com.android.server.wifi.aware.WifiAwareService
08-23 17:43:00.687 1082 1082 D SystemServerTiming: OnBootPhase_550_com.android.server.wifi.aware.WifiAwareService took to complete: 0ms
08-23 17:43:00.688 1082 1082 I SystemServerTiming: OnBootPhase_550_com.android.server.wifi.p2p.WifiP2pService
08-23 17:43:00.688 1082 1082 D SystemServerTiming: OnBootPhase_550_com.android.server.wifi.p2p.WifiP2pService took to complete: 0ms
08-23 17:43:00.688 1082 1082 I SystemServerTiming: OnBootPhase_550_com.android.server.ethernet.EthernetService
08-23 17:43:00.688 1082 1082 D SystemServerTiming: OnBootPhase_550_com.android.server.ethernet.EthernetService took to complete: 0ms
08-23 17:43:00.688 1082 1082 I SystemServerTiming: OnBootPhase_550_com.android.server.ConnectivityServiceInitializer
08-23 17:43:00.688 1082 1082 D SystemServerTiming: OnBootPhase_550_com.android.server.ConnectivityServiceInitializer took to complete: 0ms
08-23 17:43:00.688 1082 1082 I SystemServerTiming: OnBootPhase_550_com.android.server.notification.NotificationManagerService
08-23 17:43:00.688 1082 1082 D SystemServerTiming: OnBootPhase_550_com.android.server.notification.NotificationManagerService took to complete: 0ms
08-23 17:43:00.688 1082 1082 I SystemServerTiming: OnBootPhase_550_com.android.server.storage.DeviceStorageMonitorService
08-23 17:43:00.688 1082 1082 D SystemServerTiming: OnBootPhase_550_com.android.server.storage.DeviceStorageMonitorService took to complete: 0ms
08-23 17:43:00.688 1082 1082 I SystemServerTiming: OnBootPhase_550_com.android.server.location.LocationManagerService$Lifecycle
08-23 17:43:00.688 1082 1082 D SystemServerTiming: OnBootPhase_550_com.android.server.location.LocationManagerService$Lifecycle took to complete: 0ms
08-23 17:43:00.688 1082 1082 I SystemServerTiming: OnBootPhase_550_com.android.server.timedetector.TimeDetectorService$Lifecycle
08-23 17:43:00.688 1082 1082 D SystemServerTiming: OnBootPhase_550_com.android.server.timedetector.TimeDetectorService$Lifecycle took to complete: 0ms
08-23 17:43:00.688 1082 1082 I SystemServerTiming: OnBootPhase_550_com.android.server.timezonedetector.TimeZoneDetectorService$Lifecycle
08-23 17:43:00.689 1082 1082 D SystemServerTiming: OnBootPhase_550_com.android.server.timezonedetector.TimeZoneDetectorService$Lifecycle took to complete: 0ms
08-23 17:43:00.689 1082 1082 I SystemServerTiming: OnBootPhase_550_com.android.server.timezonedetector.location.LocationTimeZoneManagerService$Lifecycle
08-23 17:43:00.689 1082 1082 D SystemServerTiming: OnBootPhase_550_com.android.server.timezonedetector.location.LocationTimeZoneManagerService$Lifecycle took to complete: 0ms
08-23 17:43:00.689 1082 1082 I SystemServerTiming: OnBootPhase_550_com.android.server.search.SearchManagerService$Lifecycle
08-23 17:43:00.689 1082 1082 D SystemServerTiming: OnBootPhase_550_com.android.server.search.SearchManagerService$Lifecycle took to complete: 0ms
08-23 17:43:00.689 1082 1082 I SystemServerTiming: OnBootPhase_550_com.android.server.wallpaper.WallpaperManagerService$Lifecycle
08-23 17:43:00.692 1082 1082 I WallpaperManagerService: No static wallpaper imagery; defaults will be shown
08-23 17:43:00.692 1082 1082 V WallpaperManagerService: bindWallpaperComponentLocked: componentName=ComponentInfo{com.android.systemui/com.android.systemui.ImageWallpaper}
08-23 17:43:00.695 1082 1082 D CompatibilityChangeReporter: Compat change id reported: 135634846; UID 10088; state: DISABLED
08-23 17:43:00.695 1082 1082 D CompatibilityChangeReporter: Compat change id reported: 177438394; UID 10088; state: DISABLED
08-23 17:43:00.696 1082 1082 D CompatibilityChangeReporter: Compat change id reported: 135772972; UID 10088; state: DISABLED
08-23 17:43:00.696 1082 1082 D CompatibilityChangeReporter: Compat change id reported: 135754954; UID 10088; state: ENABLED
08-23 17:43:00.696 1082 1210 D CompatibilityChangeReporter: Compat change id reported: 143937733; UID 10088; state: ENABLED
08-23 17:43:00.702 1082 1082 W WallpaperManagerService: Invalid wallpaper data
08-23 17:43:00.702 1082 1082 E WallpaperManagerService: Unable to apply new wallpaper
08-23 17:43:00.703 1082 1082 D SystemServerTiming: OnBootPhase_550_com.android.server.wallpaper.WallpaperManagerService$Lifecycle took to complete: 14ms
08-23 17:43:00.703 1082 1082 I SystemServerTiming: OnBootPhase_550_com.android.server.audio.AudioService$Lifecycle
08-23 17:43:00.703 1082 1082 D SystemServerTiming: OnBootPhase_550_com.android.server.audio.AudioService$Lifecycle took to complete: 0ms
08-23 17:43:00.703 1082 1082 I SystemServerTiming: OnBootPhase_550_com.android.server.soundtrigger_middleware.SoundTriggerMiddlewareService$Lifecycle
08-23 17:43:00.703 1082 1082 D SystemServerTiming: OnBootPhase_550_com.android.server.soundtrigger_middleware.SoundTriggerMiddlewareService$Lifecycle took to complete: 0ms
08-23 17:43:00.703 1082 1082 I SystemServerTiming: OnBootPhase_550_com.android.server.DockObserver
08-23 17:43:00.704 1082 1082 D SystemServerTiming: OnBootPhase_550_com.android.server.DockObserver took to complete: 0ms
08-23 17:43:00.704 1082 1082 I SystemServerTiming: OnBootPhase_550_com.android.server.midi.MidiService$Lifecycle
08-23 17:43:00.704 1082 1082 D SystemServerTiming: OnBootPhase_550_com.android.server.midi.MidiService$Lifecycle took to complete: 0ms
08-23 17:43:00.704 1082 1082 I SystemServerTiming: OnBootPhase_550_com.android.server.adb.AdbService$Lifecycle
08-23 17:43:00.704 1082 1082 D SystemServerTiming: OnBootPhase_550_com.android.server.adb.AdbService$Lifecycle took to complete: 0ms
08-23 17:43:00.704 1082 1082 I SystemServerTiming: OnBootPhase_550_com.android.server.usb.UsbService$Lifecycle
08-23 17:43:00.708 1082 1825 W BluetoothManagerService: bindBluetoothProfileService:Trying to bind to profile: 1, while Bluetooth is disabled
08-23 17:43:00.709 1082 1082 D SystemServerTiming: OnBootPhase_550_com.android.server.usb.UsbService$Lifecycle took to complete: 0ms
08-23 17:43:00.709 1082 1082 I SystemServerTiming: OnBootPhase_550_com.android.server.twilight.TwilightService
08-23 17:43:00.709 1082 1082 D SystemServerTiming: OnBootPhase_550_com.android.server.twilight.TwilightService took to complete: 0ms
08-23 17:43:00.709 1082 1082 I SystemServerTiming: OnBootPhase_550_com.android.server.display.color.ColorDisplayService
08-23 17:43:00.709 1082 1082 D SystemServerTiming: OnBootPhase_550_com.android.server.display.color.ColorDisplayService took to complete: 0ms
08-23 17:43:00.709 1082 1082 I SystemServerTiming: OnBootPhase_550_com.android.server.job.JobSchedulerService
08-23 17:43:00.709 1082 1082 D SystemServerTiming: OnBootPhase_550_com.android.server.job.JobSchedulerService took to complete: 0ms
08-23 17:43:00.709 1082 1082 I SystemServerTiming: OnBootPhase_550_com.android.server.soundtrigger.SoundTriggerService
08-23 17:43:00.709 1082 1082 D SoundTriggerService: onBootPhase: 550 : false
08-23 17:43:00.710 1082 1658 I SystemServerTimingAsync: InitThreadPoolExec:UsbService$Lifecycle#onBootPhase
08-23 17:43:00.710 1082 1658 D SystemServerInitThreadPool: Started executing UsbService$Lifecycle#onBootPhase
08-23 17:43:00.711 1082 1082 D SystemServerTiming: OnBootPhase_550_com.android.server.soundtrigger.SoundTriggerService took to complete: 2ms
08-23 17:43:00.711 1082 1082 I SystemServerTiming: OnBootPhase_550_com.android.server.trust.TrustManagerService
08-23 17:43:00.712 1082 1082 D SystemServerTiming: OnBootPhase_550_com.android.server.trust.TrustManagerService took to complete: 0ms
08-23 17:43:00.712 1082 1082 I SystemServerTiming: OnBootPhase_550_com.android.server.backup.BackupManagerService$Lifecycle
08-23 17:43:00.712 1082 1082 D SystemServerTiming: OnBootPhase_550_com.android.server.backup.BackupManagerService$Lifecycle took to complete: 0ms
08-23 17:43:00.713 1082 1082 I SystemServerTiming: OnBootPhase_550_com.android.server.appwidget.AppWidgetService
08-23 17:43:00.713 1082 1082 D SystemServerTiming: OnBootPhase_550_com.android.server.appwidget.AppWidgetService took to complete: 0ms
08-23 17:43:00.713 1082 1082 I SystemServerTiming: OnBootPhase_550_com.android.server.voiceinteraction.VoiceInteractionManagerService
08-23 17:43:00.713 1082 1082 D SystemServerTiming: OnBootPhase_550_com.android.server.voiceinteraction.VoiceInteractionManagerService took to complete: 0ms
08-23 17:43:00.713 1082 1082 I SystemServerTiming: OnBootPhase_550_com.android.server.apphibernation.AppHibernationService
08-23 17:43:00.713 1082 1082 D SystemServerTiming: OnBootPhase_550_com.android.server.apphibernation.AppHibernationService took to complete: 0ms
08-23 17:43:00.714 1082 1082 I SystemServerTiming: OnBootPhase_550_com.android.server.GestureLauncherService
08-23 17:43:00.714 1082 1082 D SystemServerTiming: OnBootPhase_550_com.android.server.GestureLauncherService took to complete: 0ms
08-23 17:43:00.714 1082 1082 I SystemServerTiming: OnBootPhase_550_com.android.server.SensorNotificationService
08-23 17:43:00.714 1082 1696 I UsbPortManager: ClientCallback V1_2:
08-23 17:43:00.714 1082 1082 D SystemServerTiming: OnBootPhase_550_com.android.server.SensorNotificationService took to complete: 0ms
08-23 17:43:00.714 1082 1082 I SystemServerTiming: OnBootPhase_550_com.android.server.emergency.EmergencyAffordanceService
08-23 17:43:00.714 1082 1082 D SystemServerTiming: OnBootPhase_550_com.android.server.emergency.EmergencyAffordanceService took to complete: 0ms
08-23 17:43:00.714 1082 1082 I SystemServerTiming: OnBootPhase_550_com.android.server.blob.BlobStoreManagerService
08-23 17:43:00.715 1082 1658 D SystemServerInitThreadPool: Finished executing UsbService$Lifecycle#onBootPhase
08-23 17:43:00.715 1082 1658 D SystemServerTimingAsync: InitThreadPoolExec:UsbService$Lifecycle#onBootPhase took to complete: 5ms
08-23 17:43:00.715 1082 1182 I UsbPortManager: USB port added: port=UsbPort{id=, supportedModes=nonesupportedContaminantProtectionModes=0supportsEnableContaminantPresenceProtection=falsesupportsEnableContaminantPresenceDetection=false, status=UsbPortStatus{connected=false, currentMode=none, currentPowerRole=no-power, currentDataRole=no-data, supportedRoleCombinations=[no-power:no-data], contaminantDetectionStatus=0, contaminantProtectionStatus=0}, canChangeMode=false, canChangePowerRole=false, canChangeDataRole=false, connectedAtMillis=0, lastConnectDurationMillis=0
08-23 17:43:00.748 1082 1082 D SystemServerTiming: OnBootPhase_550_com.android.server.blob.BlobStoreManagerService took to complete: 34ms
08-23 17:43:00.749 1082 1082 I SystemServerTiming: OnBootPhase_550_com.android.server.dreams.DreamManagerService
08-23 17:43:00.749 1082 1082 D SystemServerTiming: OnBootPhase_550_com.android.server.dreams.DreamManagerService took to complete: 0ms
08-23 17:43:00.749 1082 1082 I SystemServerTiming: OnBootPhase_550_com.android.server.companion.CompanionDeviceManagerService
08-23 17:43:00.749 1082 1082 D SystemServerTiming: OnBootPhase_550_com.android.server.companion.CompanionDeviceManagerService took to complete: 0ms
08-23 17:43:00.749 1082 1082 I SystemServerTiming: OnBootPhase_550_com.android.server.restrictions.RestrictionsManagerService
08-23 17:43:00.749 1082 1082 D SystemServerTiming: OnBootPhase_550_com.android.server.restrictions.RestrictionsManagerService took to complete: 0ms
08-23 17:43:00.749 1082 1082 I SystemServerTiming: OnBootPhase_550_com.android.server.media.MediaSessionService
08-23 17:43:00.750 1082 1082 D SystemServerTiming: OnBootPhase_550_com.android.server.media.MediaSessionService took to complete: 0ms
08-23 17:43:00.750 1082 1082 I SystemServerTiming: OnBootPhase_550_com.android.server.media.MediaResourceMonitorService
08-23 17:43:00.750 1082 1082 D SystemServerTiming: OnBootPhase_550_com.android.server.media.MediaResourceMonitorService took to complete: 0ms
08-23 17:43:00.750 1082 1082 I SystemServerTiming: OnBootPhase_550_com.android.server.biometrics.sensors.fingerprint.FingerprintService
08-23 17:43:00.750 1082 1082 D SystemServerTiming: OnBootPhase_550_com.android.server.biometrics.sensors.fingerprint.FingerprintService took to complete: 0ms
08-23 17:43:00.750 1082 1082 I SystemServerTiming: OnBootPhase_550_com.android.server.biometrics.BiometricService
08-23 17:43:00.750 1082 1082 D SystemServerTiming: OnBootPhase_550_com.android.server.biometrics.BiometricService took to complete: 0ms
08-23 17:43:00.750 1082 1082 I SystemServerTiming: OnBootPhase_550_com.android.server.biometrics.AuthService
08-23 17:43:00.750 1082 1082 D SystemServerTiming: OnBootPhase_550_com.android.server.biometrics.AuthService took to complete: 0ms
08-23 17:43:00.750 1082 1082 I SystemServerTiming: OnBootPhase_550_com.android.server.pm.ShortcutService$Lifecycle
08-23 17:43:00.750 1082 1082 D SystemServerTiming: OnBootPhase_550_com.android.server.pm.ShortcutService$Lifecycle took to complete: 0ms
08-23 17:43:00.750 1082 1082 I SystemServerTiming: OnBootPhase_550_com.android.server.pm.LauncherAppsService
08-23 17:43:00.751 1082 1082 D SystemServerTiming: OnBootPhase_550_com.android.server.pm.LauncherAppsService took to complete: 0ms
08-23 17:43:00.751 1082 1082 I SystemServerTiming: OnBootPhase_550_com.android.server.pm.CrossProfileAppsService
08-23 17:43:00.751 1082 1082 D SystemServerTiming: OnBootPhase_550_com.android.server.pm.CrossProfileAppsService took to complete: 0ms
08-23 17:43:00.751 1082 1082 I SystemServerTiming: OnBootPhase_550_com.android.server.people.PeopleService
08-23 17:43:00.751 1082 1082 D SystemServerTiming: OnBootPhase_550_com.android.server.people.PeopleService took to complete: 0ms
08-23 17:43:00.751 1082 1082 I SystemServerTiming: OnBootPhase_550_com.android.server.media.metrics.MediaMetricsManagerService
08-23 17:43:00.751 1082 1082 D SystemServerTiming: OnBootPhase_550_com.android.server.media.metrics.MediaMetricsManagerService took to complete: 0ms
08-23 17:43:00.751 1082 1082 I SystemServerTiming: OnBootPhase_550_com.android.server.media.projection.MediaProjectionManagerService
08-23 17:43:00.751 1082 1082 D SystemServerTiming: OnBootPhase_550_com.android.server.media.projection.MediaProjectionManagerService took to complete: 0ms
08-23 17:43:00.752 1082 1082 I SystemServerTiming: OnBootPhase_550_com.android.server.slice.SliceManagerService$Lifecycle
08-23 17:43:00.752 1082 1082 D SystemServerTiming: OnBootPhase_550_com.android.server.slice.SliceManagerService$Lifecycle took to complete: 0ms
08-23 17:43:00.752 1082 1082 I SystemServerTiming: OnBootPhase_550_com.android.server.stats.StatsCompanion$Lifecycle
08-23 17:43:00.752 1082 1082 D SystemServerTiming: OnBootPhase_550_com.android.server.stats.StatsCompanion$Lifecycle took to complete: 0ms
08-23 17:43:00.753 1082 1082 I SystemServerTiming: OnBootPhase_550_com.android.server.scheduling.RebootReadinessManagerService$Lifecycle
08-23 17:43:00.753 1082 1082 D SystemServerTiming: OnBootPhase_550_com.android.server.scheduling.RebootReadinessManagerService$Lifecycle took to complete: 0ms
08-23 17:43:00.753 1082 1082 I SystemServerTiming: OnBootPhase_550_com.android.server.stats.pull.StatsPullAtomService
08-23 17:43:00.753 1082 1082 D SystemServerTiming: OnBootPhase_550_com.android.server.stats.pull.StatsPullAtomService took to complete: 0ms
08-23 17:43:00.753 1082 1082 I SystemServerTiming: OnBootPhase_550_com.android.server.incident.IncidentCompanionService
08-23 17:43:00.753 1082 1082 D SystemServerTiming: OnBootPhase_550_com.android.server.incident.IncidentCompanionService took to complete: 0ms
08-23 17:43:00.753 1082 1082 I SystemServerTiming: OnBootPhase_550_com.android.server.MmsServiceBroker
08-23 17:43:00.753 1082 1082 D SystemServerTiming: OnBootPhase_550_com.android.server.MmsServiceBroker took to complete: 0ms
08-23 17:43:00.753 1082 1082 I SystemServerTiming: OnBootPhase_550_com.android.server.autofill.AutofillManagerService
08-23 17:43:00.753 1082 1082 D SystemServerTiming: OnBootPhase_550_com.android.server.autofill.AutofillManagerService took to complete: 0ms
08-23 17:43:00.754 1082 1082 I SystemServerTiming: OnBootPhase_550_com.android.server.clipboard.ClipboardService
08-23 17:43:00.754 1082 1082 D SystemServerTiming: OnBootPhase_550_com.android.server.clipboard.ClipboardService took to complete: 0ms
08-23 17:43:00.754 1082 1082 I SystemServerTiming: OnBootPhase_550_com.android.server.appbinding.AppBindingService$Lifecycle
08-23 17:43:00.755 1082 1210 W ActivityManager: Slow operation: 60ms so far, now at startProcess: returned from zygote!
08-23 17:43:00.756 1082 1210 W ActivityManager: Slow operation: 60ms so far, now at startProcess: done updating battery stats
08-23 17:43:00.756 1082 1210 W ActivityManager: Slow operation: 60ms so far, now at startProcess: building log message
08-23 17:43:00.756 1082 1210 I ActivityManager: Start proc 1889:com.android.systemui/u0a88 for service {com.android.systemui/com.android.systemui.ImageWallpaper}
08-23 17:43:00.756 1082 1210 W ActivityManager: Slow operation: 61ms so far, now at startProcess: starting to update pids map
08-23 17:43:00.756 1082 1210 W ActivityManager: Slow operation: 61ms so far, now at startProcess: done updating pids map
08-23 17:43:00.764 1082 1082 I AppBindingService: Updating constants with: null
08-23 17:43:00.765 1082 1082 D SystemServerTiming: OnBootPhase_550_com.android.server.appbinding.AppBindingService$Lifecycle took to complete: 11ms
08-23 17:43:00.767 1082 1082 I SystemServerTiming: OnBootPhase_550_com.android.server.tracing.TracingServiceProxy
08-23 17:43:00.767 1082 1082 D SystemServerTiming: OnBootPhase_550_com.android.server.tracing.TracingServiceProxy took to complete: 0ms
08-23 17:43:00.767 1082 1082 I SystemServerTiming: OnBootPhase_550_com.android.server.policy.PermissionPolicyService
08-23 17:43:00.787 1082 1864 D CompatibilityChangeReporter: Compat change id reported: 168419799; UID 1002; state: DISABLED
08-23 17:43:00.790 1082 1897 I DropBoxManagerService: add tag=system_server_wtf isTagEnabled=true flags=0x2
08-23 17:43:00.791 1082 1894 I DropBoxManagerService: add tag=system_server_wtf isTagEnabled=true flags=0x2
08-23 17:43:00.799 1082 1082 I PackageManager: Permission ownership changed. Updating all permissions.
08-23 17:43:00.823 1082 1082 W SystemServiceManager: Service com.android.server.policy.PermissionPolicyService took 56 ms in onBootPhase
08-23 17:43:00.823 1082 1082 D SystemServerTiming: OnBootPhase_550_com.android.server.policy.PermissionPolicyService took to complete: 56ms
08-23 17:43:00.823 1082 1082 I SystemServerTiming: OnBootPhase_550_com.android.server.pm.StagingManager$Lifecycle
08-23 17:43:00.823 1082 1082 D SystemServerTiming: OnBootPhase_550_com.android.server.pm.StagingManager$Lifecycle took to complete: 0ms
08-23 17:43:00.823 1082 1082 I SystemServerTiming: OnBootPhase_550_com.android.server.app.GameManagerService$Lifecycle
08-23 17:43:00.823 1082 1082 D SystemServerTiming: OnBootPhase_550_com.android.server.app.GameManagerService$Lifecycle took to complete: 0ms
08-23 17:43:00.823 1082 1082 I SystemServerTiming: OnBootPhase_550_com.android.server.appsearch.AppSearchManagerService
08-23 17:43:00.823 1082 1082 D SystemServerTiming: OnBootPhase_550_com.android.server.appsearch.AppSearchManagerService took to complete: 0ms
08-23 17:43:00.823 1082 1082 I SystemServerTiming: OnBootPhase_550_com.android.server.media.MediaCommunicationService
08-23 17:43:00.824 1082 1082 D SystemServerTiming: OnBootPhase_550_com.android.server.media.MediaCommunicationService took to complete: 0ms
08-23 17:43:00.824 1082 1082 D SystemServerTiming: OnBootPhase_550 took to complete: 236ms
08-23 17:43:00.825 1082 1082 D SystemServerTiming: StartActivityManagerReadyPhase took to complete: 237ms
08-23 17:43:00.826 1082 1082 I SystemServerTiming: StartObservingNativeCrashes
08-23 17:43:00.826 1082 1082 D SystemServerTiming: StartObservingNativeCrashes took to complete: 1ms
08-23 17:43:00.826 1082 1082 I SystemServerTiming: RegisterAppOpsPolicy
08-23 17:43:00.828 1082 1082 D SystemServerTiming: RegisterAppOpsPolicy took to complete: 2ms
08-23 17:43:00.829 1082 1082 I SystemServerTiming: MakeNetworkManagementServiceReady
08-23 17:43:00.829 1082 1716 I SystemServerTimingAsync: InitThreadPoolExec:WebViewFactoryPreparation
08-23 17:43:00.829 1082 1716 D SystemServerInitThreadPool: Started executing WebViewFactoryPreparation
08-23 17:43:00.829 1082 1716 I SystemServer: WebViewFactoryPreparation
08-23 17:43:00.829 1082 1716 I SystemServerTimingAsync: WebViewFactoryPreparation
08-23 17:43:00.832 1082 1716 D CompatibilityChangeReporter: Compat change id reported: 135634846; UID 1000; state: DISABLED
08-23 17:43:00.834 1082 1716 D CompatibilityChangeReporter: Compat change id reported: 177438394; UID 1000; state: DISABLED
08-23 17:43:00.834 1082 1716 D CompatibilityChangeReporter: Compat change id reported: 135772972; UID 1000; state: DISABLED
08-23 17:43:00.834 1082 1716 D CompatibilityChangeReporter: Compat change id reported: 178038272; UID 1000; state: DISABLED
08-23 17:43:00.836 1082 1716 D SystemServerTimingAsync: WebViewFactoryPreparation took to complete: 7ms
08-23 17:43:00.836 1082 1716 D SystemServerInitThreadPool: Finished executing WebViewFactoryPreparation
08-23 17:43:00.836 1082 1716 D SystemServerTimingAsync: InitThreadPoolExec:WebViewFactoryPreparation took to complete: 7ms
08-23 17:43:00.851 1082 1082 D SystemServerTiming: MakeNetworkManagementServiceReady took to complete: 22ms
08-23 17:43:00.851 1082 1082 I SystemServerTiming: MakeIpSecServiceReady
08-23 17:43:00.864 1082 1082 D IpSecService: IpSecService is ready
08-23 17:43:00.864 1082 1082 D SystemServerTiming: MakeIpSecServiceReady took to complete: 13ms
08-23 17:43:00.864 1082 1082 I SystemServerTiming: MakeNetworkStatsServiceReady
08-23 17:43:00.872 1082 1732 W NetworkPolicy: setRestrictBackgroundUL: already false
08-23 17:43:00.888 1082 1864 D CompatibilityChangeReporter: Compat change id reported: 168419799; UID 10088; state: DISABLED
08-23 17:43:00.903 1082 1731 D TelephonyRegistry: listen oscl: mHasNotifySubscriptionInfoChangedOccurred==false no callback
08-23 17:43:00.909 1082 1082 D SystemServerTiming: MakeNetworkStatsServiceReady took to complete: 44ms
08-23 17:43:00.909 1082 1082 I SystemServerTiming: MakeConnectivityServiceReady
08-23 17:43:00.910 1082 1732 D TelephonyRegistry: listen oscl: mHasNotifySubscriptionInfoChangedOccurred==false no callback
08-23 17:43:00.934 1082 1082 D SystemServerTiming: MakeConnectivityServiceReady took to complete: 24ms
08-23 17:43:00.934 1082 1082 I SystemServerTiming: MakeVpnManagerServiceReady
08-23 17:43:00.946 1082 1082 D SystemServerTiming: MakeVpnManagerServiceReady took to complete: 13ms
08-23 17:43:00.946 1082 1082 I SystemServerTiming: MakeVcnManagementServiceReady
08-23 17:43:00.947 1082 1082 D TelephonyRegistry: listen oscl: mHasNotifySubscriptionInfoChangedOccurred==false no callback
08-23 17:43:00.955 1082 1082 D SystemServerTiming: MakeVcnManagementServiceReady took to complete: 9ms
08-23 17:43:00.955 1082 1082 I SystemServerTiming: MakeNetworkPolicyServiceReady
08-23 17:43:00.956 1082 1082 D SystemServerTiming: MakeNetworkPolicyServiceReady took to complete: 1ms
08-23 17:43:00.956 1082 1082 I SystemServerTiming: PhaseThirdPartyAppsCanStart
08-23 17:43:00.956 1082 1082 I SystemServiceManager: Starting phase 600
08-23 17:43:00.956 1082 1082 I SystemServerTiming: OnBootPhase_600
08-23 17:43:00.956 1082 1082 I SystemServerTiming: OnBootPhase_600_com.android.server.security.FileIntegrityService
08-23 17:43:00.956 1082 1082 D SystemServerTiming: OnBootPhase_600_com.android.server.security.FileIntegrityService took to complete: 0ms
08-23 17:43:00.956 1082 1082 I SystemServerTiming: OnBootPhase_600_com.android.server.pm.Installer
08-23 17:43:00.956 1082 1082 D SystemServerTiming: OnBootPhase_600_com.android.server.pm.Installer took to complete: 0ms
08-23 17:43:00.956 1082 1082 I SystemServerTiming: OnBootPhase_600_com.android.server.os.DeviceIdentifiersPolicyService
08-23 17:43:00.957 1082 1082 D SystemServerTiming: OnBootPhase_600_com.android.server.os.DeviceIdentifiersPolicyService took to complete: 0ms
08-23 17:43:00.957 1082 1082 I SystemServerTiming: OnBootPhase_600_com.android.server.uri.UriGrantsManagerService$Lifecycle
08-23 17:43:00.957 1082 1082 D SystemServerTiming: OnBootPhase_600_com.android.server.uri.UriGrantsManagerService$Lifecycle took to complete: 0ms
08-23 17:43:00.957 1082 1082 I SystemServerTiming: OnBootPhase_600_com.android.server.powerstats.PowerStatsService
08-23 17:43:00.957 1082 1082 D SystemServerTiming: OnBootPhase_600_com.android.server.powerstats.PowerStatsService took to complete: 0ms
08-23 17:43:00.957 1082 1082 I SystemServerTiming: OnBootPhase_600_com.android.server.wm.ActivityTaskManagerService$Lifecycle
08-23 17:43:00.957 1082 1082 D SystemServerTiming: OnBootPhase_600_com.android.server.wm.ActivityTaskManagerService$Lifecycle took to complete: 0ms
08-23 17:43:00.957 1082 1082 I SystemServerTiming: OnBootPhase_600_com.android.server.am.ActivityManagerService$Lifecycle
08-23 17:43:00.958 1082 1082 I ExplicitHealthCheckController: Explicit health checks enabled.
08-23 17:43:00.958 1082 1082 I PackageWatchdog: Syncing state, reason: health check state enabled
08-23 17:43:00.959 1082 1082 I PackageWatchdog: Not pruning observers, elapsed time: 0ms
08-23 17:43:00.959 1082 1082 I PackageWatchdog: Cancelling state sync, nothing to sync
08-23 17:43:00.959 1082 1082 D SystemServerTiming: OnBootPhase_600_com.android.server.am.ActivityManagerService$Lifecycle took to complete: 2ms
08-23 17:43:00.959 1082 1082 I SystemServerTiming: OnBootPhase_600_com.android.server.pm.DataLoaderManagerService
08-23 17:43:00.959 1082 1082 D SystemServerTiming: OnBootPhase_600_com.android.server.pm.DataLoaderManagerService took to complete: 0ms
08-23 17:43:00.959 1082 1082 I SystemServerTiming: OnBootPhase_600_com.android.server.power.PowerManagerService
08-23 17:43:00.960 1082 1200 I PackageWatchdog: Saving observer state to file
08-23 17:43:00.963 1082 1082 D SystemServerTiming: OnBootPhase_600_com.android.server.power.PowerManagerService took to complete: 4ms
08-23 17:43:00.963 1082 1082 I SystemServerTiming: OnBootPhase_600_com.android.server.power.ThermalManagerService
08-23 17:43:00.964 1082 1082 D SystemServerTiming: OnBootPhase_600_com.android.server.power.ThermalManagerService took to complete: 0ms
08-23 17:43:00.964 1082 1082 I SystemServerTiming: OnBootPhase_600_com.android.server.power.hint.HintManagerService
08-23 17:43:00.964 1082 1082 D SystemServerTiming: OnBootPhase_600_com.android.server.power.hint.HintManagerService took to complete: 0ms
08-23 17:43:00.964 1082 1082 I SystemServerTiming: OnBootPhase_600_com.android.server.recoverysystem.RecoverySystemService$Lifecycle
08-23 17:43:00.964 1082 1082 D SystemServerTiming: OnBootPhase_600_com.android.server.recoverysystem.RecoverySystemService$Lifecycle took to complete: 0ms
08-23 17:43:00.964 1082 1082 I SystemServerTiming: OnBootPhase_600_com.android.server.lights.LightsService
08-23 17:43:00.964 1082 1082 D SystemServerTiming: OnBootPhase_600_com.android.server.lights.LightsService took to complete: 0ms
08-23 17:43:00.964 1082 1082 I SystemServerTiming: OnBootPhase_600_com.android.server.display.DisplayManagerService
08-23 17:43:00.964 1082 1082 D SystemServerTiming: OnBootPhase_600_com.android.server.display.DisplayManagerService took to complete: 0ms
08-23 17:43:00.964 1082 1082 I SystemServerTiming: OnBootPhase_600_com.android.server.pm.verify.domain.DomainVerificationService
08-23 17:43:00.964 1082 1082 D SystemServerTiming: OnBootPhase_600_com.android.server.pm.verify.domain.DomainVerificationService took to complete: 0ms
08-23 17:43:00.964 1082 1082 I SystemServerTiming: OnBootPhase_600_com.android.server.pm.PackageInstallerService$Lifecycle
08-23 17:43:00.964 1082 1082 D SystemServerTiming: OnBootPhase_600_com.android.server.pm.PackageInstallerService$Lifecycle took to complete: 0ms
08-23 17:43:00.964 1082 1082 I SystemServerTiming: OnBootPhase_600_com.android.server.pm.UserManagerService$LifeCycle
08-23 17:43:00.964 1082 1082 D SystemServerTiming: OnBootPhase_600_com.android.server.pm.UserManagerService$LifeCycle took to complete: 0ms
08-23 17:43:00.964 1082 1082 I SystemServerTiming: OnBootPhase_600_com.android.server.om.OverlayManagerService
08-23 17:43:00.964 1082 1082 D SystemServerTiming: OnBootPhase_600_com.android.server.om.OverlayManagerService took to complete: 0ms
08-23 17:43:00.964 1082 1082 I SystemServerTiming: OnBootPhase_600_com.android.server.SensorPrivacyService
08-23 17:43:00.964 1082 1082 D SystemServerTiming: OnBootPhase_600_com.android.server.SensorPrivacyService took to complete: 0ms
08-23 17:43:00.965 1082 1082 I SystemServerTiming: OnBootPhase_600_com.android.server.sensors.SensorService
08-23 17:43:00.965 1082 1082 D SystemServerTiming: OnBootPhase_600_com.android.server.sensors.SensorService took to complete: 0ms
08-23 17:43:00.965 1082 1082 I SystemServerTiming: OnBootPhase_600_com.android.server.SystemConfigService
08-23 17:43:00.972 1082 1082 D SystemServerTiming: OnBootPhase_600_com.android.server.SystemConfigService took to complete: 0ms
08-23 17:43:00.972 1082 1082 I SystemServerTiming: OnBootPhase_600_com.android.server.BatteryService
