08-30 00:52:15.944 1085 2609 D CCodecConfig: config failed => CORRUPTED
08-30 00:52:15.945 1085 1194 D BluetoothHeadset: Binding service...
08-30 00:52:15.945 1085 2612 D ReflectedParamUpdater: extent() != 1 for single value type: algo.buffers.max-count.values
08-30 00:52:15.945 1085 2609 D CCodecConfig: c2 config diff is c2::u32 coded.bitrate.value = 140000
08-30 00:52:15.946 1085 1194 D BluetoothManagerService: Creating new ProfileServiceConnections object for profile: 1
08-30 00:52:15.946 1085 2609 W Codec2Client: query -- param skipped: index = 1107298332.
08-30 00:52:15.946 1085 2609 D CCodec : setup formats input: AMessage(what = 0x00000000) = {
08-30 00:52:15.946 1085 2609 D CCodec : int32_t bitrate = 140000
08-30 00:52:15.946 1085 2609 D CCodec : int32_t channel-count = 1
08-30 00:52:15.946 1085 2609 D CCodec : int32_t max-input-size = 65307
08-30 00:52:15.946 1085 2609 D CCodec : string mime = "audio/vorbis"
08-30 00:52:15.946 1085 2609 D CCodec : int32_t sample-rate = 48000
08-30 00:52:15.946 1085 2609 D CCodec : }
08-30 00:52:15.946 1085 2609 D CCodec : setup formats output: AMessage(what = 0x00000000) = {
08-30 00:52:15.946 1085 2609 D CCodec : int32_t channel-count = 1
08-30 00:52:15.946 1085 2609 D CCodec : string mime = "audio/raw"
08-30 00:52:15.946 1085 2609 D CCodec : int32_t sample-rate = 48000
08-30 00:52:15.946 1085 2609 D CCodec : int32_t android._config-pcm-encoding = 2
08-30 00:52:15.946 1085 2609 D CCodec : }
08-30 00:52:15.947 1085 2609 I CCodecConfig: query failed after returning 7 values (BAD_INDEX)
08-30 00:52:15.947 2584 2584 D wpa_supplicant: update_config=1
08-30 00:52:15.947 2584 2584 D wpa_supplicant: eapol_version=1
08-30 00:52:15.947 2584 2584 D wpa_supplicant: ap_scan=1
08-30 00:52:15.947 2584 2584 D wpa_supplicant: fast_reauth=1
08-30 00:52:15.947 2584 2584 D wpa_supplicant: pmf=1
08-30 00:52:15.947 2584 2584 D wpa_supplicant: p2p_add_cli_chan=1
08-30 00:52:15.948 2584 2584 D wpa_supplicant: oce=1
08-30 00:52:15.948 2584 2584 D wpa_supplicant: wowlan_disconnect_on_deinit=1
08-30 00:52:15.948 2584 2584 D wpa_supplicant: bss_no_flush_when_down=1
08-30 00:52:15.948 1085 2612 D ReflectedParamUpdater: extent() != 1 for single value type: output.subscribed-indices.values
08-30 00:52:15.948 2584 2584 D wpa_supplicant: Reading configuration file '/vendor/etc/wifi/wpa_supplicant_overlay.conf'
08-30 00:52:15.948 1085 2612 D ReflectedParamUpdater: extent() != 1 for single value type: input.buffers.allocator-ids.values
08-30 00:52:15.949 1894 2535 I bt_stack: [INFO:port_api.cc(123)] RFCOMM_CreateConnection BDA: ff:ff:ff:ff:ff:ff
08-30 00:52:15.949 1085 2612 D ReflectedParamUpdater: extent() != 1 for single value type: output.buffers.allocator-ids.values
08-30 00:52:15.949 1894 2619 D BluetoothSdpJni: sdpCreateSapsRecordNative
08-30 00:52:15.949 1085 2612 D ReflectedParamUpdater: extent() != 1 for single value type: algo.buffers.allocator-ids.values
08-30 00:52:15.949 1894 2619 D BluetoothSdpJni: SDP Create record success - handle: 2
08-30 00:52:15.950 1085 1194 D BluetoothHeadset: onBluetoothStateChange: up=true
08-30 00:52:15.950 1085 1194 D BluetoothHeadset: Binding service...
08-30 00:52:15.950 1085 2612 D ReflectedParamUpdater: extent() != 1 for single value type: output.buffers.pool-ids.values
08-30 00:52:15.951 1085 2612 D ReflectedParamUpdater: extent() != 1 for single value type: algo.buffers.pool-ids.values
08-30 00:52:15.951 2584 2584 D wpa_supplicant: disable_scan_offload=1
08-30 00:52:15.951 2584 2584 D wpa_supplicant: p2p_disabled=1
08-30 00:52:15.951 2584 2584 D wpa_supplicant: tdls_external_control=1
08-30 00:52:15.951 2584 2584 D wpa_supplicant: wowlan_triggers='magic_pkt'
08-30 00:52:15.951 2584 2584 D wpa_supplicant: bss_max_count=400
08-30 00:52:15.951 2584 2584 D wpa_supplicant: interworking=1
08-30 00:52:15.951 1085 2609 W Codec2Client: query -- param skipped: index = 1342179345.
08-30 00:52:15.951 2584 2584 D wpa_supplicant: config_methods='virtual_display virtual_push_button keypad'
08-30 00:52:15.951 1085 2609 W Codec2Client: query -- param skipped: index = 2415921170.
08-30 00:52:15.951 2584 2584 D wpa_supplicant: driver_param='"no_rrm=1"'
08-30 00:52:15.952 1085 1194 W BluetoothManagerService: psc is not null in bindBluetoothProfileService
08-30 00:52:15.952 1085 1194 D BluetoothManagerService: Sending BLE State Change: TURNING_ON > ON
08-30 00:52:15.953 1085 1194 D BluetoothManagerService: Sending State Change: TURNING_ON > ON
08-30 00:52:15.953 1085 1085 D CompanionDeviceManagerService: Received BT state transition broadcast: TURNING_ON -> ON
08-30 00:52:15.955 1085 1085 I CompanionDeviceManagerService: startBleScan()
08-30 00:52:15.956 1085 2612 I CCodecConfig: query failed after returning 7 values (BAD_INDEX)
08-30 00:52:15.956 1085 2612 D CCodecConfig: c2 config diff is Dict {
08-30 00:52:15.956 1085 2612 D CCodecConfig: c2::u32 coded.bitrate.value = 64000
08-30 00:52:15.956 1085 2612 D CCodecConfig: c2::u32 input.buffers.max-size.value = 32768
08-30 00:52:15.956 1085 2612 D CCodecConfig: c2::u32 input.delay.value = 0
08-30 00:52:15.956 1085 2612 D CCodecConfig: string input.media-type.value = "audio/vorbis"
08-30 00:52:15.956 1085 2612 D CCodecConfig: string output.media-type.value = "audio/raw"
08-30 00:52:15.956 1085 2612 D CCodecConfig: c2::u32 raw.channel-count.value = 1
08-30 00:52:15.956 1085 2612 D CCodecConfig: c2::u32 raw.sample-rate.value = 48000
08-30 00:52:15.956 1085 2612 D CCodecConfig: }
08-30 00:52:15.957 2584 2584 D wpa_supplicant: nl80211: Using driver-based roaming
08-30 00:52:15.957 2584 2584 D wpa_supplicant: nl80211: TDLS supported
08-30 00:52:15.957 2584 2584 D wpa_supplicant: nl80211: TDLS external setup
08-30 00:52:15.957 2584 2584 D wpa_supplicant: nl80211: Supported cipher 00-0f-ac:1
08-30 00:52:15.957 2584 2584 D wpa_supplicant: nl80211: Supported cipher 00-0f-ac:5
08-30 00:52:15.957 2584 2584 D wpa_supplicant: nl80211: Supported cipher 00-0f-ac:2
08-30 00:52:15.957 2584 2584 D wpa_supplicant: nl80211: Supported cipher 00-40-96:254
08-30 00:52:15.957 2584 2584 D wpa_supplicant: nl80211: Supported cipher 00-40-96:255
08-30 00:52:15.957 2584 2584 D wpa_supplicant: nl80211: Supported cipher 00-0f-ac:4
08-30 00:52:15.957 2584 2584 D wpa_supplicant: nl80211: Supported cipher 00-14-72:1
08-30 00:52:15.957 2584 2584 D wpa_supplicant: nl80211: Supported cipher 00-0f-ac:6
08-30 00:52:15.957 2584 2584 D wpa_supplicant: nl80211: Supported cipher 00-0f-ac:11
08-30 00:52:15.957 2584 2584 D wpa_supplicant: nl80211: Supported cipher 00-0f-ac:12
08-30 00:52:15.957 1085 2612 D CCodec : [c2.android.vorbis.decoder] buffers are bound to CCodec for this session
08-30 00:52:15.957 2584 2584 D wpa_supplicant: nl80211: Supported cipher 00-0f-ac:8
08-30 00:52:15.957 2584 2584 D wpa_supplicant: nl80211: Supported cipher 00-0f-ac:9
08-30 00:52:15.957 2584 2584 D wpa_supplicant: nl80211: Supports Probe Response offload in AP mode
08-30 00:52:15.957 1085 2612 D CCodecConfig: no c2 equivalents for durationUs
08-30 00:52:15.957 2584 2584 D wpa_supplicant: nl80211: Using driver-based off-channel TX
08-30 00:52:15.958 1085 2612 D CCodecConfig: no c2 equivalents for track-id
08-30 00:52:15.958 2584 2584 D wpa_supplicant: nl80211: Supported vendor command: vendor_id=0x1374 subcmd=11
08-30 00:52:15.958 1085 2612 D CCodecConfig: no c2 equivalents for csd-1
08-30 00:52:15.958 1085 2612 D CCodecConfig: no c2 equivalents for language
08-30 00:52:15.958 1085 2612 D CCodecConfig: no c2 equivalents for file-format
08-30 00:52:15.958 1085 2612 D CCodecConfig: no c2 equivalents for flags
08-30 00:52:15.958 2584 2584 D wpa_supplicant: nl80211: Supported vendor command: vendor_id=0x1374 subcmd=22
08-30 00:52:15.958 2584 2584 D wpa_supplicant: nl80211: Supported vendor command: vendor_id=0x1374 subcmd=13
08-30 00:52:15.958 2584 2584 D wpa_supplicant: nl80211: Supported vendor command: vendor_id=0x1374 subcmd=16
08-30 00:52:15.959 2584 2584 D wpa_supplicant: nl80211: Supported vendor command: vendor_id=0x1374 subcmd=14
08-30 00:52:15.959 2584 2584 D wpa_supplicant: nl80211: Supported vendor command: vendor_id=0x1374 subcmd=15
08-30 00:52:15.959 2584 2584 D wpa_supplicant: nl80211: Supported vendor command: vendor_id=0x1374 subcmd=34
08-30 00:52:15.959 2584 2584 D wpa_supplicant: nl80211: Supported vendor command: vendor_id=0x1374 subcmd=35
08-30 00:52:15.959 2584 2584 D wpa_supplicant: nl80211: Supported vendor command: vendor_id=0x1374 subcmd=36
08-30 00:52:15.959 2584 2584 D wpa_supplicant: nl80211: Supported vendor command: vendor_id=0x1374 subcmd=38
08-30 00:52:15.959 2584 2584 D wpa_supplicant: nl80211: Supported vendor command: vendor_id=0x1374 subcmd=39
08-30 00:52:15.959 2584 2584 D wpa_supplicant: nl80211: Supported vendor command: vendor_id=0x1374 subcmd=42
08-30 00:52:15.959 2584 2584 D wpa_supplicant: nl80211: Supported vendor command: vendor_id=0x1374 subcmd=40
08-30 00:52:15.959 2584 2584 D wpa_supplicant: nl80211: Supported vendor command: vendor_id=0x1374 subcmd=120
08-30 00:52:15.959 2584 2584 D wpa_supplicant: nl80211: Supported vendor command: vendor_id=0x1374 subcmd=121
08-30 00:52:15.959 2584 2584 D wpa_supplicant: nl80211: Supported vendor command: vendor_id=0x1374 subcmd=186
08-30 00:52:15.959 2584 2584 D wpa_supplicant: nl80211: Supported vendor command: vendor_id=0x1374 subcmd=54
08-30 00:52:15.959 2584 2584 D wpa_supplicant: nl80211: Supported vendor command: vendor_id=0x1374 subcmd=55
08-30 00:52:15.959 2584 2584 D wpa_supplicant: nl80211: Supported vendor command: vendor_id=0x1374 subcmd=50
08-30 00:52:15.959 2584 2584 D wpa_supplicant: nl80211: Supported vendor command: vendor_id=0x1374 subcmd=61
08-30 00:52:15.959 2584 2584 D wpa_supplicant: nl80211: Supported vendor command: vendor_id=0x1374 subcmd=74
08-30 00:52:15.959 2584 2584 D wpa_supplicant: nl80211: Supported vendor command: vendor_id=0x1374 subcmd=75
08-30 00:52:15.959 2584 2584 D wpa_supplicant: nl80211: Supported vendor command: vendor_id=0x1374 subcmd=169
08-30 00:52:15.959 2584 2584 D wpa_supplicant: nl80211: Supported vendor command: vendor_id=0x1374 subcmd=64
08-30 00:52:15.959 1085 2612 D CCodecConfig: config failed => CORRUPTED
08-30 00:52:15.959 2584 2584 D wpa_supplicant: nl80211: Supported vendor command: vendor_id=0x1374 subcmd=62
08-30 00:52:15.960 1085 2609 D CCodecBufferChannel: [c2.android.vorbis.decoder#414] Created input block pool with allocatorID 16 => poolID 21 - OK (0)
08-30 00:52:15.960 2584 2584 D wpa_supplicant: nl80211: Supported vendor command: vendor_id=0x1374 subcmd=77
08-30 00:52:15.960 2584 2584 D wpa_supplicant: nl80211: Supported vendor command: vendor_id=0x1374 subcmd=103
08-30 00:52:15.960 2584 2584 D wpa_supplicant: nl80211: Supported vendor command: vendor_id=0x1374 subcmd=104
08-30 00:52:15.960 2584 2584 D wpa_supplicant: nl80211: Supported vendor command: vendor_id=0x1374 subcmd=119
08-30 00:52:15.960 2584 2584 D wpa_supplicant: nl80211: Supported vendor command: vendor_id=0x1374 subcmd=78
08-30 00:52:15.960 2584 2584 D wpa_supplicant: nl80211: Supported vendor command: vendor_id=0x1374 subcmd=79
08-30 00:52:15.960 2584 2584 D wpa_supplicant: nl80211: Supported vendor command: vendor_id=0x1374 subcmd=80
08-30 00:52:15.960 2584 2584 D wpa_supplicant: nl80211: Supported vendor command: vendor_id=0x1374 subcmd=182
08-30 00:52:15.960 2584 2584 D wpa_supplicant: nl80211: Supported vendor command: vendor_id=0x1374 subcmd=181
08-30 00:52:15.960 1085 2612 D CCodecConfig: c2 config diff is c2::u32 coded.bitrate.value = 239920
08-30 00:52:15.960 1085 2612 D CCodecConfig: c2::u32 raw.sample-rate.value = 44100
08-30 00:52:15.960 2584 2584 D wpa_supplicant: nl80211: Supported vendor command: vendor_id=0x1374 subcmd=82
08-30 00:52:15.960 2584 2584 D wpa_supplicant: nl80211: Supported vendor command: vendor_id=0x1374 subcmd=76
08-30 00:52:15.961 1085 2612 W Codec2Client: query -- param skipped: index = 1107298332.
08-30 00:52:15.961 1085 2612 D CCodec : setup formats input: AMessage(what = 0x00000000) = {
08-30 00:52:15.961 1085 2612 D CCodec : int32_t bitrate = 239920
08-30 00:52:15.961 1085 2612 D CCodec : int32_t channel-count = 1
08-30 00:52:15.961 1085 2612 D CCodec : int32_t max-input-size = 65307
08-30 00:52:15.961 1085 2612 D CCodec : string mime = "audio/vorbis"
08-30 00:52:15.961 1085 2612 D CCodec : int32_t sample-rate = 44100
08-30 00:52:15.961 1085 2612 D CCodec : }
08-30 00:52:15.961 1085 2612 D CCodec : setup formats output: AMessage(what = 0x00000000) = {
08-30 00:52:15.961 1085 2612 D CCodec : int32_t channel-count = 1
08-30 00:52:15.961 1085 2612 D CCodec : string mime = "audio/raw"
08-30 00:52:15.961 1085 2612 D CCodec : int32_t sample-rate = 44100
08-30 00:52:15.961 1085 2612 D CCodec : int32_t android._config-pcm-encoding = 2
08-30 00:52:15.961 1085 2612 D CCodec : }
08-30 00:52:15.961 1085 2612 I CCodecConfig: query failed after returning 7 values (BAD_INDEX)
08-30 00:52:15.960 2584 2584 D wpa_supplicant: nl80211: Supported vendor command: vendor_id=0x1374 subcmd=106
08-30 00:52:15.963 2584 2584 D wpa_supplicant: nl80211: Supported vendor command: vendor_id=0x1374 subcmd=145
08-30 00:52:15.963 2584 2584 D wpa_supplicant: nl80211: Supported vendor command: vendor_id=0x1374 subcmd=92
08-30 00:52:15.963 2584 2584 D wpa_supplicant: nl80211: Supported vendor command: vendor_id=0x1374 subcmd=93
08-30 00:52:15.963 2584 2584 D wpa_supplicant: nl80211: Supported vendor command: vendor_id=0x1374 subcmd=94
08-30 00:52:15.963 2584 2584 D wpa_supplicant: nl80211: Supported vendor command: vendor_id=0x1374 subcmd=95
08-30 00:52:15.963 2584 2584 D wpa_supplicant: nl80211: Supported vendor command: vendor_id=0x1374 subcmd=96
08-30 00:52:15.963 2584 2584 D wpa_supplicant: nl80211: Supported vendor command: vendor_id=0x1374 subcmd=97
08-30 00:52:15.963 2584 2584 D wpa_supplicant: nl80211: Supported vendor command: vendor_id=0x1374 subcmd=98
08-30 00:52:15.963 2584 2584 D wpa_supplicant: nl80211: Supported vendor command: vendor_id=0x1374 subcmd=99
08-30 00:52:15.963 2584 2584 D wpa_supplicant: nl80211: Supported vendor command: vendor_id=0x1374 subcmd=101
08-30 00:52:15.964 2584 2584 D wpa_supplicant: nl80211: Supported vendor command: vendor_id=0x1374 subcmd=108
08-30 00:52:15.964 2584 2584 D wpa_supplicant: nl80211: Supported vendor command: vendor_id=0x1374 subcmd=102
08-30 00:52:15.964 2584 2584 D wpa_supplicant: nl80211: Supported vendor command: vendor_id=0x1374 subcmd=109
08-30 00:52:15.964 2584 2584 D wpa_supplicant: nl80211: Supported vendor command: vendor_id=0x1374 subcmd=115
08-30 00:52:15.964 2584 2584 D wpa_supplicant: nl80211: Supported vendor command: vendor_id=0x1374 subcmd=83
08-30 00:52:15.964 2584 2584 D wpa_supplicant: nl80211: Supported vendor command: vendor_id=0x1374 subcmd=116
08-30 00:52:15.964 2584 2584 D wpa_supplicant: nl80211: Supported vendor command: vendor_id=0x1374 subcmd=117
08-30 00:52:15.964 2584 2584 D wpa_supplicant: nl80211: Supported vendor command: vendor_id=0x1374 subcmd=10
08-30 00:52:15.964 2584 2584 D wpa_supplicant: nl80211: Supported vendor command: vendor_id=0x1374 subcmd=118
08-30 00:52:15.964 2584 2584 D wpa_supplicant: nl80211: Supported vendor command: vendor_id=0x1374 subcmd=122
08-30 00:52:15.964 2584 2584 D wpa_supplicant: nl80211: Supported vendor command: vendor_id=0x1374 subcmd=123
08-30 00:52:15.964 2584 2584 D wpa_supplicant: nl80211: Supported vendor command: vendor_id=0x1374 subcmd=124
08-30 00:52:15.964 2584 2584 D wpa_supplicant: nl80211: Supported vendor command: vendor_id=0x1374 subcmd=85
08-30 00:52:15.964 1085 2609 I CCodecBufferChannel: [c2.android.vorbis.decoder#414] Created output block pool with allocatorID 16 => poolID 24 - OK
08-30 00:52:15.964 2584 2584 D wpa_supplicant: nl80211: Supported vendor command: vendor_id=0x1374 subcmd=84
08-30 00:52:15.964 2584 2584 D wpa_supplicant: nl80211: Supported vendor command: vendor_id=0x1374 subcmd=147
08-30 00:52:15.964 2584 2584 D wpa_supplicant: nl80211: Supported vendor command: vendor_id=0x1374 subcmd=105
08-30 00:52:15.964 2584 2584 D wpa_supplicant: nl80211: Supported vendor command: vendor_id=0x1374 subcmd=192
08-30 00:52:15.964 2584 2584 D wpa_supplicant: nl80211: Supported vendor command: vendor_id=0x1374 subcmd=9
08-30 00:52:15.964 2584 2584 D wpa_supplicant: nl80211: Supported vendor command: vendor_id=0x1374 subcmd=137
08-30 00:52:15.964 2584 2584 D wpa_supplicant: nl80211: Supported vendor command: vendor_id=0x1374 subcmd=143
08-30 00:52:15.964 2584 2584 D wpa_supplicant: nl80211: Supported vendor command: vendor_id=0x1374 subcmd=164
08-30 00:52:15.964 2584 2584 D wpa_supplicant: nl80211: Supported vendor command: vendor_id=0x1374 subcmd=180
08-30 00:52:15.964 2584 2584 D wpa_supplicant: nl80211: Supported vendor command: vendor_id=0x1374 subcmd=146
08-30 00:52:15.964 2584 2584 D wpa_supplicant: nl80211: Supported vendor command: vendor_id=0x1374 subcmd=152
08-30 00:52:15.964 2584 2584 D wpa_supplicant: nl80211: Supported vendor command: vendor_id=0x1374 subcmd=127
08-30 00:52:15.964 2584 2584 D wpa_supplicant: nl80211: Supported vendor command: vendor_id=0x1374 subcmd=149
08-30 00:52:15.964 2584 2584 D wpa_supplicant: nl80211: Supported vendor command: vendor_id=0x1374 subcmd=150
08-30 00:52:15.964 2584 2584 D wpa_supplicant: nl80211: Supported vendor command: vendor_id=0x1374 subcmd=151
08-30 00:52:15.964 1085 2609 D CCodecBufferChannel: [c2.android.vorbis.decoder#414] Configured output block pool ids 24 => OK
08-30 00:52:15.965 1085 2609 D CCodecBufferChannel: [c2.android.vorbis.decoder#414] start: updating output delay 0
08-30 00:52:15.965 1085 2612 W Codec2Client: query -- param skipped: index = 1342179345.
08-30 00:52:15.965 1085 2612 W Codec2Client: query -- param skipped: index = 2415921170.
08-30 00:52:15.966 2584 2584 D wpa_supplicant: nl80211: Supported vendor command: vendor_id=0x1374 subcmd=154
08-30 00:52:15.966 2584 2584 D wpa_supplicant: nl80211: Supported vendor command: vendor_id=0x1374 subcmd=155
08-30 00:52:15.966 2584 2584 D wpa_supplicant: nl80211: Supported vendor command: vendor_id=0x1374 subcmd=158
08-30 00:52:15.966 2584 2584 D wpa_supplicant: nl80211: Supported vendor command: vendor_id=0x1374 subcmd=159
08-30 00:52:15.966 2584 2584 D wpa_supplicant: nl80211: Supported vendor command: vendor_id=0x1374 subcmd=160
08-30 00:52:15.966 2584 2584 D wpa_supplicant: nl80211: Supported vendor command: vendor_id=0x1374 subcmd=161
08-30 00:52:15.966 2584 2584 D wpa_supplicant: nl80211: Supported vendor command: vendor_id=0x1374 subcmd=144
08-30 00:52:15.966 2584 2584 D wpa_supplicant: nl80211: Supported vendor command: vendor_id=0x1374 subcmd=138
08-30 00:52:15.966 2584 2584 D wpa_supplicant: nl80211: Supported vendor command: vendor_id=0x1374 subcmd=156
08-30 00:52:15.966 2584 2584 D wpa_supplicant: nl80211: Supported vendor command: vendor_id=0x1374 subcmd=171
08-30 00:52:15.966 2584 2584 D wpa_supplicant: nl80211: Supported vendor command: vendor_id=0x1374 subcmd=81
08-30 00:52:15.966 2584 2584 D wpa_supplicant: nl80211: Supported vendor command: vendor_id=0x1374 subcmd=177
08-30 00:52:15.966 2584 2584 D wpa_supplicant: nl80211: Supported vendor command: vendor_id=0x1374 subcmd=167
08-30 00:52:15.966 2584 2584 D wpa_supplicant: nl80211: Supported vendor command: vendor_id=0x1374 subcmd=125
08-30 00:52:15.966 2584 2584 D wpa_supplicant: nl80211: Supported vendor event: vendor_id=0x1374 subcmd=10
08-30 00:52:15.966 2584 2584 D wpa_supplicant: nl80211: Supported vendor event: vendor_id=0x1374 subcmd=12
08-30 00:52:15.966 2584 2584 D wpa_supplicant: nl80211: Supported vendor event: vendor_id=0x1374 subcmd=13
08-30 00:52:15.966 2584 2584 D wpa_supplicant: nl80211: Supported vendor event: vendor_id=0x1374 subcmd=14
08-30 00:52:15.966 2584 2584 D wpa_supplicant: nl80211: Supported vendor event: vendor_id=0x1374 subcmd=15
08-30 00:52:15.966 2584 2584 D wpa_supplicant: nl80211: Supported vendor event: vendor_id=0x1374 subcmd=16
08-30 00:52:15.966 2584 2584 D wpa_supplicant: nl80211: Supported vendor event: vendor_id=0x1374 subcmd=17
08-30 00:52:15.966 2584 2584 D wpa_supplicant: nl80211: Supported vendor event: vendor_id=0x1374 subcmd=18
08-30 00:52:15.966 2584 2584 D wpa_supplicant: nl80211: Supported vendor event: vendor_id=0x1374 subcmd=19
08-30 00:52:15.966 2584 2584 D wpa_supplicant: nl80211: Supported vendor event: vendor_id=0x1374 subcmd=127
08-30 00:52:15.966 2584 2584 D wpa_supplicant: nl80211: Supported vendor event: vendor_id=0x1374 subcmd=37
08-30 00:52:15.966 2584 2584 D wpa_supplicant: nl80211: Supported vendor event: vendor_id=0x1374 subcmd=54
08-30 00:52:15.966 2584 2584 D wpa_supplicant: nl80211: Supported vendor event: vendor_id=0x1374 subcmd=51
08-30 00:52:15.967 2584 2584 D wpa_supplicant: nl80211: Supported vendor event: vendor_id=0x1374 subcmd=56
08-30 00:52:15.967 2584 2584 D wpa_supplicant: nl80211: Supported vendor event: vendor_id=0x1374 subcmd=57
08-30 00:52:15.967 2584 2584 D wpa_supplicant: nl80211: Supported vendor event: vendor_id=0x1374 subcmd=58
08-30 00:52:15.967 2584 2584 D wpa_supplicant: nl80211: Supported vendor event: vendor_id=0x1374 subcmd=59
08-30 00:52:15.967 2584 2584 D wpa_supplicant: nl80211: Supported vendor event: vendor_id=0x1374 subcmd=60
08-30 00:52:15.967 2584 2584 D wpa_supplicant: nl80211: Supported vendor event: vendor_id=0x0 subcmd=0
08-30 00:52:15.967 2584 2584 D wpa_supplicant: nl80211: Supported vendor event: vendor_id=0x1374 subcmd=80
08-30 00:52:15.967 2584 2584 D wpa_supplicant: nl80211: Supported vendor event: vendor_id=0x1374 subcmd=100
08-30 00:52:15.967 2584 2584 D wpa_supplicant: nl80211: Supported vendor event: vendor_id=0x1374 subcmd=106
08-30 00:52:15.967 2584 2584 D wpa_supplicant: nl80211: Supported vendor event: vendor_id=0x1374 subcmd=107
08-30 00:52:15.967 2584 2584 D wpa_supplicant: nl80211: Supported vendor event: vendor_id=0x1374 subcmd=102
08-30 00:52:15.967 2584 2584 D wpa_supplicant: nl80211: Supported vendor event: vendor_id=0x1374 subcmd=181
08-30 00:52:15.967 2584 2584 D wpa_supplicant: nl80211: Supported vendor event: vendor_id=0x1374 subcmd=119
08-30 00:52:15.967 2584 2584 D wpa_supplicant: nl80211: Supported vendor event: vendor_id=0x1374 subcmd=81
08-30 00:52:15.967 2584 2584 D wpa_supplicant: nl80211: Supported vendor event: vendor_id=0x1374 subcmd=123
08-30 00:52:15.967 2584 2584 D wpa_supplicant: nl80211: Supported vendor event: vendor_id=0x1374 subcmd=124
08-30 00:52:15.967 2584 2584 D wpa_supplicant: nl80211: Supported vendor event: vendor_id=0x1374 subcmd=147
08-30 00:52:15.967 2584 2584 D wpa_supplicant: nl80211: Supported vendor event: vendor_id=0x1374 subcmd=148
08-30 00:52:15.967 2584 2584 D wpa_supplicant: nl80211: Supported vendor event: vendor_id=0x1374 subcmd=150
08-30 00:52:15.967 2584 2584 D wpa_supplicant: nl80211: Supported vendor event: vendor_id=0x1374 subcmd=157
08-30 00:52:15.967 2584 2584 D wpa_supplicant: nl80211: Supported vendor event: vendor_id=0x0 subcmd=0
08-30 00:52:15.967 2584 2584 D wpa_supplicant: nl80211: Supported vendor event: vendor_id=0x1374 subcmd=165
08-30 00:52:15.967 2584 2584 D wpa_supplicant: nl80211: Supported vendor event: vendor_id=0x1374 subcmd=171
08-30 00:52:15.967 2584 2584 D wpa_supplicant: nl80211: Supported vendor event: vendor_id=0x1374 subcmd=174
08-30 00:52:15.967 2584 2584 D wpa_supplicant: nl80211: Supported vendor event: vendor_id=0x1374 subcmd=101
08-30 00:52:15.967 2584 2584 D wpa_supplicant: nl80211: Supported vendor event: vendor_id=0x0 subcmd=0
08-30 00:52:15.967 2584 2584 D wpa_supplicant: nl80211: Supported vendor event: vendor_id=0x1374 subcmd=180
08-30 00:52:15.967 2584 2584 D wpa_supplicant: nl80211: Supported vendor event: vendor_id=0x1374 subcmd=64
08-30 00:52:15.967 2584 2584 D wpa_supplicant: nl80211: Supported vendor event: vendor_id=0x1374 subcmd=182
08-30 00:52:15.967 2584 2584 D wpa_supplicant: nl80211: Supported vendor event: vendor_id=0x1374 subcmd=187
08-30 00:52:15.967 2584 2584 D wpa_supplicant: nl80211: Supported vendor event: vendor_id=0x1374 subcmd=188
08-30 00:52:15.967 2584 2584 D wpa_supplicant: nl80211: STATION supported key_mgmt 0x3fff6f
08-30 00:52:15.967 2584 2584 D wpa_supplicant: nl80211: P2P_CLIENT supported key_mgmt 0x3fff6f
08-30 00:52:15.967 2584 2584 D wpa_supplicant: nl80211: AP supported key_mgmt 0x1040c
08-30 00:52:15.967 2584 2584 D wpa_supplicant: nl80211: P2P_GO supported key_mgmt 0x1040c
08-30 00:52:15.968 1085 2609 I CCodecBufferChannel: pipelineRoom(3) is <= numClientBuffers(3). Not signalling any more buffers to client
08-30 00:52:15.968 1085 2612 D CCodecBufferChannel: [c2.android.vorbis.decoder#665] Created input block pool with allocatorID 16 => poolID 22 - OK (0)
08-30 00:52:15.969 1435 2613 D SimpleC2Component: Using output block pool with poolID 24 => got 24 - 0
01-01 08:15:23.548 0 0 D : mv2112_read_status
08-30 00:52:15.967 2584 2584 D wpa_supplicant: nl80211: Use separate P2P group interface (driver advertised support)
08-30 00:52:15.969 2584 2584 D wpa_supplicant: nl80211: Enable multi-channel concurrent (driver advertised support)
08-30 00:52:15.970 2584 2584 D wpa_supplicant: nl80211: key_mgmt=0x3fff6f enc=0x76f auth=0x7 flags=0x10ad7a769abcfbc4 rrm_flags=0x0 probe_resp_offloads=0x0 max_stations=32 max_remain_on_chan=5000 max_scan_ssids=10
08-30 00:52:15.970 2584 2584 D wpa_supplicant: nl80211: interface wlan0 in phy phy0
08-30 00:52:15.970 1319 2575 D MediaBufferGroup: creating MemoryDealer
08-30 00:52:15.970 2584 2584 D wpa_supplicant: nl80211: Set mode ifindex 17 iftype 2 (STATION)
08-30 00:52:15.970 2584 2584 D wpa_supplicant: nl80211: Subscribe to mgmt frames with non-AP handle 0xb400007672ab58c0
01-01 08:15:23.549 0 0 D mv2112_update_link: 3.0x901(1G): 0x4
08-30 00:52:15.970 2584 2584 D wpa_supplicant: nl80211: Register frame type=0xb0 (WLAN_FC_STYPE_AUTH) nl_handle=0xb400007672ab58c0 match=0300 multicast=0
01-01 08:15:23.549 0 0 D mv2112_update_link: 3.0x8109(100M): 0x8
01-01 08:15:23.549 0 0 D mv2112_update_link: link 0x4
01-01 08:15:23.549 0 0 D mv2112_read_status: autoneg is disabled
08-30 00:52:15.971 2584 2584 D wpa_supplicant: nl80211: Register frame type=0xd0 (WLAN_FC_STYPE_ACTION) nl_handle=0xb400007672ab58c0 match=0104 multicast=0
08-30 00:52:15.971 2584 2584 D wpa_supplicant: nl80211: Register frame type=0xd0 (WLAN_FC_STYPE_ACTION) nl_handle=0xb400007672ab58c0 match=040a multicast=0
08-30 00:52:15.971 2584 2584 D wpa_supplicant: nl80211: Register frame type=0xd0 (WLAN_FC_STYPE_ACTION) nl_handle=0xb400007672ab58c0 match=040b multicast=0
08-30 00:52:15.971 2584 2584 D wpa_supplicant: nl80211: Register frame type=0xd0 (WLAN_FC_STYPE_ACTION) nl_handle=0xb400007672ab58c0 match=040c multicast=0
08-30 00:52:15.971 2584 2584 D wpa_supplicant: nl80211: Register frame type=0xd0 (WLAN_FC_STYPE_ACTION) nl_handle=0xb400007672ab58c0 match=040d multicast=0
08-30 00:52:15.971 2584 2584 D wpa_supplicant: nl80211: Register frame type=0xd0 (WLAN_FC_STYPE_ACTION) nl_handle=0xb400007672ab58c0 match=090a multicast=0
08-30 00:52:15.972 2584 2584 D wpa_supplicant: nl80211: Register frame type=0xd0 (WLAN_FC_STYPE_ACTION) nl_handle=0xb400007672ab58c0 match=090b multicast=0
08-30 00:52:15.972 2584 2584 D wpa_supplicant: nl80211: Register frame type=0xd0 (WLAN_FC_STYPE_ACTION) nl_handle=0xb400007672ab58c0 match=090c multicast=0
08-30 00:52:15.972 2584 2584 D wpa_supplicant: nl80211: Register frame type=0xd0 (WLAN_FC_STYPE_ACTION) nl_handle=0xb400007672ab58c0 match=090d multicast=0
08-30 00:52:15.972 2584 2584 D wpa_supplicant: nl80211: Register frame type=0xd0 (WLAN_FC_STYPE_ACTION) nl_handle=0xb400007672ab58c0 match=0409506f9a09 multicast=0
08-30 00:52:15.972 2584 2584 D wpa_supplicant: nl80211: Register frame type=0xd0 (WLAN_FC_STYPE_ACTION) nl_handle=0xb400007672ab58c0 match=7f506f9a09 multicast=0
08-30 00:52:15.972 2584 2584 D wpa_supplicant: nl80211: Register frame type=0xd0 (WLAN_FC_STYPE_ACTION) nl_handle=0xb400007672ab58c0 match=0409506f9a1a multicast=0
08-30 00:52:15.972 2584 2584 D wpa_supplicant: nl80211: Register frame type=0xd0 (WLAN_FC_STYPE_ACTION) nl_handle=0xb400007672ab58c0 match=0801 multicast=0
08-30 00:52:15.972 2584 2584 D wpa_supplicant: nl80211: Register frame type=0xd0 (WLAN_FC_STYPE_ACTION) nl_handle=0xb400007672ab58c0 match=040e multicast=0
08-30 00:52:15.972 2584 2584 D wpa_supplicant: nl80211: Register frame type=0xd0 (WLAN_FC_STYPE_ACTION) nl_handle=0xb400007672ab58c0 match=12 multicast=0
08-30 00:52:15.972 2584 2584 D wpa_supplicant: nl80211: Register frame type=0xd0 (WLAN_FC_STYPE_ACTION) nl_handle=0xb400007672ab58c0 match=06 multicast=0
08-30 00:52:15.973 2584 2584 D wpa_supplicant: nl80211: Register frame type=0xd0 (WLAN_FC_STYPE_ACTION) nl_handle=0xb400007672ab58c0 match=0a07 multicast=0
08-30 00:52:15.973 2584 2584 D wpa_supplicant: nl80211: Register frame type=0xd0 (WLAN_FC_STYPE_ACTION) nl_handle=0xb400007672ab58c0 match=0a11 multicast=0
08-30 00:52:15.973 2584 2584 D wpa_supplicant: nl80211: Register frame type=0xd0 (WLAN_FC_STYPE_ACTION) nl_handle=0xb400007672ab58c0 match=0a0b multicast=0
08-30 00:52:15.973 2584 2584 D wpa_supplicant: nl80211: Register frame type=0xd0 (WLAN_FC_STYPE_ACTION) nl_handle=0xb400007672ab58c0 match=0a1a multicast=0
08-30 00:52:15.973 2584 2584 D wpa_supplicant: nl80211: Register frame type=0xd0 (WLAN_FC_STYPE_ACTION) nl_handle=0xb400007672ab58c0 match=1101 multicast=0
08-30 00:52:15.973 2584 2584 D wpa_supplicant: nl80211: Register frame type=0xd0 (WLAN_FC_STYPE_ACTION) nl_handle=0xb400007672ab58c0 match=1102 multicast=0
08-30 00:52:15.973 2584 2584 D wpa_supplicant: nl80211: Register frame type=0xd0 (WLAN_FC_STYPE_ACTION) nl_handle=0xb400007672ab58c0 match=0505 multicast=0
08-30 00:52:15.973 2584 2584 D wpa_supplicant: nl80211: Register frame type=0xd0 (WLAN_FC_STYPE_ACTION) nl_handle=0xb400007672ab58c0 match=1305 multicast=0
08-30 00:52:15.974 1085 2612 I CCodecBufferChannel: [c2.android.vorbis.decoder#665] Created output block pool with allocatorID 16 => poolID 25 - OK
08-30 00:52:15.974 2584 2584 I wpa_supplicant: rfkill: Cannot open RFKILL control device
08-30 00:52:15.974 2584 2584 D wpa_supplicant: nl80211: RFKILL status not available
08-30 00:52:15.974 1085 2612 D CCodecBufferChannel: [c2.android.vorbis.decoder#665] Configured output block pool ids 25 => OK
08-30 00:52:15.975 2584 2584 D wpa_supplicant: netlink: Operstate: ifindex=17 linkmode=1 (userspace-control), operstate=5 (IF_OPER_DORMANT)
08-30 00:52:15.975 1085 2612 D CCodecBufferChannel: [c2.android.vorbis.decoder#665] start: updating output delay 0
08-30 00:52:15.975 1511 1529 D LOWI-9.0.0.87.a: [LOWINetlinkSocketReceiver] unpackRTMLinkMessage: RTM_NEWLINK - ifname wlan0, flags 0x1003 ([UP])
08-30 00:52:15.975 1511 1529 D LOWI-9.0.0.87.a: [LOWINetlinkSocketReceiver] processNetlinkPacket: ifname(wlan0) status(1)
08-30 00:52:15.975 1511 1529 D LOWI-9.0.0.87.a: [LOWIController] intfStateReceived: ifname(wlan0) state(1)
08-30 00:52:15.975 1511 1537 D LOWI-9.0.0.87.a: [LOWIEventReceiver] handleEvent:FROM:NA, TO:NA, REQ:NA, IREQ:NA, REQ_ID:0, RESP:NA, INFO:INTF-STATUS-UPDATE
08-30 00:52:15.975 1511 1537 D LOWI-9.0.0.87.a: [LOWIEventReceiver] Info to [INTF-STATUS-UPDATE]
08-30 00:52:15.975 1511 1537 D LOWI-9.0.0.87.a: [LOWIController] updateIntfState: WIFI enabled 1 mNlWifiStatus 1 mWifiStateEnabled 1
08-30 00:52:15.976 1511 1537 D LOWI-9.0.0.87.a: [LOWIController] isWifiEnabled: mNlWifiStatus 1 mWifiStateEnabled 1
08-30 00:52:15.975 1085 2609 I CCodecBufferChannel: pipelineRoom(2) is <= numClientBuffers(2). Not signalling any more buffers to client
08-30 00:52:15.977 1085 2612 I CCodecBufferChannel: pipelineRoom(3) is <= numClientBuffers(3). Not signalling any more buffers to client
08-30 00:52:15.977 1085 2609 I CCodecBufferChannel: pipelineRoom(1) is <= numClientBuffers(1). Not signalling any more buffers to client
08-30 00:52:15.978 1085 1192 I EthernetTracker: interfaceLinkStateChanged, iface: wlan0, up: false
08-30 00:52:15.979 2584 2584 D wpa_supplicant: nl80211: driver param='"no_rrm=1"'
08-30 00:52:15.979 2584 2584 D wpa_supplicant: nl80211: Unsubscribe mgmt frames handle 0x3c8888fefa23d049 (no_rrm=1)
08-30 00:52:15.981 1435 2616 D SimpleC2Component: Using output block pool with poolID 25 => got 25 - 0
08-30 00:52:15.981 2584 2584 D wpa_supplicant: nl80211: Subscribe to mgmt frames with non-AP handle 0xb400007672ab58c0
08-30 00:52:15.981 2584 2584 D wpa_supplicant: nl80211: Register frame type=0xb0 (WLAN_FC_STYPE_AUTH) nl_handle=0xb400007672ab58c0 match=0300 multicast=0
08-30 00:52:15.982 2584 2584 D wpa_supplicant: nl80211: Register frame type=0xd0 (WLAN_FC_STYPE_ACTION) nl_handle=0xb400007672ab58c0 match=0104 multicast=0
08-30 00:52:15.982 2584 2584 D wpa_supplicant: nl80211: Register frame type=0xd0 (WLAN_FC_STYPE_ACTION) nl_handle=0xb400007672ab58c0 match=040a multicast=0
08-30 00:52:15.982 2584 2584 D wpa_supplicant: nl80211: Register frame type=0xd0 (WLAN_FC_STYPE_ACTION) nl_handle=0xb400007672ab58c0 match=040b multicast=0
08-30 00:52:15.982 2584 2584 D wpa_supplicant: nl80211: Register frame type=0xd0 (WLAN_FC_STYPE_ACTION) nl_handle=0xb400007672ab58c0 match=040c multicast=0
08-30 00:52:15.982 2584 2584 D wpa_supplicant: nl80211: Register frame type=0xd0 (WLAN_FC_STYPE_ACTION) nl_handle=0xb400007672ab58c0 match=040d multicast=0
08-30 00:52:15.982 2584 2584 D wpa_supplicant: nl80211: Register frame type=0xd0 (WLAN_FC_STYPE_ACTION) nl_handle=0xb400007672ab58c0 match=090a multicast=0
08-30 00:52:15.982 2584 2584 D wpa_supplicant: nl80211: Register frame type=0xd0 (WLAN_FC_STYPE_ACTION) nl_handle=0xb400007672ab58c0 match=090b multicast=0
08-30 00:52:15.982 2584 2584 D wpa_supplicant: nl80211: Register frame type=0xd0 (WLAN_FC_STYPE_ACTION) nl_handle=0xb400007672ab58c0 match=090c multicast=0
08-30 00:52:15.982 2584 2584 D wpa_supplicant: nl80211: Register frame type=0xd0 (WLAN_FC_STYPE_ACTION) nl_handle=0xb400007672ab58c0 match=090d multicast=0
08-30 00:52:15.983 2584 2584 D wpa_supplicant: nl80211: Register frame type=0xd0 (WLAN_FC_STYPE_ACTION) nl_handle=0xb400007672ab58c0 match=0409506f9a09 multicast=0
08-30 00:52:15.983 2584 2584 D wpa_supplicant: nl80211: Register frame type=0xd0 (WLAN_FC_STYPE_ACTION) nl_handle=0xb400007672ab58c0 match=7f506f9a09 multicast=0
08-30 00:52:15.983 2584 2584 D wpa_supplicant: nl80211: Register frame type=0xd0 (WLAN_FC_STYPE_ACTION) nl_handle=0xb400007672ab58c0 match=0409506f9a1a multicast=0
08-30 00:52:15.983 2584 2584 D wpa_supplicant: nl80211: Register frame type=0xd0 (WLAN_FC_STYPE_ACTION) nl_handle=0xb400007672ab58c0 match=0801 multicast=0
08-30 00:52:15.983 2584 2584 D wpa_supplicant: nl80211: Register frame type=0xd0 (WLAN_FC_STYPE_ACTION) nl_handle=0xb400007672ab58c0 match=040e multicast=0
08-30 00:52:15.983 1085 2612 I CCodecBufferChannel: pipelineRoom(2) is <= numClientBuffers(2). Not signalling any more buffers to client
08-30 00:52:15.983 2584 2584 D wpa_supplicant: nl80211: Register frame type=0xd0 (WLAN_FC_STYPE_ACTION) nl_handle=0xb400007672ab58c0 match=12 multicast=0
08-30 00:52:15.984 2584 2584 D wpa_supplicant: nl80211: Register frame type=0xd0 (WLAN_FC_STYPE_ACTION) nl_handle=0xb400007672ab58c0 match=06 multicast=0
08-30 00:52:15.984 2584 2584 D wpa_supplicant: nl80211: Register frame type=0xd0 (WLAN_FC_STYPE_ACTION) nl_handle=0xb400007672ab58c0 match=0a07 multicast=0
08-30 00:52:15.984 2584 2584 D wpa_supplicant: nl80211: Register frame type=0xd0 (WLAN_FC_STYPE_ACTION) nl_handle=0xb400007672ab58c0 match=0a11 multicast=0
08-30 00:52:15.984 2584 2584 D wpa_supplicant: nl80211: Register frame type=0xd0 (WLAN_FC_STYPE_ACTION) nl_handle=0xb400007672ab58c0 match=0a0b multicast=0
08-30 00:52:15.984 2584 2584 D wpa_supplicant: nl80211: Register frame type=0xd0 (WLAN_FC_STYPE_ACTION) nl_handle=0xb400007672ab58c0 match=0a1a multicast=0
08-30 00:52:15.984 2584 2584 D wpa_supplicant: nl80211: Register frame type=0xd0 (WLAN_FC_STYPE_ACTION) nl_handle=0xb400007672ab58c0 match=1101 multicast=0
08-30 00:52:15.984 2584 2584 D wpa_supplicant: nl80211: Register frame type=0xd0 (WLAN_FC_STYPE_ACTION) nl_handle=0xb400007672ab58c0 match=1102 multicast=0
08-30 00:52:15.984 2584 2584 D wpa_supplicant: nl80211: Register frame type=0xd0 (WLAN_FC_STYPE_ACTION) nl_handle=0xb400007672ab58c0 match=0505 multicast=0
08-30 00:52:15.984 2584 2584 D wpa_supplicant: nl80211: Register frame type=0xd0 (WLAN_FC_STYPE_ACTION) nl_handle=0xb400007672ab58c0 match=1305 multicast=0
08-30 00:52:15.984 2584 2584 D wpa_supplicant: Add interface wlan0 to a new radio phy0
08-30 00:52:15.985 1085 2612 I CCodecBufferChannel: pipelineRoom(1) is <= numClientBuffers(1). Not signalling any more buffers to client
08-30 00:52:15.985 2584 2584 D wpa_supplicant: nl80211: Regulatory information - country=CN
08-30 00:52:15.985 2584 2584 D wpa_supplicant: nl80211: 2402-2482 @ 40 MHz 20 mBm
08-30 00:52:15.985 2584 2584 D wpa_supplicant: nl80211: 5170-5250 @ 80 MHz 23 mBm
08-30 00:52:15.985 2584 2584 D wpa_supplicant: nl80211: 5250-5330 @ 80 MHz 23 mBm (DFS)
08-30 00:52:15.985 2584 2584 D wpa_supplicant: nl80211: 5735-5835 @ 80 MHz 33 mBm
08-30 00:52:15.985 2584 2584 D wpa_supplicant: nl80211: Added 802.11b mode based on 802.11g information
08-30 00:52:15.985 2584 2584 D wpa_supplicant: nl80211: Mode IEEE 802.11g: 2412 2417 2422 2427 2432 2437 2442 2447 2452 2457 2462 2467 2472 2484[DISABLED]
08-30 00:52:15.985 2584 2584 D wpa_supplicant: nl80211: Mode IEEE 802.11a: 5180 5200 5220 5240 5260[RADAR] 5280[RADAR] 5300[RADAR] 5320[RADAR] 5500[DISABLED] 5520[DISABLED] 5540[DISABLED] 5560[DISABLED] 5580[DISABLED] 5600[DISABLED] 5620[DISABLED] 5640[DISABLED]
08-30 00:52:15.985 2584 2584 D wpa_supplicant: nl80211: Mode IEEE 802.11b: 2412 2417 2422 2427 2432 2437 2442 2447 2452 2457 2462 2467 2472 2484[DISABLED]
08-30 00:52:15.989 2584 2584 D wpa_supplicant: wlan0: Own MAC address: 00:03:7f:12:33:84
08-30 00:52:15.989 1319 2575 D MediaBufferGroup: creating MemoryDealer
08-30 00:52:15.989 2584 2584 D wpa_supplicant: wpa_driver_nl80211_set_key: ifindex=17 (wlan0) alg=0 addr=0x0 key_idx=0 set_tx=0 seq_len=0 key_len=0 key_flag=0x10
08-30 00:52:15.989 2584 2584 D wpa_supplicant: nl80211: DEL_KEY
08-30 00:52:15.990 2584 2584 D wpa_supplicant: broadcast key
08-30 00:52:15.990 2584 2584 D wpa_supplicant: wpa_driver_nl80211_set_key: ifindex=17 (wlan0) alg=0 addr=0x0 key_idx=1 set_tx=0 seq_len=0 key_len=0 key_flag=0x10
08-30 00:52:15.990 2584 2584 D wpa_supplicant: nl80211: DEL_KEY
08-30 00:52:15.990 2584 2584 D wpa_supplicant: broadcast key
08-30 00:52:15.991 2584 2584 D wpa_supplicant: wpa_driver_nl80211_set_key: ifindex=17 (wlan0) alg=0 addr=0x0 key_idx=2 set_tx=0 seq_len=0 key_len=0 key_flag=0x10
08-30 00:52:15.991 2584 2584 D wpa_supplicant: nl80211: DEL_KEY
08-30 00:52:15.991 2584 2584 D wpa_supplicant: broadcast key
08-30 00:52:15.992 2584 2584 D wpa_supplicant: wpa_driver_nl80211_set_key: ifindex=17 (wlan0) alg=0 addr=0x0 key_idx=3 set_tx=0 seq_len=0 key_len=0 key_flag=0x10
08-30 00:52:15.992 2584 2584 D wpa_supplicant: nl80211: DEL_KEY
08-30 00:52:15.992 2584 2584 D wpa_supplicant: broadcast key
08-30 00:52:15.992 2584 2584 D wpa_supplicant: wpa_driver_nl80211_set_key: ifindex=17 (wlan0) alg=0 addr=0x0 key_idx=4 set_tx=0 seq_len=0 key_len=0 key_flag=0x10
08-30 00:52:15.992 2584 2584 D wpa_supplicant: nl80211: DEL_KEY
08-30 00:52:15.992 2584 2584 D wpa_supplicant: broadcast key
08-30 00:52:15.993 2584 2584 D wpa_supplicant: wpa_driver_nl80211_set_key: ifindex=17 (wlan0) alg=0 addr=0x0 key_idx=5 set_tx=0 seq_len=0 key_len=0 key_flag=0x10
08-30 00:52:15.993 2584 2584 D wpa_supplicant: nl80211: DEL_KEY
08-30 00:52:15.993 2584 2584 D wpa_supplicant: broadcast key
08-30 00:52:15.993 2584 2584 D wpa_supplicant: wlan0: RSN: flushing PMKID list in the driver
08-30 00:52:15.993 2584 2584 D wpa_supplicant: nl80211: Flush PMKIDs
08-30 00:52:15.997 2584 2584 D wpa_supplicant: wlan0: State: DISCONNECTED -> INACTIVE
08-30 00:52:15.997 2584 2584 D wpa_supplicant: Notifying state change event to hidl control: 2
08-30 00:52:15.997 2584 2584 D wpa_supplicant: TDLS: TDLS operation supported by driver
08-30 00:52:15.997 2584 2584 D wpa_supplicant: TDLS: Driver uses external link setup
08-30 00:52:15.997 2584 2584 D wpa_supplicant: TDLS: Driver does not support TDLS channel switching
08-30 00:52:16.000 2584 2584 D wpa_supplicant: wlan0: WPS: UUID based on MAC address: 8e43e176-60cf-547c-a3fd-927866f03156
08-30 00:52:16.001 2584 2584 E wpa_supplicant: eap_proxy: eap_proxy_init
08-30 00:52:16.001 2584 2584 D wpa_supplicant: EAPOL: SUPP_PAE entering state DISCONNECTED
08-30 00:52:16.001 2584 2584 D wpa_supplicant: EAPOL: Supplicant port status: Unauthorized
08-30 00:52:16.001 2584 2584 D wpa_supplicant: nl80211: Skip set_supp_port(unauthorized) while not associated
08-30 00:52:16.001 2584 2584 D wpa_supplicant: EAPOL: KEY_RX entering state NO_KEY_RECEIVE
08-30 00:52:16.001 2584 2584 D wpa_supplicant: EAPOL: SUPP_BE entering state INITIALIZE
08-30 00:52:16.001 2584 2584 D wpa_supplicant: EAP: EAP entering state DISABLED
08-30 00:52:16.001 2584 2584 D wpa_supplicant: Using existing control interface directory.
08-30 00:52:16.002 2584 2584 D wpa_supplicant: nl80211: Setting wowlan
08-30 00:52:16.002 2584 2584 E wpa_supplicant: eap_proxy:eap_proxy_get_imsi: Not initialized
08-30 00:52:16.002 2584 2584 D wpa_supplicant: eap_proxy: IMSI not available
08-30 00:52:16.002 2584 2584 D wpa_supplicant: MBO: Update non-preferred channels, non_pref_chan=N/A
08-30 00:52:16.002 2584 2584 D wpa_supplicant: nl80211: Scan default IEs - hexdump(len=30): 7f 0b 00 00 0a 82 00 40 00 00 00 01 20 ff 03 02 00 ff dd 0a 50 6f 9a 16 03 01 03 65 01 01
08-30 00:52:16.003 2584 2584 D wpa_supplicant: Registering interface to hidl control: wlan0
08-30 00:52:16.003 2584 2584 I wpa_supplicant: Mapping to vendor sta iface
08-30 00:52:16.003 2584 2584 D wpa_supplicant: wlan0: Added interface wlan0
08-30 00:52:16.004 2584 2584 D wpa_supplicant: wlan0: State: INACTIVE -> DISCONNECTED
08-30 00:52:16.004 2584 2584 D wpa_supplicant: nl80211: Set wlan0 operstate 0->0 (DORMANT)
08-30 00:52:16.004 2584 2584 D wpa_supplicant: netlink: Operstate: ifindex=17 linkmode=-1 (no change), operstate=5 (IF_OPER_DORMANT)
08-30 00:52:16.004 2584 2584 D wpa_supplicant: Notifying state change event to hidl control: 0
08-30 00:52:16.005 2584 2584 D wpa_supplicant: RTM_NEWLINK: ifi_index=17 ifname=wlan0 operstate=2 linkmode=1 ifi_family=0 ifi_flags=0x1003 ([UP])
08-30 00:52:16.011 514 514 I hwservicemanager: getTransport: Cannot find entry android.hardware.wifi.supplicant@1.4::ISupplicant/default in either framework or device VINTF manifest.
08-30 00:52:16.012 2584 2623 E wpa_supplicant: eap_proxy: num_modems = 1
08-30 00:52:16.012 2584 2623 I wpa_supplicant: eap_proxy: hardware supports external modem
08-30 00:52:16.012 2584 2623 E wpa_supplicant: eap_proxy: eap_proxy Initializing for DUAL SIM build 2 tid 2623
08-30 00:52:16.014 1085 1744 D SupplicantStaIfaceHal: Newer HAL is found, skip V1_2 remaining init flow.
08-30 00:52:16.014 1085 1744 D SupplicantStaIfaceHal: Newer HAL is found, skip V1_1 remaining init flow.
08-30 00:52:16.014 1085 1744 D SupplicantStaIfaceHal: Newer HAL is found, skip V1_0 remaining init flow.
08-30 00:52:16.014 1085 1744 E SupplicantStaIfaceHal: Can't call vendor_setupIface, ISupplicantVendorStaIface is null
08-30 00:52:16.020 1085 1744 I android_os_HwBinder: HwBinder: Starting thread pool for getting: vendor.qti.hardware.wifi.supplicant@2.0::ISupplicantVendor/default
08-30 00:52:16.021 1085 1744 E SupplicantStaIfaceHal: Try to get Vendor HIDL@2.0 interface
08-30 00:52:16.021 2584 2584 I wpa_supplicant: get vendor sta iface object
08-30 00:52:16.024 1085 1744 E SupplicantStaIfaceHal: Successful get Vendor sta interface
08-30 00:52:16.032 824 2530 I vendor.qti.bluetooth@1.0-ibs_handler: ProcessIbsCmd: Received IBS_SLEEP_IND: 0xFE
08-30 00:52:16.034 514 514 I hwservicemanager: getTransport: Cannot find entry android.hardware.wifi.supplicant@1.4::ISupplicant/default in either framework or device VINTF manifest.
08-30 00:52:16.035 514 514 I hwservicemanager: getTransport: Cannot find entry android.hardware.wifi.supplicant@1.4::ISupplicant/default in either framework or device VINTF manifest.
08-30 00:52:16.037 958 958 V WifiHAL : WifiVendorCommand 0x7fdb072450 created vendor_id:0x1374 subcmd:38
08-30 00:52:16.038 958 958 V WifiHAL : Got a Wi-Fi HAL module message from Driver
08-30 00:52:16.038 958 958 V WifiHAL : Supported feature set : 44e9bddf
08-30 00:52:16.038 958 958 V WifiHAL : Supported feature set acquired : 44e9bddf
08-30 00:52:16.038 958 958 V WifiHAL : WifiVendorCommand 0xb400007285e5e190 created vendor_id:0x1374 subcmd:76
08-30 00:52:16.038 958 958 V WifiHAL : create: mVendor_id = 4980, Subcmd = 76.
08-30 00:52:16.040 958 958 V WifiHAL : WifiVendorCommand 0x7fdb0726a0 created vendor_id:0x1374 subcmd:38
08-30 00:52:16.041 958 958 V WifiHAL : Got a Wi-Fi HAL module message from Driver
08-30 00:52:16.041 958 958 V WifiHAL : Supported feature set : 44e9bddf
08-30 00:52:16.041 958 958 V WifiHAL : Supported feature set acquired : 44e9bddf
08-30 00:52:16.041 958 958 V WifiHAL : WifiVendorCommand 0xb400007285e5e190 created vendor_id:0x1374 subcmd:76
08-30 00:52:16.041 958 958 V WifiHAL : create: mVendor_id = 4980, Subcmd = 76.
08-30 00:52:16.042 514 514 I hwservicemanager: getTransport: Cannot find entry android.hardware.wifi.supplicant@1.4::ISupplicant/default in either framework or device VINTF manifest.
08-30 00:52:16.044 2584 2584 D wpa_supplicant: Driver capability mask: 0x3
08-30 00:52:16.044 1085 1744 I WifiNative: Successfully switched to connectivity mode on iface=Iface:{Name=wlan0,Id=0,Type=STA_CONNECTIVITY}
08-30 00:52:16.044 1085 1744 D WifiClientModeManager[wlan0]: entering ConnectModeState, starting ClientModeImpl
08-30 00:52:16.049 1085 1744 D WifiScoreReport: setShouldReduceNetworkScore=false mNetworkAgent is null? true
08-30 00:52:16.049 1085 1744 V WifiClientModeManager[wlan0]: ClientModeManager started in role: Role: ROLE_CLIENT_PRIMARY, RequestorWs: WorkSource{1000 com.android.settings}, ModeListener: com.android.server.wifi.ActiveModeWarden$ClientListener@b6524b0
08-30 00:52:16.051 1085 1744 D WifiScanRequestProxy: Sending scan available broadcast: true
08-30 00:52:16.052 1085 1744 I WifiScanRequestProxy: Scanning is enabled
08-30 00:52:16.052 1085 1744 I WifiScanRequestProxy: Scanning for hidden networks is enabled
08-30 00:52:16.053 1085 1750 I WifiScanningService: Received a request to enable scanning, UID = 1000
08-30 00:52:16.056 958 958 E WifiHAL : wifi_get_gscan_capabilities: GSCAN is not supported by driver
08-30 00:52:16.065 1085 1744 D WifiCountryCode: evaluateAllCmmStateAndApplyIfAllReady: {ConcreteClientModeManager{id=58439 iface=wlan0 role=ROLE_CLIENT_PRIMARY}=true}
08-30 00:52:16.065 1085 1744 D WifiCountryCode: Reading country code from telephony
08-30 00:52:16.066 1085 2609 D CCodecBufferChannel: [c2.android.vorbis.decoder#414] MediaCodec discarded an unknown buffer
08-30 00:52:16.066 1085 2609 D CCodecBufferChannel: [c2.android.vorbis.decoder#414] MediaCodec discarded an unknown buffer
08-30 00:52:16.066 1085 2609 D CCodecBufferChannel: [c2.android.vorbis.decoder#414] MediaCodec discarded an unknown buffer
08-30 00:52:16.067 1085 1750 E WifiVendorHal: getBgScanCapabilities(l.853) failed {.code = ERROR_NOT_SUPPORTED, .description = }
08-30 00:52:16.069 1085 1744 D WifiCountryCode: Set telephony country code to:
08-30 00:52:16.069 1085 1744 D WifiCountryCode: updateCountryCode to null
08-30 00:52:16.069 1085 1744 D WakeupController: onWifiEnabled()
08-30 00:52:16.069 1085 1744 W WifiClientModeImpl: No cached packet filter to apply
08-30 00:52:16.071 1085 1085 D WifiP2pService: Wifi enabled=true
08-30 00:52:16.073 2584 2584 D wpa_supplicant: parse_get_feature_info: driver supported feature info = 2523
08-30 00:52:16.074 1085 1744 D WifiClientModeManager: output of doDriverCmd for concurrent band = 2523
08-30 00:52:16.074 1085 1744 D WifiClientModeImpl[wlan0]: entering ConnectableState: ifaceName = wlan0
08-30 00:52:16.075 1085 2612 D CCodecBufferChannel: [c2.android.vorbis.decoder#665] MediaCodec discarded an unknown buffer
08-30 00:52:16.076 1085 2612 D CCodecBufferChannel: [c2.android.vorbis.decoder#665] MediaCodec discarded an unknown buffer
08-30 00:52:16.076 1085 2612 D CCodecBufferChannel: [c2.android.vorbis.decoder#665] MediaCodec discarded an unknown buffer
08-30 00:52:16.078 2584 2584 D wpa_supplicant: wpa_driver_nl80211_driver_cmd SETSUSPENDMODE 1 len = 0, 4096
08-30 00:52:16.078 1085 1744 D WifiClientModeImpl[wlan0]: Start makeIpClient ifaceName = wlan0
08-30 00:52:16.078 1085 1750 I WifiScanningService: Created a new impl for wlan0
08-30 00:52:16.079 1085 1750 I WifiScanningService: wifi driver loaded with scan capabilities: max buckets=16
08-30 00:52:16.080 1085 2626 I hw-BpHwBinder: onLastStrongRef automatically unlinking death recipients
08-30 00:52:16.082 1085 2612 I hw-BpHwBinder: onLastStrongRef automatically unlinking death recipients
08-30 00:52:16.083 1435 2592 I hw-BpHwBinder: onLastStrongRef automatically unlinking death recipients
08-30 00:52:16.083 1435 2592 V C2Store : in ~ComponentModule
08-30 00:52:16.084 1435 2592 V C2Store : unloading dll
08-30 00:52:16.091 1085 1744 I WifiClientModeImpl[wlan0]: disconnectedstate enter
08-30 00:52:16.091 1085 1744 D WifiClientModeImpl[wlan0]: setupClientMode() ifacename = wlan0
08-30 00:52:16.094 683 752 I netd : interfaceSetEnableIPv6(wlan0, false) <0.83ms>
08-30 00:52:16.095 683 752 I netd : interfaceClearAddrs(wlan0) <0.48ms>
08-30 00:52:16.095 2584 2584 E wpa_supplicant: eap_proxy: eap_proxy_notify_config
08-30 00:52:16.095 2584 2584 E wpa_supplicant: eap_proxy: Not initialized
08-30 00:52:16.095 2584 2584 E wpa_supplicant: eap_proxy: eap_proxy_notify_config
08-30 00:52:16.095 2584 2584 E wpa_supplicant: eap_proxy: Not initialized
08-30 00:52:16.095 2026 2629 E IpClient.wlan0: Failed to set accept_ra to 2
01-01 08:15:23.713 0 0 I [schedu][0x57902255][00:52:16.132826] wlan: [2343:I:HIF] Deinitializing Runtime PM wakelock &vdev->vdev_set_key_runtime_wakelock
