08-30 00:52:16.815 1085 1195 I ActivityManagerTiming: OnBootPhase_1000_com.android.server.StorageManagerService$Lifecycle
08-30 00:52:16.815 1085 1195 D ActivityManagerTiming: OnBootPhase_1000_com.android.server.StorageManagerService$Lifecycle took to complete: 0ms
01-01 08:15:24.395 0 0 D qbt : qbt_open: entry minor_no=0 fd_available=1
01-01 08:15:24.395 0 0 D qbt : qbt_open: exit : 0 fd_available=0
08-30 00:52:16.815 1085 1195 I ActivityManagerTiming: OnBootPhase_1000_com.android.server.usage.StorageStatsService$Lifecycle
08-30 00:52:16.815 1085 1195 D ActivityManagerTiming: OnBootPhase_1000_com.android.server.usage.StorageStatsService$Lifecycle took to complete: 0ms
08-30 00:52:16.815 1085 1195 I ActivityManagerTiming: OnBootPhase_1000_com.android.server.UiModeManagerService
08-30 00:52:16.816 1085 1195 D ActivityManagerTiming: OnBootPhase_1000_com.android.server.UiModeManagerService took to complete: 0ms
08-30 00:52:16.816 1085 1195 I ActivityManagerTiming: OnBootPhase_1000_com.android.server.locksettings.LockSettingsService$Lifecycle
08-30 00:52:16.816 1085 1195 D ActivityManagerTiming: OnBootPhase_1000_com.android.server.locksettings.LockSettingsService$Lifecycle took to complete: 0ms
08-30 00:52:16.816 1085 1195 I ActivityManagerTiming: OnBootPhase_1000_com.android.server.PersistentDataBlockService
08-30 00:52:16.816 1085 1195 D ActivityManagerTiming: OnBootPhase_1000_com.android.server.PersistentDataBlockService took to complete: 0ms
08-30 00:52:16.816 1085 1706 D StorageManagerService: Thinking about init, mBootCompleted=true, mDaemonConnected=true
08-30 00:52:16.816 1085 1706 D StorageManagerService: Thinking about reset, mBootCompleted=true, mDaemonConnected=true
08-30 00:52:16.816 1085 1706 I StorageSessionController: Started resetting external storage service...
08-30 00:52:16.817 1085 1706 I StorageSessionController: Finished resetting external storage service
08-30 00:52:16.817 1085 1706 I StorageManagerService: Resetting vold...
08-30 00:52:16.818 1085 1706 I StorageManagerService: Reset vold
08-30 00:52:16.819 559 559 I vold : onUserAdded: 0
08-30 00:52:16.820 1085 1195 I ActivityManagerTiming: OnBootPhase_1000_com.android.server.testharness.TestHarnessModeService
08-30 00:52:16.820 1085 1195 D TestHarnessModeService: Completing Test Harness Mode setup.
08-30 00:52:16.821 1568 2647 E QFP : Dropping unsupported QBT command
01-01 08:15:24.401 0 0 D qbt : qbt_open: entry minor_no=1 fd_available=0
01-01 08:15:24.401 0 0 D qbt : qbt_open: exit : 0 fd_available=0
01-01 08:15:24.401 0 0 D qbt : qbt_ioctl: cmd received 107
01-01 08:15:24.401 0 0 D qbt : qbt_ioctl: Acquiring wakelock
08-30 00:52:16.828 1568 2647 D QSEECOMAPI: QSEECom_get_handle sb_length = 0x40000
08-30 00:52:16.829 1568 2647 D QSEECOMAPI: App is not loaded in QSEE
08-30 00:52:16.829 1568 2647 D QSEECOMAPI: app_arch = 2, total_files = 9
08-30 00:52:16.832 1568 2647 E ion : ioctl c0044901 failed with code -1: Inappropriate ioctl for device
08-30 00:52:16.835 1085 1195 D ActivityManagerTiming: OnBootPhase_1000_com.android.server.testharness.TestHarnessModeService took to complete: 15ms
08-30 00:52:16.835 1085 1195 I ActivityManagerTiming: OnBootPhase_1000_com.android.server.oemlock.OemLockService
08-30 00:52:16.836 1085 1195 D ActivityManagerTiming: OnBootPhase_1000_com.android.server.oemlock.OemLockService took to complete: 0ms
08-30 00:52:16.836 1085 1195 I ActivityManagerTiming: OnBootPhase_1000_com.android.server.DeviceIdleController
08-30 00:52:16.836 1085 1195 D ActivityManagerTiming: OnBootPhase_1000_com.android.server.DeviceIdleController took to complete: 0ms
08-30 00:52:16.836 1085 1195 I ActivityManagerTiming: OnBootPhase_1000_com.android.server.devicepolicy.DevicePolicyManagerService$Lifecycle
08-30 00:52:16.836 1085 1195 D ActivityManagerTiming: OnBootPhase_1000_com.android.server.devicepolicy.DevicePolicyManagerService$Lifecycle took to complete: 0ms
08-30 00:52:16.836 1085 1195 I ActivityManagerTiming: OnBootPhase_1000_com.android.server.texttospeech.TextToSpeechManagerService
08-30 00:52:16.836 1085 1195 D ActivityManagerTiming: OnBootPhase_1000_com.android.server.texttospeech.TextToSpeechManagerService took to complete: 0ms
08-30 00:52:16.836 1085 1195 I ActivityManagerTiming: OnBootPhase_1000_com.android.server.speech.SpeechRecognitionManagerService
08-30 00:52:16.836 1085 1195 D ActivityManagerTiming: OnBootPhase_1000_com.android.server.speech.SpeechRecognitionManagerService took to complete: 0ms
08-30 00:52:16.836 1085 1195 I ActivityManagerTiming: OnBootPhase_1000_com.android.server.searchui.SearchUiManagerService
08-30 00:52:16.836 1085 1195 D ActivityManagerTiming: OnBootPhase_1000_com.android.server.searchui.SearchUiManagerService took to complete: 0ms
08-30 00:52:16.836 1085 1195 I ActivityManagerTiming: OnBootPhase_1000_com.android.server.smartspace.SmartspaceManagerService
08-30 00:52:16.836 1085 1195 D ActivityManagerTiming: OnBootPhase_1000_com.android.server.smartspace.SmartspaceManagerService took to complete: 0ms
08-30 00:52:16.836 1085 1195 I ActivityManagerTiming: OnBootPhase_1000_com.android.server.graphics.fonts.FontManagerService$Lifecycle
08-30 00:52:16.836 1085 1195 D ActivityManagerTiming: OnBootPhase_1000_com.android.server.graphics.fonts.FontManagerService$Lifecycle took to complete: 0ms
08-30 00:52:16.836 1085 1195 I ActivityManagerTiming: OnBootPhase_1000_com.android.server.textservices.TextServicesManagerService$Lifecycle
08-30 00:52:16.836 1085 1195 D ActivityManagerTiming: OnBootPhase_1000_com.android.server.textservices.TextServicesManagerService$Lifecycle took to complete: 0ms
08-30 00:52:16.836 1085 1195 I ActivityManagerTiming: OnBootPhase_1000_com.android.server.textclassifier.TextClassificationManagerService$Lifecycle
08-30 00:52:16.836 1085 1195 D ActivityManagerTiming: OnBootPhase_1000_com.android.server.textclassifier.TextClassificationManagerService$Lifecycle took to complete: 0ms
08-30 00:52:16.836 1085 1195 I ActivityManagerTiming: OnBootPhase_1000_com.android.server.NetworkScoreService$Lifecycle
08-30 00:52:16.836 1085 1195 D ActivityManagerTiming: OnBootPhase_1000_com.android.server.NetworkScoreService$Lifecycle took to complete: 0ms
08-30 00:52:16.837 1085 1195 I ActivityManagerTiming: OnBootPhase_1000_com.android.server.wifi.WifiService
08-30 00:52:16.837 1085 1195 D ActivityManagerTiming: OnBootPhase_1000_com.android.server.wifi.WifiService took to complete: 0ms
08-30 00:52:16.837 1085 1195 I ActivityManagerTiming: OnBootPhase_1000_com.android.server.wifi.scanner.WifiScanningService
08-30 00:52:16.837 1085 1195 D ActivityManagerTiming: OnBootPhase_1000_com.android.server.wifi.scanner.WifiScanningService took to complete: 0ms
08-30 00:52:16.837 1085 1195 I ActivityManagerTiming: OnBootPhase_1000_com.android.server.wifi.rtt.RttService
08-30 00:52:16.837 1085 1195 D ActivityManagerTiming: OnBootPhase_1000_com.android.server.wifi.rtt.RttService took to complete: 0ms
08-30 00:52:16.837 1085 1195 I ActivityManagerTiming: OnBootPhase_1000_com.android.server.wifi.aware.WifiAwareService
08-30 00:52:16.837 1085 1195 I WifiAwareService: Late initialization of Wi-Fi Aware service
08-30 00:52:16.838 1085 1744 D WifiService: Handle boot completed
08-30 00:52:16.838 1085 1195 D ActivityManagerTiming: OnBootPhase_1000_com.android.server.wifi.aware.WifiAwareService took to complete: 1ms
08-30 00:52:16.838 1085 1195 I ActivityManagerTiming: OnBootPhase_1000_com.android.server.wifi.p2p.WifiP2pService
08-30 00:52:16.838 1085 1195 D ActivityManagerTiming: OnBootPhase_1000_com.android.server.wifi.p2p.WifiP2pService took to complete: 0ms
08-30 00:52:16.839 1085 1195 I ActivityManagerTiming: OnBootPhase_1000_com.android.server.ethernet.EthernetService
08-30 00:52:16.839 1085 1195 D ActivityManagerTiming: OnBootPhase_1000_com.android.server.ethernet.EthernetService took to complete: 0ms
08-30 00:52:16.839 1085 1195 I ActivityManagerTiming: OnBootPhase_1000_com.android.server.ConnectivityServiceInitializer
08-30 00:52:16.839 1085 1195 D ActivityManagerTiming: OnBootPhase_1000_com.android.server.ConnectivityServiceInitializer took to complete: 0ms
08-30 00:52:16.839 1085 1195 I ActivityManagerTiming: OnBootPhase_1000_com.android.server.notification.NotificationManagerService
08-30 00:52:16.839 1085 1195 D ActivityManagerTiming: OnBootPhase_1000_com.android.server.notification.NotificationManagerService took to complete: 0ms
08-30 00:52:16.839 1085 1195 I ActivityManagerTiming: OnBootPhase_1000_com.android.server.storage.DeviceStorageMonitorService
08-30 00:52:16.839 1085 1195 D ActivityManagerTiming: OnBootPhase_1000_com.android.server.storage.DeviceStorageMonitorService took to complete: 0ms
08-30 00:52:16.839 1085 1195 I ActivityManagerTiming: OnBootPhase_1000_com.android.server.location.LocationManagerService$Lifecycle
08-30 00:52:16.839 1085 1195 D ActivityManagerTiming: OnBootPhase_1000_com.android.server.location.LocationManagerService$Lifecycle took to complete: 0ms
08-30 00:52:16.839 1085 1195 I ActivityManagerTiming: OnBootPhase_1000_com.android.server.timedetector.TimeDetectorService$Lifecycle
08-30 00:52:16.839 1085 1195 D ActivityManagerTiming: OnBootPhase_1000_com.android.server.timedetector.TimeDetectorService$Lifecycle took to complete: 0ms
08-30 00:52:16.839 1085 1195 I ActivityManagerTiming: OnBootPhase_1000_com.android.server.timezonedetector.TimeZoneDetectorService$Lifecycle
08-30 00:52:16.839 1085 1195 D ActivityManagerTiming: OnBootPhase_1000_com.android.server.timezonedetector.TimeZoneDetectorService$Lifecycle took to complete: 0ms
08-30 00:52:16.839 1085 1195 I ActivityManagerTiming: OnBootPhase_1000_com.android.server.timezonedetector.location.LocationTimeZoneManagerService$Lifecycle
08-30 00:52:16.839 1085 1195 D ActivityManagerTiming: OnBootPhase_1000_com.android.server.timezonedetector.location.LocationTimeZoneManagerService$Lifecycle took to complete: 0ms
08-30 00:52:16.840 1085 1195 I ActivityManagerTiming: OnBootPhase_1000_com.android.server.search.SearchManagerService$Lifecycle
08-30 00:52:16.840 1085 1195 D ActivityManagerTiming: OnBootPhase_1000_com.android.server.search.SearchManagerService$Lifecycle took to complete: 0ms
08-30 00:52:16.840 1085 1195 I ActivityManagerTiming: OnBootPhase_1000_com.android.server.wallpaper.WallpaperManagerService$Lifecycle
08-30 00:52:16.840 1085 1195 D ActivityManagerTiming: OnBootPhase_1000_com.android.server.wallpaper.WallpaperManagerService$Lifecycle took to complete: 0ms
08-30 00:52:16.840 1085 1195 I ActivityManagerTiming: OnBootPhase_1000_com.android.server.audio.AudioService$Lifecycle
08-30 00:52:16.840 1085 1195 D ActivityManagerTiming: OnBootPhase_1000_com.android.server.audio.AudioService$Lifecycle took to complete: 0ms
08-30 00:52:16.840 1085 1195 I ActivityManagerTiming: OnBootPhase_1000_com.android.server.soundtrigger_middleware.SoundTriggerMiddlewareService$Lifecycle
08-30 00:52:16.840 1085 1195 D ActivityManagerTiming: OnBootPhase_1000_com.android.server.soundtrigger_middleware.SoundTriggerMiddlewareService$Lifecycle took to complete: 0ms
08-30 00:52:16.840 1085 1195 I ActivityManagerTiming: OnBootPhase_1000_com.android.server.DockObserver
08-30 00:52:16.840 1085 1195 D ActivityManagerTiming: OnBootPhase_1000_com.android.server.DockObserver took to complete: 0ms
08-30 00:52:16.840 1085 1195 I ActivityManagerTiming: OnBootPhase_1000_com.android.server.midi.MidiService$Lifecycle
08-30 00:52:16.840 1085 1195 D ActivityManagerTiming: OnBootPhase_1000_com.android.server.midi.MidiService$Lifecycle took to complete: 0ms
08-30 00:52:16.840 1085 1195 I ActivityManagerTiming: OnBootPhase_1000_com.android.server.adb.AdbService$Lifecycle
08-30 00:52:16.841 1085 1195 D ActivityManagerTiming: OnBootPhase_1000_com.android.server.adb.AdbService$Lifecycle took to complete: 1ms
08-30 00:52:16.841 1085 1195 I ActivityManagerTiming: OnBootPhase_1000_com.android.server.usb.UsbService$Lifecycle
08-30 00:52:16.841 1085 1195 D ActivityManagerTiming: OnBootPhase_1000_com.android.server.usb.UsbService$Lifecycle took to complete: 0ms
08-30 00:52:16.841 1085 1195 I ActivityManagerTiming: OnBootPhase_1000_com.android.server.twilight.TwilightService
08-30 00:52:16.842 1914 1914 W View : requestLayout() improperly called by com.android.keyguard.AlphaOptimizedLinearLayout{b15a65f V.E...... ......ID 4,0-27,33 #7f0b0685 app:id/wifi_group} during layout: running second layout pass
08-30 00:52:16.842 1914 1914 W View : requestLayout() improperly called by com.android.keyguard.AlphaOptimizedLinearLayout{d62f8ac V.E...... ......ID 4,0-27,33 #7f0b0685 app:id/wifi_group} during layout: running second layout pass
08-30 00:52:16.845 2026 2189 I Tethering: USB bcast connected:true configured:true rndis:false ncm:false
08-30 00:52:16.845 1085 1744 I WifiScoreCard: Installing MemoryStore
08-30 00:52:16.845 1085 1744 I WifiHealthMonitor: Installing MemoryStore
08-30 00:52:16.846 1914 1914 W View : requestLayout() improperly called by com.android.keyguard.AlphaOptimizedLinearLayout{f5cf398 V.E...... ......ID 4,0-27,33 #7f0b0685 app:id/wifi_group} during layout: running second layout pass
08-30 00:52:16.848 1085 1195 D ActivityManagerTiming: OnBootPhase_1000_com.android.server.twilight.TwilightService took to complete: 7ms
08-30 00:52:16.848 1085 1195 I ActivityManagerTiming: OnBootPhase_1000_com.android.server.display.color.ColorDisplayService
08-30 00:52:16.848 1085 1195 D ActivityManagerTiming: OnBootPhase_1000_com.android.server.display.color.ColorDisplayService took to complete: 0ms
08-30 00:52:16.849 1085 1195 I ActivityManagerTiming: OnBootPhase_1000_com.android.server.job.JobSchedulerService
08-30 00:52:16.849 1085 1195 D ActivityManagerTiming: OnBootPhase_1000_com.android.server.job.JobSchedulerService took to complete: 0ms
08-30 00:52:16.849 1085 1195 I ActivityManagerTiming: OnBootPhase_1000_com.android.server.soundtrigger.SoundTriggerService
08-30 00:52:16.849 1085 1195 D SoundTriggerService: onBootPhase: 1000 : false
08-30 00:52:16.849 1085 1195 D ActivityManagerTiming: OnBootPhase_1000_com.android.server.soundtrigger.SoundTriggerService took to complete: 0ms
08-30 00:52:16.849 1085 1195 I ActivityManagerTiming: OnBootPhase_1000_com.android.server.trust.TrustManagerService
08-30 00:52:16.849 1085 1195 D ActivityManagerTiming: OnBootPhase_1000_com.android.server.trust.TrustManagerService took to complete: 0ms
08-30 00:52:16.849 1085 1195 I ActivityManagerTiming: OnBootPhase_1000_com.android.server.backup.BackupManagerService$Lifecycle
08-30 00:52:16.849 1085 1195 D ActivityManagerTiming: OnBootPhase_1000_com.android.server.backup.BackupManagerService$Lifecycle took to complete: 0ms
08-30 00:52:16.849 1085 1195 I ActivityManagerTiming: OnBootPhase_1000_com.android.server.appwidget.AppWidgetService
08-30 00:52:16.849 1085 1195 D ActivityManagerTiming: OnBootPhase_1000_com.android.server.appwidget.AppWidgetService took to complete: 0ms
08-30 00:52:16.849 1085 1195 I ActivityManagerTiming: OnBootPhase_1000_com.android.server.voiceinteraction.VoiceInteractionManagerService
08-30 00:52:16.849 1085 1195 D ActivityManagerTiming: OnBootPhase_1000_com.android.server.voiceinteraction.VoiceInteractionManagerService took to complete: 0ms
08-30 00:52:16.850 1085 1195 I ActivityManagerTiming: OnBootPhase_1000_com.android.server.apphibernation.AppHibernationService
08-30 00:52:16.850 1085 1195 D ActivityManagerTiming: OnBootPhase_1000_com.android.server.apphibernation.AppHibernationService took to complete: 0ms
08-30 00:52:16.850 1085 1195 I ActivityManagerTiming: OnBootPhase_1000_com.android.server.GestureLauncherService
08-30 00:52:16.850 1085 1195 D ActivityManagerTiming: OnBootPhase_1000_com.android.server.GestureLauncherService took to complete: 0ms
08-30 00:52:16.850 1085 1195 I ActivityManagerTiming: OnBootPhase_1000_com.android.server.SensorNotificationService
01-01 08:15:24.436 0 0 I [wifi@1][0x5863dd0e][00:52:16.855529] wlan: [958:I:DP] dp_vdev_attach_wifi3: wlan_cfg_ap_bridge_enabled 1
01-01 08:15:24.436 0 0 E [wifi@1][0x586410f0][00:52:16.856220] wlan: [958:E:PMO] pmo_register_wow_wakeup_events: 88: Skipping wake event configuration for vdev_opmode 16
08-30 00:52:16.852 1085 1195 D CompatibilityChangeReporter: Compat change id reported: 168936375; UID 1000; state: ENABLED
08-30 00:52:16.852 1085 1195 D CompatibilityChangeReporter: Compat change id reported: 168936375; UID 1000; state: DISABLED
08-30 00:52:16.858 1615 1648 I adbd : adbd_auth: received a new framework connection
08-30 00:52:16.859 1085 2649 I HibernationStateDiskStore: No hibernation file on disk for file /data/system/hibernation/states
08-30 00:52:16.859 1615 1648 I adbd : adbd_auth: received new framework fd 35 (current = -1)
08-30 00:52:16.869 1085 1744 D WifiNetworkFactory: Registering NetworkFactory
08-30 00:52:16.869 1085 1744 D UntrustedWifiNetworkFactory: Registering NetworkFactory
08-30 00:52:16.869 1085 1744 D OemPaidWifiNetworkFactory: Registering NetworkFactory
08-30 00:52:16.869 1085 1744 E ApConfigUtil: Malformed channel value detected: java.lang.NumberFormatException: For input string: ""
08-30 00:52:16.874 1085 1195 D CompatibilityChangeReporter: Compat change id reported: 73144566; UID 1000; state: ENABLED
08-30 00:52:16.874 1085 1195 D CompatibilityChangeReporter: Compat change id reported: 73144566; UID 1000; state: DISABLED
08-30 00:52:16.875 1085 1195 D ActivityManagerTiming: OnBootPhase_1000_com.android.server.SensorNotificationService took to complete: 25ms
08-30 00:52:16.875 1085 1195 I ActivityManagerTiming: OnBootPhase_1000_com.android.server.emergency.EmergencyAffordanceService
08-30 00:52:16.875 1085 1195 D ActivityManagerTiming: OnBootPhase_1000_com.android.server.emergency.EmergencyAffordanceService took to complete: 0ms
08-30 00:52:16.875 1085 1754 D ConnectivityService: Got NetworkProvider Messenger for WifiNetworkFactory
08-30 00:52:16.875 1085 1754 D ConnectivityService: Got NetworkProvider Messenger for UntrustedWifiNetworkFactory
08-30 00:52:16.875 1085 1754 D ConnectivityService: Got NetworkProvider Messenger for OemPaidWifiNetworkFactory
08-30 00:52:16.876 1085 1195 I ActivityManagerTiming: OnBootPhase_1000_com.android.server.blob.BlobStoreManagerService
08-30 00:52:16.881 1085 1195 D ActivityManagerTiming: OnBootPhase_1000_com.android.server.blob.BlobStoreManagerService took to complete: 5ms
08-30 00:52:16.881 1085 1195 I ActivityManagerTiming: OnBootPhase_1000_com.android.server.dreams.DreamManagerService
08-30 00:52:16.881 1085 1195 D ActivityManagerTiming: OnBootPhase_1000_com.android.server.dreams.DreamManagerService took to complete: 0ms
08-30 00:52:16.881 1085 1195 I ActivityManagerTiming: OnBootPhase_1000_com.android.server.companion.CompanionDeviceManagerService
08-30 00:52:16.881 1085 1195 D ActivityManagerTiming: OnBootPhase_1000_com.android.server.companion.CompanionDeviceManagerService took to complete: 0ms
08-30 00:52:16.881 1085 1195 I ActivityManagerTiming: OnBootPhase_1000_com.android.server.restrictions.RestrictionsManagerService
08-30 00:52:16.881 1085 1195 D ActivityManagerTiming: OnBootPhase_1000_com.android.server.restrictions.RestrictionsManagerService took to complete: 0ms
08-30 00:52:16.881 1085 1195 I ActivityManagerTiming: OnBootPhase_1000_com.android.server.media.MediaSessionService
08-30 00:52:16.884 1085 1195 D ActivityManagerTiming: OnBootPhase_1000_com.android.server.media.MediaSessionService took to complete: 3ms
08-30 00:52:16.884 1085 1195 I ActivityManagerTiming: OnBootPhase_1000_com.android.server.media.MediaResourceMonitorService
08-30 00:52:16.884 1085 1195 D ActivityManagerTiming: OnBootPhase_1000_com.android.server.media.MediaResourceMonitorService took to complete: 0ms
08-30 00:52:16.884 1085 1195 I ActivityManagerTiming: OnBootPhase_1000_com.android.server.biometrics.sensors.fingerprint.FingerprintService
08-30 00:52:16.884 1085 1195 D ActivityManagerTiming: OnBootPhase_1000_com.android.server.biometrics.sensors.fingerprint.FingerprintService took to complete: 0ms
08-30 00:52:16.884 1085 1195 I ActivityManagerTiming: OnBootPhase_1000_com.android.server.biometrics.BiometricService
08-30 00:52:16.884 1085 1195 D ActivityManagerTiming: OnBootPhase_1000_com.android.server.biometrics.BiometricService took to complete: 0ms
08-30 00:52:16.884 1085 1195 I ActivityManagerTiming: OnBootPhase_1000_com.android.server.biometrics.AuthService
08-30 00:52:16.884 1085 1195 D ActivityManagerTiming: OnBootPhase_1000_com.android.server.biometrics.AuthService took to complete: 0ms
08-30 00:52:16.884 1085 1195 I ActivityManagerTiming: OnBootPhase_1000_com.android.server.pm.ShortcutService$Lifecycle
08-30 00:52:16.884 1085 1195 D ActivityManagerTiming: OnBootPhase_1000_com.android.server.pm.ShortcutService$Lifecycle took to complete: 0ms
08-30 00:52:16.884 1085 1195 I ActivityManagerTiming: OnBootPhase_1000_com.android.server.pm.LauncherAppsService
08-30 00:52:16.884 1085 1195 D ActivityManagerTiming: OnBootPhase_1000_com.android.server.pm.LauncherAppsService took to complete: 0ms
08-30 00:52:16.884 1085 1195 I ActivityManagerTiming: OnBootPhase_1000_com.android.server.pm.CrossProfileAppsService
08-30 00:52:16.884 1085 1195 D ActivityManagerTiming: OnBootPhase_1000_com.android.server.pm.CrossProfileAppsService took to complete: 0ms
08-30 00:52:16.884 1085 1195 I ActivityManagerTiming: OnBootPhase_1000_com.android.server.people.PeopleService
08-30 00:52:16.884 1085 1195 D ActivityManagerTiming: OnBootPhase_1000_com.android.server.people.PeopleService took to complete: 0ms
08-30 00:52:16.884 1085 1195 I ActivityManagerTiming: OnBootPhase_1000_com.android.server.media.metrics.MediaMetricsManagerService
08-30 00:52:16.884 1085 1195 D ActivityManagerTiming: OnBootPhase_1000_com.android.server.media.metrics.MediaMetricsManagerService took to complete: 0ms
08-30 00:52:16.885 1085 1195 I ActivityManagerTiming: OnBootPhase_1000_com.android.server.media.projection.MediaProjectionManagerService
08-30 00:52:16.885 1085 1195 D ActivityManagerTiming: OnBootPhase_1000_com.android.server.media.projection.MediaProjectionManagerService took to complete: 0ms
08-30 00:52:16.885 1085 1195 I ActivityManagerTiming: OnBootPhase_1000_com.android.server.slice.SliceManagerService$Lifecycle
08-30 00:52:16.885 1085 1195 D ActivityManagerTiming: OnBootPhase_1000_com.android.server.slice.SliceManagerService$Lifecycle took to complete: 0ms
08-30 00:52:16.885 1085 1195 I ActivityManagerTiming: OnBootPhase_1000_com.android.server.stats.StatsCompanion$Lifecycle
08-30 00:52:16.885 1085 1195 D ActivityManagerTiming: OnBootPhase_1000_com.android.server.stats.StatsCompanion$Lifecycle took to complete: 0ms
08-30 00:52:16.885 1085 1195 I ActivityManagerTiming: OnBootPhase_1000_com.android.server.scheduling.RebootReadinessManagerService$Lifecycle
08-30 00:52:16.885 1085 1195 D ActivityManagerTiming: OnBootPhase_1000_com.android.server.scheduling.RebootReadinessManagerService$Lifecycle took to complete: 0ms
08-30 00:52:16.885 1085 1195 I ActivityManagerTiming: OnBootPhase_1000_com.android.server.stats.pull.StatsPullAtomService
08-30 00:52:16.885 1085 1195 D ActivityManagerTiming: OnBootPhase_1000_com.android.server.stats.pull.StatsPullAtomService took to complete: 0ms
08-30 00:52:16.885 1085 1195 I ActivityManagerTiming: OnBootPhase_1000_com.android.server.incident.IncidentCompanionService
08-30 00:52:16.885 1085 1195 D ActivityManagerTiming: OnBootPhase_1000_com.android.server.incident.IncidentCompanionService took to complete: 0ms
08-30 00:52:16.885 1085 1195 I ActivityManagerTiming: OnBootPhase_1000_com.android.server.MmsServiceBroker
08-30 00:52:16.885 1085 1195 D ActivityManagerTiming: OnBootPhase_1000_com.android.server.MmsServiceBroker took to complete: 0ms
08-30 00:52:16.885 1085 1195 I ActivityManagerTiming: OnBootPhase_1000_com.android.server.autofill.AutofillManagerService
08-30 00:52:16.885 1085 1195 D ActivityManagerTiming: OnBootPhase_1000_com.android.server.autofill.AutofillManagerService took to complete: 0ms
08-30 00:52:16.886 1085 1195 I ActivityManagerTiming: OnBootPhase_1000_com.android.server.clipboard.ClipboardService
08-30 00:52:16.886 1085 1195 D ActivityManagerTiming: OnBootPhase_1000_com.android.server.clipboard.ClipboardService took to complete: 0ms
08-30 00:52:16.886 1085 1195 I ActivityManagerTiming: OnBootPhase_1000_com.android.server.appbinding.AppBindingService$Lifecycle
08-30 00:52:16.886 1085 1195 D ActivityManagerTiming: OnBootPhase_1000_com.android.server.appbinding.AppBindingService$Lifecycle took to complete: 0ms
08-30 00:52:16.886 1085 1195 I ActivityManagerTiming: OnBootPhase_1000_com.android.server.tracing.TracingServiceProxy
08-30 00:52:16.886 1085 1195 D ActivityManagerTiming: OnBootPhase_1000_com.android.server.tracing.TracingServiceProxy took to complete: 0ms
08-30 00:52:16.886 1085 1195 I ActivityManagerTiming: OnBootPhase_1000_com.android.server.policy.PermissionPolicyService
08-30 00:52:16.886 1085 1195 D ActivityManagerTiming: OnBootPhase_1000_com.android.server.policy.PermissionPolicyService took to complete: 0ms
08-30 00:52:16.886 1085 1195 I ActivityManagerTiming: OnBootPhase_1000_com.android.server.pm.StagingManager$Lifecycle
08-30 00:52:16.886 1085 1195 D ActivityManagerTiming: OnBootPhase_1000_com.android.server.pm.StagingManager$Lifecycle took to complete: 0ms
08-30 00:52:16.886 1085 1195 I ActivityManagerTiming: OnBootPhase_1000_com.android.server.app.GameManagerService$Lifecycle
08-30 00:52:16.886 1085 1195 D GameManagerService: onBootCompleted
08-30 00:52:16.886 1085 1195 D ActivityManagerTiming: OnBootPhase_1000_com.android.server.app.GameManagerService$Lifecycle took to complete: 0ms
08-30 00:52:16.886 1085 1195 I ActivityManagerTiming: OnBootPhase_1000_com.android.server.appsearch.AppSearchManagerService
08-30 00:52:16.887 1085 1195 D AppSearchStatsCollector: atoms registered
08-30 00:52:16.887 1085 1195 D ActivityManagerTiming: OnBootPhase_1000_com.android.server.appsearch.AppSearchManagerService took to complete: 1ms
08-30 00:52:16.887 1085 1195 I ActivityManagerTiming: OnBootPhase_1000_com.android.server.media.MediaCommunicationService
08-30 00:52:16.887 1085 1195 D ActivityManagerTiming: OnBootPhase_1000_com.android.server.media.MediaCommunicationService took to complete: 0ms
08-30 00:52:16.887 1085 1195 D ActivityManagerTiming: OnBootPhase_1000 took to complete: 103ms
08-30 00:52:16.887 1085 1195 D ActivityManagerTiming: TotalBootTime took to complete: 15538ms
08-30 00:52:16.887 1085 1195 D SystemServerInitThreadPool: Shutdown requested
08-30 00:52:16.887 1085 1195 I SystemServerTiming: WaitInitThreadPoolShutdown
08-30 00:52:16.893 1085 1195 D SystemServerInitThreadPool: Shutdown successful
08-30 00:52:16.893 1085 1195 D SystemServerTiming: WaitInitThreadPoolShutdown took to complete: 6ms
08-30 00:52:16.903 1511 1529 D LOWI-9.0.0.87.a: [LOWINetlinkSocketReceiver] unpackRTMLinkMessage: RTM_NEWLINK - ifname wifi-aware0, flags 0x1003 ([UP])
01-01 08:15:24.457 0 0 E [wifi@1][0x5869f5a1][00:52:16.876336] wlan: [958:E:SME] sme_get_nss_chain_shift: 4045: Device mode 16 invalid
01-01 08:15:24.469 0 0 E [wifi@1][0x586d7cdf][00:52:16.888380] wlan: [958:E:SME] sme_get_nss_chain_shift: 4045: Device mode 16 invalid
01-01 08:15:24.479 0 0 W QSEECOM : qseecom_load_app: App (fingerpr) does'nt exist, loading apps for first time
01-01 08:15:24.481 0 0 I init : processing action (sys.boot_completed=1) from (/system/etc/init/hw/init.rc:1163)
01-01 08:15:24.482 0 0 I init : starting service 'exec 30 (/bin/rm -rf /data/per_boot)'...
01-01 08:15:24.486 0 0 I IPv6 : ADDRCONF(NETDEV_UP): wifi-aware0: link is not ready
08-30 00:52:16.904 1085 1192 I EthernetTracker: interfaceLinkStateChanged, iface: wifi-aware0, up: false
08-30 00:52:16.904 1085 1195 I uc_finish_user_boot: 0
08-30 00:52:16.904 1085 1195 I ActivityManager: User 0 state changed from BOOTING to RUNNING_LOCKED
08-30 00:52:16.904 1085 1195 I am_user_state_changed: [0,1]
08-30 00:52:16.904 1085 1195 W ActivityManager: UserLifecycleEvent 4 received without an active userJourneySession.
08-30 00:52:16.906 1085 1744 E ApConfigUtil: Malformed channel value detected: java.lang.NumberFormatException: For input string: ""
08-30 00:52:16.909 958 958 E WifiHAL : ack_handler_nan: called
08-30 00:52:16.920 1085 1195 I uc_send_user_broadcast: [0,android.intent.action.LOCKED_BOOT_COMPLETED]
08-30 00:52:16.922 1085 1195 D StorageManagerService: unlockUserKey: 0 isFileEncryptedNativeOrEmulated: true hasToken: false hasSecret: false
08-30 00:52:16.923 559 559 D vold : fscrypt_unlock_user_key 0 serial=0
08-30 00:52:16.925 559 559 D vold : Trying user CE key /data/misc/vold/user_keys/ce/0/current
01-01 08:15:24.514 0 0 I init : SVC_EXEC service 'exec 30 (/bin/rm -rf /data/per_boot)' pid 2655 (uid 1000 gid 1000+0 context default) started; waiting...
08-30 00:52:16.937 684 684 D Zygote : Forked child process 2657
08-30 00:52:16.938 1085 1212 W ActivityManager: Slow operation: 145ms so far, now at startProcess: returned from zygote!
01-01 08:15:24.572 0 0 D : mv2112_read_status
01-01 08:15:24.573 0 0 D mv2112_update_link: 3.0x901(1G): 0x4
01-01 08:15:24.573 0 0 D mv2112_update_link: 3.0x8109(100M): 0x8
01-01 08:15:24.573 0 0 D mv2112_update_link: link 0x4
01-01 08:15:24.573 0 0 D mv2112_read_status: autoneg is disabled
08-30 00:52:16.997 1894 1894 I BluetoothPhonePolicy: MESSAGE_AUTO_CONNECT_PROFILES
08-30 00:52:16.997 1894 1894 D BluetoothAdapterService: isQuetModeEnabled() - Enabled = false
08-30 00:52:16.997 1894 1894 I BluetoothPhonePolicy: autoConnect: Initiate auto connection on BT on...
08-30 00:52:16.998 1894 1894 D BluetoothDatabase: getMostRecentlyConnectedA2dpDevice: Invalid address for device LocalStorage
08-30 00:52:16.998 1894 1894 D BluetoothDatabase: getMostRecentlyConnectedHfpDevice: Invalid address for device LocalStorage
08-30 00:52:16.998 1894 1894 D BluetoothDatabase: getMostRecentlyConnectedA2dpSrcDevice: Invalid address for device LocalStorage
08-30 00:52:16.998 1894 1894 I BluetoothPhonePolicy: autoConnect: mostRecentlyActiveA2dpDevice: null
08-30 00:52:16.998 1894 1894 I BluetoothPhonePolicy: autoConnect: mostRecentlyActiveHfpDevice: null
08-30 00:52:16.999 1894 1894 I BluetoothPhonePolicy: autoConnect: mostRecentlyConnectedA2dpSrcDevice: null
08-30 00:52:16.999 1894 1894 E BluetoothPhonePolicy: autoConnect: most recently active a2dp and hfp devices are null
08-30 00:52:17.018 1511 2630 D LOWI-9.0.0.87.a: [LOWI-Scan] wait_event:Wait done with Cmd 103
08-30 00:52:17.019 1568 2647 D QSEECOMAPI: Loaded image: APP id = 7
08-30 00:52:17.019 1511 2630 D LOWI-9.0.0.87.a: [LOWI-Scan] do_listen_events: Rcvd valid Netlink Cmd 0 Err 0
08-30 00:52:17.019 1451 1451 I cnss-daemon: nl80211 response handler invoked
08-30 00:52:17.019 1451 1451 I cnss-daemon: nl80211_response_handler: cmd 103, vendorID 4980, subcmd 12 received
01-01 08:15:24.599 0 0 W QSEECOM : qseecom_load_app: App with id 7 (fingerpr) now loaded
01-01 08:15:24.599 0 0 I init : starting service 'qvrd_vndr'...
08-30 00:52:17.025 958 2549 I WifiHAL : event received NL80211_CMD_VENDOR, vendor_id = 0x1374, subcmd = 0xc
08-30 00:52:17.027 958 2549 D WifiHAL : NanErrorTranslation: Status: 0 Error Info[value 0]: NAN status success
08-30 00:52:17.027 958 2549 I WifiHAL : handleNanResponse ret:0 status:0 value:NAN status success response_type:12
01-01 08:15:24.605 0 0 I init : Created socket '/dev/socket/qvrservice_vndr', mode 660, user 1000, group 1000
01-01 08:15:24.608 0 0 I init : Created socket '/dev/socket/qvrservice_vndr_camera', mode 660, user 1000, group 1000
08-30 00:52:17.032 958 958 E WifiHAL : error_handler_nan: Error code:-22 (Invalid argument)
08-30 00:52:17.032 958 958 E WifiHAL : nan_disable_request: requestEvent Error:-5
08-30 00:52:17.033 958 958 E WifiHAL : error_handler_nan: Error code:-22 (Invalid argument)
08-30 00:52:17.033 958 958 E WifiHAL : nan_data_interface_delete: requestEvent Error:-5
08-30 00:52:17.035 559 559 D vold : Successfully retrieved key
08-30 00:52:17.036 958 958 E WifiHAL : error_handler_nan: Error code:-22 (Invalid argument)
08-30 00:52:17.036 958 958 E WifiHAL : nan_data_interface_delete: requestEvent Error:-5
08-30 00:52:17.039 1568 2647 I QFP : qsc_start_app: Loading app [fingerpr] succeeded
08-30 00:52:17.039 1568 2647 I QFP : openFramework: entry with eeprom_buffer_size=0
08-30 00:52:17.048 557 567 D DrmLibTime: got the req here! ret=0
08-30 00:52:17.048 557 567 D DrmLibTime: command id, time_cmd_id = 770
08-30 00:52:17.048 557 567 D DrmLibTime: time_getutcsec starts!
08-30 00:52:17.048 557 567 D DrmLibTime: QSEE Time Listener: time_getutcsec
08-30 00:52:17.048 557 567 D DrmLibTime: QSEE Time Listener: get_utc_seconds
08-30 00:52:17.048 557 567 D DrmLibTime: QSEE Time Listener: time_get_modem_time
08-30 00:52:17.048 557 567 D DrmLibTime: QSEE Time Listener: Checking if ATS_MODEM is set or not.
08-30 00:52:17.048 557 567 D QC-time-services: Lib:time_genoff_operation: pargs->base = 13
08-30 00:52:17.048 557 567 D QC-time-services: Lib:time_genoff_operation: pargs->operation = 2
08-30 00:52:17.048 557 567 D QC-time-services: Lib:time_genoff_operation: pargs->ts_val = 0
08-30 00:52:17.049 557 567 D QC-time-services: Lib:time_genoff_operation: Send to server passed!!
08-30 00:52:17.049 2657 2657 D ProcessState: Binder ioctl to enable oneway spam detection failed: Invalid argument
08-30 00:52:17.050 656 1052 D QC-time-services: Daemon: Connection accepted:time_genoff
08-30 00:52:17.050 1615 1650 I adbd : jdwp connection from 2657
01-01 08:15:24.630 0 0 I binder : 2657:2657 ioctl 40046210 7fc01e2b14 returned -22
08-30 00:52:17.053 656 2674 D QC-time-services: Daemon:Received base = 13, unit = 1, operation = 2,value = 0
08-30 00:52:17.054 656 2674 D QC-time-services: Daemon:genoff_opr: Base = 13, val = 0, operation = 2
08-30 00:52:17.055 656 2674 D QC-time-services: offset is: 0 for base: 13
08-30 00:52:17.055 557 567 E QC-time-services: Receive Passed == base = 13, unit = 1, operation = 2, result = 0
08-30 00:52:17.055 557 567 D DrmLibTime: QSEE Time Listener: ATS_MODEM is not set. Fallback to Android system time.
08-30 00:52:17.055 557 567 D DrmLibTime: QSEE Time Listener: Retrieved Android system time: 1661791937
08-30 00:52:17.055 557 567 D DrmLibTime: time_getutcsec returns 0, sec = 1661791937; nsec = 0
08-30 00:52:17.055 557 567 D DrmLibTime: time_getutcsec finished!
08-30 00:52:17.056 557 567 D DrmLibTime: iotcl_continue_command finished! and return 0
08-30 00:52:17.056 557 567 D DrmLibTime: before calling ioctl to read the next time_cmd
08-30 00:52:17.056 656 1052 E QC-time-services: Daemon: Time-services: Waiting to acceptconnection
01-01 08:15:24.639 0 0 I init : Service 'exec 30 (/bin/rm -rf /data/per_boot)' (pid 2655) exited with status 0 waiting took 0.139000 seconds
01-01 08:15:24.644 0 0 I : Boot completed
01-01 08:15:24.646 0 0 I [schedu][0x58a171dd][00:52:17.065726] wlan: [2343:I:HIF] Deinitializing Runtime PM wakelock &vdev->vdev_set_key_runtime_wakelock
01-01 08:15:24.648 0 0 I [schedu][0x58a21495][00:52:17.067896] wlan: [2343:I:HIF] Initializing Runtime PM wakelock &vdev->vdev_set_key_runtime_wakelock
08-30 00:52:17.072 1511 1529 D LOWI-9.0.0.87.a: [LOWINetlinkSocketReceiver] unpackRTMLinkMessage: RTM_NEWLINK - ifname wifi-aware0, flags 0x1002 ()
08-30 00:52:17.075 1085 1192 I EthernetTracker: interfaceLinkStateChanged, iface: wifi-aware0, up: false
08-30 00:52:17.101 559 559 D vold : Installed fscrypt key with ref fdcee321025b97505d31e09994da1d12 to /data
08-30 00:52:17.102 559 559 D vold : Added fscrypt-provisioning key for fdcee321025b97505d31e09994da1d12 to session keyring
08-30 00:52:17.102 559 559 D vold : Installed ce key for user 0
08-30 00:52:17.104 1085 1195 I uc_finish_user_unlocking: 0
08-30 00:52:17.104 1085 1195 W ActivityManager: UserLifecycleEvent 5 received without an active userJourneySession.
08-30 00:52:17.104 1085 1195 D ActivityManager: Started unlocking user 0
08-30 00:52:17.104 1085 1195 D ActivityManager: Unlocking user 0 progress 0
08-30 00:52:17.104 1085 1195 D ActivityManager: Unlocking user 0 progress 5
08-30 00:52:17.106 559 559 D vold : fscrypt_prepare_user_storage for volume null, user 0, serial 0, flags 2
08-30 00:52:17.106 1085 1211 I am_uid_running: 10073
08-30 00:52:17.106 559 559 D vold : Preparing: /data/system_ce/0
08-30 00:52:17.107 1085 1211 D CompatibilityChangeReporter: Compat change id reported: 135634846; UID 10073; state: DISABLED
08-30 00:52:17.107 559 559 D vold : Preparing: /data/misc_ce/0
08-30 00:52:17.107 1085 1211 D CompatibilityChangeReporter: Compat change id reported: 177438394; UID 10073; state: DISABLED
08-30 00:52:17.107 1085 1211 D CompatibilityChangeReporter: Compat change id reported: 135772972; UID 10073; state: DISABLED
08-30 00:52:17.107 559 559 D vold : Preparing: /data/vendor_ce/0
08-30 00:52:17.107 1085 1211 D CompatibilityChangeReporter: Compat change id reported: 135754954; UID 10073; state: DISABLED
08-30 00:52:17.108 1085 1212 W ActivityManager: Slow operation: 315ms so far, now at startProcess: done updating battery stats
08-30 00:52:17.108 1085 1212 I am_proc_start: [0,2657,10075,com.android.inputmethod.latin,service,{com.android.inputmethod.latin/com.android.inputmethod.latin.LatinIME}]
08-30 00:52:17.108 1085 1212 W ActivityManager: Slow operation: 315ms so far, now at startProcess: building log message
08-30 00:52:17.109 1085 1212 I ActivityManager: Start proc 2657:com.android.inputmethod.latin/u0a75 for service {com.android.inputmethod.latin/com.android.inputmethod.latin.LatinIME}
08-30 00:52:17.109 1085 1212 W ActivityManager: Slow operation: 316ms so far, now at startProcess: starting to update pids map
08-30 00:52:17.109 1085 1212 W ActivityManager: Slow operation: 316ms so far, now at startProcess: done updating pids map
08-30 00:52:17.109 559 559 D vold : Preparing: /data/media/0
08-30 00:52:17.110 1085 1212 D CompatibilityChangeReporter: Compat change id reported: 143937733; UID 10073; state: DISABLED
08-30 00:52:17.110 1085 1885 I dvm_lock_sample: [system_server,1,Binder:1085_7,123,ActivityManagerService.java,12468,android.content.Intent com.android.server.am.ActivityManagerService.registerReceiverWithFeature(android.app.IApplicationThread, java.lang.String, java.lang.String, java.lang.String, android.content.IIntentReceiver, android.content.IntentFilter, java.lang.String, int, int),,0,null,24]
08-30 00:52:17.113 1085 1883 I am_proc_bound: [0,2657,com.android.inputmethod.latin]
08-30 00:52:17.115 559 559 D vold : Preparing: /data/data
08-30 00:52:17.115 559 559 I vold : Verified that /data/system_ce/0 has the encryption policy fdcee321025b97505d31e09994da1d12 v2 modes 1/4 flags 0xa
08-30 00:52:17.116 559 559 I vold : Verified that /data/misc_ce/0 has the encryption policy fdcee321025b97505d31e09994da1d12 v2 modes 1/4 flags 0xa
08-30 00:52:17.116 1085 1883 D CompatibilityChangeReporter: Compat change id reported: 168419799; UID 10075; state: DISABLED
08-30 00:52:17.116 1085 1883 D CompatibilityInfo: mCompatibilityFlags - 4
08-30 00:52:17.116 1085 1883 D CompatibilityInfo: applicationDensity - 240
08-30 00:52:17.116 1085 1883 D CompatibilityInfo: applicationScale - 1.0
08-30 00:52:17.117 559 559 I vold : Verified that /data/vendor_ce/0 has the encryption policy fdcee321025b97505d31e09994da1d12 v2 modes 1/4 flags 0xa
08-30 00:52:17.118 559 559 I vold : Verified that /data/media/0 has the encryption policy fdcee321025b97505d31e09994da1d12 v2 modes 1/4 flags 0xa
08-30 00:52:17.118 559 559 I vold : Verified that /data/data has the encryption policy fdcee321025b97505d31e09994da1d12 v2 modes 1/4 flags 0xa
08-30 00:52:17.118 559 559 D vold : Starting restorecon of /data/system_ce/0
08-30 00:52:17.122 1085 1883 I am_uid_active: 10075
08-30 00:52:17.128 1085 1883 D CompatibilityInfo: mCompatibilityFlags - 4
08-30 00:52:17.128 1085 1883 D CompatibilityInfo: applicationDensity - 240
08-30 00:52:17.128 1085 1883 D CompatibilityInfo: applicationScale - 1.0
08-30 00:52:17.131 2657 2657 D CompatibilityChangeReporter: Compat change id reported: 171979766; UID 10075; state: DISABLED
08-30 00:52:17.132 1085 1195 D ActivityManagerTiming: FinishBooting took to complete: 356ms
08-30 00:52:17.137 2672 2672 F linker : CANNOT LINK EXECUTABLE "/vendor/bin/hw/qvrservice": library "vendor.qti.hardware.qxr-V1-ndk_platform.so" not found: needed by /vendor/lib64/libqvrservice.so in namespace (default)
08-30 00:52:17.138 1085 1744 D UntrustedWifiNetworkFactory: got request NetworkRequest [ REQUEST id=7, [ Capabilities: INTERNET&NOT_RESTRICTED&TRUSTED&NOT_VCN_MANAGED Uid: 1000 RequestorUid: 1000 RequestorPkg: android] ]
08-30 00:52:17.139 1085 1744 D UntrustedWifiNetworkFactory: got request NetworkRequest [ REQUEST id=17, [ Capabilities: INTERNET&NOT_RESTRICTED&TRUSTED&NOT_VCN_MANAGED Uid: 1073 RequestorUid: 1073 RequestorPkg: com.android.networkstack] ]
08-30 00:52:17.139 1085 1744 D UntrustedWifiNetworkFactory: got request NetworkRequest [ REQUEST id=1, [ Capabilities: INTERNET&NOT_RESTRICTED&TRUSTED&NOT_VPN&NOT_VCN_MANAGED RequestorUid: 1000 RequestorPkg: android] ]
08-30 00:52:17.140 1085 1744 D UntrustedWifiNetworkFactory: got request NetworkRequest [ REQUEST id=24, [ Capabilities: INTERNET&NOT_RESTRICTED&TRUSTED&NOT_VCN_MANAGED Uid: 10087 RequestorUid: 10087 RequestorPkg: com.android.systemui] ]
08-30 00:52:17.141 1085 1744 D UntrustedWifiNetworkFactory: got request NetworkRequest [ REQUEST id=22, [ Capabilities: INTERNET&NOT_RESTRICTED&TRUSTED&NOT_VCN_MANAGED Uid: 10087 RequestorUid: 10087 RequestorPkg: com.android.systemui] ]
08-30 00:52:17.141 1085 1744 D UntrustedWifiNetworkFactory: got request NetworkRequest [ REQUEST id=15, [ Capabilities: INTERNET&NOT_RESTRICTED&TRUSTED&NOT_VCN_MANAGED Uid: 1000 RequestorUid: 1000 RequestorPkg: android] ]
08-30 00:52:17.141 1085 1744 D OemPaidWifiNetworkFactory: got request NetworkRequest [ REQUEST id=7, [ Capabilities: INTERNET&NOT_RESTRICTED&TRUSTED&NOT_VCN_MANAGED Uid: 1000 RequestorUid: 1000 RequestorPkg: android] ]
08-30 00:52:17.141 1085 1744 D OemPaidWifiNetworkFactory: got request NetworkRequest [ REQUEST id=17, [ Capabilities: INTERNET&NOT_RESTRICTED&TRUSTED&NOT_VCN_MANAGED Uid: 1073 RequestorUid: 1073 RequestorPkg: com.android.networkstack] ]
08-30 00:52:17.142 1085 1194 I DropBoxManagerService: add tag=system_server_strictmode isTagEnabled=true flags=0x2
08-30 00:52:17.143 1085 1194 I DropBoxManagerService: add tag=system_server_strictmode isTagEnabled=true flags=0x2
08-30 00:52:17.144 1085 1744 D OemPaidWifiNetworkFactory: got request NetworkRequest [ REQUEST id=1, [ Capabilities: INTERNET&NOT_RESTRICTED&TRUSTED&NOT_VPN&NOT_VCN_MANAGED RequestorUid: 1000 RequestorPkg: android] ]
08-30 00:52:17.144 1085 1744 D OemPaidWifiNetworkFactory: got request NetworkRequest [ REQUEST id=24, [ Capabilities: INTERNET&NOT_RESTRICTED&TRUSTED&NOT_VCN_MANAGED Uid: 10087 RequestorUid: 10087 RequestorPkg: com.android.systemui] ]
08-30 00:52:17.145 1085 1744 D OemPaidWifiNetworkFactory: got request NetworkRequest [ REQUEST id=22, [ Capabilities: INTERNET&NOT_RESTRICTED&TRUSTED&NOT_VCN_MANAGED Uid: 10087 RequestorUid: 10087 RequestorPkg: com.android.systemui] ]
08-30 00:52:17.145 1085 1195 D ColorDisplayService: setUp: currentUser=0
08-30 00:52:17.145 1085 1744 D OemPaidWifiNetworkFactory: got request NetworkRequest [ REQUEST id=15, [ Capabilities: INTERNET&NOT_RESTRICTED&TRUSTED&NOT_VCN_MANAGED Uid: 1000 RequestorUid: 1000 RequestorPkg: android] ]
08-30 00:52:17.145 1085 1194 I DropBoxManagerService: add tag=system_server_strictmode isTagEnabled=true flags=0x2
08-30 00:52:17.146 1085 1194 I DropBoxManagerService: add tag=system_server_strictmode isTagEnabled=true flags=0x2
08-30 00:52:17.149 1914 1914 W View : requestLayout() improperly called by com.android.systemui.statusbar.phone.StatusIconContainer{2831e21 V.E...... ......ID 0,0-100,72 #7f0b0585 app:id/statusIcons} during layout: running second layout pass
08-30 00:52:17.185 559 559 D vold : Finished restorecon of /data/system_ce/0
08-30 00:52:17.185 559 559 D vold : Starting restorecon of /data/vendor_ce/0
08-30 00:52:17.193 2657 2657 D nativeloader: classloader namespace configured for unbundled product apk. library_path=/product/app/LatinIME/lib/arm64:/product/app/LatinIME/LatinIME.apk!/lib/arm64-v8a:/product/lib64:/system/product/lib64
08-30 00:52:17.195 559 559 D vold : Finished restorecon of /data/vendor_ce/0
08-30 00:52:17.195 559 559 D vold : Starting restorecon of /data/misc_ce/0
08-30 00:52:17.198 1085 1195 D ColorDisplayService: onNightDisplayAutoModeChanged: autoMode=0
08-30 00:52:17.199 1085 1195 I ColorDisplayService: Turning off night display
08-30 00:52:17.199 1085 1195 D ColorDisplayService: Setting bright color reduction level: 50
08-30 00:52:17.207 1085 1240 V DisplayPowerController[0]: Brightness [0.39763778] manual adjustment.
08-30 00:52:17.226 2677 2677 F linker : CANNOT LINK EXECUTABLE "/vendor/bin/hw/sxrservice": library "vendor.qti.hardware.qxr-V1-ndk_platform.so" not found: needed by main executable
08-30 00:52:17.228 559 559 D vold : Finished restorecon of /data/misc_ce/0
08-30 00:52:17.228 559 559 D vold : /system/bin/vold_prepare_subdirs
08-30 00:52:17.228 559 559 D vold : prepare
08-30 00:52:17.228 559 559 D vold :
08-30 00:52:17.228 559 559 D vold : 0
08-30 00:52:17.228 559 559 D vold : 2
08-30 00:52:17.232 683 2446 D resolv : Calling SSL_connect with mark 0xf0064
08-30 00:52:17.232 683 2446 D resolv : SSL_connect returned -1 with mark 0xf0064
08-30 00:52:17.232 683 2446 W resolv : SSL_connect ssl error =5, mark 0xf0064: No route to host
08-30 00:52:17.232 683 2446 W resolv : TLS Handshake failed
08-30 00:52:17.232 683 2446 D resolv : Initialization failed.
08-30 00:52:17.232 683 2446 D resolv : Destructor
08-30 00:52:17.232 683 2446 D resolv : Destructor completed
08-30 00:52:17.232 683 2446 D resolv : Failing all pending queries.
08-30 00:52:17.232 683 2446 W resolv : query failed
08-30 00:52:17.232 683 2446 D resolv : Destructor
08-30 00:52:17.232 683 2446 D resolv : Locked destruction procedure
08-30 00:52:17.232 683 2446 D resolv : Destructor completed
08-30 00:52:17.232 683 2446 W resolv : validateDnsTlsServer returned 0 for 192.168.1.1
08-30 00:52:17.233 683 2446 D resolv : Sending validation failure event on netId 100 for 192.168.1.1 with hostname {}
08-30 00:52:17.233 683 2446 W resolv : Validation failed
08-30 00:52:17.237 1568 2647 E QFP : qfpCommand: error from send_command_to_tz: 0, QFP result -11 on (0 0)
08-30 00:52:17.237 1568 2647 I QFP : close: close, usecase 3 options 0
08-30 00:52:17.237 1568 2647 I QFP : closeHandle: closeHandle (0 0)
08-30 00:52:17.238 2657 2657 I Perf : Connecting to perf service.
08-30 00:52:17.247 2657 2657 V GraphicsEnvironment: ANGLE Developer option for 'com.android.inputmethod.latin' set to: 'default'
08-30 00:52:17.247 1568 2647 D QSEECOMAPI: QSEECom_dealloc_memory
08-30 00:52:17.248 1568 2647 D QSEECOMAPI: QSEECom_shutdown_app, app_id = 7
08-30 00:52:17.248 2657 2657 V GraphicsEnvironment: ANGLE GameManagerService for com.android.inputmethod.latin: false
08-30 00:52:17.255 2657 2657 D NetworkSecurityConfig: No Network Security Config specified, using platform default
08-30 00:52:17.255 2657 2657 D NetworkSecurityConfig: No Network Security Config specified, using platform default
08-30 00:52:17.260 514 514 I hwservicemanager: Since vendor.qti.hardware.iop@2.0::IIop/default is not registered, trying to start it as a lazy HAL.
08-30 00:52:17.261 1355 1355 E ANDR-IOP: IIop:: Iop HAL Service is not available.
01-01 08:15:24.849 0 0 W QSEECOM : __qseecom_unload_app: App (7) is unloaded
08-30 00:52:17.269 684 684 D Zygote : Forked child process 2687
08-30 00:52:17.270 1568 2647 E QFP : Dropping unsupported QBT command
08-30 00:52:17.270 1568 2647 I QFP : openFramework:QFP TZ VERSION: 3.0.3.39
08-30 00:52:17.270 1568 2647 E QFP : releaseWakelock: qbt sensor handle is invalid
08-30 00:52:17.270 1568 2647 E QFP : qfp_init failed -1
08-30 00:52:17.270 1568 2647 I QFP : QfpThreadOptimize::invoke: entry.
08-30 00:52:17.270 1568 2647 I QFP : QfpThreadOptimize::invoke: QFP not initialized, exiting Optimize thread
08-30 00:52:17.270 1568 2647 I QFP : QfpThreadErieEvent::invoke: entry.
01-01 08:15:24.851 0 0 D qbt : qbt_release: entry minor_no=0 fd_available=0
01-01 08:15:24.851 0 0 D qbt : qbt_release: Releasing wakelock
01-01 08:15:24.851 0 0 D qbt : qbt_release: exit : fd_available=1
01-01 08:15:24.851 0 0 D qbt : qbt_release: entry minor_no=1 fd_available=1
01-01 08:15:24.851 0 0 D qbt : qbt_release: exit : fd_available=1
08-30 00:52:17.270 1568 2647 I QFP : QfpThreadErieEvent::invoke: QFP not initialized, exiting ErieEvent thread
08-30 00:52:17.271 1085 1212 W ActivityManager: Slow operation: 165ms so far, now at startProcess: returned from zygote!
08-30 00:52:17.271 1085 1212 W ActivityManager: Slow operation: 165ms so far, now at startProcess: done updating battery stats
08-30 00:52:17.271 1085 1212 I am_proc_start: [0,2687,10073,com.android.deskclock,broadcast,{com.android.deskclock/com.android.deskclock.AlarmInitReceiver}]
08-30 00:52:17.271 1085 1212 W ActivityManager: Slow operation: 165ms so far, now at startProcess: building log message
08-30 00:52:17.271 1085 1212 I ActivityManager: Start proc 2687:com.android.deskclock/u0a73 for broadcast {com.android.deskclock/com.android.deskclock.AlarmInitReceiver}
08-30 00:52:17.272 1085 1212 W ActivityManager: Slow operation: 166ms so far, now at startProcess: starting to update pids map
08-30 00:52:17.272 1085 1212 W ActivityManager: Slow operation: 166ms so far, now at startProcess: done updating pids map
08-30 00:52:17.271 1568 1568 I QFP : notifyPowerState: 2
08-30 00:52:17.273 1568 1568 I QFP : notifyPowerState: 2
08-30 00:52:17.273 1568 1568 I QFP : notifyPowerState: screen state 2
08-30 00:52:17.273 1568 1568 E QFP : set active group call error -1
08-30 00:52:17.273 1085 1085 W Looper : Slow dispatch took 463ms main h=android.os.Handler c=com.android.server.biometrics.sensors.fingerprint.hidl.Fingerprint21$$ExternalSyntheticLambda2@e153839 m=0
