08-30 00:52:15.485 1914 2288 D CCodecConfig: string input.media-type.value = "audio/vorbis"
08-30 00:52:15.485 1914 2288 D CCodecConfig: string output.media-type.value = "audio/raw"
08-30 00:52:15.485 1914 2288 D CCodecConfig: c2::u32 raw.channel-count.value = 1
08-30 00:52:15.485 1914 2288 D CCodecConfig: c2::u32 raw.sample-rate.value = 48000
08-30 00:52:15.485 1914 2288 D CCodecConfig: }
08-30 00:52:15.486 1914 2288 D CCodec : [c2.android.vorbis.decoder] buffers are bound to CCodec for this session
08-30 00:52:15.486 1914 2288 D CCodecConfig: no c2 equivalents for durationUs
08-30 00:52:15.486 1914 2288 D CCodecConfig: no c2 equivalents for track-id
08-30 00:52:15.486 1914 2288 D CCodecConfig: no c2 equivalents for csd-1
08-30 00:52:15.486 1914 2288 D CCodecConfig: no c2 equivalents for language
08-30 00:52:15.486 1914 2288 D CCodecConfig: no c2 equivalents for file-format
08-30 00:52:15.486 1914 2288 D CCodecConfig: no c2 equivalents for flags
08-30 00:52:15.487 1085 1919 W Codec2Client: query -- param skipped: index = 1342179345.
08-30 00:52:15.487 1085 1919 W Codec2Client: query -- param skipped: index = 2415921170.
08-30 00:52:15.487 1914 2290 I CCodecConfig: query failed after returning 7 values (BAD_INDEX)
08-30 00:52:15.487 1914 2290 D CCodecConfig: c2 config diff is Dict {
08-30 00:52:15.487 1914 2290 D CCodecConfig: c2::u32 coded.bitrate.value = 64000
08-30 00:52:15.487 1914 2290 D CCodecConfig: c2::u32 input.buffers.max-size.value = 32768
08-30 00:52:15.487 1914 2290 D CCodecConfig: c2::u32 input.delay.value = 0
08-30 00:52:15.487 1914 2290 D CCodecConfig: string input.media-type.value = "audio/vorbis"
08-30 00:52:15.487 1914 2290 D CCodecConfig: string output.media-type.value = "audio/raw"
08-30 00:52:15.487 1914 2290 D CCodecConfig: c2::u32 raw.channel-count.value = 1
08-30 00:52:15.487 1914 2290 D CCodecConfig: c2::u32 raw.sample-rate.value = 48000
08-30 00:52:15.487 1914 2290 D CCodecConfig: }
08-30 00:52:15.488 1085 1085 D CompanionDeviceManagerService: Received BT state transition broadcast: BLE_TURNING_ON -> BLE_ON
08-30 00:52:15.488 1085 1919 D C2Store : Using ION
08-30 00:52:15.488 1914 2288 D CCodecConfig: config failed => CORRUPTED
08-30 00:52:15.489 1914 2288 D CCodecConfig: c2 config diff is c2::u32 coded.bitrate.value = 160000
08-30 00:52:15.489 1914 2288 D CCodecConfig: c2::u32 raw.channel-count.value = 2
08-30 00:52:15.489 1914 2288 D CCodecConfig: c2::u32 raw.sample-rate.value = 44100
08-30 00:52:15.489 1914 2290 D CCodec : [c2.android.vorbis.decoder] buffers are bound to CCodec for this session
08-30 00:52:15.489 1914 2290 D CCodecConfig: no c2 equivalents for durationUs
08-30 00:52:15.489 1085 1085 I CompanionDeviceManagerService: startBleScan()
08-30 00:52:15.489 1914 2290 D CCodecConfig: no c2 equivalents for track-id
08-30 00:52:15.489 1914 2290 D CCodecConfig: no c2 equivalents for csd-1
08-30 00:52:15.490 1914 2290 D CCodecConfig: no c2 equivalents for language
08-30 00:52:15.490 1914 2288 W Codec2Client: query -- param skipped: index = 1107298332.
08-30 00:52:15.490 1914 2288 D CCodec : setup formats input: AMessage(what = 0x00000000) = {
08-30 00:52:15.490 1914 2288 D CCodec : int32_t bitrate = 160000
08-30 00:52:15.490 1914 2288 D CCodec : int32_t channel-count = 2
08-30 00:52:15.490 1914 2288 D CCodec : int32_t max-input-size = 65307
08-30 00:52:15.490 1914 2288 D CCodec : string mime = "audio/vorbis"
08-30 00:52:15.490 1914 2288 D CCodec : int32_t sample-rate = 44100
08-30 00:52:15.490 1914 2288 D CCodec : }
08-30 00:52:15.490 1914 2288 D CCodec : setup formats output: AMessage(what = 0x00000000) = {
08-30 00:52:15.490 1914 2288 D CCodec : int32_t channel-count = 2
08-30 00:52:15.490 1914 2288 D CCodec : string mime = "audio/raw"
08-30 00:52:15.490 1914 2288 D CCodec : int32_t sample-rate = 44100
08-30 00:52:15.490 1914 2288 D CCodec : int32_t android._config-pcm-encoding = 2
08-30 00:52:15.490 1914 2288 D CCodec : }
08-30 00:52:15.490 1085 1085 I CompanionDeviceManagerService: Read associations from disk: {0=[]}
08-30 00:52:15.490 1914 2290 D CCodecConfig: no c2 equivalents for file-format
08-30 00:52:15.490 1085 1085 D BluetoothManagerService: BluetoothServiceConnection: com.android.bluetooth.gatt.GattService
08-30 00:52:15.490 1914 2290 D CCodecConfig: no c2 equivalents for flags
08-30 00:52:15.490 1085 1920 W Codec2Client: query -- param skipped: index = 1342179345.
08-30 00:52:15.491 1085 1920 W Codec2Client: query -- param skipped: index = 2415921170.
08-30 00:52:15.491 1914 2288 I CCodecConfig: query failed after returning 7 values (BAD_INDEX)
08-30 00:52:15.491 1085 1919 D CCodecBufferChannel: [c2.android.vorbis.decoder#259] Created input block pool with allocatorID 16 => poolID 17 - OK (0)
08-30 00:52:15.492 1435 1523 D C2Store : Using ION
08-30 00:52:15.494 1085 1920 D CCodecBufferChannel: [c2.android.vorbis.decoder#56] Created input block pool with allocatorID 16 => poolID 18 - OK (0)
08-30 00:52:15.495 1914 2290 D CCodecConfig: config failed => CORRUPTED
08-30 00:52:15.496 1085 1194 D BluetoothManagerService: MESSAGE_BLUETOOTH_SERVICE_CONNECTED: 2
08-30 00:52:15.496 1085 1194 D BluetoothManagerService: continueFromBleOnState()
08-30 00:52:15.496 1914 2290 D CCodecConfig: c2 config diff is c2::u32 coded.bitrate.value = 160000
08-30 00:52:15.496 1914 2290 D CCodecConfig: c2::u32 raw.channel-count.value = 2
08-30 00:52:15.496 1914 2290 D CCodecConfig: c2::u32 raw.sample-rate.value = 44100
08-30 00:52:15.497 1085 1919 I CCodecBufferChannel: [c2.android.vorbis.decoder#259] Created output block pool with allocatorID 16 => poolID 17 - OK
08-30 00:52:15.497 1914 2290 W Codec2Client: query -- param skipped: index = 1107298332.
08-30 00:52:15.497 1914 2290 D CCodec : setup formats input: AMessage(what = 0x00000000) = {
08-30 00:52:15.497 1914 2290 D CCodec : int32_t bitrate = 160000
08-30 00:52:15.497 1914 2290 D CCodec : int32_t channel-count = 2
08-30 00:52:15.497 1914 2290 D CCodec : int32_t max-input-size = 65307
08-30 00:52:15.497 1914 2290 D CCodec : string mime = "audio/vorbis"
08-30 00:52:15.497 1914 2290 D CCodec : int32_t sample-rate = 44100
08-30 00:52:15.497 1914 2290 D CCodec : }
08-30 00:52:15.497 1914 2290 D CCodec : setup formats output: AMessage(what = 0x00000000) = {
08-30 00:52:15.497 1914 2290 D CCodec : int32_t channel-count = 2
08-30 00:52:15.497 1914 2290 D CCodec : string mime = "audio/raw"
08-30 00:52:15.497 1914 2290 D CCodec : int32_t sample-rate = 44100
08-30 00:52:15.497 1914 2290 D CCodec : int32_t android._config-pcm-encoding = 2
08-30 00:52:15.497 1914 2290 D CCodec : }
08-30 00:52:15.497 1085 1919 D CCodecBufferChannel: [c2.android.vorbis.decoder#259] Configured output block pool ids 17 => OK
08-30 00:52:15.497 1914 2290 I CCodecConfig: query failed after returning 7 values (BAD_INDEX)
08-30 00:52:15.498 1085 1919 D CCodecBufferChannel: [c2.android.vorbis.decoder#259] start: updating output delay 0
08-30 00:52:15.498 1894 1927 D BluetoothAdapterService: updateQuietModeStatus()-updateQuietModeStatus called with quiet mode status:false
08-30 00:52:15.499 1085 1919 E ion : ioctl c0044901 failed with code -1: Inappropriate ioctl for device
08-30 00:52:15.500 1894 2049 I BluetoothVendorJni: bredrstartupNative
08-30 00:52:15.500 1894 2049 I bt_btif_vendor: bredrstartup
08-30 00:52:15.500 1914 2290 W Codec2Client: query -- param skipped: index = 1342179345.
08-30 00:52:15.500 1914 2290 W Codec2Client: query -- param skipped: index = 2415921170.
08-30 00:52:15.500 1085 1194 D BluetoothManagerService: Persisting Bluetooth Setting: 1
08-30 00:52:15.500 1894 2049 I AdapterState: TURNING_ON : entered
08-30 00:52:15.500 1894 2049 D AdapterProperties: Setting state to TURNING_ON
08-30 00:52:15.501 1914 2290 D C2Store : Using ION
08-30 00:52:15.501 658 670 I mpu_uart: [MSG-P:RECV]:No message received in 1000 ms
08-30 00:52:15.501 1085 1919 I CCodecBufferChannel: pipelineRoom(3) is <= numClientBuffers(3). Not signalling any more buffers to client
08-30 00:52:15.502 1894 2049 D BluetoothAdapterService: updateAdapterState() - Broadcasting state TURNING_ON to 1 receivers.
08-30 00:52:15.502 1894 2049 D BluetoothAdapterService: startCoreServices()
08-30 00:52:15.502 1435 2560 D SimpleC2Component: Using output block pool with poolID 17 => got 17 - 0
08-30 00:52:15.502 1894 2049 I AdapterServiceConfig: Stereo recording and unicast features are disabled in Host AddOn features
08-30 00:52:15.503 1894 2049 I AdapterServiceConfig: BCA disabled in Host AddOn features
08-30 00:52:15.503 1894 2049 I AdapterServiceConfig: BCS disabled in Host AddOn features
08-30 00:52:15.503 1085 1194 D BluetoothManagerService: MESSAGE_BLUETOOTH_STATE_CHANGE: BLE_ON > TURNING_ON
08-30 00:52:15.503 1085 1194 D BluetoothManagerService: Sending BLE State Change: BLE_ON > TURNING_ON
08-30 00:52:15.503 1085 1920 I CCodecBufferChannel: [c2.android.vorbis.decoder#56] Created output block pool with allocatorID 16 => poolID 18 - OK
08-30 00:52:15.504 1085 1085 D CompanionDeviceManagerService: Received BT state transition broadcast: BLE_ON -> TURNING_ON
08-30 00:52:15.504 958 958 V WifiHAL : fetchLowiCbTableAndCapabilities: Lowi version:2.1.1
08-30 00:52:15.504 1085 1194 D BluetoothManagerService: Sending State Change: OFF > TURNING_ON
08-30 00:52:15.505 958 958 I QCALOG : [LOWIClient] createInstance ()
08-30 00:52:15.505 958 958 D QCALOG : [LOWIClient] LOWIClient name = 74fee9e4f8-LC
08-30 00:52:15.505 958 958 D QCALOG : [LOWIClientReceiver] LOWIClientReceiver::LOWIClientReceiver ()
08-30 00:52:15.505 1085 1920 D CCodecBufferChannel: [c2.android.vorbis.decoder#56] Configured output block pool ids 18 => OK
08-30 00:52:15.506 1435 2570 E ion : ioctl c0044901 failed with code -1: Inappropriate ioctl for device
08-30 00:52:15.506 1914 2288 W Codec2Client: query -- param skipped: index = 1342179345.
08-30 00:52:15.506 1085 1919 I CCodecBufferChannel: pipelineRoom(2) is <= numClientBuffers(2). Not signalling any more buffers to client
08-30 00:52:15.506 1914 2288 W Codec2Client: query -- param skipped: index = 2415921170.
08-30 00:52:15.507 1085 1920 D CCodecBufferChannel: [c2.android.vorbis.decoder#56] start: updating output delay 0
08-30 00:52:15.507 958 2573 I QCALOG : [MessageQ_Client] connecting to server [/dev/socket/location/mq/location-mq-s]
08-30 00:52:15.509 1085 1920 I CCodecBufferChannel: pipelineRoom(3) is <= numClientBuffers(3). Not signalling any more buffers to client
08-30 00:52:15.511 958 2573 I QCALOG : [MessageQ_Client] connected
08-30 00:52:15.511 958 2573 D QCALOG : [LOWIClientReceiver] connect retVal: 0
08-30 00:52:15.513 1435 2559 D SimpleC2Component: Using output block pool with poolID 18 => got 18 - 0
08-30 00:52:15.513 1085 1919 I CCodecBufferChannel: pipelineRoom(1) is <= numClientBuffers(1). Not signalling any more buffers to client
08-30 00:52:15.513 1085 1920 I CCodecBufferChannel: pipelineRoom(2) is <= numClientBuffers(2). Not signalling any more buffers to client
08-30 00:52:15.514 1085 1920 I CCodecBufferChannel: pipelineRoom(1) is <= numClientBuffers(1). Not signalling any more buffers to client
08-30 00:52:15.515 958 958 D QCALOG : [LOWI-WIFIHAL-2.1.1.22] LOWI_WIFIHAL_INTERFACE_VERSION: (LOWI-WIFIHAL-2.1.1.22)
08-30 00:52:15.516 1914 2290 D CCodecBufferChannel: [c2.android.vorbis.decoder#476] Created input block pool with allocatorID 16 => poolID 17 - OK (0)
08-30 00:52:15.515 958 958 W QCALOG : [LOWIMsgQ] pop 0: deprecated.
08-30 00:52:15.519 1319 1319 D MediaBufferGroup: creating MemoryDealer
08-30 00:52:15.520 1914 2288 D CCodecBufferChannel: [c2.android.vorbis.decoder#344] Created input block pool with allocatorID 16 => poolID 18 - OK (0)
08-30 00:52:15.521 1511 1536 D LOWI-9.0.0.87.a: [MqClientIpcReciver] FROM: LOCATION-MQ
08-30 00:52:15.521 1511 1536 D LOWI-9.0.0.87.a: [MqClientIpcReciver] INFO: REGISTER-EVENT
08-30 00:52:15.522 1511 1536 D LOWI-9.0.0.87.a: [MqClientIpcReciver] TX-ID: 12
08-30 00:52:15.522 849 1771 E IzatSvc_IzatManager: Exiting with error handleMsg line 569 "3"
08-30 00:52:15.522 1511 1537 D LOWI-9.0.0.87.a: [LOWIEventReceiver] handleEvent:FROM:LOCATION-MQ, TO:LOWI-SERVER, REQ:NA, IREQ:NA, REQ_ID:0, RESP:NA, INFO:REGISTER-EVENT
08-30 00:52:15.522 958 2573 D QCALOG : [LOWIUtils] inPostcardToResponse - Unable to extract RESP
08-30 00:52:15.522 1511 1537 D LOWI-9.0.0.87.a: [LOWIEventReceiver] Info to [REGISTER-EVENT]
08-30 00:52:15.522 958 2573 D QCALOG : [LOWIUtils] inPostcardToResponse - NULL resp, break
08-30 00:52:15.523 1511 1536 D LOWI-9.0.0.87.a: [MqClientIpcReciver] FROM: 74fee9e4f8-LC
08-30 00:52:15.523 958 2573 D QCALOG : [LOWIClient] Unable to parse the InPostcard
08-30 00:52:15.523 1914 2290 I CCodecBufferChannel: [c2.android.vorbis.decoder#476] Created output block pool with allocatorID 16 => poolID 19 - OK
08-30 00:52:15.523 958 2573 D QCALOG : [LOWIClient] newMsg failed 1
08-30 00:52:15.523 1511 1536 D LOWI-9.0.0.87.a: [MqClientIpcReciver] REQ: LOWI_CAPABILITY
08-30 00:52:15.523 1511 1536 D LOWI-9.0.0.87.a: [MqClientIpcReciver] TX-ID: 1
08-30 00:52:15.523 1914 2290 D CCodecBufferChannel: [c2.android.vorbis.decoder#476] Configured output block pool ids 19 => OK
08-30 00:52:15.523 1511 1537 D LOWI-9.0.0.87.a: [LOWIEventReceiver] handleEvent:FROM:74fee9e4f8-LC, TO:LOWI-SERVER, REQ:LOWI_CAPABILITY, IREQ:NA, REQ_ID:1, RESP:NA, INFO:NA
08-30 00:52:15.523 1511 1537 I LOWI-9.0.0.87.a: [LOWIUtils] inPostcardToRequest - FROM: 74fee9e4f8-LC, TO: LOWI-SERVER, REQ: LOWI_CAPABILITY
08-30 00:52:15.523 1511 1537 D LOWI-9.0.0.87.a: [LOWIController] _process: Request 74fee9e4f8-LC_1 received, type(CAPABILITY)
08-30 00:52:15.523 1511 1537 D LOWI-9.0.0.87.a: [LOWIBackgroundScanMgr] isReqForBgScanMgr: CAPABILITY - not handled
08-30 00:52:15.524 1511 1537 D LOWI-9.0.0.87.a: [LOWIScheduler] manageMsg: Request: CAPABILITY -- not handled
08-30 00:52:15.524 1511 1537 I LOWI-9.0.0.87.a: [LOWIController] generateResponse, Get Wigig capabilitiles from controller
08-30 00:52:15.524 1511 1537 D LOWI-9.0.0.87.a: [LOWIController] generateResponse: Type (CAPABILITY) ScanStatus (0) request 74fee9e4f8-LC_1
08-30 00:52:15.524 1511 1537 D LOWI-9.0.0.87.a: [LOWIEventDispatcher] sendResponse - originator = 74fee9e4f8-LC
08-30 00:52:15.524 1914 2290 D CCodecBufferChannel: [c2.android.vorbis.decoder#476] start: updating output delay 0
08-30 00:52:15.524 1511 1537 I LOWI-9.0.0.87.a: [LOWIUtils] responseToOutPostcard - TO: 74fee9e4f8-LC, FROM: LOWI-SERVER, RESP: LOWI_CAPABILITY
08-30 00:52:15.524 1511 1537 D LOWI-9.0.0.87.a: [LOWIController] processRequestImmediately: Response sent for request(CAPABILITY) 74fee9e4f8-LC_1
08-30 00:52:15.524 1511 1537 D LOWI-9.0.0.87.a: [LOWIController] processRequest: Request 74fee9e4f8-LC_1 processed immediately
08-30 00:52:15.526 1914 2290 E ion : ioctl c0044901 failed with code -1: Inappropriate ioctl for device
08-30 00:52:15.528 958 2573 I QCALOG : [LOWIUtils] inPostcardToResponse - FROM: LOWI-SERVER, TO: 74fee9e4f8-LC, RESP: LOWI_CAPABILITY
08-30 00:52:15.529 1914 2290 I CCodecBufferChannel: pipelineRoom(3) is <= numClientBuffers(3). Not signalling any more buffers to client
08-30 00:52:15.529 1435 2565 D SimpleC2Component: Using output block pool with poolID 19 => got 19 - 0
08-30 00:52:15.529 1914 2288 I CCodecBufferChannel: [c2.android.vorbis.decoder#344] Created output block pool with allocatorID 16 => poolID 20 - OK
08-30 00:52:15.530 1319 1909 D MediaBufferGroup: creating MemoryDealer
08-30 00:52:15.530 1914 2288 D CCodecBufferChannel: [c2.android.vorbis.decoder#344] Configured output block pool ids 20 => OK
08-30 00:52:15.531 1914 2288 D CCodecBufferChannel: [c2.android.vorbis.decoder#344] start: updating output delay 0
08-30 00:52:15.533 1914 2288 I CCodecBufferChannel: pipelineRoom(3) is <= numClientBuffers(3). Not signalling any more buffers to client
08-30 00:52:15.534 958 2573 D QCALOG : [LOWIUtils] inPost cap Response - Request id(1) Ranging scan(1)Discovery scan(1) Active scan(1) capability bitmask(0x26) capability_wigig_bitmask(0x0)
08-30 00:52:15.534 958 2573 D QCALOG : [LOWIUtils] inPostcardToResponse - Single-sided rang scan supported(1) Ranging 11v(0) Ranging 11mc(1) bgscan supported(0)
08-30 00:52:15.534 958 2573 D QCALOG : [LOWIUtils] inPostcardToResponse - Capability scan status = 1
08-30 00:52:15.534 958 2573 D QCALOG : [LOWIClient] CAPABILITY response received
08-30 00:52:15.536 1914 2290 I CCodecBufferChannel: pipelineRoom(2) is <= numClientBuffers(2). Not signalling any more buffers to client
08-30 00:52:15.536 1435 2566 D SimpleC2Component: Using output block pool with poolID 20 => got 20 - 0
08-30 00:52:15.537 1914 2290 I CCodecBufferChannel: pipelineRoom(1) is <= numClientBuffers(1). Not signalling any more buffers to client
08-30 00:52:15.537 1914 2288 I CCodecBufferChannel: pipelineRoom(2) is <= numClientBuffers(2). Not signalling any more buffers to client
08-30 00:52:15.537 1319 1909 D MediaBufferGroup: creating MemoryDealer
08-30 00:52:15.538 1914 2288 I CCodecBufferChannel: pipelineRoom(1) is <= numClientBuffers(1). Not signalling any more buffers to client
08-30 00:52:15.539 1894 2049 D AdapterServiceConfig: adv_audio_feature_mask = 0
08-30 00:52:15.539 1319 1319 D MediaBufferGroup: creating MemoryDealer
08-30 00:52:15.539 1894 2049 D BluetoothAdapterService: Calling setProfileServiceState for: HeadsetService
08-30 00:52:15.541 958 958 I QCALOG : [LOWI-WIFIHAL-2.1.1.22] printCapabilitiesInfo: discovery_scan_supported(1) ranging_scan_supported(1)active_scan_supported(1) bgscan_supported(0) scans_supported(0x26)
08-30 00:52:15.541 958 958 I QCALOG : [LOWI-WIFIHAL-2.1.1.22] printCapabilitiesInfo: one_sided_ranging_supported(1) dual_sided_ranging_supported_11mc(1) bwSupport(0x2) preambleSupport(0xf) mcVersion(50)
08-30 00:52:15.541 958 958 D QCALOG : [LOWI-WIFIHAL-2.1.1.22] lowi_wifihal_get_lowi_capabilities: (0x3)
08-30 00:52:15.543 1085 1142 D CompatibilityInfo: mCompatibilityFlags - 4
08-30 00:52:15.543 1894 2152 D BluetoothActiveDeviceManager: handleMessage(MESSAGE_ADAPTER_ACTION_STATE_CHANGED): newState=11
08-30 00:52:15.543 1085 1142 D CompatibilityInfo: applicationDensity - 240
08-30 00:52:15.543 1085 1142 D CompatibilityInfo: applicationScale - 1.0
08-30 00:52:15.545 958 958 I WifiHAL : mpdu_size_threshold : 128, aggressive_statistics_gathering : 0
08-30 00:52:15.545 958 958 V WifiHAL : WifiVendorCommand 0xb400007295e634f0 created vendor_id:0x1374 subcmd:14
08-30 00:52:15.546 1894 2049 D BluetoothAdapterService: Calling setProfileServiceState for: A2dpService
08-30 00:52:15.548 1085 1142 D CompatibilityInfo: mCompatibilityFlags - 4
08-30 00:52:15.548 1085 1142 D CompatibilityInfo: applicationDensity - 240
08-30 00:52:15.549 1085 1142 D CompatibilityInfo: applicationScale - 1.0
08-30 00:52:15.550 1894 1894 I HeadsetService: create()
08-30 00:52:15.550 1894 1894 I BluetoothVendorHfJni: classInitNative: succeeds
08-30 00:52:15.550 958 2549 I WifiHAL : send oem msg of len : 112 to apps
08-30 00:52:15.551 1511 2558 D LOWI-9.0.0.87.a: [LOWI-ROME-RTT] RomeWaitOnActivityOnSocketOrPipe: timed select over: TO: 5 retVal: 1
08-30 00:52:15.551 1511 2558 D LOWI-9.0.0.87.a: [LOWI-ROME-RTT] event_handler: Valid data with length 80
08-30 00:52:15.551 1511 2558 D LOWI-9.0.0.87.a: [LOWI-HELIUM-RTT] storeNLFragment: new fragment group, tokenid(2), adding 72 chars @position 0
08-30 00:52:15.551 1511 2558 D LOWI-9.0.0.87.a: [LOWI-HELIUM-RTT] RomeNLRecvMessage: The Received OEMSubType: RTT_MSG_SUBTYPE_CAPABILITY_RSP
08-30 00:52:15.551 1511 2558 D LOWI-9.0.0.87.a: [LOWI-HELIUM-RTT] RomeNLRecvMessage: The Received RomeMsgType: ROME_RANGING_CAP_MSG
08-30 00:52:15.551 1511 2558 D LOWI-9.0.0.87.a: [LOWIRangingFSM] FSM: Received Event EVENT_RANGING_CAP_INFO, Current state: STATE_WAITING_FOR_RANGING_CAP
08-30 00:52:15.551 1511 2558 D LOWI-9.0.0.87.a: [LOWIWifiTlvHandler] processRspHeadTlv: reqId(1) measDone(1) rttStatus(RTT_STATUS_SUCCESS) subtype(RTT_MSG_SUBTYPE_CAPABILITY_RSP) isFrag(0) fragIdx(0) fragLen(0) tknId(0)
08-30 00:52:15.551 1511 2558 D LOWI-9.0.0.87.a: [LOWIWifiTlvHandler] checkTlvTag: Processing idx(0) received TLV: wmi_rtt_oem_rsp_head
08-30 00:52:15.551 1894 1894 D HeadsetService: Received start request. Starting profile...
08-30 00:52:15.551 1511 2558 D LOWI-9.0.0.87.a: [LOWIWifiTlvHandler] processIfPeerEvtHdrTag: Invalid Tag(33), not added to vector mPeerIdx(0)
08-30 00:52:15.551 1511 2558 D LOWI-9.0.0.87.a: [LOWIWifiTlvHandler] processIfPerFrmInfoTag: Invalid Tag(33) measurement not added for peer(0)
08-30 00:52:15.551 1511 2558 D LOWI-9.0.0.87.a: [LOWIWifiTlvHandler] checkTlvTag: Processing idx(1) received TLV: wmi_rtt_oem_cap_rsp_head
08-30 00:52:15.551 1511 2558 D LOWI-9.0.0.87.a: [LOWIWifiTlvHandler] processIfPeerEvtHdrTag: Invalid Tag(35), not added to vector mPeerIdx(0)
08-30 00:52:15.551 1511 2558 D LOWI-9.0.0.87.a: [LOWIWifiTlvHandler] processIfPerFrmInfoTag: Invalid Tag(35) measurement not added for peer(0)
08-30 00:52:15.551 1511 2558 D LOWI-9.0.0.87.a: [LOWIWifiTlvHandler] checkTlvTag: Processing idx(2) received TLV: wmi_rtt_oem_cap_rsp_event
08-30 00:52:15.551 1511 2558 D LOWI-9.0.0.87.a: [LOWIWifiTlvHandler] processIfPeerEvtHdrTag: Invalid Tag(36), not added to vector mPeerIdx(0)
08-30 00:52:15.551 1511 2558 D LOWI-9.0.0.87.a: [LOWIWifiTlvHandler] processIfPerFrmInfoTag: Invalid Tag(36) measurement not added for peer(0)
08-30 00:52:15.551 1511 2558 D LOWI-9.0.0.87.a: [LOWIWifiTlvHandler] printBssidInfo: No peer info from processing TLVs
08-30 00:52:15.551 1511 2558 D LOWI-9.0.0.87.a: [LOWI-HELIUM-RTT] parseRttCapabilitiesMsg: Skipping wmi_rtt_oem_rsp_head
08-30 00:52:15.551 1511 2558 D LOWI-9.0.0.87.a: [LOWI-HELIUM-RTT] parseRttCapabilitiesMsg: parsing wmi_rtt_oem_cap_rsp_head TLVversion(0x3) major(0x0) minor(0x10001) serviceBitMask[0](0x0) serviceBitMask[1](0x0) serviceBitMask[2](0x0) serviceBitMask[3](0x0)
08-30 00:52:15.551 1511 2558 D LOWI-9.0.0.87.a: [LOWI-HELIUM-RTT] parseRttCapabilitiesMsg: parsing wmi_rtt_oem_cap_rsp_event TLVrangingTypeMask(5) supportedFramesMask(11) maxDestPerReq(10) maxMeasPerDest(31) maxChannelsAllowed(1) maxBwAllowed(2) preambleSupportedMask(7) reportTypeSupportedMask(15) maxRfChains(3) facTypeMask(2) numPhys(1) fwMultiBurstSupport(1)
08-30 00:52:15.551 1894 2049 D BluetoothAdapterService: Calling setProfileServiceState for: HidHostService
08-30 00:52:15.551 1511 2558 D LOWI-9.0.0.87.a: [LOWIRangingFSM] FSM: New FSM state: STATE_READY_AND_IDLE
08-30 00:52:15.551 1511 2558 D LOWI-9.0.0.87.a: [LOWI-ROME-RTT] RomeWaitOnActivityOnSocketOrPipe: issue blocking select
08-30 00:52:15.553 1085 1142 D CompatibilityInfo: mCompatibilityFlags - 4
08-30 00:52:15.553 1085 1142 D CompatibilityInfo: applicationDensity - 240
08-30 00:52:15.553 1085 1142 D CompatibilityInfo: applicationScale - 1.0
08-30 00:52:15.555 824 2530 I vendor.qti.bluetooth@1.0-ibs_handler: ProcessIbsCmd: Received IBS_SLEEP_IND: 0xFE
08-30 00:52:15.555 1894 2049 D BluetoothAdapterService: Calling setProfileServiceState for: PanService
08-30 00:52:15.558 1894 1894 I HeadsetService: start()
08-30 00:52:15.559 1085 1744 D WifiNl80211Manager: Setting up interface for client mode: wlan0
08-30 00:52:15.561 1338 1338 I wificond: createClientInterface: wiphy_index 0 iface_name wlan0
08-30 00:52:15.562 1338 1338 I wificond: create scanner for interface with index: 17
08-30 00:52:15.562 1338 1338 I wificond: subscribe scan result for interface with index: 17
08-30 00:52:15.563 1085 1883 D CompatibilityInfo: mCompatibilityFlags - 4
08-30 00:52:15.563 1338 1338 I wificond: add channel type 0 support at wiphy index: 0
08-30 00:52:15.563 1085 1883 D CompatibilityInfo: applicationDensity - 240
08-30 00:52:15.563 1338 1338 I wificond: add channel type 1 support at wiphy index: 0
08-30 00:52:15.563 1085 1883 D CompatibilityInfo: applicationScale - 1.0
08-30 00:52:15.568 683 752 I netd : interfaceGetCfg(wlan0) -> {InterfaceConfigurationParcel{ifName: wlan0, hwAddr: 00:03:7f:12:33:84, ipv4Addr: 0.0.0.0, prefixLength: 0, flags: [up, broadcast, multicast]}} <0.43ms>
08-30 00:52:15.569 1085 1744 I WifiNative: Interface state changed on Iface:{Name=wlan0,Id=0,Type=STA_SCAN}, isUp=true
08-30 00:52:15.569 1085 1744 I WifiNative: Successfully setup Iface:{Name=wlan0,Id=0,Type=STA_SCAN}
08-30 00:52:15.569 1085 1744 E SupplicantStaIfaceHal: checkHalVersionByInterfaceName: called but mServiceManager is null
08-30 00:52:15.569 1085 1744 E SupplicantStaIfaceHal: checkHalVersionByInterfaceName: called but mServiceManager is null
08-30 00:52:15.569 1085 1744 E SupplicantStaIfaceHal: Method getKeyMgmtCapabilities is not supported in existing HAL
08-30 00:52:15.569 1085 1744 E SupplicantStaIfaceHal: checkHalVersionByInterfaceName: called but mServiceManager is null
08-30 00:52:15.570 1894 2049 D BluetoothAdapterService: Calling setProfileServiceState for: BluetoothMapService
08-30 00:52:15.571 958 958 V WifiHAL : WifiVendorCommand 0x7fdb072450 created vendor_id:0x1374 subcmd:38
08-30 00:52:15.573 958 958 V WifiHAL : Got a Wi-Fi HAL module message from Driver
08-30 00:52:15.573 958 958 V WifiHAL : Supported feature set : 44e9bddf
08-30 00:52:15.573 958 958 V WifiHAL : Supported feature set acquired : 44e9bddf
08-30 00:52:15.573 958 958 V WifiHAL : WifiVendorCommand 0xb400007285e5e190 created vendor_id:0x1374 subcmd:76
08-30 00:52:15.573 958 958 V WifiHAL : create: mVendor_id = 4980, Subcmd = 76.
08-30 00:52:15.575 958 958 V WifiHAL : WifiVendorCommand 0x7fdb0726a0 created vendor_id:0x1374 subcmd:38
08-30 00:52:15.575 1085 1883 D CompatibilityInfo: mCompatibilityFlags - 4
08-30 00:52:15.575 1085 1883 D CompatibilityInfo: applicationDensity - 240
08-30 00:52:15.575 1085 1883 D CompatibilityInfo: applicationScale - 1.0
08-30 00:52:15.576 958 958 V WifiHAL : Got a Wi-Fi HAL module message from Driver
08-30 00:52:15.576 958 958 V WifiHAL : Supported feature set : 44e9bddf
08-30 00:52:15.576 958 958 V WifiHAL : Supported feature set acquired : 44e9bddf
08-30 00:52:15.576 958 958 V WifiHAL : WifiVendorCommand 0xb400007285e5e190 created vendor_id:0x1374 subcmd:76
08-30 00:52:15.576 958 958 V WifiHAL : create: mVendor_id = 4980, Subcmd = 76.
08-30 00:52:15.577 1894 2049 D BluetoothAdapterService: Calling setProfileServiceState for: AvrcpControllerService
08-30 00:52:15.579 1085 1883 D CompatibilityInfo: mCompatibilityFlags - 4
08-30 00:52:15.580 1085 1883 D CompatibilityInfo: applicationDensity - 240
08-30 00:52:15.580 1085 1883 D CompatibilityInfo: applicationScale - 1.0
08-30 00:52:15.582 1894 2049 D BluetoothAdapterService: Calling setProfileServiceState for: SapService
08-30 00:52:15.583 1085 1882 D TelephonyRegistry: listen oscl: mHasNotifySubscriptionInfoChangedOccurred==false no callback
08-30 00:52:15.586 1894 1894 D HeadsetPhoneState: The sim in i: 0 is absent
08-30 00:52:15.587 1085 1883 D CompatibilityInfo: mCompatibilityFlags - 4
08-30 00:52:15.587 1085 1883 D CompatibilityInfo: applicationDensity - 240
08-30 00:52:15.587 1085 1883 D CompatibilityInfo: applicationScale - 1.0
08-30 00:52:15.588 1894 2049 D BluetoothAdapterService: Calling setProfileServiceState for: BluetoothOppService
08-30 00:52:15.589 1894 1894 I HeadsetService: mIsTwsPlusEnabled: false
08-30 00:52:15.589 1894 1894 I HeadsetService: mIsTwsPlusShoEnabled: false
08-30 00:52:15.589 1894 1894 D HeadsetService: Max_HFP_Connections 5
08-30 00:52:15.589 1894 1894 D HeadsetService: mSetMaxConfig 5
08-30 00:52:15.589 1894 1894 I BluetoothHeadsetServiceJni: classInitNative: succeeds
08-30 00:52:15.589 1894 1894 D HeadsetService: isInbandRingingEnabled returning: false
08-30 00:52:15.589 1894 1894 I bt_btif : get_profile_interface: id = handsfree
08-30 00:52:15.589 1085 1613 D CompatibilityInfo: mCompatibilityFlags - 4
08-30 00:52:15.589 1894 1894 I bt_stack: [INFO:btif_hf.cc(2433)] GetInterface
08-30 00:52:15.589 1085 1613 D CompatibilityInfo: applicationDensity - 240
08-30 00:52:15.589 1085 1613 D CompatibilityInfo: applicationScale - 1.0
08-30 00:52:15.590 1894 2131 I bt_btif_storage: btif_storage_get_adapter_property service_mask:0x20000040
08-30 00:52:15.590 1894 2131 D bt_btif : btif_hf_upstreams_evt: event=BTA_AG_ENABLE_EVT
08-30 00:52:15.590 1894 2535 I bt_stack: [INFO:port_api.cc(123)] RFCOMM_CreateConnection BDA: ff:ff:ff:ff:ff:ff
08-30 00:52:15.591 1894 2535 I bt_stack: [INFO:port_api.cc(123)] RFCOMM_CreateConnection BDA: ff:ff:ff:ff:ff:ff
08-30 00:52:15.591 1894 2049 D BluetoothAdapterService: Calling setProfileServiceState for: BluetoothPbapService
08-30 00:52:15.592 1894 1894 D HeadsetService: setHeadsetService(): set to: com.android.bluetooth.hfp.HeadsetService@1fa9427
08-30 00:52:15.592 1894 2131 D bt_btif : btif_hf_upstreams_evt: event=BTA_AG_REGISTER_EVT
08-30 00:52:15.592 1894 2535 I bt_stack: [INFO:port_api.cc(123)] RFCOMM_CreateConnection BDA: ff:ff:ff:ff:ff:ff
08-30 00:52:15.593 1894 2535 I bt_stack: [INFO:port_api.cc(123)] RFCOMM_CreateConnection BDA: ff:ff:ff:ff:ff:ff
08-30 00:52:15.593 1894 1894 I bt_btif : get_profile_interface: id = vendorhfservice
08-30 00:52:15.593 1894 1894 I bt_btif_vendor_hf: init done
08-30 00:52:15.593 1894 1894 I bt_btif_vendor_hf: enable_swb: 1
08-30 00:52:15.593 1894 1894 D HeadsetService: registering audio server state callback
08-30 00:52:15.593 1894 2131 D bt_btif : btif_hf_upstreams_evt: event=BTA_AG_REGISTER_EVT
08-30 00:52:15.593 824 2530 I vendor.qti.bluetooth@1.0-ibs_handler: ProcessIbsCmd: Received IBS_WAKE_IND: 0xFD
08-30 00:52:15.593 824 2530 I vendor.qti.bluetooth@1.0-ibs_handler: ProcessIbsCmd: Writing IBS_WAKE_ACK
08-30 00:52:15.593 1894 2535 I bt_stack: [INFO:port_api.cc(123)] RFCOMM_CreateConnection BDA: ff:ff:ff:ff:ff:ff
08-30 00:52:15.594 1085 1883 D CompatibilityInfo: mCompatibilityFlags - 4
08-30 00:52:15.594 1085 1883 D CompatibilityInfo: applicationDensity - 240
08-30 00:52:15.594 1085 1883 D CompatibilityInfo: applicationScale - 1.0
08-30 00:52:15.594 1894 2535 I bt_stack: [INFO:port_api.cc(123)] RFCOMM_CreateConnection BDA: ff:ff:ff:ff:ff:ff
08-30 00:52:15.595 1894 2535 I bt_stack: [INFO:port_api.cc(123)] RFCOMM_CreateConnection BDA: ff:ff:ff:ff:ff:ff
08-30 00:52:15.595 1894 2535 I bt_stack: [INFO:port_api.cc(123)] RFCOMM_CreateConnection BDA: ff:ff:ff:ff:ff:ff
08-30 00:52:15.596 1894 1894 I HeadsetService: HeadsetService Started
08-30 00:52:15.596 1894 1894 D HeadsetService: profile started successfully
08-30 00:52:15.597 1894 2535 I bt_stack: [INFO:port_api.cc(123)] RFCOMM_CreateConnection BDA: ff:ff:ff:ff:ff:ff
08-30 00:52:15.597 1085 1744 E SupplicantStaIfaceHal: checkHalVersionByInterfaceName: called but mServiceManager is null
08-30 00:52:15.597 1085 1744 E SupplicantStaIfaceHal: checkHalVersionByInterfaceName: called but mServiceManager is null
08-30 00:52:15.597 1085 1744 I SupplicantStaIfaceHal: Method getWpaDriverFeatureSet is not supported in existing HAL
08-30 00:52:15.597 1894 2131 D bt_btif : btif_hf_upstreams_evt: event=BTA_AG_REGISTER_EVT
08-30 00:52:15.597 1085 1744 D WifiClientModeManager[wlan0]: entering StartedState
08-30 00:52:15.597 1894 2535 I bt_stack: [INFO:port_api.cc(123)] RFCOMM_CreateConnection BDA: ff:ff:ff:ff:ff:ff
08-30 00:52:15.597 1894 2131 D bt_btif : btif_hf_upstreams_evt: event=BTA_AG_REGISTER_EVT
08-30 00:52:15.597 1894 2131 D bt_btif : btif_hf_upstreams_evt: event=BTA_AG_REGISTER_EVT
08-30 00:52:15.597 1894 2535 I bt_stack: [INFO:port_api.cc(123)] RFCOMM_CreateConnection BDA: ff:ff:ff:ff:ff:ff
08-30 00:52:15.598 683 752 I netd : interfaceGetCfg(wlan0) -> {InterfaceConfigurationParcel{ifName: wlan0, hwAddr: 00:03:7f:12:33:84, ipv4Addr: 0.0.0.0, prefixLength: 0, flags: [up, broadcast, multicast]}} <0.35ms>
08-30 00:52:15.598 1894 2535 I bt_stack: [INFO:port_api.cc(123)] RFCOMM_CreateConnection BDA: ff:ff:ff:ff:ff:ff
08-30 00:52:15.599 1894 2049 D BluetoothAdapterService: Calling setProfileServiceState for: HearingAidService
08-30 00:52:15.600 1085 1744 D ApConfigUtil: Update Softap capability, add acs feature support
08-30 00:52:15.600 1085 1744 D ApConfigUtil: Update Softap capability, add client control feature support
08-30 00:52:15.600 1085 1744 D ApConfigUtil: Update Softap capability, add SAE feature support
08-30 00:52:15.600 1085 1744 D ApConfigUtil: Update Softap capability, add MAC customization support
08-30 00:52:15.600 1085 1744 D ApConfigUtil: Update Softap capability, add 2.4G support
08-30 00:52:15.600 1085 1744 D ApConfigUtil: Update Softap capability, add 5G support
08-30 00:52:15.600 1085 1744 D ApConfigUtil: Update Softap capability, add OWE feature support
08-30 00:52:15.600 1894 2131 D bt_btif : btif_hf_upstreams_evt: event=BTA_AG_REGISTER_EVT
08-30 00:52:15.601 1085 1744 D ApConfigUtil: Update Softap capability, max client = 32
08-30 00:52:15.601 2026 2088 V WifiManager: SoftApCallbackProxy: send InfoChanged, newInfo: SoftApInfo{bandwidth= 0, frequency= 0, wifiStandard= 0, mApInstanceIdentifier= null, mIdleShutdownTimeoutMillis= 0}
08-30 00:52:15.601 2026 2088 V WifiManager: SoftApCallbackProxy: send InfoChanged, changedInfoList: []
08-30 00:52:15.602 2026 2088 V WifiManager: SoftApCallbackProxy: send onConnectedClientsChanged(clients): []
08-30 00:52:15.602 1085 1744 D WifiService: updateInterfaceIpState: ifaceName=wlan0 mode=-1 previous LOHS mode= -1
08-30 00:52:15.603 1914 2127 V WifiManager: SoftApCallbackProxy: send InfoChanged, newInfo: SoftApInfo{bandwidth= 0, frequency= 0, wifiStandard= 0, mApInstanceIdentifier= null, mIdleShutdownTimeoutMillis= 0}
08-30 00:52:15.603 1914 2127 V WifiManager: SoftApCallbackProxy: send InfoChanged, changedInfoList: []
08-30 00:52:15.603 1914 2127 V WifiManager: SoftApCallbackProxy: send onConnectedClientsChanged(clients): []
08-30 00:52:15.604 1085 1883 D CompatibilityInfo: mCompatibilityFlags - 4
08-30 00:52:15.604 1085 1883 D CompatibilityInfo: applicationDensity - 240
08-30 00:52:15.604 1085 1883 D CompatibilityInfo: applicationScale - 1.0
08-30 00:52:15.604 1085 1920 D CCodecBufferChannel: [c2.android.vorbis.decoder#56] MediaCodec discarded an unknown buffer
08-30 00:52:15.605 1085 1920 D CCodecBufferChannel: [c2.android.vorbis.decoder#56] MediaCodec discarded an unknown buffer
08-30 00:52:15.605 1085 1920 D CCodecBufferChannel: [c2.android.vorbis.decoder#56] MediaCodec discarded an unknown buffer
08-30 00:52:15.605 1085 1221 W BatteryExternalStatsWorker: error reading modem stats:ERROR_PHONE_NOT_AVAILABLE
08-30 00:52:15.608 1894 1894 I A2dpService: create()
08-30 00:52:15.611 1085 1085 D BluetoothA2dp: Proxy object connected
08-30 00:52:15.612 1085 1085 D BluetoothA2dp: Proxy object connected
08-30 00:52:15.613 1085 1085 I AS.BtHelper: In onServiceConnected(), profile: 2, proxy: android.bluetooth.BluetoothA2dp@3d82ee1
08-30 00:52:15.613 1085 1085 D BluetoothA2dp: Proxy object connected
08-30 00:52:15.613 1085 1085 D WifiP2pService: Wifi enabled=false
08-30 00:52:15.614 1894 1894 D A2dpService: Received start request. Starting profile...
08-30 00:52:15.615 1894 1894 I A2dpService: start()
08-30 00:52:15.616 1894 1894 I BluetoothA2dpServiceJni: classInitNative: succeeds
08-30 00:52:15.616 1894 1894 I A2dpService: Max connected audio devices set to 5
08-30 00:52:15.616 1894 1894 I A2dpService: mMaxConnectedAudioDevices: 5
08-30 00:52:15.616 1894 1894 D A2dpService: Default TwsPlus ChannelMode: dual-mono
08-30 00:52:15.616 1894 1894 I BluetoothAvrcpServiceJni: classInitNative: succeeds
08-30 00:52:15.616 1894 1894 V Avrcp_ext: make
08-30 00:52:15.616 1894 1894 V Avrcp_ext: mAvrcp = null
08-30 00:52:15.617 1894 1894 V Avrcp_ext: Avrcp
08-30 00:52:15.617 1894 1894 I bt_btif : get_profile_interface: id = avrcp
08-30 00:52:15.620 1085 2578 I hw-BpHwBinder: onLastStrongRef automatically unlinking death recipients
08-30 00:52:15.620 1085 1744 I android_os_HwBinder: HwBinder: Starting thread pool for getting: android.hidl.manager@1.0::IServiceManager/default
08-30 00:52:15.621 1085 1221 E KernelCpuSpeedReader: Failed to read cpu-freq: /sys/devices/system/cpu/cpu4/cpufreq/stats/time_in_state: open failed: ENOENT (No such file or directory)
08-30 00:52:15.622 1085 1221 E KernelCpuSpeedReader: Failed to read cpu-freq: /sys/devices/system/cpu/cpu0/cpufreq/stats/time_in_state: open failed: ENOENT (No such file or directory)
08-30 00:52:15.623 1085 1221 E system_server: Cannot read thread CPU times for PID 1085
08-30 00:52:15.623 1085 1221 W BatteryStatsImpl: Attempted to remove untracked isolated uid (1037)
08-30 00:52:15.625 1085 1744 I SupplicantStaIfaceHal: Starting supplicant using HIDL
08-30 00:52:15.628 514 514 I hwservicemanager: Since android.hardware.wifi.supplicant@1.0::ISupplicant/default is not registered, trying to start it as a lazy HAL.
08-30 00:52:15.628 1085 1919 D CCodecBufferChannel: [c2.android.vorbis.decoder#259] MediaCodec discarded an unknown buffer
08-30 00:52:15.628 1085 1919 D CCodecBufferChannel: [c2.android.vorbis.decoder#259] MediaCodec discarded an unknown buffer
08-30 00:52:15.628 1085 1919 D CCodecBufferChannel: [c2.android.vorbis.decoder#259] MediaCodec discarded an unknown buffer
08-30 00:52:15.630 1085 1744 D SupplicantStaIfaceHal: Successfully triggered start of supplicant using HIDL
08-30 00:52:15.633 1894 1894 V Avrcp_ext: start
08-30 00:52:15.638 1085 1613 D MediaSessionService: The MediaKeyEventSessionChangedListener (android.os.BinderProxy@c3e2ab6) is added by com.android.bluetooth
08-30 00:52:15.639 1894 1894 D BluetoothVendorService: getProfileInfo profile_id: 1
08-30 00:52:15.639 1894 1894 I BluetoothVendorJni: getProfileInfoNative
08-30 00:52:15.639 1894 1894 I bt_btif_vendor: get_profile_info :1
08-30 00:52:15.639 1894 1894 W bt_device_profile: profile_feature_fetch:profile 1
08-30 00:52:15.639 1894 1894 W bt_device_profile: profile_feature_fetch:AVRCP_0103_SUPPORT found 0
08-30 00:52:15.639 1894 1894 D BluetoothVendorService: getProfileInfo profile_id: 1
08-30 00:52:15.639 1894 1894 I BluetoothVendorJni: getProfileInfoNative
08-30 00:52:15.639 1894 1894 I bt_btif_vendor: get_profile_info :1
08-30 00:52:15.639 1894 1894 W bt_device_profile: profile_feature_fetch:profile 1
08-30 00:52:15.639 1894 1894 W bt_device_profile: profile_feature_fetch:AVRCP_COVERART_SUPPORT found 1
08-30 00:52:15.639 1894 1894 D Avrcp_ext: isCoverArtSupported: true
08-30 00:52:15.639 1894 1894 D AdapterProperties: getWhitelistedMediaPlayers: numWhitelistedPlayers = 2
08-30 00:52:15.639 1894 1894 D AdapterProperties: players :com.google.android.apps.youtube.music
08-30 00:52:15.640 1894 1894 D AdapterProperties: players :com.gaana
08-30 00:52:15.640 1894 1894 W Avrcp_ext: List of Players in WhiteListDB Conf file are: [com.google.android.apps.youtube.music, com.gaana]
08-30 00:52:15.640 1894 1894 D Avrcp_ext: avrcpVersion avrcp16 isCoverArtEnabled true
08-30 00:52:15.641 1085 2580 I hw-BpHwBinder: onLastStrongRef automatically unlinking death recipients
08-30 00:52:15.641 1894 1894 D AvrcpBipRsp: mMaxBipDevices :5
08-30 00:52:15.641 1894 1894 D Avrcp_ext: Starting AVRCP BIP Responder Service
08-30 00:52:15.642 1435 1522 I hw-BpHwBinder: onLastStrongRef automatically unlinking death recipients
08-30 00:52:15.644 1894 1894 D Avrcp_ext: Starting AVRCP AvrcpPlayerAppSetting Service
08-30 00:52:15.644 1894 1894 V AvrcpPlayerAppSettings: Start
08-30 00:52:15.646 1894 1894 D Avrcp_ext: initMediaPlayerInfoList: 0 controllers
08-30 00:52:15.648 824 2380 D vendor.qti.bluetooth@1.0-wake_lock: Release wakelock is released
08-30 00:52:15.649 1894 1894 V Avrcp_ext: updateCurrentMediaState: mMediaController: null
08-30 00:52:15.649 1894 1894 W Avrcp_ext: isMusicActive: false getBluetoothPlayState: 0 A2dp State: 11 mAudioPlaybackIsActive: false
08-30 00:52:15.649 1894 1894 W Avrcp_ext: updateCurrentMediaState: isPlaying = false
08-30 00:52:15.649 1894 1894 V Avrcp_ext: Media update: id -1âž¡-1? [MediaAttributes: none] : [MediaAttributes: none]
08-30 00:52:15.649 1894 1894 D Avrcp_ext: isPackageNameValid: browsedPackage = isValid = false
08-30 00:52:15.650 1894 1894 V Avrcp_ext: updatePlaybackState, state: PlaybackState {state=2, position=-1, buffered position=0, speed=0.0, updated=63457, actions=0, custom actions=[], active item id=-1, error=null} device: null
08-30 00:52:15.650 1894 1894 V Avrcp_ext: Device: no name:
08-30 00:52:15.650 1894 1894 V Avrcp_ext: Device: no name:
08-30 00:52:15.650 1894 1894 V Avrcp_ext: Device: no name:
08-30 00:52:15.650 1894 1894 V Avrcp_ext: Device: no name:
08-30 00:52:15.650 1894 1894 V Avrcp_ext: Device: no name:
08-30 00:52:15.650 1894 1894 V Avrcp_ext: updatePlayerStateAndPosition, old=PlaybackState {state=0, position=-1, buffered position=0, speed=0.0, updated=63425, actions=0, custom actions=[], active item id=-1, error=null}, state=PlaybackState {state=2, position=-1, buffered position=0, speed=0.0, updated=63457, actions=0, custom actions=[], active item id=-1, error=null}
08-30 00:52:15.650 1894 1894 V Avrcp_ext: old state = PlaybackState {state=0, position=-1, buffered position=0, speed=0.0, updated=63425, actions=0, custom actions=[], active item id=-1, error=null}, new state= PlaybackState {state=2, position=-1, buffered position=0, speed=0.0, updated=63457, actions=0, custom actions=[], active item id=-1, error=null}
08-30 00:52:15.650 1894 1894 D HeadsetService: getHeadsetService(): returning com.android.bluetooth.hfp.HeadsetService@1fa9427
08-30 00:52:15.650 1894 1894 D HeadsetService: isAudioOn: The number of audio connected devices 0
08-30 00:52:15.650 1894 1894 D HeadsetService: isScoOrCallActive(): Call Active:falseCall is Ringing:falseSCO is Active:false
08-30 00:52:15.650 1894 1894 D HeadsetService: isAudioOn: The number of audio connected devices 0
08-30 00:52:15.650 1894 1894 I Avrcp_ext: updatePlayStatusForDevice: device: null
08-30 00:52:15.650 1894 1894 V Avrcp_ext: updatePlaybackState (1): old=PlaybackState {state=0, position=-1, buffered position=0, speed=0.0, updated=63425, actions=0, custom actions=[], active item id=-1, error=null}(0), new=PlaybackState {state=2, position=-1, buffered position=0, speed=0.0, updated=63457, actions=0, custom actions=[], active item id=-1, error=null}(2)
08-30 00:52:15.650 1894 1894 I Avrcp_ext: Exit updatePlayStatusForDevice
08-30 00:52:15.650 1894 1894 D HeadsetService: isAudioOn: The number of audio connected devices 0
08-30 00:52:15.651 1894 1894 D HeadsetService: isScoOrCallActive(): Call Active:falseCall is Ringing:falseSCO is Active:false
08-30 00:52:15.651 1894 1894 D HeadsetService: isAudioOn: The number of audio connected devices 0
08-30 00:52:15.651 1894 1894 I Avrcp_ext: updatePlayStatusForDevice: device: null
08-30 00:52:15.651 1894 1894 V Avrcp_ext: updatePlaybackState (1): old=PlaybackState {state=0, position=-1, buffered position=0, speed=0.0, updated=63425, actions=0, custom actions=[], active item id=-1, error=null}(0), new=PlaybackState {state=2, position=-1, buffered position=0, speed=0.0, updated=63457, actions=0, custom actions=[], active item id=-1, error=null}(2)
08-30 00:52:15.651 1894 1894 I Avrcp_ext: Exit updatePlayStatusForDevice
08-30 00:52:15.651 1894 1894 D HeadsetService: isAudioOn: The number of audio connected devices 0
08-30 00:52:15.651 1894 1894 D HeadsetService: isScoOrCallActive(): Call Active:falseCall is Ringing:falseSCO is Active:false
08-30 00:52:15.651 1894 1894 D HeadsetService: isAudioOn: The number of audio connected devices 0
08-30 00:52:15.651 1894 1894 I Avrcp_ext: updatePlayStatusForDevice: device: null
08-30 00:52:15.651 1894 1894 V Avrcp_ext: updatePlaybackState (1): old=PlaybackState {state=0, position=-1, buffered position=0, speed=0.0, updated=63425, actions=0, custom actions=[], active item id=-1, error=null}(0), new=PlaybackState {state=2, position=-1, buffered position=0, speed=0.0, updated=63457, actions=0, custom actions=[], active item id=-1, error=null}(2)
08-30 00:52:15.651 1894 1894 I Avrcp_ext: Exit updatePlayStatusForDevice
08-30 00:52:15.651 1894 1894 D HeadsetService: isAudioOn: The number of audio connected devices 0
08-30 00:52:15.651 1894 1894 D HeadsetService: isScoOrCallActive(): Call Active:falseCall is Ringing:falseSCO is Active:false
08-30 00:52:15.651 1894 1894 D HeadsetService: isAudioOn: The number of audio connected devices 0
08-30 00:52:15.651 1894 1894 I Avrcp_ext: updatePlayStatusForDevice: device: null
08-30 00:52:15.652 1894 1894 V Avrcp_ext: updatePlaybackState (1): old=PlaybackState {state=0, position=-1, buffered position=0, speed=0.0, updated=63425, actions=0, custom actions=[], active item id=-1, error=null}(0), new=PlaybackState {state=2, position=-1, buffered position=0, speed=0.0, updated=63457, actions=0, custom actions=[], active item id=-1, error=null}(2)
08-30 00:52:15.652 1894 1894 I Avrcp_ext: Exit updatePlayStatusForDevice
08-30 00:52:15.652 1894 1894 D HeadsetService: isAudioOn: The number of audio connected devices 0
08-30 00:52:15.652 1894 1894 D HeadsetService: isScoOrCallActive(): Call Active:falseCall is Ringing:falseSCO is Active:false
08-30 00:52:15.652 1894 1894 D HeadsetService: isAudioOn: The number of audio connected devices 0
08-30 00:52:15.652 1894 1894 I Avrcp_ext: updatePlayStatusForDevice: device: null
08-30 00:52:15.652 1894 1894 V Avrcp_ext: updatePlaybackState (1): old=PlaybackState {state=0, position=-1, buffered position=0, speed=0.0, updated=63425, actions=0, custom actions=[], active item id=-1, error=null}(0), new=PlaybackState {state=2, position=-1, buffered position=0, speed=0.0, updated=63457, actions=0, custom actions=[], active item id=-1, error=null}(2)
08-30 00:52:15.652 1894 1894 I Avrcp_ext: Exit updatePlayStatusForDevice
08-30 00:52:15.652 1894 1894 D Avrcp_ext: Enter sendPlayPosNotificationRsp
08-30 00:52:15.652 1894 1894 D Avrcp_ext: sendPlayPosNotificationRsp: Not registered or requesting.
08-30 00:52:15.652 1894 1894 D Avrcp_ext: Enter sendPlayPosNotificationRsp
08-30 00:52:15.652 1894 1894 D Avrcp_ext: sendPlayPosNotificationRsp: Not registered or requesting.
08-30 00:52:15.652 1894 1894 D Avrcp_ext: Enter sendPlayPosNotificationRsp
08-30 00:52:15.652 1894 1894 D Avrcp_ext: sendPlayPosNotificationRsp: Not registered or requesting.
08-30 00:52:15.652 1894 1894 D Avrcp_ext: Enter sendPlayPosNotificationRsp
08-30 00:52:15.652 1894 1894 D Avrcp_ext: sendPlayPosNotificationRsp: Not registered or requesting.
08-30 00:52:15.652 1894 1894 D Avrcp_ext: Enter sendPlayPosNotificationRsp
08-30 00:52:15.652 1894 1894 D Avrcp_ext: sendPlayPosNotificationRsp: Not registered or requesting.
08-30 00:52:15.652 1894 1894 V Avrcp_ext: Exit updatePlayerStateAndPosition
08-30 00:52:15.658 1319 2575 I MMParserExtractor: Created(0xb40000733a6647f0)
08-30 00:52:15.670 1914 2288 D CCodecBufferChannel: [c2.android.vorbis.decoder#344] MediaCodec discarded an unknown buffer
08-30 00:52:15.671 1914 2288 D CCodecBufferChannel: [c2.android.vorbis.decoder#344] MediaCodec discarded an unknown buffer
08-30 00:52:15.671 1914 2288 D CCodecBufferChannel: [c2.android.vorbis.decoder#344] MediaCodec discarded an unknown buffer
08-30 00:52:15.673 1085 1898 D MediaCodecList: codecHandlesFormat: no format, so no extra checks
08-30 00:52:15.674 1085 1898 D MediaCodecList: codecHandlesFormat: no format, so no extra checks
08-30 00:52:15.676 1914 2288 I hw-BpHwBinder: onLastStrongRef automatically unlinking death recipients
08-30 00:52:15.678 1085 2586 D CCodec : allocate(c2.android.vorbis.decoder)
08-30 00:52:15.680 824 2530 I vendor.qti.bluetooth@1.0-ibs_handler: ProcessIbsCmd: Received IBS_SLEEP_IND: 0xFE
08-30 00:52:15.681 1319 1319 I MMParserExtractor: Created(0xb40000733a666930)
08-30 00:52:15.685 1914 2290 D CCodecBufferChannel: [c2.android.vorbis.decoder#476] MediaCodec discarded an unknown buffer
08-30 00:52:15.685 1914 2290 D CCodecBufferChannel: [c2.android.vorbis.decoder#476] MediaCodec discarded an unknown buffer
08-30 00:52:15.686 1914 2290 D CCodecBufferChannel: [c2.android.vorbis.decoder#476] MediaCodec discarded an unknown buffer
08-30 00:52:15.686 1085 2586 I CCodec : setting up 'default' as default (vendor) store
08-30 00:52:15.689 1085 1897 D MediaCodecList: codecHandlesFormat: no format, so no extra checks
08-30 00:52:15.690 1085 2586 I CCodec : Created component [c2.android.vorbis.decoder]
08-30 00:52:15.690 1085 1897 D MediaCodecList: codecHandlesFormat: no format, so no extra checks
08-30 00:52:15.690 1085 2586 D CCodecConfig: read media type: audio/vorbis
08-30 00:52:15.691 1894 1894 V Avrcp_ext: Exit start
08-30 00:52:15.691 1894 1894 V Avrcp_ext: Exit make
08-30 00:52:15.693 1894 1894 I A2dpCodecConfig: Aptx Adaptive priority: 8001
08-30 00:52:15.694 1914 2290 I hw-BpHwBinder: onLastStrongRef automatically unlinking death recipients
08-30 00:52:15.694 1894 1894 I bt_btif : get_profile_interface: id = a2dp
08-30 00:52:15.694 1894 1894 I btif_av : isBATEnabled: 0
08-30 00:52:15.694 1435 2564 I hw-BpHwBinder: onLastStrongRef automatically unlinking death recipients
08-30 00:52:15.694 1894 1894 E bt_btif : bta_av_co_get_active_peer: peer index out of bounds: 5
08-30 00:52:15.694 1894 1894 E bt_btif : btif_av_is_split_a2dp_enabled: No active peer codec config found, by default splitmode
08-30 00:52:15.697 1085 2591 D CCodec : allocate(c2.android.vorbis.decoder)
08-30 00:52:15.700 1085 2586 D ReflectedParamUpdater: extent() != 1 for single value type: algo.buffers.max-count.values
08-30 00:52:15.701 1319 1319 I MMParserExtractor: Created(0xb40000733a666af0)
08-30 00:52:15.701 1085 2586 D ReflectedParamUpdater: extent() != 1 for single value type: output.subscribed-indices.values
08-30 00:52:15.701 1085 2591 I CCodec : setting up 'default' as default (vendor) store
08-30 00:52:15.702 1085 2586 D ReflectedParamUpdater: extent() != 1 for single value type: input.buffers.allocator-ids.values
08-30 00:52:15.702 1085 2586 D ReflectedParamUpdater: extent() != 1 for single value type: output.buffers.allocator-ids.values
08-30 00:52:15.703 1085 2586 D ReflectedParamUpdater: extent() != 1 for single value type: algo.buffers.allocator-ids.values
08-30 00:52:15.703 1894 2594 I bt_osi_thread: run_thread: thread id 2594, thread name media_worker started
08-30 00:52:15.704 1085 2586 D ReflectedParamUpdater: extent() != 1 for single value type: output.buffers.pool-ids.values
08-30 00:52:15.704 1894 1894 I btif_av : isBATEnabled: 0
