08-30 00:52:10.224 1085 1085 I SystemServerTiming: StartUsbService
08-30 00:52:10.224 1085 1085 I SystemServiceManager: Starting com.android.server.usb.UsbService$Lifecycle
08-30 00:52:10.225 1085 1085 D SystemServerTiming: StartUsbService took to complete: 1ms
08-30 00:52:10.225 1085 1085 I SystemServerTiming: StartSerialService
08-30 00:52:10.225 1085 1200 I SystemServerTimingAsync: InitThreadPoolExec:UsbService$Lifecycle#onStart
08-30 00:52:10.225 1085 1200 D SystemServerInitThreadPool: Started executing UsbService$Lifecycle#onStart
08-30 00:52:10.226 1085 1085 D SystemServerTiming: StartSerialService took to complete: 1ms
08-30 00:52:10.226 1085 1085 I SystemServerTiming: StartHardwarePropertiesManagerService
08-30 00:52:10.226 1085 1200 E UsbDeviceManager: failed to write to /sys/class/android_usb/android0/f_rndis/ethaddr
08-30 00:52:10.228 1085 1200 I UsbDeviceManager: USB GADGET HAL not present in the device
08-30 00:52:10.228 1085 1200 I UsbDeviceManager: java.util.NoSuchElementException
08-30 00:52:10.228 1085 1200 I UsbDeviceManager: at android.os.HwBinder.getService(Native Method)
08-30 00:52:10.228 1085 1200 I UsbDeviceManager: at android.hardware.usb.gadget.V1_0.IUsbGadget.getService(IUsbGadget.java:57)
08-30 00:52:10.228 1085 1200 I UsbDeviceManager: at android.hardware.usb.gadget.V1_0.IUsbGadget.getService(IUsbGadget.java:64)
08-30 00:52:10.228 1085 1200 I UsbDeviceManager: at com.android.server.usb.UsbDeviceManager.(UsbDeviceManager.java:293)
08-30 00:52:10.228 1085 1200 I UsbDeviceManager: at com.android.server.usb.UsbService.(UsbService.java:178)
08-30 00:52:10.228 1085 1200 I UsbDeviceManager: at com.android.server.usb.UsbService$Lifecycle.lambda$onStart$0$UsbService$Lifecycle(UsbService.java:92)
08-30 00:52:10.228 1085 1200 I UsbDeviceManager: at com.android.server.usb.UsbService$Lifecycle$$ExternalSyntheticLambda1.run(Unknown Source:2)
08-30 00:52:10.228 1085 1200 I UsbDeviceManager: at com.android.server.SystemServerInitThreadPool.lambda$submitTask$0$SystemServerInitThreadPool(SystemServerInitThreadPool.java:105)
08-30 00:52:10.228 1085 1200 I UsbDeviceManager: at com.android.server.SystemServerInitThreadPool$$ExternalSyntheticLambda0.run(Unknown Source:6)
08-30 00:52:10.228 1085 1200 I UsbDeviceManager: at java.util.concurrent.Executors$RunnableAdapter.call(Executors.java:462)
08-30 00:52:10.228 1085 1200 I UsbDeviceManager: at java.util.concurrent.FutureTask.run(FutureTask.java:266)
08-30 00:52:10.228 1085 1200 I UsbDeviceManager: at java.util.concurrent.ThreadPoolExecutor.runWorker(ThreadPoolExecutor.java:1167)
08-30 00:52:10.228 1085 1200 I UsbDeviceManager: at java.util.concurrent.ThreadPoolExecutor$Worker.run(ThreadPoolExecutor.java:641)
08-30 00:52:10.228 1085 1200 I UsbDeviceManager: at com.android.internal.util.ConcurrentUtils$1$1.run(ConcurrentUtils.java:65)
08-30 00:52:10.228 1085 1200 E UsbDeviceManager: Failed to open control for mtp
08-30 00:52:10.228 1085 1200 E UsbDeviceManager: Failed to open control for ptp
08-30 00:52:10.231 1085 1200 W StorageManagerService: No primary storage defined yet; hacking together a stub
01-01 08:15:17.813 0 0 I : acc_open
01-01 08:15:17.814 0 0 I : acc_release
08-30 00:52:10.236 1085 1085 D SystemServerTiming: StartHardwarePropertiesManagerService took to complete: 10ms
08-30 00:52:10.236 1085 1085 I SystemServerTiming: StartTwilightService
08-30 00:52:10.236 1085 1085 I SystemServiceManager: Starting com.android.server.twilight.TwilightService
08-30 00:52:10.236 1085 1085 D SystemServerTiming: StartTwilightService took to complete: 0ms
08-30 00:52:10.236 1085 1085 I SystemServerTiming: StartColorDisplay
08-30 00:52:10.236 1085 1085 I SystemServiceManager: Starting com.android.server.display.color.ColorDisplayService
08-30 00:52:10.237 1085 1693 I UsbPortManager: Usb hal service started android.hardware.usb@1.0::IUsb default
08-30 00:52:10.241 1085 1085 D SystemServerTiming: StartColorDisplay took to complete: 5ms
08-30 00:52:10.241 1085 1085 I SystemServerTiming: StartJobScheduler
08-30 00:52:10.242 1085 1085 I SystemServiceManager: Starting com.android.server.job.JobSchedulerService
08-30 00:52:10.247 1085 1693 I UsbPortManager: USB HAL version: 12
08-30 00:52:10.254 1085 1200 D SystemServerInitThreadPool: Finished executing UsbService$Lifecycle#onStart
08-30 00:52:10.254 1085 1200 D SystemServerTimingAsync: InitThreadPoolExec:UsbService$Lifecycle#onStart took to complete: 29ms
08-30 00:52:10.259 1085 1085 D JobStore: Start tag: job-info
08-30 00:52:10.261 1085 1085 I JobStore: Read 5 jobs
08-30 00:52:10.266 1085 1085 V HistoricalRegistry: Interaction before persistence initialized
08-30 00:52:10.267 1085 1085 V HistoricalRegistry: Interaction before persistence initialized
08-30 00:52:10.267 1085 1085 W JobScheduler: !!! RTC not yet good; tracking time updates for job scheduling
08-30 00:52:10.268 1085 1085 D SystemServerTiming: StartJobScheduler took to complete: 27ms
08-30 00:52:10.268 1085 1085 I SystemServerTiming: StartSoundTrigger
08-30 00:52:10.268 1085 1085 I SystemServiceManager: Starting com.android.server.soundtrigger.SoundTriggerService
08-30 00:52:10.269 1085 1085 D SystemServerTiming: StartSoundTrigger took to complete: 1ms
08-30 00:52:10.269 1085 1085 I SystemServerTiming: StartTrustManager
08-30 00:52:10.269 1085 1085 I SystemServiceManager: Starting com.android.server.trust.TrustManagerService
08-30 00:52:10.271 1085 1085 D SystemServerTiming: StartTrustManager took to complete: 2ms
08-30 00:52:10.271 1085 1085 I SystemServerTiming: StartBackupManager
08-30 00:52:10.271 1085 1085 I SystemServiceManager: Starting com.android.server.backup.BackupManagerService$Lifecycle
08-30 00:52:10.275 1085 1085 D SystemServerTiming: StartBackupManager took to complete: 4ms
08-30 00:52:10.275 1085 1085 I SystemServerTiming: StartAppWidgetService
08-30 00:52:10.275 1085 1085 I SystemServiceManager: Starting com.android.server.appwidget.AppWidgetService
08-30 00:52:10.277 1085 1085 D SystemServerTiming: StartAppWidgetService took to complete: 2ms
08-30 00:52:10.277 1085 1085 I SystemServerTiming: StartVoiceRecognitionManager
08-30 00:52:10.277 1085 1085 I SystemServiceManager: Starting com.android.server.voiceinteraction.VoiceInteractionManagerService
08-30 00:52:10.285 1085 1085 D SystemServerTiming: StartVoiceRecognitionManager took to complete: 8ms
08-30 00:52:10.285 1085 1085 I SystemServerTiming: StartAppHibernationService
08-30 00:52:10.285 1085 1085 I SystemServiceManager: Starting com.android.server.apphibernation.AppHibernationService
08-30 00:52:10.287 1085 1085 D SystemServerTiming: StartAppHibernationService took to complete: 2ms
08-30 00:52:10.288 1085 1085 I SystemServerTiming: StartGestureLauncher
08-30 00:52:10.288 1085 1085 I SystemServiceManager: Starting com.android.server.GestureLauncherService
08-30 00:52:10.288 1085 1085 D SystemServerTiming: StartGestureLauncher took to complete: 0ms
08-30 00:52:10.288 1085 1085 I SystemServerTiming: StartSensorNotification
08-30 00:52:10.288 1085 1085 I SystemServiceManager: Starting com.android.server.SensorNotificationService
08-30 00:52:10.288 1085 1085 D SystemServerTiming: StartSensorNotification took to complete: 0ms
08-30 00:52:10.288 1085 1085 I SystemServerTiming: StartDiskStatsService
08-30 00:52:10.291 1085 1085 D SystemServerTiming: StartDiskStatsService took to complete: 3ms
08-30 00:52:10.291 1085 1085 I SystemServerTiming: RuntimeService
08-30 00:52:10.292 1085 1085 D SystemServerTiming: RuntimeService took to complete: 1ms
08-30 00:52:10.292 1085 1085 I SystemServerTiming: StartNetworkTimeUpdateService
08-30 00:52:10.295 1085 1085 D SystemServerTiming: StartNetworkTimeUpdateService took to complete: 3ms
08-30 00:52:10.295 1085 1085 I SystemServerTiming: CertBlacklister
08-30 00:52:10.295 1085 1085 D SystemServerTiming: CertBlacklister took to complete: 0ms
08-30 00:52:10.295 1085 1085 I SystemServerTiming: StartEmergencyAffordanceService
08-30 00:52:10.296 1085 1085 I SystemServiceManager: Starting com.android.server.emergency.EmergencyAffordanceService
08-30 00:52:10.297 1085 1085 D SystemServerTiming: StartEmergencyAffordanceService took to complete: 1ms
08-30 00:52:10.297 1085 1085 I SystemServerTiming: startBlobStoreManagerService
08-30 00:52:10.297 1085 1085 I SystemServiceManager: Starting com.android.server.blob.BlobStoreManagerService
08-30 00:52:10.291 1085 1085 I auditd : type=1400 audit(0.0:86): avc: denied { read } for comm="system_server" name="u:object_r:vendor_default_prop:s0" dev="tmpfs" ino=31780 scontext=u:r:system_server:s0 tcontext=u:object_r:vendor_default_prop:s0 tclass=file permissive=0
08-30 00:52:10.300 1085 1085 D SystemServerTiming: startBlobStoreManagerService took to complete: 3ms
08-30 00:52:10.300 1085 1085 I SystemServerTiming: StartDreamManager
08-30 00:52:10.300 1085 1085 I SystemServiceManager: Starting com.android.server.dreams.DreamManagerService
08-30 00:52:10.301 1085 1085 D SystemServerTiming: StartDreamManager took to complete: 1ms
08-30 00:52:10.301 1085 1085 I SystemServerTiming: AddGraphicsStatsService
08-30 00:52:10.306 1085 1085 D SystemServerTiming: AddGraphicsStatsService took to complete: 5ms
08-30 00:52:10.306 1085 1085 I SystemServerTiming: StartCompanionDeviceManager
08-30 00:52:10.306 1085 1085 I SystemServiceManager: Starting com.android.server.companion.CompanionDeviceManagerService
08-30 00:52:10.310 1085 1085 D SystemServerTiming: StartCompanionDeviceManager took to complete: 4ms
08-30 00:52:10.310 1085 1085 I SystemServerTiming: StartRestrictionManager
08-30 00:52:10.310 1085 1085 I SystemServiceManager: Starting com.android.server.restrictions.RestrictionsManagerService
08-30 00:52:10.312 1085 1085 D SystemServerTiming: StartRestrictionManager took to complete: 2ms
08-30 00:52:10.313 1085 1085 I SystemServerTiming: StartMediaSessionService
08-30 00:52:10.313 1085 1085 I SystemServiceManager: Starting com.android.server.media.MediaSessionService
08-30 00:52:10.316 1085 1085 D SystemServerTiming: StartMediaSessionService took to complete: 3ms
08-30 00:52:10.316 1085 1085 I SystemServerTiming: StartMediaResourceMonitor
08-30 00:52:10.316 1085 1085 I SystemServiceManager: Starting com.android.server.media.MediaResourceMonitorService
08-30 00:52:10.319 1085 1085 D SystemServerTiming: StartMediaResourceMonitor took to complete: 3ms
08-30 00:52:10.320 1085 1085 I SystemServerTiming: StartMediaRouterService
08-30 00:52:10.320 1085 1085 V HistoricalRegistry: Interaction before persistence initialized
08-30 00:52:10.322 1085 1085 D SystemServerTiming: StartMediaRouterService took to complete: 2ms
08-30 00:52:10.322 1085 1085 I SystemServerTiming: StartFingerprintSensor
08-30 00:52:10.322 1085 1085 I SystemServiceManager: Starting com.android.server.biometrics.sensors.fingerprint.FingerprintService
08-30 00:52:10.323 1085 1085 D SystemServerTiming: StartFingerprintSensor took to complete: 1ms
08-30 00:52:10.323 1085 1085 I SystemServerTiming: StartBiometricService
08-30 00:52:10.323 1085 1085 I SystemServiceManager: Starting com.android.server.biometrics.BiometricService
08-30 00:52:10.326 1085 1085 D SystemServerTiming: StartBiometricService took to complete: 3ms
08-30 00:52:10.326 1085 1085 I SystemServerTiming: StartAuthService
08-30 00:52:10.326 1085 1085 I SystemServiceManager: Starting com.android.server.biometrics.AuthService
08-30 00:52:10.327 1085 1085 D AuthService: Registering HIDL ID: 0 Modality: 2 Strength: 15
08-30 00:52:10.327 1085 1085 D AuthService: Registering HIDL ID: 1 Modality: 8 Strength: 15
08-30 00:52:10.332 1085 1085 E AuthService: HIDL face configuration exists, but FaceService is null.
08-30 00:52:10.334 1085 1085 D SystemServerTiming: StartAuthService took to complete: 8ms
08-30 00:52:10.334 1085 1085 I SystemServerTiming: StartBackgroundDexOptService
08-30 00:52:10.335 1085 1085 D SystemServerTiming: StartBackgroundDexOptService took to complete: 1ms
08-30 00:52:10.335 1085 1085 I SystemServerTiming: StartDynamicCodeLoggingService
08-30 00:52:10.336 1085 1085 D SystemServerTiming: StartDynamicCodeLoggingService took to complete: 1ms
08-30 00:52:10.336 1085 1085 I SystemServerTiming: StartPruneInstantAppsJobService
08-30 00:52:10.337 1085 1085 D SystemServerTiming: StartPruneInstantAppsJobService took to complete: 1ms
08-30 00:52:10.337 1085 1085 I SystemServerTiming: StartShortcutServiceLifecycle
08-30 00:52:10.337 1085 1085 I SystemServiceManager: Starting com.android.server.pm.ShortcutService$Lifecycle
08-30 00:52:10.338 1085 1085 V HistoricalRegistry: Interaction before persistence initialized
08-30 00:52:10.339 1085 1085 D SystemServerTiming: StartShortcutServiceLifecycle took to complete: 2ms
08-30 00:52:10.339 1085 1085 I SystemServerTiming: StartLauncherAppsService
08-30 00:52:10.339 1085 1085 I SystemServiceManager: Starting com.android.server.pm.LauncherAppsService
08-30 00:52:10.342 1085 1085 D SystemServerTiming: StartLauncherAppsService took to complete: 3ms
08-30 00:52:10.342 1085 1085 I SystemServerTiming: StartCrossProfileAppsService
08-30 00:52:10.342 1085 1085 I SystemServiceManager: Starting com.android.server.pm.CrossProfileAppsService
08-30 00:52:10.343 1085 1085 D SystemServerTiming: StartCrossProfileAppsService took to complete: 1ms
08-30 00:52:10.343 1085 1085 I SystemServerTiming: StartPeopleService
08-30 00:52:10.343 1085 1085 I SystemServiceManager: Starting com.android.server.people.PeopleService
08-30 00:52:10.345 1085 1085 D SystemServerTiming: StartPeopleService took to complete: 2ms
08-30 00:52:10.345 1085 1085 I SystemServerTiming: StartMediaMetricsManager
08-30 00:52:10.345 1085 1085 I SystemServiceManager: Starting com.android.server.media.metrics.MediaMetricsManagerService
08-30 00:52:10.347 1085 1085 D SystemServerTiming: StartMediaMetricsManager took to complete: 2ms
08-30 00:52:10.347 1085 1085 I SystemServerTiming: StartMediaProjectionManager
08-30 00:52:10.347 1085 1085 I SystemServiceManager: Starting com.android.server.media.projection.MediaProjectionManagerService
08-30 00:52:10.352 1085 1085 D SystemServerTiming: StartMediaProjectionManager took to complete: 5ms
08-30 00:52:10.352 1085 1085 I SystemServerTiming: StartSliceManagerService
08-30 00:52:10.352 1085 1085 I SystemServiceManager: Starting com.android.server.slice.SliceManagerService$Lifecycle
08-30 00:52:10.358 1085 1855 D BiometricService: Registering ID: 0 Modality: 2 Strength: 15
08-30 00:52:10.358 1085 1855 D BiometricStrengthController: updateStrengths: revert sensorId=0 to oemStrength=15
08-30 00:52:10.359 1085 1855 D BiometricService/Sensor: updateStrength: Before(ID(0), oemStrength: 15, updatedStrength: 15, modality 2, state: 0, cookie: 0, props: ID: 0, Strength: 2, Type: 1) After(ID(0), oemStrength: 15, updatedStrength: 15, modality 2, state: 0, cookie: 0, props: ID: 0, Strength: 2, Type: 1)
08-30 00:52:10.360 1085 1085 D SystemServerTiming: StartSliceManagerService took to complete: 8ms
08-30 00:52:10.360 1085 1085 I SystemServerTiming: StartStatsCompanion
08-30 00:52:10.374 1085 1085 I SystemServiceManager: Starting com.android.server.stats.StatsCompanion$Lifecycle
08-30 00:52:10.378 1085 1085 D SystemServerTiming: StartStatsCompanion took to complete: 18ms
08-30 00:52:10.378 1085 1085 I SystemServerTiming: StartRebootReadinessManagerService
08-30 00:52:10.395 1085 1085 I SystemServiceManager: Starting com.android.server.scheduling.RebootReadinessManagerService$Lifecycle
08-30 00:52:10.402 1085 1085 D SystemServerTiming: StartRebootReadinessManagerService took to complete: 24ms
08-30 00:52:10.402 1085 1085 I SystemServerTiming: StartStatsPullAtomService
08-30 00:52:10.402 1085 1085 I SystemServiceManager: Starting com.android.server.stats.pull.StatsPullAtomService
08-30 00:52:10.402 1085 1085 D SystemServerTiming: StartStatsPullAtomService took to complete: 0ms
08-30 00:52:10.402 1085 1085 I SystemServerTiming: StartIncidentCompanionService
08-30 00:52:10.402 1085 1085 I SystemServiceManager: Starting com.android.server.incident.IncidentCompanionService
08-30 00:52:10.403 1085 1085 D SystemServerTiming: StartIncidentCompanionService took to complete: 1ms
08-30 00:52:10.403 1085 1085 I SystemServerTiming: StartMmsService
08-30 00:52:10.403 1085 1085 I SystemServiceManager: Starting com.android.server.MmsServiceBroker
08-30 00:52:10.406 1085 1085 D SystemServerTiming: StartMmsService took to complete: 2ms
08-30 00:52:10.406 1085 1085 I SystemServerTiming: StartAutoFillService
08-30 00:52:10.406 1085 1085 I SystemServiceManager: Starting com.android.server.autofill.AutofillManagerService
08-30 00:52:10.407 1085 1085 D AutofillManagerService: setLogLevelFromSettings(): level=2, debug=true, verbose=false
08-30 00:52:10.407 1085 1085 D AutofillManagerService: setMaxPartitionsFromSettings(): 10
08-30 00:52:10.408 1085 1085 D AutofillManagerService: setMaxVisibleDatasetsFromSettings(): 0
08-30 00:52:10.409 1085 1085 D AutofillManagerServiceImpl: Reset component for user 0:
08-30 00:52:10.409 1085 1193 D AutofillUI: destroySaveUiUiThread(): already destroyed
08-30 00:52:10.411 1085 1085 D SystemServerTiming: StartAutoFillService took to complete: 4ms
08-30 00:52:10.411 1085 1085 D SystemServer: TranslationService not defined by OEM
08-30 00:52:10.411 1085 1085 I SystemServerTiming: StartClipboardService
08-30 00:52:10.411 1085 1085 I SystemServiceManager: Starting com.android.server.clipboard.ClipboardService
08-30 00:52:10.415 1085 1085 D SystemServerTiming: StartClipboardService took to complete: 4ms
08-30 00:52:10.415 1085 1085 I SystemServerTiming: AppServiceManager
08-30 00:52:10.415 1085 1085 I SystemServiceManager: Starting com.android.server.appbinding.AppBindingService$Lifecycle
08-30 00:52:10.417 1085 1085 D SystemServerTiming: AppServiceManager took to complete: 2ms
08-30 00:52:10.417 1085 1085 I SystemServerTiming: startTracingServiceProxy
08-30 00:52:10.420 1085 1085 I SystemServiceManager: Starting com.android.server.tracing.TracingServiceProxy
08-30 00:52:10.421 1085 1085 D SystemServerTiming: startTracingServiceProxy took to complete: 1ms
08-30 00:52:10.422 1085 1085 I SystemServerTiming: MakeLockSettingsServiceReady
01-01 08:15:18.010 0 0 I IPv6 : ADDRCONF(NETDEV_UP): vlan8: link is not ready
08-30 00:52:10.432 1085 1085 I SyntheticPasswordManager: Device does not support weaver
08-30 00:52:10.433 1085 1085 I LockSettingsService: Device doesn't implement AuthSecret HAL
08-30 00:52:10.437 1085 1085 D SystemServerTiming: MakeLockSettingsServiceReady took to complete: 15ms
08-30 00:52:10.437 1085 1085 I SystemServerTiming: StartBootPhaseLockSettingsReady
08-30 00:52:10.437 1085 1085 I SystemServiceManager: Starting phase 480
08-30 00:52:10.438 1085 1085 I SystemServerTiming: OnBootPhase_480
08-30 00:52:10.438 1085 1085 I SystemServerTiming: OnBootPhase_480_com.android.server.security.FileIntegrityService
08-30 00:52:10.438 1085 1085 D SystemServerTiming: OnBootPhase_480_com.android.server.security.FileIntegrityService took to complete: 0ms
08-30 00:52:10.438 1085 1085 I SystemServerTiming: OnBootPhase_480_com.android.server.pm.Installer
08-30 00:52:10.438 1085 1085 D SystemServerTiming: OnBootPhase_480_com.android.server.pm.Installer took to complete: 0ms
08-30 00:52:10.438 1085 1085 I SystemServerTiming: OnBootPhase_480_com.android.server.os.DeviceIdentifiersPolicyService
08-30 00:52:10.438 1085 1085 D SystemServerTiming: OnBootPhase_480_com.android.server.os.DeviceIdentifiersPolicyService took to complete: 0ms
08-30 00:52:10.438 1085 1085 I SystemServerTiming: OnBootPhase_480_com.android.server.uri.UriGrantsManagerService$Lifecycle
08-30 00:52:10.438 1085 1085 D SystemServerTiming: OnBootPhase_480_com.android.server.uri.UriGrantsManagerService$Lifecycle took to complete: 0ms
08-30 00:52:10.438 1085 1085 I SystemServerTiming: OnBootPhase_480_com.android.server.powerstats.PowerStatsService
08-30 00:52:10.438 1085 1085 D SystemServerTiming: OnBootPhase_480_com.android.server.powerstats.PowerStatsService took to complete: 0ms
08-30 00:52:10.438 1085 1085 I SystemServerTiming: OnBootPhase_480_com.android.server.wm.ActivityTaskManagerService$Lifecycle
08-30 00:52:10.438 1085 1085 D SystemServerTiming: OnBootPhase_480_com.android.server.wm.ActivityTaskManagerService$Lifecycle took to complete: 0ms
08-30 00:52:10.438 1085 1085 I SystemServerTiming: OnBootPhase_480_com.android.server.am.ActivityManagerService$Lifecycle
08-30 00:52:10.438 1085 1085 D SystemServerTiming: OnBootPhase_480_com.android.server.am.ActivityManagerService$Lifecycle took to complete: 0ms
08-30 00:52:10.439 1085 1085 I SystemServerTiming: OnBootPhase_480_com.android.server.pm.DataLoaderManagerService
08-30 00:52:10.439 1085 1085 D SystemServerTiming: OnBootPhase_480_com.android.server.pm.DataLoaderManagerService took to complete: 0ms
08-30 00:52:10.439 1085 1085 I SystemServerTiming: OnBootPhase_480_com.android.server.power.PowerManagerService
08-30 00:52:10.439 1085 1085 D SystemServerTiming: OnBootPhase_480_com.android.server.power.PowerManagerService took to complete: 0ms
08-30 00:52:10.439 1085 1085 I SystemServerTiming: OnBootPhase_480_com.android.server.power.ThermalManagerService
08-30 00:52:10.439 1085 1085 D SystemServerTiming: OnBootPhase_480_com.android.server.power.ThermalManagerService took to complete: 0ms
08-30 00:52:10.439 1085 1085 I SystemServerTiming: OnBootPhase_480_com.android.server.power.hint.HintManagerService
08-30 00:52:10.439 1085 1085 D SystemServerTiming: OnBootPhase_480_com.android.server.power.hint.HintManagerService took to complete: 0ms
08-30 00:52:10.439 1085 1085 I SystemServerTiming: OnBootPhase_480_com.android.server.recoverysystem.RecoverySystemService$Lifecycle
08-30 00:52:10.439 1085 1085 D SystemServerTiming: OnBootPhase_480_com.android.server.recoverysystem.RecoverySystemService$Lifecycle took to complete: 0ms
08-30 00:52:10.439 1085 1085 I SystemServerTiming: OnBootPhase_480_com.android.server.lights.LightsService
08-30 00:52:10.439 1085 1085 D SystemServerTiming: OnBootPhase_480_com.android.server.lights.LightsService took to complete: 0ms
08-30 00:52:10.439 1085 1085 I SystemServerTiming: OnBootPhase_480_com.android.server.display.DisplayManagerService
08-30 00:52:10.439 1085 1085 D SystemServerTiming: OnBootPhase_480_com.android.server.display.DisplayManagerService took to complete: 0ms
08-30 00:52:10.439 1085 1085 I SystemServerTiming: OnBootPhase_480_com.android.server.pm.verify.domain.DomainVerificationService
08-30 00:52:10.440 1085 1085 D SystemServerTiming: OnBootPhase_480_com.android.server.pm.verify.domain.DomainVerificationService took to complete: 0ms
08-30 00:52:10.440 1085 1085 I SystemServerTiming: OnBootPhase_480_com.android.server.pm.PackageInstallerService$Lifecycle
08-30 00:52:10.440 1085 1085 D SystemServerTiming: OnBootPhase_480_com.android.server.pm.PackageInstallerService$Lifecycle took to complete: 0ms
08-30 00:52:10.440 1085 1085 I SystemServerTiming: OnBootPhase_480_com.android.server.pm.UserManagerService$LifeCycle
08-30 00:52:10.440 1085 1085 D SystemServerTiming: OnBootPhase_480_com.android.server.pm.UserManagerService$LifeCycle took to complete: 0ms
08-30 00:52:10.440 1085 1085 I SystemServerTiming: OnBootPhase_480_com.android.server.om.OverlayManagerService
08-30 00:52:10.440 1085 1085 D SystemServerTiming: OnBootPhase_480_com.android.server.om.OverlayManagerService took to complete: 0ms
08-30 00:52:10.440 1085 1085 I SystemServerTiming: OnBootPhase_480_com.android.server.SensorPrivacyService
08-30 00:52:10.440 1085 1085 D SystemServerTiming: OnBootPhase_480_com.android.server.SensorPrivacyService took to complete: 0ms
08-30 00:52:10.440 1085 1085 I SystemServerTiming: OnBootPhase_480_com.android.server.sensors.SensorService
08-30 00:52:10.440 1085 1085 D SystemServerTiming: OnBootPhase_480_com.android.server.sensors.SensorService took to complete: 0ms
08-30 00:52:10.441 1085 1085 I SystemServerTiming: OnBootPhase_480_com.android.server.SystemConfigService
08-30 00:52:10.441 1085 1085 D SystemServerTiming: OnBootPhase_480_com.android.server.SystemConfigService took to complete: 0ms
08-30 00:52:10.441 1085 1085 I SystemServerTiming: OnBootPhase_480_com.android.server.BatteryService
08-30 00:52:10.441 1085 1085 D SystemServerTiming: OnBootPhase_480_com.android.server.BatteryService took to complete: 0ms
08-30 00:52:10.441 1085 1085 I SystemServerTiming: OnBootPhase_480_com.android.server.usage.UsageStatsService
08-30 00:52:10.441 1085 1085 D SystemServerTiming: OnBootPhase_480_com.android.server.usage.UsageStatsService took to complete: 0ms
08-30 00:52:10.441 1085 1085 I SystemServerTiming: OnBootPhase_480_com.android.server.webkit.WebViewUpdateService
08-30 00:52:10.441 1085 1085 D SystemServerTiming: OnBootPhase_480_com.android.server.webkit.WebViewUpdateService took to complete: 0ms
08-30 00:52:10.441 1085 1085 I SystemServerTiming: OnBootPhase_480_com.android.server.CachedDeviceStateService
08-30 00:52:10.441 1085 1085 D SystemServerTiming: OnBootPhase_480_com.android.server.CachedDeviceStateService took to complete: 0ms
08-30 00:52:10.441 1085 1085 I SystemServerTiming: OnBootPhase_480_com.android.server.BinderCallsStatsService$LifeCycle
08-30 00:52:10.441 1085 1085 D SystemServerTiming: OnBootPhase_480_com.android.server.BinderCallsStatsService$LifeCycle took to complete: 0ms
08-30 00:52:10.441 1085 1085 I SystemServerTiming: OnBootPhase_480_com.android.server.LooperStatsService$Lifecycle
08-30 00:52:10.441 1085 1085 D SystemServerTiming: OnBootPhase_480_com.android.server.LooperStatsService$Lifecycle took to complete: 0ms
08-30 00:52:10.441 1085 1085 I SystemServerTiming: OnBootPhase_480_com.android.server.rollback.RollbackManagerService
08-30 00:52:10.442 1085 1085 D SystemServerTiming: OnBootPhase_480_com.android.server.rollback.RollbackManagerService took to complete: 0ms
08-30 00:52:10.442 1085 1085 I SystemServerTiming: OnBootPhase_480_com.android.server.os.NativeTombstoneManagerService
08-30 00:52:10.442 1085 1085 D SystemServerTiming: OnBootPhase_480_com.android.server.os.NativeTombstoneManagerService took to complete: 0ms
08-30 00:52:10.442 1085 1085 I SystemServerTiming: OnBootPhase_480_com.android.server.os.BugreportManagerService
08-30 00:52:10.442 1085 1085 D SystemServerTiming: OnBootPhase_480_com.android.server.os.BugreportManagerService took to complete: 0ms
08-30 00:52:10.442 1085 1085 I SystemServerTiming: OnBootPhase_480_com.android.server.gpu.GpuService
08-30 00:52:10.442 1085 1085 D SystemServerTiming: OnBootPhase_480_com.android.server.gpu.GpuService took to complete: 0ms
08-30 00:52:10.442 1085 1085 I SystemServerTiming: OnBootPhase_480_com.android.server.security.KeyChainSystemService
08-30 00:52:10.442 1085 1085 D SystemServerTiming: OnBootPhase_480_com.android.server.security.KeyChainSystemService took to complete: 0ms
08-30 00:52:10.442 1085 1085 I SystemServerTiming: OnBootPhase_480_com.android.server.telecom.TelecomLoaderService
08-30 00:52:10.442 1085 1085 D SystemServerTiming: OnBootPhase_480_com.android.server.telecom.TelecomLoaderService took to complete: 0ms
08-30 00:52:10.442 1085 1085 I SystemServerTiming: OnBootPhase_480_com.android.server.accounts.AccountManagerService$Lifecycle
08-30 00:52:10.442 1085 1085 D SystemServerTiming: OnBootPhase_480_com.android.server.accounts.AccountManagerService$Lifecycle took to complete: 0ms
08-30 00:52:10.442 1085 1085 I SystemServerTiming: OnBootPhase_480_com.android.server.content.ContentService$Lifecycle
08-30 00:52:10.443 1085 1085 D SystemServerTiming: OnBootPhase_480_com.android.server.content.ContentService$Lifecycle took to complete: 0ms
08-30 00:52:10.443 1085 1085 I SystemServerTiming: OnBootPhase_480_com.android.server.DropBoxManagerService
08-30 00:52:10.443 1085 1085 D SystemServerTiming: OnBootPhase_480_com.android.server.DropBoxManagerService took to complete: 0ms
08-30 00:52:10.443 1085 1085 I SystemServerTiming: OnBootPhase_480_com.android.role.RoleService
08-30 00:52:10.443 1085 1085 D SystemServerTiming: OnBootPhase_480_com.android.role.RoleService took to complete: 0ms
08-30 00:52:10.443 1085 1085 I SystemServerTiming: OnBootPhase_480_com.android.server.vibrator.VibratorManagerService$Lifecycle
08-30 00:52:10.443 1085 1085 D SystemServerTiming: OnBootPhase_480_com.android.server.vibrator.VibratorManagerService$Lifecycle took to complete: 0ms
08-30 00:52:10.443 1085 1085 I SystemServerTiming: OnBootPhase_480_com.android.server.alarm.AlarmManagerService
08-30 00:52:10.443 1085 1085 D SystemServerTiming: OnBootPhase_480_com.android.server.alarm.AlarmManagerService took to complete: 0ms
08-30 00:52:10.443 1085 1085 I SystemServerTiming: OnBootPhase_480_com.android.server.devicestate.DeviceStateManagerService
08-30 00:52:10.443 1085 1085 D SystemServerTiming: OnBootPhase_480_com.android.server.devicestate.DeviceStateManagerService took to complete: 0ms
08-30 00:52:10.443 1085 1085 I SystemServerTiming: OnBootPhase_480_com.android.server.camera.CameraServiceProxy
08-30 00:52:10.443 1085 1085 D SystemServerTiming: OnBootPhase_480_com.android.server.camera.CameraServiceProxy took to complete: 0ms
08-30 00:52:10.443 1085 1085 I SystemServerTiming: OnBootPhase_480_com.android.server.BluetoothService
08-30 00:52:10.443 1085 1085 D SystemServerTiming: OnBootPhase_480_com.android.server.BluetoothService took to complete: 0ms
08-30 00:52:10.443 1085 1085 I SystemServerTiming: OnBootPhase_480_com.android.server.connectivity.IpConnectivityMetrics
08-30 00:52:10.445 1085 1085 D SystemServerTiming: OnBootPhase_480_com.android.server.connectivity.IpConnectivityMetrics took to complete: 0ms
08-30 00:52:10.445 1085 1085 I SystemServerTiming: OnBootPhase_480_com.android.server.net.watchlist.NetworkWatchlistService$Lifecycle
08-30 00:52:10.445 1085 1085 D SystemServerTiming: OnBootPhase_480_com.android.server.net.watchlist.NetworkWatchlistService$Lifecycle took to complete: 0ms
08-30 00:52:10.445 1085 1085 I SystemServerTiming: OnBootPhase_480_com.android.server.PinnerService
08-30 00:52:10.445 1085 1085 D SystemServerTiming: OnBootPhase_480_com.android.server.PinnerService took to complete: 0ms
08-30 00:52:10.445 1085 1085 I SystemServerTiming: OnBootPhase_480_com.google.android.startop.iorap.IorapForwardingService
08-30 00:52:10.445 1085 1085 D SystemServerTiming: OnBootPhase_480_com.google.android.startop.iorap.IorapForwardingService took to complete: 0ms
08-30 00:52:10.445 1085 1085 I SystemServerTiming: OnBootPhase_480_com.android.server.ActivityTriggerService
08-30 00:52:10.445 1085 1085 D SystemServerTiming: OnBootPhase_480_com.android.server.ActivityTriggerService took to complete: 0ms
08-30 00:52:10.445 1085 1085 I SystemServerTiming: OnBootPhase_480_com.android.server.integrity.AppIntegrityManagerService
08-30 00:52:10.446 1085 1085 D SystemServerTiming: OnBootPhase_480_com.android.server.integrity.AppIntegrityManagerService took to complete: 0ms
08-30 00:52:10.446 1085 1085 I SystemServerTiming: OnBootPhase_480_com.android.server.inputmethod.InputMethodManagerService$Lifecycle
08-30 00:52:10.446 1085 1085 D SystemServerTiming: OnBootPhase_480_com.android.server.inputmethod.InputMethodManagerService$Lifecycle took to complete: 0ms
08-30 00:52:10.446 1085 1085 I SystemServerTiming: OnBootPhase_480_com.android.server.accessibility.AccessibilityManagerService$Lifecycle
08-30 00:52:10.446 1085 1085 D SystemServerTiming: OnBootPhase_480_com.android.server.accessibility.AccessibilityManagerService$Lifecycle took to complete: 0ms
08-30 00:52:10.446 1085 1085 I SystemServerTiming: OnBootPhase_480_com.android.server.StorageManagerService$Lifecycle
08-30 00:52:10.446 1085 1085 D SystemServerTiming: OnBootPhase_480_com.android.server.StorageManagerService$Lifecycle took to complete: 0ms
08-30 00:52:10.446 1085 1085 I SystemServerTiming: OnBootPhase_480_com.android.server.usage.StorageStatsService$Lifecycle
08-30 00:52:10.446 1085 1085 D SystemServerTiming: OnBootPhase_480_com.android.server.usage.StorageStatsService$Lifecycle took to complete: 0ms
08-30 00:52:10.446 1085 1085 I SystemServerTiming: OnBootPhase_480_com.android.server.UiModeManagerService
08-30 00:52:10.446 1085 1085 D SystemServerTiming: OnBootPhase_480_com.android.server.UiModeManagerService took to complete: 0ms
08-30 00:52:10.446 1085 1085 I SystemServerTiming: OnBootPhase_480_com.android.server.locksettings.LockSettingsService$Lifecycle
08-30 00:52:10.446 1085 1085 D SystemServerTiming: OnBootPhase_480_com.android.server.locksettings.LockSettingsService$Lifecycle took to complete: 0ms
08-30 00:52:10.446 1085 1085 I SystemServerTiming: OnBootPhase_480_com.android.server.PersistentDataBlockService
08-30 00:52:10.446 1085 1085 D SystemServerTiming: OnBootPhase_480_com.android.server.PersistentDataBlockService took to complete: 0ms
08-30 00:52:10.447 1085 1085 I SystemServerTiming: OnBootPhase_480_com.android.server.testharness.TestHarnessModeService
08-30 00:52:10.447 1085 1085 D SystemServerTiming: OnBootPhase_480_com.android.server.testharness.TestHarnessModeService took to complete: 0ms
08-30 00:52:10.447 1085 1085 I SystemServerTiming: OnBootPhase_480_com.android.server.oemlock.OemLockService
08-30 00:52:10.447 1085 1085 D SystemServerTiming: OnBootPhase_480_com.android.server.oemlock.OemLockService took to complete: 0ms
08-30 00:52:10.447 1085 1085 I SystemServerTiming: OnBootPhase_480_com.android.server.DeviceIdleController
08-30 00:52:10.447 1085 1085 D SystemServerTiming: OnBootPhase_480_com.android.server.DeviceIdleController took to complete: 0ms
08-30 00:52:10.447 1085 1085 I SystemServerTiming: OnBootPhase_480_com.android.server.devicepolicy.DevicePolicyManagerService$Lifecycle
08-30 00:52:10.450 1085 1085 I DevicePolicyManager: Current version 2, latest version 2, not upgrading.
08-30 00:52:10.455 1085 1085 D SystemServerTiming: OnBootPhase_480_com.android.server.devicepolicy.DevicePolicyManagerService$Lifecycle took to complete: 8ms
08-30 00:52:10.455 1085 1633 I SystemServerTimingAsync: InitThreadPoolExec:DevicePolicyManager
08-30 00:52:10.456 1085 1633 D SystemServerInitThreadPool: Started executing DevicePolicyManager
08-30 00:52:10.456 1085 1633 D SystemServerInitThreadPool: Finished executing DevicePolicyManager
08-30 00:52:10.456 1085 1633 D SystemServerTimingAsync: InitThreadPoolExec:DevicePolicyManager took to complete: 0ms
08-30 00:52:10.456 1085 1085 I SystemServerTiming: OnBootPhase_480_com.android.server.texttospeech.TextToSpeechManagerService
08-30 00:52:10.456 1085 1085 D SystemServerTiming: OnBootPhase_480_com.android.server.texttospeech.TextToSpeechManagerService took to complete: 0ms
08-30 00:52:10.456 1085 1085 I SystemServerTiming: OnBootPhase_480_com.android.server.speech.SpeechRecognitionManagerService
08-30 00:52:10.457 1085 1085 D SystemServerTiming: OnBootPhase_480_com.android.server.speech.SpeechRecognitionManagerService took to complete: 0ms
08-30 00:52:10.457 1085 1085 I SystemServerTiming: OnBootPhase_480_com.android.server.searchui.SearchUiManagerService
08-30 00:52:10.457 1085 1085 D SystemServerTiming: OnBootPhase_480_com.android.server.searchui.SearchUiManagerService took to complete: 0ms
08-30 00:52:10.457 1085 1085 I SystemServerTiming: OnBootPhase_480_com.android.server.smartspace.SmartspaceManagerService
08-30 00:52:10.457 1085 1085 D SystemServerTiming: OnBootPhase_480_com.android.server.smartspace.SmartspaceManagerService took to complete: 0ms
08-30 00:52:10.457 1085 1085 I SystemServerTiming: OnBootPhase_480_com.android.server.graphics.fonts.FontManagerService$Lifecycle
08-30 00:52:10.457 1085 1085 D SystemServerTiming: OnBootPhase_480_com.android.server.graphics.fonts.FontManagerService$Lifecycle took to complete: 0ms
08-30 00:52:10.457 1085 1085 I SystemServerTiming: OnBootPhase_480_com.android.server.textservices.TextServicesManagerService$Lifecycle
08-30 00:52:10.457 1085 1085 D SystemServerTiming: OnBootPhase_480_com.android.server.textservices.TextServicesManagerService$Lifecycle took to complete: 0ms
08-30 00:52:10.457 1085 1085 I SystemServerTiming: OnBootPhase_480_com.android.server.textclassifier.TextClassificationManagerService$Lifecycle
08-30 00:52:10.458 1085 1085 D SystemServerTiming: OnBootPhase_480_com.android.server.textclassifier.TextClassificationManagerService$Lifecycle took to complete: 0ms
08-30 00:52:10.458 1085 1085 I SystemServerTiming: OnBootPhase_480_com.android.server.NetworkScoreService$Lifecycle
08-30 00:52:10.458 1085 1085 D SystemServerTiming: OnBootPhase_480_com.android.server.NetworkScoreService$Lifecycle took to complete: 0ms
08-30 00:52:10.458 1085 1085 I SystemServerTiming: OnBootPhase_480_com.android.server.wifi.WifiService
08-30 00:52:10.458 1085 1085 D SystemServerTiming: OnBootPhase_480_com.android.server.wifi.WifiService took to complete: 0ms
08-30 00:52:10.458 1085 1085 I SystemServerTiming: OnBootPhase_480_com.android.server.wifi.scanner.WifiScanningService
08-30 00:52:10.458 1085 1085 D SystemServerTiming: OnBootPhase_480_com.android.server.wifi.scanner.WifiScanningService took to complete: 0ms
08-30 00:52:10.458 1085 1085 I SystemServerTiming: OnBootPhase_480_com.android.server.wifi.rtt.RttService
08-30 00:52:10.458 1085 1085 D SystemServerTiming: OnBootPhase_480_com.android.server.wifi.rtt.RttService took to complete: 0ms
08-30 00:52:10.458 1085 1085 I SystemServerTiming: OnBootPhase_480_com.android.server.wifi.aware.WifiAwareService
08-30 00:52:10.458 1085 1085 D SystemServerTiming: OnBootPhase_480_com.android.server.wifi.aware.WifiAwareService took to complete: 0ms
08-30 00:52:10.458 1085 1085 I SystemServerTiming: OnBootPhase_480_com.android.server.wifi.p2p.WifiP2pService
08-30 00:52:10.459 1085 1085 D SystemServerTiming: OnBootPhase_480_com.android.server.wifi.p2p.WifiP2pService took to complete: 0ms
08-30 00:52:10.459 1085 1085 I SystemServerTiming: OnBootPhase_480_com.android.server.ethernet.EthernetService
08-30 00:52:10.459 1085 1085 D SystemServerTiming: OnBootPhase_480_com.android.server.ethernet.EthernetService took to complete: 0ms
08-30 00:52:10.459 1085 1085 I SystemServerTiming: OnBootPhase_480_com.android.server.ConnectivityServiceInitializer
08-30 00:52:10.459 1085 1085 D SystemServerTiming: OnBootPhase_480_com.android.server.ConnectivityServiceInitializer took to complete: 0ms
08-30 00:52:10.459 1085 1085 I SystemServerTiming: OnBootPhase_480_com.android.server.notification.NotificationManagerService
08-30 00:52:10.459 1085 1085 D SystemServerTiming: OnBootPhase_480_com.android.server.notification.NotificationManagerService took to complete: 0ms
08-30 00:52:10.459 1085 1085 I SystemServerTiming: OnBootPhase_480_com.android.server.storage.DeviceStorageMonitorService
08-30 00:52:10.459 1085 1085 D SystemServerTiming: OnBootPhase_480_com.android.server.storage.DeviceStorageMonitorService took to complete: 0ms
08-30 00:52:10.459 1085 1085 I SystemServerTiming: OnBootPhase_480_com.android.server.location.LocationManagerService$Lifecycle
08-30 00:52:10.459 1085 1085 D SystemServerTiming: OnBootPhase_480_com.android.server.location.LocationManagerService$Lifecycle took to complete: 0ms
08-30 00:52:10.459 1085 1085 I SystemServerTiming: OnBootPhase_480_com.android.server.timedetector.TimeDetectorService$Lifecycle
08-30 00:52:10.459 1085 1085 D SystemServerTiming: OnBootPhase_480_com.android.server.timedetector.TimeDetectorService$Lifecycle took to complete: 0ms
08-30 00:52:10.459 1085 1085 I SystemServerTiming: OnBootPhase_480_com.android.server.timezonedetector.TimeZoneDetectorService$Lifecycle
08-30 00:52:10.459 1085 1085 D SystemServerTiming: OnBootPhase_480_com.android.server.timezonedetector.TimeZoneDetectorService$Lifecycle took to complete: 0ms
08-30 00:52:10.460 1085 1085 I SystemServerTiming: OnBootPhase_480_com.android.server.timezonedetector.location.LocationTimeZoneManagerService$Lifecycle
08-30 00:52:10.460 1085 1085 D SystemServerTiming: OnBootPhase_480_com.android.server.timezonedetector.location.LocationTimeZoneManagerService$Lifecycle took to complete: 0ms
08-30 00:52:10.460 1085 1085 I SystemServerTiming: OnBootPhase_480_com.android.server.search.SearchManagerService$Lifecycle
08-30 00:52:10.460 1085 1085 D SystemServerTiming: OnBootPhase_480_com.android.server.search.SearchManagerService$Lifecycle took to complete: 0ms
08-30 00:52:10.460 1085 1085 I SystemServerTiming: OnBootPhase_480_com.android.server.wallpaper.WallpaperManagerService$Lifecycle
08-30 00:52:10.460 1085 1085 D SystemServerTiming: OnBootPhase_480_com.android.server.wallpaper.WallpaperManagerService$Lifecycle took to complete: 0ms
08-30 00:52:10.460 1085 1085 I SystemServerTiming: OnBootPhase_480_com.android.server.audio.AudioService$Lifecycle
08-30 00:52:10.460 1085 1085 D SystemServerTiming: OnBootPhase_480_com.android.server.audio.AudioService$Lifecycle took to complete: 0ms
08-30 00:52:10.460 1085 1085 I SystemServerTiming: OnBootPhase_480_com.android.server.soundtrigger_middleware.SoundTriggerMiddlewareService$Lifecycle
08-30 00:52:10.460 1085 1085 D SystemServerTiming: OnBootPhase_480_com.android.server.soundtrigger_middleware.SoundTriggerMiddlewareService$Lifecycle took to complete: 0ms
08-30 00:52:10.460 1085 1085 I SystemServerTiming: OnBootPhase_480_com.android.server.DockObserver
08-30 00:52:10.460 1085 1085 D SystemServerTiming: OnBootPhase_480_com.android.server.DockObserver took to complete: 0ms
08-30 00:52:10.460 1085 1085 I SystemServerTiming: OnBootPhase_480_com.android.server.midi.MidiService$Lifecycle
08-30 00:52:10.460 1085 1085 D SystemServerTiming: OnBootPhase_480_com.android.server.midi.MidiService$Lifecycle took to complete: 0ms
08-30 00:52:10.460 1085 1085 I SystemServerTiming: OnBootPhase_480_com.android.server.adb.AdbService$Lifecycle
08-30 00:52:10.461 1085 1085 D SystemServerTiming: OnBootPhase_480_com.android.server.adb.AdbService$Lifecycle took to complete: 0ms
08-30 00:52:10.461 1085 1085 I SystemServerTiming: OnBootPhase_480_com.android.server.usb.UsbService$Lifecycle
08-30 00:52:10.461 1085 1085 D SystemServerTiming: OnBootPhase_480_com.android.server.usb.UsbService$Lifecycle took to complete: 0ms
08-30 00:52:10.461 1085 1085 I SystemServerTiming: OnBootPhase_480_com.android.server.twilight.TwilightService
08-30 00:52:10.461 1085 1085 D SystemServerTiming: OnBootPhase_480_com.android.server.twilight.TwilightService took to complete: 0ms
08-30 00:52:10.461 1085 1085 I SystemServerTiming: OnBootPhase_480_com.android.server.display.color.ColorDisplayService
08-30 00:52:10.461 1085 1085 D SystemServerTiming: OnBootPhase_480_com.android.server.display.color.ColorDisplayService took to complete: 0ms
08-30 00:52:10.461 1085 1085 I SystemServerTiming: OnBootPhase_480_com.android.server.job.JobSchedulerService
08-30 00:52:10.461 1085 1085 D SystemServerTiming: OnBootPhase_480_com.android.server.job.JobSchedulerService took to complete: 0ms
08-30 00:52:10.461 1085 1085 I SystemServerTiming: OnBootPhase_480_com.android.server.soundtrigger.SoundTriggerService
08-30 00:52:10.461 1085 1085 D SoundTriggerService: onBootPhase: 480 : false
08-30 00:52:10.461 1085 1085 D SystemServerTiming: OnBootPhase_480_com.android.server.soundtrigger.SoundTriggerService took to complete: 0ms
08-30 00:52:10.461 1085 1085 I SystemServerTiming: OnBootPhase_480_com.android.server.trust.TrustManagerService
08-30 00:52:10.462 1085 1085 D SystemServerTiming: OnBootPhase_480_com.android.server.trust.TrustManagerService took to complete: 0ms
08-30 00:52:10.462 1085 1085 I SystemServerTiming: OnBootPhase_480_com.android.server.backup.BackupManagerService$Lifecycle
08-30 00:52:10.462 1085 1085 D SystemServerTiming: OnBootPhase_480_com.android.server.backup.BackupManagerService$Lifecycle took to complete: 0ms
08-30 00:52:10.462 1085 1085 I SystemServerTiming: OnBootPhase_480_com.android.server.appwidget.AppWidgetService
08-30 00:52:10.462 1085 1085 D SystemServerTiming: OnBootPhase_480_com.android.server.appwidget.AppWidgetService took to complete: 0ms
08-30 00:52:10.462 1085 1085 I SystemServerTiming: OnBootPhase_480_com.android.server.voiceinteraction.VoiceInteractionManagerService
08-30 00:52:10.462 1085 1085 D SystemServerTiming: OnBootPhase_480_com.android.server.voiceinteraction.VoiceInteractionManagerService took to complete: 0ms
08-30 00:52:10.462 1085 1085 I SystemServerTiming: OnBootPhase_480_com.android.server.apphibernation.AppHibernationService
08-30 00:52:10.462 1085 1085 D SystemServerTiming: OnBootPhase_480_com.android.server.apphibernation.AppHibernationService took to complete: 0ms
08-30 00:52:10.462 1085 1085 I SystemServerTiming: OnBootPhase_480_com.android.server.GestureLauncherService
08-30 00:52:10.462 1085 1085 D SystemServerTiming: OnBootPhase_480_com.android.server.GestureLauncherService took to complete: 0ms
08-30 00:52:10.463 1085 1085 I SystemServerTiming: OnBootPhase_480_com.android.server.SensorNotificationService
08-30 00:52:10.463 1085 1085 D SystemServerTiming: OnBootPhase_480_com.android.server.SensorNotificationService took to complete: 0ms
08-30 00:52:10.463 1085 1085 I SystemServerTiming: OnBootPhase_480_com.android.server.emergency.EmergencyAffordanceService
08-30 00:52:10.463 1085 1085 D SystemServerTiming: OnBootPhase_480_com.android.server.emergency.EmergencyAffordanceService took to complete: 0ms
08-30 00:52:10.463 1085 1085 I SystemServerTiming: OnBootPhase_480_com.android.server.blob.BlobStoreManagerService
08-30 00:52:10.463 1085 1085 D SystemServerTiming: OnBootPhase_480_com.android.server.blob.BlobStoreManagerService took to complete: 0ms
08-30 00:52:10.463 1085 1085 I SystemServerTiming: OnBootPhase_480_com.android.server.dreams.DreamManagerService
08-30 00:52:10.463 1085 1085 D SystemServerTiming: OnBootPhase_480_com.android.server.dreams.DreamManagerService took to complete: 0ms
08-30 00:52:10.463 1085 1085 I SystemServerTiming: OnBootPhase_480_com.android.server.companion.CompanionDeviceManagerService
08-30 00:52:10.464 1085 1085 D SystemServerTiming: OnBootPhase_480_com.android.server.companion.CompanionDeviceManagerService took to complete: 0ms
08-30 00:52:10.464 1085 1085 I SystemServerTiming: OnBootPhase_480_com.android.server.restrictions.RestrictionsManagerService
08-30 00:52:10.464 1085 1085 D SystemServerTiming: OnBootPhase_480_com.android.server.restrictions.RestrictionsManagerService took to complete: 0ms
08-30 00:52:10.464 1085 1085 I SystemServerTiming: OnBootPhase_480_com.android.server.media.MediaSessionService
08-30 00:52:10.465 1085 1085 D SystemServerTiming: OnBootPhase_480_com.android.server.media.MediaSessionService took to complete: 0ms
08-30 00:52:10.465 1085 1085 I SystemServerTiming: OnBootPhase_480_com.android.server.media.MediaResourceMonitorService
08-30 00:52:10.465 1085 1085 D SystemServerTiming: OnBootPhase_480_com.android.server.media.MediaResourceMonitorService took to complete: 0ms
08-30 00:52:10.465 1085 1085 I SystemServerTiming: OnBootPhase_480_com.android.server.biometrics.sensors.fingerprint.FingerprintService
08-30 00:52:10.465 1085 1085 D SystemServerTiming: OnBootPhase_480_com.android.server.biometrics.sensors.fingerprint.FingerprintService took to complete: 0ms
08-30 00:52:10.465 1085 1085 I SystemServerTiming: OnBootPhase_480_com.android.server.biometrics.BiometricService
08-30 00:52:10.465 1085 1085 D SystemServerTiming: OnBootPhase_480_com.android.server.biometrics.BiometricService took to complete: 0ms
08-30 00:52:10.465 1085 1085 I SystemServerTiming: OnBootPhase_480_com.android.server.biometrics.AuthService
08-30 00:52:10.466 1085 1085 D SystemServerTiming: OnBootPhase_480_com.android.server.biometrics.AuthService took to complete: 0ms
08-30 00:52:10.466 1085 1085 I SystemServerTiming: OnBootPhase_480_com.android.server.pm.ShortcutService$Lifecycle
08-30 00:52:10.470 1085 1085 D SystemServerTiming: OnBootPhase_480_com.android.server.pm.ShortcutService$Lifecycle took to complete: 4ms
08-30 00:52:10.470 1085 1085 I SystemServerTiming: OnBootPhase_480_com.android.server.pm.LauncherAppsService
08-30 00:52:10.470 1085 1085 D SystemServerTiming: OnBootPhase_480_com.android.server.pm.LauncherAppsService took to complete: 0ms
08-30 00:52:10.470 1085 1085 I SystemServerTiming: OnBootPhase_480_com.android.server.pm.CrossProfileAppsService
08-30 00:52:10.470 1085 1085 D SystemServerTiming: OnBootPhase_480_com.android.server.pm.CrossProfileAppsService took to complete: 0ms
08-30 00:52:10.470 1085 1085 I SystemServerTiming: OnBootPhase_480_com.android.server.people.PeopleService
08-30 00:52:10.470 1085 1085 D SystemServerTiming: OnBootPhase_480_com.android.server.people.PeopleService took to complete: 0ms
08-30 00:52:10.470 1085 1085 I SystemServerTiming: OnBootPhase_480_com.android.server.media.metrics.MediaMetricsManagerService
08-30 00:52:10.470 1085 1085 D SystemServerTiming: OnBootPhase_480_com.android.server.media.metrics.MediaMetricsManagerService took to complete: 0ms
08-30 00:52:10.470 1085 1085 I SystemServerTiming: OnBootPhase_480_com.android.server.media.projection.MediaProjectionManagerService
08-30 00:52:10.470 1085 1085 D SystemServerTiming: OnBootPhase_480_com.android.server.media.projection.MediaProjectionManagerService took to complete: 0ms
08-30 00:52:10.470 1085 1085 I SystemServerTiming: OnBootPhase_480_com.android.server.slice.SliceManagerService$Lifecycle
08-30 00:52:10.471 1085 1085 D SystemServerTiming: OnBootPhase_480_com.android.server.slice.SliceManagerService$Lifecycle took to complete: 0ms
08-30 00:52:10.471 1085 1085 I SystemServerTiming: OnBootPhase_480_com.android.server.stats.StatsCompanion$Lifecycle
08-30 00:52:10.471 1085 1085 D SystemServerTiming: OnBootPhase_480_com.android.server.stats.StatsCompanion$Lifecycle took to complete: 0ms
08-30 00:52:10.471 1085 1085 I SystemServerTiming: OnBootPhase_480_com.android.server.scheduling.RebootReadinessManagerService$Lifecycle
08-30 00:52:10.471 1085 1085 D SystemServerTiming: OnBootPhase_480_com.android.server.scheduling.RebootReadinessManagerService$Lifecycle took to complete: 0ms
08-30 00:52:10.471 1085 1085 I SystemServerTiming: OnBootPhase_480_com.android.server.stats.pull.StatsPullAtomService
