08-30 00:52:14.190 1085 1883 D CompatibilityChangeReporter: Compat change id reported: 177438394; UID 10088; state: DISABLED
08-30 00:52:14.191 1085 1883 D CompatibilityChangeReporter: Compat change id reported: 135772972; UID 10088; state: DISABLED
08-30 00:52:14.191 1085 1883 D CompatibilityChangeReporter: Compat change id reported: 135754954; UID 10088; state: ENABLED
08-30 00:52:14.196 1085 1212 D CompatibilityChangeReporter: Compat change id reported: 143937733; UID 10088; state: ENABLED
08-30 00:52:14.200 1085 1754 I netstats_mobile_sample: [0,0,0,0,0,0,0,0,0,0,0,0,1661791934200]
08-30 00:52:14.201 1085 1754 I netstats_wifi_sample: [0,0,0,0,0,0,0,0,0,0,0,0,1661791934200]
08-30 00:52:14.211 1085 1195 I ActivityManagerTiming: FinishBooting
08-30 00:52:14.211 1085 1195 I boot_progress_enable_screen: 62019
08-30 00:52:14.215 1085 1195 I screen_toggled: 1
08-30 00:52:14.216 1085 1195 W KeyguardServiceDelegate: onScreenTurningOn(): no keyguard service!
01-01 08:15:21.806 0 0 I msm_vidc: high: 00000001: ....e: Opening video instance: ffffffec0e634000, 0
08-30 00:52:14.231 1085 1754 I netstats_mobile_sample: [0,0,0,0,0,0,0,0,0,0,0,0,1661791934231]
08-30 00:52:14.231 1085 1754 I netstats_wifi_sample: [0,0,0,0,0,0,0,0,0,0,0,0,1661791934231]
08-30 00:52:14.233 1085 1739 I dvm_lock_sample: [system_server,1,NetworkPolicy.uid,15,NetworkStatsService.java,969,void com.android.server.net.NetworkStatsService.setUidForeground(int, boolean),-,1273,void com.android.server.net.NetworkStatsService.handleNotifyNetworkStatus(android.net.Network[], android.net.NetworkStateSnapshot[], java.lang.String),3]
08-30 00:52:14.241 1085 1754 W ContextImpl: Calling a method in the system process without a qualified user: android.app.ContextImpl.sendStickyBroadcast:1559 com.android.server.ConnectivityService.sendStickyBroadcast:2811 com.android.server.ConnectivityService.sendGeneralBroadcast:2786 com.android.server.ConnectivityService.sendConnectedBroadcast:2759 com.android.server.ConnectivityService.sendLegacyNetworkBroadcast:8704
08-30 00:52:14.245 1085 1085 I SyncManager: Loaded persisted syncs: 0 periodic syncs, 0 oneshot syncs, 11 total system server jobs, JobStats: FirstLoad: 5/4/0 LastSave: -1/-1/-1
01-01 08:15:21.837 0 0 I msm_vidc: high: 00000001: h265e: Closed video instance: ffffffec0e634000
08-30 00:52:14.258 1085 1754 W ContextImpl: Calling a method in the system process without a qualified user: android.app.ContextImpl.sendStickyBroadcast:1559 com.android.server.ConnectivityService.sendStickyBroadcast:2811 com.android.server.ConnectivityService.sendGeneralBroadcast:2786 com.android.server.ConnectivityService.sendInetConditionBroadcast:2763 com.android.server.ConnectivityService.updateInetCondition:8451
08-30 00:52:14.279 1085 1194 I DropBoxManagerService: add tag=system_app_strictmode isTagEnabled=true flags=0x2
08-30 00:52:14.283 1085 1194 I DropBoxManagerService: add tag=system_app_strictmode isTagEnabled=true flags=0x2
08-30 00:52:14.288 1085 1194 I DropBoxManagerService: add tag=system_app_strictmode isTagEnabled=true flags=0x2
08-30 00:52:14.291 1085 1194 I DropBoxManagerService: add tag=system_app_strictmode isTagEnabled=true flags=0x2
08-30 00:52:14.304 1085 1883 D CompatibilityChangeReporter: Compat change id reported: 168419799; UID 10087; state: DISABLED
01-01 08:15:21.887 0 0 I msm_vidc: high: 00000001: ....e: Opening video instance: ffffffeca1238000, 0
08-30 00:52:14.327 1085 1212 W ActivityManager: Slow operation: 137ms so far, now at startProcess: returned from zygote!
08-30 00:52:14.329 1085 1212 W ActivityManager: Slow operation: 138ms so far, now at startProcess: done updating battery stats
08-30 00:52:14.329 1085 1212 I am_proc_start: [0,2467,10088,com.qualcomm.qti.qccauthmgr,content provider,{com.qualcomm.qti.qccauthmgr/com.qualcomm.qti.qccauthmgr.providers.SMQContentProvider}]
08-30 00:52:14.329 1085 1212 W ActivityManager: Slow operation: 139ms so far, now at startProcess: building log message
08-30 00:52:14.329 1085 1212 I ActivityManager: Start proc 2467:com.qualcomm.qti.qccauthmgr/u0a88 for content provider {com.qualcomm.qti.qccauthmgr/com.qualcomm.qti.qccauthmgr.providers.SMQContentProvider}
08-30 00:52:14.329 1085 1212 W ActivityManager: Slow operation: 139ms so far, now at startProcess: starting to update pids map
08-30 00:52:14.329 1085 1212 W ActivityManager: Slow operation: 139ms so far, now at startProcess: done updating pids map
01-01 08:15:21.935 0 0 I msm_vidc: high: 00000001: h265e: Closed video instance: ffffffeca1238000
08-30 00:52:14.454 1085 1194 I DropBoxManagerService: add tag=system_app_strictmode isTagEnabled=true flags=0x2
08-30 00:52:14.468 1085 1194 I DropBoxManagerService: add tag=system_app_strictmode isTagEnabled=true flags=0x2
08-30 00:52:14.473 1085 1194 I DropBoxManagerService: add tag=system_app_strictmode isTagEnabled=true flags=0x2
01-01 08:15:22.057 0 0 I binder : 2467:2467 ioctl 40046210 7fc01e2b14 returned -22
08-30 00:52:14.486 1914 1914 D SystemUIBootTiming: StartServicescom.android.systemui.statusbar.phone.StatusBar took to complete: 839ms
08-30 00:52:14.491 1914 2239 W ActivityThread: Failed to find provider info for com.android.contacts (user not unlocked)
08-30 00:52:14.496 1085 1142 I am_proc_bound: [0,2467,com.qualcomm.qti.qccauthmgr]
01-01 08:15:22.078 0 0 I [kworke][0x55b11ecb][00:52:14.497792] wlan: [331:I:DP] Peer pool init
01-01 08:15:22.078 0 0 W [kworke][0x55b13046][00:52:14.498025] wlan: [331:W:DP] dp_rx_pdev_mon_attach: pdev attach id=0
08-30 00:52:14.499 1085 1142 D CompatibilityChangeReporter: Compat change id reported: 168419799; UID 10088; state: DISABLED
08-30 00:52:14.502 1085 1142 I am_uid_active: 10088
08-30 00:52:14.509 1914 1914 D SystemUIBootTiming: StartServicescom.android.systemui.usb.StorageNotification took to complete: 23ms
01-01 08:15:22.123 0 0 D cnss : Assign MSI to user: DP, num_vectors: 18, user_base_data: 814, base_vector: 14
01-01 08:15:22.123 0 0 D cnss : Get IRQ number 426 for vector index 14
01-01 08:15:22.123 0 0 D cnss : Assign MSI to user: DP, num_vectors: 18, user_base_data: 814, base_vector: 14
01-01 08:15:22.123 0 0 D cnss : Get IRQ number 427 for vector index 15
01-01 08:15:22.123 0 0 D cnss : Assign MSI to user: DP, num_vectors: 18, user_base_data: 814, base_vector: 14
01-01 08:15:22.123 0 0 D cnss : Get IRQ number 428 for vector index 16
01-01 08:15:22.123 0 0 D cnss : Assign MSI to user: DP, num_vectors: 18, user_base_data: 814, base_vector: 14
01-01 08:15:22.123 0 0 D cnss : Get IRQ number 429 for vector index 17
01-01 08:15:22.123 0 0 D cnss : Assign MSI to user: DP, num_vectors: 18, user_base_data: 814, base_vector: 14
01-01 08:15:22.123 0 0 D cnss : Assign MSI to user: DP, num_vectors: 18, user_base_data: 814, base_vector: 14
01-01 08:15:22.123 0 0 D cnss : Get IRQ number 431 for vector index 19
01-01 08:15:22.123 0 0 D cnss : Assign MSI to user: DP, num_vectors: 18, user_base_data: 814, base_vector: 14
01-01 08:15:22.123 0 0 D cnss : Get IRQ number 432 for vector index 20
08-30 00:52:14.551 1914 1914 D SystemUIBootTiming: StartServicescom.android.systemui.power.PowerUI took to complete: 42ms
01-01 08:15:22.129 0 0 I msm_vidc: high: 00000001: ....e: Opening video instance: ffffffeca2960000, 0
01-01 08:15:22.131 0 0 I msm_vidc: err : 00000001: ....e: msm_vidc_comm_update_ctrl: failed: control name Ltr Count, min 0, max 0, step 0, default_value 0
08-30 00:52:14.553 1914 1914 D SystemUIBootTiming: StartServicescom.android.systemui.media.RingtonePlayer took to complete: 2ms
08-30 00:52:14.555 1914 1914 D SystemUIBootTiming: StartServicescom.android.systemui.keyboard.KeyboardUI took to complete: 1ms
08-30 00:52:14.556 1914 1914 D SystemUIBootTiming: StartServicescom.android.systemui.shortcut.ShortcutKeyDispatcher took to complete: 1ms
08-30 00:52:14.556 1914 1914 D SystemUIBootTiming: StartServicescom.android.systemui.VendorServices took to complete: 0ms
08-30 00:52:14.557 1914 1914 D SystemUIBootTiming: StartServicescom.android.systemui.util.leak.GarbageMonitor$Service took to complete: 1ms
08-30 00:52:14.558 1914 1914 D SystemUIBootTiming: StartServicescom.android.systemui.LatencyTester took to complete: 0ms
08-30 00:52:14.559 1914 1914 D SystemUIBootTiming: StartServicescom.android.systemui.globalactions.GlobalActionsComponent took to complete: 1ms
01-01 08:15:22.132 0 0 E [kworke][0x55c11475][00:52:14.552267] wlan: [331:E:HIF] hif_pci_ce_irq_set_affinity_hint: 3708: Unable to set cpu mask for offline CPU 0
08-30 00:52:14.561 1914 1914 D SystemUIBootTiming: StartServicescom.android.systemui.ScreenDecorations took to complete: 1ms
08-30 00:52:14.568 1914 1914 D SystemUIBootTiming: StartServicescom.android.systemui.biometrics.AuthController took to complete: 7ms
08-30 00:52:14.568 1914 1914 D SystemUIBootTiming: StartServicescom.android.systemui.SliceBroadcastRelayHandler took to complete: 0ms
08-30 00:52:14.569 1914 1914 D SystemUIBootTiming: StartServicescom.android.systemui.statusbar.notification.InstantAppNotifier took to complete: 1ms
08-30 00:52:14.571 1914 1914 D SystemUIBootTiming: StartServicescom.android.systemui.theme.ThemeOverlayController took to complete: 2ms
08-30 00:52:14.571 1914 1914 D SystemUIBootTiming: StartServicescom.android.systemui.accessibility.WindowMagnification took to complete: 0ms
01-01 08:15:22.155 0 0 W logd : Skipping entries from slow reader, pid 1286, fd 14, from LogBuffer::Prune()
01-01 08:15:22.155 0 0 W logd : Skipping entries from slow reader, pid 1286, fd 14, from LogBuffer::Prune()
01-01 08:15:22.156 0 0 W logd : Skipping entries from slow reader, pid 1286, fd 14, from LogBuffer::Prune()
01-01 08:15:22.157 0 0 I [kworke][0x55c85446][00:52:14.577012] wlan: [2236:I:WMA] wma_rx_service_ready_event: Firmware build version : 101a0521
01-01 08:15:22.157 0 0 I [kworke][0x55c8567b][00:52:14.577041] wlan: [2236:I:WMA] wma_rx_service_ready_event: Board id: 0, Board version: 8 0 0 0 6
08-30 00:52:14.582 1914 1914 D SystemUIBootTiming: StartServicescom.android.systemui.accessibility.SystemActions took to complete: 11ms
08-30 00:52:14.582 1914 1914 D SystemUIBootTiming: StartServicescom.android.systemui.toast.ToastUI took to complete: 0ms
08-30 00:52:14.583 1914 1914 D SystemUIBootTiming: StartServicescom.android.systemui.wmshell.WMShell took to complete: 1ms
01-01 08:15:22.163 0 0 I [kworke][0x55c9e455][00:52:14.582346] wlan: [2236:I:WMA] wma_is_dbs_mandatory: 5417: MAC0 does not support both bands 2 DBS is mandatory
01-01 08:15:22.163 0 0 E [kworke][0x55c9ed90][00:52:14.582469] wlan: [2236:E:QDF] copy_fw_abi_version_tlv: 6979: copy_fw_abi_version_tlv: INIT_CMD version: 1, 0, 0x5f414351, 0x4c4d, 0x0, 0x0
01-01 08:15:22.179 0 0 I msm_vidc: high: 00000001: vp8e: Closed video instance: ffffffeca2960000
08-30 00:52:14.602 1914 1914 D SystemUIBootTiming: StartServices took to complete: 1538ms
08-30 00:52:14.662 1085 1142 D CompatibilityChangeReporter: Compat change id reported: 171306433; UID 1000; state: ENABLED
01-01 08:15:22.365 0 0 E [kworke][0x560545fd][00:52:14.785035] wlan: [2236:E:QDF] ready_extract_init_status_tlv: 8884: ready_extract_init_status_tlv:0
01-01 08:15:22.379 0 0 E [kworke][0x560944f7][00:52:14.798676] wlan: [2236:E:QDF] cds_get_context: 1486: Module ID 65 context is Null
01-01 08:15:22.388 0 0 I binder : 1914:2153 ioctl 40046210 6c7d9b11f4 returned -22
01-01 08:15:22.391 0 0 F [kworke][0x560cb55e][00:52:14.810414] wlan: [2236:F:DP] cdp_ipa_set_uc_tx_partition_base invalid instance
01-01 08:15:22.402 0 0 I [kworke][0x560ff1d6][00:52:14.821459] wlan: [2236:I:WMA] wma_he_update_tgt_services: 996: 11ax is enabled
01-01 08:15:22.415 0 0 I [kworke][0x5613cb8f][00:52:14.834603] wlan: [2236:I:HIF] Initializing Runtime PM wakelock &mgmt_txrx_pdev_ctx->wakelock_tx_runtime_cmp
01-01 08:15:22.417 0 0 I [kworke][0x5614544f][00:52:14.836425] wlan: [2236:I:dfs] WLAN_DEBUG_DFS_ALWAYS : wlan_dfs_pdev_obj_create_notification: 421: dfs_offload 1
01-01 08:15:22.417 0 0 I [kworke][0x56145774][00:52:14.836467] wlan: [2236:I:SPECTRAL] null_get_capability: 1715: SPECTRAL : get_capability not registered
01-01 08:15:22.417 0 0 I [kworke][0x5614584b][00:52:14.836478] wlan: [2236:I:SPECTRAL] target_if_pdev_spectral_init: 2249: HAL_CAP_PHYDIAG : Capable
01-01 08:15:22.417 0 0 I [kworke][0x56145916][00:52:14.836489] wlan: [2236:I:SPECTRAL] null_get_capability: 1715: SPECTRAL : get_capability not registered
01-01 08:15:22.417 0 0 I [kworke][0x561459dc][00:52:14.836499] wlan: [2236:I:SPECTRAL] target_if_pdev_spectral_init: 2253: HAL_CAP_RADAR : Capable
01-01 08:15:22.417 0 0 I [kworke][0x56145aa1][00:52:14.836510] wlan: [2236:I:SPECTRAL] null_get_capability: 1715: SPECTRAL : get_capability not registered
01-01 08:15:22.417 0 0 I [kworke][0x56145b60][00:52:14.836520] wlan: [2236:I:SPECTRAL] target_if_pdev_spectral_init: 2258: HAL_CAP_SPECTRAL_SCAN : Capable
01-01 08:15:22.417 0 0 I [kworke][0x56145c78][00:52:14.836534] wlan: [2236:I:SPECTRAL] null_get_tsf64: 1703: SPECTRAL : get_tsf64 not registered
01-01 08:15:22.417 0 0 I [kworke][0x56145eca][00:52:14.836565] wlan: [2236:I:GREEN_AP] wlan_green_ap_pdev_obj_create_notification: 106: Green AP creation successful, green ap ctx: ffffffec1769e0e8, pdev: ffffffec961e9ee8
01-01 08:15:22.417 0 0 I [kworke][0x561463e5][00:52:14.836633] wlan: [2236:I:IPA] wlan_ipa_wdi_init: 540: ipa_over_gsi: 1, is_smmu_enabled: 1
01-01 08:15:22.421 0 0 I [kworke][0x5615a943][00:52:14.840971] wlan: [2236:I:REGULATORY] reg_set_band: 483: set band bitmap: 3
01-01 08:15:22.422 0 0 I [kworke][0x5615ce54][00:52:14.841466] wlan: [2236:I:HIF] Initializing Runtime PM wakelock &ctx->dfs
01-01 08:15:22.422 0 0 I [kworke][0x5615d137][00:52:14.841504] wlan: [2236:I:HIF] Initializing Runtime PM wakelock &ctx->connect
01-01 08:15:22.422 0 0 I [kworke][0x5615d33c][00:52:14.841531] wlan: [2236:I:HIF] Initializing Runtime PM wakelock &ctx->user
01-01 08:15:22.422 0 0 I [kworke][0x5615d55c][00:52:14.841559] wlan: [2236:I:HIF] Initializing Runtime PM wakelock &scan_priv->runtime_pm_lock
01-01 08:15:22.422 0 0 I [kworke][0x5615d886][00:52:14.841601] wlan: [2236:I:GREEN_AP] target_if_green_ap_register_egap_event_handler: 131: Set the Enhance Green AP event handler
01-01 08:15:22.422 0 0 E [kworke][0x5615d9a8][00:52:14.841617] wlan: [2236:E:QDF] dp_peer_map_attach_wifi3: 10048: dp_peer_map_attach_wifi3 max_peers 55, max_ast_index: 144
01-01 08:15:22.438 0 0 I [kworke][0x561aacc4][00:52:14.858086] wlan: [2236:I:DP]
01-01 08:15:22.438 0 0 I : <=== cfg max peer id 55 ====>
01-01 08:15:22.438 0 0 I [kworke][0x561ab132][00:52:14.858144] wlan: [2236:I:DP]
01-01 08:15:22.438 0 0 I : <=== cfg max ast idx 144 ====>
01-01 08:15:22.438 0 0 I [kworke][0x561ab38d][00:52:14.858176] wlan: [2236:I:DP] ast hash_elems: 512, max_ast_idx: 144
01-01 08:15:22.441 0 0 I [kworke][0x561b6202][00:52:14.860504] wlan: [331:I:WMA] wma_wait_for_ready_event: 6926: FW ready event received
08-30 00:52:14.890 1914 2302 W ActivityThread: Failed to find provider info for com.android.contacts (user not unlocked)
01-01 08:15:22.461 0 0 E [kworke][0x5621695c][00:52:14.881081] wlan: [331:E:WMI] send_action_oui_cmd_tlv: 220: Invalid action id
01-01 08:15:22.473 0 0 E [kworke][0x5624b500][00:52:14.892328] wlan: [331:E:action_oui] ucfg_action_oui_send: 160: Failed to send: 7
01-01 08:15:22.484 0 0 E [kworke][0x56280388][00:52:14.903615] wlan: [331:E:WMI] send_action_oui_cmd_tlv: 220: Invalid action id
01-01 08:15:22.497 0 0 E [kworke][0x562bbe57][00:52:14.916346] wlan: [331:E:action_oui] ucfg_action_oui_send: 160: Failed to send: 9
08-30 00:52:14.928 1914 2302 W ActivityThread: Failed to find provider info for com.android.contacts (user not unlocked)
01-01 08:15:22.508 0 0 E [kworke][0x562f0a1d][00:52:14.927596] wlan: [331:E:HDD] hdd_action_oui_send: 13281: Failed to send one or all action_ouis
01-01 08:15:22.528 0 0 D : mv2112_read_status
01-01 08:15:22.528 0 0 D mv2112_update_link: 3.0x901(1G): 0x4
01-01 08:15:22.529 0 0 D mv2112_update_link: 3.0x8109(100M): 0x8
01-01 08:15:22.529 0 0 D mv2112_update_link: link 0x4
01-01 08:15:22.529 0 0 D mv2112_read_status: autoneg is disabled
08-30 00:52:14.957 1914 2302 W ActivityThread: Failed to find provider info for com.android.contacts (user not unlocked)
01-01 08:15:22.539 0 0 D cnss : dma-coherent is enabled
01-01 08:15:22.539 0 0 D cnss : IOMMU map: iova b0000000, len 4096
01-01 08:15:22.539 0 0 D cnss : IOMMU map: iova_addr b0000040
01-01 08:15:22.539 0 0 D cnss : dma-coherent is enabled
01-01 08:15:22.539 0 0 D cnss : IOMMU map: iova b0001000, len 4096
01-01 08:15:22.539 0 0 D cnss : IOMMU map: iova_addr b0001018
01-01 08:15:22.543 0 0 E [kworke][0x56393df2][00:52:14.962421] wlan: [331:E:TXRX] dp_rxdma_ring_config: 5022: DBS enabled max_mac_rings 2
01-01 08:15:22.555 0 0 E [kworke][0x563cd10c][00:52:14.974622] wlan: [331:E:TXRX] dp_rxdma_ring_config: 5033: pdev_id 0 max_mac_rings 2
01-01 08:15:22.567 0 0 E [kworke][0x56406367][00:52:14.986814] wlan: [331:E:TXRX] dp_rxdma_ring_config: 5050: mac_id 0
01-01 08:15:22.577 0 0 E [kworke][0x5643672c][00:52:14.997103] wlan: [331:E:TXRX] dp_rxdma_ring_config: 5050: mac_id 1
01-01 08:15:22.590 0 0 I [kworke][0x564716bd][00:52:15.009684] wlan: [331:I:POLICY_MGR] policy_mgr_update_5g_scc_prefer: 398: overwrite pm_second_connection_pcl_dbs_2x2_table, index 2 mode 3 system prefer 0 new pcl 6
01-01 08:15:22.590 0 0 I [kworke][0x564717c8][00:52:15.009698] wlan: [331:I:POLICY_MGR] policy_mgr_update_5g_scc_prefer: 404: overwrite pm_second_connection_pcl_dbs_2x2_table, index 3 mode 3 system prefer 0 new pcl 6
01-01 08:15:22.592 0 0 E [kworke][0x5647ab8b][00:52:15.011669] wlan: [331:E:REGULATORY] reg_freq_width_to_chan_op_class: 512: no op class for frequency 5745
01-01 08:15:22.608 0 0 I [kworke][0x564c7e13][00:52:15.028129] wlan: [331:I:HIF] hif_pm_runtime_start: Enabling RUNTIME PM, Delay: 500 ms
01-01 08:15:22.633 0 0 E cnss_utils: WLAN MAC address is not set, type 0
01-01 08:15:22.640 0 0 W cnss_pci 0000: 01:00.0: Falling back to syfs fallback for: wlan/qca_cld/qca6390/wlan_mac.bin --------- beginning of main
08-30 00:52:15.088 1006 1006 I VendorCaps: LTR Max Count - 0
08-30 00:52:15.088 1006 1006 E VendorCaps: Failed to read platform VT driver version
08-30 00:52:15.088 1006 1006 I VendorCaps: VT Driver Version - 0
08-30 00:52:15.089 1006 1006 I vendor.qti.media.c2@1.0-service: missing struct descriptor #Param::CoreIndex(-V801f) for field ubwcStats of struct #Param::CoreIndex(-V8020)
08-30 00:52:15.089 1006 1006 I vendor.qti.media.c2@1.0-service: missing struct descriptor #Param::CoreIndex(--002) for field mastering of struct #Param::CoreIndex(--180a)
08-30 00:52:15.089 1006 1006 E VendorCaps: Failed to read platform preprocess rotation
08-30 00:52:15.089 1006 1006 I VendorCaps: Preprocess Rotation - 0
08-30 00:52:15.089 1006 1006 E VendorCaps: Failed to read platform preprocess max downscale factor
08-30 00:52:15.089 1006 1006 I VendorCaps: Preprocess Max Down Scale Factor - 0
08-30 00:52:15.089 1006 1006 E StandardCaps: Failed to read platform linear color format
08-30 00:52:15.089 1006 1006 I vendor.qti.media.c2@1.0-service: missing struct descriptor #Param::CoreIndex(--004) for field values of struct #Param::CoreIndex(F-12004)
08-30 00:52:15.089 1006 1006 E StandardCaps: Failed to read platform default max MBs per second
08-30 00:52:15.089 1006 1006 E StandardCaps: Failed to read platform default B-frame count
01-01 08:15:22.672 0 0 W logd : Skipping entries from slow reader, pid 1286, fd 14, from LogBuffer::Prune()
01-01 08:15:22.672 0 0 W logd : Skipping entries from slow reader, pid 1286, fd 14, from LogBuffer::Prune()
08-30 00:52:15.089 1006 1006 W StandardCaps: Preconditions for b-frame didn't meet. Disabling b-frame!
08-30 00:52:15.089 1006 1006 I QC2CompStore: Created interface(c2.qti.vp8.encoder) id(13)
08-30 00:52:15.095 1006 1156 E QC2CompStore: Failed to locate interface with name c2.android.aac.decoder
08-30 00:52:15.096 1435 1523 V C2Store : in init
08-30 00:52:15.097 1435 1523 V C2Store : loading dll
08-30 00:52:15.098 1327 1427 I Codec2InfoBuilder: adding type 'audio/mp4a-latm'
08-30 00:52:15.104 1435 1523 V C2Store : in ~ComponentModule
08-30 00:52:15.105 1006 1156 E QC2CompStore: Failed to locate interface with name c2.android.aac.encoder
08-30 00:52:15.105 1435 1523 V C2Store : unloading dll
01-01 08:15:22.686 0 0 I [kworke][0x56631d03][00:52:15.105341] wlan: [331:I:HDD] hdd_initialize_mac_address: 12589: using default MAC address
08-30 00:52:15.105 1435 1523 V C2Store : in init
08-30 00:52:15.106 1435 1523 V C2Store : loading dll
08-30 00:52:15.106 1914 1914 V WallpaperService: Setting wallpaper dimming: 0
08-30 00:52:15.108 1327 1427 I Codec2InfoBuilder: adding type 'audio/mp4a-latm'
08-30 00:52:15.115 1451 1451 I cnss-daemon: nl80211 response handler invoked
08-30 00:52:15.115 1451 1451 I cnss-daemon: nl80211_response_handler: cmd 103, vendorID 4980, subcmd 181 received
08-30 00:52:15.115 1451 1451 I cnss-daemon: interop issues ap: ff:ff:ff:ff:ff:ff
08-30 00:52:15.115 1451 1451 I cnss-daemon: interop issues ap: driver trigger update
08-30 00:52:15.116 1451 1451 E cnss-daemon: no interop issues ap currently
08-30 00:52:15.118 1914 2259 D EglHelper: createEglContext start
08-30 00:52:15.120 1006 1156 E QC2CompStore: Failed to locate interface with name c2.android.amrnb.decoder
08-30 00:52:15.121 1435 1523 V C2Store : in ~ComponentModule
08-30 00:52:15.122 1435 1523 V C2Store : unloading dll
08-30 00:52:15.122 1914 1914 D Tonal : Tonal Palette - index: 7. Main color: ffb2566e
08-30 00:52:15.122 1914 1914 D Tonal : Colors: ff030102, ff17070b, ff2a0d16, ff421423, ff5f1d35, ff7c263c, ff992f4b, ffb2566e, ffce6176, ffd67888, ffde949c, ffeabbbf, fff2d6da
08-30 00:52:15.122 1914 1914 D Tonal : Gradients:
08-30 00:52:15.122 1914 1914 D Tonal : Normal GradientColors(ffb2566e, ffb2566e)
08-30 00:52:15.122 1914 1914 D Tonal : Dark GradientColors(ff421423, ff421423)
08-30 00:52:15.122 1914 1914 D Tonal : Extra dark: GradientColors(ff2a0d16, ff2a0d16)
08-30 00:52:15.122 1914 1914 D Tonal : Tonal Palette - index: 7. Main color: ffb2566e
08-30 00:52:15.122 1914 1914 D Tonal : Colors: ff030102, ff17070b, ff2a0d16, ff421423, ff5f1d35, ff7c263c, ff992f4b, ffb2566e, ffce6176, ffd67888, ffde949c, ffeabbbf, fff2d6da
08-30 00:52:15.123 1914 1914 D Tonal : Gradients:
08-30 00:52:15.123 1914 1914 D Tonal : Normal GradientColors(ffb2566e, ffb2566e)
08-30 00:52:15.123 1914 1914 D Tonal : Dark GradientColors(ff421423, ff421423)
08-30 00:52:15.123 1914 1914 D Tonal : Extra dark: GradientColors(ff2a0d16, ff2a0d16)
08-30 00:52:15.123 2026 2189 I Tethering: adding IpServer for: wlan0
08-30 00:52:15.127 1435 1523 V C2Store : in init
08-30 00:52:15.127 1914 2259 D EglHelper: createEglContext done
08-30 00:52:15.127 1435 1523 V C2Store : loading dll
08-30 00:52:15.127 1914 2259 D EglHelper: createEglSurface start
08-30 00:52:15.129 1914 2259 D EglHelper: createEglSurface done
08-30 00:52:15.135 1327 1427 I Codec2InfoBuilder: adding type 'audio/3gpp'
08-30 00:52:15.135 824 2381 D vendor.qti.bluetooth@1.0-patch_dl_manager: ReadHciEvent: Expected CC
08-30 00:52:15.135 824 2381 I vendor.qti.bluetooth@1.0-patch_dl_manager: GetAddOnFeatureList: param_len 13, cmd_status = 0
08-30 00:52:15.135 824 2381 I vendor.qti.bluetooth@1.0-patch_dl_manager: GetAddOnFeatureList: feat_mask_len 5 product_id = 16, rsp_version = 1
08-30 00:52:15.135 824 2381 I vendor.qti.bluetooth@1.0-patch_dl_manager: GetOTPBytesInfo: Sending HCI_VS_PERSIST_ACCESS_OTP_GET cmd
08-30 00:52:15.136 1435 1522 V C2Store : in ~ComponentModule
08-30 00:52:15.136 1435 1522 V C2Store : unloading dll
08-30 00:52:15.136 1006 1156 E QC2CompStore: Failed to locate interface with name c2.android.amrnb.encoder
08-30 00:52:15.137 824 2381 D vendor.qti.bluetooth@1.0-patch_dl_manager: ReadHciEvent: Expected CC
08-30 00:52:15.137 824 2381 E vendor.qti.bluetooth@1.0-patch_dl_manager: GetVsHciEvent: HCI_VS_PERSIST_ACCESS_OTP_GET cmd failed config_type: 0xa subopcode: 0x0 status: 0x12
08-30 00:52:15.137 824 2381 I vendor.qti.bluetooth@1.0-patch_dl_manager: EnableEnhControllerLog: disabled(0)
08-30 00:52:15.137 1435 1522 V C2Store : in init
08-30 00:52:15.137 1435 1522 V C2Store : loading dll
08-30 00:52:15.138 824 2381 D vendor.qti.bluetooth@1.0-patch_dl_manager: ReadHciEvent: Expected CC
08-30 00:52:15.138 824 2381 I vendor.qti.bluetooth@1.0-patch_dl_manager: HciReset: HCI RESET
08-30 00:52:15.139 1085 1882 I WifiService: updateInterfaceIpState uid=1073
08-30 00:52:15.142 1511 1529 D LOWI-9.0.0.87.a: [LOWINetlinkSocketReceiver] unpackRTMLinkMessage: RTM_NEWLINK - ifname wlan0, flags 0x1002 ()
08-30 00:52:15.143 1511 1529 D LOWI-9.0.0.87.a: [LOWINetlinkSocketReceiver] processNetlinkPacket: ifname(wlan0) status(0)
08-30 00:52:15.143 1511 1529 D LOWI-9.0.0.87.a: [LOWIController] intfStateReceived: ifname(wlan0) state(0)
08-30 00:52:15.143 824 2381 D vendor.qti.bluetooth@1.0-patch_dl_manager: ReadCmdCmplEvent: Cmd Cmpl received for opcode c03
08-30 00:52:15.143 1085 1737 W BestClock: java.time.DateTimeException: Missing NTP fix
08-30 00:52:15.143 824 2381 D vendor.qti.bluetooth@1.0-uart_controller: add on features read true
08-30 00:52:15.144 1511 1537 D LOWI-9.0.0.87.a: [LOWIEventReceiver] handleEvent:FROM:NA, TO:NA, REQ:NA, IREQ:NA, REQ_ID:0, RESP:NA, INFO:INTF-STATUS-UPDATE
08-30 00:52:15.144 1511 1537 D LOWI-9.0.0.87.a: [LOWIEventReceiver] Info to [INTF-STATUS-UPDATE]
08-30 00:52:15.144 1511 1537 D LOWI-9.0.0.87.a: [LOWIController] updateIntfState: WIFI enabled 0 mNlWifiStatus -1 mWifiStateEnabled 0
08-30 00:52:15.144 1511 1537 D LOWI-9.0.0.87.a: [LOWIController] isWifiEnabled: mNlWifiStatus 0 mWifiStateEnabled 0
08-30 00:52:15.146 683 752 I netd : trafficSwapActiveStatsMap() <1.15ms>
08-30 00:52:15.152 1327 1427 I Codec2InfoBuilder: adding type 'audio/3gpp'
08-30 00:52:15.152 824 2381 I vendor.qti.bluetooth@1.0-diag_interface: Init: Init diag completed
08-30 00:52:15.152 824 2381 D vendor.qti.bluetooth@1.0-logger: Init: Registered Diag callbacks
08-30 00:52:15.152 1085 1192 I EthernetTracker: interfaceLinkStateChanged, iface: wlan0, up: false
08-30 00:52:15.153 683 752 I netd : tetherGetStats() -> {[]} <4.37ms>
08-30 00:52:15.154 1085 1221 E WifiThreadRunner: WifiThreadRunner.call() timed out!
08-30 00:52:15.154 1085 1221 E WifiThreadRunner: java.lang.Throwable: Caller thread Stack trace:
08-30 00:52:15.154 1085 1221 E WifiThreadRunner: at com.android.server.wifi.WifiThreadRunner.call(WifiThreadRunner.java:85)
08-30 00:52:15.154 1085 1221 E WifiThreadRunner: at com.android.server.wifi.WifiServiceImpl.getSupportedFeaturesInternal(WifiServiceImpl.java:4399)
08-30 00:52:15.154 1085 1221 E WifiThreadRunner: at com.android.server.wifi.WifiServiceImpl.getSupportedFeatures(WifiServiceImpl.java:2399)
08-30 00:52:15.154 1085 1221 E WifiThreadRunner: at android.net.wifi.WifiManager.getSupportedFeatures(WifiManager.java:2819)
08-30 00:52:15.154 1085 1221 E WifiThreadRunner: at android.net.wifi.WifiManager.isFeatureSupported(WifiManager.java:2826)
08-30 00:52:15.154 1085 1221 E WifiThreadRunner: at android.net.wifi.WifiManager.isEnhancedPowerReportingSupported(WifiManager.java:2968)
08-30 00:52:15.154 1085 1221 E WifiThreadRunner: at com.android.server.am.BatteryExternalStatsWorker.updateExternalStatsLocked(BatteryExternalStatsWorker.java:521)
08-30 00:52:15.154 1085 1221 E WifiThreadRunner: at com.android.server.am.BatteryExternalStatsWorker.access$1000(BatteryExternalStatsWorker.java:70)
08-30 00:52:15.154 1085 1221 E WifiThreadRunner: at com.android.server.am.BatteryExternalStatsWorker$1.run(BatteryExternalStatsWorker.java:463)
08-30 00:52:15.154 1085 1221 E WifiThreadRunner: at java.util.concurrent.Executors$RunnableAdapter.call(Executors.java:462)
08-30 00:52:15.154 1085 1221 E WifiThreadRunner: at java.util.concurrent.FutureTask.run(FutureTask.java:266)
08-30 00:52:15.154 1085 1221 E WifiThreadRunner: at java.util.concurrent.ScheduledThreadPoolExecutor$ScheduledFutureTask.run(ScheduledThreadPoolExecutor.java:301)
08-30 00:52:15.154 1085 1221 E WifiThreadRunner: at java.util.concurrent.ThreadPoolExecutor.runWorker(ThreadPoolExecutor.java:1167)
08-30 00:52:15.154 1085 1221 E WifiThreadRunner: at java.util.concurrent.ThreadPoolExecutor$Worker.run(ThreadPoolExecutor.java:641)
08-30 00:52:15.154 1085 1221 E WifiThreadRunner: at com.android.server.am.BatteryExternalStatsWorker.lambda$new$0(BatteryExternalStatsWorker.java:88)
08-30 00:52:15.154 1085 1221 E WifiThreadRunner: at com.android.server.am.BatteryExternalStatsWorker$$ExternalSyntheticLambda6.run(Unknown Source:2)
08-30 00:52:15.154 1085 1221 E WifiThreadRunner: at java.lang.Thread.run(Thread.java:920)
08-30 00:52:15.154 824 2381 D vendor.qti.bluetooth@1.0-power_manager: SetPower: enable: 1
08-30 00:52:15.154 824 2381 E vendor.qti.bluetooth@1.0-power_manager:
08-30 00:52:15.154 824 2381 E vendor.qti.bluetooth@1.0-power_manager: PowerUpChip enable(1) retentionMode(1)
08-30 00:52:15.154 1006 1156 E QC2CompStore: Failed to locate interface with name c2.android.amrwb.decoder
08-30 00:52:15.154 1085 1221 E WifiThreadRunner: WifiThreadRunner.call() timed out!
08-30 00:52:15.154 1085 1221 E WifiThreadRunner: java.lang.Throwable: Wifi thread Stack trace:
08-30 00:52:15.154 1085 1221 E WifiThreadRunner: at android.os.HwRemoteBinder.transact(Native Method)
08-30 00:52:15.154 1085 1221 E WifiThreadRunner: at com.android.wifi.x.android.hardware.wifi.V1_0.IWifi$Proxy.start(IWifi.java:378)
08-30 00:52:15.154 1085 1221 E WifiThreadRunner: at com.android.server.wifi.HalDeviceManager.startWifi(HalDeviceManager.java:1393)
08-30 00:52:15.154 1085 1221 E WifiThreadRunner: at com.android.server.wifi.HalDeviceManager.start(HalDeviceManager.java:205)
08-30 00:52:15.154 1085 1221 E WifiThreadRunner: at com.android.server.wifi.WifiVendorHal.startVendorHal(WifiVendorHal.java:416)
08-30 00:52:15.154 1085 1221 E WifiThreadRunner: at com.android.server.wifi.WifiNative.startHal(WifiNative.java:491)
08-30 00:52:15.154 1085 1221 E WifiThreadRunner: at com.android.server.wifi.WifiNative.setupInterfaceForClientInScanMode(WifiNative.java:1266)
08-30 00:52:15.154 1085 1221 E WifiThreadRunner: at com.android.server.wifi.ConcreteClientModeManager$ClientModeStateMachine$IdleState.processMessage(ConcreteClientModeManager.java:825)
08-30 00:52:15.154 1085 1221 E WifiThreadRunner: at com.android.wifi.x.com.android.internal.util.StateMachine$SmHandler.processMsg(StateMachine.java:993)
08-30 00:52:15.154 1085 1221 E WifiThreadRunner: at com.android.wifi.x.com.android.internal.util.StateMachine$SmHandler.handleMessage(StateMachine.java:810)
08-30 00:52:15.154 1085 1221 E WifiThreadRunner: at android.os.Handler.dispatchMessage(Handler.java:106)
08-30 00:52:15.154 1085 1221 E WifiThreadRunner: at android.os.Looper.loopOnce(Looper.java:201)
08-30 00:52:15.154 1085 1221 E WifiThreadRunner: at android.os.Looper.loop(Looper.java:288)
08-30 00:52:15.154 1085 1221 E WifiThreadRunner: at android.os.HandlerThread.run(HandlerThread.java:67)
08-30 00:52:15.156 1435 1435 V C2Store : in init
08-30 00:52:15.156 1435 1435 V C2Store : loading dll
08-30 00:52:15.156 1435 1522 V C2Store : in ~ComponentModule
08-30 00:52:15.156 1435 1522 V C2Store : unloading dll
08-30 00:52:15.158 1085 1737 W BestClock: java.time.DateTimeException: Missing NTP fix
08-30 00:52:15.158 1085 1737 I netstats_mobile_sample: [0,0,0,0,0,0,0,0,0,0,0,0,1661791935158]
08-30 00:52:15.158 1085 1737 I netstats_wifi_sample: [0,0,0,0,0,0,0,0,0,0,0,0,1661791935158]
08-30 00:52:15.160 1327 1427 I Codec2InfoBuilder: adding type 'audio/amr-wb'
08-30 00:52:15.161 1006 1156 E QC2CompStore: Failed to locate interface with name c2.android.amrwb.encoder
08-30 00:52:15.161 1435 1435 V C2Store : in ~ComponentModule
08-30 00:52:15.161 1435 1435 V C2Store : unloading dll
08-30 00:52:15.161 1435 1523 V C2Store : in init
08-30 00:52:15.161 1435 1523 V C2Store : loading dll
01-01 08:15:22.735 0 0 E bt_ioctl: BT_CMD_PWR_CTRL pwr_cntrl:2
01-01 08:15:22.740 0 0 E bt_vreg_unvote: vreg_unvote successful for : qca,bt-vdd-rfa2
01-01 08:15:22.748 0 0 E bt_vreg_unvote: vreg_unvote successful for : qca,bt-vdd-rfa1
08-30 00:52:15.163 1085 1738 W BestClock: java.time.DateTimeException: Missing NTP fix
08-30 00:52:15.164 1327 1427 I Codec2InfoBuilder: adding type 'audio/amr-wb'
08-30 00:52:15.164 1435 2533 V C2Store : in ~ComponentModule
08-30 00:52:15.164 1435 2533 V C2Store : unloading dll
08-30 00:52:15.164 1006 1156 E QC2CompStore: Failed to locate interface with name c2.android.av1.decoder
08-30 00:52:15.165 1435 1523 V C2Store : in init
08-30 00:52:15.165 1435 1523 V C2Store : loading dll
08-30 00:52:15.166 1085 1738 W BestClock: java.time.DateTimeException: Missing NTP fix
08-30 00:52:15.167 1327 1427 I Codec2InfoBuilder: adding type 'video/av01'
08-30 00:52:15.171 1006 1156 E QC2CompStore: Failed to locate interface with name c2.android.avc.decoder
08-30 00:52:15.171 1435 1523 V C2Store : in ~ComponentModule
08-30 00:52:15.171 1435 1523 V C2Store : unloading dll
08-30 00:52:15.171 1435 1522 V C2Store : in init
08-30 00:52:15.171 1435 1522 V C2Store : loading dll
08-30 00:52:15.173 2026 2189 I Tethering: adding IpServer for: p2p0
08-30 00:52:15.173 1327 1427 I Codec2InfoBuilder: adding type 'video/avc'
08-30 00:52:15.174 1511 1529 D LOWI-9.0.0.87.a: [LOWINetlinkSocketReceiver] unpackRTMLinkMessage: RTM_NEWLINK - ifname p2p0, flags 0x1002 ()
08-30 00:52:15.179 1085 1192 I EthernetTracker: interfaceLinkStateChanged, iface: p2p0, up: false
01-01 08:15:22.754 0 0 E bt_vreg_unvote: vreg_unvote successful for : qca,bt-vdd-dig
01-01 08:15:22.759 0 0 E [kworke][0x5678c19d][00:52:15.179218] wlan: [331:E:QDF] qdf_mutex_create: already initialized lock
01-01 08:15:22.763 0 0 E bt_vreg_unvote: vreg_unvote successful for : qca,bt-vdd-aon
01-01 08:15:22.772 0 0 E [kworke][0x567c7d8a][00:52:15.191963] wlan: [331:E:HDD] hdd_open_adapter: 6512: Interface p2p0 wow debug_fs init failed
08-30 00:52:15.184 1085 1737 W BestClock: java.time.DateTimeException: Missing NTP fix
08-30 00:52:15.185 1435 1522 V C2Store : in ~ComponentModule
08-30 00:52:15.185 1435 1522 V C2Store : unloading dll
08-30 00:52:15.185 1006 1156 E QC2CompStore: Failed to locate interface with name c2.android.avc.encoder
08-30 00:52:15.186 1435 1522 V C2Store : in init
08-30 00:52:15.186 1435 1522 V C2Store : loading dll
08-30 00:52:15.187 1435 1522 I mediaswcodec: missing struct descriptor #Param::CoreIndex(--004) for field values of struct #Param::CoreIndex(F-12004)
08-30 00:52:15.187 1435 1522 I mediaswcodec: missing struct descriptor #Param::CoreIndex(--1812) for field values of struct #Param::CoreIndex(F-11812)
08-30 00:52:15.187 1435 1522 I mediaswcodec: missing struct descriptor #Param::CoreIndex(--004) for field values of struct #Param::CoreIndex(F-12004)
08-30 00:52:15.187 1435 1522 I mediaswcodec: missing struct descriptor #Param::CoreIndex(--1812) for field values of struct #Param::CoreIndex(F-11812)
08-30 00:52:15.188 1327 1427 I Codec2InfoBuilder: adding type 'video/avc'
08-30 00:52:15.193 1006 1156 E QC2CompStore: Failed to locate interface with name c2.android.flac.decoder
08-30 00:52:15.193 1435 1522 V C2Store : in ~ComponentModule
08-30 00:52:15.193 1435 1522 V C2Store : unloading dll
08-30 00:52:15.193 1435 1523 V C2Store : in init
08-30 00:52:15.193 1435 1523 V C2Store : loading dll
08-30 00:52:15.195 1327 1427 I Codec2InfoBuilder: adding type 'audio/flac'
08-30 00:52:15.196 1006 1156 E QC2CompStore: Failed to locate interface with name c2.android.flac.encoder
08-30 00:52:15.196 1435 1523 V C2Store : in ~ComponentModule
08-30 00:52:15.196 1435 1523 V C2Store : unloading dll
08-30 00:52:15.196 1435 1522 V C2Store : in init
08-30 00:52:15.197 1435 1522 V C2Store : loading dll
08-30 00:52:15.198 1327 1427 I Codec2InfoBuilder: adding type 'audio/flac'
08-30 00:52:15.199 824 2381 D vendor.qti.bluetooth@1.0-uart_controller: Init succeded
08-30 00:52:15.199 824 2381 I vendor.qti.bluetooth@1.0-data_handler: SetHostAddOnFeatures: chip_ver: (0x400a020000100200), chip_ver_str: HASTINGS_VER_2_0
08-30 00:52:15.199 824 2381 I vendor.qti.bluetooth@1.0-data_handler: SetHostAddOnFeatures: before get_soc_info call
08-30 00:52:15.199 1006 1156 E QC2CompStore: Failed to locate interface with name c2.android.g711.alaw.decoder
08-30 00:52:15.200 824 2381 I vendor.qti.bluetooth@1.0-data_handler: SetHostAddOnFeatures: after get_soc_info call
08-30 00:52:15.200 824 2381 W vendor.qti.bluetooth@1.0-data_handler: SetHostAddOnFeatures: failed to get soc info or feat not req for this chip
08-30 00:52:15.200 824 2381 D vendor.qti.bluetooth@1.0-data_handler: StopInitTimer: InitTimer Stopped
08-30 00:52:15.200 824 2381 D vendor.qti.bluetooth@1.0-data_handler: Firmware download succeded.
08-30 00:52:15.200 824 2381 I vendor.qti.bluetooth@1.0-bluetooth_hci: operator(): Set callbacks received from BT client inorder to provide status and data through them
08-30 00:52:15.200 1435 2533 V C2Store : in init
08-30 00:52:15.200 1435 2533 V C2Store : loading dll
08-30 00:52:15.201 1894 2372 I bt_hci : event_finish_startup
08-30 00:52:15.201 1435 1522 V C2Store : in ~ComponentModule
08-30 00:52:15.201 1435 1522 V C2Store : unloading dll
08-30 00:52:15.203 1327 1427 I Codec2InfoBuilder: adding type 'audio/g711-alaw'
08-30 00:52:15.203 1006 1156 E QC2CompStore: Failed to locate interface with name c2.android.g711.mlaw.decoder
08-30 00:52:15.203 1435 2533 V C2Store : in ~ComponentModule
08-30 00:52:15.203 1435 2533 V C2Store : unloading dll
08-30 00:52:15.204 1435 1522 V C2Store : in init
08-30 00:52:15.204 1435 1522 V C2Store : loading dll
08-30 00:52:15.206 1327 1427 I Codec2InfoBuilder: adding type 'audio/g711-mlaw'
08-30 00:52:15.206 1006 1156 E QC2CompStore: Failed to locate interface with name c2.android.gsm.decoder
08-30 00:52:15.207 1435 1522 V C2Store : in ~ComponentModule
08-30 00:52:15.207 1435 1522 V C2Store : unloading dll
08-30 00:52:15.207 1894 2086 I bt_core_module: module_start_up Started module "hci_module"
08-30 00:52:15.207 1435 1523 V C2Store : in init
08-30 00:52:15.207 1435 1523 V C2Store : loading dll
08-30 00:52:15.208 683 752 I netd : trafficSwapActiveStatsMap() <23.52ms>
08-30 00:52:15.209 1894 2534 I bt_osi_thread: run_thread: thread id 2534, thread name bt_workqueue started
08-30 00:52:15.210 1327 1427 D Codec2InfoBuilder: codec entry for 'c2.android.gsm.decoder' is disabled
08-30 00:52:15.210 1894 2534 I droid.bluetoot: [0830/005215.210340:INFO:btu_task.cc(107)] Bluetooth chip preload is complete
08-30 00:52:15.210 1006 1156 E QC2CompStore: Failed to locate interface with name c2.android.h263.decoder
08-30 00:52:15.211 1435 1522 V C2Store : in init
08-30 00:52:15.211 1435 1522 V C2Store : loading dll
08-30 00:52:15.214 1435 2533 V C2Store : in ~ComponentModule
08-30 00:52:15.214 1435 2533 V C2Store : unloading dll
08-30 00:52:15.215 1894 2534 W bt_l2cap: L2CAP - L2CA_Register() called for PSM: 0x0001
08-30 00:52:15.216 1894 2534 W bt_l2cap: L2CAP - L2CA_Register() called for PSM: 0x001f
08-30 00:52:15.217 1894 2534 I droid.bluetoot: [0830/005215.216922:INFO:gatt_api.cc(1223)] GATT_Register 81818181-8181-8181-8181-818181818181
08-30 00:52:15.217 1894 2534 I droid.bluetoot: [0830/005215.217108:INFO:gatt_api.cc(1244)] allocated gatt_if=1
08-30 00:52:15.217 1894 2534 I droid.bluetoot: [0830/005215.217207:INFO:gatt_api.cc(166)] GATTS_AddService
08-30 00:52:15.217 1894 2534 I droid.bluetoot: [0830/005215.217309:INFO:gatt_api.cc(269)] GATTS_AddService: service parsed correctly, now starting
08-30 00:52:15.217 683 752 I netd : tetherGetStats() -> {[]} <5.92ms>
08-30 00:52:15.217 1894 2534 W bt_l2cap: L2CAP - L2CA_Register() called for PSM: 0x0003
08-30 00:52:15.217 1894 2534 I droid.bluetoot: [0830/005215.217775:INFO:gatt_api.cc(1223)] GATT_Register 82828282-8282-8282-8282-828282828282
08-30 00:52:15.217 1894 2534 I droid.bluetoot: [0830/005215.217873:INFO:gatt_api.cc(1244)] allocated gatt_if=2
08-30 00:52:15.217 1894 2534 I droid.bluetoot: [0830/005215.217961:INFO:gatt_api.cc(166)] GATTS_AddService
08-30 00:52:15.218 1894 2534 I droid.bluetoot: [0830/005215.218051:INFO:gatt_api.cc(269)] GATTS_AddService: service parsed correctly, now starting
08-30 00:52:15.220 1894 2535 I bt_osi_thread: run_thread: thread id 2535, thread name btu message loop started
08-30 00:52:15.222 824 2530 I vendor.qti.bluetooth@1.0-ibs_handler: ProcessIbsCmd: Received IBS_SLEEP_IND: 0xFE
08-30 00:52:15.223 824 2530 D vendor.qti.bluetooth@1.0-ibs_handler: SerialClockVote: vote for UART CLK OFF
08-30 00:52:15.223 1327 1427 I Codec2InfoBuilder: adding type 'video/3gpp'
08-30 00:52:15.223 824 2530 D vendor.qti.bluetooth@1.0-wake_lock: Release wakelock is released
08-30 00:52:15.224 1085 1737 W BestClock: java.time.DateTimeException: Missing NTP fix
08-30 00:52:15.224 1894 2536 I bt_osi_thread: run_thread: thread id 2536, thread name module_wrapper started
08-30 00:52:15.224 1085 1737 I netstats_mobile_sample: [0,0,0,0,0,0,0,0,0,0,0,0,1661791935224]
08-30 00:52:15.224 1085 1737 I netstats_wifi_sample: [0,0,0,0,0,0,0,0,0,0,0,0,1661791935224]
08-30 00:52:15.224 1894 2536 I bt_core_module: module_start_up Starting module "controller_module"
08-30 00:52:15.225 1894 2536 I bt_stack: [INFO:controller.cc(1326)] load_bt_configstore_lib loaded HAL: bt_configstore_interface_t=0x6c7fedb970, bt_configstore_lib_handle=0x7853a1125cfffb63
08-30 00:52:15.225 1894 2536 I bt_config_store: getVendorProperties
08-30 00:52:15.226 826 826 W CamX : [ WARN][NCS ] camxncsintfqsee.cpp:628 ProbeSensor() Timed out for probing sensor 4!
08-30 00:52:15.228 1006 1156 E QC2CompStore: Failed to locate interface with name c2.android.h263.encoder
08-30 00:52:15.228 824 824 I vendor.qti.hardware.btconfigstore@2.0-BTConfigStore: getVendorProperties:: Bluetooth soc type set to: hastings, ret: 8
08-30 00:52:15.228 824 824 I vendor.qti.hardware.btconfigstore@2.0-BTConfigStore: getVendorProperties:: persist.vendor.qcom.bluetooth.enable.splita2dp: true, ret: 4
08-30 00:52:15.228 824 824 I vendor.qti.hardware.btconfigstore@2.0-BTConfigStore: getVendorProperties:: persist.vendor.qcom.bluetooth.a2dp_offload_cap: sbc-aptx-aptxtws-aptxhd-aac-ldac-aptxadaptiver2, ret: 47
08-30 00:52:15.228 824 824 I vendor.qti.hardware.btconfigstore@2.0-BTConfigStore: getVendorProperties:: ro.vendor.bluetooth.wipower: false, ret: 5
08-30 00:52:15.228 824 824 I vendor.qti.hardware.btconfigstore@2.0-BTConfigStore: getVendorProperties:: persist.vendor.qcom.bluetooth.aac_frm_ctl.enabled: true, ret: 4
08-30 00:52:15.228 824 824 I vendor.qti.hardware.btconfigstore@2.0-BTConfigStore: getVendorProperties:: persist.vendor.qcom.bluetooth.enable.swb: true, ret: 4
08-30 00:52:15.228 824 824 I vendor.qti.hardware.btconfigstore@2.0-BTConfigStore: getVendorProperties:: persist.vendor.qcom.bluetooth.enable.swbpm: true, ret: 4
08-30 00:52:15.228 824 824 I vendor.qti.hardware.btconfigstore@2.0-BTConfigStore: getVendorProperties:: persist.vendor.qcom.bluetooth.a2dp_mcast_test.enabled: false, ret: 5
08-30 00:52:15.228 824 824 I vendor.qti.hardware.btconfigstore@2.0-BTConfigStore: getVendorProperties:: persist.vendor.qcom.bluetooth.twsp_state.enabled: false, ret: 5
08-30 00:52:15.228 824 824 I vendor.qti.hardware.btconfigstore@2.0-BTConfigStore: getVendorProperties:: persist.vendor.qcom.bluetooth.max_power_support: false, ret: 5
08-30 00:52:15.228 1435 1523 V C2Store : in init
08-30 00:52:15.228 1435 1523 V C2Store : loading dll
08-30 00:52:15.229 1894 2536 I bt_config_store: prop type: BT_PROP_SOC_TYPE, prop_value: hastings
08-30 00:52:15.229 1894 2536 I bt_config_store: prop type: BT_PROP_SPILT_A2DP, prop_value: true
08-30 00:52:15.229 1894 2536 I bt_config_store: prop type: BT_PROP_A2DP_OFFLOAD_CAP, prop_value: sbc-aptx-aptxtws-aptxhd-aac-ldac-aptxadaptiver2
08-30 00:52:15.229 1894 2536 I bt_config_store: prop type: BT_PROP_WIPOWER, prop_value: false
08-30 00:52:15.229 1894 2536 I bt_config_store: prop type: BT_PROP_AAC_FRAME_CTL, prop_value: true
08-30 00:52:15.229 1894 2536 I bt_config_store: not handled propType = 6
08-30 00:52:15.229 1894 2536 I bt_config_store: prop type: not handled, prop_value: true
08-30 00:52:15.229 1894 2536 I bt_config_store: not handled propType = 7
08-30 00:52:15.229 1894 2536 I bt_config_store: prop type: not handled, prop_value: true
08-30 00:52:15.229 1894 2536 I bt_config_store: not handled propType = 8
08-30 00:52:15.229 1894 2536 I bt_config_store: prop type: not handled, prop_value: false
08-30 00:52:15.229 1894 2536 I bt_config_store: not handled propType = 9
08-30 00:52:15.230 1894 2536 I bt_config_store: prop type: not handled, prop_value: false
08-30 00:52:15.230 1894 2536 I bt_config_store: not handled propType = 11
08-30 00:52:15.230 1894 2536 I bt_config_store: prop type: not handled, prop_value: false
08-30 00:52:15.230 1894 2536 I bt_config_store: soc_name: hastings, soc_type = 0004
08-30 00:52:15.230 1894 2536 I bt_controller: start_up:: soc_name:hastings, soc_type = 4
08-30 00:52:15.230 1894 2536 I bt_controller: start_up:: spilt_a2dp_supported = 1
08-30 00:52:15.230 1894 2536 I bt_controller: start_up:: a2dp_offload_Cap = sbc-aptx-aptxtws-aptxhd-aac-ldac-aptxadaptiver2
08-30 00:52:15.230 1894 2536 I bt_controller: start_up:: wipower_supported = 0
08-30 00:52:15.230 1894 2536 I bt_controller: start_up:: aac_frame_ctl_enabled = 1
08-30 00:52:15.230 1894 2536 I bt_controller: start_up:: a2dp_multicast_supported = 0
08-30 00:52:15.230 1894 2536 I bt_controller: start_up:: twsp_state_supported = 0
08-30 00:52:15.230 1894 2536 I bt_controller: decode_max_power_values: MAX POW property is not set
08-30 00:52:15.230 1894 2536 I bt_controller: start_up:: max_power_prop_enabled = 0
08-30 00:52:15.231 826 826 W CamX : [ WARN][NCS ] camxncsintfqsee.cpp:270 GetListOfSensors() Probe sensor 4 with error 9
08-30 00:52:15.231 1327 1427 I Codec2InfoBuilder: adding type 'video/3gpp'
08-30 00:52:15.231 824 824 D vendor.qti.bluetooth@1.0-ibs_handler: SerialClockVote: vote for UART CLK ON
08-30 00:52:15.232 824 824 D vendor.qti.bluetooth@1.0-wake_lock: Acquire wakelock is acquired
08-30 00:52:15.228 1085 1738 W BestClock: java.time.DateTimeException: Missing NTP fix
08-30 00:52:15.232 824 824 I vendor.qti.bluetooth@1.0-ibs_handler: DeviceWakeUp: Writing IBS_WAKE_IND
08-30 00:52:15.233 1435 1435 V C2Store : in ~ComponentModule
08-30 00:52:15.233 1435 1435 V C2Store : unloading dll
08-30 00:52:15.233 1085 1738 W BestClock: java.time.DateTimeException: Missing NTP fix
08-30 00:52:15.234 824 2530 I vendor.qti.bluetooth@1.0-ibs_handler: ProcessIbsCmd: Received IBS_WAKE_ACK: 0xFC
08-30 00:52:15.234 824 2530 I vendor.qti.bluetooth@1.0-ibs_handler: ProcessIbsCmd: Signal wack_cond_
08-30 00:52:15.234 824 824 D vendor.qti.bluetooth@1.0-ibs_handler: DeviceWakeUp: Unblocked from waiting for FC, pthread_cond_timedwait ret = 0
08-30 00:52:15.234 1435 1435 V C2Store : in ~ComponentModule
08-30 00:52:15.234 1435 1435 V C2Store : unloading dll
08-30 00:52:15.234 1006 1156 E QC2CompStore: Failed to locate interface with name c2.android.hevc.decoder
08-30 00:52:15.237 1435 2537 V C2Store : in init
08-30 00:52:15.237 1435 2537 V C2Store : loading dll
08-30 00:52:15.238 824 2530 I vendor.qti.bluetooth@1.0-ibs_handler: ProcessIbsCmd: Received IBS_WAKE_IND: 0xFD
08-30 00:52:15.238 824 2530 I vendor.qti.bluetooth@1.0-ibs_handler: ProcessIbsCmd: Writing IBS_WAKE_ACK
08-30 00:52:15.239 1327 1427 I Codec2InfoBuilder: adding type 'video/hevc'
08-30 00:52:15.240 824 2530 D vendor.qti.bluetooth@1.0-ibs_handler: ibs_spurious_wake_timer_start: Spurious wake timer created
08-30 00:52:15.242 1511 1529 D LOWI-9.0.0.87.a: [LOWINetlinkSocketReceiver] unpackRTMLinkMessage: RTM_NEWLINK - ifname wifi-aware0, flags 0x1002 ()
08-30 00:52:15.243 1006 1156 E QC2CompStore: Failed to locate interface with name c2.android.hevc.encoder
08-30 00:52:15.244 1435 1522 V C2Store : in init
08-30 00:52:15.244 1435 1522 V C2Store : loading dll
08-30 00:52:15.245 1435 2537 V C2Store : in ~ComponentModule
08-30 00:52:15.245 1435 2537 V C2Store : unloading dll
08-30 00:52:15.245 1435 1522 I mediaswcodec: missing struct descriptor #Param::CoreIndex(--004) for field values of struct #Param::CoreIndex(F-12004)
08-30 00:52:15.245 1435 1522 D C2SoftHevcEnc: Given level 6000 does not cover current configuration: adjusting to 6001
08-30 00:52:15.246 1435 1522 I mediaswcodec: missing struct descriptor #Param::CoreIndex(--004) for field values of struct #Param::CoreIndex(F-12004)
08-30 00:52:15.246 1435 1522 D C2SoftHevcEnc: Given level 6000 does not cover current configuration: adjusting to 6001
08-30 00:52:15.246 1894 2379 D bt_hci : update_command_response_timer command_response_timer not scheduled
08-30 00:52:15.246 1894 2372 D bt_hci : update_command_response_timer command_response_timer not scheduled
08-30 00:52:15.246 824 2543 D vendor.qti.bluetooth@1.0-data_handler: operator(): Resetting Rx thread stuck prop
08-30 00:52:15.248 1327 1427 I Codec2InfoBuilder: adding type 'video/hevc'
08-30 00:52:15.249 824 2381 D vendor.qti.bluetooth@1.0-data_handler: operator(): init thread exited now
08-30 00:52:15.249 1085 1192 I EthernetTracker: interfaceLinkStateChanged, iface: wifi-aware0, up: false
08-30 00:52:15.252 1006 1156 E QC2CompStore: Failed to locate interface with name c2.android.mp3.decoder
08-30 00:52:15.252 1435 1523 V C2Store : in init
08-30 00:52:15.252 1435 1523 V C2Store : loading dll
08-30 00:52:15.254 1435 1522 V C2Store : in ~ComponentModule
08-30 00:52:15.254 1435 1522 V C2Store : unloading dll
08-30 00:52:15.257 1327 1427 I Codec2InfoBuilder: adding type 'audio/mpeg'
08-30 00:52:15.258 824 2543 D vendor.qti.bluetooth@1.0-data_handler: operator(): Resetting Rx thread stuck prop completed
08-30 00:52:15.258 1006 1156 E QC2CompStore: Failed to locate interface with name c2.android.mpeg2.decoder
08-30 00:52:15.259 1435 1523 V C2Store : in ~ComponentModule
08-30 00:52:15.259 1435 1523 V C2Store : unloading dll
08-30 00:52:15.259 1435 2542 V C2Store : in init
08-30 00:52:15.259 1435 2542 V C2Store : loading dll
08-30 00:52:15.263 1327 1427 D Codec2InfoBuilder: codec entry for 'c2.android.mpeg2.decoder' is disabled
