08-30 00:52:21.077 1085 1192 I EthernetTracker: interfaceLinkStateChanged, iface: vlan1, up: true
01-01 08:15:28.669 0 0 D mv2112_update_link: 3.0x901(1G): 0x4
01-01 08:15:28.669 0 0 D mv2112_update_link: 3.0x8109(100M): 0x8
01-01 08:15:28.669 0 0 D mv2112_update_link: link 0x4
01-01 08:15:28.669 0 0 D mv2112_read_status: autoneg is disabled
08-30 00:52:21.108 3186 3186 D ApplicationLoaders: Returning zygote-cached class loader: /system/framework/android.test.base.jar
08-30 00:52:21.109 3186 3186 D ApplicationLoaders: Returning zygote-cached class loader: /system/framework/android.hidl.manager-V1.0-java.jar
08-30 00:52:21.109 3186 3186 D ApplicationLoaders: Returning zygote-cached class loader: /system/framework/android.hidl.base-V1.0-java.jar
08-30 00:52:21.125 1511 1529 D LOWI-9.0.0.87.a: [LOWINetlinkSocketReceiver] unpackRTMLinkMessage: RTM_NEWLINK - ifname vlan1, flags 0x11043 ([UP][RUNNING])
08-30 00:52:21.129 1085 1192 I EthernetTracker: interfaceLinkStateChanged, iface: vlan1, up: true
08-30 00:52:21.130 2788 3110 I ThermalEngine: Thermal-Server: Adding thermal log/rule listener on fd 8
08-30 00:52:21.138 982 1001 W ANDR-PERF-LM: FeatureState: writeState() 188: GameOptimization: State transition not allowed
08-30 00:52:21.138 982 1001 W ANDR-PERF-LM: FeatureState: writeState() 188: GameOptimization: State transition not allowed
08-30 00:52:21.138 982 1001 W ANDR-PERF-LM: FeatureState: writeState() 188: GameOptimization: State transition not allowed
08-30 00:52:21.139 2788 3110 I ThermalEngine: Thermal-Server: Thermal received msg from config_query
08-30 00:52:21.139 2788 3110 I ThermalEngine: Thermal-Server: total num of config queried 0
08-30 00:52:21.139 982 3210 I Thermal-Lib: Thermal-Lib-Client: Client config query request sent config_query 0
08-30 00:52:21.140 982 3210 I Thermal-Lib: Thermal-Lib-Client:recv_and_extract_packet: Client received msg config_query 8
08-30 00:52:21.172 982 1001 E ANDR-PERF-LM: AdaptiveLaunch: AdaptLaunchFeature() 74: Fast Loader enabled = 0 TapEventIgnore Status 1
08-30 00:52:21.182 1511 1529 D LOWI-9.0.0.87.a: [LOWINetlinkSocketReceiver] unpackRTMLinkMessage: RTM_NEWLINK - ifname vlan1, flags 0x11043 ([UP][RUNNING])
08-30 00:52:21.183 1085 1192 I EthernetTracker: interfaceLinkStateChanged, iface: vlan1, up: true
08-30 00:52:21.207 982 1000 E ANDR-PERF-TARGET: Error: Invalid cluster id 1
08-30 00:52:21.207 982 1000 E ANDR-PERF-TARGET: Error: Invalid cluster id 1
08-30 00:52:21.207 982 1000 E ANDR-PERF-TARGET: Error: Invalid cluster id 2
08-30 00:52:21.207 982 1000 E ANDR-PERF-TARGET: Error: Invalid cluster id 2
08-30 00:52:21.208 982 1000 E ANDR-PERF-HINTEXT: FPS Switch Hysteresis time < 1 secs, ignore it
08-30 00:52:21.216 3186 3186 I Perf : Connecting to perf service.
08-30 00:52:21.220 559 559 I vold : Bind mounting /mnt/runtime/default/emulated/0/Android/data on /mnt/user/0/emulated/0/Android/data
08-30 00:52:21.224 974 974 I HidlServiceManagement: Registered vendor.qti.hardware.iop@2.0::IIop/default (start delay of 21621ms)
08-30 00:52:21.226 974 974 I HidlServiceManagement: Removing namespace from process name vendor.qti.hardware.iop@2.0-service to iop@2.0-service.
08-30 00:52:21.230 974 974 E vendor.qti.hardware.iop@2.0-service: Registered IIop HAL service success!
08-30 00:52:21.233 3186 3186 V GraphicsEnvironment: ANGLE Developer option for 'com.qualcomm.qti.qmmi' set to: 'default'
08-30 00:52:21.235 3186 3186 V GraphicsEnvironment: ANGLE GameManagerService for com.qualcomm.qti.qmmi: false
08-30 00:52:21.235 559 559 I vold : Bind mounted /mnt/runtime/default/emulated/0/Android/data on /mnt/user/0/emulated/0/Android/data
08-30 00:52:21.235 559 559 I vold : Bind mounting /mnt/runtime/default/emulated/0/Android/obb on /mnt/user/0/emulated/0/Android/obb
08-30 00:52:21.238 3186 3186 D NetworkSecurityConfig: No Network Security Config specified, using platform default
08-30 00:52:21.239 3186 3186 D NetworkSecurityConfig: No Network Security Config specified, using platform default
08-30 00:52:21.242 559 559 I vold : Bind mounted /mnt/runtime/default/emulated/0/Android/obb on /mnt/user/0/emulated/0/Android/obb
08-30 00:52:21.242 559 559 I vold : Bind mounting /mnt/runtime/write/emulated/0/Android/obb on /mnt/installer/0/emulated/0/Android/obb
08-30 00:52:21.249 559 559 I vold : Bind mounted /mnt/runtime/write/emulated/0/Android/obb on /mnt/installer/0/emulated/0/Android/obb
08-30 00:52:21.249 559 559 I vold : Configuring read_ahead of /mnt/user/0/emulated fuse filesystem to 256kb
08-30 00:52:21.249 559 559 I vold : Writing 256 to /sys/class/bdi/0:89/read_ahead_kb
08-30 00:52:21.250 559 559 I vold : Configuring max_ratio of /mnt/user/0/emulated fuse filesystem to 40
08-30 00:52:21.250 559 559 I vold : Writing 40 to /sys/class/bdi/0:89/max_ratio
08-30 00:52:21.251 1085 1706 I StorageManagerService: Mounted volume VolumeInfo{emulated;0}:
08-30 00:52:21.251 1085 1706 I StorageManagerService: type=EMULATED diskId=null partGuid= mountFlags=PRIMARY|VISIBLE
08-30 00:52:21.251 1085 1706 I StorageManagerService: mountUserId=0 state=MOUNTED
08-30 00:52:21.251 1085 1706 I StorageManagerService: fsType=null fsUuid=null fsLabel=null
08-30 00:52:21.251 1085 1706 I StorageManagerService: path=/storage/emulated internalPath=/data/media
08-30 00:52:21.253 1085 1706 I StorageSessionController: Notifying volume state changed for session with id: emulated;0
08-30 00:52:21.257 1054 2645 I SmoMo : DisplayExtnImpl::HandleTid: Successfully sent SF TID:2515. ret = -2
08-30 00:52:21.258 1054 2645 I SmoMo : DisplayExtnImpl::HandleTid: Successfully sent RE TID:1118. ret = -2
08-30 00:52:21.261 2981 3090 V MediaStore: Examining volume emulated;0 with name external_primary and state mounted
08-30 00:52:21.265 1085 1706 I StorageSessionController: Notifying volume state changed for session with id: emulated;0
08-30 00:52:21.266 2981 3090 I ExternalStorageServiceImpl: Ignoring volume state for vol:external_primary. State: checking
08-30 00:52:21.270 2981 3090 V MediaStore: Examining volume emulated;0 with name external_primary and state mounted
08-30 00:52:21.270 3186 3186 I Qmmi : [Utils.java] [getSystemProperties] ro.bootmode=unknown
08-30 00:52:21.271 3186 3186 I Qmmi : [QmmiReceiver.java] [onReceive] bootmode:unknown
08-30 00:52:21.276 1085 1886 D CompatibilityChangeReporter: Compat change id reported: 168419799; UID 10064; state: DISABLED
08-30 00:52:21.276 1085 1886 D CompatibilityInfo: mCompatibilityFlags - 4
08-30 00:52:21.276 1085 1886 D CompatibilityInfo: applicationDensity - 240
08-30 00:52:21.277 1085 1886 D CompatibilityInfo: applicationScale - 1.0
08-30 00:52:21.281 1085 1706 I StorageSessionController: Notifying volume state changed for session with id: emulated;0
08-30 00:52:21.282 2269 2269 D DeviceStatisticsBootReceiver: Boot complete received. Start DeviceStatisticsService
08-30 00:52:21.285 1085 1883 D CompatibilityInfo: mCompatibilityFlags - 4
08-30 00:52:21.285 1085 1883 D CompatibilityInfo: applicationDensity - 240
08-30 00:52:21.285 1085 1883 D CompatibilityInfo: applicationScale - 1.0
08-30 00:52:21.285 2981 2981 V MediaStore: Examining volume emulated;0 with name external_primary and state mounted
08-30 00:52:21.289 2269 2269 D DeviceStatisticsService: Service started
08-30 00:52:21.291 2269 2269 D AndroidRuntime: Shutting down VM
08-30 00:52:21.292 2269 2269 E AndroidRuntime: FATAL EXCEPTION: main
08-30 00:52:21.292 2269 2269 E AndroidRuntime: Process: com.qualcomm.qti.devicestatisticsservice, PID: 2269
08-30 00:52:21.292 2269 2269 E AndroidRuntime: java.lang.NoClassDefFoundError: Failed resolution of: Landroid/hidl/manager/V1_0/IServiceNotification$Stub;
08-30 00:52:21.292 2269 2269 E AndroidRuntime: at com.qualcomm.qti.devicestatisticsservice.DeviceStatisticsService.onStartCommand(DeviceStatisticsService.java:83)
08-30 00:52:21.292 2269 2269 E AndroidRuntime: at android.app.ActivityThread.handleServiceArgs(ActivityThread.java:4640)
08-30 00:52:21.292 2269 2269 E AndroidRuntime: at android.app.ActivityThread.access$2000(ActivityThread.java:248)
08-30 00:52:21.292 2269 2269 E AndroidRuntime: at android.app.ActivityThread$H.handleMessage(ActivityThread.java:2092)
08-30 00:52:21.292 2269 2269 E AndroidRuntime: at android.os.Handler.dispatchMessage(Handler.java:106)
08-30 00:52:21.292 2269 2269 E AndroidRuntime: at android.os.Looper.loopOnce(Looper.java:201)
08-30 00:52:21.292 2269 2269 E AndroidRuntime: at android.os.Looper.loop(Looper.java:288)
08-30 00:52:21.292 2269 2269 E AndroidRuntime: at android.app.ActivityThread.main(ActivityThread.java:7880)
08-30 00:52:21.292 2269 2269 E AndroidRuntime: at java.lang.reflect.Method.invoke(Native Method)
08-30 00:52:21.292 2269 2269 E AndroidRuntime: at com.android.internal.os.RuntimeInit$MethodAndArgsCaller.run(RuntimeInit.java:548)
08-30 00:52:21.292 2269 2269 E AndroidRuntime: at com.android.internal.os.ZygoteInit.main(ZygoteInit.java:1009)
08-30 00:52:21.292 2269 2269 E AndroidRuntime: Caused by: java.lang.ClassNotFoundException: android.hidl.manager.V1_0.IServiceNotification$Stub
08-30 00:52:21.292 2269 2269 E AndroidRuntime: ... 11 more
08-30 00:52:21.294 1085 1883 D CompatibilityInfo: mCompatibilityFlags - 4
08-30 00:52:21.294 1085 1883 D CompatibilityInfo: applicationDensity - 240
08-30 00:52:21.294 1085 1883 D CompatibilityInfo: applicationScale - 1.0
08-30 00:52:21.294 1085 2429 I am_crash: [2269,0,com.qualcomm.qti.devicestatisticsservice,814235213,java.lang.ClassNotFoundException,android.hidl.manager.V1_0.IServiceNotification$Stub,DeviceStatisticsService.java,83]
08-30 00:52:21.298 2981 3090 V MediaStore: Examining volume emulated;0 with name external_primary and state mounted
08-30 00:52:21.298 1914 1914 D KeyguardViewMediator: adjustStatusBarLocked: mShowing=false mOccluded=false isSecure=false force=false --> flags=0x0
08-30 00:52:21.301 1085 3230 I DropBoxManagerService: add tag=system_app_crash isTagEnabled=true flags=0x2
08-30 00:52:21.302 1085 1886 D CompatibilityChangeReporter: Compat change id reported: 168419799; UID 1000; state: DISABLED
08-30 00:52:21.302 1085 1886 D CompatibilityInfo: mCompatibilityFlags - 4
08-30 00:52:21.302 1085 1886 D CompatibilityInfo: applicationDensity - 240
08-30 00:52:21.302 1085 1886 D CompatibilityInfo: applicationScale - 1.0
08-30 00:52:21.306 1085 2429 I sysui_multi_action: [757,316,758,4,759,-1]
08-30 00:52:21.307 2269 2269 I Process : Sending signal. PID: 2269 SIG: 9
08-30 00:52:21.310 1085 1706 D StorageManagerService: Volume emulated;0 broadcasting mounted to UserHandle{0}
08-30 00:52:21.312 1085 1706 D StorageManagerService: Volume emulated;0 broadcasting mounted to UserHandle{0}
08-30 00:52:21.313 1315 1711 D installd: Found quota mount /dev/block/dm-6 at /data
08-30 00:52:21.314 1315 1711 D installd: Found quota mount /dev/block/dm-6 at /data/user/0
08-30 00:52:21.321 1315 1711 D installd: Found storage mount /data/media at /mnt/pass_through/0/emulated
08-30 00:52:21.323 2981 2981 V MediaStore: Examining volume emulated;0 with name external_primary and state mounted
08-30 00:52:21.328 2981 2981 V MediaStore: Examining volume emulated;0 with name external_primary and state mounted
08-30 00:52:21.331 1085 1085 D NetworkSecurityConfig: No Network Security Config specified, using platform default
08-30 00:52:21.334 1085 1085 E BootReceiver: Could not open /sys/kernel/tracing/instances/bootreceiver/trace_pipe
08-30 00:52:21.334 1085 1085 E BootReceiver: android.system.ErrnoException: open failed: ENOENT (No such file or directory)
08-30 00:52:21.334 1085 1085 E BootReceiver: at libcore.io.Linux.open(Native Method)
08-30 00:52:21.334 1085 1085 E BootReceiver: at libcore.io.ForwardingOs.open(ForwardingOs.java:567)
08-30 00:52:21.334 1085 1085 E BootReceiver: at libcore.io.BlockGuardOs.open(BlockGuardOs.java:273)
08-30 00:52:21.334 1085 1085 E BootReceiver: at android.system.Os.open(Os.java:501)
08-30 00:52:21.334 1085 1085 E BootReceiver: at com.android.server.BootReceiver.onReceive(BootReceiver.java:167)
08-30 00:52:21.334 1085 1085 E BootReceiver: at android.app.ActivityThread.handleReceiver(ActivityThread.java:4309)
08-30 00:52:21.334 1085 1085 E BootReceiver: at android.app.ActivityThread.access$1600(ActivityThread.java:248)
08-30 00:52:21.334 1085 1085 E BootReceiver: at android.app.ActivityThread$H.handleMessage(ActivityThread.java:2065)
08-30 00:52:21.334 1085 1085 E BootReceiver: at android.os.Handler.dispatchMessage(Handler.java:106)
08-30 00:52:21.334 1085 1085 E BootReceiver: at android.os.Looper.loopOnce(Looper.java:201)
08-30 00:52:21.334 1085 1085 E BootReceiver: at android.os.Looper.loop(Looper.java:288)
08-30 00:52:21.334 1085 1085 E BootReceiver: at com.android.server.SystemServer.run(SystemServer.java:907)
08-30 00:52:21.334 1085 1085 E BootReceiver: at com.android.server.SystemServer.main(SystemServer.java:614)
08-30 00:52:21.334 1085 1085 E BootReceiver: at java.lang.reflect.Method.invoke(Native Method)
08-30 00:52:21.334 1085 1085 E BootReceiver: at com.android.internal.os.RuntimeInit$MethodAndArgsCaller.run(RuntimeInit.java:548)
08-30 00:52:21.334 1085 1085 E BootReceiver: at com.android.internal.os.ZygoteInit.main(ZygoteInit.java:987)
08-30 00:52:21.335 1085 1211 I am_wtf : [0,1085,system_server,-1,BootReceiver,open failed: ENOENT (No such file or directory)]
08-30 00:52:21.337 1085 1211 I DropBoxManagerService: add tag=system_server_wtf isTagEnabled=true flags=0x2
08-30 00:52:21.343 1085 1085 D CompatibilityInfo: mCompatibilityFlags - 4
08-30 00:52:21.344 1085 1085 D CompatibilityInfo: applicationDensity - 240
08-30 00:52:21.344 1085 1085 D CompatibilityInfo: applicationScale - 1.0
08-30 00:52:21.353 2981 3236 I MediaProvider: Begin Intent { act=com.android.providers.media.action.SCAN_VOLUME (has extras) }
08-30 00:52:21.356 1085 3234 I RecoverySystem: No recovery log file
08-30 00:52:21.367 1085 3234 I DropBoxManagerService: add tag=SYSTEM_BOOT isTagEnabled=true flags=0x2
08-30 00:52:21.371 1085 3234 I BootReceiver: Copying audit failures to DropBox
08-30 00:52:21.374 1085 3234 I BootReceiver: Checking for fsck errors
08-30 00:52:21.377 1085 3234 I BootReceiver: fs_stat, partition:persist stat:0x3
08-30 00:52:21.377 1085 3234 I BootReceiver: fs_stat, partition:dsp_a stat:0x3
08-30 00:52:21.384 1511 1529 D LOWI-9.0.0.87.a: [LOWINetlinkSocketReceiver] unpackRTMLinkMessage: RTM_NEWLINK - ifname vlan2, flags 0x11043 ([UP][RUNNING])
08-30 00:52:21.387 1085 3234 I sysui_multi_action: [757,804,799,shutdown_activity_manager,801,897,802,1]
08-30 00:52:21.387 1085 3234 I sysui_multi_action: [757,804,799,shutdown_radios,801,2,802,1]
08-30 00:52:21.387 1085 3234 I sysui_multi_action: [757,804,799,shutdown_send_shutdown_broadcast,801,130,802,1]
08-30 00:52:21.387 1085 3234 I sysui_multi_action: [757,804,799,shutdown_system_server,801,1055,802,1]
08-30 00:52:21.387 1085 3234 I sysui_multi_action: [757,804,799,shutdown_package_manager,801,15,802,1]
08-30 00:52:21.390 1085 1192 I EthernetTracker: interfaceLinkStateChanged, iface: vlan2, up: true
08-30 00:52:21.391 2981 3236 V MediaProvider: onConfigure() for internal.db
08-30 00:52:21.394 2981 3236 V MediaProvider: onOpen() for internal.db
08-30 00:52:21.394 1085 3234 I commit_sys_config_file: [log-files,6]
08-30 00:52:21.394 2981 3236 V MediaProvider: onOpen() finished for internal.db
08-30 00:52:21.399 2981 3236 W ModernMediaScanner: Failed to visit /system/media: java.nio.file.NoSuchFileException: /system/media
08-30 00:52:21.400 1085 3234 I am_uid_running: 10020
08-30 00:52:21.401 1085 3234 D CompatibilityChangeReporter: Compat change id reported: 135634846; UID 10020; state: DISABLED
08-30 00:52:21.401 1085 3234 D CompatibilityChangeReporter: Compat change id reported: 177438394; UID 10020; state: DISABLED
08-30 00:52:21.401 1085 1883 D CompatibilityChangeReporter: Compat change id reported: 149924527; UID 10099; state: ENABLED
08-30 00:52:21.401 1085 3234 D CompatibilityChangeReporter: Compat change id reported: 135772972; UID 10020; state: DISABLED
08-30 00:52:21.401 1085 3234 D CompatibilityChangeReporter: Compat change id reported: 135754954; UID 10020; state: ENABLED
08-30 00:52:21.402 2037 2037 D NetworkSecurityConfig: No Network Security Config specified, using platform default
08-30 00:52:21.403 2037 2037 W nsconfig: .dataservices: New config does not match the previously set config.
08-30 00:52:21.403 1085 1883 D CompatibilityChangeReporter: Compat change id reported: 132649864; UID 10099; state: DISABLED
08-30 00:52:21.404 2037 2037 D DpmServiceAppReceiver: Received Intent Intent { act=android.intent.action.BOOT_COMPLETED flg=0x89000010 cmp=com.qti.dpmserviceapp/.DpmServiceAppReceiver (has extras) }
08-30 00:52:21.404 1085 1212 D CompatibilityChangeReporter: Compat change id reported: 143937733; UID 10020; state: ENABLED
08-30 00:52:21.408 1085 2429 D CompatibilityInfo: mCompatibilityFlags - 4
08-30 00:52:21.408 1085 2429 D CompatibilityInfo: applicationDensity - 240
08-30 00:52:21.408 1085 2429 D CompatibilityInfo: applicationScale - 1.0
08-30 00:52:21.410 1085 1883 I ActivityManager: Process com.qualcomm.qti.devicestatisticsservice (pid 2269) has died: pers PER
08-30 00:52:21.411 1085 1883 I am_proc_died: [0,2269,com.qualcomm.qti.devicestatisticsservice,-800,0]
08-30 00:52:21.411 2037 2037 D DpmServiceAppReceiver: DpmService Auto Boot Started Successfully
08-30 00:52:21.412 1085 1215 I libprocessgroup: Successfully killed process cgroup uid 10064 pid 2269 in 0ms
08-30 00:52:21.413 2037 2037 D DpmServiceApp: Mwqem feature is disabled
08-30 00:52:21.413 2037 2037 D DpmServiceApp: dpmd system daemon is enabled
08-30 00:52:21.413 2037 2037 D DpmServiceApp: start dpm system service
08-30 00:52:21.413 1085 1883 W ActivityManager: Scheduling restart of crashed service com.qualcomm.qti.devicestatisticsservice/.DeviceStatisticsService in 0ms for persistent
08-30 00:52:21.413 1085 1883 I am_schedule_service_restart: [0,com.qualcomm.qti.devicestatisticsservice/.DeviceStatisticsService,0]
08-30 00:52:21.414 1085 1883 I am_uid_stopped: 10064
08-30 00:52:21.414 1085 1883 W ActivityManager: Re-adding persistent process ProcessRecord{b3bd640 2269:com.qualcomm.qti.devicestatisticsservice/u0a64}
08-30 00:52:21.415 1085 1883 I am_uid_running: 10064
08-30 00:52:21.417 1085 1882 D CompatibilityChangeReporter: Compat change id reported: 182734110; UID 10099; state: DISABLED
08-30 00:52:21.419 1085 1883 D CompatibilityChangeReporter: Compat change id reported: 135634846; UID 10064; state: DISABLED
08-30 00:52:21.419 1085 1883 D CompatibilityChangeReporter: Compat change id reported: 177438394; UID 10064; state: DISABLED
08-30 00:52:21.420 1085 1883 D CompatibilityChangeReporter: Compat change id reported: 135772972; UID 10064; state: DISABLED
08-30 00:52:21.420 1085 1883 D CompatibilityChangeReporter: Compat change id reported: 135754954; UID 10064; state: ENABLED
08-30 00:52:21.421 2037 2037 E DPMJ : |SERVICE| DPM SERVICE REGISTER SERVICE FOR NETWORK CHANGE.
08-30 00:52:21.422 1085 1883 I am_uid_active: 10064
08-30 00:52:21.426 1511 1529 D LOWI-9.0.0.87.a: [LOWINetlinkSocketReceiver] unpackRTMLinkMessage: RTM_NEWLINK - ifname vlan2, flags 0x11043 ([UP][RUNNING])
08-30 00:52:21.427 1085 2429 D CompatibilityInfo: mCompatibilityFlags - 4
08-30 00:52:21.427 1085 2429 D CompatibilityInfo: applicationDensity - 240
08-30 00:52:21.427 1085 2429 D CompatibilityInfo: applicationScale - 1.0
08-30 00:52:21.427 1085 1192 I EthernetTracker: interfaceLinkStateChanged, iface: vlan2, up: true
08-30 00:52:21.436 2981 3236 I MediaProvider: Scanned internal due to REASON_MOUNTED, found 0 items in 42ms, 0 inserts 0 updates 0 deletes
08-30 00:52:21.439 2981 3236 W ModernMediaScanner: Failed to visit /oem/media: java.nio.file.NoSuchFileException: /oem/media
08-30 00:52:21.440 2981 3236 I MediaProvider: Scanned internal due to REASON_MOUNTED, found 0 items in 1ms, 0 inserts 0 updates 0 deletes
08-30 00:52:21.441 1085 1882 D TelephonyRegistry: listen oscl: mHasNotifySubscriptionInfoChangedOccurred==false no callback
08-30 00:52:21.444 2037 3241 I DPMJ : |REQ:RCVR| DPM creating socket
08-30 00:52:21.445 2037 3241 I DPMJ : |REQ:RCVR| Connected to 'dpmd' socket
08-30 00:52:21.453 2037 3241 I DPMJ : |SERVICE| DPM_S_RSP_GET_FEATURE_STATUS
08-30 00:52:21.456 1085 1882 D ConnectivityService: requestNetwork for uid/pid:1001/2037 activeRequest: null callbackRequest: 28 [NetworkRequest [ REQUEST id=29, [ Capabilities: INTERNET&NOT_RESTRICTED&TRUSTED&NOT_VCN_MANAGED Uid: 1001 RequestorUid: 1001 RequestorPkg: com.qti.dpmserviceapp] ]] callback flags: 0 priority: 2147483647
08-30 00:52:21.457 1085 1754 D ConnectivityService: NetReassign [29 : null → 100]
08-30 00:52:21.458 1085 1744 D UntrustedWifiNetworkFactory: got request NetworkRequest [ REQUEST id=29, [ Capabilities: INTERNET&NOT_RESTRICTED&TRUSTED&NOT_VCN_MANAGED Uid: 1001 RequestorUid: 1001 RequestorPkg: com.qti.dpmserviceapp] ]
08-30 00:52:21.459 1085 1209 I am_meminfo: [1187442688,4189896704,12288,855896064,670894080]
08-30 00:52:21.459 1085 1744 D OemPaidWifiNetworkFactory: got request NetworkRequest [ REQUEST id=29, [ Capabilities: INTERNET&NOT_RESTRICTED&TRUSTED&NOT_VCN_MANAGED Uid: 1001 RequestorUid: 1001 RequestorPkg: com.qti.dpmserviceapp] ]
08-30 00:52:21.459 1085 1869 D Ethernet: got request NetworkRequest [ REQUEST id=29, [ Capabilities: INTERNET&NOT_RESTRICTED&TRUSTED&NOT_VCN_MANAGED Uid: 1001 RequestorUid: 1001 RequestorPkg: com.qti.dpmserviceapp] ]
08-30 00:52:21.459 1085 1869 D EthernetNetworkFactory: acceptRequest, request: NetworkRequest [ REQUEST id=29, [ Capabilities: INTERNET&NOT_RESTRICTED&TRUSTED&NOT_VCN_MANAGED Uid: 1001 RequestorUid: 1001 RequestorPkg: com.qti.dpmserviceapp] ]
08-30 00:52:21.461 1085 1869 I EthernetNetworkFactory: networkForRequest, request: NetworkRequest [ REQUEST id=29, [ Capabilities: INTERNET&NOT_RESTRICTED&TRUSTED&NOT_VCN_MANAGED Uid: 1001 RequestorUid: 1001 RequestorPkg: com.qti.dpmserviceapp] ], network: NetworkInterfaceState{ refCount: 5, iface: eth0, up: true, hwAddress: 00:80:0f:74:31:00, networkCapabilities: [ Transports: ETHERNET Capabilities: NOT_METERED&INTERNET&NOT_RESTRICTED&TRUSTED&NOT_VPN&NOT_ROAMING&NOT_CONGESTED&NOT_SUSPENDED&NOT_VCN_MANAGED LinkUpBandwidth>=100000Kbps LinkDnBandwidth>=100000Kbps], networkAgent: com.android.server.ethernet.EthernetNetworkFactory$NetworkInterfaceState$1@2bed5cd, score: 70, ipClient: android.net.ip.IIpClient$Stub$Proxy@6d93eb0,linkProperties: {InterfaceName: eth0 LinkAddresses: [ fe80::9f5c:a99d:246d:f633/64,192.168.1.100/24 ] DnsAddresses: [ /192.168.1.1 ] Domains: null MTU: 0 ServerAddress: /192.168.1.1 TcpBufferSizes: 524288,1048576,3145728,524288,1048576,2097152 Routes: [ fe80::/64 -> :: eth0 mtu 0,192.168.1.0/24 -> 0.0.0.0 eth0 mtu 0,0.0.0.0/0 -> 192.168.1.1 eth0 mtu 0 ]}}
08-30 00:52:21.461 1085 1869 I EthernetNetworkFactory: networkForRequest, request: NetworkRequest [ REQUEST id=29, [ Capabilities: INTERNET&NOT_RESTRICTED&TRUSTED&NOT_VCN_MANAGED Uid: 1001 RequestorUid: 1001 RequestorPkg: com.qti.dpmserviceapp] ], network: NetworkInterfaceState{ refCount: 5, iface: eth0, up: true, hwAddress: 00:80:0f:74:31:00, networkCapabilities: [ Transports: ETHERNET Capabilities: NOT_METERED&INTERNET&NOT_RESTRICTED&TRUSTED&NOT_VPN&NOT_ROAMING&NOT_CONGESTED&NOT_SUSPENDED&NOT_VCN_MANAGED LinkUpBandwidth>=100000Kbps LinkDnBandwidth>=100000Kbps], networkAgent: com.android.server.ethernet.EthernetNetworkFactory$NetworkInterfaceState$1@2bed5cd, score: 70, ipClient: android.net.ip.IIpClient$Stub$Proxy@6d93eb0,linkProperties: {InterfaceName: eth0 LinkAddresses: [ fe80::9f5c:a99d:246d:f633/64,192.168.1.100/24 ] DnsAddresses: [ /192.168.1.1 ] Domains: null MTU: 0 ServerAddress: /192.168.1.1 TcpBufferSizes: 524288,1048576,3145728,524288,1048576,2097152 Routes: [ fe80::/64 -> :: eth0 mtu 0,192.168.1.0/24 -> 0.0.0.0 eth0 mtu 0,0.0.0.0/0 -> 192.168.1.1 eth0 mtu 0 ]}}
08-30 00:52:21.465 1085 1882 D CompatibilityInfo: mCompatibilityFlags - 4
08-30 00:52:21.465 1085 1882 D CompatibilityInfo: applicationDensity - 240
08-30 00:52:21.465 1085 1882 D CompatibilityInfo: applicationScale - 1.0
08-30 00:52:21.467 2880 2880 D SysHelperService: Service started flags 0 startId 1
08-30 00:52:21.467 1085 2429 D CompatibilityChangeReporter: Compat change id reported: 135634846; UID 1000; state: DISABLED
08-30 00:52:21.468 1085 2429 D CompatibilityChangeReporter: Compat change id reported: 177438394; UID 1000; state: DISABLED
08-30 00:52:21.468 1085 2429 D CompatibilityChangeReporter: Compat change id reported: 135772972; UID 1000; state: DISABLED
08-30 00:52:21.468 1085 2429 D CompatibilityChangeReporter: Compat change id reported: 135754954; UID 1000; state: ENABLED
08-30 00:52:21.468 2037 2037 I TetheringManager: registerTetheringEventCallback:com.qti.dpmserviceapp
01-01 08:15:29.051 0 0 I binder : 2880:3243 ioctl 40046210 6ce9d23604 returned -22
08-30 00:52:21.470 2880 3243 D hw-ProcessState: Binder ioctl to enable oneway spam detection failed: Invalid argument
08-30 00:52:21.471 2880 3243 D mhelper_servic: SystemEvent interface registering.
08-30 00:52:21.480 2880 3243 I HidlServiceManagement: Registered vendor.qti.hardware.systemhelper@1.0::ISystemEvent/default
08-30 00:52:21.481 1511 1529 D LOWI-9.0.0.87.a: [LOWINetlinkSocketReceiver] unpackRTMLinkMessage: RTM_NEWLINK - ifname vlan2, flags 0x11043 ([UP][RUNNING])
08-30 00:52:21.481 2880 3243 D mhelper_servic: SystemResource interface registering.
08-30 00:52:21.482 1085 1192 I EthernetTracker: interfaceLinkStateChanged, iface: vlan2, up: true
08-30 00:52:21.482 684 684 D Zygote : Forked child process 3246
08-30 00:52:21.483 2880 3243 I HidlServiceManagement: Registered vendor.qti.hardware.systemhelper@1.0::ISystemResource/default
08-30 00:52:21.484 2880 3243 D mhelper_servic: Successfully registered for both SystemEvent and SystemResource 1.0 interfaces
08-30 00:52:21.484 1085 1209 I am_pss : [2405,10079,com.android.launcher3,96320512,78880768,0,228315136,2,2,15]
08-30 00:52:21.485 684 684 I Zygote : Process 2269 exited due to signal 9 (Killed)
08-30 00:52:21.486 1085 1212 W ActivityManager: Slow operation: 86ms so far, now at startProcess: returned from zygote!
08-30 00:52:21.487 1085 1212 W ActivityManager: Slow operation: 87ms so far, now at startProcess: done updating battery stats
08-30 00:52:21.487 1085 1212 I am_proc_start: [0,3246,10020,android.process.media,content provider,{com.android.providers.downloads/com.android.providers.downloads.DownloadProvider}]
08-30 00:52:21.487 1085 1212 W ActivityManager: Slow operation: 87ms so far, now at startProcess: building log message
08-30 00:52:21.487 1085 1212 I ActivityManager: Start proc 3246:android.process.media/u0a20 for content provider {com.android.providers.downloads/com.android.providers.downloads.DownloadProvider}
08-30 00:52:21.487 1085 1212 W ActivityManager: Slow operation: 87ms so far, now at startProcess: starting to update pids map
08-30 00:52:21.489 1085 1212 W ActivityManager: Slow operation: 89ms so far, now at startProcess: done updating pids map
08-30 00:52:21.490 1085 1212 W ActivityManager: Slow operation: 75ms so far, now at startProcess: asking zygote to start proc
08-30 00:52:21.490 1085 1212 D CompatibilityChangeReporter: Compat change id reported: 143937733; UID 10064; state: ENABLED
08-30 00:52:21.493 1085 2552 D BufferPoolAccessor2.0: bufferpool2 0xb400006de4118958 : 0(0 size) total buffers - 0(0 size) used buffers - 3/7 (recycle/alloc) - 4/34 (fetch/transfer)
08-30 00:52:21.493 1085 2552 D BufferPoolAccessor2.0: bufferpool2 0xb400006de4122448 : 0(0 size) total buffers - 0(0 size) used buffers - 3/7 (recycle/alloc) - 8/24 (fetch/transfer)
08-30 00:52:21.493 1085 2552 D BufferPoolAccessor2.0: bufferpool2 0xb400006de411e828 : 0(0 size) total buffers - 0(0 size) used buffers - 2/7 (recycle/alloc) - 4/34 (fetch/transfer)
08-30 00:52:21.493 1085 2552 D BufferPoolAccessor2.0: bufferpool2 0xb400006de411ecc8 : 0(0 size) total buffers - 0(0 size) used buffers - 3/7 (recycle/alloc) - 6/18 (fetch/transfer)
08-30 00:52:21.493 1085 2552 D BufferPoolAccessor2.0: bufferpool2 0xb400006de411b0a8 : 0(0 size) total buffers - 0(0 size) used buffers - 2/7 (recycle/alloc) - 11/26 (fetch/transfer)
08-30 00:52:21.493 1085 2552 D BufferPoolAccessor2.0: evictor expired: 5, evicted: 5
08-30 00:52:21.502 1435 2517 D BufferPoolAccessor2.0: bufferpool2 0xb400007633fd6e78 : 0(0 size) total buffers - 0(0 size) used buffers - 7/10 (recycle/alloc) - 3/9 (fetch/transfer)
08-30 00:52:21.502 1435 2517 D BufferPoolAccessor2.0: bufferpool2 0xb400007633fd9a68 : 0(0 size) total buffers - 0(0 size) used buffers - 4/7 (recycle/alloc) - 3/6 (fetch/transfer)
08-30 00:52:21.502 1435 2517 D BufferPoolAccessor2.0: bufferpool2 0xb400007633fd95c8 : 0(0 size) total buffers - 0(0 size) used buffers - 14/17 (recycle/alloc) - 3/16 (fetch/transfer)
08-30 00:52:21.502 1435 2517 D BufferPoolAccessor2.0: bufferpool2 0xb400007633fd7ea8 : 0(0 size) total buffers - 0(0 size) used buffers - 15/16 (recycle/alloc) - 1/15 (fetch/transfer)
08-30 00:52:21.502 1435 2517 D BufferPoolAccessor2.0: bufferpool2 0xb400007633fd5bf8 : 0(0 size) total buffers - 0(0 size) used buffers - 9/11 (recycle/alloc) - 2/10 (fetch/transfer)
08-30 00:52:21.502 1435 2517 D BufferPoolAccessor2.0: bufferpool2 0xb400007633fd69d8 : 0(0 size) total buffers - 0(0 size) used buffers - 13/15 (recycle/alloc) - 2/14 (fetch/transfer)
08-30 00:52:21.502 1435 2517 D BufferPoolAccessor2.0: bufferpool2 0xb400007633fd9378 : 0(0 size) total buffers - 0(0 size) used buffers - 14/15 (recycle/alloc) - 1/14 (fetch/transfer)
08-30 00:52:21.503 1435 2517 D BufferPoolAccessor2.0: evictor expired: 7, evicted: 7
08-30 00:52:21.503 1085 1209 I am_pss : [2337,1000,com.android.settings,29505536,16969728,0,145793024,2,19,14]
08-30 00:52:21.508 658 670 I mpu_uart: [MSG-P:RECV]:No message received in 1000 ms
08-30 00:52:21.514 1085 1886 I dvm_lock_sample: [system_server,1,Binder:1085_8,26,ActivityManagerService.java,12468,android.content.Intent com.android.server.am.ActivityManagerService.registerReceiverWithFeature(android.app.IApplicationThread, java.lang.String, java.lang.String, java.lang.String, android.content.IIntentReceiver, android.content.IntentFilter, java.lang.String, int, int),,0,null,5]
08-30 00:52:21.515 1914 2562 D BufferPoolAccessor2.0: bufferpool2 0xb400006de41037b8 : 0(0 size) total buffers - 0(0 size) used buffers - 1/7 (recycle/alloc) - 6/18 (fetch/transfer)
08-30 00:52:21.515 1914 2562 D BufferPoolAccessor2.0: bufferpool2 0xb400006de41019a8 : 0(0 size) total buffers - 0(0 size) used buffers - 2/7 (recycle/alloc) - 5/38 (fetch/transfer)
08-30 00:52:21.515 1914 2562 D BufferPoolAccessor2.0: evictor expired: 2, evicted: 2
08-30 00:52:21.519 1085 1209 I am_pss : [2902,10090,com.qualcomm.qti.qccnetstat,7149568,4419584,0,92684288,2,0,11]
08-30 00:52:21.524 1085 2781 I backup_transport_lifecycle: [com.android.localtransport/.LocalTransportService,1]
08-30 00:52:21.535 1327 2546 I ExtendedUtils: printFileName fd(10) -> /product/media/audio/notifications/arcturus.ogg
08-30 00:52:21.538 1085 1209 I am_pss : [2880,10080,com.qualcomm.qti.services.systemhelper:systemhelper_service,7419904,4599808,0,94859264,2,0,15]
08-30 00:52:21.541 684 684 D Zygote : Forked child process 3249
08-30 00:52:21.542 1085 1212 W ActivityManager: Slow operation: 126ms so far, now at startProcess: returned from zygote!
08-30 00:52:21.542 1085 1212 W ActivityManager: Slow operation: 127ms so far, now at startProcess: done updating battery stats
08-30 00:52:21.542 1085 1212 I am_proc_start: [0,3249,10064,com.qualcomm.qti.devicestatisticsservice,restart,com.qualcomm.qti.devicestatisticsservice]
08-30 00:52:21.542 1085 1212 W ActivityManager: Slow operation: 127ms so far, now at startProcess: building log message
08-30 00:52:21.542 1085 1212 I ActivityManager: Start proc 3249:com.qualcomm.qti.devicestatisticsservice/u0a64 for restart com.qualcomm.qti.devicestatisticsservice
08-30 00:52:21.542 1085 1212 W ActivityManager: Slow operation: 127ms so far, now at startProcess: starting to update pids map
08-30 00:52:21.543 1085 1212 W ActivityManager: Slow operation: 128ms so far, now at startProcess: done updating pids map
08-30 00:52:21.543 1085 1212 W ActivityManager: Slow operation: 76ms so far, now at startProcess: asking zygote to start proc
08-30 00:52:21.555 1085 1209 I am_pss : [2841,10054,.pasr,6201344,3592192,0,89829376,2,0,12]
08-30 00:52:21.554 1319 3187 I MMParserExtractor: Created(0xb40000733a666930)
08-30 00:52:21.561 1615 1650 I adbd : jdwp connection from 3246
08-30 00:52:21.562 3246 3246 D ProcessState: Binder ioctl to enable oneway spam detection failed: Invalid argument
01-01 08:15:29.142 0 0 I binder : 3246:3246 ioctl 40046210 7fc01e2b14 returned -22
08-30 00:52:21.559 1319 3187 E MM_OSAL : FileSource::FileSource
08-30 00:52:21.564 1319 3187 E MM_OSAL : FileSource::FileSource m_bEveryThingOK 1
08-30 00:52:21.571 1085 1209 I am_pss : [2467,10088,com.qualcomm.qti.qccauthmgr,7358464,4395008,0,96468992,2,5,11]
08-30 00:52:21.572 1085 1886 I am_proc_bound: [0,3246,android.process.media]
08-30 00:52:21.574 1085 1886 D CompatibilityChangeReporter: Compat change id reported: 168419799; UID 10020; state: DISABLED
08-30 00:52:21.574 1085 1886 D CompatibilityInfo: mCompatibilityFlags - 4
08-30 00:52:21.574 1085 1886 D CompatibilityInfo: applicationDensity - 240
08-30 00:52:21.574 1085 1886 D CompatibilityInfo: applicationScale - 1.0
08-30 00:52:21.578 1085 1886 I am_uid_active: 10020
08-30 00:52:21.582 683 752 I netd : bandwidthAddNiceApp(10020) <0.12ms>
08-30 00:52:21.585 1511 1529 D LOWI-9.0.0.87.a: [LOWINetlinkSocketReceiver] unpackRTMLinkMessage: RTM_NEWLINK - ifname vlan2, flags 0x11043 ([UP][RUNNING])
08-30 00:52:21.586 1085 1192 I EthernetTracker: interfaceLinkStateChanged, iface: vlan2, up: true
08-30 00:52:21.588 1085 1209 I am_pss : [2790,10058,ts.car.uart,7100416,4534272,0,91574272,2,0,12]
08-30 00:52:21.596 3246 3246 D CompatibilityChangeReporter: Compat change id reported: 171979766; UID 10020; state: ENABLED
08-30 00:52:21.601 684 684 D Zygote : Forked child process 3264
01-01 08:15:29.212 0 0 I binder : 3249:3249 ioctl 40046210 7fc01e2b14 returned -22
08-30 00:52:21.602 1085 1212 W ActivityManager: Slow operation: 135ms so far, now at startProcess: returned from zygote!
08-30 00:52:21.603 1085 1212 W ActivityManager: Slow operation: 136ms so far, now at startProcess: done updating battery stats
08-30 00:52:21.603 1085 1212 I am_proc_start: [0,3264,1000,com.qti.diagservices,broadcast,{com.qti.diagservices/com.qti.diagservices.Diag_OnBoot}]
08-30 00:52:21.603 1085 1212 W ActivityManager: Slow operation: 136ms so far, now at startProcess: building log message
08-30 00:52:21.603 1085 1212 I ActivityManager: Start proc 3264:com.qti.diagservices/1000 for broadcast {com.qti.diagservices/com.qti.diagservices.Diag_OnBoot}
08-30 00:52:21.603 1085 1212 W ActivityManager: Slow operation: 136ms so far, now at startProcess: starting to update pids map
08-30 00:52:21.603 1085 1212 W ActivityManager: Slow operation: 136ms so far, now at startProcess: done updating pids map
08-30 00:52:21.604 1085 1212 W ActivityManager: Slow operation: 91ms so far, now at startProcess: asking zygote to start proc
08-30 00:52:21.603 1085 1209 I am_pss : [2356,10100,android.ext.services,7817216,4812800,0,97333248,2,5,11]
08-30 00:52:21.619 1085 1209 I am_pss : [2746,10085,com.qualcomm.location,10951680,7413760,0,103317504,2,0,12]
08-30 00:52:21.625 1615 1650 I adbd : jdwp connection from 3249
08-30 00:52:21.626 1327 2546 I ExtendedUtils: printFileName fd(10) -> /product/media/audio/notifications/vega.ogg
08-30 00:52:21.631 3249 3249 D ProcessState: Binder ioctl to enable oneway spam detection failed: Invalid argument
01-01 08:15:29.252 0 0 I binder : 3264:3264 ioctl 40046210 7fc01e2b14 returned -22
08-30 00:52:21.635 1085 1209 I am_pss : [2687,10073,com.android.deskclock,11528192,7258112,0,105209856,2,19,12]
08-30 00:52:21.651 1085 1209 I am_pss : [2657,10075,com.android.inputmethod.latin,15279104,10981376,0,114421760,2,7,12]
08-30 00:52:21.651 684 684 D Zygote : Forked child process 3280
08-30 00:52:21.653 1085 1212 W ActivityManager: Slow operation: 141ms so far, now at startProcess: returned from zygote!
08-30 00:52:21.653 1085 1886 I am_proc_bound: [0,3249,com.qualcomm.qti.devicestatisticsservice]
08-30 00:52:21.654 1085 1886 D CompatibilityInfo: mCompatibilityFlags - 4
08-30 00:52:21.654 1085 1886 D CompatibilityInfo: applicationDensity - 240
08-30 00:52:21.654 1085 1886 D CompatibilityInfo: applicationScale - 1.0
08-30 00:52:21.663 1085 1886 D CompatibilityInfo: mCompatibilityFlags - 4
08-30 00:52:21.663 1085 1886 D CompatibilityInfo: applicationDensity - 240
08-30 00:52:21.663 1085 1886 D CompatibilityInfo: applicationScale - 1.0
08-30 00:52:21.665 1085 1212 W ActivityManager: Slow operation: 153ms so far, now at startProcess: done updating battery stats
08-30 00:52:21.665 1085 1212 I am_proc_start: [0,3280,1000,com.android.localtransport,service,{com.android.localtransport/com.android.localtransport.LocalTransportService}]
08-30 00:52:21.665 1085 1212 W ActivityManager: Slow operation: 153ms so far, now at startProcess: building log message
08-30 00:52:21.665 1085 1212 I ActivityManager: Start proc 3280:com.android.localtransport/1000 for service {com.android.localtransport/com.android.localtransport.LocalTransportService}
08-30 00:52:21.665 1085 1212 W ActivityManager: Slow operation: 153ms so far, now at startProcess: starting to update pids map
08-30 00:52:21.666 1085 1212 W ActivityManager: Slow operation: 154ms so far, now at startProcess: done updating pids map
08-30 00:52:21.668 3249 3249 D CompatibilityChangeReporter: Compat change id reported: 171979766; UID 10064; state: ENABLED
08-30 00:52:21.670 1615 1650 I adbd : jdwp connection from 3264
08-30 00:52:21.670 1085 1209 I am_pss : [1894,1002,com.android.bluetooth,28969984,23343104,0,134971392,2,0,15]
08-30 00:52:21.671 3264 3264 D ProcessState: Binder ioctl to enable oneway spam detection failed: Invalid argument
08-30 00:52:21.684 1085 1886 I am_proc_bound: [0,3264,com.qti.diagservices]
08-30 00:52:21.686 1319 3187 I MMParserExtractor: Created(0xb40000733a666930)
08-30 00:52:21.686 1319 3187 E MM_OSAL : FileSource::FileSource
08-30 00:52:21.686 1319 3187 E MM_OSAL : FileSource::FileSource m_bEveryThingOK 1
08-30 00:52:21.687 1085 1209 I am_pss : [2303,1000,com.qualcomm.qti.qdma,11233280,6864896,0,107495424,2,0,13]
08-30 00:52:21.693 1085 1886 D CompatibilityInfo: mCompatibilityFlags - 4
08-30 00:52:21.693 1085 1886 D CompatibilityInfo: applicationDensity - 240
08-30 00:52:21.694 1085 1886 D CompatibilityInfo: applicationScale - 1.0
08-30 00:52:21.694 3249 3249 D nativeloader: classloader namespace configured for unbundled product apk. library_path=/product/app/DeviceStatisticsService/lib/arm64:/product/lib64:/system/product/lib64
08-30 00:52:21.697 3246 3246 I Perf : Connecting to perf service.
08-30 00:52:21.704 1085 1209 I am_pss : [2234,1000,com.thundercomm.remotecontrolservice,10196992,6959104,0,102174720,2,0,14]
08-30 00:52:21.706 1511 1529 D LOWI-9.0.0.87.a: [LOWINetlinkSocketReceiver] unpackRTMLinkMessage: RTM_NEWLINK - ifname vlan2, flags 0x11043 ([UP][RUNNING])
08-30 00:52:21.710 1085 1192 I EthernetTracker: interfaceLinkStateChanged, iface: vlan2, up: true
08-30 00:52:21.713 3249 3249 I Perf : Connecting to perf service.
08-30 00:52:21.717 1085 1886 D CompatibilityInfo: mCompatibilityFlags - 4
08-30 00:52:21.717 1085 1886 D CompatibilityInfo: applicationDensity - 240
08-30 00:52:21.717 1085 1886 D CompatibilityInfo: applicationScale - 1.0
08-30 00:52:21.720 1085 1209 I am_pss : [2205,1068,com.android.se,6919168,4235264,0,94531584,2,0,12]
08-30 00:52:21.722 3264 3264 D CompatibilityChangeReporter: Compat change id reported: 171979766; UID 1000; state: DISABLED
08-30 00:52:21.726 3246 3246 V GraphicsEnvironment: ANGLE Developer option for 'com.android.providers.downloads' set to: 'default'
08-30 00:52:21.728 3246 3246 V GraphicsEnvironment: ANGLE GameManagerService for com.android.providers.downloads: false
01-01 08:15:29.319 0 0 I binder : 3280:3280 ioctl 40046210 7fc01e2b14 returned -22
08-30 00:52:21.737 3246 3246 D NetworkSecurityConfig: No Network Security Config specified, using platform default
08-30 00:52:21.737 1085 1209 I am_pss : [2195,10092,com.qti.qualcomm.mstatssystemservice,6246400,3776512,0,90935296,2,0,12]
08-30 00:52:21.738 3246 3246 D NetworkSecurityConfig: No Network Security Config specified, using platform default
08-30 00:52:21.738 3280 3280 D ProcessState: Binder ioctl to enable oneway spam detection failed: Invalid argument
08-30 00:52:21.742 1615 1650 I adbd : jdwp connection from 3280
08-30 00:52:21.742 3249 3249 V GraphicsEnvironment: ANGLE Developer option for 'com.qualcomm.qti.devicestatisticsservice' set to: 'default'
08-30 00:52:21.744 3249 3249 V GraphicsEnvironment: ANGLE GameManagerService for com.qualcomm.qti.devicestatisticsservice: false
08-30 00:52:21.749 1085 1886 I am_proc_bound: [0,3280,com.android.localtransport]
08-30 00:52:21.754 3249 3249 D NetworkSecurityConfig: No Network Security Config specified, using platform default
08-30 00:52:21.754 1085 1886 D CompatibilityChangeReporter: Compat change id reported: 168419799; UID 1000; state: DISABLED
08-30 00:52:21.754 3249 3249 D NetworkSecurityConfig: No Network Security Config specified, using platform default
08-30 00:52:21.754 1085 1886 D CompatibilityInfo: mCompatibilityFlags - 4
08-30 00:52:21.754 1085 1886 D CompatibilityInfo: applicationDensity - 240
08-30 00:52:21.754 1085 1886 D CompatibilityInfo: applicationScale - 1.0
08-30 00:52:21.758 1085 1209 I am_pss : [2173,1000,vendor.qti.qesdk.sysservice,6337536,3788800,0,92430336,2,0,16]
08-30 00:52:21.762 1085 1886 D CompatibilityInfo: mCompatibilityFlags - 4
08-30 00:52:21.762 1085 1886 D CompatibilityInfo: applicationDensity - 240
08-30 00:52:21.762 1085 1886 D CompatibilityInfo: applicationScale - 1.0
08-30 00:52:21.765 3280 3280 D CompatibilityChangeReporter: Compat change id reported: 171979766; UID 1000; state: ENABLED
08-30 00:52:21.774 1085 1209 I am_pss : [2087,10053,.qtidataservices,6644736,4153344,0,92585984,2,0,11]
08-30 00:52:21.793 1085 1209 I am_pss : [2026,1073,com.android.networkstack.process,15069184,11591680,0,108339200,2,0,14]
08-30 00:52:21.794 1085 1886 D CompatibilityChangeReporter: Compat change id reported: 172100307; UID 10099; state: DISABLED
08-30 00:52:21.798 1511 1529 D LOWI-9.0.0.87.a: [LOWINetlinkSocketReceiver] unpackRTMLinkMessage: RTM_NEWLINK - ifname vlan2, flags 0x11043 ([UP][RUNNING])
08-30 00:52:21.801 1085 1192 I EthernetTracker: interfaceLinkStateChanged, iface: vlan2, up: true
08-30 00:52:21.800 3280 3280 I Perf : Connecting to perf service.
08-30 00:52:21.803 3264 3264 I Perf : Connecting to perf service.
08-30 00:52:21.808 3280 3280 V GraphicsEnvironment: ANGLE Developer option for 'com.android.localtransport' set to: 'default'
08-30 00:52:21.810 3280 3280 V GraphicsEnvironment: ANGLE GameManagerService for com.android.localtransport: false
08-30 00:52:21.810 1085 1209 I am_pss : [2037,1001,.dataservices,9151488,6553600,0,95600640,2,0,13]
08-30 00:52:21.814 3280 3280 D NetworkSecurityConfig: No Network Security Config specified, using platform default
08-30 00:52:21.814 3280 3280 D NetworkSecurityConfig: No Network Security Config specified, using platform default
08-30 00:52:21.820 3264 3264 V GraphicsEnvironment: ANGLE Developer option for 'com.qti.diagservices' set to: 'default'
08-30 00:52:21.825 3264 3264 V GraphicsEnvironment: ANGLE GameManagerService for com.qti.diagservices: false
08-30 00:52:21.828 3264 3264 D NetworkSecurityConfig: No Network Security Config specified, using platform default
08-30 00:52:21.829 1085 1085 I backup_transport_connection: [com.android.localtransport/.LocalTransportService,1]
08-30 00:52:21.829 3264 3264 D NetworkSecurityConfig: No Network Security Config specified, using platform default
08-30 00:52:21.829 1085 1085 I TransportClient: LocalTransportService#0: Notifying [TransportManager.registerTransport()] transport = IBackupTransport
08-30 00:52:21.834 1085 1209 I am_pss : [1914,10087,com.android.systemui,123392000,102273024,0,275120128,2,1,17]
08-30 00:52:21.837 2981 3082 W MediaProvider: getVolumePath for unknown volume: internal
08-30 00:52:21.841 1085 2781 D BackupTransportManager: Transport com.android.localtransport/.LocalTransportService registered
08-30 00:52:21.841 1085 2781 D BackupManagerService: [UserID:0] Transport com.android.localtransport/.LocalTransport registered 3361ms after first request (delay = 3000ms)
08-30 00:52:21.843 3264 3264 W ContextImpl: Calling a method in the system process without a qualified user: android.app.ContextImpl.startService:1816 android.content.ContextWrapper.startService:774 android.content.ContextWrapper.startService:774 com.qti.diagservices.Diag_OnBoot.onReceive:40 android.app.ActivityThread.handleReceiver:4309
08-30 00:52:21.843 1085 2781 I backup_transport_lifecycle: [com.android.localtransport/.LocalTransportService,0]
08-30 00:52:21.843 2981 3082 W MediaProvider: getVolumePath for unknown volume: internal
08-30 00:52:21.843 1085 2781 I backup_transport_connection: [com.android.localtransport/.LocalTransportService,0]
08-30 00:52:21.849 1085 1885 D CompatibilityInfo: mCompatibilityFlags - 4
08-30 00:52:21.849 1085 1885 D CompatibilityInfo: applicationDensity - 240
08-30 00:52:21.849 1085 1885 D CompatibilityInfo: applicationScale - 1.0
08-30 00:52:21.850 3264 3264 D Diag_OnBoot: Started Successfully
08-30 00:52:21.855 3264 3264 E DiagJNIInterface: Trying to load libDiagService
08-30 00:52:21.855 1085 1085 I Telecom : DefaultDialerCache: Refreshing default dialer for user 0: now null: DDC.oR@ABA
08-30 00:52:21.856 1085 1085 I Telecom : MissedCallNotifierImpl: reloadAfterBootComplete: user=0: TSBCR.oR@ABE
08-30 00:52:21.856 826 826 W CamX : [ WARN][NCS ] camxncsintfqsee.cpp:628 ProbeSensor() Timed out for probing sensor 9!
08-30 00:52:21.859 826 826 W CamX : [ WARN][NCS ] camxncsintfqsee.cpp:270 GetListOfSensors() Probe sensor 9 with error 9
08-30 00:52:21.859 826 826 I ChiOfflinePostproc: postprocservice register started
08-30 00:52:21.870 1085 1209 I am_pss : [1085,1000,system,189235200,98840576,0,494915584,2,0,30]
08-30 00:52:21.873 1085 1085 I Telecom : MissedCallNotifierImpl: reloadAfterBootComplete: user=0: TSBCR.oR@ABE
08-30 00:52:21.873 1085 2781 I BackupManagerService: [UserID:0] Found 12 stale backup journal(s), scheduling.
08-30 00:52:21.874 1085 1085 I am_uid_running: 10067
08-30 00:52:21.875 1085 1085 D CompatibilityChangeReporter: Compat change id reported: 135634846; UID 10067; state: DISABLED
08-30 00:52:21.875 1085 1194 I DropBoxManagerService: add tag=system_server_strictmode isTagEnabled=true flags=0x2
08-30 00:52:21.879 1085 1085 D CompatibilityChangeReporter: Compat change id reported: 177438394; UID 10067; state: DISABLED
08-30 00:52:21.879 1085 1085 D CompatibilityChangeReporter: Compat change id reported: 135772972; UID 10067; state: DISABLED
08-30 00:52:21.879 1085 1085 D CompatibilityChangeReporter: Compat change id reported: 135754954; UID 10067; state: DISABLED
08-30 00:52:21.880 1085 1212 D CompatibilityChangeReporter: Compat change id reported: 143937733; UID 10067; state: DISABLED
08-30 00:52:21.890 1511 1529 D LOWI-9.0.0.87.a: [LOWINetlinkSocketReceiver] unpackRTMLinkMessage: RTM_NEWLINK - ifname vlan2, flags 0x11043 ([UP][RUNNING])
08-30 00:52:21.891 1085 1192 I EthernetTracker: interfaceLinkStateChanged, iface: vlan2, up: true
08-30 00:52:21.917 826 826 I HidlServiceManagement: Registered vendor.qti.hardware.camera.postproc@1.0::IPostProcService/camerapostprocservice (start delay of 22965ms)
08-30 00:52:21.918 826 826 I ChiOfflinePostproc: postprocservice register successfully
08-30 00:52:21.918 826 826 I CHIUSECASE: [INFO ] chxextensionmodule.cpp:1977 EnumerateCameras() BPS Realtime Sensor ID = -1
08-30 00:52:21.918 826 826 W CHIUSECASE: [WARN ] chxextensionmodule.cpp:1514 BuildLogicalCameraInfo() Please check if sensor id:0 is probed successfully!
08-30 00:52:21.918 826 826 W CHIUSECASE: [WARN ] chxextensionmodule.cpp:1514 BuildLogicalCameraInfo() Please check if sensor id:2 is probed successfully!
08-30 00:52:21.918 826 826 W CHIUSECASE: [WARN ] chxextensionmodule.cpp:1514 BuildLogicalCameraInfo() Please check if sensor id:1 is probed successfully!
08-30 00:52:21.918 826 826 W CHIUSECASE: [WARN ] chxextensionmodule.cpp:1514 BuildLogicalCameraInfo() Please check if sensor id:3 is probed successfully!
08-30 00:52:21.918 826 826 W CHIUSECASE: [WARN ] chxextensionmodule.cpp:1514 BuildLogicalCameraInfo() Please check if sensor id:4 is probed successfully!
08-30 00:52:21.918 826 826 W CHIUSECASE: [WARN ] chxextensionmodule.cpp:1514 BuildLogicalCameraInfo() Please check if sensor id:5 is probed successfully!
08-30 00:52:21.918 826 826 W CHIUSECASE: [WARN ] chxextensionmodule.cpp:1514 BuildLogicalCameraInfo() Please check if sensor id:6 is probed successfully!
08-30 00:52:21.918 826 826 I CHIUSECASE: [INFO ] chxextensionmodule.cpp:1666 BuildLogicalCameraInfo() Multi Camera is disabled!
08-30 00:52:21.918 826 826 W CHIUSECASE: [WARN ] chxextensionmodule.cpp:1514 BuildLogicalCameraInfo() Please check if sensor id:3 is probed successfully!
08-30 00:52:21.918 826 826 I CHIUSECASE: [INFO ] chxextensionmodule.cpp:1666 BuildLogicalCameraInfo() Multi Camera is disabled!
08-30 00:52:21.918 826 826 I CHIUSECASE: [INFO ] chxextensionmodule.cpp:2005 EnumerateCameras() Camera Count: m_numExposedLogicalCameras = 0, m_numLogicalCameras = 0 Physical camera = 0
08-30 00:52:21.918 826 826 I CHIUSECASE: [INFO ] chxextensionmodule.cpp:2056 EnumerateCameras() m_totalResourceBudget=100, m_singleISPResourceCost=50
08-30 00:52:21.918 826 826 I CamPrvdr@2.4-legacy: Loaded "QTI Camera HAL" camera module
08-30 00:52:21.924 826 826 I HidlServiceManagement: Registered android.hardware.camera.provider@2.4::ICameraProvider/legacy/0 (start delay of 22972ms)
