08-30 00:52:13.564 1085 1085 I Telecom : Class: TelecomSystem.INSTANCE being set
08-30 00:52:13.571 1085 1085 W Looper : Slow dispatch took 207ms main h=android.app.ActivityThread$H c=android.app.LoadedApk$ServiceDispatcher$RunConnection@bb79b90 m=0
08-30 00:52:13.572 1085 1085 D BluetoothManagerService: BluetoothServiceConnection: com.android.bluetooth.btservice.AdapterService
08-30 00:52:13.572 1085 1194 D BluetoothManagerService: MESSAGE_BLUETOOTH_SERVICE_CONNECTED: 1
08-30 00:52:13.572 1085 1085 I ConnectivityModuleConnector: Networking module service connected
01-01 08:15:21.121 0 0 I [kworke][0x5498d2d8][00:52:13.541046] wlan: [331:I:HIF] Initializing Runtime PM wakelock &p2p_soc_obj->roc_runtime_lock
01-01 08:15:21.127 0 0 I Hardware name: Qualcomm Technologies, Inc. kona MTP-RmPM8150b (DT)
01-01 08:15:21.127 0 0 I Workqueue: events_unbound ion_system_secure_heap_prefetch_work
01-01 08:15:21.127 0 0 I Call trace:
01-01 08:15:21.127 0 0 I : dump_backtrace+0x0/0x258
01-01 08:15:21.127 0 0 I : show_stack+0x20/0x30
01-01 08:15:21.127 0 0 I : dump_stack+0xd8/0x12c
01-01 08:15:21.127 0 0 I : register_lock_class+0x4d0/0x5c8
01-01 08:15:21.127 0 0 I : __lock_acquire+0xbc/0x1e58
01-01 08:15:21.127 0 0 I : lock_acquire+0x1cc/0x218
01-01 08:15:21.127 0 0 I : _raw_spin_lock_irqsave+0x54/0x98
01-01 08:15:21.127 0 0 I : ion_system_secure_heap_prefetch_work+0x94/0x2c0
01-01 08:15:21.127 0 0 I : process_one_work+0x38c/0x660
01-01 08:15:21.127 0 0 I : worker_thread+0x268/0x4b8
01-01 08:15:21.127 0 0 I : kthread+0x140/0x150
01-01 08:15:21.127 0 0 I : ret_from_fork+0x10/0x1c
01-01 08:15:21.128 0 0 D cnss : Platform cap_flag is 0x4
01-01 08:15:21.128 0 0 E [kworke][0x549ab226][00:52:13.547436] wlan: [331:E:QDF] cds_get_context: 1486: Module ID 66 context is Null
01-01 08:15:21.137 0 0 E : INFO: trying to register non-static key.
08-30 00:52:13.574 1085 1085 D AutofillManagerService: Restriction did not change for user 0
08-30 00:52:13.576 1085 1085 I ConnectivityModuleConnector: Networking module service connected
01-01 08:15:21.139 0 0 I msm_vidc: high: 00000001: vp9d: Closed video instance: ffffffec1476c000
01-01 08:15:21.144 0 0 E : the code is fine but needs lockdep annotation.
01-01 08:15:21.144 0 0 I : CPU: 6 PID: 335 Comm: kworker/u16:12 Tainted: G S W O 4.19.157+ #1
01-01 08:15:21.144 0 0 I Hardware name: Qualcomm Technologies, Inc. kona MTP-RmPM8150b (DT)
01-01 08:15:21.144 0 0 I Workqueue: events_unbound ion_system_secure_heap_prefetch_work
01-01 08:15:21.144 0 0 I Call trace:
01-01 08:15:21.144 0 0 I : dump_backtrace+0x0/0x258
01-01 08:15:21.144 0 0 I : show_stack+0x20/0x30
01-01 08:15:21.144 0 0 I : dump_stack+0xd8/0x12c
01-01 08:15:21.144 0 0 I : register_lock_class+0x4d0/0x5c8
01-01 08:15:21.144 0 0 I : __lock_acquire+0xbc/0x1e58
01-01 08:15:21.144 0 0 I : lock_acquire+0x1cc/0x218
01-01 08:15:21.144 0 0 I : _raw_spin_lock_irqsave+0x54/0x98
01-01 08:15:21.144 0 0 I : ion_system_secure_heap_prefetch_work+0x94/0x2c0
01-01 08:15:21.144 0 0 I : process_one_work+0x38c/0x660
01-01 08:15:21.144 0 0 I : worker_thread+0x268/0x4b8
01-01 08:15:21.144 0 0 I : kthread+0x140/0x150
01-01 08:15:21.144 0 0 I : ret_from_fork+0x10/0x1c
01-01 08:15:21.147 0 0 E : INFO: trying to register non-static key.
01-01 08:15:21.155 0 0 E : the code is fine but needs lockdep annotation.
01-01 08:15:21.160 0 0 I : CPU: 6 PID: 335 Comm: kworker/u16:12 Tainted: G S W O 4.19.157+ #1
01-01 08:15:21.160 0 0 I Hardware name: Qualcomm Technologies, Inc. kona MTP-RmPM8150b (DT)
01-01 08:15:21.160 0 0 I Workqueue: events_unbound ion_system_secure_heap_prefetch_work
01-01 08:15:21.160 0 0 I Call trace:
01-01 08:15:21.160 0 0 I : dump_backtrace+0x0/0x258
01-01 08:15:21.160 0 0 I : show_stack+0x20/0x30
01-01 08:15:21.160 0 0 I : dump_stack+0xd8/0x12c
01-01 08:15:21.160 0 0 I : register_lock_class+0x4d0/0x5c8
01-01 08:15:21.160 0 0 I : __lock_acquire+0xbc/0x1e58
01-01 08:15:21.160 0 0 I : lock_acquire+0x1cc/0x218
01-01 08:15:21.160 0 0 I : _raw_spin_lock_irqsave+0x54/0x98
01-01 08:15:21.160 0 0 I : ion_system_secure_heap_prefetch_work+0x94/0x2c0
01-01 08:15:21.160 0 0 I : process_one_work+0x38c/0x660
01-01 08:15:21.160 0 0 I : worker_thread+0x268/0x4b8
01-01 08:15:21.160 0 0 I : kthread+0x140/0x150
01-01 08:15:21.160 0 0 I : ret_from_fork+0x10/0x1c
01-01 08:15:21.174 0 0 E : INFO: trying to register non-static key.
01-01 08:15:21.179 0 0 E : the code is fine but needs lockdep annotation.
01-01 08:15:21.184 0 0 I : CPU: 6 PID: 335 Comm: kworker/u16:12 Tainted: G S W O 4.19.157+ #1
01-01 08:15:21.184 0 0 I Hardware name: Qualcomm Technologies, Inc. kona MTP-RmPM8150b (DT)
01-01 08:15:21.184 0 0 I Workqueue: events_unbound ion_system_secure_heap_prefetch_work
01-01 08:15:21.184 0 0 I Call trace:
01-01 08:15:21.184 0 0 I : dump_backtrace+0x0/0x258
01-01 08:15:21.184 0 0 I : show_stack+0x20/0x30
01-01 08:15:21.184 0 0 I : dump_stack+0xd8/0x12c
01-01 08:15:21.184 0 0 I : register_lock_class+0x4d0/0x5c8
01-01 08:15:21.184 0 0 I : __lock_acquire+0xbc/0x1e58
01-01 08:15:21.184 0 0 I : lock_acquire+0x1cc/0x218
01-01 08:15:21.184 0 0 I : _raw_spin_lock_irqsave+0x54/0x98
01-01 08:15:21.184 0 0 I : ion_system_secure_heap_prefetch_work+0x94/0x2c0
01-01 08:15:21.184 0 0 I : process_one_work+0x38c/0x660
01-01 08:15:21.184 0 0 I : worker_thread+0x268/0x4b8
01-01 08:15:21.184 0 0 I : kthread+0x140/0x150
01-01 08:15:21.184 0 0 I : ret_from_fork+0x10/0x1c
01-01 08:15:21.191 0 0 E : INFO: trying to register non-static key.
01-01 08:15:21.196 0 0 E : the code is fine but needs lockdep annotation.
01-01 08:15:21.201 0 0 I : CPU: 6 PID: 335 Comm: kworker/u16:12 Tainted: G S W O 4.19.157+ #1
01-01 08:15:21.201 0 0 I Hardware name: Qualcomm Technologies, Inc. kona MTP-RmPM8150b (DT)
01-01 08:15:21.201 0 0 I Workqueue: events_unbound ion_system_secure_heap_prefetch_work
01-01 08:15:21.201 0 0 I Call trace:
01-01 08:15:21.201 0 0 I : dump_backtrace+0x0/0x258
01-01 08:15:21.201 0 0 I : show_stack+0x20/0x30
01-01 08:15:21.201 0 0 I : dump_stack+0xd8/0x12c
01-01 08:15:21.201 0 0 I : register_lock_class+0x4d0/0x5c8
01-01 08:15:21.201 0 0 I : __lock_acquire+0xbc/0x1e58
01-01 08:15:21.201 0 0 I : lock_acquire+0x1cc/0x218
01-01 08:15:21.201 0 0 I : _raw_spin_lock_irqsave+0x54/0x98
01-01 08:15:21.201 0 0 I : ion_system_secure_heap_prefetch_work+0x94/0x2c0
01-01 08:15:21.201 0 0 I : process_one_work+0x38c/0x660
01-01 08:15:21.201 0 0 I : worker_thread+0x268/0x4b8
01-01 08:15:21.201 0 0 I : kthread+0x140/0x150
01-01 08:15:21.201 0 0 I : ret_from_fork+0x10/0x1c
01-01 08:15:21.210 0 0 E : INFO: trying to register non-static key.
01-01 08:15:21.212 0 0 I msm_vidc: high: 00000001: ....d: Opening video instance: ffffffec0cf58000, 1
01-01 08:15:21.215 0 0 E : the code is fine but needs lockdep annotation.
01-01 08:15:21.215 0 0 I : CPU: 6 PID: 335 Comm: kworker/u16:12 Tainted: G S W O 4.19.157+ #1
01-01 08:15:21.215 0 0 I Hardware name: Qualcomm Technologies, Inc. kona MTP-RmPM8150b (DT)
01-01 08:15:21.215 0 0 I Workqueue: events_unbound ion_system_secure_heap_prefetch_work
01-01 08:15:21.215 0 0 I Call trace:
01-01 08:15:21.215 0 0 I : dump_backtrace+0x0/0x258
01-01 08:15:21.215 0 0 I : show_stack+0x20/0x30
01-01 08:15:21.215 0 0 I : dump_stack+0xd8/0x12c
01-01 08:15:21.215 0 0 I : register_lock_class+0x4d0/0x5c8
01-01 08:15:21.215 0 0 I : __lock_acquire+0xbc/0x1e58
01-01 08:15:21.215 0 0 I : lock_acquire+0x1cc/0x218
01-01 08:15:21.215 0 0 I : _raw_spin_lock_irqsave+0x54/0x98
01-01 08:15:21.215 0 0 I : ion_system_secure_heap_prefetch_work+0x94/0x2c0
01-01 08:15:21.215 0 0 I : process_one_work+0x38c/0x660
01-01 08:15:21.215 0 0 I : worker_thread+0x268/0x4b8
01-01 08:15:21.215 0 0 I : kthread+0x140/0x150
01-01 08:15:21.215 0 0 I : ret_from_fork+0x10/0x1c
01-01 08:15:21.219 0 0 E : INFO: trying to register non-static key.
01-01 08:15:21.226 0 0 E : the code is fine but needs lockdep annotation.
01-01 08:15:21.232 0 0 I : CPU: 6 PID: 335 Comm: kworker/u16:12 Tainted: G S W O 4.19.157+ #1
01-01 08:15:21.232 0 0 I Hardware name: Qualcomm Technologies, Inc. kona MTP-RmPM8150b (DT)
01-01 08:15:21.232 0 0 I Workqueue: events_unbound ion_system_secure_heap_prefetch_work
01-01 08:15:21.232 0 0 I Call trace:
01-01 08:15:21.232 0 0 I : dump_backtrace+0x0/0x258
01-01 08:15:21.232 0 0 I : show_stack+0x20/0x30
01-01 08:15:21.232 0 0 I : dump_stack+0xd8/0x12c
01-01 08:15:21.232 0 0 I : register_lock_class+0x4d0/0x5c8
01-01 08:15:21.232 0 0 I : __lock_acquire+0xbc/0x1e58
08-30 00:52:13.584 1085 1194 D BluetoothManagerService: MESSAGE_INFORM_ADAPTER_SERVICE_UP
01-01 08:15:21.232 0 0 I : lock_acquire+0x1cc/0x218
08-30 00:52:13.584 1085 1194 D BluetoothManagerService: Broadcasting onBluetoothServiceUp() to 3 receivers.
08-30 00:52:13.586 1085 1085 I notification_cancel_all: [1000,1085,com.android.systemui,0,0,0,20,NULL]
08-30 00:52:13.591 1085 1194 D BluetoothManagerService: MESSAGE_BLUETOOTH_STATE_CHANGE: OFF > BLE_TURNING_ON
08-30 00:52:13.592 1085 1194 D BluetoothManagerService: Sending BLE State Change: OFF > BLE_TURNING_ON
08-30 00:52:13.593 1085 1085 D TelephonyRegistry: notifyCellLocationForSubscriber: subId=2147483647 cellIdentity=null
08-30 00:52:13.605 1085 1085 I notification_enqueue: [1000,1085,android,32,NULL,-1,Notification(channel=USB shortcut=null contentView=null vibrate=null sound=null tick defaults=0x0 flags=0x2 color=0x00000000 vis=PUBLIC),0]
08-30 00:52:13.606 1085 1085 I Telecom : WiredHeadsetManager: ACTION_HEADSET_PLUG event, plugged in: false, : WHC.oADA@AAE
08-30 00:52:13.622 1085 1085 D CompanionDeviceManagerService: Received BT state transition broadcast: OFF -> BLE_TURNING_ON
08-30 00:52:13.622 1085 1085 I sysui_multi_action: [757,1501,758,1,793,273,794,0,795,273,796,32,806,android,857,USB,858,1,947,0,1500,0]
08-30 00:52:13.623 1085 1085 I sysui_multi_action: [757,804,799,note_interruptive,801,0,802,1]
08-30 00:52:13.625 1085 1085 W NotificationHistory: Attempted to add notif for locked/gone/disabled user 0
08-30 00:52:13.626 1085 1085 W Looper : Drained
08-30 00:52:13.637 1085 1885 D CompatibilityChangeReporter: Compat change id reported: 168419799; UID 1002; state: DISABLED
08-30 00:52:13.645 1914 2304 I sysui_multi_action: [757,213,758,4,759,-1]
08-30 00:52:13.647 1914 1914 D SystemUIBootTiming: StartServicescom.android.systemui.volume.VolumeUI took to complete: 283ms
08-30 00:52:13.674 1085 1212 W ActivityManager: Slow operation: 1654ms so far, now at startProcess: returned from zygote!
08-30 00:52:13.675 1085 1212 W ActivityManager: Slow operation: 1655ms so far, now at startProcess: done updating battery stats
01-01 08:15:21.232 0 0 I : _raw_spin_lock_irqsave+0x54/0x98
01-01 08:15:21.232 0 0 I : ion_system_secure_heap_prefetch_work+0x94/0x2c0
08-30 00:52:13.675 1085 1212 I am_proc_start: [0,2356,10100,android.ext.services,service,{android.ext.services/android.ext.services.autofill.InlineSuggestionRenderServiceImpl}]
01-01 08:15:21.232 0 0 I : process_one_work+0x38c/0x660
01-01 08:15:21.232 0 0 I : worker_thread+0x268/0x4b8
08-30 00:52:13.675 1085 1212 W ActivityManager: Slow operation: 1655ms so far, now at startProcess: building log message
01-01 08:15:21.232 0 0 I : kthread+0x140/0x150
01-01 08:15:21.232 0 0 I : ret_from_fork+0x10/0x1c
01-01 08:15:21.238 0 0 E : INFO: trying to register non-static key.
08-30 00:52:13.675 1085 1212 I ActivityManager: Start proc 2356:android.ext.services/u0a100 for service {android.ext.services/android.ext.services.autofill.InlineSuggestionRenderServiceImpl}
01-01 08:15:21.243 0 0 E : the code is fine but needs lockdep annotation.
01-01 08:15:21.249 0 0 I : CPU: 6 PID: 335 Comm: kworker/u16:12 Tainted: G S W O 4.19.157+ #1
01-01 08:15:21.249 0 0 I Hardware name: Qualcomm Technologies, Inc. kona MTP-RmPM8150b (DT)
08-30 00:52:13.675 1085 1212 W ActivityManager: Slow operation: 1655ms so far, now at startProcess: starting to update pids map
01-01 08:15:21.249 0 0 I Workqueue: events_unbound ion_system_secure_heap_prefetch_work
01-01 08:15:21.249 0 0 I Call trace:
01-01 08:15:21.249 0 0 I : dump_backtrace+0x0/0x258
08-30 00:52:13.676 1085 1212 W ActivityManager: Slow operation: 1656ms so far, now at startProcess: done updating pids map
01-01 08:15:21.249 0 0 I : show_stack+0x20/0x30
01-01 08:15:21.249 0 0 I : dump_stack+0xd8/0x12c
01-01 08:15:21.249 0 0 I : register_lock_class+0x4d0/0x5c8
08-30 00:52:13.676 1085 1212 W ActivityManager: Slow operation: 321ms so far, now at startProcess: asking zygote to start proc
01-01 08:15:21.249 0 0 I : __lock_acquire+0xbc/0x1e58
01-01 08:15:21.249 0 0 I : lock_acquire+0x1cc/0x218
08-30 00:52:13.676 1085 1212 D CompatibilityChangeReporter: Compat change id reported: 143937733; UID 10079; state: ENABLED
01-01 08:15:21.249 0 0 I : _raw_spin_lock_irqsave+0x54/0x98
01-01 08:15:21.249 0 0 I : ion_system_secure_heap_prefetch_work+0x94/0x2c0
01-01 08:15:21.249 0 0 I : process_one_work+0x38c/0x660
01-01 08:15:21.249 0 0 I : worker_thread+0x268/0x4b8
08-30 00:52:13.724 1085 1142 I am_proc_bound: [0,2337,com.android.settings]
08-30 00:52:13.740 1085 1142 D CompatibilityChangeReporter: Compat change id reported: 168419799; UID 1000; state: DISABLED
08-30 00:52:13.742 1085 1142 I wm_restart_activity: [0,79048024,2,com.android.settings/.FallbackHome]
08-30 00:52:13.743 1085 1142 I wm_set_resumed_activity: [0,com.android.settings/.FallbackHome,minimalResumeActivityLocked]
01-01 08:15:21.249 0 0 I : kthread+0x140/0x150
01-01 08:15:21.249 0 0 I : ret_from_fork+0x10/0x1c
01-01 08:15:21.253 0 0 E : INFO: trying to register non-static key.
01-01 08:15:21.258 0 0 I msm_vidc: high: 00000001: vp9d: Closed video instance: ffffffec0cf58000
01-01 08:15:21.258 0 0 E : the code is fine but needs lockdep annotation.
01-01 08:15:21.258 0 0 I : CPU: 6 PID: 335 Comm: kworker/u16:12 Tainted: G S W O 4.19.157+ #1
01-01 08:15:21.258 0 0 I Hardware name: Qualcomm Technologies, Inc. kona MTP-RmPM8150b (DT)
01-01 08:15:21.264 0 0 I Workqueue: events_unbound ion_system_secure_heap_prefetch_work
01-01 08:15:21.264 0 0 I Call trace:
01-01 08:15:21.264 0 0 I : dump_backtrace+0x0/0x258
01-01 08:15:21.264 0 0 I : show_stack+0x20/0x30
01-01 08:15:21.264 0 0 I : dump_stack+0xd8/0x12c
01-01 08:15:21.264 0 0 I : register_lock_class+0x4d0/0x5c8
01-01 08:15:21.264 0 0 I : __lock_acquire+0xbc/0x1e58
01-01 08:15:21.264 0 0 I : lock_acquire+0x1cc/0x218
01-01 08:15:21.264 0 0 I : _raw_spin_lock_irqsave+0x54/0x98
01-01 08:15:21.264 0 0 I : ion_system_secure_heap_prefetch_work+0x94/0x2c0
01-01 08:15:21.264 0 0 I : process_one_work+0x38c/0x660
01-01 08:15:21.264 0 0 I : worker_thread+0x268/0x4b8
01-01 08:15:21.264 0 0 I : kthread+0x140/0x150
01-01 08:15:21.264 0 0 I : ret_from_fork+0x10/0x1c
01-01 08:15:21.266 0 0 I binder : 2337:2337 ioctl 40046210 7fc01e2b14 returned -22
01-01 08:15:21.268 0 0 E : INFO: trying to register non-static key.
01-01 08:15:21.273 0 0 E : the code is fine but needs lockdep annotation.
01-01 08:15:21.278 0 0 I : CPU: 6 PID: 335 Comm: kworker/u16:12 Tainted: G S W O 4.19.157+ #1
01-01 08:15:21.278 0 0 I Hardware name: Qualcomm Technologies, Inc. kona MTP-RmPM8150b (DT)
01-01 08:15:21.278 0 0 I Workqueue: events_unbound ion_system_secure_heap_prefetch_work
01-01 08:15:21.278 0 0 I Call trace:
01-01 08:15:21.278 0 0 I : dump_backtrace+0x0/0x258
01-01 08:15:21.278 0 0 I : show_stack+0x20/0x30
01-01 08:15:21.278 0 0 I : dump_stack+0xd8/0x12c
01-01 08:15:21.278 0 0 I : register_lock_class+0x4d0/0x5c8
01-01 08:15:21.278 0 0 I : __lock_acquire+0xbc/0x1e58
01-01 08:15:21.278 0 0 I : lock_acquire+0x1cc/0x218
01-01 08:15:21.278 0 0 I : _raw_spin_lock_irqsave+0x54/0x98
01-01 08:15:21.278 0 0 I : ion_system_secure_heap_prefetch_work+0x94/0x2c0
01-01 08:15:21.278 0 0 I : process_one_work+0x38c/0x660
01-01 08:15:21.278 0 0 I : worker_thread+0x268/0x4b8
01-01 08:15:21.278 0 0 I : kthread+0x140/0x150
01-01 08:15:21.278 0 0 I : ret_from_fork+0x10/0x1c
01-01 08:15:21.282 0 0 E [kworke][0x54c7f1f3][00:52:13.701889] wlan: [331:E:QDF] cds_get_context: 1486: Module ID 66 context is Null
01-01 08:15:21.283 0 0 E : INFO: trying to register non-static key.
01-01 08:15:21.298 0 0 E : the code is fine but needs lockdep annotation.
01-01 08:15:21.304 0 0 I : CPU: 6 PID: 335 Comm: kworker/u16:12 Tainted: G S W O 4.19.157+ #1
01-01 08:15:21.304 0 0 I Hardware name: Qualcomm Technologies, Inc. kona MTP-RmPM8150b (DT)
01-01 08:15:21.304 0 0 I Workqueue: events_unbound ion_system_secure_heap_prefetch_work
01-01 08:15:21.304 0 0 I Call trace:
01-01 08:15:21.304 0 0 I : dump_backtrace+0x0/0x258
01-01 08:15:21.304 0 0 I : show_stack+0x20/0x30
01-01 08:15:21.304 0 0 I : dump_stack+0xd8/0x12c
01-01 08:15:21.304 0 0 I : register_lock_class+0x4d0/0x5c8
01-01 08:15:21.304 0 0 I : __lock_acquire+0xbc/0x1e58
01-01 08:15:21.304 0 0 I : lock_acquire+0x1cc/0x218
01-01 08:15:21.304 0 0 I : _raw_spin_lock_irqsave+0x54/0x98
01-01 08:15:21.304 0 0 I : ion_system_secure_heap_prefetch_work+0x94/0x2c0
01-01 08:15:21.304 0 0 I : process_one_work+0x38c/0x660
01-01 08:15:21.304 0 0 I : worker_thread+0x268/0x4b8
01-01 08:15:21.304 0 0 I : kthread+0x140/0x150
01-01 08:15:21.304 0 0 I : ret_from_fork+0x10/0x1c
01-01 08:15:21.314 0 0 E : INFO: trying to register non-static key.
01-01 08:15:21.319 0 0 E : the code is fine but needs lockdep annotation.
01-01 08:15:21.325 0 0 I : CPU: 6 PID: 335 Comm: kworker/u16:12 Tainted: G S W O 4.19.157+ #1
01-01 08:15:21.325 0 0 I Hardware name: Qualcomm Technologies, Inc. kona MTP-RmPM8150b (DT)
01-01 08:15:21.325 0 0 I Workqueue: events_unbound ion_system_secure_heap_prefetch_work
01-01 08:15:21.325 0 0 I Call trace:
01-01 08:15:21.325 0 0 I : dump_backtrace+0x0/0x258
01-01 08:15:21.325 0 0 I : show_stack+0x20/0x30
01-01 08:15:21.325 0 0 I : dump_stack+0xd8/0x12c
01-01 08:15:21.325 0 0 I : register_lock_class+0x4d0/0x5c8
01-01 08:15:21.325 0 0 I : __lock_acquire+0xbc/0x1e58
01-01 08:15:21.325 0 0 I : lock_acquire+0x1cc/0x218
01-01 08:15:21.325 0 0 I : _raw_spin_lock_irqsave+0x54/0x98
01-01 08:15:21.325 0 0 I : ion_system_secure_heap_prefetch_work+0x94/0x2c0
01-01 08:15:21.325 0 0 I : process_one_work+0x38c/0x660
01-01 08:15:21.325 0 0 I : worker_thread+0x268/0x4b8
01-01 08:15:21.325 0 0 I : kthread+0x140/0x150
01-01 08:15:21.325 0 0 I : ret_from_fork+0x10/0x1c
01-01 08:15:21.336 0 0 E : INFO: trying to register non-static key.
01-01 08:15:21.341 0 0 E : the code is fine but needs lockdep annotation.
01-01 08:15:21.347 0 0 I : CPU: 6 PID: 335 Comm: kworker/u16:12 Tainted: G S W O 4.19.157+ #1
01-01 08:15:21.347 0 0 I Hardware name: Qualcomm Technologies, Inc. kona MTP-RmPM8150b (DT)
01-01 08:15:21.347 0 0 I Workqueue: events_unbound ion_system_secure_heap_prefetch_work
01-01 08:15:21.347 0 0 I Call trace:
01-01 08:15:21.347 0 0 I : dump_backtrace+0x0/0x258
01-01 08:15:21.347 0 0 I : show_stack+0x20/0x30
01-01 08:15:21.347 0 0 I : dump_stack+0xd8/0x12c
01-01 08:15:21.347 0 0 I : register_lock_class+0x4d0/0x5c8
01-01 08:15:21.347 0 0 I : __lock_acquire+0xbc/0x1e58
01-01 08:15:21.347 0 0 I : lock_acquire+0x1cc/0x218
01-01 08:15:21.347 0 0 I : _raw_spin_lock_irqsave+0x54/0x98
01-01 08:15:21.347 0 0 I : ion_system_secure_heap_prefetch_work+0x94/0x2c0
01-01 08:15:21.347 0 0 I : process_one_work+0x38c/0x660
01-01 08:15:21.347 0 0 I : worker_thread+0x268/0x4b8
01-01 08:15:21.347 0 0 I : kthread+0x140/0x150
01-01 08:15:21.347 0 0 I : ret_from_fork+0x10/0x1c
01-01 08:15:21.358 0 0 E : INFO: trying to register non-static key.
01-01 08:15:21.358 0 0 E bt_ioctl: BT_CMD_PWR_CTRL pwr_cntrl:0
01-01 08:15:21.362 0 0 I [kworke][0x54df6f72][00:52:13.782070] wlan: [331:I:HIF] Initializing Runtime PM wakelock &psoc_wakelock->wmi_cmd_rsp_runtime_lock
01-01 08:15:21.363 0 0 E : the code is fine but needs lockdep annotation.
01-01 08:15:21.363 0 0 I : CPU: 6 PID: 335 Comm: kworker/u16:12 Tainted: G S W O 4.19.157+ #1
01-01 08:15:21.363 0 0 I Hardware name: Qualcomm Technologies, Inc. kona MTP-RmPM8150b (DT)
01-01 08:15:21.363 0 0 I Workqueue: events_unbound ion_system_secure_heap_prefetch_work
01-01 08:15:21.363 0 0 I Call trace:
01-01 08:15:21.363 0 0 I : dump_backtrace+0x0/0x258
01-01 08:15:21.363 0 0 I : show_stack+0x20/0x30
01-01 08:15:21.363 0 0 I : dump_stack+0xd8/0x12c
01-01 08:15:21.363 0 0 I : register_lock_class+0x4d0/0x5c8
01-01 08:15:21.363 0 0 I : __lock_acquire+0xbc/0x1e58
01-01 08:15:21.363 0 0 I : lock_acquire+0x1cc/0x218
01-01 08:15:21.363 0 0 I : _raw_spin_lock_irqsave+0x54/0x98
01-01 08:15:21.363 0 0 I : ion_system_secure_heap_prefetch_work+0x94/0x2c0
01-01 08:15:21.363 0 0 I : process_one_work+0x38c/0x660
01-01 08:15:21.363 0 0 I : worker_thread+0x268/0x4b8
01-01 08:15:21.363 0 0 I : kthread+0x140/0x150
01-01 08:15:21.368 0 0 E bt_ioctl: BT state already:0 no change done
01-01 08:15:21.373 0 0 I : ret_from_fork+0x10/0x1c
01-01 08:15:21.378 0 0 F [kworke][0x54e3fae5][00:52:13.797582] wlan: [331:F:WMA] WMA --> wmi_unified_attach - success
01-01 08:15:21.381 0 0 E bt_ioctl: BT_CMD_PWR_CTRL pwr_cntrl:1
01-01 08:15:21.383 0 0 E : INFO: trying to register non-static key.
01-01 08:15:21.383 0 0 E : the code is fine but needs lockdep annotation.
01-01 08:15:21.383 0 0 I : CPU: 6 PID: 335 Comm: kworker/u16:12 Tainted: G S W O 4.19.157+ #1
01-01 08:15:21.383 0 0 I Hardware name: Qualcomm Technologies, Inc. kona MTP-RmPM8150b (DT)
01-01 08:15:21.383 0 0 I Workqueue: events_unbound ion_system_secure_heap_prefetch_work
01-01 08:15:21.383 0 0 I Call trace:
01-01 08:15:21.383 0 0 I : dump_backtrace+0x0/0x258
01-01 08:15:21.383 0 0 I : show_stack+0x20/0x30
01-01 08:15:21.383 0 0 I : dump_stack+0xd8/0x12c
01-01 08:15:21.383 0 0 I : register_lock_class+0x4d0/0x5c8
01-01 08:15:21.383 0 0 I : __lock_acquire+0xbc/0x1e58
01-01 08:15:21.383 0 0 I : lock_acquire+0x1cc/0x218
01-01 08:15:21.383 0 0 I : _raw_spin_lock_irqsave+0x54/0x98
01-01 08:15:21.383 0 0 I : ion_system_secure_heap_prefetch_work+0x94/0x2c0
01-01 08:15:21.383 0 0 I : process_one_work+0x38c/0x660
01-01 08:15:21.383 0 0 I : worker_thread+0x268/0x4b8
01-01 08:15:21.383 0 0 I : kthread+0x140/0x150
01-01 08:15:21.383 0 0 I : ret_from_fork+0x10/0x1c
01-01 08:15:21.390 0 0 I binder : 2356:2356 ioctl 40046210 7fc01e2b14 returned -22
01-01 08:15:21.392 0 0 E : INFO: trying to register non-static key.
01-01 08:15:21.394 0 0 I [kworke][0x54e8cea8][00:52:13.814059] wlan: [331:I:HIF] Initializing Runtime PM wakelock &vdev->vdev_set_key_runtime_wakelock
01-01 08:15:21.396 0 0 I [kworke][0x54e957d9][00:52:13.815888] wlan: [331:I:HIF] Initializing Runtime PM wakelock &vdev->vdev_set_key_runtime_wakelock
01-01 08:15:21.397 0 0 I bt_power vendor: bt_qca6390: Linked as a consumer to regulator.9
01-01 08:15:21.397 0 0 E bt_vreg_enable: vreg_en successful for : qca,bt-vdd-aon
01-01 08:15:21.397 0 0 I bt_power vendor: bt_qca6390: Linked as a consumer to regulator.51
01-01 08:15:21.397 0 0 E bt_vreg_enable: vreg_en successful for : qca,bt-vdd-dig
01-01 08:15:21.397 0 0 I bt_power vendor: bt_qca6390: Linked as a consumer to regulator.8
01-01 08:15:21.397 0 0 E bt_vreg_enable: vreg_en successful for : qca,bt-vdd-rfa1
01-01 08:15:21.398 0 0 I bt_power vendor: bt_qca6390: Linked as a consumer to regulator.36
01-01 08:15:21.398 0 0 E bt_vreg_enable: vreg_en successful for : qca,bt-vdd-rfa2
01-01 08:15:21.398 0 0 I bt_power vendor: bt_qca6390: Linked as a consumer to regulator.27
01-01 08:15:21.400 0 0 E : the code is fine but needs lockdep annotation.
01-01 08:15:21.400 0 0 I : CPU: 6 PID: 335 Comm: kworker/u16:12 Tainted: G S W O 4.19.157+ #1
01-01 08:15:21.400 0 0 I Hardware name: Qualcomm Technologies, Inc. kona MTP-RmPM8150b (DT)
01-01 08:15:21.400 0 0 I Workqueue: events_unbound ion_system_secure_heap_prefetch_work
01-01 08:15:21.400 0 0 I Call trace:
01-01 08:15:21.400 0 0 I : dump_backtrace+0x0/0x258
01-01 08:15:21.400 0 0 I : show_stack+0x20/0x30
01-01 08:15:21.400 0 0 I : dump_stack+0xd8/0x12c
01-01 08:15:21.400 0 0 I : register_lock_class+0x4d0/0x5c8
01-01 08:15:21.400 0 0 I : __lock_acquire+0xbc/0x1e58
01-01 08:15:21.400 0 0 I : lock_acquire+0x1cc/0x218
01-01 08:15:21.400 0 0 I : _raw_spin_lock_irqsave+0x54/0x98
01-01 08:15:21.400 0 0 I : ion_system_secure_heap_prefetch_work+0x94/0x2c0
01-01 08:15:21.400 0 0 I : process_one_work+0x38c/0x660
01-01 08:15:21.400 0 0 I : worker_thread+0x268/0x4b8
01-01 08:15:21.400 0 0 I : kthread+0x140/0x150
01-01 08:15:21.400 0 0 I : ret_from_fork+0x10/0x1c
01-01 08:15:21.406 0 0 E bt_vreg_enable: vreg_en successful for : qca,bt-vdd-asd
01-01 08:15:21.421 0 0 E : INFO: trying to register non-static key.
01-01 08:15:21.428 0 0 I [kworke][0x54f29967][00:52:13.847483] wlan: [331:I:HIF] Initializing Runtime PM wakelock &vdev->vdev_set_key_runtime_wakelock
01-01 08:15:21.432 0 0 E : the code is fine but needs lockdep annotation.
01-01 08:15:21.432 0 0 I : CPU: 6 PID: 335 Comm: kworker/u16:12 Tainted: G S W O 4.19.157+ #1
01-01 08:15:21.432 0 0 I Hardware name: Qualcomm Technologies, Inc. kona MTP-RmPM8150b (DT)
01-01 08:15:21.432 0 0 I Workqueue: events_unbound ion_system_secure_heap_prefetch_work
01-01 08:15:21.432 0 0 I Call trace:
01-01 08:15:21.432 0 0 I : dump_backtrace+0x0/0x258
01-01 08:15:21.432 0 0 I : show_stack+0x20/0x30
01-01 08:15:21.432 0 0 I : dump_stack+0xd8/0x12c
01-01 08:15:21.432 0 0 I : register_lock_class+0x4d0/0x5c8
01-01 08:15:21.432 0 0 I : __lock_acquire+0xbc/0x1e58
01-01 08:15:21.432 0 0 I : lock_acquire+0x1cc/0x218
01-01 08:15:21.432 0 0 I : _raw_spin_lock_irqsave+0x54/0x98
01-01 08:15:21.432 0 0 I : ion_system_secure_heap_prefetch_work+0x94/0x2c0
01-01 08:15:21.432 0 0 I : process_one_work+0x38c/0x660
01-01 08:15:21.432 0 0 I : worker_thread+0x268/0x4b8
01-01 08:15:21.432 0 0 I : kthread+0x140/0x150
01-01 08:15:21.432 0 0 I : ret_from_fork+0x10/0x1c
01-01 08:15:21.445 0 0 E : INFO: trying to register non-static key.
01-01 08:15:21.445 0 0 E : the code is fine but needs lockdep annotation.
01-01 08:15:21.445 0 0 I : CPU: 6 PID: 335 Comm: kworker/u16:12 Tainted: G S W O 4.19.157+ #1
01-01 08:15:21.445 0 0 I Hardware name: Qualcomm Technologies, Inc. kona MTP-RmPM8150b (DT)
01-01 08:15:21.445 0 0 I Workqueue: events_unbound ion_system_secure_heap_prefetch_work
01-01 08:15:21.445 0 0 I Call trace:
01-01 08:15:21.445 0 0 I : dump_backtrace+0x0/0x258
01-01 08:15:21.445 0 0 I : show_stack+0x20/0x30
01-01 08:15:21.445 0 0 I : dump_stack+0xd8/0x12c
01-01 08:15:21.445 0 0 I : register_lock_class+0x4d0/0x5c8
01-01 08:15:21.445 0 0 I : __lock_acquire+0xbc/0x1e58
01-01 08:15:21.445 0 0 I : lock_acquire+0x1cc/0x218
01-01 08:15:21.445 0 0 I : _raw_spin_lock_irqsave+0x54/0x98
01-01 08:15:21.445 0 0 I : ion_system_secure_heap_prefetch_work+0x94/0x2c0
01-01 08:15:21.445 0 0 I : process_one_work+0x38c/0x660
01-01 08:15:21.445 0 0 I : worker_thread+0x268/0x4b8
01-01 08:15:21.445 0 0 I : kthread+0x140/0x150
01-01 08:15:21.445 0 0 I : ret_from_fork+0x10/0x1c
01-01 08:15:21.446 0 0 I msm_vidc: high: 00000001: ....e: Opening video instance: ffffffec971f0000, 0
01-01 08:15:21.458 0 0 I [kworke][0x54fb72f7][00:52:13.877692] wlan: [331:I:HIF] Initializing Runtime PM wakelock &vdev->vdev_set_key_runtime_wakelock
01-01 08:15:21.461 0 0 E : INFO: trying to register non-static key.
01-01 08:15:21.461 0 0 E : the code is fine but needs lockdep annotation.
01-01 08:15:21.461 0 0 I : CPU: 6 PID: 335 Comm: kworker/u16:12 Tainted: G S W O 4.19.157+ #1
01-01 08:15:21.461 0 0 I Hardware name: Qualcomm Technologies, Inc. kona MTP-RmPM8150b (DT)
01-01 08:15:21.461 0 0 I Workqueue: events_unbound ion_system_secure_heap_prefetch_work
01-01 08:15:21.461 0 0 I Call trace:
01-01 08:15:21.461 0 0 I : dump_backtrace+0x0/0x258
01-01 08:15:21.461 0 0 I : show_stack+0x20/0x30
01-01 08:15:21.461 0 0 I : dump_stack+0xd8/0x12c
01-01 08:15:21.461 0 0 I : register_lock_class+0x4d0/0x5c8
08-30 00:52:13.799 1914 1914 W CarrierConfigManager: Error getting config for subId -1 ICarrierConfigLoader is null
08-30 00:52:13.826 1085 1885 I am_proc_bound: [0,2356,android.ext.services]
08-30 00:52:13.828 1085 1885 D CompatibilityChangeReporter: Compat change id reported: 168419799; UID 10100; state: DISABLED
08-30 00:52:13.836 1085 1885 I am_uid_active: 10100
08-30 00:52:13.836 1085 1886 D TelephonyRegistry: listen oscl: mHasNotifySubscriptionInfoChangedOccurred==false no callback
08-30 00:52:13.896 1085 1212 W ActivityManager: Slow operation: 541ms so far, now at startProcess: returned from zygote!
08-30 00:52:13.897 1085 1212 W ActivityManager: Slow operation: 542ms so far, now at startProcess: done updating battery stats
08-30 00:52:13.897 1085 1212 I am_proc_start: [0,2405,10079,com.android.launcher3,service,{com.android.launcher3/com.android.quickstep.TouchInteractionService}]
08-30 00:52:13.897 1085 1212 W ActivityManager: Slow operation: 542ms so far, now at startProcess: building log message
08-30 00:52:13.897 1085 1212 I ActivityManager: Start proc 2405:com.android.launcher3/u0a79 for service {com.android.launcher3/com.android.quickstep.TouchInteractionService}
08-30 00:52:13.897 1085 1212 W ActivityManager: Slow operation: 542ms so far, now at startProcess: starting to update pids map
08-30 00:52:13.898 1085 1212 W ActivityManager: Slow operation: 543ms so far, now at startProcess: done updating pids map
01-01 08:15:21.461 0 0 I : __lock_acquire+0xbc/0x1e58
01-01 08:15:21.461 0 0 I : lock_acquire+0x1cc/0x218
01-01 08:15:21.461 0 0 I : _raw_spin_lock_irqsave+0x54/0x98
01-01 08:15:21.461 0 0 I : ion_system_secure_heap_prefetch_work+0x94/0x2c0
01-01 08:15:21.461 0 0 I : process_one_work+0x38c/0x660
01-01 08:15:21.461 0 0 I : worker_thread+0x268/0x4b8
01-01 08:15:21.461 0 0 I : kthread+0x140/0x150
01-01 08:15:21.461 0 0 I : ret_from_fork+0x10/0x1c
01-01 08:15:21.465 0 0 I bt_configure_gpios: BTON:Turn Bt Off bt-reset-gpio(1121) value(0)
01-01 08:15:21.471 0 0 I [kworke][0x54ff6480][00:52:13.891150] wlan: [331:I:HIF] Initializing Runtime PM wakelock &vdev->vdev_set_key_runtime_wakelock
01-01 08:15:21.474 0 0 I bt_configure_gpios: BTON:Turn Bt Off
01-01 08:15:21.476 0 0 E : INFO: trying to register non-static key.
01-01 08:15:21.476 0 0 E : the code is fine but needs lockdep annotation.
01-01 08:15:21.476 0 0 I : CPU: 5 PID: 335 Comm: kworker/u16:12 Tainted: G S W O 4.19.157+ #1
01-01 08:15:21.476 0 0 I Hardware name: Qualcomm Technologies, Inc. kona MTP-RmPM8150b (DT)
01-01 08:15:21.476 0 0 I Workqueue: events_unbound ion_system_secure_heap_prefetch_work
01-01 08:15:21.476 0 0 I Call trace:
01-01 08:15:21.476 0 0 I : dump_backtrace+0x0/0x258
01-01 08:15:21.476 0 0 I : show_stack+0x20/0x30
01-01 08:15:21.476 0 0 I : dump_stack+0xd8/0x12c
01-01 08:15:21.476 0 0 I : register_lock_class+0x4d0/0x5c8
01-01 08:15:21.476 0 0 I : __lock_acquire+0xbc/0x1e58
01-01 08:15:21.476 0 0 I : lock_acquire+0x1cc/0x218
01-01 08:15:21.476 0 0 I : _raw_spin_lock_irqsave+0x54/0x98
01-01 08:15:21.476 0 0 I : ion_system_secure_heap_prefetch_work+0x94/0x2c0
01-01 08:15:21.476 0 0 I : process_one_work+0x38c/0x660
01-01 08:15:21.476 0 0 I : worker_thread+0x268/0x4b8
01-01 08:15:21.476 0 0 I : kthread+0x140/0x150
01-01 08:15:21.476 0 0 I : ret_from_fork+0x10/0x1c
01-01 08:15:21.481 0 0 I [kworke][0x550224bb][00:52:13.900540] wlan: [331:I:HIF] Initializing Runtime PM wakelock &vdev->vdev_set_key_runtime_wakelock
01-01 08:15:21.485 0 0 I msm_vidc: high: 00000001: h264e: Closed video instance: ffffffec971f0000
01-01 08:15:21.488 0 0 I bt_configure_gpios: bt-sw-ctrl-gpio(1224) value(1)
01-01 08:15:21.488 0 0 I bt_enable_bt_reset_gpios_safely: bt_enable_bt_reset_gpios_safely: BTON:Turn Bt On
01-01 08:15:21.488 0 0 I bt_enable_bt_reset_gpios_safely: bt_enable_bt_reset_gpios_safely: wl-reset-gpio(1120) value(1)
01-01 08:15:21.489 0 0 I bt_enable_bt_reset_gpios_safely: bt_enable_bt_reset_gpios_safely: BTON: Asserting BT_EN
01-01 08:15:21.495 0 0 I [kworke][0x55065c19][00:52:13.914931] wlan: [331:I:HIF] Initializing Runtime PM wakelock &wma_handle->wmi_cmd_rsp_runtime_lock
01-01 08:15:21.496 0 0 I [kworke][0x55067b12][00:52:13.915344] wlan: [331:I:HIF] Initializing Runtime PM wakelock &wma_handle->sap_prevent_runtime_pm_lock
01-01 08:15:21.497 0 0 I binder : 2303:2303 ioctl 40046210 7fc01e0af4 returned -22
01-01 08:15:21.504 0 0 D : mv2112_read_status
01-01 08:15:21.504 0 0 D mv2112_update_link: 3.0x901(1G): 0x4
01-01 08:15:21.504 0 0 D mv2112_update_link: 3.0x8109(100M): 0x8
01-01 08:15:21.504 0 0 D mv2112_update_link: link 0x4
01-01 08:15:21.504 0 0 D mv2112_read_status: autoneg is disabled
01-01 08:15:21.505 0 0 E : INFO: trying to register non-static key.
01-01 08:15:21.510 0 0 E : the code is fine but needs lockdep annotation.
01-01 08:15:21.515 0 0 I : CPU: 5 PID: 335 Comm: kworker/u16:12 Tainted: G S W O 4.19.157+ #1
01-01 08:15:21.515 0 0 I Hardware name: Qualcomm Technologies, Inc. kona MTP-RmPM8150b (DT)
01-01 08:15:21.515 0 0 I Workqueue: events_unbound ion_system_secure_heap_prefetch_work
01-01 08:15:21.515 0 0 I Call trace:
01-01 08:15:21.515 0 0 I : dump_backtrace+0x0/0x258
01-01 08:15:21.515 0 0 I : show_stack+0x20/0x30
01-01 08:15:21.515 0 0 I : dump_stack+0xd8/0x12c
01-01 08:15:21.515 0 0 I : register_lock_class+0x4d0/0x5c8
01-01 08:15:21.515 0 0 I : __lock_acquire+0xbc/0x1e58
01-01 08:15:21.515 0 0 I : lock_acquire+0x1cc/0x218
01-01 08:15:21.515 0 0 I : _raw_spin_lock_irqsave+0x54/0x98
01-01 08:15:21.515 0 0 I : ion_system_secure_heap_prefetch_work+0x94/0x2c0
01-01 08:15:21.515 0 0 I : process_one_work+0x38c/0x660
01-01 08:15:21.515 0 0 I : worker_thread+0x268/0x4b8
01-01 08:15:21.516 0 0 I : kthread+0x140/0x150
01-01 08:15:21.516 0 0 I : ret_from_fork+0x10/0x1c
01-01 08:15:21.538 0 0 E : INFO: trying to register non-static key.
01-01 08:15:21.543 0 0 E : the code is fine but needs lockdep annotation.
01-01 08:15:21.549 0 0 I : CPU: 5 PID: 335 Comm: kworker/u16:12 Tainted: G S W O 4.19.157+ #1
01-01 08:15:21.549 0 0 I Hardware name: Qualcomm Technologies, Inc. kona MTP-RmPM8150b (DT)
01-01 08:15:21.549 0 0 I Workqueue: events_unbound ion_system_secure_heap_prefetch_work
01-01 08:15:21.549 0 0 I Call trace:
01-01 08:15:21.549 0 0 I : dump_backtrace+0x0/0x258
01-01 08:15:21.549 0 0 I : show_stack+0x20/0x30
01-01 08:15:21.549 0 0 I : dump_stack+0xd8/0x12c
01-01 08:15:21.549 0 0 I : register_lock_class+0x4d0/0x5c8
01-01 08:15:21.549 0 0 I : __lock_acquire+0xbc/0x1e58
01-01 08:15:21.549 0 0 I : lock_acquire+0x1cc/0x218
01-01 08:15:21.549 0 0 I : _raw_spin_lock_irqsave+0x54/0x98
01-01 08:15:21.549 0 0 I : ion_system_secure_heap_prefetch_work+0x94/0x2c0
01-01 08:15:21.549 0 0 I : process_one_work+0x38c/0x660
01-01 08:15:21.549 0 0 I : worker_thread+0x268/0x4b8
01-01 08:15:21.549 0 0 I : kthread+0x140/0x150
01-01 08:15:21.549 0 0 I : ret_from_fork+0x10/0x1c
01-01 08:15:21.549 0 0 I bt_configure_gpios: BTON:Turn Bt On bt-reset-gpio(1121) value(1)
01-01 08:15:21.549 0 0 I bt_configure_gpios: BTON:Turn Bt On
01-01 08:15:21.549 0 0 I bt_configure_gpios: bt-sw-ctrl-gpio(1224) value(1)
01-01 08:15:21.549 0 0 I bt_configure_gpios: bt_gpio= 1121 on: 1 is successful
01-01 08:15:21.579 0 0 E : INFO: trying to register non-static key.
08-30 00:52:13.994 1085 1194 I DropBoxManagerService: add tag=system_app_strictmode isTagEnabled=true flags=0x2
01-01 08:15:21.585 0 0 E : the code is fine but needs lockdep annotation.
01-01 08:15:21.590 0 0 I : CPU: 5 PID: 335 Comm: kworker/u16:12 Tainted: G S W O 4.19.157+ #1
01-01 08:15:21.590 0 0 I Hardware name: Qualcomm Technologies, Inc. kona MTP-RmPM8150b (DT)
01-01 08:15:21.590 0 0 I Workqueue: events_unbound ion_system_secure_heap_prefetch_work
01-01 08:15:21.590 0 0 I Call trace:
01-01 08:15:21.590 0 0 I : dump_backtrace+0x0/0x258
01-01 08:15:21.590 0 0 I : show_stack+0x20/0x30
01-01 08:15:21.590 0 0 I : dump_stack+0xd8/0x12c
01-01 08:15:21.590 0 0 I : register_lock_class+0x4d0/0x5c8
01-01 08:15:21.590 0 0 I : __lock_acquire+0xbc/0x1e58
01-01 08:15:21.590 0 0 I : lock_acquire+0x1cc/0x218
01-01 08:15:21.590 0 0 I : _raw_spin_lock_irqsave+0x54/0x98
01-01 08:15:21.590 0 0 I : ion_system_secure_heap_prefetch_work+0x94/0x2c0
01-01 08:15:21.590 0 0 I : process_one_work+0x38c/0x660
01-01 08:15:21.590 0 0 I : worker_thread+0x268/0x4b8
01-01 08:15:21.590 0 0 I : kthread+0x140/0x150
01-01 08:15:21.590 0 0 I : ret_from_fork+0x10/0x1c
01-01 08:15:21.592 0 0 I binder : 2405:2405 ioctl 40046210 7fc01e2b14 returned -22
01-01 08:15:21.601 0 0 W logd : Skipping entries from slow reader, pid 1286, fd 14, from LogBuffer::Prune()
08-30 00:52:14.001 2337 2337 I service_manager_slow: [16,wallpaper]
01-01 08:15:21.612 0 0 E bt_ioctl: unified Current SOC Version : 400a0200
08-30 00:52:14.013 1085 1085 I ExplicitHealthCheckController: Explicit health check service is connected ComponentInfo{android.ext.services/android.ext.services.watchdog.ExplicitHealthCheckServiceImpl}
08-30 00:52:14.014 1085 1085 I ExplicitHealthCheckController: Service initialized, syncing requests
08-30 00:52:14.014 1085 1085 I PackageWatchdog: Syncing health check requests for packages: {}
08-30 00:52:14.014 1085 1085 D ExplicitHealthCheckController: Getting health check supported packages
08-30 00:52:14.016 1085 1194 I DropBoxManagerService: add tag=system_app_strictmode isTagEnabled=true flags=0x2
08-30 00:52:14.016 1085 1885 I StatusBarManagerService: registerStatusBar bar=com.android.internal.statusbar.IStatusBar$Stub$Proxy@9ca9317
08-30 00:52:14.017 2337 2337 I wm_on_create_called: [79048024,com.android.settings.FallbackHome,performCreate]
08-30 00:52:14.018 2337 2337 I wm_on_start_called: [79048024,com.android.settings.FallbackHome,handleStartActivity]
08-30 00:52:14.020 2337 2337 I wm_on_resume_called: [79048024,com.android.settings.FallbackHome,RESUME_ACTIVITY]
08-30 00:52:14.022 1085 1194 I DropBoxManagerService: add tag=system_app_strictmode isTagEnabled=true flags=0x2
08-30 00:52:14.023 1085 1211 I am_wtf : [0,1085,system_server,-1,Binder,Outgoing transactions from this process must be FLAG_ONEWAY]
08-30 00:52:14.034 1085 1211 I DropBoxManagerService: add tag=system_server_wtf isTagEnabled=true flags=0x2
08-30 00:52:14.035 1085 1883 D CompatibilityChangeReporter: Compat change id reported: 171306433; UID 1073; state: ENABLED
08-30 00:52:14.041 1085 1194 I DropBoxManagerService: add tag=system_app_strictmode isTagEnabled=true flags=0x2
08-30 00:52:14.048 2337 2337 I service_manager_slow: [18,audio]
01-01 08:15:21.619 0 0 E : INFO: trying to register non-static key.
01-01 08:15:21.624 0 0 E : the code is fine but needs lockdep annotation.
01-01 08:15:21.629 0 0 I : CPU: 6 PID: 335 Comm: kworker/u16:12 Tainted: G S W O 4.19.157+ #1
01-01 08:15:21.629 0 0 I Hardware name: Qualcomm Technologies, Inc. kona MTP-RmPM8150b (DT)
01-01 08:15:21.629 0 0 I Workqueue: events_unbound ion_system_secure_heap_prefetch_work
01-01 08:15:21.629 0 0 I Call trace:
01-01 08:15:21.629 0 0 I : dump_backtrace+0x0/0x258
01-01 08:15:21.629 0 0 I : show_stack+0x20/0x30
01-01 08:15:21.629 0 0 I : dump_stack+0xd8/0x12c
01-01 08:15:21.629 0 0 I : register_lock_class+0x4d0/0x5c8
01-01 08:15:21.629 0 0 I : __lock_acquire+0xbc/0x1e58
01-01 08:15:21.629 0 0 I : lock_acquire+0x1cc/0x218
01-01 08:15:21.629 0 0 I : _raw_spin_lock_irqsave+0x54/0x98
01-01 08:15:21.629 0 0 I : ion_system_secure_heap_prefetch_work+0x94/0x2c0
01-01 08:15:21.629 0 0 I : process_one_work+0x38c/0x660
01-01 08:15:21.629 0 0 I : worker_thread+0x268/0x4b8
01-01 08:15:21.629 0 0 I : kthread+0x140/0x150
01-01 08:15:21.629 0 0 I : ret_from_fork+0x10/0x1c
01-01 08:15:21.634 0 0 E [kworke][0x552f132a][00:52:14.053906] wlan: [331:E:QDF] htc_wait_target: 684: Target Ready! TX resource : 1 size:2176, MaxMsgsPerHTCBundle = 1
08-30 00:52:14.058 1085 1085 V NotificationAssistants: 0 notification assistant service connected: ComponentInfo{android.ext.services/android.ext.services.notification.Assistant}
08-30 00:52:14.062 2337 2337 I wm_on_top_resumed_gained_called: [79048024,com.android.settings.FallbackHome,topStateChangedWhenResumed]
08-30 00:52:14.067 1085 1613 I am_proc_bound: [0,2405,com.android.launcher3]
08-30 00:52:14.068 1085 1142 I ExplicitHealthCheckController: Explicit health check supported packages [PackageConfig{com.android.networkstack, 86400000}]
08-30 00:52:14.068 1085 1142 D PackageWatchdog: Received supported packages [PackageConfig{com.android.networkstack, 86400000}]
08-30 00:52:14.069 1085 1142 D ExplicitHealthCheckController: Getting health check requested packages
08-30 00:52:14.070 1085 1194 I DropBoxManagerService: add tag=system_server_strictmode isTagEnabled=true flags=0x2
08-30 00:52:14.072 1085 1142 I ExplicitHealthCheckController: Explicit health check requested packages []
08-30 00:52:14.072 1085 1142 I ExplicitHealthCheckController: No more health check requests, unbinding...
01-01 08:15:21.649 0 0 E [kworke][0x55335204][00:52:14.068398] wlan: [331:E:QDF] htc_setup_target_buffer_assignments: 576: SVS Index : 1 TX : 0x100 : alloc:1
01-01 08:15:21.654 0 0 E : INFO: trying to register non-static key.
01-01 08:15:21.663 0 0 D cnss : Assign MSI to user: DP, num_vectors: 18, user_base_data: 814, base_vector: 14
01-01 08:15:21.667 0 0 E : the code is fine but needs lockdep annotation.
01-01 08:15:21.667 0 0 I : CPU: 6 PID: 335 Comm: kworker/u16:12 Tainted: G S W O 4.19.157+ #1
01-01 08:15:21.667 0 0 I Hardware name: Qualcomm Technologies, Inc. kona MTP-RmPM8150b (DT)
01-01 08:15:21.667 0 0 I Workqueue: events_unbound ion_system_secure_heap_prefetch_work
01-01 08:15:21.667 0 0 I Call trace:
01-01 08:15:21.667 0 0 I : dump_backtrace+0x0/0x258
01-01 08:15:21.667 0 0 I : show_stack+0x20/0x30
01-01 08:15:21.667 0 0 I : dump_stack+0xd8/0x12c
01-01 08:15:21.667 0 0 I : register_lock_class+0x4d0/0x5c8
01-01 08:15:21.667 0 0 I : __lock_acquire+0xbc/0x1e58
01-01 08:15:21.667 0 0 I : lock_acquire+0x1cc/0x218
01-01 08:15:21.667 0 0 I : _raw_spin_lock_irqsave+0x54/0x98
01-01 08:15:21.667 0 0 I : ion_system_secure_heap_prefetch_work+0x94/0x2c0
01-01 08:15:21.667 0 0 I : process_one_work+0x38c/0x660
01-01 08:15:21.667 0 0 I : worker_thread+0x268/0x4b8
01-01 08:15:21.667 0 0 I : kthread+0x140/0x150
01-01 08:15:21.667 0 0 I : ret_from_fork+0x10/0x1c
08-30 00:52:14.073 1085 1613 D CompatibilityChangeReporter: Compat change id reported: 168419799; UID 10079; state: DISABLED
08-30 00:52:14.082 1085 1613 I am_uid_active: 10079
08-30 00:52:14.087 1085 1196 I input_focus: [Focus request 9cfd15 com.android.settings/com.android.settings.FallbackHome,reason=UpdateInputWindows]
08-30 00:52:14.087 1085 1142 I ExplicitHealthCheckController: Explicit health check service is unbound
01-01 08:15:21.684 0 0 E : INFO: trying to register non-static key.
01-01 08:15:21.686 0 0 I [kworke][0x553e5eba][00:52:14.106114] wlan: [331:I:HIF] +hif_update_pipe_callback pipeid 5
01-01 08:15:21.689 0 0 E : the code is fine but needs lockdep annotation.
01-01 08:15:21.689 0 0 I : CPU: 6 PID: 335 Comm: kworker/u16:12 Tainted: G S W O 4.19.157+ #1
01-01 08:15:21.689 0 0 I Hardware name: Qualcomm Technologies, Inc. kona MTP-RmPM8150b (DT)
01-01 08:15:21.689 0 0 I Workqueue: events_unbound ion_system_secure_heap_prefetch_work
01-01 08:15:21.689 0 0 I Call trace:
01-01 08:15:21.689 0 0 I : dump_backtrace+0x0/0x258
01-01 08:15:21.689 0 0 I : show_stack+0x20/0x30
01-01 08:15:21.689 0 0 I : dump_stack+0xd8/0x12c
01-01 08:15:21.689 0 0 I : register_lock_class+0x4d0/0x5c8
01-01 08:15:21.689 0 0 I : __lock_acquire+0xbc/0x1e58
01-01 08:15:21.689 0 0 I : lock_acquire+0x1cc/0x218
01-01 08:15:21.689 0 0 I : _raw_spin_lock_irqsave+0x54/0x98
01-01 08:15:21.689 0 0 I : ion_system_secure_heap_prefetch_work+0x94/0x2c0
01-01 08:15:21.689 0 0 I : process_one_work+0x38c/0x660
01-01 08:15:21.689 0 0 I : worker_thread+0x268/0x4b8
01-01 08:15:21.689 0 0 I : kthread+0x140/0x150
01-01 08:15:21.689 0 0 I : ret_from_fork+0x10/0x1c
01-01 08:15:21.695 0 0 I [kworke][0x5540f94d][00:52:14.115001] wlan: [331:I:HIF] -hif_update_pipe_callback
01-01 08:15:21.695 0 0 D cnss : Assign MSI to user: DP, num_vectors: 18, user_base_data: 814, base_vector: 14
01-01 08:15:21.704 0 0 E [kworke][0x5543ad56][00:52:14.124227] wlan: [331:E:DP] dp_srng_get_str_from_hal_ring_type: 7726: Invalid ring type
01-01 08:15:21.710 0 0 E : INFO: trying to register non-static key.
01-01 08:15:21.717 0 0 D cnss : Assign MSI to user: DP, num_vectors: 18, user_base_data: 814, base_vector: 14
01-01 08:15:21.721 0 0 E : the code is fine but needs lockdep annotation.
01-01 08:15:21.721 0 0 I : CPU: 7 PID: 335 Comm: kworker/u16:12 Tainted: G S W O 4.19.157+ #1
01-01 08:15:21.721 0 0 I Hardware name: Qualcomm Technologies, Inc. kona MTP-RmPM8150b (DT)
01-01 08:15:21.721 0 0 I Workqueue: events_unbound ion_system_secure_heap_prefetch_work
01-01 08:15:21.721 0 0 I Call trace:
01-01 08:15:21.721 0 0 I : dump_backtrace+0x0/0x258
01-01 08:15:21.721 0 0 I : show_stack+0x20/0x30
01-01 08:15:21.721 0 0 I : dump_stack+0xd8/0x12c
01-01 08:15:21.721 0 0 I : register_lock_class+0x4d0/0x5c8
01-01 08:15:21.721 0 0 I : __lock_acquire+0xbc/0x1e58
01-01 08:15:21.721 0 0 I : lock_acquire+0x1cc/0x218
01-01 08:15:21.721 0 0 I : _raw_spin_lock_irqsave+0x54/0x98
01-01 08:15:21.721 0 0 I : ion_system_secure_heap_prefetch_work+0x94/0x2c0
01-01 08:15:21.721 0 0 I : process_one_work+0x38c/0x660
01-01 08:15:21.721 0 0 I : worker_thread+0x268/0x4b8
01-01 08:15:21.721 0 0 I : kthread+0x140/0x150
01-01 08:15:21.721 0 0 I : ret_from_fork+0x10/0x1c
01-01 08:15:21.723 0 0 E : INFO: trying to register non-static key.
01-01 08:15:21.729 0 0 D cnss : Assign MSI to user: DP, num_vectors: 18, user_base_data: 814, base_vector: 14
01-01 08:15:21.733 0 0 E : the code is fine but needs lockdep annotation.
01-01 08:15:21.733 0 0 I : CPU: 7 PID: 335 Comm: kworker/u16:12 Tainted: G S W O 4.19.157+ #1
01-01 08:15:21.733 0 0 I Hardware name: Qualcomm Technologies, Inc. kona MTP-RmPM8150b (DT)
01-01 08:15:21.733 0 0 I Workqueue: events_unbound ion_system_secure_heap_prefetch_work
01-01 08:15:21.733 0 0 I Call trace:
01-01 08:15:21.733 0 0 I : dump_backtrace+0x0/0x258
01-01 08:15:21.733 0 0 I : show_stack+0x20/0x30
01-01 08:15:21.733 0 0 I : dump_stack+0xd8/0x12c
01-01 08:15:21.733 0 0 I : register_lock_class+0x4d0/0x5c8
01-01 08:15:21.733 0 0 I : __lock_acquire+0xbc/0x1e58
01-01 08:15:21.733 0 0 I : lock_acquire+0x1cc/0x218
01-01 08:15:21.733 0 0 I : _raw_spin_lock_irqsave+0x54/0x98
01-01 08:15:21.733 0 0 I : ion_system_secure_heap_prefetch_work+0x48/0x2c0
01-01 08:15:21.733 0 0 I : process_one_work+0x38c/0x660
01-01 08:15:21.733 0 0 I : worker_thread+0x33c/0x4b8
01-01 08:15:21.733 0 0 I : kthread+0x140/0x150
01-01 08:15:21.733 0 0 I : ret_from_fork+0x10/0x1c
01-01 08:15:21.740 0 0 D cnss : Assign MSI to user: DP, num_vectors: 18, user_base_data: 814, base_vector: 14
01-01 08:15:21.740 0 0 D cnss : Assign MSI to user: DP, num_vectors: 18, user_base_data: 814, base_vector: 14
01-01 08:15:21.740 0 0 D cnss : Assign MSI to user: DP, num_vectors: 18, user_base_data: 814, base_vector: 14
01-01 08:15:21.741 0 0 D cnss : Assign MSI to user: DP, num_vectors: 18, user_base_data: 814, base_vector: 14
01-01 08:15:21.741 0 0 D cnss : Assign MSI to user: DP, num_vectors: 18, user_base_data: 814, base_vector: 14
01-01 08:15:21.741 0 0 D cnss : Assign MSI to user: DP, num_vectors: 18, user_base_data: 814, base_vector: 14
01-01 08:15:21.741 0 0 I [kworke][0x554e71fc][00:52:14.160982] wlan: [331:I:DP] dp_tx_soc_attach Tx Desc Alloc num_pool = 4, descs = 4096
01-01 08:15:21.743 0 0 I [kworke][0x554ee5fb][00:52:14.162530] wlan: [331:I:DP] dp_tx_soc_attach MSDU Ext Desc Alloc 4, descs = 4096
01-01 08:15:21.744 0 0 I binder : 2337:2412 ioctl 40046210 6ce4a191f4 returned -22
01-01 08:15:21.745 0 0 I [kworke][0x554f8833][00:52:14.164692] wlan: [331:I:DP] dp_tx_soc_attach HAL Tx init Success
01-01 08:15:21.745 0 0 D cnss : Assign MSI to user: DP, num_vectors: 18, user_base_data: 814, base_vector: 14
01-01 08:15:21.746 0 0 D cnss : Assign MSI to user: DP, num_vectors: 18, user_base_data: 814, base_vector: 14
01-01 08:15:21.746 0 0 I [kworke][0x554fd3f6][00:52:14.165702] wlan: [331:I:DP] dp_soc_cmn_setup: 3274: num_reo_dest_rings 4
01-01 08:15:21.746 0 0 D cnss : Assign MSI to user: DP, num_vectors: 18, user_base_data: 814, base_vector: 14
01-01 08:15:21.746 0 0 D cnss : Assign MSI to user: DP, num_vectors: 18, user_base_data: 814, base_vector: 14
01-01 08:15:21.747 0 0 D cnss : Assign MSI to user: DP, num_vectors: 18, user_base_data: 814, base_vector: 14
01-01 08:15:21.747 0 0 D cnss : Assign MSI to user: DP, num_vectors: 18, user_base_data: 814, base_vector: 14
01-01 08:15:21.747 0 0 D cnss : Assign MSI to user: DP, num_vectors: 18, user_base_data: 814, base_vector: 14
01-01 08:15:21.747 0 0 D cnss : Assign MSI to user: DP, num_vectors: 18, user_base_data: 814, base_vector: 14
01-01 08:15:21.748 0 0 D cnss : Assign MSI to user: DP, num_vectors: 18, user_base_data: 814, base_vector: 14
01-01 08:15:21.748 0 0 D cnss : Assign MSI to user: DP, num_vectors: 18, user_base_data: 814, base_vector: 14
01-01 08:15:21.748 0 0 D cnss : Assign MSI to user: DP, num_vectors: 18, user_base_data: 814, base_vector: 14
01-01 08:15:21.749 0 0 D cnss : Assign MSI to user: DP, num_vectors: 18, user_base_data: 814, base_vector: 14
01-01 08:15:21.749 0 0 D cnss : Assign MSI to user: DP, num_vectors: 18, user_base_data: 814, base_vector: 14
01-01 08:15:21.750 0 0 I [kworke][0x55510580][00:52:14.169776] wlan: [331:I:HAL] hal_reo_set_err_dst_remap_6390: 1024: HWIO_REO_R0_ERROR_DESTINATION_MAPPING_IX_0 0x28005b6d
01-01 08:15:21.750 0 0 D cnss : Assign MSI to user: DP, num_vectors: 18, user_base_data: 814, base_vector: 14
01-01 08:15:21.750 0 0 D cnss : Assign MSI to user: DP, num_vectors: 18, user_base_data: 814, base_vector: 14
01-01 08:15:21.750 0 0 D cnss : Assign MSI to user: DP, num_vectors: 18, user_base_data: 814, base_vector: 14
01-01 08:15:21.751 0 0 D cnss : Assign MSI to user: DP, num_vectors: 18, user_base_data: 814, base_vector: 14
01-01 08:15:21.751 0 0 D cnss : Assign MSI to user: DP, num_vectors: 18, user_base_data: 814, base_vector: 14
01-01 08:15:21.752 0 0 D cnss : Assign MSI to user: DP, num_vectors: 18, user_base_data: 814, base_vector: 14
08-30 00:52:14.190 1085 1883 I am_uid_running: 10088
08-30 00:52:14.190 1085 1883 D CompatibilityChangeReporter: Compat change id reported: 135634846; UID 10088; state: DISABLED
