08-30 00:52:18.429 1085 1211 D SystemServerTimingAsync: ssm.onUnlockedUser-0_com.android.server.vibrator.VibratorManagerService$Lifecycle took to complete: 0ms
08-30 00:52:18.430 1085 1211 I SystemServerTimingAsync: ssm.onUnlockedUser-0_com.android.server.alarm.AlarmManagerService
08-30 00:52:18.430 1085 1211 D SystemServerTimingAsync: ssm.onUnlockedUser-0_com.android.server.alarm.AlarmManagerService took to complete: 0ms
08-30 00:52:18.430 1085 1211 I SystemServerTimingAsync: ssm.onUnlockedUser-0_com.android.server.devicestate.DeviceStateManagerService
08-30 00:52:18.430 1085 1211 D SystemServerTimingAsync: ssm.onUnlockedUser-0_com.android.server.devicestate.DeviceStateManagerService took to complete: 0ms
08-30 00:52:18.430 1085 1211 I SystemServerTimingAsync: ssm.onUnlockedUser-0_com.android.server.camera.CameraServiceProxy
08-30 00:52:18.430 1085 1211 D SystemServerTimingAsync: ssm.onUnlockedUser-0_com.android.server.camera.CameraServiceProxy took to complete: 0ms
08-30 00:52:18.430 1085 1211 I SystemServerTimingAsync: ssm.onUnlockedUser-0_com.android.server.BluetoothService
08-30 00:52:18.430 1085 1211 D SystemServerTimingAsync: ssm.onUnlockedUser-0_com.android.server.BluetoothService took to complete: 0ms
08-30 00:52:18.430 1085 1211 I SystemServerTimingAsync: ssm.onUnlockedUser-0_com.android.server.connectivity.IpConnectivityMetrics
08-30 00:52:18.431 1085 1211 D SystemServerTimingAsync: ssm.onUnlockedUser-0_com.android.server.connectivity.IpConnectivityMetrics took to complete: 0ms
08-30 00:52:18.431 1085 1211 I SystemServerTimingAsync: ssm.onUnlockedUser-0_com.android.server.net.watchlist.NetworkWatchlistService$Lifecycle
08-30 00:52:18.431 1085 1211 D SystemServerTimingAsync: ssm.onUnlockedUser-0_com.android.server.net.watchlist.NetworkWatchlistService$Lifecycle took to complete: 0ms
08-30 00:52:18.431 1085 1211 I SystemServerTimingAsync: ssm.onUnlockedUser-0_com.android.server.PinnerService
08-30 00:52:18.431 1085 1211 D SystemServerTimingAsync: ssm.onUnlockedUser-0_com.android.server.PinnerService took to complete: 0ms
08-30 00:52:18.431 1085 1211 I SystemServerTimingAsync: ssm.onUnlockedUser-0_com.google.android.startop.iorap.IorapForwardingService
08-30 00:52:18.431 1085 1211 D SystemServerTimingAsync: ssm.onUnlockedUser-0_com.google.android.startop.iorap.IorapForwardingService took to complete: 0ms
08-30 00:52:18.437 1085 1211 I SystemServerTimingAsync: ssm.onUnlockedUser-0_com.android.server.ActivityTriggerService
08-30 00:52:18.437 1085 1211 D SystemServerTimingAsync: ssm.onUnlockedUser-0_com.android.server.ActivityTriggerService took to complete: 0ms
08-30 00:52:18.438 1085 1211 I SystemServerTimingAsync: ssm.onUnlockedUser-0_com.android.server.integrity.AppIntegrityManagerService
08-30 00:52:18.438 1085 1211 D SystemServerTimingAsync: ssm.onUnlockedUser-0_com.android.server.integrity.AppIntegrityManagerService took to complete: 0ms
08-30 00:52:18.438 1085 1211 I SystemServerTimingAsync: ssm.onUnlockedUser-0_com.android.server.inputmethod.InputMethodManagerService$Lifecycle
08-30 00:52:18.438 1085 1211 D SystemServerTimingAsync: ssm.onUnlockedUser-0_com.android.server.inputmethod.InputMethodManagerService$Lifecycle took to complete: 0ms
08-30 00:52:18.438 1085 1211 I SystemServerTimingAsync: ssm.onUnlockedUser-0_com.android.server.accessibility.AccessibilityManagerService$Lifecycle
08-30 00:52:18.438 1085 1211 D SystemServerTimingAsync: ssm.onUnlockedUser-0_com.android.server.accessibility.AccessibilityManagerService$Lifecycle took to complete: 0ms
08-30 00:52:18.438 1085 1211 I SystemServerTimingAsync: ssm.onUnlockedUser-0_com.android.server.StorageManagerService$Lifecycle
08-30 00:52:18.438 1085 1211 D SystemServerTimingAsync: ssm.onUnlockedUser-0_com.android.server.StorageManagerService$Lifecycle took to complete: 0ms
08-30 00:52:18.438 1085 1211 I SystemServerTimingAsync: ssm.onUnlockedUser-0_com.android.server.usage.StorageStatsService$Lifecycle
08-30 00:52:18.438 1085 1211 D SystemServerTimingAsync: ssm.onUnlockedUser-0_com.android.server.usage.StorageStatsService$Lifecycle took to complete: 0ms
08-30 00:52:18.438 1085 1211 I SystemServerTimingAsync: ssm.onUnlockedUser-0_com.android.server.UiModeManagerService
08-30 00:52:18.438 1085 1211 D SystemServerTimingAsync: ssm.onUnlockedUser-0_com.android.server.UiModeManagerService took to complete: 0ms
08-30 00:52:18.439 1085 1211 I SystemServerTimingAsync: ssm.onUnlockedUser-0_com.android.server.locksettings.LockSettingsService$Lifecycle
08-30 00:52:18.439 1085 1211 D SystemServerTimingAsync: ssm.onUnlockedUser-0_com.android.server.locksettings.LockSettingsService$Lifecycle took to complete: 0ms
08-30 00:52:18.439 1085 1211 I SystemServerTimingAsync: ssm.onUnlockedUser-0_com.android.server.PersistentDataBlockService
08-30 00:52:18.439 1085 1211 D SystemServerTimingAsync: ssm.onUnlockedUser-0_com.android.server.PersistentDataBlockService took to complete: 0ms
08-30 00:52:18.439 1085 1211 I SystemServerTimingAsync: ssm.onUnlockedUser-0_com.android.server.testharness.TestHarnessModeService
08-30 00:52:18.439 1085 1211 D SystemServerTimingAsync: ssm.onUnlockedUser-0_com.android.server.testharness.TestHarnessModeService took to complete: 0ms
08-30 00:52:18.439 1085 1211 I SystemServerTimingAsync: ssm.onUnlockedUser-0_com.android.server.oemlock.OemLockService
08-30 00:52:18.439 1085 1211 D SystemServerTimingAsync: ssm.onUnlockedUser-0_com.android.server.oemlock.OemLockService took to complete: 0ms
08-30 00:52:18.439 1085 1211 I SystemServerTimingAsync: ssm.onUnlockedUser-0_com.android.server.DeviceIdleController
08-30 00:52:18.439 1085 1211 D SystemServerTimingAsync: ssm.onUnlockedUser-0_com.android.server.DeviceIdleController took to complete: 0ms
08-30 00:52:18.439 1085 1211 I SystemServerTimingAsync: ssm.onUnlockedUser-0_com.android.server.devicepolicy.DevicePolicyManagerService$Lifecycle
08-30 00:52:18.439 1085 1211 D SystemServerTimingAsync: ssm.onUnlockedUser-0_com.android.server.devicepolicy.DevicePolicyManagerService$Lifecycle took to complete: 0ms
08-30 00:52:18.439 1085 1211 I SystemServerTimingAsync: ssm.onUnlockedUser-0_com.android.server.texttospeech.TextToSpeechManagerService
08-30 00:52:18.439 1085 1211 D SystemServerTimingAsync: ssm.onUnlockedUser-0_com.android.server.texttospeech.TextToSpeechManagerService took to complete: 0ms
08-30 00:52:18.439 1085 1211 I SystemServerTimingAsync: ssm.onUnlockedUser-0_com.android.server.speech.SpeechRecognitionManagerService
08-30 00:52:18.439 1085 1211 D SystemServerTimingAsync: ssm.onUnlockedUser-0_com.android.server.speech.SpeechRecognitionManagerService took to complete: 0ms
08-30 00:52:18.440 1085 1211 I SystemServerTimingAsync: ssm.onUnlockedUser-0_com.android.server.searchui.SearchUiManagerService
08-30 00:52:18.440 1085 1211 D SystemServerTimingAsync: ssm.onUnlockedUser-0_com.android.server.searchui.SearchUiManagerService took to complete: 0ms
08-30 00:52:18.440 1085 1211 I SystemServerTimingAsync: ssm.onUnlockedUser-0_com.android.server.smartspace.SmartspaceManagerService
08-30 00:52:18.440 1085 1211 D SystemServerTimingAsync: ssm.onUnlockedUser-0_com.android.server.smartspace.SmartspaceManagerService took to complete: 0ms
08-30 00:52:18.440 1085 1211 I SystemServerTimingAsync: ssm.onUnlockedUser-0_com.android.server.graphics.fonts.FontManagerService$Lifecycle
08-30 00:52:18.440 1085 1211 D SystemServerTimingAsync: ssm.onUnlockedUser-0_com.android.server.graphics.fonts.FontManagerService$Lifecycle took to complete: 0ms
08-30 00:52:18.440 1085 1211 I SystemServerTimingAsync: ssm.onUnlockedUser-0_com.android.server.textservices.TextServicesManagerService$Lifecycle
08-30 00:52:18.440 1085 1211 D SystemServerTimingAsync: ssm.onUnlockedUser-0_com.android.server.textservices.TextServicesManagerService$Lifecycle took to complete: 0ms
08-30 00:52:18.440 1085 1211 I SystemServerTimingAsync: ssm.onUnlockedUser-0_com.android.server.textclassifier.TextClassificationManagerService$Lifecycle
08-30 00:52:18.440 1085 1211 D SystemServerTimingAsync: ssm.onUnlockedUser-0_com.android.server.textclassifier.TextClassificationManagerService$Lifecycle took to complete: 0ms
08-30 00:52:18.440 1085 1211 I SystemServerTimingAsync: ssm.onUnlockedUser-0_com.android.server.NetworkScoreService$Lifecycle
08-30 00:52:18.440 1085 1211 D SystemServerTimingAsync: ssm.onUnlockedUser-0_com.android.server.NetworkScoreService$Lifecycle took to complete: 0ms
08-30 00:52:18.440 1085 1211 I SystemServerTimingAsync: ssm.onUnlockedUser-0_com.android.server.wifi.WifiService
08-30 00:52:18.440 1085 1211 D SystemServerTimingAsync: ssm.onUnlockedUser-0_com.android.server.wifi.WifiService took to complete: 0ms
08-30 00:52:18.440 1085 1211 I SystemServerTimingAsync: ssm.onUnlockedUser-0_com.android.server.wifi.scanner.WifiScanningService
08-30 00:52:18.441 1085 1211 D SystemServerTimingAsync: ssm.onUnlockedUser-0_com.android.server.wifi.scanner.WifiScanningService took to complete: 0ms
08-30 00:52:18.441 1085 1211 I SystemServerTimingAsync: ssm.onUnlockedUser-0_com.android.server.wifi.rtt.RttService
08-30 00:52:18.441 1085 1211 D SystemServerTimingAsync: ssm.onUnlockedUser-0_com.android.server.wifi.rtt.RttService took to complete: 0ms
08-30 00:52:18.441 1085 1211 I SystemServerTimingAsync: ssm.onUnlockedUser-0_com.android.server.wifi.aware.WifiAwareService
08-30 00:52:18.441 1085 1211 D SystemServerTimingAsync: ssm.onUnlockedUser-0_com.android.server.wifi.aware.WifiAwareService took to complete: 0ms
08-30 00:52:18.441 1085 1211 I SystemServerTimingAsync: ssm.onUnlockedUser-0_com.android.server.wifi.p2p.WifiP2pService
08-30 00:52:18.441 1085 1211 D SystemServerTimingAsync: ssm.onUnlockedUser-0_com.android.server.wifi.p2p.WifiP2pService took to complete: 0ms
08-30 00:52:18.441 1085 1211 I SystemServerTimingAsync: ssm.onUnlockedUser-0_com.android.server.ethernet.EthernetService
08-30 00:52:18.441 1085 1211 D SystemServerTimingAsync: ssm.onUnlockedUser-0_com.android.server.ethernet.EthernetService took to complete: 0ms
08-30 00:52:18.441 1085 1211 I SystemServerTimingAsync: ssm.onUnlockedUser-0_com.android.server.ConnectivityServiceInitializer
08-30 00:52:18.441 1085 1211 D SystemServerTimingAsync: ssm.onUnlockedUser-0_com.android.server.ConnectivityServiceInitializer took to complete: 0ms
08-30 00:52:18.441 1085 1211 I SystemServerTimingAsync: ssm.onUnlockedUser-0_com.android.server.notification.NotificationManagerService
08-30 00:52:18.441 1085 1211 D SystemServerTimingAsync: ssm.onUnlockedUser-0_com.android.server.notification.NotificationManagerService took to complete: 0ms
08-30 00:52:18.441 1085 1211 I SystemServerTimingAsync: ssm.onUnlockedUser-0_com.android.server.storage.DeviceStorageMonitorService
08-30 00:52:18.442 1085 1211 D SystemServerTimingAsync: ssm.onUnlockedUser-0_com.android.server.storage.DeviceStorageMonitorService took to complete: 0ms
08-30 00:52:18.442 1085 1211 I SystemServerTimingAsync: ssm.onUnlockedUser-0_com.android.server.location.LocationManagerService$Lifecycle
08-30 00:52:18.442 1085 1211 D SystemServerTimingAsync: ssm.onUnlockedUser-0_com.android.server.location.LocationManagerService$Lifecycle took to complete: 0ms
08-30 00:52:18.442 1085 1211 I SystemServerTimingAsync: ssm.onUnlockedUser-0_com.android.server.timedetector.TimeDetectorService$Lifecycle
08-30 00:52:18.442 1085 1211 D SystemServerTimingAsync: ssm.onUnlockedUser-0_com.android.server.timedetector.TimeDetectorService$Lifecycle took to complete: 0ms
08-30 00:52:18.442 1085 1211 I SystemServerTimingAsync: ssm.onUnlockedUser-0_com.android.server.timezonedetector.TimeZoneDetectorService$Lifecycle
08-30 00:52:18.442 1085 1211 D SystemServerTimingAsync: ssm.onUnlockedUser-0_com.android.server.timezonedetector.TimeZoneDetectorService$Lifecycle took to complete: 0ms
08-30 00:52:18.442 1085 1211 I SystemServerTimingAsync: ssm.onUnlockedUser-0_com.android.server.timezonedetector.location.LocationTimeZoneManagerService$Lifecycle
08-30 00:52:18.442 1085 1211 D SystemServerTimingAsync: ssm.onUnlockedUser-0_com.android.server.timezonedetector.location.LocationTimeZoneManagerService$Lifecycle took to complete: 0ms
08-30 00:52:18.442 1085 1211 I SystemServerTimingAsync: ssm.onUnlockedUser-0_com.android.server.search.SearchManagerService$Lifecycle
08-30 00:52:18.442 1085 1211 D SystemServerTimingAsync: ssm.onUnlockedUser-0_com.android.server.search.SearchManagerService$Lifecycle took to complete: 0ms
08-30 00:52:18.443 1085 1211 I SystemServerTimingAsync: ssm.onUnlockedUser-0_com.android.server.wallpaper.WallpaperManagerService$Lifecycle
08-30 00:52:18.443 1085 1211 D SystemServerTimingAsync: ssm.onUnlockedUser-0_com.android.server.wallpaper.WallpaperManagerService$Lifecycle took to complete: 0ms
08-30 00:52:18.443 1085 1211 I SystemServerTimingAsync: ssm.onUnlockedUser-0_com.android.server.audio.AudioService$Lifecycle
08-30 00:52:18.443 1085 1211 D SystemServerTimingAsync: ssm.onUnlockedUser-0_com.android.server.audio.AudioService$Lifecycle took to complete: 0ms
08-30 00:52:18.443 1085 1211 I SystemServerTimingAsync: ssm.onUnlockedUser-0_com.android.server.soundtrigger_middleware.SoundTriggerMiddlewareService$Lifecycle
08-30 00:52:18.443 1085 1211 D SystemServerTimingAsync: ssm.onUnlockedUser-0_com.android.server.soundtrigger_middleware.SoundTriggerMiddlewareService$Lifecycle took to complete: 0ms
08-30 00:52:18.443 1085 1211 I SystemServerTimingAsync: ssm.onUnlockedUser-0_com.android.server.DockObserver
08-30 00:52:18.443 1085 1211 D SystemServerTimingAsync: ssm.onUnlockedUser-0_com.android.server.DockObserver took to complete: 0ms
08-30 00:52:18.443 1085 1211 I SystemServerTimingAsync: ssm.onUnlockedUser-0_com.android.server.midi.MidiService$Lifecycle
08-30 00:52:18.452 1085 1211 D SystemServerTimingAsync: ssm.onUnlockedUser-0_com.android.server.midi.MidiService$Lifecycle took to complete: 0ms
08-30 00:52:18.452 1085 1211 I SystemServerTimingAsync: ssm.onUnlockedUser-0_com.android.server.adb.AdbService$Lifecycle
08-30 00:52:18.452 1085 1211 D SystemServerTimingAsync: ssm.onUnlockedUser-0_com.android.server.adb.AdbService$Lifecycle took to complete: 0ms
08-30 00:52:18.452 1085 1211 I SystemServerTimingAsync: ssm.onUnlockedUser-0_com.android.server.usb.UsbService$Lifecycle
08-30 00:52:18.452 1085 1211 D SystemServerTimingAsync: ssm.onUnlockedUser-0_com.android.server.usb.UsbService$Lifecycle took to complete: 0ms
08-30 00:52:18.452 1085 1211 I SystemServerTimingAsync: ssm.onUnlockedUser-0_com.android.server.twilight.TwilightService
08-30 00:52:18.452 1085 1211 D SystemServerTimingAsync: ssm.onUnlockedUser-0_com.android.server.twilight.TwilightService took to complete: 0ms
08-30 00:52:18.452 1085 1211 I SystemServerTimingAsync: ssm.onUnlockedUser-0_com.android.server.display.color.ColorDisplayService
08-30 00:52:18.453 1085 1211 D SystemServerTimingAsync: ssm.onUnlockedUser-0_com.android.server.display.color.ColorDisplayService took to complete: 0ms
08-30 00:52:18.453 1085 1211 I SystemServerTimingAsync: ssm.onUnlockedUser-0_com.android.server.job.JobSchedulerService
08-30 00:52:18.453 1085 1085 D CompatibilityInfo: mCompatibilityFlags - 4
08-30 00:52:18.453 1085 1211 D SystemServerTimingAsync: ssm.onUnlockedUser-0_com.android.server.job.JobSchedulerService took to complete: 0ms
08-30 00:52:18.453 1085 1211 I SystemServerTimingAsync: ssm.onUnlockedUser-0_com.android.server.soundtrigger.SoundTriggerService
08-30 00:52:18.453 1085 1211 D SystemServerTimingAsync: ssm.onUnlockedUser-0_com.android.server.soundtrigger.SoundTriggerService took to complete: 0ms
08-30 00:52:18.453 1085 1211 I SystemServerTimingAsync: ssm.onUnlockedUser-0_com.android.server.trust.TrustManagerService
08-30 00:52:18.453 1085 1211 D SystemServerTimingAsync: ssm.onUnlockedUser-0_com.android.server.trust.TrustManagerService took to complete: 0ms
08-30 00:52:18.453 1085 1211 I SystemServerTimingAsync: ssm.onUnlockedUser-0_com.android.server.backup.BackupManagerService$Lifecycle
08-30 00:52:18.453 1085 1211 D SystemServerTimingAsync: ssm.onUnlockedUser-0_com.android.server.backup.BackupManagerService$Lifecycle took to complete: 0ms
08-30 00:52:18.454 1085 1211 I SystemServerTimingAsync: ssm.onUnlockedUser-0_com.android.server.appwidget.AppWidgetService
08-30 00:52:18.454 1085 1211 D SystemServerTimingAsync: ssm.onUnlockedUser-0_com.android.server.appwidget.AppWidgetService took to complete: 0ms
08-30 00:52:18.454 1085 1211 I SystemServerTimingAsync: ssm.onUnlockedUser-0_com.android.server.voiceinteraction.VoiceInteractionManagerService
08-30 00:52:18.454 1085 1211 D SystemServerTimingAsync: ssm.onUnlockedUser-0_com.android.server.voiceinteraction.VoiceInteractionManagerService took to complete: 0ms
08-30 00:52:18.454 1085 1211 I SystemServerTimingAsync: ssm.onUnlockedUser-0_com.android.server.apphibernation.AppHibernationService
08-30 00:52:18.454 1085 1211 D SystemServerTimingAsync: ssm.onUnlockedUser-0_com.android.server.apphibernation.AppHibernationService took to complete: 0ms
08-30 00:52:18.454 1085 1211 I SystemServerTimingAsync: ssm.onUnlockedUser-0_com.android.server.GestureLauncherService
08-30 00:52:18.454 1085 1211 D SystemServerTimingAsync: ssm.onUnlockedUser-0_com.android.server.GestureLauncherService took to complete: 0ms
08-30 00:52:18.455 1085 1211 I SystemServerTimingAsync: ssm.onUnlockedUser-0_com.android.server.SensorNotificationService
08-30 00:52:18.455 1085 1211 D SystemServerTimingAsync: ssm.onUnlockedUser-0_com.android.server.SensorNotificationService took to complete: 0ms
08-30 00:52:18.455 1085 1211 I SystemServerTimingAsync: ssm.onUnlockedUser-0_com.android.server.emergency.EmergencyAffordanceService
08-30 00:52:18.455 1085 1211 D SystemServerTimingAsync: ssm.onUnlockedUser-0_com.android.server.emergency.EmergencyAffordanceService took to complete: 0ms
08-30 00:52:18.455 1085 1211 I SystemServerTimingAsync: ssm.onUnlockedUser-0_com.android.server.blob.BlobStoreManagerService
08-30 00:52:18.455 1085 1211 D SystemServerTimingAsync: ssm.onUnlockedUser-0_com.android.server.blob.BlobStoreManagerService took to complete: 0ms
08-30 00:52:18.455 1085 1211 I SystemServerTimingAsync: ssm.onUnlockedUser-0_com.android.server.dreams.DreamManagerService
08-30 00:52:18.456 1085 1211 D SystemServerTimingAsync: ssm.onUnlockedUser-0_com.android.server.dreams.DreamManagerService took to complete: 0ms
08-30 00:52:18.456 1085 1211 I SystemServerTimingAsync: ssm.onUnlockedUser-0_com.android.server.companion.CompanionDeviceManagerService
08-30 00:52:18.456 1085 1211 D SystemServerTimingAsync: ssm.onUnlockedUser-0_com.android.server.companion.CompanionDeviceManagerService took to complete: 0ms
08-30 00:52:18.456 1085 1211 I SystemServerTimingAsync: ssm.onUnlockedUser-0_com.android.server.restrictions.RestrictionsManagerService
08-30 00:52:18.456 1085 1211 D SystemServerTimingAsync: ssm.onUnlockedUser-0_com.android.server.restrictions.RestrictionsManagerService took to complete: 0ms
08-30 00:52:18.456 1085 1211 I SystemServerTimingAsync: ssm.onUnlockedUser-0_com.android.server.media.MediaSessionService
08-30 00:52:18.456 1085 1211 D SystemServerTimingAsync: ssm.onUnlockedUser-0_com.android.server.media.MediaSessionService took to complete: 0ms
08-30 00:52:18.456 1085 1211 I SystemServerTimingAsync: ssm.onUnlockedUser-0_com.android.server.media.MediaResourceMonitorService
08-30 00:52:18.456 1085 1211 D SystemServerTimingAsync: ssm.onUnlockedUser-0_com.android.server.media.MediaResourceMonitorService took to complete: 0ms
08-30 00:52:18.457 1085 1211 I SystemServerTimingAsync: ssm.onUnlockedUser-0_com.android.server.biometrics.sensors.fingerprint.FingerprintService
08-30 00:52:18.457 1085 1211 D SystemServerTimingAsync: ssm.onUnlockedUser-0_com.android.server.biometrics.sensors.fingerprint.FingerprintService took to complete: 0ms
08-30 00:52:18.457 1085 1211 I SystemServerTimingAsync: ssm.onUnlockedUser-0_com.android.server.biometrics.BiometricService
08-30 00:52:18.457 1085 1211 D SystemServerTimingAsync: ssm.onUnlockedUser-0_com.android.server.biometrics.BiometricService took to complete: 0ms
08-30 00:52:18.457 1085 1211 I SystemServerTimingAsync: ssm.onUnlockedUser-0_com.android.server.biometrics.AuthService
08-30 00:52:18.457 1085 1211 D SystemServerTimingAsync: ssm.onUnlockedUser-0_com.android.server.biometrics.AuthService took to complete: 0ms
08-30 00:52:18.457 1085 1211 I SystemServerTimingAsync: ssm.onUnlockedUser-0_com.android.server.pm.ShortcutService$Lifecycle
08-30 00:52:18.458 1085 1085 D CompatibilityInfo: applicationDensity - 240
08-30 00:52:18.458 1085 1211 D SystemServerTimingAsync: ssm.onUnlockedUser-0_com.android.server.pm.ShortcutService$Lifecycle took to complete: 0ms
08-30 00:52:18.458 1085 1085 D CompatibilityInfo: applicationScale - 1.0
08-30 00:52:18.458 1085 1211 I SystemServerTimingAsync: ssm.onUnlockedUser-0_com.android.server.pm.LauncherAppsService
08-30 00:52:18.458 1085 1211 D SystemServerTimingAsync: ssm.onUnlockedUser-0_com.android.server.pm.LauncherAppsService took to complete: 0ms
08-30 00:52:18.458 1085 1211 I SystemServerTimingAsync: ssm.onUnlockedUser-0_com.android.server.pm.CrossProfileAppsService
08-30 00:52:18.458 1085 1211 D SystemServerTimingAsync: ssm.onUnlockedUser-0_com.android.server.pm.CrossProfileAppsService took to complete: 0ms
08-30 00:52:18.459 1085 1211 I SystemServerTimingAsync: ssm.onUnlockedUser-0_com.android.server.people.PeopleService
08-30 00:52:18.460 1085 1885 I wm_finish_activity: [0,79048024,2,com.android.settings/.FallbackHome,app-request]
08-30 00:52:18.461 1085 1885 D ActivityTrigger: ActivityTrigger activityPauseTrigger
08-30 00:52:18.462 1085 1885 I wm_pause_activity: [0,79048024,com.android.settings/.FallbackHome,userLeaving=false,finish]
08-30 00:52:18.468 2337 2337 I wm_on_top_resumed_lost_called: [79048024,com.android.settings.FallbackHome,topStateChangedWhenResumed]
08-30 00:52:18.481 1085 1211 D SystemServerTimingAsync: ssm.onUnlockedUser-0_com.android.server.people.PeopleService took to complete: 22ms
08-30 00:52:18.481 1085 1211 I SystemServerTimingAsync: ssm.onUnlockedUser-0_com.android.server.media.metrics.MediaMetricsManagerService
08-30 00:52:18.481 1085 1211 D SystemServerTimingAsync: ssm.onUnlockedUser-0_com.android.server.media.metrics.MediaMetricsManagerService took to complete: 0ms
08-30 00:52:18.481 1085 1211 I SystemServerTimingAsync: ssm.onUnlockedUser-0_com.android.server.media.projection.MediaProjectionManagerService
08-30 00:52:18.481 1085 1211 D SystemServerTimingAsync: ssm.onUnlockedUser-0_com.android.server.media.projection.MediaProjectionManagerService took to complete: 0ms
08-30 00:52:18.481 1085 1211 I SystemServerTimingAsync: ssm.onUnlockedUser-0_com.android.server.slice.SliceManagerService$Lifecycle
08-30 00:52:18.482 1085 1211 D SystemServerTimingAsync: ssm.onUnlockedUser-0_com.android.server.slice.SliceManagerService$Lifecycle took to complete: 0ms
08-30 00:52:18.482 1085 1211 I SystemServerTimingAsync: ssm.onUnlockedUser-0_com.android.server.stats.StatsCompanion$Lifecycle
08-30 00:52:18.482 1085 1211 D SystemServerTimingAsync: ssm.onUnlockedUser-0_com.android.server.stats.StatsCompanion$Lifecycle took to complete: 0ms
08-30 00:52:18.482 1085 1211 I SystemServerTimingAsync: ssm.onUnlockedUser-0_com.android.server.scheduling.RebootReadinessManagerService$Lifecycle
08-30 00:52:18.482 1085 1211 D SystemServerTimingAsync: ssm.onUnlockedUser-0_com.android.server.scheduling.RebootReadinessManagerService$Lifecycle took to complete: 0ms
08-30 00:52:18.482 1085 1211 I SystemServerTimingAsync: ssm.onUnlockedUser-0_com.android.server.stats.pull.StatsPullAtomService
08-30 00:52:18.482 1085 1211 D SystemServerTimingAsync: ssm.onUnlockedUser-0_com.android.server.stats.pull.StatsPullAtomService took to complete: 0ms
08-30 00:52:18.482 1085 1211 I SystemServerTimingAsync: ssm.onUnlockedUser-0_com.android.server.incident.IncidentCompanionService
08-30 00:52:18.482 1085 1211 D SystemServerTimingAsync: ssm.onUnlockedUser-0_com.android.server.incident.IncidentCompanionService took to complete: 0ms
08-30 00:52:18.482 1085 1211 I SystemServerTimingAsync: ssm.onUnlockedUser-0_com.android.server.MmsServiceBroker
08-30 00:52:18.483 1085 1211 D SystemServerTimingAsync: ssm.onUnlockedUser-0_com.android.server.MmsServiceBroker took to complete: 0ms
08-30 00:52:18.483 1085 1211 I SystemServerTimingAsync: ssm.onUnlockedUser-0_com.android.server.autofill.AutofillManagerService
08-30 00:52:18.484 1894 1894 D GattService: Unlocked userId 0
08-30 00:52:18.484 1894 1894 D HeadsetService: Unlocked userId 0
08-30 00:52:18.485 1894 1894 D A2dpService: Unlocked userId 0
08-30 00:52:18.483 826 826 W CamX : [ WARN][NCS ] camxncsintfqsee.cpp:628 ProbeSensor() Timed out for probing sensor 8!
08-30 00:52:18.485 1894 1894 D Avrcp_ext: User unlocked, initializing player lists
08-30 00:52:18.485 1894 1894 D Avrcp_ext: buildBrowsablePlayerList
08-30 00:52:18.485 1085 1195 I sysui_multi_action: [757,1144,758,7,806,com.android.settings,871,com.android.settings.FallbackHome]
08-30 00:52:18.486 1894 1894 V Avrcp_ext: getMediaPlayerInfo: Media players list empty
08-30 00:52:18.486 1894 1894 V Avrcp_ext: isBrowseSupported for com.android.bluetooth: false
08-30 00:52:18.486 2337 2337 I wm_on_paused_called: [79048024,com.android.settings.FallbackHome,performPause]
08-30 00:52:18.488 1085 2429 I ActivityTaskManager: START u0 {act=android.intent.action.MAIN cat=[android.intent.category.HOME] flg=0x10000100 cmp=com.android.launcher3/.uioverrides.QuickstepLauncher (has extras)} from uid 0
08-30 00:52:18.489 1085 1195 I EventSequenceValidator: Transition from ACTIVITY_LAUNCHED to ACTIVITY_CANCELLED
08-30 00:52:18.490 1894 1894 D Avrcp_ext: Adding media player info for com.android.bluetooth with id 1
08-30 00:52:18.490 1894 1894 D Avrcp_ext: add #1:MediaPlayerInfo com.android.bluetooth (as 'è“牙') Type = 1, SubType = 0, Status = 0 Feature Bits [40 41 42 44 45 47 48 58] Controller: null
08-30 00:52:18.490 1894 1894 D Avrcp_ext: Added MediaPlayerController/MediaPlayerPackage
08-30 00:52:18.490 1085 1195 I EventSequenceValidator: Transition from ACTIVITY_CANCELLED to INTENT_STARTED
08-30 00:52:18.490 2746 2746 W alcomm.locatio: ClassLoaderContext shared library size mismatch. Expected=0, found=3 (PCL[] | PCL[]{PCL[/system/framework/com.android.location.provider.jar*3633238673]#PCL[/system/system_ext/framework/izat.xt.srv.jar*844606969]#PCL[/system/framework/services.jar*2080806883:/system/framework/services.jar!classes2.dex*2581735661]})
08-30 00:52:18.491 1894 1894 V Avrcp_ext: updateCurrentMediaState: mMediaController: null
08-30 00:52:18.491 1894 1894 W Avrcp_ext: isMusicActive: false getBluetoothPlayState: 2 A2dp State: 11 mAudioPlaybackIsActive: false
08-30 00:52:18.491 1894 1894 W Avrcp_ext: updateCurrentMediaState: isPlaying = false
08-30 00:52:18.491 1894 1894 V Avrcp_ext: Media update: id -1âž¡-1? [MediaAttributes: none] : [MediaAttributes: none]
08-30 00:52:18.491 1894 1894 D Avrcp_ext: isPackageNameValid: browsedPackage = isValid = false
08-30 00:52:18.491 1894 1894 V Avrcp_ext: updatePlaybackState, state: PlaybackState {state=2, position=-1, buffered position=0, speed=0.0, updated=66299, actions=0, custom actions=[], active item id=-1, error=null} device: null
08-30 00:52:18.491 1894 1894 V Avrcp_ext: Device: no name:
08-30 00:52:18.491 1894 1894 V Avrcp_ext: Device: no name:
08-30 00:52:18.492 1894 1894 V Avrcp_ext: Device: no name:
08-30 00:52:18.492 1894 1894 V Avrcp_ext: Device: no name:
08-30 00:52:18.492 1894 1894 V Avrcp_ext: Device: no name:
08-30 00:52:18.492 1894 1894 V Avrcp_ext: updatePlayerStateAndPosition, old=PlaybackState {state=2, position=-1, buffered position=0, speed=0.0, updated=63733, actions=0, custom actions=[], active item id=-1, error=null}, state=PlaybackState {state=2, position=-1, buffered position=0, speed=0.0, updated=66299, actions=0, custom actions=[], active item id=-1, error=null}
08-30 00:52:18.492 1894 1894 V Avrcp_ext: old state = PlaybackState {state=2, position=-1, buffered position=0, speed=0.0, updated=63733, actions=0, custom actions=[], active item id=-1, error=null}, new state= PlaybackState {state=2, position=-1, buffered position=0, speed=0.0, updated=66299, actions=0, custom actions=[], active item id=-1, error=null}
08-30 00:52:18.492 1894 1894 D HeadsetService: getHeadsetService(): returning com.android.bluetooth.hfp.HeadsetService@1fa9427
08-30 00:52:18.492 1894 1894 D HeadsetService: isAudioOn: The number of audio connected devices 0
08-30 00:52:18.492 1894 1894 D HeadsetService: isScoOrCallActive(): Call Active:falseCall is Ringing:falseSCO is Active:false
08-30 00:52:18.492 1894 1894 D HeadsetService: isAudioOn: The number of audio connected devices 0
08-30 00:52:18.492 1894 1894 I Avrcp_ext: updatePlayStatusForDevice: device: null
08-30 00:52:18.492 1894 1894 V Avrcp_ext: updatePlaybackState (1): old=PlaybackState {state=2, position=-1, buffered position=0, speed=0.0, updated=63733, actions=0, custom actions=[], active item id=-1, error=null}(2), new=PlaybackState {state=2, position=-1, buffered position=0, speed=0.0, updated=66299, actions=0, custom actions=[], active item id=-1, error=null}(2)
08-30 00:52:18.492 1894 1894 I Avrcp_ext: Exit updatePlayStatusForDevice
08-30 00:52:18.492 1894 1894 D HeadsetService: isAudioOn: The number of audio connected devices 0
08-30 00:52:18.492 1894 1894 D HeadsetService: isScoOrCallActive(): Call Active:falseCall is Ringing:falseSCO is Active:false
08-30 00:52:18.492 1894 1894 D HeadsetService: isAudioOn: The number of audio connected devices 0
08-30 00:52:18.493 1894 1894 I Avrcp_ext: updatePlayStatusForDevice: device: null
08-30 00:52:18.497 1894 1894 V Avrcp_ext: updatePlaybackState (1): old=PlaybackState {state=2, position=-1, buffered position=0, speed=0.0, updated=63733, actions=0, custom actions=[], active item id=-1, error=null}(2), new=PlaybackState {state=2, position=-1, buffered position=0, speed=0.0, updated=66299, actions=0, custom actions=[], active item id=-1, error=null}(2)
08-30 00:52:18.497 1894 1894 I Avrcp_ext: Exit updatePlayStatusForDevice
08-30 00:52:18.497 1894 1894 D HeadsetService: isAudioOn: The number of audio connected devices 0
08-30 00:52:18.497 1894 1894 D HeadsetService: isScoOrCallActive(): Call Active:falseCall is Ringing:falseSCO is Active:false
08-30 00:52:18.497 1894 1894 D HeadsetService: isAudioOn: The number of audio connected devices 0
08-30 00:52:18.497 1894 1894 I Avrcp_ext: updatePlayStatusForDevice: device: null
08-30 00:52:18.497 1894 1894 V Avrcp_ext: updatePlaybackState (1): old=PlaybackState {state=2, position=-1, buffered position=0, speed=0.0, updated=63733, actions=0, custom actions=[], active item id=-1, error=null}(2), new=PlaybackState {state=2, position=-1, buffered position=0, speed=0.0, updated=66299, actions=0, custom actions=[], active item id=-1, error=null}(2)
08-30 00:52:18.497 1894 1894 I Avrcp_ext: Exit updatePlayStatusForDevice
08-30 00:52:18.497 1894 1894 D HeadsetService: isAudioOn: The number of audio connected devices 0
08-30 00:52:18.497 1894 1894 D HeadsetService: isScoOrCallActive(): Call Active:falseCall is Ringing:falseSCO is Active:false
08-30 00:52:18.497 1894 1894 D HeadsetService: isAudioOn: The number of audio connected devices 0
08-30 00:52:18.497 1894 1894 I Avrcp_ext: updatePlayStatusForDevice: device: null
08-30 00:52:18.498 1894 1894 V Avrcp_ext: updatePlaybackState (1): old=PlaybackState {state=2, position=-1, buffered position=0, speed=0.0, updated=63733, actions=0, custom actions=[], active item id=-1, error=null}(2), new=PlaybackState {state=2, position=-1, buffered position=0, speed=0.0, updated=66299, actions=0, custom actions=[], active item id=-1, error=null}(2)
08-30 00:52:18.498 1894 1894 I Avrcp_ext: Exit updatePlayStatusForDevice
08-30 00:52:18.498 1894 1894 D HeadsetService: isAudioOn: The number of audio connected devices 0
08-30 00:52:18.498 1894 1894 D HeadsetService: isScoOrCallActive(): Call Active:falseCall is Ringing:falseSCO is Active:false
08-30 00:52:18.498 1894 1894 D HeadsetService: isAudioOn: The number of audio connected devices 0
08-30 00:52:18.498 1894 1894 I Avrcp_ext: updatePlayStatusForDevice: device: null
08-30 00:52:18.498 1894 1894 V Avrcp_ext: updatePlaybackState (1): old=PlaybackState {state=2, position=-1, buffered position=0, speed=0.0, updated=63733, actions=0, custom actions=[], active item id=-1, error=null}(2), new=PlaybackState {state=2, position=-1, buffered position=0, speed=0.0, updated=66299, actions=0, custom actions=[], active item id=-1, error=null}(2)
08-30 00:52:18.498 1894 1894 I Avrcp_ext: Exit updatePlayStatusForDevice
08-30 00:52:18.498 1894 1894 D Avrcp_ext: Enter sendPlayPosNotificationRsp
08-30 00:52:18.498 1894 1894 D Avrcp_ext: sendPlayPosNotificationRsp: Not registered or requesting.
08-30 00:52:18.498 1894 1894 D Avrcp_ext: Enter sendPlayPosNotificationRsp
08-30 00:52:18.498 1894 1894 D Avrcp_ext: sendPlayPosNotificationRsp: Not registered or requesting.
08-30 00:52:18.498 1894 1894 D Avrcp_ext: Enter sendPlayPosNotificationRsp
08-30 00:52:18.498 1894 1894 D Avrcp_ext: sendPlayPosNotificationRsp: Not registered or requesting.
08-30 00:52:18.498 1894 1894 D Avrcp_ext: Enter sendPlayPosNotificationRsp
08-30 00:52:18.498 1894 1894 D Avrcp_ext: sendPlayPosNotificationRsp: Not registered or requesting.
08-30 00:52:18.498 1894 1894 D Avrcp_ext: Enter sendPlayPosNotificationRsp
08-30 00:52:18.498 1894 1894 D Avrcp_ext: sendPlayPosNotificationRsp: Not registered or requesting.
08-30 00:52:18.498 1894 1894 V Avrcp_ext: Exit updatePlayerStateAndPosition
08-30 00:52:18.500 1894 1894 D HidHostService: Unlocked userId 0
08-30 00:52:18.500 1894 1894 D PanService: Unlocked userId 0
08-30 00:52:18.501 1894 1894 D BluetoothMapService: Unlocked userId 0
08-30 00:52:18.502 658 670 I mpu_uart: [MSG-P:RECV]:No message received in 1000 ms
08-30 00:52:18.503 826 826 W CamX : [ WARN][NCS ] camxncsintfqsee.cpp:270 GetListOfSensors() Probe sensor 8 with error 9
08-30 00:52:18.506 1085 2429 D CompatibilityChangeReporter: Compat change id reported: 184838306; UID 10079; state: DISABLED
08-30 00:52:18.510 1085 2429 D CompatibilityChangeReporter: Compat change id reported: 185004937; UID 10079; state: DISABLED
08-30 00:52:18.510 559 559 I vold : Bind mounting /mnt/runtime/full/emulated to /mnt/pass_through/0/emulated
08-30 00:52:18.512 1894 1894 D AvrcpControllerService: Unlocked userId 0
08-30 00:52:18.512 684 684 D Zygote : Forked child process 2790
08-30 00:52:18.512 1085 2429 D CompatibilityChangeReporter: Compat change id reported: 181136395; UID 10079; state: DISABLED
08-30 00:52:18.512 1894 1894 D SapService: Unlocked userId 0
08-30 00:52:18.513 1085 1212 W ActivityManager: Slow operation: 169ms so far, now at startProcess: returned from zygote!
08-30 00:52:18.513 1894 1894 D BluetoothOppService: Unlocked userId 0
08-30 00:52:18.513 1894 1894 D BluetoothPbapService: Unlocked userId 0
08-30 00:52:18.513 1894 1894 I BluetoothPbapService: setUserUnlocked(0)
08-30 00:52:18.514 1894 1894 D HearingAidService: Unlocked userId 0
08-30 00:52:18.514 1085 2429 D CompatibilityChangeReporter: Compat change id reported: 174042936; UID 10079; state: DISABLED
08-30 00:52:18.517 1085 1706 I StorageSessionController: On volume mount VolumeInfo{emulated;0}:
08-30 00:52:18.517 1085 1706 I StorageSessionController: type=EMULATED diskId=null partGuid= mountFlags=PRIMARY|VISIBLE
08-30 00:52:18.517 1085 1706 I StorageSessionController: mountUserId=0 state=CHECKING
08-30 00:52:18.517 1085 1706 I StorageSessionController: fsType=null fsUuid=null fsLabel=null
08-30 00:52:18.517 1085 1706 I StorageSessionController: path=/storage/emulated internalPath=/data/media
08-30 00:52:18.518 1085 2429 D CompatibilityChangeReporter: Compat change id reported: 174042980; UID 10079; state: DISABLED
08-30 00:52:18.519 1085 1706 I StorageSessionController: Creating connection for user: 0
08-30 00:52:18.521 1085 1211 D SystemServerTimingAsync: ssm.onUnlockedUser-0_com.android.server.autofill.AutofillManagerService took to complete: 0ms
08-30 00:52:18.521 1085 1211 I SystemServerTimingAsync: ssm.onUnlockedUser-0_com.android.server.clipboard.ClipboardService
08-30 00:52:18.521 1085 1211 D SystemServerTimingAsync: ssm.onUnlockedUser-0_com.android.server.clipboard.ClipboardService took to complete: 0ms
08-30 00:52:18.521 1085 1211 I SystemServerTimingAsync: ssm.onUnlockedUser-0_com.android.server.appbinding.AppBindingService$Lifecycle
08-30 00:52:18.521 1085 1211 D SystemServerTimingAsync: ssm.onUnlockedUser-0_com.android.server.appbinding.AppBindingService$Lifecycle took to complete: 0ms
08-30 00:52:18.521 1085 1211 I SystemServerTimingAsync: ssm.onUnlockedUser-0_com.android.server.tracing.TracingServiceProxy
08-30 00:52:18.521 1085 1211 D SystemServerTimingAsync: ssm.onUnlockedUser-0_com.android.server.tracing.TracingServiceProxy took to complete: 0ms
08-30 00:52:18.521 1085 1211 I SystemServerTimingAsync: ssm.onUnlockedUser-0_com.android.server.policy.PermissionPolicyService
08-30 00:52:18.521 1085 1211 D SystemServerTimingAsync: ssm.onUnlockedUser-0_com.android.server.policy.PermissionPolicyService took to complete: 0ms
08-30 00:52:18.521 1085 1211 I SystemServerTimingAsync: ssm.onUnlockedUser-0_com.android.server.pm.StagingManager$Lifecycle
08-30 00:52:18.521 1085 1211 D SystemServerTimingAsync: ssm.onUnlockedUser-0_com.android.server.pm.StagingManager$Lifecycle took to complete: 0ms
08-30 00:52:18.521 1085 1211 I SystemServerTimingAsync: ssm.onUnlockedUser-0_com.android.server.app.GameManagerService$Lifecycle
08-30 00:52:18.521 1085 1211 D SystemServerTimingAsync: ssm.onUnlockedUser-0_com.android.server.app.GameManagerService$Lifecycle took to complete: 0ms
08-30 00:52:18.522 514 514 I hwservicemanager: Since vendor.qti.hardware.iop@2.0::IIop/default is not registered, trying to start it as a lazy HAL.
08-30 00:52:18.522 1085 1211 I SystemServerTimingAsync: ssm.onUnlockedUser-0_com.android.server.appsearch.AppSearchManagerService
08-30 00:52:18.522 1085 1211 D SystemServerTimingAsync: ssm.onUnlockedUser-0_com.android.server.appsearch.AppSearchManagerService took to complete: 0ms
08-30 00:52:18.522 1085 1211 I SystemServerTimingAsync: ssm.onUnlockedUser-0_com.android.server.media.MediaCommunicationService
08-30 00:52:18.522 1085 1211 D SystemServerTimingAsync: ssm.onUnlockedUser-0_com.android.server.media.MediaCommunicationService took to complete: 0ms
08-30 00:52:18.522 1085 1211 D SystemServerTimingAsync: ssm.UnlockedUser-0 took to complete: 123ms
08-30 00:52:18.522 1085 1211 W ActivityManager: UserLifecycleEvent 6 received without an active userJourneySession.
08-30 00:52:18.525 1085 1194 I DropBoxManagerService: add tag=system_server_strictmode isTagEnabled=true flags=0x2
08-30 00:52:18.531 1894 2581 D Avrcp_ext: AudioManager Player: AudioPlaybackConfiguration piid:391 deviceId:0 type:android.media.SoundPool u/pid:1000/1085 state:idle attr:AudioAttributes: usage=USAGE_ASSISTANCE_SONIFICATION content=CONTENT_TYPE_SONIFICATION flags=0x800 tags= bundle=null sessionId:0
08-30 00:52:18.531 1894 2581 D Avrcp_ext: AudioManager Player: AudioPlaybackConfiguration piid:407 deviceId:0 type:android.media.MediaPlayer u/pid:10087/1914 state:started attr:AudioAttributes: usage=USAGE_NOTIFICATION content=CONTENT_TYPE_SONIFICATION flags=0x800 tags= bundle=null sessionId:0
08-30 00:52:18.531 1327 2736 I GenericSource: start
08-30 00:52:18.534 1327 2736 W Utils : track of type 'audio/vorbis' does not publish channel mask, channel count 1
08-30 00:52:18.539 1327 2736 W Utils : track of type 'audio/vorbis' does not publish channel mask, channel count 1
08-30 00:52:18.540 1085 1192 I AppWidgetServiceImpl: Processing of handleUserUnlocked u0 took 155 ms
08-30 00:52:18.540 1085 1192 W Looper : Slow dispatch took 155ms android.fg h=android.os.Handler c=com.android.server.am.UserController$Injector$$ExternalSyntheticLambda0@a03382b m=0
08-30 00:52:18.540 1085 1192 I uc_send_user_broadcast: [0,android.intent.action.BOOT_COMPLETED]
08-30 00:52:18.541 1085 2429 I wm_task_created: [38,-1]
08-30 00:52:18.543 1085 2429 I wm_task_moved: [38,1,2147483647]
08-30 00:52:18.544 1085 1706 I StorageSessionController: Creating and starting session with id: emulated;0
08-30 00:52:18.545 1085 1706 I StorageUserConnection: Binding to the ExternalStorageService for user 0
08-30 00:52:18.545 1085 2429 I wm_task_moved: [1,1,5]
08-30 00:52:18.545 1085 2429 I wm_create_task: [0,38]
08-30 00:52:18.545 1085 2429 I wm_create_activity: [0,75181063,38,com.android.launcher3/.uioverrides.QuickstepLauncher,android.intent.action.MAIN,NULL,NULL,268435712]
08-30 00:52:18.545 1085 2429 I wm_task_moved: [1,1,5]
08-30 00:52:18.545 1085 2429 I wm_task_moved: [38,1,2147483647]
08-30 00:52:18.545 1085 2429 I wm_task_to_front: [0,38]
08-30 00:52:18.547 1085 2429 D CompatibilityChangeReporter: Compat change id reported: 168419799; UID 10079; state: DISABLED
08-30 00:52:18.547 1085 2429 D CompatibilityInfo: mCompatibilityFlags - 4
08-30 00:52:18.548 1085 2429 D CompatibilityInfo: applicationDensity - 240
08-30 00:52:18.548 1085 2429 D CompatibilityInfo: applicationScale - 1.0
08-30 00:52:18.554 2234 2799 D RemoteControlService: start reader thread, mServerIp = 192.168.1.100, mServerPort = 12600
08-30 00:52:18.559 1085 2429 I ActivityTaskManager: The Process com.android.launcher3 Already Exists in BG. So sending its PID: 2405
08-30 00:52:18.562 1085 2429 I wm_restart_activity: [0,75181063,38,com.android.launcher3/.uioverrides.QuickstepLauncher]
08-30 00:52:18.562 1085 2429 D CompatibilityInfo: mCompatibilityFlags - 4
08-30 00:52:18.562 1085 2429 D CompatibilityInfo: applicationDensity - 240
08-30 00:52:18.562 1085 2429 D CompatibilityInfo: applicationScale - 1.0
08-30 00:52:18.565 1085 2429 I wm_set_resumed_activity: [0,com.android.launcher3/.uioverrides.QuickstepLauncher,minimalResumeActivityLocked]
08-30 00:52:18.569 1085 2781 V BackupManagerConstants: getKeyValueBackupIntervalMilliseconds(...) returns 14400000
08-30 00:52:18.570 1085 2781 V BackupManagerConstants: getKeyValueBackupFuzzMilliseconds(...) returns 600000
08-30 00:52:18.570 1085 2781 V BackupManagerConstants: getKeyValueBackupRequiredNetworkType(...) returns 1
08-30 00:52:18.571 1085 2781 V BackupManagerConstants: getKeyValueBackupRequireCharging(...) returns true
08-30 00:52:18.571 1085 2781 V KeyValueBackupJob: Scheduling k/v pass in 247 minutes
08-30 00:52:18.571 2234 2802 D RemoteControlService: run: called
08-30 00:52:18.571 2234 2802 D RemoteControlService: getEvent: start waiting...
08-30 00:52:18.580 820 854 D audio_hw_primary: adev_get_parameters:is_hw_dec_session_available
08-30 00:52:18.581 820 854 D audio_hw_spkr_prot: fbsp_get_parameters: Speaker protection disabled
08-30 00:52:18.581 820 854 D soundtrigger: audio_extn_sound_trigger_get_parameters input string
08-30 00:52:18.581 820 854 D soundtrigger: extract_sm_handle input string param string
08-30 00:52:18.581 820 854 D audio_hw_extn: audio_extn_fm_get_parameters: Enter
08-30 00:52:18.581 820 854 D audio_hw_extn: audio_extn_get_parameters: returns
08-30 00:52:18.581 820 854 D audio_hw_primary: adev_get_parameters: exit: returns -
08-30 00:52:18.581 1037 1830 I hash_map_utils: system/bt/osi/src/hash_map_utils.cc:81 hash_map_utils_dump_string_keys_string_values: key: 'is_hw_dec_session_available' value: 'audio/vorbis'
08-30 00:52:18.583 1085 1196 I dvm_lock_sample: [system_server,1,android.anim,93,WindowAnimator.java,103,void com.android.server.wm.WindowAnimator.lambda$new$1$WindowAnimator(long),TaskChangeNotificationController.java,342,void com.android.server.wm.TaskChangeNotificationController.forAllLocalListeners(com.android.server.wm.TaskChangeNotificationController$TaskStackConsumer, android.os.Message),18]
08-30 00:52:18.587 1054 1054 I BpBinder: onLastStrongRef automatically unlinking death recipients:
08-30 00:52:18.591 1085 1085 I AccountManagerService: User 0 is unlocked - opening CE database
08-30 00:52:18.591 1085 1689 I input_focus: [Focus leaving 9cfd15 com.android.settings/com.android.settings.FallbackHome (server),reason=NO_WINDOW]
01-01 08:15:26.207 0 0 I binder : 2777:2777 ioctl 40046210 7fe3e05704 returned -22
01-01 08:15:26.209 0 0 W bimc-bwmon: Zone thres larger than hw limit: hi:72090 med:19661 lo:0
08-30 00:52:18.594 1085 1847 V BackupManagerService: [UserID:0] No ancestral data
08-30 00:52:18.595 1327 2798 D CCodec : allocate(c2.android.vorbis.decoder)
08-30 00:52:18.601 1085 1613 I dvm_lock_sample: [system_server,1,Binder:1085_3,105,WindowProcessController.java,589,void com.android.server.wm.WindowProcessController.addPackage(java.lang.String),,0,null,21]
08-30 00:52:18.603 512 512 I lowmemorykiller: lmkd data connection established
01-01 08:15:26.287 0 0 I binder : 2790:2790 ioctl 40046210 7fc01e2b14 returned -22
08-30 00:52:18.604 1085 2784 E TaskPersister: File error accessing recents directory (directory doesn't exist?).
08-30 00:52:18.608 2788 2788 I ThermalEngine: Thermal daemon started
08-30 00:52:18.608 2788 2788 E ThermalEngine: Unknown target identified with soc id 481
08-30 00:52:18.608 2788 2788 I ThermalEngine: No target config file, falling back to '/vendor/etc/thermal-engine.conf'
08-30 00:52:18.609 1327 2798 I CCodec : setting up 'default' as default (vendor) store
08-30 00:52:18.612 1435 2533 V C2Store : in init
08-30 00:52:18.612 1435 2533 V C2Store : loading dll
08-30 00:52:18.617 1085 1085 W Looper : Slow dispatch took 141ms main h=android.app.ActivityThread$H c=android.app.LoadedApk$ReceiverDispatcher$Args$$ExternalSyntheticLambda0@25ac42a m=0
08-30 00:52:18.618 1327 2798 I CCodec : Created component [c2.android.vorbis.decoder]
08-30 00:52:18.620 1085 2781 D ConnectivityService: requestNetwork for uid/pid:1000/1085 activeRequest: null callbackRequest: 26 [NetworkRequest [ REQUEST id=27, [ Capabilities: INTERNET&NOT_RESTRICTED&TRUSTED&NOT_VCN_MANAGED Uid: 1000 RequestorUid: 1000 RequestorPkg: android] ]] callback flags: 0 priority: 2147483647
08-30 00:52:18.621 1085 1754 D ConnectivityService: NetReassign [27 : null → 100]
08-30 00:52:18.621 1085 1869 D Ethernet: got request NetworkRequest [ REQUEST id=27, [ Capabilities: INTERNET&NOT_RESTRICTED&TRUSTED&NOT_VCN_MANAGED Uid: 1000 RequestorUid: 1000 RequestorPkg: android] ]
08-30 00:52:18.622 1085 1869 D EthernetNetworkFactory: acceptRequest, request: NetworkRequest [ REQUEST id=27, [ Capabilities: INTERNET&NOT_RESTRICTED&TRUSTED&NOT_VCN_MANAGED Uid: 1000 RequestorUid: 1000 RequestorPkg: android] ]
08-30 00:52:18.622 1085 1869 I EthernetNetworkFactory: networkForRequest, request: NetworkRequest [ REQUEST id=27, [ Capabilities: INTERNET&NOT_RESTRICTED&TRUSTED&NOT_VCN_MANAGED Uid: 1000 RequestorUid: 1000 RequestorPkg: android] ], network: NetworkInterfaceState{ refCount: 4, iface: eth0, up: true, hwAddress: 00:80:0f:74:31:00, networkCapabilities: [ Transports: ETHERNET Capabilities: NOT_METERED&INTERNET&NOT_RESTRICTED&TRUSTED&NOT_VPN&NOT_ROAMING&NOT_CONGESTED&NOT_SUSPENDED&NOT_VCN_MANAGED LinkUpBandwidth>=100000Kbps LinkDnBandwidth>=100000Kbps], networkAgent: com.android.server.ethernet.EthernetNetworkFactory$NetworkInterfaceState$1@2bed5cd, score: 70, ipClient: android.net.ip.IIpClient$Stub$Proxy@6d93eb0,linkProperties: {InterfaceName: eth0 LinkAddresses: [ fe80::9f5c:a99d:246d:f633/64,192.168.1.100/24 ] DnsAddresses: [ /192.168.1.1 ] Domains: null MTU: 0 ServerAddress: /192.168.1.1 TcpBufferSizes: 524288,1048576,3145728,524288,1048576,2097152 Routes: [ fe80::/64 -> :: eth0 mtu 0,192.168.1.0/24 -> 0.0.0.0 eth0 mtu 0,0.0.0.0/0 -> 192.168.1.1 eth0 mtu 0 ]}}
08-30 00:52:18.622 1085 1869 I EthernetNetworkFactory: networkForRequest, request: NetworkRequest [ REQUEST id=27, [ Capabilities: INTERNET&NOT_RESTRICTED&TRUSTED&NOT_VCN_MANAGED Uid: 1000 RequestorUid: 1000 RequestorPkg: android] ], network: NetworkInterfaceState{ refCount: 4, iface: eth0, up: true, hwAddress: 00:80:0f:74:31:00, networkCapabilities: [ Transports: ETHERNET Capabilities: NOT_METERED&INTERNET&NOT_RESTRICTED&TRUSTED&NOT_VPN&NOT_ROAMING&NOT_CONGESTED&NOT_SUSPENDED&NOT_VCN_MANAGED LinkUpBandwidth>=100000Kbps LinkDnBandwidth>=100000Kbps], networkAgent: com.android.server.ethernet.EthernetNetworkFactory$NetworkInterfaceState$1@2bed5cd, score: 70, ipClient: android.net.ip.IIpClient$Stub$Proxy@6d93eb0,linkProperties: {InterfaceName: eth0 LinkAddresses: [ fe80::9f5c:a99d:246d:f633/64,192.168.1.100/24 ] DnsAddresses: [ /192.168.1.1 ] Domains: null MTU: 0 ServerAddress: /192.168.1.1 TcpBufferSizes: 524288,1048576,3145728,524288,1048576,2097152 Routes: [ fe80::/64 -> :: eth0 mtu 0,192.168.1.0/24 -> 0.0.0.0 eth0 mtu 0,0.0.0.0/0 -> 192.168.1.1 eth0 mtu 0 ]}}
08-30 00:52:18.623 1085 1744 D UntrustedWifiNetworkFactory: got request NetworkRequest [ REQUEST id=27, [ Capabilities: INTERNET&NOT_RESTRICTED&TRUSTED&NOT_VCN_MANAGED Uid: 1000 RequestorUid: 1000 RequestorPkg: android] ]
08-30 00:52:18.623 1327 2798 D CCodecConfig: read media type: audio/vorbis
08-30 00:52:18.623 1085 1744 D OemPaidWifiNetworkFactory: got request NetworkRequest [ REQUEST id=27, [ Capabilities: INTERNET&NOT_RESTRICTED&TRUSTED&NOT_VCN_MANAGED Uid: 1000 RequestorUid: 1000 RequestorPkg: android] ]
08-30 00:52:18.625 2777 2777 I qspmsvc-service: Qspmsvc We're inside the service
08-30 00:52:18.626 2777 2777 D ProcessState: Binder ioctl to enable oneway spam detection failed: Invalid argument
08-30 00:52:18.632 1085 1613 W ActivityManager: Slow operation: 136ms so far, now at startProcess: done creating new process record
08-30 00:52:18.632 1085 1613 W ActivityManager: Slow operation: 136ms so far, now at startProcess: stepping in to startProcess
08-30 00:52:18.633 1894 2581 D Avrcp_ext: AudioManager Player in started state: com.android.systemui
08-30 00:52:18.633 1894 2581 D Avrcp_ext: AudioManager Active Player: com.android.systemui
