08-30 00:52:24.693 1085 1212 I am_proc_start: [0,3508,2000,com.android.shell,broadcast,{com.android.shell/com.android.shell.HeapDumpReceiver}]
08-30 00:52:24.693 1085 1212 W ActivityManager: Slow operation: 143ms so far, now at startProcess: building log message
08-30 00:52:24.693 1085 1212 I ActivityManager: Start proc 3508:com.android.shell/2000 for broadcast {com.android.shell/com.android.shell.HeapDumpReceiver}
08-30 00:52:24.693 1085 1212 W ActivityManager: Slow operation: 143ms so far, now at startProcess: starting to update pids map
08-30 00:52:24.694 1085 1212 W ActivityManager: Slow operation: 144ms so far, now at startProcess: done updating pids map
08-30 00:52:24.739 1615 1650 I adbd : jdwp connection from 3508
08-30 00:52:24.744 1511 1529 D LOWI-9.0.0.87.a: [LOWINetlinkSocketReceiver] unpackRTMLinkMessage: RTM_NEWLINK - ifname vlan11, flags 0x11043 ([UP][RUNNING])
01-01 08:15:32.330 0 0 I binder : 3508:3508 ioctl 40046210 7fc01e2b14 returned -22
08-30 00:52:24.748 1085 1192 I EthernetTracker: interfaceLinkStateChanged, iface: vlan11, up: true
08-30 00:52:24.749 3508 3508 D ProcessState: Binder ioctl to enable oneway spam detection failed: Invalid argument
08-30 00:52:24.763 3508 3508 I service_manager_slow: [10,activity]
08-30 00:52:24.764 1085 1883 I am_proc_bound: [0,3508,com.android.shell]
08-30 00:52:24.766 1085 1883 D CompatibilityChangeReporter: Compat change id reported: 168419799; UID 2000; state: DISABLED
08-30 00:52:24.767 1085 1883 D CompatibilityInfo: mCompatibilityFlags - 4
08-30 00:52:24.767 1085 1883 D CompatibilityInfo: applicationDensity - 240
08-30 00:52:24.767 1085 1883 D CompatibilityInfo: applicationScale - 1.0
08-30 00:52:24.773 1085 1883 I am_uid_active: 2000
08-30 00:52:24.774 1085 1883 D CompatibilityInfo: mCompatibilityFlags - 4
08-30 00:52:24.774 1085 1883 D CompatibilityInfo: applicationDensity - 240
08-30 00:52:24.774 1085 1883 D CompatibilityInfo: applicationScale - 1.0
08-30 00:52:24.787 3508 3508 D CompatibilityChangeReporter: Compat change id reported: 171979766; UID 2000; state: ENABLED
08-30 00:52:24.854 3508 3508 I Perf : Connecting to perf service.
08-30 00:52:24.865 3508 3508 V GraphicsEnvironment: ANGLE Developer option for 'com.android.shell' set to: 'default'
08-30 00:52:24.867 3508 3508 V GraphicsEnvironment: ANGLE GameManagerService for com.android.shell: false
08-30 00:52:24.869 3508 3508 D NetworkSecurityConfig: No Network Security Config specified, using platform default
08-30 00:52:24.870 3508 3508 D NetworkSecurityConfig: No Network Security Config specified, using platform default
08-30 00:52:24.890 3508 3508 D HeapDumpReceiver: onReceive(): Intent { act=android.intent.action.BOOT_COMPLETED flg=0x89000010 cmp=com.android.shell/.HeapDumpReceiver (has extras) }
08-30 00:52:24.895 3508 3528 D HeapDumpReceiver: Deleting from /data/user_de/0/com.android.shell/files/heapdumps
08-30 00:52:24.899 1085 1883 D CompatibilityChangeReporter: Compat change id reported: 135634846; UID 1001; state: DISABLED
08-30 00:52:24.899 1085 1883 D CompatibilityChangeReporter: Compat change id reported: 177438394; UID 1001; state: DISABLED
08-30 00:52:24.900 1085 1883 D CompatibilityChangeReporter: Compat change id reported: 135772972; UID 1001; state: DISABLED
08-30 00:52:24.900 1085 1883 D CompatibilityChangeReporter: Compat change id reported: 135754954; UID 1001; state: ENABLED
08-30 00:52:24.911 3527 3527 I auditd : type=1400 audit(0.0:106): avc: denied { read } for comm="ip" name="rt_tables" dev="dm-6" ino=350 scontext=u:r:ethernet:s0 tcontext=u:object_r:net_data_file:s0 tclass=file permissive=0
08-30 00:52:24.911 3527 3527 W ip : type=1400 audit(0.0:106): avc: denied { read } for name="rt_tables" dev="dm-6" ino=350 scontext=u:r:ethernet:s0 tcontext=u:object_r:net_data_file:s0 tclass=file permissive=0
08-30 00:52:24.919 2778 2778 I auditd : type=1400 audit(0.0:107): avc: denied { write } for comm="sh" name="ip_forward" dev="proc" ino=8087 scontext=u:r:ethernet:s0 tcontext=u:object_r:proc_net:s0 tclass=file permissive=0
08-30 00:52:24.919 2778 2778 W sh : type=1400 audit(0.0:107): avc: denied { write } for name="ip_forward" dev="proc" ino=8087 scontext=u:r:ethernet:s0 tcontext=u:object_r:proc_net:s0 tclass=file permissive=0
08-30 00:52:24.919 2778 2778 I auditd : type=1400 audit(0.0:108): avc: denied { write } for comm="sh" name="ip_default_ttl" dev="proc" ino=941 scontext=u:r:ethernet:s0 tcontext=u:object_r:proc_net:s0 tclass=file permissive=0
08-30 00:52:24.919 2778 2778 W sh : type=1400 audit(0.0:108): avc: denied { write } for name="ip_default_ttl" dev="proc" ino=941 scontext=u:r:ethernet:s0 tcontext=u:object_r:proc_net:s0 tclass=file permissive=0
08-30 00:52:24.923 2778 2778 I auditd : type=1400 audit(0.0:109): avc: denied { write } for comm="sh" name="tcp_keepalive_probes" dev="proc" ino=942 scontext=u:r:ethernet:s0 tcontext=u:object_r:proc_net:s0 tclass=file permissive=0
08-30 00:52:24.923 2778 2778 W sh : type=1400 audit(0.0:109): avc: denied { write } for name="tcp_keepalive_probes" dev="proc" ino=942 scontext=u:r:ethernet:s0 tcontext=u:object_r:proc_net:s0 tclass=file permissive=0
08-30 00:52:24.923 2778 2778 I auditd : type=1400 audit(0.0:110): avc: denied { write } for comm="sh" name="tcp_keepalive_intvl" dev="proc" ino=943 scontext=u:r:ethernet:s0 tcontext=u:object_r:proc_net:s0 tclass=file permissive=0
08-30 00:52:24.923 2778 2778 W sh : type=1400 audit(0.0:110): avc: denied { write } for name="tcp_keepalive_intvl" dev="proc" ino=943 scontext=u:r:ethernet:s0 tcontext=u:object_r:proc_net:s0 tclass=file permissive=0
01-01 08:15:32.508 0 0 W logd : Skipping entries from slow reader, pid 1286, fd 14, from LogBuffer::Prune()
01-01 08:15:32.509 0 0 W audit : audit_lost=1 audit_rate_limit=5 audit_backlog_limit=64
01-01 08:15:32.509 0 0 E audit : rate limit exceeded
08-30 00:52:24.923 2778 2778 I auditd : type=1400 audit(0.0:111): avc: denied { write } for comm="sh" name="tcp_keepalive_time" dev="proc" ino=944 scontext=u:r:ethernet:s0 tcontext=u:object_r:proc_net:s0 tclass=file permissive=0
08-30 00:52:24.923 2778 2778 W sh : type=1400 audit(0.0:111): avc: denied { write } for name="tcp_keepalive_time" dev="proc" ino=944 scontext=u:r:ethernet:s0 tcontext=u:object_r:proc_net:s0 tclass=file permissive=0
08-30 00:52:24.923 2778 2778 I auditd : type=1400 audit(0.0:112): avc: denied { write } for comm="sh" name="tcp_rmem" dev="proc" ino=945 scontext=u:r:ethernet:s0 tcontext=u:object_r:proc_net:s0 tclass=file permissive=0
08-30 00:52:24.923 2778 2778 W sh : type=1400 audit(0.0:112): avc: denied { write } for name="tcp_rmem" dev="proc" ino=945 scontext=u:r:ethernet:s0 tcontext=u:object_r:proc_net:s0 tclass=file permissive=0
08-30 00:52:24.923 2778 2778 I auditd : type=1400 audit(0.0:113): avc: denied { write } for comm="sh" name="tcp_wmem" dev="proc" ino=946 scontext=u:r:ethernet:s0 tcontext=u:object_r:proc_net:s0 tclass=file permissive=0
08-30 00:52:24.923 2778 2778 W sh : type=1400 audit(0.0:113): avc: denied { write } for name="tcp_wmem" dev="proc" ino=946 scontext=u:r:ethernet:s0 tcontext=u:object_r:proc_net:s0 tclass=file permissive=0
08-30 00:52:24.923 2778 2778 I auditd : type=1400 audit(0.0:114): avc: denied { write } for comm="sh" name="tcp_synack_retries" dev="proc" ino=52925 scontext=u:r:ethernet:s0 tcontext=u:object_r:proc_net:s0 tclass=file permissive=0
08-30 00:52:24.923 2778 2778 W sh : type=1400 audit(0.0:114): avc: denied { write } for name="tcp_synack_retries" dev="proc" ino=52925 scontext=u:r:ethernet:s0 tcontext=u:object_r:proc_net:s0 tclass=file permissive=0
08-30 00:52:25.005 684 684 D Zygote : Forked child process 3530
08-30 00:52:25.006 1085 1212 W ActivityManager: Slow operation: 109ms so far, now at startProcess: returned from zygote!
08-30 00:52:25.006 1085 1212 W ActivityManager: Slow operation: 109ms so far, now at startProcess: done updating battery stats
08-30 00:52:25.007 1085 1212 I am_proc_start: [0,3530,1001,com.android.phone,broadcast,{com.android.stk/com.android.stk.BootCompletedReceiver}]
08-30 00:52:25.007 1085 1212 I Watchdog: Interesting Java process com.android.phone started. Pid 3530
08-30 00:52:25.007 1085 1212 W ActivityManager: Slow operation: 110ms so far, now at startProcess: building log message
08-30 00:52:25.007 1085 1212 I ActivityManager: Start proc 3530:com.android.phone/1001 for broadcast {com.android.stk/com.android.stk.BootCompletedReceiver}
08-30 00:52:25.007 1085 1212 W ActivityManager: Slow operation: 110ms so far, now at startProcess: starting to update pids map
08-30 00:52:25.008 1085 1212 W ActivityManager: Slow operation: 111ms so far, now at startProcess: done updating pids map
08-30 00:52:25.117 1615 1650 I adbd : jdwp connection from 3530
08-30 00:52:25.122 3530 3530 D ProcessState: Binder ioctl to enable oneway spam detection failed: Invalid argument
01-01 08:15:32.703 0 0 I binder : 3530:3530 ioctl 40046210 7fc01e2b14 returned -22
08-30 00:52:25.135 1085 1883 I am_proc_bound: [0,3530,com.android.phone]
08-30 00:52:25.137 1085 1883 D CompatibilityInfo: mCompatibilityFlags - 4
08-30 00:52:25.137 1085 1883 D CompatibilityInfo: applicationDensity - 240
08-30 00:52:25.137 1085 1883 D CompatibilityInfo: applicationScale - 1.0
08-30 00:52:25.145 1085 1883 D CompatibilityInfo: mCompatibilityFlags - 4
08-30 00:52:25.145 1085 1883 D CompatibilityInfo: applicationDensity - 240
08-30 00:52:25.146 1085 1883 D CompatibilityInfo: applicationScale - 1.0
08-30 00:52:25.154 3530 3530 D CompatibilityChangeReporter: Compat change id reported: 171979766; UID 1001; state: ENABLED
01-01 08:15:32.765 0 0 D : mv2112_read_status
01-01 08:15:32.765 0 0 D mv2112_update_link: 3.0x901(1G): 0x4
01-01 08:15:32.765 0 0 D mv2112_update_link: 3.0x8109(100M): 0x8
01-01 08:15:32.765 0 0 D mv2112_update_link: link 0x4
01-01 08:15:32.765 0 0 D mv2112_read_status: autoneg is disabled
08-30 00:52:25.249 3530 3530 I Perf : Connecting to perf service.
08-30 00:52:25.260 3530 3530 V GraphicsEnvironment: ANGLE Developer option for 'com.android.stk' set to: 'default'
08-30 00:52:25.261 3530 3530 V GraphicsEnvironment: ANGLE GameManagerService for com.android.stk: false
08-30 00:52:25.264 3530 3530 D NetworkSecurityConfig: No Network Security Config specified, using platform default
08-30 00:52:25.265 3530 3530 D NetworkSecurityConfig: No Network Security Config specified, using platform default
08-30 00:52:25.278 1085 1883 D CompatibilityInfo: mCompatibilityFlags - 4
08-30 00:52:25.278 1085 1883 D CompatibilityInfo: applicationDensity - 240
08-30 00:52:25.278 1085 1883 D CompatibilityInfo: applicationScale - 1.0
08-30 00:52:25.281 3530 3530 D CAT : BootCompletedReceiver: [ACTION_BOOT_COMPLETED]
08-30 00:52:25.284 1085 1883 I am_uid_running: 10078
08-30 00:52:25.285 3530 3530 D CAT : StkAppService: onCreate()+
08-30 00:52:25.285 1085 1883 D CompatibilityChangeReporter: Compat change id reported: 135634846; UID 10078; state: DISABLED
08-30 00:52:25.285 3530 3530 D CAT : StkAppService: simCount: 1
08-30 00:52:25.285 1085 1883 D CompatibilityChangeReporter: Compat change id reported: 177438394; UID 10078; state: DISABLED
08-30 00:52:25.285 1085 1883 D CompatibilityChangeReporter: Compat change id reported: 135772972; UID 10078; state: DISABLED
08-30 00:52:25.285 3530 3530 D CAT : StkAppService: slotId: 0
08-30 00:52:25.286 1085 1883 D CompatibilityChangeReporter: Compat change id reported: 135754954; UID 10078; state: ENABLED
08-30 00:52:25.287 1085 1212 D CompatibilityChangeReporter: Compat change id reported: 143937733; UID 10078; state: ENABLED
08-30 00:52:25.288 3530 3530 D CAT : StkAppService: onStart sim id: 0, op: 5, *****
08-30 00:52:25.288 3530 3530 D CAT : StkAppService: mStkService is: -1
08-30 00:52:25.295 3530 3530 D CAT : StkAppService: onDestroy()
08-30 00:52:25.382 684 684 D Zygote : Forked child process 3549
08-30 00:52:25.384 1085 1212 W ActivityManager: Slow operation: 99ms so far, now at startProcess: returned from zygote!
08-30 00:52:25.384 1085 1212 W ActivityManager: Slow operation: 99ms so far, now at startProcess: done updating battery stats
08-30 00:52:25.384 1085 1212 I am_proc_start: [0,3549,10078,com.qti.ltebc,broadcast,{com.qti.ltebc/com.qualcomm.ltebc.LTEBroadcastBootReceiver}]
08-30 00:52:25.384 1085 1212 W ActivityManager: Slow operation: 99ms so far, now at startProcess: building log message
08-30 00:52:25.385 1085 1212 I ActivityManager: Start proc 3549:com.qti.ltebc/u0a78 for broadcast {com.qti.ltebc/com.qualcomm.ltebc.LTEBroadcastBootReceiver}
08-30 00:52:25.385 1085 1212 W ActivityManager: Slow operation: 100ms so far, now at startProcess: starting to update pids map
08-30 00:52:25.385 1085 1212 W ActivityManager: Slow operation: 100ms so far, now at startProcess: done updating pids map
08-30 00:52:25.503 1615 1650 I adbd : jdwp connection from 3549
08-30 00:52:25.510 658 670 I mpu_uart: [MSG-P:RECV]:No message received in 1000 ms
08-30 00:52:25.512 3549 3549 D ProcessState: Binder ioctl to enable oneway spam detection failed: Invalid argument
01-01 08:15:33.092 0 0 I binder : 3549:3549 ioctl 40046210 7fc01e2b14 returned -22
08-30 00:52:25.528 1085 1883 I am_proc_bound: [0,3549,com.qti.ltebc]
08-30 00:52:25.530 1085 1883 D CompatibilityChangeReporter: Compat change id reported: 168419799; UID 10078; state: DISABLED
08-30 00:52:25.531 1085 1883 D CompatibilityInfo: mCompatibilityFlags - 4
08-30 00:52:25.531 1085 1883 D CompatibilityInfo: applicationDensity - 240
08-30 00:52:25.531 1085 1883 D CompatibilityInfo: applicationScale - 1.0
08-30 00:52:25.536 1085 1883 I am_uid_active: 10078
08-30 00:52:25.536 1085 1883 D CompatibilityInfo: mCompatibilityFlags - 4
08-30 00:52:25.537 1085 1883 D CompatibilityInfo: applicationDensity - 240
08-30 00:52:25.537 1085 1883 D CompatibilityInfo: applicationScale - 1.0
08-30 00:52:25.546 3549 3549 D CompatibilityChangeReporter: Compat change id reported: 171979766; UID 10078; state: ENABLED
08-30 00:52:25.638 3549 3549 I Perf : Connecting to perf service.
08-30 00:52:25.649 3549 3549 V GraphicsEnvironment: ANGLE Developer option for 'com.qti.ltebc' set to: 'default'
08-30 00:52:25.650 3549 3549 V GraphicsEnvironment: ANGLE GameManagerService for com.qti.ltebc: false
08-30 00:52:25.653 3549 3549 D NetworkSecurityConfig: Using Network Security Config from resource network_security_config debugBuild: false
08-30 00:52:25.655 3549 3549 D NetworkSecurityConfig: Using Network Security Config from resource network_security_config debugBuild: false
08-30 00:52:25.665 3549 3549 D LTE Application: getLibraryName = msp
08-30 00:52:25.894 514 514 I hwservicemanager: getTransport: Cannot find entry android.hardware.light@2.0::ILight/default in either framework or device VINTF manifest.
08-30 00:52:25.908 3566 3566 E light : light_open lights keyboard failed: -22
08-30 00:52:25.910 3566 3566 E light : Light passthrough failed to load legacy HAL.
08-30 00:52:25.914 3566 3566 E light : light_open lights buttons failed: -22
08-30 00:52:25.914 3566 3566 E light : Light passthrough failed to load legacy HAL.
08-30 00:52:25.925 3566 3566 E light : light_open lights bluetooth failed: -22
08-30 00:52:25.925 3566 3566 E light : Light passthrough failed to load legacy HAL.
08-30 00:52:25.928 3566 3566 E light : light_open lights wifi failed: -22
08-30 00:52:25.928 3566 3566 E light : Light passthrough failed to load legacy HAL.
08-30 00:52:25.929 514 514 I hwservicemanager: getTransport: Cannot find entry android.hardware.light@2.0::ILight/default in either framework or device VINTF manifest.
08-30 00:52:25.930 3566 3566 E HidlServiceManagement: Service android.hardware.light@2.0::ILight/default must be in VINTF manifest in order to register/get.
08-30 00:52:25.930 3566 3566 E LegacySupport: Could not register service android.hardware.light@2.0::ILight/default (-2147483648).
08-30 00:52:26.032 2584 2623 E wpa_supplicant: eap_proxy: Could not register with QMI UIM Service, qmi_uim_svc_client_ptr: 0x0,qmi_err_code: -3
01-01 08:15:33.788 0 0 D : mv2112_read_status
01-01 08:15:33.789 0 0 D mv2112_update_link: 3.0x901(1G): 0x4
01-01 08:15:33.789 0 0 D mv2112_update_link: 3.0x8109(100M): 0x8
01-01 08:15:33.789 0 0 D mv2112_update_link: link 0x4
01-01 08:15:33.789 0 0 D mv2112_read_status: autoneg is disabled
08-30 00:52:26.504 1435 2517 D BufferPoolAccessor2.0: bufferpool2 0xb400007633fd77b8 : 0(0 size) total buffers - 0(0 size) used buffers - 93/97 (recycle/alloc) - 4/96 (fetch/transfer)
08-30 00:52:26.504 1435 2517 D BufferPoolAccessor2.0: evictor expired: 1, evicted: 1
08-30 00:52:26.511 658 670 I mpu_uart: [MSG-P:RECV]:No message received in 1000 ms
08-30 00:52:26.515 658 669 I mpu_uart: [MSG-P:R]:recv sync frame timeout
08-30 00:52:26.707 1327 2808 D BufferPoolAccessor2.0: bufferpool2 0xe49020c8 : 0(0 size) total buffers - 0(0 size) used buffers - 93/101 (recycle/alloc) - 8/198 (fetch/transfer)
08-30 00:52:26.707 1327 2808 D BufferPoolAccessor2.0: evictor expired: 1, evicted: 1
01-01 08:15:34.665 0 0 I init : starting service 'qvrd_vndr'...
01-01 08:15:34.669 0 0 I init : Created socket '/dev/socket/qvrservice_vndr', mode 660, user 1000, group 1000
01-01 08:15:34.672 0 0 I init : Created socket '/dev/socket/qvrservice_vndr_camera', mode 660, user 1000, group 1000
01-01 08:15:34.736 0 0 I init : starting service 'sxrd'...
08-30 00:52:27.202 3567 3567 F linker : CANNOT LINK EXECUTABLE "/vendor/bin/hw/qvrservice": library "vendor.qti.hardware.qxr-V1-ndk_platform.so" not found: needed by /vendor/lib64/libqvrservice.so in namespace (default)
01-01 08:15:34.788 0 0 I init : Service 'qvrd_vndr' (pid 3567) exited with status 1
01-01 08:15:34.788 0 0 I init : Sending signal 9 to service 'qvrd_vndr' (pid 3567) process group...
01-01 08:15:34.789 0 0 I libprocessgroup: Successfully killed process cgroup uid 1000 pid 3567 in 0ms
01-01 08:15:34.813 0 0 D : mv2112_read_status
01-01 08:15:34.813 0 0 D mv2112_update_link: 3.0x901(1G): 0x4
01-01 08:15:34.813 0 0 D mv2112_update_link: 3.0x8109(100M): 0x8
01-01 08:15:34.813 0 0 D mv2112_update_link: link 0x4
01-01 08:15:34.813 0 0 D mv2112_read_status: autoneg is disabled
08-30 00:52:27.250 3568 3568 F linker : CANNOT LINK EXECUTABLE "/vendor/bin/hw/sxrservice": library "vendor.qti.hardware.qxr-V1-ndk_platform.so" not found: needed by main executable
01-01 08:15:34.833 0 0 I init : Service 'sxrd' (pid 3568) exited with status 1
01-01 08:15:34.834 0 0 I init : Sending signal 9 to service 'sxrd' (pid 3568) process group...
01-01 08:15:34.834 0 0 I libprocessgroup: Successfully killed process cgroup uid 1000 pid 3568 in 0ms
08-30 00:52:27.512 658 670 I mpu_uart: [MSG-P:RECV]:No message received in 1000 ms
01-01 08:15:35.837 0 0 D : mv2112_read_status
01-01 08:15:35.837 0 0 D mv2112_update_link: 3.0x901(1G): 0x4
01-01 08:15:35.837 0 0 D mv2112_update_link: 3.0x8109(100M): 0x8
01-01 08:15:35.837 0 0 D mv2112_update_link: link 0x4
01-01 08:15:35.837 0 0 D mv2112_read_status: autoneg is disabled
08-30 00:52:28.512 658 670 I mpu_uart: [MSG-P:RECV]:No message received in 1000 ms
08-30 00:52:28.902 585 1930 I keystore2: keystore2::watchdog: Watchdog thread idle -> terminating. Have a great day.
01-01 08:15:36.861 0 0 D : mv2112_read_status
01-01 08:15:36.861 0 0 D mv2112_update_link: 3.0x901(1G): 0x4
01-01 08:15:36.861 0 0 D mv2112_update_link: 3.0x8109(100M): 0x8
01-01 08:15:36.861 0 0 D mv2112_update_link: link 0x4
01-01 08:15:36.861 0 0 D mv2112_read_status: autoneg is disabled
08-30 00:52:29.513 658 670 I mpu_uart: [MSG-P:RECV]:No message received in 1000 ms
08-30 00:52:29.518 658 669 I mpu_uart: [MSG-P:R]:recv sync frame timeout
01-01 08:15:37.885 0 0 D : mv2112_read_status
01-01 08:15:37.885 0 0 D mv2112_update_link: 3.0x901(1G): 0x4
01-01 08:15:37.885 0 0 D mv2112_update_link: 3.0x8109(100M): 0x8
01-01 08:15:37.885 0 0 D mv2112_update_link: link 0x4
01-01 08:15:37.885 0 0 D mv2112_read_status: autoneg is disabled
08-30 00:52:30.513 658 670 I mpu_uart: [MSG-P:RECV]:No message received in 1000 ms
08-30 00:52:30.659 1041 1069 E GpuMem : Failed to attach bpf program to gpu_mem/gpu_mem_total tracepoint [2(No such file or directory)]
08-30 00:52:30.659 1041 1069 E GpuMemTracer: Cannot initialize GpuMemTracer before GpuMem
08-30 00:52:30.854 3549 3549 I MSP-JNI : JNI_OnLoad called
08-30 00:52:30.855 3549 3549 E MSP-JNI : Failed to get class in Jload
08-30 00:52:30.855 3549 3549 I MSP-JNI : FindClass - com/qualcomm/ltebc/LTEBroadcastService JNI EXCEPTION CLEARED
08-30 00:52:30.856 3549 3549 I MSP-JNI : JNI_OnLoad: Initializing File Delivery references
08-30 00:52:30.856 3549 3549 I MSP-JNI : FindClass CARRIER_SPECIFIC_CLASS_DEFINITION JNI EXCEPTION CLEARED
08-30 00:52:30.856 3549 3549 I MSP-JNI : JNI_OnLoad: Completed File Delivery initialization
08-30 00:52:30.859 3549 3549 I LTE Application: LTEApplicationCreate
08-30 00:52:30.859 3549 3549 I LTE Application: applicationContext : com.qualcomm.ltebc.LTEQTIApplication@e1a4b81
08-30 00:52:30.863 3549 3549 I LTE QMI Link: Creating QMI Link
08-30 00:52:30.865 3549 3549 D LTE Application: packageName = com.qti.ltebc versionCode = 5401010 versionName = MSDC_LA_5.4.01.01.0
08-30 00:52:30.865 3549 3549 I LTE Application: LTE Broadcast Library Release Version = MSDC_LA_5.4.01.01.0
08-30 00:52:30.865 3549 3549 D LTE Application: IntentSender : Last intent Status NOT_SENT forcedBroadcast flag = true
08-30 00:52:30.865 3549 3549 D LTE Application: sendBroadcastIntent IntentAction : Sending com.qualcomm.intent.EMBMS_STATUS ACTIVE = false
08-30 00:52:30.868 3549 3549 W SOCKET : ConnectionManager constructor has been initialised
08-30 00:52:30.868 3549 3549 E System : Ignoring attempt to set property "java.net.preferIPv6Addresses" to value "false".
08-30 00:52:30.871 3549 3549 D LTE Application: Android API Version 31
08-30 00:52:30.871 3549 3549 I LTE Application: Package Name : com.qti.ltebc
08-30 00:52:30.875 3549 3549 I LTE Application: app is not whitelisted
08-30 00:52:30.884 3549 3549 I LTE Broadcast Receiver: Broadcast Receiver Received intent : Intent { act=android.intent.action.BOOT_COMPLETED flg=0x89000010 cmp=com.qti.ltebc/com.qualcomm.ltebc.LTEBroadcastBootReceiver (has extras) }
08-30 00:52:30.884 3549 3549 I LTE Broadcast Receiver: Received intent : android.intent.action.BOOT_COMPLETED isBindCalled = false
08-30 00:52:30.884 3549 3549 I LTE Application: startRootServiceASync true
08-30 00:52:30.888 3549 3571 I LTE Application: startRootServiceSync true
08-30 00:52:30.888 3549 3571 I LTE Application: startRootServiceSync initState LTEBC_MSP_NOT_INITIALIZED
08-30 00:52:30.888 3549 3571 I LTE Application: setWakeupMode - mode :WAKEUP_MODE_BG
08-30 00:52:30.888 3549 3571 I LTE Application: startRootServiceSync(): Started from BOOT
08-30 00:52:30.888 3549 3571 I LTE Application: startRootServiceSync(): setting alarm wake up and exit from BOOT 1661791951388
08-30 00:52:30.888 3549 3571 I LTE Application: scheduleNextWakeup appName: null wakeupInFg: false
08-30 00:52:30.889 3549 3571 I LTE Application: wakeupTime is 1661791951388
08-30 00:52:30.889 3549 3571 I LTE Application: Next wakeup will be due to boot
08-30 00:52:30.891 3549 3571 D CompatibilityChangeReporter: Compat change id reported: 160794467; UID 10078; state: ENABLED
08-30 00:52:30.894 1085 2429 D CompatibilityChangeReporter: Compat change id reported: 168419799; UID 10054; state: DISABLED
08-30 00:52:30.894 1085 2429 D CompatibilityInfo: mCompatibilityFlags - 4
08-30 00:52:30.894 1085 2429 D CompatibilityInfo: applicationDensity - 240
08-30 00:52:30.894 1085 2429 D CompatibilityInfo: applicationScale - 1.0
08-30 00:52:30.900 2841 2841 D PASRReceiver: Received Intent Intent { act=android.intent.action.BOOT_COMPLETED flg=0x89000010 cmp=com.qti.pasrservice/.PASRReceiver (has extras) }
08-30 00:52:30.903 1085 1883 D CompatibilityChangeReporter: Compat change id reported: 171306433; UID 10078; state: ENABLED
08-30 00:52:30.903 1085 2429 D CompatibilityInfo: mCompatibilityFlags - 4
08-30 00:52:30.904 1085 2429 D CompatibilityInfo: applicationDensity - 240
08-30 00:52:30.904 1085 2429 D CompatibilityInfo: applicationScale - 1.0
08-30 00:52:30.906 2841 2841 D PASRReceiver: PASRService Auto Boot Started Successfully
08-30 00:52:30.907 2841 2841 E PASRService: onCreate
08-30 00:52:30.908 3549 3571 I LTE Application: Alarm Set to 1661791951388
08-30 00:52:30.909 514 514 I hwservicemanager: getTransport: Cannot find entry android.hardware.light@2.0::ILight/default in either framework or device VINTF manifest.
08-30 00:52:30.913 1085 2429 D CompatibilityInfo: mCompatibilityFlags - 4
08-30 00:52:30.913 1085 2429 D CompatibilityInfo: applicationDensity - 240
08-30 00:52:30.913 1085 2429 D CompatibilityInfo: applicationScale - 1.0
08-30 00:52:30.915 2195 2195 I MStatsReceiver: prop ==
08-30 00:52:30.916 2195 2195 I MStatsReceiver: Received intent but prop is not set.
08-30 00:52:30.917 3549 3571 I com.qti.ltebc: System.exit called, status: 0
08-30 00:52:30.917 3549 3571 I AndroidRuntime: VM exiting with result code 0, cleanup skipped.
08-30 00:52:30.917 2841 2841 D PASRService: PASRService started
08-30 00:52:30.918 1085 1209 I am_pss : [2405,10079,com.android.launcher3,95138816,78635008,0,228196352,0,2,17]
08-30 00:52:30.921 1085 1883 D CompatibilityChangeReporter: Compat change id reported: 168419799; UID 10085; state: DISABLED
08-30 00:52:30.922 1085 1883 D CompatibilityInfo: mCompatibilityFlags - 4
08-30 00:52:30.922 1085 1883 D CompatibilityInfo: applicationDensity - 240
08-30 00:52:30.922 1085 1883 D CompatibilityInfo: applicationScale - 1.0
08-30 00:52:30.926 3569 3569 E light : light_open lights keyboard failed: -22
08-30 00:52:30.927 3569 3569 E light : Light passthrough failed to load legacy HAL.
08-30 00:52:30.929 3569 3569 E light : light_open lights buttons failed: -22
08-30 00:52:30.929 3569 3569 E light : Light passthrough failed to load legacy HAL.
08-30 00:52:30.936 3569 3569 E light : light_open lights bluetooth failed: -22
08-30 00:52:30.937 3569 3569 E light : Light passthrough failed to load legacy HAL.
08-30 00:52:30.938 3569 3569 E light : light_open lights wifi failed: -22
08-30 00:52:30.938 3569 3569 E light : Light passthrough failed to load legacy HAL.
08-30 00:52:30.938 1085 1883 D CompatibilityChangeReporter: Compat change id reported: 168419799; UID 10077; state: DISABLED
08-30 00:52:30.939 1085 1883 D CompatibilityInfo: mCompatibilityFlags - 4
08-30 00:52:30.939 1085 1883 D CompatibilityInfo: applicationDensity - 240
08-30 00:52:30.939 1085 1883 D CompatibilityInfo: applicationScale - 1.0
08-30 00:52:30.941 514 514 I hwservicemanager: getTransport: Cannot find entry android.hardware.light@2.0::ILight/default in either framework or device VINTF manifest.
08-30 00:52:30.942 3569 3569 E HidlServiceManagement: Service android.hardware.light@2.0::ILight/default must be in VINTF manifest in order to register/get.
08-30 00:52:30.942 3569 3569 E LegacySupport: Could not register service android.hardware.light@2.0::ILight/default (-2147483648).
08-30 00:52:30.953 1085 1885 D CompatibilityInfo: mCompatibilityFlags - 4
08-30 00:52:30.953 1085 1885 D CompatibilityInfo: applicationDensity - 240
08-30 00:52:30.953 1085 1885 D CompatibilityInfo: applicationScale - 1.0
08-30 00:52:30.955 2467 2467 I QCCAuthMgr: BootReceiver - onReceive
08-30 00:52:30.955 2467 2467 I QCCAuthMgr: android.intent.action.BOOT_COMPLETED intent received
08-30 00:52:30.957 2467 2467 D QCCAuthMgr: SMQContentProvider query uri: content://com.qti.smq.Feedback.provider/smq_settings, selection: key=?, uri_matcher: 1
08-30 00:52:30.957 2467 2467 D QCCAuthMgr: SMQContentProvider query tableName: smq_settings
08-30 00:52:30.959 2467 2467 I QCCAuthMgr: BootReceiver - db is not initial
08-30 00:52:30.963 1085 1885 D CompatibilityChangeReporter: Compat change id reported: 168419799; UID 10090; state: DISABLED
08-30 00:52:30.963 1085 1885 D CompatibilityInfo: mCompatibilityFlags - 4
08-30 00:52:30.963 1085 1885 D CompatibilityInfo: applicationDensity - 240
08-30 00:52:30.963 1085 1885 D CompatibilityInfo: applicationScale - 1.0
08-30 00:52:30.966 2902 2902 I QCC-Netstat:BootReceiver: android.intent.action.BOOT_COMPLETED received
08-30 00:52:30.969 1085 1885 D CompatibilityInfo: mCompatibilityFlags - 4
08-30 00:52:30.969 1085 1885 D CompatibilityInfo: applicationDensity - 240
08-30 00:52:30.969 1085 1885 D CompatibilityInfo: applicationScale - 1.0
08-30 00:52:30.972 1085 1885 I am_uid_running: 10057
08-30 00:52:30.973 1085 1885 D CompatibilityChangeReporter: Compat change id reported: 135634846; UID 10057; state: DISABLED
08-30 00:52:30.974 1085 1212 D CompatibilityChangeReporter: Compat change id reported: 143937733; UID 10057; state: DISABLED
08-30 00:52:31.062 685 685 D Zygote : Forked child process 3575
08-30 00:52:31.063 1085 1212 W ActivityManager: Slow operation: 91ms so far, now at startProcess: returned from zygote!
08-30 00:52:31.064 1085 1212 W ActivityManager: Slow operation: 91ms so far, now at startProcess: done updating battery stats
08-30 00:52:31.064 1085 1212 I am_proc_start: [0,3575,10057,com.qualcomm.qti.qms.service.connectionsecurity,broadcast,{com.qualcomm.qti.qms.service.connectionsecurity/com.qualcomm.qti.qms.service.connectionsecurity.ConnSecBroadcastReceiver}]
08-30 00:52:31.064 1085 1212 W ActivityManager: Slow operation: 92ms so far, now at startProcess: building log message
08-30 00:52:31.064 1085 1212 I ActivityManager: Start proc 3575:com.qualcomm.qti.qms.service.connectionsecurity/u0a57 for broadcast {com.qualcomm.qti.qms.service.connectionsecurity/com.qualcomm.qti.qms.service.connectionsecurity.ConnSecBroadcastReceiver}
08-30 00:52:31.064 1085 1212 W ActivityManager: Slow operation: 92ms so far, now at startProcess: starting to update pids map
08-30 00:52:31.065 1085 1212 W ActivityManager: Slow operation: 93ms so far, now at startProcess: done updating pids map
08-30 00:52:31.072 1085 1885 I ActivityManager: Process com.qti.ltebc (pid 3549) has died: cch+5 CEM
08-30 00:52:31.079 1085 1885 I am_proc_died: [0,3549,com.qti.ltebc,905,19]
08-30 00:52:31.081 1085 1215 I libprocessgroup: Successfully killed process cgroup uid 10078 pid 3549 in 0ms
08-30 00:52:31.081 1085 1885 I am_uid_stopped: 10078
08-30 00:52:31.083 684 684 I Zygote : Process 3549 exited cleanly (0)
08-30 00:52:31.090 1085 1885 I am_uid_active: 10057
08-30 00:52:31.150 3575 3575 W nectionsecurit: Using default instruction set features for ARM CPU variant (cortex-a9) using conservative defaults
08-30 00:52:31.169 1615 1650 I adbd : jdwp connection from 3575
01-01 08:15:38.759 0 0 I binder : 3575:3575 ioctl 40046210 ffd29248 returned -22
08-30 00:52:31.178 3575 3575 D ProcessState: Binder ioctl to enable oneway spam detection failed: Invalid argument
08-30 00:52:31.194 1085 1885 I am_proc_bound: [0,3575,com.qualcomm.qti.qms.service.connectionsecurity]
08-30 00:52:31.196 1085 1885 D CompatibilityChangeReporter: Compat change id reported: 168419799; UID 10057; state: DISABLED
08-30 00:52:31.197 1085 1885 D CompatibilityInfo: mCompatibilityFlags - 4
08-30 00:52:31.197 1085 1885 D CompatibilityInfo: applicationDensity - 240
08-30 00:52:31.197 1085 1885 D CompatibilityInfo: applicationScale - 1.0
08-30 00:52:31.202 1085 1885 D CompatibilityInfo: mCompatibilityFlags - 4
08-30 00:52:31.202 1085 1885 D CompatibilityInfo: applicationDensity - 240
08-30 00:52:31.202 1085 1885 D CompatibilityInfo: applicationScale - 1.0
08-30 00:52:31.208 3575 3575 D CompatibilityChangeReporter: Compat change id reported: 171979766; UID 10057; state: DISABLED
08-30 00:52:31.221 3575 3575 D ApplicationLoaders: Returning zygote-cached class loader: /system/framework/android.test.base.jar
08-30 00:52:31.251 3575 3575 D nativeloader: classloader namespace configured for unbundled vendor apk. library_path=/vendor/app/ConnectionSecurityService/lib/arm:/vendor/app/ConnectionSecurityService/ConnectionSecurityService.apk!/lib/armeabi-v7a:/vendor/lib
08-30 00:52:31.293 3575 3575 I Perf : Connecting to perf service.
08-30 00:52:31.305 3575 3575 V GraphicsEnvironment: ANGLE Developer option for 'com.qualcomm.qti.qms.service.connectionsecurity' set to: 'default'
08-30 00:52:31.306 3575 3575 V GraphicsEnvironment: ANGLE GameManagerService for com.qualcomm.qti.qms.service.connectionsecurity: false
08-30 00:52:31.309 3575 3575 D NetworkSecurityConfig: No Network Security Config specified, using platform default
08-30 00:52:31.310 3575 3575 D NetworkSecurityConfig: No Network Security Config specified, using platform default
08-30 00:52:31.318 1085 1885 D CompatibilityChangeReporter: Compat change id reported: 168419799; UID 1001; state: DISABLED
08-30 00:52:31.318 1085 1885 D CompatibilityInfo: mCompatibilityFlags - 4
08-30 00:52:31.318 1085 1885 D CompatibilityInfo: applicationDensity - 240
08-30 00:52:31.318 1085 1885 D CompatibilityInfo: applicationScale - 1.0
08-30 00:52:31.321 2037 2037 D RCSService BC-Receiver: Boot Complete Event Received. Is IMS RCS Single Reg enabled0
08-30 00:52:31.322 2037 2037 D RCSService BC-Receiver: START RCS SERVICE ON BOOTUP
08-30 00:52:31.325 2037 2037 I QRCSService: onStartCommand- Call
08-30 00:52:31.327 2037 3592 I QRCSService: Already HIDL-IUceService is Started
01-01 08:15:38.909 0 0 D : mv2112_read_status
01-01 08:15:38.909 0 0 D mv2112_update_link: 3.0x901(1G): 0x4
01-01 08:15:38.909 0 0 D mv2112_update_link: 3.0x8109(100M): 0x8
01-01 08:15:38.909 0 0 D mv2112_update_link: link 0x4
01-01 08:15:38.909 0 0 D mv2112_read_status: autoneg is disabled
08-30 00:52:31.329 1085 1885 D CompatibilityChangeReporter: Compat change id reported: 168419799; UID 10089; state: DISABLED
08-30 00:52:31.330 1085 1885 D CompatibilityInfo: mCompatibilityFlags - 4
08-30 00:52:31.330 1085 1885 D CompatibilityInfo: applicationDensity - 240
08-30 00:52:31.330 1085 1885 D CompatibilityInfo: applicationScale - 1.0
08-30 00:52:31.338 2942 2942 D hw-ProcessState: Binder ioctl to enable oneway spam detection failed: Invalid argument
01-01 08:15:38.918 0 0 I binder : 2942:2942 ioctl 40046210 7fc01e21c4 returned -22
08-30 00:52:31.350 1085 1885 D CompatibilityChangeReporter: Compat change id reported: 168419799; UID 10093; state: DISABLED
08-30 00:52:31.350 1085 1885 D CompatibilityInfo: mCompatibilityFlags - 4
08-30 00:52:31.350 1085 1885 D CompatibilityInfo: applicationDensity - 240
08-30 00:52:31.350 1085 1885 D CompatibilityInfo: applicationScale - 1.0
08-30 00:52:31.353 1085 2429 D CompatibilityInfo: mCompatibilityFlags - 4
08-30 00:52:31.353 1085 2429 D CompatibilityInfo: applicationDensity - 240
08-30 00:52:31.354 1085 2429 D CompatibilityInfo: applicationScale - 1.0
08-30 00:52:31.359 1085 1885 D CompatibilityInfo: mCompatibilityFlags - 4
08-30 00:52:31.359 1085 1885 D CompatibilityInfo: applicationDensity - 240
08-30 00:52:31.359 1085 1885 D CompatibilityInfo: applicationScale - 1.0
08-30 00:52:31.367 1085 1885 I service_manager_stats: [100,434,13123]
08-30 00:52:31.369 1085 1885 D CompatibilityInfo: mCompatibilityFlags - 4
08-30 00:52:31.369 1085 1885 D CompatibilityInfo: applicationDensity - 240
08-30 00:52:31.369 1085 1885 D CompatibilityInfo: applicationScale - 1.0
08-30 00:52:31.373 1085 1885 I ActivityManager: Finished processing BOOT_COMPLETED for u0
08-30 00:52:31.378 1085 1885 D CompatibilityInfo: mCompatibilityFlags - 4
08-30 00:52:31.378 1085 1885 D CompatibilityInfo: applicationDensity - 240
08-30 00:52:31.378 1085 1885 D CompatibilityInfo: applicationScale - 1.0
08-30 00:52:31.384 1085 2429 I am_uid_running: 10034
08-30 00:52:31.384 1085 2429 D CompatibilityChangeReporter: Compat change id reported: 135634846; UID 10034; state: DISABLED
08-30 00:52:31.385 1085 2429 D CompatibilityChangeReporter: Compat change id reported: 177438394; UID 10034; state: DISABLED
08-30 00:52:31.385 1085 2429 D CompatibilityChangeReporter: Compat change id reported: 135772972; UID 10034; state: DISABLED
08-30 00:52:31.386 1085 2429 D CompatibilityChangeReporter: Compat change id reported: 135754954; UID 10034; state: ENABLED
08-30 00:52:31.387 1085 1212 D CompatibilityChangeReporter: Compat change id reported: 143937733; UID 10034; state: ENABLED
08-30 00:52:31.482 684 684 D Zygote : Forked child process 3595
08-30 00:52:31.483 1085 1212 W ActivityManager: Slow operation: 99ms so far, now at startProcess: returned from zygote!
08-30 00:52:31.484 1085 1212 W ActivityManager: Slow operation: 100ms so far, now at startProcess: done updating battery stats
08-30 00:52:31.484 1085 1212 I am_proc_start: [0,3595,10034,com.android.externalstorage,broadcast,{com.android.externalstorage/com.android.externalstorage.MountReceiver}]
08-30 00:52:31.484 1085 1212 W ActivityManager: Slow operation: 100ms so far, now at startProcess: building log message
08-30 00:52:31.485 1085 1212 I ActivityManager: Start proc 3595:com.android.externalstorage/u0a34 for broadcast {com.android.externalstorage/com.android.externalstorage.MountReceiver}
08-30 00:52:31.485 1085 1212 W ActivityManager: Slow operation: 101ms so far, now at startProcess: starting to update pids map
08-30 00:52:31.485 1085 1212 W ActivityManager: Slow operation: 101ms so far, now at startProcess: done updating pids map
08-30 00:52:31.498 2942 2942 I tflite : Initialized TensorFlow Lite runtime.
08-30 00:52:31.514 658 670 I mpu_uart: [MSG-P:RECV]:No message received in 1000 ms
08-30 00:52:31.594 1615 1650 I adbd : jdwp connection from 3595
08-30 00:52:31.601 3595 3595 D ProcessState: Binder ioctl to enable oneway spam detection failed: Invalid argument
01-01 08:15:39.182 0 0 I binder : 3595:3595 ioctl 40046210 7fc01e2b14 returned -22
08-30 00:52:31.615 1085 2429 I am_proc_bound: [0,3595,com.android.externalstorage]
08-30 00:52:31.618 1085 2429 D CompatibilityChangeReporter: Compat change id reported: 168419799; UID 10034; state: DISABLED
08-30 00:52:31.618 1085 2429 D CompatibilityInfo: mCompatibilityFlags - 4
08-30 00:52:31.618 1085 2429 D CompatibilityInfo: applicationDensity - 240
08-30 00:52:31.618 1085 2429 D CompatibilityInfo: applicationScale - 1.0
08-30 00:52:31.623 1085 2429 D CompatibilityInfo: mCompatibilityFlags - 4
08-30 00:52:31.623 1085 2429 D CompatibilityInfo: applicationDensity - 240
08-30 00:52:31.623 1085 2429 D CompatibilityInfo: applicationScale - 1.0
08-30 00:52:31.632 3595 3595 D CompatibilityChangeReporter: Compat change id reported: 171979766; UID 10034; state: ENABLED
08-30 00:52:31.700 3595 3595 I Perf : Connecting to perf service.
08-30 00:52:31.710 3595 3595 V GraphicsEnvironment: ANGLE Developer option for 'com.android.externalstorage' set to: 'default'
08-30 00:52:31.712 3595 3595 V GraphicsEnvironment: ANGLE GameManagerService for com.android.externalstorage: false
08-30 00:52:31.715 3595 3595 D NetworkSecurityConfig: No Network Security Config specified, using platform default
08-30 00:52:31.715 3595 3595 D NetworkSecurityConfig: No Network Security Config specified, using platform default
08-30 00:52:31.737 3595 3595 D ExternalStorage: After updating volumes, found 1 active roots
08-30 00:52:31.746 3595 3595 D ExternalStorage: After updating volumes, found 1 active roots
08-30 00:52:31.754 1085 2429 D CompatibilityInfo: mCompatibilityFlags - 4
08-30 00:52:31.754 1085 2429 D CompatibilityInfo: applicationDensity - 240
08-30 00:52:31.754 1085 2429 D CompatibilityInfo: applicationScale - 1.0
08-30 00:52:31.777 1085 2429 D CompatibilityInfo: mCompatibilityFlags - 4
08-30 00:52:31.777 1085 2429 D CompatibilityInfo: applicationDensity - 240
08-30 00:52:31.777 1085 2429 D CompatibilityInfo: applicationScale - 1.0
08-30 00:52:31.782 1085 2429 D CompatibilityInfo: mCompatibilityFlags - 4
08-30 00:52:31.783 1085 2429 D CompatibilityInfo: applicationDensity - 240
08-30 00:52:31.783 1085 2429 D CompatibilityInfo: applicationScale - 1.0
08-30 00:52:31.787 1085 1885 D CompatibilityInfo: mCompatibilityFlags - 4
08-30 00:52:31.787 1085 1885 D CompatibilityInfo: applicationDensity - 240
08-30 00:52:31.787 1085 1885 D CompatibilityInfo: applicationScale - 1.0
08-30 00:52:31.791 2981 3236 I MediaProvider: Begin Intent { act=android.intent.action.MEDIA_MOUNTED dat=file:///storage/emulated/0 flg=0x5000010 cmp=com.android.providers.media.module/com.android.providers.media.MediaService (has extras) }
08-30 00:52:31.791 2981 3236 I MediaProvider: Volume MediaVolume name: [external_primary] id: [emulated;0] user: [UserHandle{0}] path: [/storage/emulated/0] already attached
08-30 00:52:31.792 2981 3236 I MediaProvider: End Intent { act=android.intent.action.MEDIA_MOUNTED dat=file:///storage/emulated/0 flg=0x5000010 cmp=com.android.providers.media.module/com.android.providers.media.MediaService (has extras) }
08-30 00:52:31.792 3595 3595 D ExternalStorage: After updating volumes, found 1 active roots
08-30 00:52:31.805 1085 1883 D CompatibilityInfo: mCompatibilityFlags - 4
08-30 00:52:31.805 1085 1883 D CompatibilityInfo: applicationDensity - 240
08-30 00:52:31.805 1085 1883 D CompatibilityInfo: applicationScale - 1.0
08-30 00:52:31.825 1085 2429 D CompatibilityInfo: mCompatibilityFlags - 4
08-30 00:52:31.825 1085 2429 D CompatibilityInfo: applicationDensity - 240
08-30 00:52:31.825 1085 2429 D CompatibilityInfo: applicationScale - 1.0
08-30 00:52:31.830 1085 2429 D CompatibilityInfo: mCompatibilityFlags - 4
08-30 00:52:31.830 1085 2429 D CompatibilityInfo: applicationDensity - 240
08-30 00:52:31.830 1085 2429 D CompatibilityInfo: applicationScale - 1.0
08-30 00:52:31.837 1085 1883 D CompatibilityChangeReporter: Compat change id reported: 168419799; UID 10021; state: DISABLED
08-30 00:52:31.838 1085 1883 D CompatibilityInfo: mCompatibilityFlags - 4
08-30 00:52:31.838 1085 1883 D CompatibilityInfo: applicationDensity - 240
08-30 00:52:31.838 1085 1883 D CompatibilityInfo: applicationScale - 1.0
08-30 00:52:31.843 2981 3236 I MediaProvider: Begin Intent { act=android.intent.action.MEDIA_MOUNTED dat=file:///storage/emulated/0 flg=0x5000010 cmp=com.android.providers.media.module/com.android.providers.media.MediaService (has extras) }
08-30 00:52:31.843 2981 3236 I MediaProvider: Volume MediaVolume name: [external_primary] id: [emulated;0] user: [UserHandle{0}] path: [/storage/emulated/0] already attached
08-30 00:52:31.843 2981 3236 I MediaProvider: End Intent { act=android.intent.action.MEDIA_MOUNTED dat=file:///storage/emulated/0 flg=0x5000010 cmp=com.android.providers.media.module/com.android.providers.media.MediaService (has extras) }
08-30 00:52:31.857 1085 1883 D CompatibilityInfo: mCompatibilityFlags - 4
08-30 00:52:31.857 1085 1883 D CompatibilityInfo: applicationDensity - 240
08-30 00:52:31.857 1085 1883 D CompatibilityInfo: applicationScale - 1.0
08-30 00:52:31.867 1085 1883 I am_uid_running: 10078
08-30 00:52:31.867 1085 2429 I dvm_lock_sample: [system_server,1,Binder:1085_9,22,JobServiceContext.java,479,boolean com.android.server.job.JobServiceContext.doCompleteWork(com.android.server.job.JobServiceContext$JobCallback, int, int),-,354,boolean com.android.server.job.JobServiceContext.executeRunnableJob(com.android.server.job.controllers.JobStatus, int),4]
08-30 00:52:31.868 1085 1883 D CompatibilityChangeReporter: Compat change id reported: 135634846; UID 10078; state: DISABLED
08-30 00:52:31.869 1085 1883 D CompatibilityChangeReporter: Compat change id reported: 177438394; UID 10078; state: DISABLED
08-30 00:52:31.869 1085 1883 D CompatibilityChangeReporter: Compat change id reported: 135772972; UID 10078; state: DISABLED
08-30 00:52:31.870 1085 1883 D CompatibilityChangeReporter: Compat change id reported: 135754954; UID 10078; state: ENABLED
08-30 00:52:31.871 1085 1212 D CompatibilityChangeReporter: Compat change id reported: 143937733; UID 10078; state: ENABLED
08-30 00:52:31.992 684 684 D Zygote : Forked child process 3616
08-30 00:52:31.993 1085 1212 W ActivityManager: Slow operation: 126ms so far, now at startProcess: returned from zygote!
08-30 00:52:31.994 1085 1212 W ActivityManager: Slow operation: 127ms so far, now at startProcess: done updating battery stats
08-30 00:52:31.994 1085 1212 I am_proc_start: [0,3616,10078,com.qti.ltebc,broadcast,{com.qti.ltebc/com.qualcomm.ltebc.LTEBroadcastReceiver}]
08-30 00:52:31.994 1085 1212 W ActivityManager: Slow operation: 127ms so far, now at startProcess: building log message
08-30 00:52:31.994 1085 1212 I ActivityManager: Start proc 3616:com.qti.ltebc/u0a78 for broadcast {com.qti.ltebc/com.qualcomm.ltebc.LTEBroadcastReceiver}
08-30 00:52:31.994 1085 1212 W ActivityManager: Slow operation: 127ms so far, now at startProcess: starting to update pids map
08-30 00:52:31.995 1085 1212 W ActivityManager: Slow operation: 128ms so far, now at startProcess: done updating pids map
08-30 00:52:32.098 1615 1650 I adbd : jdwp connection from 3616
01-01 08:15:39.686 0 0 I binder : 3616:3616 ioctl 40046210 7fc01e2b14 returned -22
08-30 00:52:32.106 3616 3616 D ProcessState: Binder ioctl to enable oneway spam detection failed: Invalid argument
01-01 08:15:39.701 0 0 I init : starting service 'qvrd_vndr'...
08-30 00:52:32.120 1085 1885 I am_proc_bound: [0,3616,com.qti.ltebc]
01-01 08:15:39.705 0 0 I init : Created socket '/dev/socket/qvrservice_vndr', mode 660, user 1000, group 1000
08-30 00:52:32.123 1085 1885 D CompatibilityChangeReporter: Compat change id reported: 168419799; UID 10078; state: DISABLED
08-30 00:52:32.123 1085 1885 D CompatibilityInfo: mCompatibilityFlags - 4
08-30 00:52:32.123 1085 1885 D CompatibilityInfo: applicationDensity - 240
08-30 00:52:32.123 1085 1885 D CompatibilityInfo: applicationScale - 1.0
08-30 00:52:32.128 1085 1885 I am_uid_active: 10078
08-30 00:52:32.128 1085 1885 D CompatibilityInfo: mCompatibilityFlags - 4
08-30 00:52:32.128 1085 1885 D CompatibilityInfo: applicationDensity - 240
08-30 00:52:32.129 1085 1885 D CompatibilityInfo: applicationScale - 1.0
08-30 00:52:32.134 3616 3616 D CompatibilityChangeReporter: Compat change id reported: 171979766; UID 10078; state: ENABLED
01-01 08:15:39.713 0 0 I init : Created socket '/dev/socket/qvrservice_vndr_camera', mode 660, user 1000, group 1000
08-30 00:52:32.190 3616 3616 I Perf : Connecting to perf service.
01-01 08:15:39.769 0 0 I init : starting service 'sxrd'...
08-30 00:52:32.199 3616 3616 V GraphicsEnvironment: ANGLE Developer option for 'com.qti.ltebc' set to: 'default'
08-30 00:52:32.201 3616 3616 V GraphicsEnvironment: ANGLE GameManagerService for com.qti.ltebc: false
08-30 00:52:32.204 3616 3616 D NetworkSecurityConfig: Using Network Security Config from resource network_security_config debugBuild: false
08-30 00:52:32.206 3616 3616 D NetworkSecurityConfig: Using Network Security Config from resource network_security_config debugBuild: false
08-30 00:52:32.208 3616 3616 D LTE Application: getLibraryName = msp
08-30 00:52:32.245 3632 3632 F linker : CANNOT LINK EXECUTABLE "/vendor/bin/hw/qvrservice": library "vendor.qti.hardware.qxr-V1-ndk_platform.so" not found: needed by /vendor/lib64/libqvrservice.so in namespace (default)
01-01 08:15:39.829 0 0 I init : Service 'qvrd_vndr' (pid 3632) exited with status 1
01-01 08:15:39.829 0 0 I init : Sending signal 9 to service 'qvrd_vndr' (pid 3632) process group...
01-01 08:15:39.829 0 0 I libprocessgroup: Successfully killed process cgroup uid 1000 pid 3632 in 0ms
08-30 00:52:32.285 3634 3634 F linker : CANNOT LINK EXECUTABLE "/vendor/bin/hw/sxrservice": library "vendor.qti.hardware.qxr-V1-ndk_platform.so" not found: needed by main executable
01-01 08:15:39.870 0 0 I init : Service 'sxrd' (pid 3634) exited with status 1
01-01 08:15:39.870 0 0 I init : Sending signal 9 to service 'sxrd' (pid 3634) process group...
01-01 08:15:39.871 0 0 I libprocessgroup: Successfully killed process cgroup uid 1000 pid 3634 in 0ms
01-01 08:15:39.932 0 0 D : mv2112_read_status
01-01 08:15:39.933 0 0 D mv2112_update_link: 3.0x901(1G): 0x4
01-01 08:15:39.933 0 0 D mv2112_update_link: 3.0x8109(100M): 0x8
01-01 08:15:39.933 0 0 D mv2112_update_link: link 0x4
01-01 08:15:39.933 0 0 D mv2112_read_status: autoneg is disabled
08-30 00:52:32.514 658 670 I mpu_uart: [MSG-P:RECV]:No message received in 1000 ms
08-30 00:52:32.520 658 669 I mpu_uart: [MSG-P:R]:recv sync frame timeout
01-01 08:15:40.957 0 0 D : mv2112_read_status
01-01 08:15:40.957 0 0 D mv2112_update_link: 3.0x901(1G): 0x4
01-01 08:15:40.957 0 0 D mv2112_update_link: 3.0x8109(100M): 0x8
01-01 08:15:40.957 0 0 D mv2112_update_link: link 0x4
01-01 08:15:40.957 0 0 D mv2112_read_status: autoneg is disabled
08-30 00:52:33.515 658 670 I mpu_uart: [MSG-P:RECV]:No message received in 1000 ms
01-01 08:15:41.981 0 0 D : mv2112_read_status
01-01 08:15:41.981 0 0 D mv2112_update_link: 3.0x901(1G): 0x4
01-01 08:15:41.981 0 0 D mv2112_update_link: 3.0x8109(100M): 0x8
01-01 08:15:41.981 0 0 D mv2112_update_link: link 0x4
01-01 08:15:41.981 0 0 D mv2112_read_status: autoneg is disabled
08-30 00:52:34.515 658 670 I mpu_uart: [MSG-P:RECV]:No message received in 1000 ms
01-01 08:15:43.005 0 0 D : mv2112_read_status
01-01 08:15:43.005 0 0 D mv2112_update_link: 3.0x901(1G): 0x4
01-01 08:15:43.005 0 0 D mv2112_update_link: 3.0x8109(100M): 0x8
01-01 08:15:43.005 0 0 D mv2112_update_link: link 0x4
01-01 08:15:43.005 0 0 D mv2112_read_status: autoneg is disabled
08-30 00:52:35.516 658 670 I mpu_uart: [MSG-P:RECV]:No message received in 1000 ms
08-30 00:52:35.523 658 669 I mpu_uart: [MSG-P:R]:recv sync frame timeout
08-30 00:52:35.952 514 514 I hwservicemanager: getTransport: Cannot find entry android.hardware.light@2.0::ILight/default in either framework or device VINTF manifest.
08-30 00:52:35.966 3635 3635 E light : light_open lights keyboard failed: -22
08-30 00:52:35.967 3635 3635 E light : Light passthrough failed to load legacy HAL.
08-30 00:52:35.970 3635 3635 E light : light_open lights buttons failed: -22
08-30 00:52:35.971 3635 3635 E light : Light passthrough failed to load legacy HAL.
08-30 00:52:35.982 3635 3635 E light : light_open lights bluetooth failed: -22
08-30 00:52:35.982 3635 3635 E light : Light passthrough failed to load legacy HAL.
08-30 00:52:35.985 3635 3635 E light : light_open lights wifi failed: -22
08-30 00:52:35.986 3635 3635 E light : Light passthrough failed to load legacy HAL.
