08-30 00:52:17.274 1085 1085 D BiometricScheduler/Fingerprint21: [Added] {[1] FingerprintUpdateActiveUserClient, proto=1, owner=android, cookie=0, requestId=-1, userId=0}, new queue size: 1
08-30 00:52:17.274 1085 1085 V BiometricScheduler/Fingerprint21: Not idle, current operation: {[0] FingerprintUpdateActiveUserClient, proto=1, owner=android, cookie=0, requestId=-1, userId=0}, State: 2
08-30 00:52:17.274 1085 1085 D BiometricScheduler/Fingerprint21: [Added] {[2] FingerprintInternalCleanupClient, proto=7, owner=android, cookie=0, requestId=-1, userId=0}, new queue size: 2
08-30 00:52:17.274 1085 1085 V BiometricScheduler/Fingerprint21: Not idle, current operation: {[0] FingerprintUpdateActiveUserClient, proto=1, owner=android, cookie=0, requestId=-1, userId=0}, State: 2
08-30 00:52:17.274 1085 1085 W Looper : Slow delivery took 464ms main h=android.os.Handler c=com.android.server.biometrics.sensors.fingerprint.hidl.Fingerprint21$$ExternalSyntheticLambda12@4746fdf m=0
08-30 00:52:17.276 1085 1085 I notification_enqueue: [1000,1085,android,26,NULL,-1,Notification(channel=DEVELOPER_IMPORTANT shortcut=null contentView=null vibrate=null sound=null tick defaults=0x0 flags=0x2 color=0x00000000 vis=PUBLIC),0]
08-30 00:52:17.277 1085 1085 I notification_enqueue: [1000,1085,android,55,NULL,-1,Notification(channel=DEVELOPER shortcut=null contentView=null vibrate=null sound=null tick defaults=0x0 flags=0x2 color=0x00000000 vis=PUBLIC),0]
08-30 00:52:17.278 1085 1085 D BiometricScheduler/Fingerprint21: [Finishing] {[0] FingerprintUpdateActiveUserClient, proto=1, owner=android, cookie=0, requestId=-1, userId=0}, success: true
08-30 00:52:17.278 1085 1085 D BiometricScheduler/Fingerprint21: [Polled] {[1] FingerprintUpdateActiveUserClient, proto=1, owner=android, cookie=0, requestId=-1, userId=0}, State: 0
08-30 00:52:17.278 1085 1085 D BiometricScheduler/Fingerprint21: [Starting] {[1] FingerprintUpdateActiveUserClient, proto=1, owner=android, cookie=0, requestId=-1, userId=0}, State: 0
08-30 00:52:17.278 1085 1085 D BiometricScheduler/Fingerprint21: [Started] {[1] FingerprintUpdateActiveUserClient, proto=1, owner=android, cookie=0, requestId=-1, userId=0}
08-30 00:52:17.279 1568 1568 I QFP : notifyPowerState: 2
08-30 00:52:17.279 1568 1568 I QFP : notifyPowerState: 2
08-30 00:52:17.279 1568 1568 I QFP : notifyPowerState: 2
08-30 00:52:17.279 1568 1568 I QFP : notifyPowerState: screen state 2
08-30 00:52:17.280 1568 2690 I QFP : QfpThreadOptimize::invoke: entry.
08-30 00:52:17.280 1568 2690 I QFP : QfpThreadOptimize::invoke: QFP not initialized, exiting Optimize thread
08-30 00:52:17.280 1568 2690 I QFP : QfpThreadErieEvent::invoke: entry.
08-30 00:52:17.280 1568 2690 I QFP : QfpThreadErieEvent::invoke: QFP not initialized, exiting ErieEvent thread
08-30 00:52:17.286 514 2686 W libc : Unable to set property "ctl.interface_start" to "vendor.qti.hardware.iop@2.0::IIop/default": error code: 0x20
08-30 00:52:17.287 514 2686 I hwservicemanager: Tried to start vendor.qti.hardware.iop@2.0::IIop/default as a lazy service, but was unable to. Usually this happens when a service is not installed, but if the service is intended to be used as a lazy service, then it may be configured incorrectly.
01-01 08:15:24.878 0 0 D qbt : qbt_open: entry minor_no=0 fd_available=1
01-01 08:15:24.878 0 0 D qbt : qbt_open: exit : 0 fd_available=0
01-01 08:15:24.878 0 0 D qbt : qbt_open: entry minor_no=1 fd_available=0
01-01 08:15:24.878 0 0 D qbt : qbt_open: exit : 0 fd_available=0
01-01 08:15:24.878 0 0 D qbt : qbt_ioctl: cmd received 107
01-01 08:15:24.878 0 0 D qbt : qbt_ioctl: Acquiring wakelock
08-30 00:52:17.295 2657 2657 I LatinIME: Hardware accelerated drawing: true
08-30 00:52:17.296 1568 2691 I QFP : Initializing QFP framework, container 0 handle 0
08-30 00:52:17.296 1568 2691 I QFP : getPersistPropVal: persist.vendor.qfp.qbt_fd_name = /dev/qbt_fd (default /dev/qbt_fd)
08-30 00:52:17.297 1568 2691 I QFP : getPersistPropVal: persist.vendor.qfp.qbt_ipc_name = /dev/qbt_ipc (default /dev/qbt_ipc)
08-30 00:52:17.297 1568 2691 E QFP : Dropping unsupported QBT command
08-30 00:52:17.299 1568 2691 D QSEECOMAPI: QSEECom_get_handle sb_length = 0x40000
08-30 00:52:17.299 1568 2691 D QSEECOMAPI: App is not loaded in QSEE
08-30 00:52:17.299 1568 2691 D QSEECOMAPI: app_arch = 2, total_files = 9
08-30 00:52:17.300 1568 2691 E ion : ioctl c0044901 failed with code -1: Inappropriate ioctl for device
08-30 00:52:17.309 2684 2684 D vold_prepare_subdirs: Setting up mode 771 uid 1000 gid 1000 context u:object_r:system_data_file:s0:c512,c768 on path: /data/data
08-30 00:52:17.311 2684 2684 D vold_prepare_subdirs: Setting up mode 700 uid 0 gid 0 context u:object_r:vold_data_file:s0 on path: /data/misc_ce/0/vold
08-30 00:52:17.314 2684 2684 D vold_prepare_subdirs: Setting up mode 700 uid 0 gid 0 context u:object_r:storaged_data_file:s0 on path: /data/misc_ce/0/storaged
08-30 00:52:17.316 2684 2684 D vold_prepare_subdirs: Setting up mode 700 uid 0 gid 0 context u:object_r:rollback_data_file:s0 on path: /data/misc_ce/0/rollback
08-30 00:52:17.323 2684 2684 D vold_prepare_subdirs: Setting up mode 700 uid 0 gid 0 context u:object_r:apex_rollback_data_file:s0 on path: /data/misc_ce/0/apexrollback
08-30 00:52:17.327 2684 2684 D vold_prepare_subdirs: Setting up mode 711 uid 0 gid 0 context u:object_r:apex_module_data_file:s0 on path: /data/misc_ce/0/apexdata
08-30 00:52:17.330 1085 1885 I commit_sys_config_file: [input-subtypes,5]
08-30 00:52:17.330 2684 2684 D vold_prepare_subdirs: Setting up mode 771 uid 0 gid 1000 context u:object_r:apex_module_data_file:s0 on path: /data/misc_ce/0/apexdata/com.android.vndk.v30
01-01 08:15:24.917 0 0 W QSEECOM : qseecom_load_app: App (fingerpr) does'nt exist, loading apps for first time
08-30 00:52:17.339 1535 1535 I update_engine: [INFO:cleanup_previous_update_action.cc(112)] Executing task 6
08-30 00:52:17.340 2684 2684 D vold_prepare_subdirs: Setting up mode 771 uid 0 gid 1000 context u:object_r:apex_wifi_data_file:s0 on path: /data/misc_ce/0/apexdata/com.android.wifi
08-30 00:52:17.342 2684 2684 D vold_prepare_subdirs: Setting up mode 771 uid 0 gid 1000 context u:object_r:apex_module_data_file:s0 on path: /data/misc_ce/0/apexdata/com.android.vndk.v31
08-30 00:52:17.343 2684 2684 D vold_prepare_subdirs: Setting up mode 771 uid 0 gid 1000 context u:object_r:apex_module_data_file:s0 on path: /data/misc_ce/0/apexdata/com.android.tzdata
08-30 00:52:17.344 2684 2684 D vold_prepare_subdirs: Setting up mode 771 uid 0 gid 1000 context u:object_r:apex_module_data_file:s0 on path: /data/misc_ce/0/apexdata/com.android.tethering
08-30 00:52:17.346 2687 2687 I libc : SetHeapTaggingLevel: tag level set to 0
08-30 00:52:17.347 1535 1535 I update_engine: [INFO:cleanup_previous_update_action.cc(189)] Boot completed, waiting on markBootSuccessful()
08-30 00:52:17.349 2684 2684 D vold_prepare_subdirs: Setting up mode 771 uid 0 gid 1000 context u:object_r:apex_module_data_file:s0 on path: /data/misc_ce/0/apexdata/com.android.sdkext
08-30 00:52:17.356 2684 2684 D vold_prepare_subdirs: Setting up mode 771 uid 0 gid 1000 context u:object_r:apex_module_data_file:s0 on path: /data/misc_ce/0/apexdata/com.android.scheduling
08-30 00:52:17.358 2684 2684 D vold_prepare_subdirs: Setting up mode 771 uid 0 gid 1000 context u:object_r:apex_module_data_file:s0 on path: /data/misc_ce/0/apexdata/com.android.runtime
08-30 00:52:17.359 2684 2684 D vold_prepare_subdirs: Setting up mode 771 uid 0 gid 1000 context u:object_r:apex_module_data_file:s0 on path: /data/misc_ce/0/apexdata/com.android.resolv
08-30 00:52:17.361 1535 1535 I update_engine: EnsureMetadataMounted does nothing in Android mode.
08-30 00:52:17.361 2684 2684 D vold_prepare_subdirs: Setting up mode 771 uid 0 gid 1000 context u:object_r:apex_permission_data_file:s0 on path: /data/misc_ce/0/apexdata/com.android.permission
08-30 00:52:17.366 2689 2689 I bootstat: Service started: /system/bin/bootstat --record_boot_complete --record_boot_reason --record_time_since_factory_reset -l
08-30 00:52:17.368 2684 2684 D vold_prepare_subdirs: Setting up mode 771 uid 0 gid 1000 context u:object_r:apex_module_data_file:s0 on path: /data/misc_ce/0/apexdata/com.android.os.statsd
08-30 00:52:17.370 2689 2689 E bootstat: Failed to read /data/misc/bootstat/post_decrypt_time_elapsed: No such file or directory
08-30 00:52:17.370 2689 2689 E bootstat: Failed to parse boot time record: /data/misc/bootstat/post_decrypt_time_elapsed
08-30 00:52:17.370 2684 2684 D vold_prepare_subdirs: Setting up mode 771 uid 0 gid 1000 context u:object_r:apex_module_data_file:s0 on path: /data/misc_ce/0/apexdata/com.android.neuralnetworks
08-30 00:52:17.370 1535 1535 I update_engine: Read merge statistics file failed: No such file or directory
08-30 00:52:17.376 2684 2684 D vold_prepare_subdirs: Setting up mode 771 uid 0 gid 1000 context u:object_r:apex_module_data_file:s0 on path: /data/misc_ce/0/apexdata/com.android.mediaprovider
08-30 00:52:17.377 2684 2684 D vold_prepare_subdirs: Setting up mode 771 uid 0 gid 1000 context u:object_r:apex_module_data_file:s0 on path: /data/misc_ce/0/apexdata/com.android.media.swcodec
08-30 00:52:17.380 2684 2684 D vold_prepare_subdirs: Setting up mode 771 uid 0 gid 1000 context u:object_r:apex_module_data_file:s0 on path: /data/misc_ce/0/apexdata/com.android.media
08-30 00:52:17.381 1535 1535 I update_engine: [INFO:cleanup_previous_update_action.cc(261)] Waiting for any previous merge request to complete. This can take up to several minutes.
08-30 00:52:17.382 2689 2689 I bootstat: Unknown boot reason: reboot,mcu_update_success
08-30 00:52:17.383 2684 2684 D vold_prepare_subdirs: Setting up mode 771 uid 0 gid 1000 context u:object_r:apex_module_data_file:s0 on path: /data/misc_ce/0/apexdata/com.android.ipsec
08-30 00:52:17.384 2684 2684 D vold_prepare_subdirs: Setting up mode 771 uid 0 gid 1000 context u:object_r:apex_module_data_file:s0 on path: /data/misc_ce/0/apexdata/com.android.i18n
08-30 00:52:17.386 2684 2684 D vold_prepare_subdirs: Setting up mode 771 uid 0 gid 1000 context u:object_r:apex_module_data_file:s0 on path: /data/misc_ce/0/apexdata/com.android.extservices
08-30 00:52:17.387 2684 2684 D vold_prepare_subdirs: Setting up mode 771 uid 0 gid 1000 context u:object_r:apex_module_data_file:s0 on path: /data/misc_ce/0/apexdata/com.android.conscrypt
08-30 00:52:17.394 1535 1535 E update_engine: Read state file failed: No such file or directory
08-30 00:52:17.396 2684 2684 D vold_prepare_subdirs: Setting up mode 771 uid 0 gid 1000 context u:object_r:apex_module_data_file:s0 on path: /data/misc_ce/0/apexdata/com.android.art
08-30 00:52:17.396 2657 2657 W InputAttributes: No editor info for this field. Bug?
08-30 00:52:17.397 2684 2684 D vold_prepare_subdirs: Setting up mode 771 uid 0 gid 1000 context u:object_r:apex_appsearch_data_file:s0 on path: /data/misc_ce/0/apexdata/com.android.appsearch
08-30 00:52:17.399 2684 2684 D vold_prepare_subdirs: Setting up mode 771 uid 0 gid 1000 context u:object_r:apex_module_data_file:s0 on path: /data/misc_ce/0/apexdata/com.android.adbd
08-30 00:52:17.401 2684 2684 D vold_prepare_subdirs: Setting up mode 700 uid 1000 gid 1000 context u:object_r:backup_data_file:s0 on path: /data/system_ce/0/backup
08-30 00:52:17.401 1535 1535 E update_engine: Read state file failed: No such file or directory
08-30 00:52:17.401 2689 2689 W bootstat: LogBootEvents, atomInfo not defined for events:last_boot_time_utc,build_date,ro.boottime.init.cold_boot_wait,boot_reason,system_boot_reason,time_since_last_boot
08-30 00:52:17.402 2684 2684 D vold_prepare_subdirs: Setting up mode 700 uid 1000 gid 1000 context u:object_r:backup_data_file:s0 on path: /data/system_ce/0/backup_stage
08-30 00:52:17.404 2684 2684 D vold_prepare_subdirs: Setting up mode 700 uid 1000 gid 1000 context u:object_r:face_vendor_data_file:s0 on path: /data/vendor_ce/0/facedata
08-30 00:52:17.412 1535 1535 I update_engine: CheckMergeState for snapshots returned: 0
08-30 00:52:17.416 1535 1535 I update_engine: ProcessUpdateState handling state: 0
08-30 00:52:17.417 1085 1192 V UserDataPreparer: Found /data/user/0 with serial number 0
08-30 00:52:17.417 1085 1192 V UserDataPreparer: Found /data/system_ce/0 with serial number 0
08-30 00:52:17.418 1085 1192 D UserDataPreparer: Setting property: sys.user.0.ce_available=true
08-30 00:52:17.425 1085 1192 V PackageManager: reconcileAppsData for null u0 0x2 migrateAppData=false
08-30 00:52:17.426 1535 1535 I update_engine: [INFO:cleanup_previous_update_action.cc(287)] Can't find any snapshot to merge.
08-30 00:52:17.431 1535 1535 E update_engine: Read state file failed: No such file or directory
08-30 00:52:17.437 1535 1535 I update_engine: [INFO:cleanup_previous_update_action.cc(130)] Stopping/suspending/completing CleanupPreviousUpdateAction
08-30 00:52:17.439 2657 2700 I LatinIME:LogUtils: Dictionary info: dictionary = UserHistoryDictionary.en_US ; version = 1661791937 ; date = ?
08-30 00:52:17.444 2657 2700 I LatinIME:LogUtils: Dictionary info: dictionary = userunigram.en_US ; version = 1661791937 ; date = ?
08-30 00:52:17.448 2657 2700 W ActivityThread: Failed to find provider info for user_dictionary (user not unlocked)
08-30 00:52:17.450 1535 1535 I update_engine: [INFO:cleanup_previous_update_action.cc(469)] Not reporting merge stats because state is None
01-01 08:15:25.041 0 0 I binder : 2687:2687 ioctl 40046210 7fc01e2b14 returned -22
08-30 00:52:17.459 1535 1535 I update_engine: [INFO:cleanup_previous_update_action.cc(130)] Stopping/suspending/completing CleanupPreviousUpdateAction
08-30 00:52:17.460 1615 1650 I adbd : jdwp connection from 2687
08-30 00:52:17.460 2687 2687 D ProcessState: Binder ioctl to enable oneway spam detection failed: Invalid argument
08-30 00:52:17.466 1535 1535 I update_engine: [INFO:action_processor.cc(116)] ActionProcessor: finished last action CleanupPreviousUpdateAction with code ErrorCode::kSuccess
08-30 00:52:17.471 1535 1535 I update_engine: [INFO:update_attempter_android.cc(546)] Processing Done.
08-30 00:52:17.479 1085 1883 I am_proc_bound: [0,2687,com.android.deskclock]
08-30 00:52:17.481 1085 1883 D CompatibilityChangeReporter: Compat change id reported: 168419799; UID 10073; state: DISABLED
08-30 00:52:17.481 1085 1883 D CompatibilityInfo: mCompatibilityFlags - 4
08-30 00:52:17.481 1085 1883 D CompatibilityInfo: applicationDensity - 240
08-30 00:52:17.481 1085 1883 D CompatibilityInfo: applicationScale - 1.0
08-30 00:52:17.481 1535 1535 I update_engine: [INFO:update_attempter_android.cc(694)] Terminating cleanup previous update.
08-30 00:52:17.484 1085 1883 I am_uid_active: 10073
08-30 00:52:17.485 1085 1883 D CompatibilityInfo: mCompatibilityFlags - 4
08-30 00:52:17.485 1085 1883 D CompatibilityInfo: applicationDensity - 240
08-30 00:52:17.485 1085 1883 D CompatibilityInfo: applicationScale - 1.0
01-01 08:15:25.072 0 0 W QSEECOM : qseecom_load_app: App with id 8 (fingerpr) now loaded
08-30 00:52:17.490 2687 2687 D CompatibilityChangeReporter: Compat change id reported: 171979766; UID 10073; state: DISABLED
08-30 00:52:17.492 1568 2691 D QSEECOMAPI: Loaded image: APP id = 8
08-30 00:52:17.497 2687 2687 D ApplicationLoaders: Returning zygote-cached class loader: /system/framework/android.test.base.jar
08-30 00:52:17.501 658 670 I mpu_uart: [MSG-P:RECV]:No message received in 1000 ms
08-30 00:52:17.506 658 669 I mpu_uart: [MSG-P:R]:recv sync frame timeout
08-30 00:52:17.509 2657 2700 I LatinIME:LogUtils: Dictionary info: dictionary = main:en ; version = 54 ; date = 1414726273
08-30 00:52:17.517 1568 2691 I QFP : qsc_start_app: Loading app [fingerpr] succeeded
08-30 00:52:17.517 1568 2691 I QFP : openFramework: entry with eeprom_buffer_size=0
08-30 00:52:17.518 824 2539 I vendor.qti.bluetooth@1.0-ibs_handler: DeviceSleep: TX Awake, Sending SLEEP_IND
08-30 00:52:17.518 824 2539 D vendor.qti.bluetooth@1.0-ibs_handler: SerialClockVote: vote for UART CLK OFF
08-30 00:52:17.525 557 567 D DrmLibTime: got the req here! ret=0
08-30 00:52:17.525 557 567 D DrmLibTime: command id, time_cmd_id = 770
08-30 00:52:17.525 557 567 D DrmLibTime: time_getutcsec starts!
08-30 00:52:17.525 557 567 D DrmLibTime: QSEE Time Listener: time_getutcsec
08-30 00:52:17.525 557 567 D DrmLibTime: QSEE Time Listener: get_utc_seconds
08-30 00:52:17.525 557 567 D DrmLibTime: QSEE Time Listener: time_get_modem_time
08-30 00:52:17.525 557 567 D DrmLibTime: QSEE Time Listener: Checking if ATS_MODEM is set or not.
08-30 00:52:17.525 557 567 D QC-time-services: Lib:time_genoff_operation: pargs->base = 13
08-30 00:52:17.525 557 567 D QC-time-services: Lib:time_genoff_operation: pargs->operation = 2
08-30 00:52:17.525 557 567 D QC-time-services: Lib:time_genoff_operation: pargs->ts_val = 0
08-30 00:52:17.525 557 567 D QC-time-services: Lib:time_genoff_operation: Send to server passed!!
08-30 00:52:17.525 656 1052 D QC-time-services: Daemon: Connection accepted:time_genoff
08-30 00:52:17.529 2687 2687 D nativeloader: classloader namespace configured for unbundled product apk. library_path=/product/app/DeskClock/lib/arm64:/product/lib64:/system/product/lib64
08-30 00:52:17.540 656 2716 D QC-time-services: Daemon:Received base = 13, unit = 1, operation = 2,value = 0
08-30 00:52:17.540 656 2716 D QC-time-services: Daemon:genoff_opr: Base = 13, val = 0, operation = 2
08-30 00:52:17.540 656 2716 D QC-time-services: offset is: 0 for base: 13
08-30 00:52:17.540 557 567 E QC-time-services: Receive Passed == base = 13, unit = 1, operation = 2, result = 0
08-30 00:52:17.540 557 567 D DrmLibTime: QSEE Time Listener: ATS_MODEM is not set. Fallback to Android system time.
08-30 00:52:17.540 557 567 D DrmLibTime: QSEE Time Listener: Retrieved Android system time: 1661791937
08-30 00:52:17.540 557 567 D DrmLibTime: time_getutcsec returns 0, sec = 1661791937; nsec = 0
08-30 00:52:17.540 557 567 D DrmLibTime: time_getutcsec finished!
08-30 00:52:17.540 557 567 D DrmLibTime: iotcl_continue_command finished! and return 0
08-30 00:52:17.540 557 567 D DrmLibTime: before calling ioctl to read the next time_cmd
08-30 00:52:17.547 656 1052 E QC-time-services: Daemon: Time-services: Waiting to acceptconnection
08-30 00:52:17.576 2687 2687 I Perf : Connecting to perf service.
08-30 00:52:17.586 2687 2687 V GraphicsEnvironment: ANGLE Developer option for 'com.android.deskclock' set to: 'default'
08-30 00:52:17.587 2687 2687 V GraphicsEnvironment: ANGLE GameManagerService for com.android.deskclock: false
08-30 00:52:17.596 2687 2687 D NetworkSecurityConfig: No Network Security Config specified, using platform default
08-30 00:52:17.596 2687 2687 D NetworkSecurityConfig: No Network Security Config specified, using platform default
08-30 00:52:17.654 514 514 I hwservicemanager: Since vendor.qti.hardware.iop@2.0::IIop/default is not registered, trying to start it as a lazy HAL.
08-30 00:52:17.654 1355 1355 E ANDR-IOP: IIop:: Iop HAL Service is not available.
08-30 00:52:17.655 1568 2691 E QFP : qfpCommand: error from send_command_to_tz: 0, QFP result -11 on (0 0)
08-30 00:52:17.656 1568 2691 I QFP : close: close, usecase 3 options 0
08-30 00:52:17.656 1568 2691 I QFP : closeHandle: closeHandle (0 0)
08-30 00:52:17.657 2687 2687 I AlarmClock: AlarmInitReceiver android.intent.action.LOCKED_BOOT_COMPLETED
08-30 00:52:17.665 1568 2691 D QSEECOMAPI: QSEECom_dealloc_memory
08-30 00:52:17.665 1568 2691 D QSEECOMAPI: QSEECom_shutdown_app, app_id = 8
08-30 00:52:17.665 2687 2723 I AlarmClock: Fixing alarm instances
08-30 00:52:17.669 824 2380 E vendor.qti.bluetooth@1.0-wake_lock: Release wake lock not initialized/acquired
01-01 08:15:25.265 0 0 W QSEECOM : __qseecom_unload_app: App (8) is unloaded
01-01 08:15:25.268 0 0 D qbt : qbt_release: entry minor_no=0 fd_available=0
01-01 08:15:25.268 0 0 D qbt : qbt_release: Releasing wakelock
01-01 08:15:25.268 0 0 D qbt : qbt_release: exit : fd_available=1
01-01 08:15:25.268 0 0 D qbt : qbt_release: entry minor_no=1 fd_available=1
01-01 08:15:25.268 0 0 D qbt : qbt_release: exit : fd_available=1
08-30 00:52:17.687 1568 2691 E QFP : Dropping unsupported QBT command
08-30 00:52:17.687 1568 2691 I QFP : openFramework:QFP TZ VERSION: 3.0.3.39
08-30 00:52:17.688 1568 2691 E QFP : releaseWakelock: qbt sensor handle is invalid
08-30 00:52:17.688 1568 2691 E QFP : qfp_init failed -1
08-30 00:52:17.688 1568 2691 I QFP : QfpThreadOptimize::invoke: entry.
08-30 00:52:17.688 1568 2691 I QFP : QfpThreadOptimize::invoke: QFP not initialized, exiting Optimize thread
08-30 00:52:17.688 1568 2691 I QFP : QfpThreadErieEvent::invoke: entry.
08-30 00:52:17.688 1568 2691 I QFP : QfpThreadErieEvent::invoke: QFP not initialized, exiting ErieEvent thread
08-30 00:52:17.689 1568 1568 I QFP : notifyPowerState: 2
08-30 00:52:17.689 1568 1568 I QFP : notifyPowerState: 2
08-30 00:52:17.689 1568 1568 I QFP : notifyPowerState: screen state 2
08-30 00:52:17.691 1568 1568 E QFP : set active group call error -1
08-30 00:52:17.692 1085 1085 W Looper : Drained
08-30 00:52:17.692 1085 1085 W Looper : Slow dispatch took 414ms main h=android.os.Handler c=com.android.server.biometrics.sensors.BiometricScheduler$InternalCallback$$ExternalSyntheticLambda0@9ad7bd8 m=0
08-30 00:52:17.692 1568 2724 I QFP : QfpThreadOptimize::invoke: entry.
08-30 00:52:17.692 1085 1085 W Looper : Slow delivery took 353ms main h=android.os.Handler c=null m=5010
08-30 00:52:17.692 1568 2724 I QFP : QfpThreadOptimize::invoke: QFP not initialized, exiting Optimize thread
08-30 00:52:17.692 1568 2724 I QFP : QfpThreadErieEvent::invoke: entry.
08-30 00:52:17.692 1568 2724 I QFP : QfpThreadErieEvent::invoke: QFP not initialized, exiting ErieEvent thread
08-30 00:52:17.694 1085 1085 I sysui_multi_action: [757,1501,758,1,793,848,794,0,795,848,796,26,806,android,857,DEVELOPER_IMPORTANT,858,4,947,0,1500,0]
08-30 00:52:17.694 1085 1085 I sysui_multi_action: [757,804,799,note_interruptive,801,0,802,1]
08-30 00:52:17.696 1085 1085 I sysui_multi_action: [757,1501,758,1,793,851,794,0,795,851,796,26,806,android,857,DEVELOPER_IMPORTANT,858,4,947,0,1500,0,1688,1]
08-30 00:52:17.696 1085 1085 I sysui_multi_action: [757,804,799,note_interruptive,801,0,802,1]
08-30 00:52:17.696 1085 1085 I sysui_multi_action: [757,199,758,1,759,2,793,851,794,0,795,851,796,26,806,android,857,DEVELOPER_IMPORTANT,858,4,947,0,1500,0,1688,1]
08-30 00:52:17.697 1085 1085 I notification_alert: [-1|android|26|null|1000,0,1,0]
08-30 00:52:17.699 1085 1085 W NotificationHistory: Attempted to add notif for locked/gone/disabled user 0
08-30 00:52:17.700 1085 1085 I sysui_multi_action: [757,1501,758,1,793,571,794,0,795,571,796,55,806,android,857,DEVELOPER,858,2,947,0,1500,0]
08-30 00:52:17.701 1085 1085 I sysui_multi_action: [757,804,799,note_interruptive,801,0,802,1]
08-30 00:52:17.703 1085 1085 W NotificationHistory: Attempted to add notif for locked/gone/disabled user 0
08-30 00:52:17.704 1085 1085 D BiometricScheduler/Fingerprint21: [Finishing] {[1] FingerprintUpdateActiveUserClient, proto=1, owner=android, cookie=0, requestId=-1, userId=0}, success: true
08-30 00:52:17.704 1085 1085 D BiometricScheduler/Fingerprint21: [Polled] {[2] FingerprintInternalCleanupClient, proto=7, owner=android, cookie=0, requestId=-1, userId=0}, State: 0
08-30 00:52:17.704 1085 1085 D BiometricScheduler/Fingerprint21: [Starting] {[2] FingerprintInternalCleanupClient, proto=7, owner=android, cookie=0, requestId=-1, userId=0}, State: 0
08-30 00:52:17.704 1085 1085 D BiometricScheduler/Fingerprint21: [Started] {[2] FingerprintInternalCleanupClient, proto=7, owner=android, cookie=0, requestId=-1, userId=0}
08-30 00:52:17.705 1085 1085 D Biometrics/InternalCleanupClient: Starting enumerate: {[3] FingerprintInternalEnumerateClient, proto=6, owner=android, cookie=0, requestId=-1, userId=0}
08-30 00:52:17.708 1568 1568 I QFP : notifyPowerState: 2
08-30 00:52:17.708 1568 1568 I QFP : notifyPowerState: 2
08-30 00:52:17.708 1568 1568 I QFP : notifyPowerState: 2
08-30 00:52:17.708 1568 1568 I QFP : notifyPowerState: screen state 2
08-30 00:52:17.712 1085 1085 W Looper : Drained
01-01 08:15:25.296 0 0 D qbt : qbt_open: entry minor_no=0 fd_available=1
01-01 08:15:25.296 0 0 D qbt : qbt_open: exit : 0 fd_available=0
01-01 08:15:25.297 0 0 D qbt : qbt_open: entry minor_no=1 fd_available=0
01-01 08:15:25.297 0 0 D qbt : qbt_open: exit : 0 fd_available=0
01-01 08:15:25.297 0 0 D qbt : qbt_ioctl: cmd received 107
01-01 08:15:25.297 0 0 D qbt : qbt_ioctl: Acquiring wakelock
08-30 00:52:17.715 1568 2725 I QFP : Initializing QFP framework, container 0 handle 0
08-30 00:52:17.715 1568 2725 I QFP : getPersistPropVal: persist.vendor.qfp.qbt_fd_name = /dev/qbt_fd (default /dev/qbt_fd)
08-30 00:52:17.716 1568 2725 I QFP : getPersistPropVal: persist.vendor.qfp.qbt_ipc_name = /dev/qbt_ipc (default /dev/qbt_ipc)
08-30 00:52:17.716 1568 2725 E QFP : Dropping unsupported QBT command
08-30 00:52:17.723 1914 1914 D InterruptionStateProvider: No bubble up: not allowed to bubble: -1|android|26|null|1000
08-30 00:52:17.724 1568 2725 D QSEECOMAPI: QSEECom_get_handle sb_length = 0x40000
08-30 00:52:17.725 1568 2725 D QSEECOMAPI: App is not loaded in QSEE
08-30 00:52:17.726 1568 2725 D QSEECOMAPI: app_arch = 2, total_files = 9
08-30 00:52:17.727 2687 2723 D CompatibilityChangeReporter: Compat change id reported: 160794467; UID 10073; state: DISABLED
08-30 00:52:17.730 1568 2725 E ion : ioctl c0044901 failed with code -1: Inappropriate ioctl for device
08-30 00:52:17.734 1914 1914 W NotifBindPipeline: Row is not set so pipeline will not run. notif = -1|android|26|null|1000
08-30 00:52:17.734 1914 2192 D PeopleSpaceWidgetMgr: Sbn doesn't contain valid PeopleTileKey: null/-1/android
08-30 00:52:17.738 1914 1914 D InterruptionStateProvider: No bubble up: not allowed to bubble: -1|android|55|null|1000
08-30 00:52:17.739 1914 1914 D InterruptionStateProvider: No heads up: unimportant notification: -1|android|55|null|1000
08-30 00:52:17.740 1914 2192 D PeopleSpaceWidgetMgr: Sbn doesn't contain valid PeopleTileKey: null/-1/android
08-30 00:52:17.750 1894 2581 D Avrcp_ext: AudioManager Player: AudioPlaybackConfiguration piid:391 deviceId:0 type:android.media.SoundPool u/pid:1000/1085 state:idle attr:AudioAttributes: usage=USAGE_ASSISTANCE_SONIFICATION content=CONTENT_TYPE_SONIFICATION flags=0x800 tags= bundle=null sessionId:0
08-30 00:52:17.751 1894 2581 D Avrcp_ext: AudioManager Player: AudioPlaybackConfiguration piid:407 deviceId:0 type:android.media.MediaPlayer u/pid:10087/1914 state:idle attr:AudioAttributes: usage=USAGE_NOTIFICATION content=CONTENT_TYPE_SONIFICATION flags=0x800 tags= bundle=null sessionId:0
08-30 00:52:17.751 1894 2581 D Avrcp_ext: AudioManager Player: AudioPlaybackConfiguration piid:399 deviceId:0 type:android.media.SoundPool u/pid:10087/1914 state:idle attr:AudioAttributes: usage=USAGE_ASSISTANCE_SONIFICATION content=CONTENT_TYPE_SONIFICATION flags=0x800 tags= bundle=null sessionId:0
08-30 00:52:17.751 1894 2581 D Avrcp_ext: AudioManager isPlaying: false, mAudioPlaybackIsActive = false
08-30 00:52:17.751 1894 2581 D Avrcp_ext: AudioManager Reset Active Player
08-30 00:52:17.762 1085 1613 W ActivityTaskManager: Current config: {1.0 ?mcc?mnc [zh_CN] ldltr sw680dp w1586dp h608dp 240dpi lrg long hdr land -touch -keyb/v/h -nav/h winConfig={ mBounds=Rect(0, 0 - 2380, 1020) mAppBounds=Rect(0, 0 - 2380, 948) mMaxBounds=Rect(0, 0 - 2380, 1020) mWindowingMode=fullscreen mDisplayWindowingMode=fullscreen mActivityType=undefined mAlwaysOnTop=undefined mRotation=ROTATION_0} s.8 fontWeightAdjustment=0} unchanged for IME proc com.android.inputmethod.latin
08-30 00:52:17.762 1085 1613 W ActivityTaskManager: Current config: {1.0 ?mcc?mnc [zh_CN] ldltr sw680dp w1586dp h608dp 240dpi lrg long hdr land -touch -keyb/v/h -nav/h winConfig={ mBounds=Rect(0, 0 - 2380, 1020) mAppBounds=Rect(0, 0 - 2380, 948) mMaxBounds=Rect(0, 0 - 2380, 1020) mWindowingMode=fullscreen mDisplayWindowingMode=fullscreen mActivityType=undefined mAlwaysOnTop=undefined mRotation=ROTATION_0} s.8 fontWeightAdjustment=0} unchanged for IME proc com.android.inputmethod.latin
01-01 08:15:25.347 0 0 W QSEECOM : qseecom_load_app: App (fingerpr) does'nt exist, loading apps for first time
08-30 00:52:17.786 1085 1885 I SELinux : SELinux: Loaded file_contexts
08-30 00:52:17.790 1914 1914 I sysui_multi_action: [757,803,799,note_peek,802,1]
08-30 00:52:17.795 1914 1914 W TouchableRegionManager: onHeadsUpPinnedModeChanged
08-30 00:52:17.795 1914 1914 D StatusBar: disable disable2
08-30 00:52:17.795 1085 1613 I sysui_multi_action: [757,127,758,1]
08-30 00:52:17.796 1085 1613 I sysui_multi_action: [757,804,799,note_load,801,1,802,1]
08-30 00:52:17.797 1085 1613 I notification_panel_revealed: 1
08-30 00:52:17.797 1914 1914 I sysui_heads_up_status: [-1|android|26|null|1000,1]
08-30 00:52:17.803 1914 2729 W ActivityThread: Failed to find provider info for media (user not unlocked)
08-30 00:52:17.807 1627 1627 I MSM-irqbalance: Discovered a new IRQ: 16
08-30 00:52:17.807 1627 1627 I MSM-irqbalance: Discovered a new IRQ: 17
08-30 00:52:17.811 1327 2291 D NuPlayerDriver: NuPlayerDriver(0xe4f401f0) created, clientPid(1914)
01-01 08:15:25.441 0 0 I qcom_rpmh DRV: apps_rsc TCS Busy, retrying RPMH message send: addr=0x50000
01-01 08:15:25.441 0 0 I qcom_rpmh DRV: apps_rsc TCS Busy, retrying RPMH message send: addr=0x50000
01-01 08:15:25.441 0 0 I qcom_rpmh DRV: apps_rsc TCS Busy, retrying RPMH message send: addr=0x50000
01-01 08:15:25.441 0 0 I qcom_rpmh DRV: apps_rsc TCS Busy, retrying RPMH message send: addr=0x50000
01-01 08:15:25.441 0 0 I qcom_rpmh DRV: apps_rsc TCS Busy, retrying RPMH message send: addr=0x50000
01-01 08:15:25.441 0 0 I qcom_rpmh DRV: apps_rsc TCS Busy, retrying RPMH message send: addr=0x50000
01-01 08:15:25.441 0 0 I qcom_rpmh DRV: apps_rsc TCS Busy, retrying RPMH message send: addr=0x50000
01-01 08:15:25.441 0 0 I qcom_rpmh DRV: apps_rsc TCS Busy, retrying RPMH message send: addr=0x50000
01-01 08:15:25.441 0 0 I qcom_rpmh DRV: apps_rsc TCS Busy, retrying RPMH message send: addr=0x50000
01-01 08:15:25.441 0 0 I qcom_rpmh DRV: apps_rsc TCS Busy, retrying RPMH message send: addr=0x50000
08-30 00:52:17.828 1085 1613 D CompatibilityChangeReporter: Compat change id reported: 168419799; UID 10092; state: DISABLED
08-30 00:52:17.828 1085 1613 D CompatibilityInfo: mCompatibilityFlags - 4
08-30 00:52:17.828 1085 1613 D CompatibilityInfo: applicationDensity - 240
08-30 00:52:17.829 1085 1613 D CompatibilityInfo: applicationScale - 1.0
08-30 00:52:17.829 2687 2723 V AlarmClock: AlarmInitReceiver finished
08-30 00:52:17.831 2195 2195 I MStatsReceiver: prop ==
08-30 00:52:17.832 2195 2195 I MStatsReceiver: Received intent but prop is not set.
08-30 00:52:17.844 1085 2429 I am_uid_running: 10085
08-30 00:52:17.846 1085 2429 D CompatibilityChangeReporter: Compat change id reported: 135634846; UID 10085; state: DISABLED
08-30 00:52:17.846 1085 2429 D CompatibilityChangeReporter: Compat change id reported: 177438394; UID 10085; state: DISABLED
08-30 00:52:17.846 1085 2429 D CompatibilityChangeReporter: Compat change id reported: 135772972; UID 10085; state: DISABLED
08-30 00:52:17.846 1085 2429 D CompatibilityChangeReporter: Compat change id reported: 135754954; UID 10085; state: ENABLED
08-30 00:52:17.847 1085 1212 D CompatibilityChangeReporter: Compat change id reported: 143937733; UID 10085; state: ENABLED
08-30 00:52:17.869 1327 2291 I ExtendedNuUtils: printFileName fd(7) -> /data/system_de/0/ringtones/notification_sound_cache
08-30 00:52:17.910 1303 1314 I CNSS : cnss_log_timeout_handler: cnss log timeout 0x59700009a0
08-30 00:52:17.922 1327 2740 D GenericSource: FileSource remote
01-01 08:15:25.508 0 0 W QSEECOM : qseecom_load_app: App with id 9 (fingerpr) now loaded
08-30 00:52:17.928 1568 2725 D QSEECOMAPI: Loaded image: APP id = 9
08-30 00:52:17.943 684 684 D Zygote : Forked child process 2746
08-30 00:52:17.944 1085 1212 W ActivityManager: Slow operation: 99ms so far, now at startProcess: returned from zygote!
08-30 00:52:17.945 1085 1212 W ActivityManager: Slow operation: 100ms so far, now at startProcess: done updating battery stats
08-30 00:52:17.945 1085 1212 I am_proc_start: [0,2746,10085,com.qualcomm.location,broadcast,{com.qualcomm.location/com.qualcomm.location.LocationServiceReceiver}]
08-30 00:52:17.945 1085 1212 W ActivityManager: Slow operation: 100ms so far, now at startProcess: building log message
08-30 00:52:17.945 1085 1212 I ActivityManager: Start proc 2746:com.qualcomm.location/u0a85 for broadcast {com.qualcomm.location/com.qualcomm.location.LocationServiceReceiver}
08-30 00:52:17.945 1085 1212 W ActivityManager: Slow operation: 100ms so far, now at startProcess: starting to update pids map
08-30 00:52:17.961 1085 1212 W ActivityManager: Slow operation: 116ms so far, now at startProcess: done updating pids map
08-30 00:52:17.967 1319 2575 I MMParserExtractor: Created(0xb40000733a665f90)
08-30 00:52:17.968 1319 2575 E MM_OSAL : FileSource::FileSource
08-30 00:52:17.968 1319 2575 E MM_OSAL : FileSource::FileSource m_bEveryThingOK 1
08-30 00:52:17.980 1319 1906 D MediaBufferGroup: creating MemoryDealer
08-30 00:52:18.000 1568 2725 I QFP : qsc_start_app: Loading app [fingerpr] succeeded
08-30 00:52:18.001 1568 2725 I QFP : openFramework: entry with eeprom_buffer_size=0
01-01 08:15:25.603 0 0 D : mv2112_read_status
01-01 08:15:25.604 0 0 D mv2112_update_link: 3.0x901(1G): 0x4
08-30 00:52:18.026 1085 1885 I MediaFocusControl: requestAudioFocus() from uid/pid 10087/1914 AA=USAGE_NOTIFICATION/CONTENT_TYPE_SONIFICATION clientId=android.media.AudioManager@ca6d62b callingPack=com.android.systemui req=3 flags=0x0 sdk=31
08-30 00:52:18.028 1085 1885 I AudioService.FadeOutManager: unfadeOutUid() uid:10087
01-01 08:15:25.604 0 0 D mv2112_update_link: 3.0x8109(100M): 0x8
01-01 08:15:25.604 0 0 D mv2112_update_link: link 0x4
01-01 08:15:25.604 0 0 D mv2112_read_status: autoneg is disabled
08-30 00:52:18.043 557 567 D DrmLibTime: got the req here! ret=0
08-30 00:52:18.043 557 567 D DrmLibTime: command id, time_cmd_id = 770
08-30 00:52:18.043 557 567 D DrmLibTime: time_getutcsec starts!
08-30 00:52:18.044 557 567 D DrmLibTime: QSEE Time Listener: time_getutcsec
08-30 00:52:18.044 557 567 D DrmLibTime: QSEE Time Listener: get_utc_seconds
08-30 00:52:18.044 557 567 D DrmLibTime: QSEE Time Listener: time_get_modem_time
08-30 00:52:18.044 557 567 D DrmLibTime: QSEE Time Listener: Checking if ATS_MODEM is set or not.
08-30 00:52:18.044 557 567 D QC-time-services: Lib:time_genoff_operation: pargs->base = 13
08-30 00:52:18.044 557 567 D QC-time-services: Lib:time_genoff_operation: pargs->operation = 2
08-30 00:52:18.044 557 567 D QC-time-services: Lib:time_genoff_operation: pargs->ts_val = 0
08-30 00:52:18.046 557 567 D QC-time-services: Lib:time_genoff_operation: Send to server passed!!
08-30 00:52:18.046 656 1052 D QC-time-services: Daemon: Connection accepted:time_genoff
08-30 00:52:18.048 656 2754 D QC-time-services: Daemon:Received base = 13, unit = 1, operation = 2,value = 0
08-30 00:52:18.048 656 2754 D QC-time-services: Daemon:genoff_opr: Base = 13, val = 0, operation = 2
08-30 00:52:18.049 656 2754 D QC-time-services: offset is: 0 for base: 13
08-30 00:52:18.049 557 567 E QC-time-services: Receive Passed == base = 13, unit = 1, operation = 2, result = 0
08-30 00:52:18.049 557 567 D DrmLibTime: QSEE Time Listener: ATS_MODEM is not set. Fallback to Android system time.
08-30 00:52:18.049 557 567 D DrmLibTime: QSEE Time Listener: Retrieved Android system time: 1661791938
08-30 00:52:18.049 557 567 D DrmLibTime: time_getutcsec returns 0, sec = 1661791938; nsec = 0
08-30 00:52:18.049 557 567 D DrmLibTime: time_getutcsec finished!
08-30 00:52:18.050 557 567 D DrmLibTime: iotcl_continue_command finished! and return 0
08-30 00:52:18.051 557 567 D DrmLibTime: before calling ioctl to read the next time_cmd
08-30 00:52:18.054 656 1052 E QC-time-services: Daemon: Time-services: Waiting to acceptconnection
08-30 00:52:18.134 1085 1192 V PackageManager: reconcileAppsData finished 137 packages
08-30 00:52:18.134 1085 1192 I ActivityManager: User 0 state changed from RUNNING_LOCKED to RUNNING_UNLOCKING
08-30 00:52:18.135 1085 1192 I am_user_state_changed: [0,2]
08-30 00:52:18.147 514 2720 W libc : Unable to set property "ctl.interface_start" to "vendor.qti.hardware.iop@2.0::IIop/default": error code: 0x20
08-30 00:52:18.148 514 2720 I hwservicemanager: Tried to start vendor.qti.hardware.iop@2.0::IIop/default as a lazy service, but was unable to. Usually this happens when a service is not installed, but if the service is intended to be used as a lazy service, then it may be configured incorrectly.
08-30 00:52:18.151 1085 1192 D ActivityManager: Unlocking user 0 progress 20
08-30 00:52:18.163 1085 1211 I ssm_user_unlocking: 0
08-30 00:52:18.163 1085 1192 W Looper : Slow dispatch took 1058ms android.fg h=android.os.Handler c=com.android.server.am.UserController$$ExternalSyntheticLambda3@172be05 m=0
08-30 00:52:18.164 1085 1211 I SystemServerTimingAsync: ssm.UnlockingUser-0
08-30 00:52:18.164 1085 1211 I SystemServiceManager: Calling onUnlockingUser 0
08-30 00:52:18.164 1085 1192 W Looper : Slow delivery took 1059ms android.fg h=android.os.Handler c=com.android.server.am.UserController$$ExternalSyntheticLambda1@b65088b m=0
08-30 00:52:18.164 1085 1211 I SystemServerTimingAsync: ssm.onUnlockingUser-0_com.android.server.security.FileIntegrityService
08-30 00:52:18.164 1085 1211 D SystemServerTimingAsync: ssm.onUnlockingUser-0_com.android.server.security.FileIntegrityService took to complete: 0ms
08-30 00:52:18.165 1085 1211 I SystemServerTimingAsync: ssm.onUnlockingUser-0_com.android.server.pm.Installer
08-30 00:52:18.165 1085 1211 D SystemServerTimingAsync: ssm.onUnlockingUser-0_com.android.server.pm.Installer took to complete: 0ms
08-30 00:52:18.165 1085 1211 I SystemServerTimingAsync: ssm.onUnlockingUser-0_com.android.server.os.DeviceIdentifiersPolicyService
08-30 00:52:18.165 1085 1211 D SystemServerTimingAsync: ssm.onUnlockingUser-0_com.android.server.os.DeviceIdentifiersPolicyService took to complete: 0ms
08-30 00:52:18.165 1085 1211 I SystemServerTimingAsync: ssm.onUnlockingUser-0_com.android.server.uri.UriGrantsManagerService$Lifecycle
08-30 00:52:18.165 1085 1211 D SystemServerTimingAsync: ssm.onUnlockingUser-0_com.android.server.uri.UriGrantsManagerService$Lifecycle took to complete: 0ms
08-30 00:52:18.165 1085 1211 I SystemServerTimingAsync: ssm.onUnlockingUser-0_com.android.server.powerstats.PowerStatsService
08-30 00:52:18.165 1085 1211 D SystemServerTimingAsync: ssm.onUnlockingUser-0_com.android.server.powerstats.PowerStatsService took to complete: 0ms
08-30 00:52:18.166 1085 1211 I SystemServerTimingAsync: ssm.onUnlockingUser-0_com.android.server.wm.ActivityTaskManagerService$Lifecycle
08-30 00:52:18.166 1085 1211 D SystemServerTimingAsync: ssm.onUnlockingUser-0_com.android.server.wm.ActivityTaskManagerService$Lifecycle took to complete: 0ms
08-30 00:52:18.166 1085 1211 I SystemServerTimingAsync: ssm.onUnlockingUser-0_com.android.server.am.ActivityManagerService$Lifecycle
08-30 00:52:18.166 1085 1211 D SystemServerTimingAsync: ssm.onUnlockingUser-0_com.android.server.am.ActivityManagerService$Lifecycle took to complete: 0ms
08-30 00:52:18.166 1085 1211 I SystemServerTimingAsync: ssm.onUnlockingUser-0_com.android.server.pm.DataLoaderManagerService
08-30 00:52:18.166 1085 1211 D SystemServerTimingAsync: ssm.onUnlockingUser-0_com.android.server.pm.DataLoaderManagerService took to complete: 0ms
08-30 00:52:18.166 1085 1211 I SystemServerTimingAsync: ssm.onUnlockingUser-0_com.android.server.power.PowerManagerService
08-30 00:52:18.166 1085 1211 D SystemServerTimingAsync: ssm.onUnlockingUser-0_com.android.server.power.PowerManagerService took to complete: 0ms
08-30 00:52:18.166 1085 1211 I SystemServerTimingAsync: ssm.onUnlockingUser-0_com.android.server.power.ThermalManagerService
08-30 00:52:18.166 1085 1211 D SystemServerTimingAsync: ssm.onUnlockingUser-0_com.android.server.power.ThermalManagerService took to complete: 0ms
08-30 00:52:18.166 1085 1211 I SystemServerTimingAsync: ssm.onUnlockingUser-0_com.android.server.power.hint.HintManagerService
08-30 00:52:18.166 1085 1211 D SystemServerTimingAsync: ssm.onUnlockingUser-0_com.android.server.power.hint.HintManagerService took to complete: 0ms
08-30 00:52:18.167 1085 1211 I SystemServerTimingAsync: ssm.onUnlockingUser-0_com.android.server.recoverysystem.RecoverySystemService$Lifecycle
08-30 00:52:18.167 1085 1211 D SystemServerTimingAsync: ssm.onUnlockingUser-0_com.android.server.recoverysystem.RecoverySystemService$Lifecycle took to complete: 0ms
08-30 00:52:18.167 1085 1211 I SystemServerTimingAsync: ssm.onUnlockingUser-0_com.android.server.lights.LightsService
08-30 00:52:18.167 1085 1211 D SystemServerTimingAsync: ssm.onUnlockingUser-0_com.android.server.lights.LightsService took to complete: 0ms
08-30 00:52:18.167 1085 1211 I SystemServerTimingAsync: ssm.onUnlockingUser-0_com.android.server.display.DisplayManagerService
08-30 00:52:18.167 1085 1211 D SystemServerTimingAsync: ssm.onUnlockingUser-0_com.android.server.display.DisplayManagerService took to complete: 0ms
08-30 00:52:18.168 1085 1211 I SystemServerTimingAsync: ssm.onUnlockingUser-0_com.android.server.pm.verify.domain.DomainVerificationService
08-30 00:52:18.168 1085 1211 D SystemServerTimingAsync: ssm.onUnlockingUser-0_com.android.server.pm.verify.domain.DomainVerificationService took to complete: 0ms
08-30 00:52:18.168 1085 1211 I SystemServerTimingAsync: ssm.onUnlockingUser-0_com.android.server.pm.PackageInstallerService$Lifecycle
08-30 00:52:18.168 1085 1211 D SystemServerTimingAsync: ssm.onUnlockingUser-0_com.android.server.pm.PackageInstallerService$Lifecycle took to complete: 0ms
08-30 00:52:18.168 1085 1211 I SystemServerTimingAsync: ssm.onUnlockingUser-0_com.android.server.pm.UserManagerService$LifeCycle
08-30 00:52:18.168 1085 1211 D SystemServerTimingAsync: ssm.onUnlockingUser-0_com.android.server.pm.UserManagerService$LifeCycle took to complete: 0ms
08-30 00:52:18.168 1085 1211 I SystemServerTimingAsync: ssm.onUnlockingUser-0_com.android.server.om.OverlayManagerService
08-30 00:52:18.168 1085 1211 D SystemServerTimingAsync: ssm.onUnlockingUser-0_com.android.server.om.OverlayManagerService took to complete: 0ms
08-30 00:52:18.169 1085 1211 I SystemServerTimingAsync: ssm.onUnlockingUser-0_com.android.server.SensorPrivacyService
08-30 00:52:18.169 1085 1211 D SystemServerTimingAsync: ssm.onUnlockingUser-0_com.android.server.SensorPrivacyService took to complete: 0ms
08-30 00:52:18.169 1085 1211 I SystemServerTimingAsync: ssm.onUnlockingUser-0_com.android.server.sensors.SensorService
08-30 00:52:18.169 1085 1211 D SystemServerTimingAsync: ssm.onUnlockingUser-0_com.android.server.sensors.SensorService took to complete: 0ms
08-30 00:52:18.170 1085 1211 I SystemServerTimingAsync: ssm.onUnlockingUser-0_com.android.server.SystemConfigService
08-30 00:52:18.170 1085 1211 D SystemServerTimingAsync: ssm.onUnlockingUser-0_com.android.server.SystemConfigService took to complete: 0ms
08-30 00:52:18.170 1085 1211 I SystemServerTimingAsync: ssm.onUnlockingUser-0_com.android.server.BatteryService
08-30 00:52:18.170 1085 1211 D SystemServerTimingAsync: ssm.onUnlockingUser-0_com.android.server.BatteryService took to complete: 0ms
08-30 00:52:18.170 1085 1211 I SystemServerTimingAsync: ssm.onUnlockingUser-0_com.android.server.usage.UsageStatsService
08-30 00:52:18.171 1085 1211 D SystemServerTimingAsync: ssm.onUnlockingUser-0_com.android.server.usage.UsageStatsService took to complete: 0ms
08-30 00:52:18.171 1085 1211 I SystemServerTimingAsync: ssm.onUnlockingUser-0_com.android.server.webkit.WebViewUpdateService
08-30 00:52:18.171 1085 1211 D SystemServerTimingAsync: ssm.onUnlockingUser-0_com.android.server.webkit.WebViewUpdateService took to complete: 0ms
08-30 00:52:18.171 1085 1211 I SystemServerTimingAsync: ssm.onUnlockingUser-0_com.android.server.CachedDeviceStateService
08-30 00:52:18.171 1085 1211 D SystemServerTimingAsync: ssm.onUnlockingUser-0_com.android.server.CachedDeviceStateService took to complete: 0ms
08-30 00:52:18.171 1085 1211 I SystemServerTimingAsync: ssm.onUnlockingUser-0_com.android.server.BinderCallsStatsService$LifeCycle
08-30 00:52:18.171 1085 1211 D SystemServerTimingAsync: ssm.onUnlockingUser-0_com.android.server.BinderCallsStatsService$LifeCycle took to complete: 0ms
08-30 00:52:18.171 1085 1211 I SystemServerTimingAsync: ssm.onUnlockingUser-0_com.android.server.LooperStatsService$Lifecycle
08-30 00:52:18.171 1085 1211 D SystemServerTimingAsync: ssm.onUnlockingUser-0_com.android.server.LooperStatsService$Lifecycle took to complete: 0ms
08-30 00:52:18.171 1085 1211 I SystemServerTimingAsync: ssm.onUnlockingUser-0_com.android.server.rollback.RollbackManagerService
08-30 00:52:18.187 1085 1211 D SystemServerTimingAsync: ssm.onUnlockingUser-0_com.android.server.rollback.RollbackManagerService took to complete: 16ms
08-30 00:52:18.187 1085 1211 I SystemServerTimingAsync: ssm.onUnlockingUser-0_com.android.server.os.NativeTombstoneManagerService
08-30 00:52:18.187 1085 1211 D SystemServerTimingAsync: ssm.onUnlockingUser-0_com.android.server.os.NativeTombstoneManagerService took to complete: 0ms
08-30 00:52:18.187 1085 1211 I SystemServerTimingAsync: ssm.onUnlockingUser-0_com.android.server.os.BugreportManagerService
08-30 00:52:18.187 1085 1211 D SystemServerTimingAsync: ssm.onUnlockingUser-0_com.android.server.os.BugreportManagerService took to complete: 0ms
08-30 00:52:18.187 1085 1211 I SystemServerTimingAsync: ssm.onUnlockingUser-0_com.android.server.gpu.GpuService
08-30 00:52:18.187 1085 1211 D SystemServerTimingAsync: ssm.onUnlockingUser-0_com.android.server.gpu.GpuService took to complete: 0ms
08-30 00:52:18.187 1085 1211 I SystemServerTimingAsync: ssm.onUnlockingUser-0_com.android.server.security.KeyChainSystemService
08-30 00:52:18.187 1085 1211 D SystemServerTimingAsync: ssm.onUnlockingUser-0_com.android.server.security.KeyChainSystemService took to complete: 0ms
08-30 00:52:18.187 1085 1211 I SystemServerTimingAsync: ssm.onUnlockingUser-0_com.android.server.telecom.TelecomLoaderService
08-30 00:52:18.187 1085 1211 D SystemServerTimingAsync: ssm.onUnlockingUser-0_com.android.server.telecom.TelecomLoaderService took to complete: 0ms
08-30 00:52:18.187 1085 1211 I SystemServerTimingAsync: ssm.onUnlockingUser-0_com.android.server.accounts.AccountManagerService$Lifecycle
08-30 00:52:18.188 1085 1211 D SystemServerTimingAsync: ssm.onUnlockingUser-0_com.android.server.accounts.AccountManagerService$Lifecycle took to complete: 0ms
08-30 00:52:18.188 1085 1211 I SystemServerTimingAsync: ssm.onUnlockingUser-0_com.android.server.content.ContentService$Lifecycle
08-30 00:52:18.188 1085 1211 D SystemServerTimingAsync: ssm.onUnlockingUser-0_com.android.server.content.ContentService$Lifecycle took to complete: 0ms
08-30 00:52:18.188 1085 1211 I SystemServerTimingAsync: ssm.onUnlockingUser-0_com.android.server.DropBoxManagerService
08-30 00:52:18.188 1085 1211 D SystemServerTimingAsync: ssm.onUnlockingUser-0_com.android.server.DropBoxManagerService took to complete: 0ms
08-30 00:52:18.188 1085 1211 I SystemServerTimingAsync: ssm.onUnlockingUser-0_com.android.role.RoleService
08-30 00:52:18.188 1085 1211 D SystemServerTimingAsync: ssm.onUnlockingUser-0_com.android.role.RoleService took to complete: 0ms
08-30 00:52:18.188 1085 1211 I SystemServerTimingAsync: ssm.onUnlockingUser-0_com.android.server.vibrator.VibratorManagerService$Lifecycle
08-30 00:52:18.188 1085 1211 D SystemServerTimingAsync: ssm.onUnlockingUser-0_com.android.server.vibrator.VibratorManagerService$Lifecycle took to complete: 0ms
08-30 00:52:18.188 1085 1211 I SystemServerTimingAsync: ssm.onUnlockingUser-0_com.android.server.alarm.AlarmManagerService
08-30 00:52:18.188 1085 1211 D SystemServerTimingAsync: ssm.onUnlockingUser-0_com.android.server.alarm.AlarmManagerService took to complete: 0ms
08-30 00:52:18.188 1085 1211 I SystemServerTimingAsync: ssm.onUnlockingUser-0_com.android.server.devicestate.DeviceStateManagerService
08-30 00:52:18.189 1085 1211 D SystemServerTimingAsync: ssm.onUnlockingUser-0_com.android.server.devicestate.DeviceStateManagerService took to complete: 0ms
08-30 00:52:18.189 1085 1211 I SystemServerTimingAsync: ssm.onUnlockingUser-0_com.android.server.camera.CameraServiceProxy
08-30 00:52:18.189 1085 1211 D SystemServerTimingAsync: ssm.onUnlockingUser-0_com.android.server.camera.CameraServiceProxy took to complete: 0ms
08-30 00:52:18.189 1085 1211 I SystemServerTimingAsync: ssm.onUnlockingUser-0_com.android.server.BluetoothService
08-30 00:52:18.189 1085 1211 D BluetoothManagerService: User 0 unlocked
08-30 00:52:18.189 1085 1211 D SystemServerTimingAsync: ssm.onUnlockingUser-0_com.android.server.BluetoothService took to complete: 0ms
08-30 00:52:18.189 1085 1194 D BluetoothManagerService: MESSAGE_USER_UNLOCKED
08-30 00:52:18.189 1085 1211 I SystemServerTimingAsync: ssm.onUnlockingUser-0_com.android.server.connectivity.IpConnectivityMetrics
08-30 00:52:18.189 1085 1211 D SystemServerTimingAsync: ssm.onUnlockingUser-0_com.android.server.connectivity.IpConnectivityMetrics took to complete: 0ms
08-30 00:52:18.190 1085 1211 I SystemServerTimingAsync: ssm.onUnlockingUser-0_com.android.server.net.watchlist.NetworkWatchlistService$Lifecycle
08-30 00:52:18.191 1085 1211 D SystemServerTimingAsync: ssm.onUnlockingUser-0_com.android.server.net.watchlist.NetworkWatchlistService$Lifecycle took to complete: 0ms
08-30 00:52:18.193 1085 1211 I SystemServerTimingAsync: ssm.onUnlockingUser-0_com.android.server.PinnerService
08-30 00:52:18.193 1085 1211 D SystemServerTimingAsync: ssm.onUnlockingUser-0_com.android.server.PinnerService took to complete: 0ms
08-30 00:52:18.193 1085 1211 I SystemServerTimingAsync: ssm.onUnlockingUser-0_com.google.android.startop.iorap.IorapForwardingService
