01-01 08:15:08.937 1085 1085 I SystemServer: Entered the Android system server!
01-01 08:15:08.937 1085 1085 I boot_progress_system_run: 49173
01-01 08:15:09.993 0 0 E msm-pcm-routing soc: qcom,msm-pcm-routing: ASoC: no source widget found for QUIN_AUX_PCM_TX
01-01 08:15:10.004 0 0 E msm-pcm-routing soc: qcom,msm-pcm-routing: ASoC: Failed to add route QUIN_AUX_PCM_TX -> QUIN_AUXPCM_UL_TX -> SLIMBUS_0_RX Port Mixer
01-01 08:15:10.009 0 0 I msm_vidc: high: 00000001: h265e: Closed video instance: ffffffec451bc000
01-01 08:15:10.020 0 0 E msm-pcm-routing soc: qcom,msm-pcm-routing: ASoC: no source widget found for SEN_AUX_PCM_TX
01-01 08:15:10.027 0 0 I msm_vidc: high: 00000001: ....e: Opening video instance: ffffffec4536c000, 0
01-01 08:15:10.030 0 0 E msm-pcm-routing soc: qcom,msm-pcm-routing: ASoC: Failed to add route SEN_AUX_PCM_TX -> SEN_AUXPCM_UL_TX -> SLIMBUS_0_RX Port Mixer
01-01 08:15:10.048 0 0 E init : Control message: Could not find 'android.hardware.health@2.1::IHealth/default' for ctl.interface_start from pid: 514 (/system/bin/hwservicemanager)
01-01 08:15:10.057 0 0 I msm_vidc: high: 00000001: h265e: Closed video instance: ffffffec4536c000
01-01 08:15:10.072 0 0 I msm_vidc: high: 00000001: ....e: Opening video instance: ffffffec4be04000, 0
01-01 08:15:10.098 0 0 I msm_vidc: high: 00000001: h265e: Closed video instance: ffffffec4be04000
01-01 08:15:10.106 0 0 I msm_vidc: high: 00000001: ....e: Opening video instance: ffffffec45260000, 0
01-01 08:15:10.114 0 0 I msm_vidc: err : 00000001: ....e: msm_vidc_comm_update_ctrl: failed: control name Ltr Count, min 0, max 0, step 0, default_value 0
01-01 08:15:10.121 0 0 I msm_vidc: high: 00000001: vp8e: Closed video instance: ffffffec45260000
01-01 08:15:09.269 1085 1085 I SystemServerInitThreadPool: Creating instance with 8 threads
01-01 08:15:10.379 0 0 I binder : 1141:1141 ioctl 40046210 7ff293cf54 returned -22
01-01 08:15:10.563 0 0 I qcom,camera ac4f000.qcom,cci: qcom,cam-sensor0: Linked as a consumer to regulator.55
01-01 08:15:10.570 0 0 I qcom,camera ac4f000.qcom,cci: qcom,cam-sensor0: Linked as a consumer to regulator.57
01-01 08:15:10.573 0 0 I qcom,camera ac4f000.qcom,cci: qcom,cam-sensor0: Linked as a consumer to regulator.77
01-01 08:15:10.573 0 0 I CAM_ERR : CAM-UTIL: cam_soc_util_regulator_enable: 1459 cam_clk set voltage failed
01-01 08:15:10.573 0 0 I CAM_ERR : CAM-SENSOR: cam_sensor_core_power_up: 1928 Reg enable failed
01-01 08:15:10.573 0 0 I CAM_ERR : CAM-SENSOR: cam_sensor_core_power_up: 2062 failed
01-01 08:15:10.573 0 0 I qcom,camera ac4f000.qcom,cci: qcom,cam-sensor0: Dropping the link to regulator.57
01-01 08:15:10.576 0 0 I CAM_ERR : CAM-SENSOR: cam_sensor_core_power_up: 2131 seq_val:100 > num_vreg: 4
01-01 08:15:10.578 0 0 I qcom,camera ac4f000.qcom,cci: qcom,cam-sensor0: Dropping the link to regulator.55
01-01 08:15:10.590 0 0 I CAM_ERR : CAM-CCI: cam_cci_irq: 238 Base:ffffff80197fd000, M0_Q1 NACK ERROR: 0x10000000
01-01 08:15:10.592 0 0 I CAM_ERR : CAM-CCI: cam_cci_read: 1306 ERROR with Slave 0x34:
01-01 08:15:10.592 0 0 I CAM_ERR : CAM-CCI: cam_cci_read_bytes: 1561 failed to read rc:-22
01-01 08:15:10.592 0 0 I CAM_ERR : CAM-SENSOR: cam_cci_i2c_read: 35 rc = -22
01-01 08:15:10.592 0 0 I CAM_WARN: CAM-SENSOR: cam_sensor_match_id: 769 read id: 0x0 expected id 0x563:
01-01 08:15:10.594 0 0 W : ------------[ cut here ]------------
01-01 08:15:10.594 0 0 I : cam_cc_mclk0_clk already disabled
01-01 08:15:10.594 0 0 W : WARNING: CPU: 7 PID: 826 at drivers/clk/clk.c:1144 clk_core_disable+0x230/0x270
01-01 08:15:10.594 0 0 I : Modules linked in: machine_dlkm(O) wcd938x_slave_dlkm(O) wcd938x_dlkm(O) wcd9xxx_dlkm(O) mbhc_dlkm(O) tx_macro_dlkm(O) rx_macro_dlkm(O) va_macro_dlkm(O) wsa_macro_dlkm(O) swr_ctrl_dlkm(O) bolero_cdc_dlkm(O) wsa881x_dlkm(O) wcd_core_dlkm(O) stub_dlkm(O) hdmi_dlkm(O) swr_dlkm(O) pinctrl_lpi_dlkm(O) pinctrl_wcd_dlkm(O) usf_dlkm(O) native_dlkm(O) platform_dlkm(O) q6_dlkm(O) adsp_loader_dlkm(O) apr_dlkm(O) snd_event_dlkm(O) q6_notifier_dlkm(O) q6_pdr_dlkm(O) msm_11ad_proxy
01-01 08:15:10.594 0 0 I : CPU: 7 PID: 826 Comm: android.hardwar Tainted: G S W O 4.19.157+ #1
01-01 08:15:10.594 0 0 I Hardware name: Qualcomm Technologies, Inc. kona MTP-RmPM8150b (DT)
01-01 08:15:10.594 0 0 I pstate : 60400085 (nZCv daIf +PAN -UAO)
01-01 08:15:10.594 0 0 I pc : clk_core_disable+0x230/0x270
01-01 08:15:10.594 0 0 I lr : clk_core_disable+0x230/0x270
01-01 08:15:10.594 0 0 I sp : ffffff80144bb970
01-01 08:15:10.594 0 0 I : x29: ffffff80144bb970 x28: ffffffec4928d080
01-01 08:15:10.594 0 0 I : x27: 0000000000000001 x26: 0000000000000068
01-01 08:15:10.594 0 0 I : x25: ffffffac783272a8 x24: ffffffac799511fe
01-01 08:15:10.594 0 0 I : x23: ffffffac79951186 x22: ffffffec84fa3c80
01-01 08:15:10.594 0 0 I : x21: 0000000000000000 x20: ffffffec8c555080
01-01 08:15:10.594 0 0 I : x19: ffffffec8c555080 x18: 0000000000000034
01-01 08:15:10.594 0 0 I : x17: ffffffac7b2f4000 x16: 00000000fffb6798
01-01 08:15:10.594 0 0 I : x15: 00000000000b6798 x14: 00000000000000c2
01-01 08:15:10.594 0 0 I : x13: 0000000000000000 x12: 00000000000000e0
01-01 08:15:10.594 0 0 I : x11: 0000000000000000 x10: 0000000000000001
01-01 08:15:10.594 0 0 I : x9 : f798a4da7d920200 x8 : f798a4da7d920200
01-01 08:15:10.594 0 0 I : x7 : ffffffac77782700 x6 : 0000000000000000
01-01 08:15:10.594 0 0 I : x5 : 0000000000000080 x4 : 0000000000000001
01-01 08:15:10.594 0 0 I : x3 : 0000000000000000 x2 : 0000000000000007
01-01 08:15:10.594 0 0 I : x1 : 0000000000000007 x0 : 0000000000000021
01-01 08:15:10.594 0 0 I Call trace:
01-01 08:15:10.594 0 0 I : clk_core_disable+0x230/0x270
01-01 08:15:10.594 0 0 I : clk_disable+0x34/0x98
01-01 08:15:10.594 0 0 I : cam_soc_util_clk_disable+0x4c/0x68
01-01 08:15:10.594 0 0 I : cam_sensor_util_power_down+0x258/0x4b8
01-01 08:15:10.594 0 0 I : cam_sensor_power_down+0x34/0x130
01-01 08:15:10.594 0 0 I : cam_sensor_driver_cmd+0x35c/0x12e0
01-01 08:15:10.594 0 0 I : cam_sensor_subdev_ioctl+0x3c/0x80
01-01 08:15:10.594 0 0 I : subdev_do_ioctl_lock+0x764/0xbc8
01-01 08:15:10.594 0 0 I : video_usercopy+0x38c/0x850
01-01 08:15:10.594 0 0 I : subdev_ioctl+0x38/0x48
01-01 08:15:10.594 0 0 I : v4l2_ioctl+0x6c/0x80
01-01 08:15:10.594 0 0 I : do_vfs_ioctl+0x748/0x1210
01-01 08:15:10.594 0 0 I : __arm64_sys_ioctl+0x78/0xa0
01-01 08:15:10.594 0 0 I : el0_svc_common+0xa4/0x190
01-01 08:15:10.594 0 0 I : el0_svc_handler+0x6c/0x88
01-01 08:15:10.594 0 0 I : el0_svc+0x8/0xc
01-01 08:15:10.594 0 0 I : irq event stamp: 298056
01-01 08:15:10.594 0 0 I : hardirqs last enabled at (298055): [] kmem_cache_free+0x570/0x990
01-01 08:15:10.594 0 0 I : hardirqs last disabled at (298056): [] clk_enable_lock+0x20/0xc8
01-01 08:15:10.594 0 0 I : softirqs last enabled at (297992): [] __do_softirq+0x50c/0x554
01-01 08:15:10.594 0 0 I : softirqs last disabled at (297955): [] irq_exit+0xfc/0x120
01-01 08:15:10.594 0 0 W : ---[ end trace 5934b3bc9313d1b8 ]---
01-01 08:15:10.594 0 0 W : ------------[ cut here ]------------
01-01 08:15:10.594 0 0 I : cam_cc_mclk0_clk already unprepared
01-01 08:15:10.594 0 0 W : WARNING: CPU: 7 PID: 826 at drivers/clk/clk.c:981 clk_core_unprepare+0x384/0x400
01-01 08:15:10.594 0 0 I : Modules linked in: machine_dlkm(O) wcd938x_slave_dlkm(O) wcd938x_dlkm(O) wcd9xxx_dlkm(O) mbhc_dlkm(O) tx_macro_dlkm(O) rx_macro_dlkm(O) va_macro_dlkm(O) wsa_macro_dlkm(O) swr_ctrl_dlkm(O) bolero_cdc_dlkm(O) wsa881x_dlkm(O) wcd_core_dlkm(O) stub_dlkm(O) hdmi_dlkm(O) swr_dlkm(O) pinctrl_lpi_dlkm(O) pinctrl_wcd_dlkm(O) usf_dlkm(O) native_dlkm(O) platform_dlkm(O) q6_dlkm(O) adsp_loader_dlkm(O) apr_dlkm(O) snd_event_dlkm(O) q6_notifier_dlkm(O) q6_pdr_dlkm(O) msm_11ad_proxy
01-01 08:15:10.595 0 0 I : CPU: 7 PID: 826 Comm: android.hardwar Tainted: G S W O 4.19.157+ #1
01-01 08:15:10.595 0 0 I Hardware name: Qualcomm Technologies, Inc. kona MTP-RmPM8150b (DT)
01-01 08:15:10.595 0 0 I pstate : 60400005 (nZCv daif +PAN -UAO)
01-01 08:15:10.595 0 0 I pc : clk_core_unprepare+0x384/0x400
01-01 08:15:10.595 0 0 I lr : clk_core_unprepare+0x384/0x400
01-01 08:15:10.595 0 0 I sp : ffffff80144bb960
01-01 08:15:10.595 0 0 I : x29: ffffff80144bb960 x28: ffffffec4928d080
01-01 08:15:10.595 0 0 I : x27: 0000000000000001 x26: 0000000000000068
01-01 08:15:10.595 0 0 I : x25: ffffffac783272a8 x24: ffffffac799511fe
01-01 08:15:10.595 0 0 I : x23: ffffffac79951186 x22: ffffffec84fa3c80
01-01 08:15:10.595 0 0 I : x21: ffffffac7bb78000 x20: ffffffac7bb78000
01-01 08:15:10.595 0 0 I : x19: ffffffec8c555080 x18: 0000000000000034
01-01 08:15:10.595 0 0 I : x17: ffffffac7b2f4000 x16: 00000000fffb5b08
01-01 08:15:10.595 0 0 I : x15: 00000000000b5b08 x14: 00000000000000c2
01-01 08:15:10.595 0 0 I : x13: 0000000000000004 x12: 0000000038e45c6a
01-01 08:15:10.595 0 0 I : x11: 0000000000000015 x10: 000000000682aaab
01-01 08:15:10.595 0 0 I : x9 : f798a4da7d920200 x8 : f798a4da7d920200
01-01 08:15:10.595 0 0 I : x7 : ffffffac77782700 x6 : 0000000000000000
01-01 08:15:10.595 0 0 I : x5 : 0000000000000080 x4 : 0000000000000001
01-01 08:15:10.595 0 0 I : x3 : ffffff80144bb588 x2 : 0000000000000007
01-01 08:15:10.595 0 0 I : x1 : ffffffac77782874 x0 : 0000000000000023
01-01 08:15:10.595 0 0 I Call trace:
01-01 08:15:10.595 0 0 I : clk_core_unprepare+0x384/0x400
01-01 08:15:10.595 0 0 I : clk_unprepare+0x88/0x108
01-01 08:15:10.595 0 0 I : cam_soc_util_clk_disable+0x54/0x68
01-01 08:15:10.595 0 0 I : cam_sensor_util_power_down+0x258/0x4b8
01-01 08:15:10.595 0 0 I : cam_sensor_power_down+0x34/0x130
01-01 08:15:10.595 0 0 I : cam_sensor_driver_cmd+0x35c/0x12e0
01-01 08:15:10.595 0 0 I : cam_sensor_subdev_ioctl+0x3c/0x80
01-01 08:15:10.595 0 0 I : subdev_do_ioctl_lock+0x764/0xbc8
01-01 08:15:10.595 0 0 I : video_usercopy+0x38c/0x850
01-01 08:15:10.595 0 0 I : subdev_ioctl+0x38/0x48
01-01 08:15:10.595 0 0 I : v4l2_ioctl+0x6c/0x80
01-01 08:15:10.595 0 0 I : do_vfs_ioctl+0x748/0x1210
01-01 08:15:10.595 0 0 I : __arm64_sys_ioctl+0x78/0xa0
01-01 08:15:10.595 0 0 I : el0_svc_common+0xa4/0x190
01-01 08:15:10.595 0 0 I : el0_svc_handler+0x6c/0x88
01-01 08:15:10.595 0 0 I : el0_svc+0x8/0xc
01-01 08:15:10.595 0 0 I : irq event stamp: 298070
01-01 08:15:10.595 0 0 I : hardirqs last enabled at (298069): [] console_unlock+0x4bc/0x568
01-01 08:15:10.595 0 0 I : hardirqs last disabled at (298070): [] do_debug_exception+0x84/0x150
01-01 08:15:10.595 0 0 I : softirqs last enabled at (297992): [] __do_softirq+0x50c/0x554
01-01 08:15:10.595 0 0 I : softirqs last disabled at (297955): [] irq_exit+0xfc/0x120
01-01 08:15:10.595 0 0 W : ---[ end trace 5934b3bc9313d1b9 ]---
01-01 08:15:10.595 0 0 I qcom,camera ac4f000.qcom,cci: qcom,cam-sensor0: Dropping the link to regulator.77
01-01 08:15:10.597 0 0 I CAM_ERR : CAM-UTIL: cam_soc_util_regulator_disable: 1415 Invalid NULL parameter
01-01 08:15:10.597 0 0 I CAM_ERR : CAM-SENSOR: cam_sensor_util_power_down: 2290 Reg: cam_vio disable failed
01-01 08:15:10.597 0 0 I CAM_ERR : CAM-UTIL: cam_soc_util_regulator_disable: 1415 Invalid NULL parameter
01-01 08:15:10.597 0 0 I CAM_ERR : CAM-SENSOR: cam_sensor_util_power_down: 2290 Reg: cam_vana disable failed
01-01 08:15:10.598 0 0 W : ------------[ cut here ]------------
01-01 08:15:10.598 0 0 I : unbalanced disables for titan_top_gdsc
01-01 08:15:10.598 0 0 W : WARNING: CPU: 7 PID: 826 at drivers/regulator/core.c:2401 _regulator_disable+0x1a0/0x1b0
01-01 08:15:10.598 0 0 I : Modules linked in: machine_dlkm(O) wcd938x_slave_dlkm(O) wcd938x_dlkm(O) wcd9xxx_dlkm(O) mbhc_dlkm(O) tx_macro_dlkm(O) rx_macro_dlkm(O) va_macro_dlkm(O) wsa_macro_dlkm(O) swr_ctrl_dlkm(O) bolero_cdc_dlkm(O) wsa881x_dlkm(O) wcd_core_dlkm(O) stub_dlkm(O) hdmi_dlkm(O) swr_dlkm(O) pinctrl_lpi_dlkm(O) pinctrl_wcd_dlkm(O) usf_dlkm(O) native_dlkm(O) platform_dlkm(O) q6_dlkm(O) adsp_loader_dlkm(O) apr_dlkm(O) snd_event_dlkm(O) q6_notifier_dlkm(O) q6_pdr_dlkm(O) msm_11ad_proxy
01-01 08:15:10.598 0 0 I : CPU: 7 PID: 826 Comm: android.hardwar Tainted: G S W O 4.19.157+ #1
01-01 08:15:10.598 0 0 I Hardware name: Qualcomm Technologies, Inc. kona MTP-RmPM8150b (DT)
01-01 08:15:10.598 0 0 I pstate : 60400005 (nZCv daif +PAN -UAO)
01-01 08:15:10.598 0 0 I pc : _regulator_disable+0x1a0/0x1b0
01-01 08:15:10.598 0 0 I lr : _regulator_disable+0x19c/0x1b0
01-01 08:15:10.598 0 0 I sp : ffffff80144bb3d0
01-01 08:15:10.598 0 0 I : x29: ffffff80144bb3d0 x28: 0000000000000000
01-01 08:15:10.598 0 0 I : x27: 0000007fdffa4110 x26: ffffffec84c8c000
01-01 08:15:10.598 0 0 I : x25: ffffffac783272a8 x24: ffffffec5525a980
01-01 08:15:10.598 0 0 I : x23: ffffffec84c8ed18 x22: ffffffec84c937f0
01-01 08:15:10.598 0 0 I : x21: ffffffec8c4449a8 x20: 00000000fffffffb
01-01 08:15:10.598 0 0 I : x19: ffffffec8c444880 x18: 0000000000000038
01-01 08:15:10.598 0 0 I : x17: ffffffac7b2f4000 x16: 00000000fffb4c40
01-01 08:15:10.598 0 0 I : x15: 00000000000b4c40 x14: 00000000000000c2
01-01 08:15:10.598 0 0 I : x13: 0000000000000004 x12: 0000000038e558e9
01-01 08:15:10.598 0 0 I : x11: 0000000000000015 x10: 000000000682aaab
01-01 08:15:10.598 0 0 I : x9 : f798a4da7d920200 x8 : f798a4da7d920200
01-01 08:15:10.598 0 0 I : x7 : ffffffac77782700 x6 : 0000000000000000
01-01 08:15:10.598 0 0 I : x5 : 0000000000000080 x4 : 0000000000000001
01-01 08:15:10.598 0 0 I : x3 : ffffff80144baff8 x2 : ffffffac77697b48
01-01 08:15:10.598 0 0 I : x1 : ffffffac77782874 x0 : 0000000000000026
01-01 08:15:10.598 0 0 I Call trace:
01-01 08:15:10.598 0 0 I : _regulator_disable+0x1a0/0x1b0
01-01 08:15:10.598 0 0 I : regulator_disable+0x3c/0x88
01-01 08:15:10.598 0 0 I : cam_soc_util_disable_platform_resource+0xb0/0x100
01-01 08:15:10.598 0 0 I : cam_cpas_soc_disable_resources+0x30/0x78
01-01 08:15:10.598 0 0 I : cam_cpas_hw_stop+0x2a0/0x4e0
01-01 08:15:10.598 0 0 I : cam_cpas_stop+0x58/0x110
01-01 08:15:10.598 0 0 I : cam_cci_soc_release+0x110/0x1a0
01-01 08:15:10.598 0 0 I : cam_cci_core_cfg+0x14c/0x15e8
01-01 08:15:10.598 0 0 I : cam_cci_subdev_ioctl+0x50/0xc0
01-01 08:15:10.598 0 0 I : cam_sensor_cci_i2c_util+0x60/0xd0
01-01 08:15:10.598 0 0 I : camera_io_release+0x38/0x88
01-01 08:15:10.598 0 0 I : cam_sensor_power_down+0x64/0x130
01-01 08:15:10.598 0 0 I : cam_sensor_driver_cmd+0x35c/0x12e0
01-01 08:15:10.598 0 0 I : cam_sensor_subdev_ioctl+0x3c/0x80
01-01 08:15:10.598 0 0 I : subdev_do_ioctl_lock+0x764/0xbc8
01-01 08:15:10.598 0 0 I : video_usercopy+0x38c/0x850
01-01 08:15:10.598 0 0 I : subdev_ioctl+0x38/0x48
01-01 08:15:10.598 0 0 I : v4l2_ioctl+0x6c/0x80
01-01 08:15:10.598 0 0 I : do_vfs_ioctl+0x748/0x1210
01-01 08:15:10.598 0 0 I : __arm64_sys_ioctl+0x78/0xa0
01-01 08:15:10.598 0 0 I : el0_svc_common+0xa4/0x190
01-01 08:15:10.598 0 0 I : el0_svc_handler+0x6c/0x88
01-01 08:15:10.598 0 0 I : el0_svc+0x8/0xc
01-01 08:15:10.598 0 0 I : irq event stamp: 298334
01-01 08:15:10.598 0 0 I : hardirqs last enabled at (298333): [] console_unlock+0x4bc/0x568
01-01 08:15:10.598 0 0 I : hardirqs last disabled at (298334): [] do_debug_exception+0x84/0x150
01-01 08:15:10.598 0 0 I : softirqs last enabled at (297992): [] __do_softirq+0x50c/0x554
01-01 08:15:10.598 0 0 I : softirqs last disabled at (297955): [] irq_exit+0xfc/0x120
01-01 08:15:10.598 0 0 W : ---[ end trace 5934b3bc9313d1ba ]---
01-01 08:15:10.606 0 0 E msm-dai-fe soc: qcom,msm-dai-fe: ASoC: no sink widget found for AUXPCM_DL_HL
01-01 08:15:10.614 0 0 E msm-dai-fe soc: qcom,msm-dai-fe: ASoC: Failed to add route AUXPCM_HOSTLESS Playback -> direct -> AUXPCM_DL_HL
01-01 08:15:10.626 0 0 E msm-dai-fe soc: qcom,msm-dai-fe: ASoC: no source widget found for AUXPCM_UL_HL
01-01 08:15:10.632 0 0 I qcom,camera ac4f000.qcom,cci: qcom,cam-sensor0: Linked as a consumer to regulator.55
01-01 08:15:10.634 0 0 E msm-dai-fe soc: qcom,msm-dai-fe: ASoC: Failed to add route AUXPCM_UL_HL -> direct -> AUXPCM_HOSTLESS Capture
01-01 08:15:10.641 0 0 I qcom,camera ac4f000.qcom,cci: qcom,cam-sensor0: Linked as a consumer to regulator.57
01-01 08:15:10.647 0 0 I qcom,camera ac4f000.qcom,cci: qcom,cam-sensor0: Linked as a consumer to regulator.77
01-01 08:15:10.647 0 0 I CAM_ERR : CAM-UTIL: cam_soc_util_regulator_enable: 1459 cam_clk set voltage failed
01-01 08:15:10.647 0 0 I CAM_ERR : CAM-SENSOR: cam_sensor_core_power_up: 1928 Reg enable failed
01-01 08:15:10.647 0 0 I CAM_ERR : CAM-SENSOR: cam_sensor_core_power_up: 2062 failed
01-01 08:15:10.647 0 0 I qcom,camera ac4f000.qcom,cci: qcom,cam-sensor0: Dropping the link to regulator.57
01-01 08:15:10.647 0 0 I CAM_ERR : CAM-SENSOR: cam_sensor_core_power_up: 2131 seq_val:100 > num_vreg: 4
01-01 08:15:10.647 0 0 I qcom,camera ac4f000.qcom,cci: qcom,cam-sensor0: Dropping the link to regulator.55
01-01 08:15:10.652 0 0 E msm-auxpcm-dev soc: qcom,msm-pri-auxpcm: ASoC: no source widget found for AUX_PCM_RX
01-01 08:15:10.654 0 0 I CAM_ERR : CAM-CCI: cam_cci_irq: 238 Base:ffffff80197fd000, M0_Q1 NACK ERROR: 0x10000000
01-01 08:15:10.661 0 0 E msm-auxpcm-dev soc: qcom,msm-pri-auxpcm: ASoC: Failed to add route AUX_PCM_RX -> direct -> AUX PCM Playback
01-01 08:15:10.663 0 0 I CAM_ERR : CAM-CCI: cam_cci_read: 1306 ERROR with Slave 0x20:
01-01 08:15:10.672 0 0 I CAM_ERR : CAM-CCI: cam_cci_read_bytes: 1561 failed to read rc:-22
01-01 08:15:10.672 0 0 I CAM_ERR : CAM-SENSOR: cam_cci_i2c_read: 35 rc = -22
01-01 08:15:10.672 0 0 I CAM_WARN: CAM-SENSOR: cam_sensor_match_id: 769 read id: 0x0 expected id 0x362:
01-01 08:15:10.672 0 0 W : ------------[ cut here ]------------
01-01 08:15:10.672 0 0 I : cam_cc_mclk0_clk already disabled
01-01 08:15:10.672 0 0 W : WARNING: CPU: 6 PID: 826 at drivers/clk/clk.c:1144 clk_core_disable+0x230/0x270
01-01 08:15:10.672 0 0 I : Modules linked in: machine_dlkm(O) wcd938x_slave_dlkm(O) wcd938x_dlkm(O) wcd9xxx_dlkm(O) mbhc_dlkm(O) tx_macro_dlkm(O) rx_macro_dlkm(O) va_macro_dlkm(O) wsa_macro_dlkm(O) swr_ctrl_dlkm(O) bolero_cdc_dlkm(O) wsa881x_dlkm(O) wcd_core_dlkm(O) stub_dlkm(O) hdmi_dlkm(O) swr_dlkm(O) pinctrl_lpi_dlkm(O) pinctrl_wcd_dlkm(O) usf_dlkm(O) native_dlkm(O) platform_dlkm(O) q6_dlkm(O) adsp_loader_dlkm(O) apr_dlkm(O) snd_event_dlkm(O) q6_notifier_dlkm(O) q6_pdr_dlkm(O) msm_11ad_proxy
01-01 08:15:10.672 0 0 I : CPU: 6 PID: 826 Comm: android.hardwar Tainted: G S W O 4.19.157+ #1
01-01 08:15:10.672 0 0 I Hardware name: Qualcomm Technologies, Inc. kona MTP-RmPM8150b (DT)
01-01 08:15:10.672 0 0 I pstate : 60400085 (nZCv daIf +PAN -UAO)
01-01 08:15:10.672 0 0 I pc : clk_core_disable+0x230/0x270
01-01 08:15:10.672 0 0 I lr : clk_core_disable+0x230/0x270
01-01 08:15:10.672 0 0 I sp : ffffff80144bb970
01-01 08:15:10.672 0 0 I : x29: ffffff80144bb970 x28: ffffffec4928a880
01-01 08:15:10.672 0 0 I : x27: 0000000000000000 x26: 0000000000000068
01-01 08:15:10.672 0 0 I : x25: ffffffac783272a8 x24: ffffffac799511fe
01-01 08:15:10.673 0 0 I : x23: ffffffac79951186 x22: ffffffec84fa3c80
01-01 08:15:10.673 0 0 I : x21: 0000000000000000 x20: ffffffec8c555080
01-01 08:15:10.673 0 0 I : x19: ffffffec8c555080 x18: 0000000000000034
01-01 08:15:10.673 0 0 I : x17: ffffffac7b2f4000 x16: 00000000fffb33fc
01-01 08:15:10.673 0 0 I : x15: 00000000000b33fc x14: 00000000000000c2
01-01 08:15:10.673 0 0 I : x13: 0000000000000000 x12: 00000000000000e0
01-01 08:15:10.673 0 0 I : x11: 0000000000000000 x10: 0000000000000000
01-01 08:15:10.673 0 0 I : x9 : f798a4da7d920200 x8 : f798a4da7d920200
01-01 08:15:10.673 0 0 I : x7 : ffffffac77782700 x6 : 0000000000000000
01-01 08:15:10.673 0 0 I : x5 : 0000000000000080 x4 : 0000000000000001
01-01 08:15:10.673 0 0 I : x3 : 0000000000000000 x2 : 0000000000000003
01-01 08:15:10.673 0 0 I : x1 : 0000000000000003 x0 : 0000000000000021
01-01 08:15:10.673 0 0 I Call trace:
01-01 08:15:10.673 0 0 I : clk_core_disable+0x230/0x270
01-01 08:15:10.673 0 0 I : clk_disable+0x34/0x98
01-01 08:15:10.673 0 0 I : cam_soc_util_clk_disable+0x4c/0x68
01-01 08:15:10.673 0 0 I : cam_sensor_util_power_down+0x258/0x4b8
01-01 08:15:10.673 0 0 I : cam_sensor_power_down+0x34/0x130
01-01 08:15:10.673 0 0 I : cam_sensor_driver_cmd+0x35c/0x12e0
01-01 08:15:10.673 0 0 I : cam_sensor_subdev_ioctl+0x3c/0x80
01-01 08:15:10.673 0 0 I : subdev_do_ioctl_lock+0x764/0xbc8
01-01 08:15:10.673 0 0 I : video_usercopy+0x38c/0x850
01-01 08:15:10.673 0 0 I : subdev_ioctl+0x38/0x48
01-01 08:15:10.673 0 0 I : v4l2_ioctl+0x6c/0x80
01-01 08:15:10.673 0 0 I : do_vfs_ioctl+0x748/0x1210
01-01 08:15:10.673 0 0 I : __arm64_sys_ioctl+0x78/0xa0
01-01 08:15:10.673 0 0 I : el0_svc_common+0xa4/0x190
01-01 08:15:10.673 0 0 I : el0_svc_handler+0x6c/0x88
01-01 08:15:10.673 0 0 I : el0_svc+0x8/0xc
01-01 08:15:10.673 0 0 I : irq event stamp: 302228
01-01 08:15:10.673 0 0 I : hardirqs last enabled at (302227): [] console_unlock+0x4bc/0x568
01-01 08:15:10.673 0 0 I : hardirqs last disabled at (302228): [] clk_enable_lock+0x20/0xc8
01-01 08:15:10.673 0 0 I : softirqs last enabled at (302204): [] __do_softirq+0x50c/0x554
01-01 08:15:10.673 0 0 I : softirqs last disabled at (302189): [] irq_exit+0xfc/0x120
01-01 08:15:10.673 0 0 W : ---[ end trace 5934b3bc9313d1bb ]---
01-01 08:15:10.673 0 0 W : ------------[ cut here ]------------
01-01 08:15:10.673 0 0 I : cam_cc_mclk0_clk already unprepared
01-01 08:15:10.673 0 0 W : WARNING: CPU: 6 PID: 826 at drivers/clk/clk.c:981 clk_core_unprepare+0x384/0x400
01-01 08:15:10.673 0 0 I : Modules linked in: machine_dlkm(O) wcd938x_slave_dlkm(O) wcd938x_dlkm(O) wcd9xxx_dlkm(O) mbhc_dlkm(O) tx_macro_dlkm(O) rx_macro_dlkm(O) va_macro_dlkm(O) wsa_macro_dlkm(O) swr_ctrl_dlkm(O) bolero_cdc_dlkm(O) wsa881x_dlkm(O) wcd_core_dlkm(O) stub_dlkm(O) hdmi_dlkm(O) swr_dlkm(O) pinctrl_lpi_dlkm(O) pinctrl_wcd_dlkm(O) usf_dlkm(O) native_dlkm(O) platform_dlkm(O) q6_dlkm(O) adsp_loader_dlkm(O) apr_dlkm(O) snd_event_dlkm(O) q6_notifier_dlkm(O) q6_pdr_dlkm(O) msm_11ad_proxy
01-01 08:15:10.673 0 0 I : CPU: 6 PID: 826 Comm: android.hardwar Tainted: G S W O 4.19.157+ #1
01-01 08:15:10.673 0 0 I Hardware name: Qualcomm Technologies, Inc. kona MTP-RmPM8150b (DT)
01-01 08:15:10.673 0 0 I pstate : 60400005 (nZCv daif +PAN -UAO)
01-01 08:15:10.673 0 0 I pc : clk_core_unprepare+0x384/0x400
01-01 08:15:10.673 0 0 I lr : clk_core_unprepare+0x384/0x400
01-01 08:15:10.673 0 0 I sp : ffffff80144bb960
01-01 08:15:10.673 0 0 I : x29: ffffff80144bb960 x28: ffffffec4928a880
01-01 08:15:10.673 0 0 I : x27: 0000000000000000 x26: 0000000000000068
01-01 08:15:10.673 0 0 I : x25: ffffffac783272a8 x24: ffffffac799511fe
01-01 08:15:10.673 0 0 I : x23: ffffffac79951186 x22: ffffffec84fa3c80
01-01 08:15:10.673 0 0 I : x21: ffffffac7bb78000 x20: ffffffac7bb78000
01-01 08:15:10.673 0 0 I : x19: ffffffec8c555080 x18: 0000000000000034
01-01 08:15:10.673 0 0 I : x17: ffffffac7b2f4000 x16: 00000000fffb276c
01-01 08:15:10.673 0 0 I : x15: 00000000000b276c x14: 00000000000000c2
01-01 08:15:10.673 0 0 I : x13: 0000000000000004 x12: 0000000038fb44bd
01-01 08:15:10.673 0 0 I : x11: 0000000000000015 x10: 000000000682aaab
01-01 08:15:10.673 0 0 I : x9 : f798a4da7d920200 x8 : f798a4da7d920200
01-01 08:15:10.673 0 0 I : x7 : ffffffac77782700 x6 : 0000000000000000
01-01 08:15:10.673 0 0 I : x5 : 0000000000000080 x4 : 0000000000000001
01-01 08:15:10.673 0 0 I : x3 : ffffff80144bb588 x2 : ffffffac77697b48
01-01 08:15:10.673 0 0 I : x1 : ffffffac77782874 x0 : 0000000000000023
01-01 08:15:10.673 0 0 I Call trace:
01-01 08:15:10.673 0 0 I : clk_core_unprepare+0x384/0x400
01-01 08:15:10.673 0 0 I : clk_unprepare+0x88/0x108
01-01 08:15:10.673 0 0 I : cam_soc_util_clk_disable+0x54/0x68
01-01 08:15:10.673 0 0 I : cam_sensor_util_power_down+0x258/0x4b8
01-01 08:15:10.673 0 0 I : cam_sensor_power_down+0x34/0x130
01-01 08:15:10.673 0 0 I : cam_sensor_driver_cmd+0x35c/0x12e0
01-01 08:15:10.673 0 0 I : cam_sensor_subdev_ioctl+0x3c/0x80
01-01 08:15:10.673 0 0 I : subdev_do_ioctl_lock+0x764/0xbc8
01-01 08:15:10.673 0 0 I : video_usercopy+0x38c/0x850
01-01 08:15:10.673 0 0 I : subdev_ioctl+0x38/0x48
01-01 08:15:10.673 0 0 I : v4l2_ioctl+0x6c/0x80
01-01 08:15:10.673 0 0 I : do_vfs_ioctl+0x748/0x1210
01-01 08:15:10.673 0 0 I : __arm64_sys_ioctl+0x78/0xa0
01-01 08:15:10.673 0 0 I : el0_svc_common+0xa4/0x190
01-01 08:15:10.673 0 0 I : el0_svc_handler+0x6c/0x88
01-01 08:15:10.673 0 0 I : el0_svc+0x8/0xc
01-01 08:15:10.673 0 0 I : irq event stamp: 302260
01-01 08:15:10.673 0 0 I : hardirqs last enabled at (302259): [] console_unlock+0x4bc/0x568
01-01 08:15:10.673 0 0 I : hardirqs last disabled at (302260): [] do_debug_exception+0x84/0x150
01-01 08:15:10.673 0 0 I : softirqs last enabled at (302246): [] __do_softirq+0x50c/0x554
01-01 08:15:10.673 0 0 I : softirqs last disabled at (302231): [] irq_exit+0xfc/0x120
01-01 08:15:10.673 0 0 W : ---[ end trace 5934b3bc9313d1bc ]---
01-01 08:15:10.673 0 0 E msm-auxpcm-dev soc: qcom,msm-pri-auxpcm: ASoC: no sink widget found for AUX_PCM_TX
01-01 08:15:10.673 0 0 I qcom,camera ac4f000.qcom,cci: qcom,cam-sensor0: Dropping the link to regulator.77
01-01 08:15:10.682 0 0 E msm-auxpcm-dev soc: qcom,msm-pri-auxpcm: ASoC: Failed to add route AUX PCM Capture -> direct -> AUX_PCM_TX
01-01 08:15:10.682 0 0 E msm-auxpcm-dev soc: qcom,msm-sec-auxpcm: ASoC: no source widget found for SEC_AUX_PCM_RX
01-01 08:15:10.697 0 0 I CAM_ERR : CAM-UTIL: cam_soc_util_regulator_disable: 1415 Invalid NULL parameter
01-01 08:15:10.702 0 0 I CAM_ERR : CAM-SENSOR: cam_sensor_util_power_down: 2290 Reg: cam_vio disable failed
01-01 08:15:10.702 0 0 I CAM_ERR : CAM-UTIL: cam_soc_util_regulator_disable: 1415 Invalid NULL parameter
01-01 08:15:10.702 0 0 I CAM_ERR : CAM-SENSOR: cam_sensor_util_power_down: 2290 Reg: cam_vana disable failed
01-01 08:15:10.702 0 0 E msm-auxpcm-dev soc: qcom,msm-sec-auxpcm: ASoC: Failed to add route SEC_AUX_PCM_RX -> direct -> Sec AUX PCM Playback
01-01 08:15:10.703 0 0 W : ------------[ cut here ]------------
01-01 08:15:10.714 0 0 I : unbalanced disables for titan_top_gdsc
01-01 08:15:10.714 0 0 W : WARNING: CPU: 7 PID: 826 at drivers/regulator/core.c:2401 _regulator_disable+0x1a0/0x1b0
01-01 08:15:10.714 0 0 I : Modules linked in: machine_dlkm(O) wcd938x_slave_dlkm(O) wcd938x_dlkm(O) wcd9xxx_dlkm(O) mbhc_dlkm(O) tx_macro_dlkm(O) rx_macro_dlkm(O) va_macro_dlkm(O) wsa_macro_dlkm(O) swr_ctrl_dlkm(O) bolero_cdc_dlkm(O) wsa881x_dlkm(O) wcd_core_dlkm(O) stub_dlkm(O) hdmi_dlkm(O) swr_dlkm(O) pinctrl_lpi_dlkm(O) pinctrl_wcd_dlkm(O) usf_dlkm(O) native_dlkm(O) platform_dlkm(O) q6_dlkm(O) adsp_loader_dlkm(O) apr_dlkm(O) snd_event_dlkm(O) q6_notifier_dlkm(O) q6_pdr_dlkm(O) msm_11ad_proxy
01-01 08:15:10.714 0 0 I : CPU: 7 PID: 826 Comm: android.hardwar Tainted: G S W O 4.19.157+ #1
01-01 08:15:10.714 0 0 I Hardware name: Qualcomm Technologies, Inc. kona MTP-RmPM8150b (DT)
01-01 08:15:10.714 0 0 I pstate : 60400005 (nZCv daif +PAN -UAO)
01-01 08:15:10.714 0 0 I pc : _regulator_disable+0x1a0/0x1b0
01-01 08:15:10.714 0 0 I lr : _regulator_disable+0x19c/0x1b0
01-01 08:15:10.714 0 0 I sp : ffffff80144bb3d0
01-01 08:15:10.714 0 0 I : x29: ffffff80144bb3d0 x28: 0000000000000000
01-01 08:15:10.714 0 0 I : x27: 0000007fdffa4110 x26: ffffffec84c8c000
01-01 08:15:10.714 0 0 I : x25: ffffffac783272a8 x24: ffffffec5525a980
01-01 08:15:10.714 0 0 I : x23: ffffffec84c8ed18 x22: ffffffec84c937f0
01-01 08:15:10.714 0 0 I : x21: ffffffec8c4449a8 x20: 00000000fffffffb
01-01 08:15:10.714 0 0 I : x19: ffffffec8c444880 x18: 0000000000000038
01-01 08:15:10.714 0 0 I : x17: ffffffac7b2f4000 x16: 00000000fffb15f0
01-01 08:15:10.714 0 0 I : x15: 00000000000b15f0 x14: 00000000000000c2
01-01 08:15:10.714 0 0 I : x13: 0000000000000004 x12: 0000000039076bb4
01-01 08:15:10.714 0 0 I : x11: 0000000000000015 x10: 000000000682aaab
01-01 08:15:10.714 0 0 I : x9 : f798a4da7d920200 x8 : f798a4da7d920200
01-01 08:15:10.714 0 0 I : x7 : ffffffac77782700 x6 : 0000000000000000
01-01 08:15:10.714 0 0 I : x5 : 0000000000000080 x4 : 0000000000000001
01-01 08:15:10.714 0 0 I : x3 : ffffff80144baff8 x2 : ffffffecb8de81b0
01-01 08:15:10.714 0 0 I : x1 : ffffffac77782874 x0 : 0000000000000026
01-01 08:15:10.714 0 0 I Call trace:
01-01 08:15:10.714 0 0 I : _regulator_disable+0x1a0/0x1b0
01-01 08:15:10.714 0 0 I : regulator_disable+0x3c/0x88
01-01 08:15:10.714 0 0 I : cam_soc_util_disable_platform_resource+0xb0/0x100
01-01 08:15:10.714 0 0 I : cam_cpas_soc_disable_resources+0x30/0x78
01-01 08:15:10.714 0 0 I : cam_cpas_hw_stop+0x2a0/0x4e0
01-01 08:15:10.714 0 0 I : cam_cpas_stop+0x58/0x110
01-01 08:15:10.714 0 0 I : cam_cci_soc_release+0x110/0x1a0
01-01 08:15:10.714 0 0 I : cam_cci_core_cfg+0x14c/0x15e8
01-01 08:15:10.714 0 0 I : cam_cci_subdev_ioctl+0x50/0xc0
01-01 08:15:10.714 0 0 I : cam_sensor_cci_i2c_util+0x60/0xd0
01-01 08:15:10.714 0 0 I : camera_io_release+0x38/0x88
01-01 08:15:10.714 0 0 I : cam_sensor_power_down+0x64/0x130
01-01 08:15:10.714 0 0 I : cam_sensor_driver_cmd+0x35c/0x12e0
01-01 08:15:10.714 0 0 I : cam_sensor_subdev_ioctl+0x3c/0x80
01-01 08:15:10.714 0 0 I : subdev_do_ioctl_lock+0x764/0xbc8
01-01 08:15:10.714 0 0 I : video_usercopy+0x38c/0x850
01-01 08:15:10.714 0 0 I : subdev_ioctl+0x38/0x48
01-01 08:15:10.714 0 0 I : v4l2_ioctl+0x6c/0x80
01-01 08:15:10.714 0 0 I : do_vfs_ioctl+0x748/0x1210
01-01 08:15:10.714 0 0 I : __arm64_sys_ioctl+0x78/0xa0
01-01 08:15:10.714 0 0 I : el0_svc_common+0xa4/0x190
01-01 08:15:10.714 0 0 I : el0_svc_handler+0x6c/0x88
01-01 08:15:10.714 0 0 I : el0_svc+0x8/0xc
01-01 08:15:10.714 0 0 I : irq event stamp: 302608
01-01 08:15:10.714 0 0 I : hardirqs last enabled at (302607): [] console_unlock+0x4bc/0x568
01-01 08:15:10.714 0 0 I : hardirqs last disabled at (302608): [] do_debug_exception+0x84/0x150
01-01 08:15:10.714 0 0 I : softirqs last enabled at (302598): [] __do_softirq+0x50c/0x554
01-01 08:15:10.714 0 0 E msm-auxpcm-dev soc: qcom,msm-sec-auxpcm: ASoC: no sink widget found for SEC_AUX_PCM_TX
01-01 08:15:10.714 0 0 I : softirqs last disabled at (302581): [] irq_exit+0xfc/0x120
01-01 08:15:10.714 0 0 W : ---[ end trace 5934b3bc9313d1bd ]---
01-01 08:15:10.724 0 0 E msm-auxpcm-dev soc: qcom,msm-sec-auxpcm: ASoC: Failed to add route Sec AUX PCM Capture -> direct -> SEC_AUX_PCM_TX
01-01 08:15:10.729 0 0 E msm-dcc 1023000.dcc_v2: DCC is not ready Disabling DCC...
01-01 08:15:10.735 0 0 E msm-auxpcm-dev soc: qcom,msm-tert-auxpcm: ASoC: no source widget found for TERT_AUX_PCM_RX
01-01 08:15:10.752 0 0 E msm-auxpcm-dev soc: qcom,msm-tert-auxpcm: ASoC: Failed to add route TERT_AUX_PCM_RX -> direct -> Tert AUX PCM Playback
01-01 08:15:10.759 0 0 I qcom,camera ac4f000.qcom,cci: qcom,cam-sensor4: Linked as a consumer to regulator.55
01-01 08:15:10.764 0 0 E msm-auxpcm-dev soc: qcom,msm-tert-auxpcm: ASoC: no sink widget found for TERT_AUX_PCM_TX
01-01 08:15:10.770 0 0 I qcom,camera ac4f000.qcom,cci: qcom,cam-sensor4: Linked as a consumer to regulator.57
01-01 08:15:10.774 0 0 E msm-auxpcm-dev soc: qcom,msm-tert-auxpcm: ASoC: Failed to add route Tert AUX PCM Capture -> direct -> TERT_AUX_PCM_TX
01-01 08:15:10.774 0 0 E msm-auxpcm-dev soc: qcom,msm-quat-auxpcm: ASoC: no source widget found for QUAT_AUX_PCM_RX
01-01 08:15:10.787 0 0 I qcom,camera ac4f000.qcom,cci: qcom,cam-sensor4: Linked as a consumer to regulator.77
01-01 08:15:10.795 0 0 E msm-auxpcm-dev soc: qcom,msm-quat-auxpcm: ASoC: Failed to add route QUAT_AUX_PCM_RX -> direct -> Quat AUX PCM Playback
01-01 08:15:10.796 0 0 E msm-auxpcm-dev soc: qcom,msm-quat-auxpcm: ASoC: no sink widget found for QUAT_AUX_PCM_TX
01-01 08:15:10.808 0 0 I CAM_ERR : CAM-UTIL: cam_soc_util_regulator_enable: 1459 cam_clk set voltage failed
01-01 08:15:10.817 0 0 E msm-auxpcm-dev soc: qcom,msm-quat-auxpcm: ASoC: Failed to add route Quat AUX PCM Capture -> direct -> QUAT_AUX_PCM_TX
01-01 08:15:10.817 0 0 E msm-auxpcm-dev soc: qcom,msm-quin-auxpcm: ASoC: no source widget found for QUIN_AUX_PCM_RX
01-01 08:15:10.829 0 0 I CAM_ERR : CAM-SENSOR: cam_sensor_core_power_up: 1928 Reg enable failed
01-01 08:15:10.829 0 0 I CAM_ERR : CAM-SENSOR: cam_sensor_core_power_up: 2062 failed
01-01 08:15:10.830 0 0 I qcom,camera ac4f000.qcom,cci: qcom,cam-sensor4: Dropping the link to regulator.57
01-01 08:15:10.839 0 0 E msm-auxpcm-dev soc: qcom,msm-quin-auxpcm: ASoC: Failed to add route QUIN_AUX_PCM_RX -> direct -> Quin AUX PCM Playback
01-01 08:15:10.851 0 0 I CAM_ERR : CAM-SENSOR: cam_sensor_core_power_up: 2131 seq_val:100 > num_vreg: 4
01-01 08:15:10.853 0 0 E msm-auxpcm-dev soc: qcom,msm-quin-auxpcm: ASoC: no sink widget found for QUIN_AUX_PCM_TX
01-01 08:15:10.853 0 0 I qcom,camera ac4f000.qcom,cci: qcom,cam-sensor4: Dropping the link to regulator.55
01-01 08:15:10.862 0 0 E msm-auxpcm-dev soc: qcom,msm-quin-auxpcm: ASoC: Failed to add route Quin AUX PCM Capture -> direct -> QUIN_AUX_PCM_TX
01-01 08:15:10.875 0 0 I CAM_ERR : CAM-CCI: cam_cci_irq: 238 Base:ffffff80197fd000, M0_Q1 NACK ERROR: 0x10000000
01-01 08:15:10.876 0 0 E msm-auxpcm-dev soc: qcom,msm-sen-auxpcm: ASoC: no source widget found for SEN_AUX_PCM_RX
01-01 08:15:10.877 0 0 I CAM_ERR : CAM-CCI: cam_cci_read: 1306 ERROR with Slave 0xc0:
01-01 08:15:10.885 0 0 I CAM_ERR : CAM-CCI: cam_cci_read_bytes: 1561 failed to read rc:-22
01-01 08:15:10.885 0 0 I CAM_ERR : CAM-SENSOR: cam_cci_i2c_read: 35 rc = -22
01-01 08:15:10.885 0 0 I CAM_WARN: CAM-SENSOR: cam_sensor_match_id: 769 read id: 0x0 expected id 0x9281:
01-01 08:15:10.886 0 0 W : ------------[ cut here ]------------
01-01 08:15:10.886 0 0 I : cam_cc_mclk0_clk already disabled
01-01 08:15:10.886 0 0 E msm-auxpcm-dev soc: qcom,msm-sen-auxpcm: ASoC: Failed to add route SEN_AUX_PCM_RX -> direct -> Sen AUX PCM Playback
01-01 08:15:10.886 0 0 W : WARNING: CPU: 2 PID: 826 at drivers/clk/clk.c:1144 clk_core_disable+0x230/0x270
01-01 08:15:10.897 0 0 I : Modules linked in: machine_dlkm(O) wcd938x_slave_dlkm(O) wcd938x_dlkm(O) wcd9xxx_dlkm(O) mbhc_dlkm(O) tx_macro_dlkm(O) rx_macro_dlkm(O) va_macro_dlkm(O) wsa_macro_dlkm(O) swr_ctrl_dlkm(O) bolero_cdc_dlkm(O) wsa881x_dlkm(O) wcd_core_dlkm(O) stub_dlkm(O) hdmi_dlkm(O) swr_dlkm(O) pinctrl_lpi_dlkm(O) pinctrl_wcd_dlkm(O) usf_dlkm(O) native_dlkm(O) platform_dlkm(O) q6_dlkm(O) adsp_loader_dlkm(O) apr_dlkm(O) snd_event_dlkm(O) q6_notifier_dlkm(O) q6_pdr_dlkm(O) msm_11ad_proxy
01-01 08:15:10.897 0 0 I : CPU: 2 PID: 826 Comm: android.hardwar Tainted: G S W O 4.19.157+ #1
01-01 08:15:10.897 0 0 I Hardware name: Qualcomm Technologies, Inc. kona MTP-RmPM8150b (DT)
01-01 08:15:10.897 0 0 I pstate : 60400085 (nZCv daIf +PAN -UAO)
01-01 08:15:10.897 0 0 I pc : clk_core_disable+0x230/0x270
01-01 08:15:10.897 0 0 I lr : clk_core_disable+0x230/0x270
01-01 08:15:10.897 0 0 I sp : ffffff80144bb970
01-01 08:15:10.897 0 0 I : x29: ffffff80144bb970 x28: ffffffec49289e80
01-01 08:15:10.897 0 0 I : x27: 0000000000000000 x26: 0000000000000068
01-01 08:15:10.897 0 0 I : x25: ffffffac783272a8 x24: ffffffac799511fe
01-01 08:15:10.897 0 0 I : x23: ffffffac79951186 x22: ffffffec84fb9980
01-01 08:15:10.897 0 0 I : x21: 0000000000000000 x20: ffffffec8c555080
01-01 08:15:10.897 0 0 I : x19: ffffffec8c555080 x18: 0000000000000034
01-01 08:15:10.897 0 0 I : x17: ffffffac7b2f4000 x16: 00000000fffaf6a8
01-01 08:15:10.897 0 0 I : x15: 00000000000af6a8 x14: 00000000000000c2
01-01 08:15:10.897 0 0 I : x13: 0000000000000000 x12: 00000000000000e0
01-01 08:15:10.897 0 0 I : x11: 0000000000000000 x10: 0000000000000000
01-01 08:15:10.897 0 0 I : x9 : f798a4da7d920200 x8 : f798a4da7d920200
01-01 08:15:10.897 0 0 I : x7 : ffffffac77782700 x6 : 0000000000000000
01-01 08:15:10.897 0 0 I : x5 : 0000000000000080 x4 : 0000000000000001
01-01 08:15:10.897 0 0 I : x3 : 0000000000000000 x2 : 0000000000000003
01-01 08:15:10.898 0 0 I : x1 : 0000000000000003 x0 : 0000000000000021
01-01 08:15:10.898 0 0 I Call trace:
01-01 08:15:10.898 0 0 I : clk_core_disable+0x230/0x270
01-01 08:15:10.898 0 0 I : clk_disable+0x34/0x98
01-01 08:15:10.898 0 0 I : cam_soc_util_clk_disable+0x4c/0x68
01-01 08:15:10.898 0 0 I : cam_sensor_util_power_down+0x258/0x4b8
01-01 08:15:10.898 0 0 I : cam_sensor_power_down+0x34/0x130
01-01 08:15:10.898 0 0 I : cam_sensor_driver_cmd+0x35c/0x12e0
01-01 08:15:10.898 0 0 I : cam_sensor_subdev_ioctl+0x3c/0x80
01-01 08:15:10.898 0 0 I : subdev_do_ioctl_lock+0x764/0xbc8
01-01 08:15:10.898 0 0 E msm-auxpcm-dev soc: qcom,msm-sen-auxpcm: ASoC: no sink widget found for SEN_AUX_PCM_TX
01-01 08:15:10.898 0 0 E msm-auxpcm-dev soc: qcom,msm-sen-auxpcm: ASoC: Failed to add route Sen AUX PCM Capture -> direct -> SEN_AUX_PCM_TX
01-01 08:15:10.898 0 0 W msm-dai-q6-hdmi soc: qcom,msm-dai-q6-dp: DAI driver id is not set
01-01 08:15:10.907 0 0 I : video_usercopy+0x38c/0x850
01-01 08:15:10.907 0 0 I : subdev_ioctl+0x38/0x48
01-01 08:15:10.907 0 0 I : v4l2_ioctl+0x6c/0x80
01-01 08:15:10.907 0 0 I : do_vfs_ioctl+0x748/0x1210
01-01 08:15:10.907 0 0 I : __arm64_sys_ioctl+0x78/0xa0
01-01 08:15:10.907 0 0 I : el0_svc_common+0xa4/0x190
01-01 08:15:10.907 0 0 I : el0_svc_handler+0x6c/0x88
01-01 08:15:09.859 1085 1085 D SystemServerTiming: InitBeforeStartServices took to complete: 925ms
01-01 08:15:09.859 1085 1085 I SystemServerTiming: StartServices
01-01 08:15:09.859 1085 1085 I SystemServerTiming: startBootstrapServices
01-01 08:15:09.859 1085 1085 I SystemServerTiming: StartWatchdog
01-01 08:15:10.919 0 0 I : el0_svc+0x8/0xc
01-01 08:15:10.919 0 0 I : irq event stamp: 306864
01-01 08:15:10.919 0 0 I : hardirqs last enabled at (306863): [] console_unlock+0x4bc/0x568
01-01 08:15:10.919 0 0 I : hardirqs last disabled at (306864): [] clk_enable_lock+0x20/0xc8
01-01 08:15:10.919 0 0 I : softirqs last enabled at (306840): [] __do_softirq+0x50c/0x554
01-01 08:15:10.919 0 0 I : softirqs last disabled at (306833): [] irq_exit+0xfc/0x120
01-01 08:15:10.919 0 0 W : ---[ end trace 5934b3bc9313d1be ]---
01-01 08:15:10.919 0 0 W : ------------[ cut here ]------------
01-01 08:15:10.919 0 0 I : cam_cc_mclk0_clk already unprepared
01-01 08:15:10.919 0 0 W : WARNING: CPU: 6 PID: 826 at drivers/clk/clk.c:981 clk_core_unprepare+0x384/0x400
01-01 08:15:10.919 0 0 I : Modules linked in: machine_dlkm(O) wcd938x_slave_dlkm(O) wcd938x_dlkm(O) wcd9xxx_dlkm(O) mbhc_dlkm(O) tx_macro_dlkm(O) rx_macro_dlkm(O) va_macro_dlkm(O) wsa_macro_dlkm(O) swr_ctrl_dlkm(O) bolero_cdc_dlkm(O) wsa881x_dlkm(O) wcd_core_dlkm(O) stub_dlkm(O) hdmi_dlkm(O) swr_dlkm(O) pinctrl_lpi_dlkm(O) pinctrl_wcd_dlkm(O) usf_dlkm(O) native_dlkm(O) platform_dlkm(O) q6_dlkm(O) adsp_loader_dlkm(O) apr_dlkm(O) snd_event_dlkm(O) q6_notifier_dlkm(O) q6_pdr_dlkm(O) msm_11ad_proxy
01-01 08:15:10.919 0 0 I : CPU: 6 PID: 826 Comm: android.hardwar Tainted: G S W O 4.19.157+ #1
01-01 08:15:10.919 0 0 I Hardware name: Qualcomm Technologies, Inc. kona MTP-RmPM8150b (DT)
01-01 08:15:09.851 1109 1109 I auditd : type=1400 audit(0.0:15): avc: denied { write } for comm="init.qcom.usb.s" name="uvc.0" dev="configfs" ino=47632 scontext=u:r:vendor_qti_init_shell:s0 tcontext=u:object_r:configfs:s0 tclass=dir permissive=0
01-01 08:15:10.919 0 0 I pstate : 60400005 (nZCv daif +PAN -UAO)
01-01 08:15:10.919 0 0 I pc : clk_core_unprepare+0x384/0x400
01-01 08:15:10.919 0 0 I lr : clk_core_unprepare+0x384/0x400
01-01 08:15:10.919 0 0 I sp : ffffff80144bb960
01-01 08:15:10.919 0 0 I : x29: ffffff80144bb960 x28: ffffffec49289e80
01-01 08:15:10.919 0 0 I : x27: 0000000000000000 x26: 0000000000000068
01-01 08:15:10.919 0 0 I : x25: ffffffac783272a8 x24: ffffffac799511fe
01-01 08:15:10.919 0 0 I : x23: ffffffac79951186 x22: ffffffec84fb9980
01-01 08:15:10.919 0 0 I : x21: ffffffac7bb78000 x20: ffffffac7bb78000
01-01 08:15:10.919 0 0 I : x19: ffffffec8c555080 x18: 0000000000000034
01-01 08:15:10.919 0 0 I : x17: ffffffac7b2f4000 x16: 00000000fffae770
01-01 08:15:10.919 0 0 I : x15: 00000000000ae770 x14: 00000000000000c2
01-01 08:15:10.919 0 0 I : x13: 0000000000000004 x12: 0000000039437a2c
01-01 08:15:10.919 0 0 I : x11: 0000000000000015 x10: 000000000682aaab
01-01 08:15:10.919 0 0 I : x9 : f798a4da7d920200 x8 : f798a4da7d920200
01-01 08:15:10.919 0 0 I : x7 : ffffffac77782700 x6 : 0000000000000000
01-01 08:15:10.919 0 0 I : x5 : 0000000000000080 x4 : 0000000000000001
01-01 08:15:10.919 0 0 I : x3 : ffffff80144bb588 x2 : ffffffac77697b48
01-01 08:15:10.919 0 0 I : x1 : ffffffac77782874 x0 : 0000000000000023
01-01 08:15:10.919 0 0 I Call trace:
01-01 08:15:10.919 0 0 I : clk_core_unprepare+0x384/0x400
01-01 08:15:10.919 0 0 I : clk_unprepare+0x88/0x108
01-01 08:15:10.919 0 0 I : cam_soc_util_clk_disable+0x54/0x68
01-01 08:15:10.919 0 0 I : cam_sensor_util_power_down+0x258/0x4b8
01-01 08:15:10.919 0 0 I : cam_sensor_power_down+0x34/0x130
01-01 08:15:10.919 0 0 I : cam_sensor_driver_cmd+0x35c/0x12e0
01-01 08:15:10.919 0 0 I : cam_sensor_subdev_ioctl+0x3c/0x80
01-01 08:15:10.919 0 0 I : subdev_do_ioctl_lock+0x764/0xbc8
01-01 08:15:10.919 0 0 I : video_usercopy+0x38c/0x850
01-01 08:15:10.919 0 0 I : subdev_ioctl+0x38/0x48
01-01 08:15:10.919 0 0 I : v4l2_ioctl+0x6c/0x80
01-01 08:15:10.919 0 0 I : do_vfs_ioctl+0x748/0x1210
01-01 08:15:10.919 0 0 I : __arm64_sys_ioctl+0x78/0xa0
01-01 08:15:10.919 0 0 I : el0_svc_common+0xa4/0x190
01-01 08:15:10.919 0 0 I : el0_svc_handler+0x6c/0x88
01-01 08:15:10.919 0 0 I : el0_svc+0x8/0xc
01-01 08:15:10.919 0 0 I : irq event stamp: 306898
01-01 08:15:10.919 0 0 I : hardirqs last enabled at (306897): [] console_unlock+0x4bc/0x568
01-01 08:15:10.919 0 0 I : hardirqs last disabled at (306898): [] do_debug_exception+0x84/0x150
01-01 08:15:10.919 0 0 I : softirqs last enabled at (306882): [] __do_softirq+0x50c/0x554
01-01 08:15:10.920 0 0 I : softirqs last disabled at (306867): [] irq_exit+0xfc/0x120
01-01 08:15:10.920 0 0 W : ---[ end trace 5934b3bc9313d1bf ]---
01-01 08:15:10.920 0 0 I qcom,camera ac4f000.qcom,cci: qcom,cam-sensor4: Dropping the link to regulator.77
01-01 08:15:09.851 1109 1109 I auditd : type=1400 audit(0.0:16): avc: denied { write } for comm="init.qcom.usb.s" name="uvc.0" dev="configfs" ino=47632 scontext=u:r:vendor_qti_init_shell:s0 tcontext=u:object_r:configfs:s0 tclass=dir permissive=0
01-01 08:15:09.871 1085 1085 D SystemServerTiming: StartWatchdog took to complete: 11ms
01-01 08:15:09.871 1085 1085 I SystemServer: Reading configuration...
01-01 08:15:09.871 1085 1085 I SystemServerTiming: ReadingSystemConfig
01-01 08:15:09.872 1085 1085 D SystemServerTiming: ReadingSystemConfig took to complete: 0ms
01-01 08:15:09.872 1085 1085 I SystemServerTiming: PlatformCompat
01-01 08:15:09.873 1085 1200 I SystemServerTimingAsync: InitThreadPoolExec:ReadingSystemConfig
01-01 08:15:09.873 1085 1200 D SystemServerInitThreadPool: Started executing ReadingSystemConfig
01-01 08:15:09.874 1085 1085 D CompatConfig: Found a config file: /system/etc/compatconfig/calendar-provider-compat-config.xml
01-01 08:15:10.925 0 0 I CAM_ERR : CAM-UTIL: cam_soc_util_regulator_disable: 1415 Invalid NULL parameter
01-01 08:15:10.925 0 0 I CAM_ERR : CAM-SENSOR: cam_sensor_util_power_down: 2290 Reg: cam_vio disable failed
01-01 08:15:10.925 0 0 I CAM_ERR : CAM-UTIL: cam_soc_util_regulator_disable: 1415 Invalid NULL parameter
01-01 08:15:10.925 0 0 I CAM_ERR : CAM-SENSOR: cam_sensor_util_power_down: 2290 Reg: cam_vana disable failed
01-01 08:15:09.876 1085 1085 D CompatConfig: Adding: com.android.server.compat.config.Change@370efbb
01-01 08:15:09.879 1085 1085 D CompatConfig: Found a config file: /system/etc/compatconfig/framework-platform-compat-config.xml
01-01 08:15:09.882 1085 1085 D CompatConfig: Adding: com.android.server.compat.config.Change@7bae831
01-01 08:15:09.883 1085 1200 I SystemConfig: Reading permissions from /system/etc/sysconfig/framework-sysconfig.xml
01-01 08:15:09.883 1085 1085 D CompatConfig: Adding: com.android.server.compat.config.Change@34cc97
01-01 08:15:09.884 1085 1085 D CompatConfig: Adding: com.android.server.compat.config.Change@9b4e84
01-01 08:15:09.886 1085 1085 D CompatConfig: Adding: com.android.server.compat.config.Change@224d66d
01-01 08:15:09.886 1085 1085 D CompatConfig: Adding: com.android.server.compat.config.Change@852b2a2
01-01 08:15:09.887 1085 1085 D CompatConfig: Adding: com.android.server.compat.config.Change@8ef9b33
01-01 08:15:10.933 0 0 W : ------------[ cut here ]------------
01-01 08:15:10.933 0 0 I : unbalanced disables for titan_top_gdsc
01-01 08:15:10.933 0 0 W : WARNING: CPU: 4 PID: 826 at drivers/regulator/core.c:2401 _regulator_disable+0x1a0/0x1b0
01-01 08:15:10.933 0 0 I : Modules linked in: machine_dlkm(O) wcd938x_slave_dlkm(O) wcd938x_dlkm(O) wcd9xxx_dlkm(O) mbhc_dlkm(O) tx_macro_dlkm(O) rx_macro_dlkm(O) va_macro_dlkm(O) wsa_macro_dlkm(O) swr_ctrl_dlkm(O) bolero_cdc_dlkm(O) wsa881x_dlkm(O) wcd_core_dlkm(O) stub_dlkm(O) hdmi_dlkm(O) swr_dlkm(O) pinctrl_lpi_dlkm(O) pinctrl_wcd_dlkm(O) usf_dlkm(O) native_dlkm(O) platform_dlkm(O) q6_dlkm(O) adsp_loader_dlkm(O) apr_dlkm(O) snd_event_dlkm(O) q6_notifier_dlkm(O) q6_pdr_dlkm(O) msm_11ad_proxy
01-01 08:15:10.933 0 0 I : CPU: 4 PID: 826 Comm: android.hardwar Tainted: G S W O 4.19.157+ #1
01-01 08:15:10.933 0 0 I Hardware name: Qualcomm Technologies, Inc. kona MTP-RmPM8150b (DT)
01-01 08:15:10.933 0 0 I pstate : 60400005 (nZCv daif +PAN -UAO)
01-01 08:15:10.933 0 0 I pc : _regulator_disable+0x1a0/0x1b0
01-01 08:15:10.933 0 0 I lr : _regulator_disable+0x19c/0x1b0
01-01 08:15:10.933 0 0 I sp : ffffff80144bb3d0
01-01 08:15:10.933 0 0 I : x29: ffffff80144bb3d0 x28: 0000000000000000
01-01 08:15:10.933 0 0 I : x27: 0000007fdffa4110 x26: ffffffec84c8c000
01-01 08:15:10.933 0 0 I : x25: ffffffac783272a8 x24: ffffffec55258040
01-01 08:15:10.933 0 0 I : x23: ffffffec84c8ed18 x22: ffffffec84c937f0
01-01 08:15:10.933 0 0 I : x21: ffffffec8c4449a8 x20: 00000000fffffffb
01-01 08:15:10.933 0 0 I : x19: ffffffec8c444880 x18: 0000000000000038
01-01 08:15:10.933 0 0 I : x17: ffffffac7b2f4000 x16: 00000000fffad6e0
01-01 08:15:10.933 0 0 I : x15: 00000000000ad6e0 x14: 00000000000000c2
01-01 08:15:10.933 0 0 I : x13: 0000000000000004 x12: 0000000039478a41
01-01 08:15:10.933 0 0 I : x11: 0000000000000015 x10: 000000000682aaab
01-01 08:15:10.933 0 0 I : x9 : f798a4da7d920200 x8 : f798a4da7d920200
01-01 08:15:10.933 0 0 I : x7 : ffffffac77782700 x6 : 0000000000000000
01-01 08:15:10.933 0 0 I : x5 : 0000000000000080 x4 : 0000000000000001
01-01 08:15:10.933 0 0 I : x3 : ffffff80144baff8 x2 : 0000000000000007
01-01 08:15:10.933 0 0 I : x1 : ffffffac77782874 x0 : 0000000000000026
01-01 08:15:10.933 0 0 I Call trace:
01-01 08:15:10.933 0 0 I : _regulator_disable+0x1a0/0x1b0
01-01 08:15:10.933 0 0 I : regulator_disable+0x3c/0x88
01-01 08:15:10.933 0 0 I : cam_soc_util_disable_platform_resource+0xb0/0x100
01-01 08:15:10.933 0 0 I : cam_cpas_soc_disable_resources+0x30/0x78
01-01 08:15:10.933 0 0 I : cam_cpas_hw_stop+0x2a0/0x4e0
01-01 08:15:10.933 0 0 I : cam_cpas_stop+0x58/0x110
01-01 08:15:10.933 0 0 I : cam_cci_soc_release+0x110/0x1a0
01-01 08:15:10.933 0 0 I : cam_cci_core_cfg+0x14c/0x15e8
01-01 08:15:10.933 0 0 I : cam_cci_subdev_ioctl+0x50/0xc0
01-01 08:15:10.933 0 0 I : cam_sensor_cci_i2c_util+0x60/0xd0
01-01 08:15:10.933 0 0 I : camera_io_release+0x38/0x88
01-01 08:15:10.933 0 0 I : cam_sensor_power_down+0x64/0x130
01-01 08:15:10.933 0 0 I : cam_sensor_driver_cmd+0x35c/0x12e0
01-01 08:15:10.933 0 0 I : cam_sensor_subdev_ioctl+0x3c/0x80
01-01 08:15:10.933 0 0 I : subdev_do_ioctl_lock+0x764/0xbc8
01-01 08:15:10.933 0 0 I : video_usercopy+0x38c/0x850
01-01 08:15:10.933 0 0 I : subdev_ioctl+0x38/0x48
01-01 08:15:10.933 0 0 I : v4l2_ioctl+0x6c/0x80
01-01 08:15:10.933 0 0 I : do_vfs_ioctl+0x748/0x1210
01-01 08:15:10.933 0 0 I : __arm64_sys_ioctl+0x78/0xa0
01-01 08:15:10.933 0 0 I : el0_svc_common+0xa4/0x190
01-01 08:15:10.933 0 0 I : el0_svc_handler+0x6c/0x88
01-01 08:15:10.933 0 0 I : el0_svc+0x8/0xc
01-01 08:15:10.933 0 0 I : irq event stamp: 307176
01-01 08:15:10.933 0 0 I : hardirqs last enabled at (307175): [] console_unlock+0x4bc/0x568
01-01 08:15:10.933 0 0 I : hardirqs last disabled at (307176): [] do_debug_exception+0x84/0x150
01-01 08:15:10.933 0 0 I : softirqs last enabled at (306882): [] __do_softirq+0x50c/0x554
01-01 08:15:10.933 0 0 I : softirqs last disabled at (306867): [] irq_exit+0xfc/0x120
01-01 08:15:10.933 0 0 W : ---[ end trace 5934b3bc9313d1c0 ]---
01-01 08:15:09.889 1085 1085 D CompatConfig: Adding: com.android.server.compat.config.Change@bc0cef0
01-01 08:15:09.890 1085 1085 D CompatConfig: Adding: com.android.server.compat.config.Change@dc56c69
01-01 08:15:09.890 1085 1085 D CompatConfig: Adding: com.android.server.compat.config.Change@64d56ee
01-01 08:15:09.891 1085 1200 I SystemConfig: Reading permissions from /system/etc/sysconfig/hiddenapi-package-whitelist.xml
01-01 08:15:09.891 1085 1085 D CompatConfig: Adding: com.android.server.compat.config.Change@e7bea1c
01-01 08:15:09.893 1085 1200 I SystemConfig: Reading permissions from /system/etc/sysconfig/preinstalled-packages-platform-full-base.xml
01-01 08:15:09.894 1085 1085 D CompatConfig: Adding: com.android.server.compat.config.Change@d3bf3fa
01-01 08:15:09.895 1085 1085 D CompatConfig: Adding: com.android.server.compat.config.Change@4393dab
01-01 08:15:09.896 1085 1200 I SystemConfig: Reading permissions from /system/etc/sysconfig/preinstalled-packages-com.android.providers.media.module.xml
01-01 08:15:09.896 1085 1085 D CompatConfig: Adding: com.android.server.compat.config.Change@aa53fa1
01-01 08:15:09.897 1085 1200 I SystemConfig: Reading permissions from /system/etc/sysconfig/qti_whitelist.xml
01-01 08:15:09.900 1085 1200 I SystemConfig: Reading permissions from /system/etc/sysconfig/preinstalled-packages-platform.xml
01-01 08:15:09.903 1085 1200 I SystemConfig: Reading permissions from /system/etc/permissions/android.software.webview.xml
01-01 08:15:09.904 1085 1085 D CompatConfig: Adding: com.android.server.compat.config.Change@1b534dd
01-01 08:15:09.905 1085 1085 D CompatConfig: Adding: com.android.server.compat.config.Change@310852
01-01 08:15:09.906 1085 1085 D CompatConfig: Adding: com.android.server.compat.config.Change@6d5b723
01-01 08:15:09.907 1085 1200 I SystemConfig: Reading permissions from /system/etc/permissions/com.android.networkstack.tethering.xml
01-01 08:15:09.908 1085 1085 D CompatConfig: Adding: com.android.server.compat.config.Change@bd541d9
01-01 08:15:09.909 1085 1085 D CompatConfig: Adding: com.android.server.compat.config.Change@ab3579e
