08-30 00:52:18.633 1894 2581 D Avrcp_ext: AudioManager Player: AudioPlaybackConfiguration piid:399 deviceId:0 type:android.media.SoundPool u/pid:10087/1914 state:idle attr:AudioAttributes: usage=USAGE_ASSISTANCE_SONIFICATION content=CONTENT_TYPE_SONIFICATION flags=0x800 tags= bundle=null sessionId:0
08-30 00:52:18.633 1894 2581 D Avrcp_ext: AudioManager isPlaying: true, mAudioPlaybackIsActive = false
08-30 00:52:18.634 1085 1613 D CompatibilityChangeReporter: Compat change id reported: 135634846; UID 1000; state: DISABLED
08-30 00:52:18.635 1894 2581 V Avrcp_ext: updateCurrentMediaState: mMediaController: null
08-30 00:52:18.635 1894 2581 W Avrcp_ext: isMusicActive: false getBluetoothPlayState: 2 A2dp State: 11 mAudioPlaybackIsActive: true
08-30 00:52:18.635 1894 2581 W Avrcp_ext: updateCurrentMediaState: isPlaying = false
08-30 00:52:18.635 1894 2581 V Avrcp_ext: Media update: id -1âž¡-1? [MediaAttributes: none] : [MediaAttributes: none]
08-30 00:52:18.635 1894 2581 D Avrcp_ext: isPackageNameValid: browsedPackage = isValid = false
08-30 00:52:18.635 1085 1613 D CompatibilityChangeReporter: Compat change id reported: 177438394; UID 1000; state: DISABLED
08-30 00:52:18.635 1894 2581 V Avrcp_ext: updatePlaybackState, state: PlaybackState {state=2, position=-1, buffered position=0, speed=0.0, updated=66443, actions=0, custom actions=[], active item id=-1, error=null} device: null
08-30 00:52:18.635 1894 2581 V Avrcp_ext: Device: no name:
08-30 00:52:18.635 1894 2581 V Avrcp_ext: Device: no name:
08-30 00:52:18.635 1894 2581 V Avrcp_ext: Device: no name:
08-30 00:52:18.635 1894 2581 V Avrcp_ext: Device: no name:
08-30 00:52:18.635 1085 1613 D CompatibilityChangeReporter: Compat change id reported: 135772972; UID 1000; state: DISABLED
08-30 00:52:18.635 1894 2581 V Avrcp_ext: Device: no name:
08-30 00:52:18.636 1894 2581 V Avrcp_ext: updatePlayerStateAndPosition, old=PlaybackState {state=2, position=-1, buffered position=0, speed=0.0, updated=66299, actions=0, custom actions=[], active item id=-1, error=null}, state=PlaybackState {state=2, position=-1, buffered position=0, speed=0.0, updated=66443, actions=0, custom actions=[], active item id=-1, error=null}
08-30 00:52:18.636 1894 2581 V Avrcp_ext: old state = PlaybackState {state=2, position=-1, buffered position=0, speed=0.0, updated=66299, actions=0, custom actions=[], active item id=-1, error=null}, new state= PlaybackState {state=2, position=-1, buffered position=0, speed=0.0, updated=66443, actions=0, custom actions=[], active item id=-1, error=null}
08-30 00:52:18.636 1894 2581 D HeadsetService: getHeadsetService(): returning com.android.bluetooth.hfp.HeadsetService@1fa9427
08-30 00:52:18.636 1894 2581 D HeadsetService: isAudioOn: The number of audio connected devices 0
08-30 00:52:18.636 1894 2581 D HeadsetService: isScoOrCallActive(): Call Active:falseCall is Ringing:falseSCO is Active:false
08-30 00:52:18.636 1894 2581 D HeadsetService: isAudioOn: The number of audio connected devices 0
08-30 00:52:18.636 1894 2581 I Avrcp_ext: updatePlayStatusForDevice: device: null
08-30 00:52:18.636 1085 1613 D CompatibilityChangeReporter: Compat change id reported: 135754954; UID 1000; state: ENABLED
08-30 00:52:18.636 1894 2581 V Avrcp_ext: updatePlaybackState (1): old=PlaybackState {state=2, position=-1, buffered position=0, speed=0.0, updated=66299, actions=0, custom actions=[], active item id=-1, error=null}(2), new=PlaybackState {state=2, position=-1, buffered position=0, speed=0.0, updated=66443, actions=0, custom actions=[], active item id=-1, error=null}(2)
08-30 00:52:18.636 1894 2581 I Avrcp_ext: Exit updatePlayStatusForDevice
08-30 00:52:18.636 1894 2581 D HeadsetService: isAudioOn: The number of audio connected devices 0
08-30 00:52:18.636 1894 2581 D HeadsetService: isScoOrCallActive(): Call Active:falseCall is Ringing:falseSCO is Active:false
08-30 00:52:18.636 1894 2581 D HeadsetService: isAudioOn: The number of audio connected devices 0
08-30 00:52:18.636 1894 2581 I Avrcp_ext: updatePlayStatusForDevice: device: null
08-30 00:52:18.636 1085 1613 W ActivityManager: Slow operation: 140ms so far, now at startProcess: done starting proc!
08-30 00:52:18.636 1894 2581 V Avrcp_ext: updatePlaybackState (1): old=PlaybackState {state=2, position=-1, buffered position=0, speed=0.0, updated=66299, actions=0, custom actions=[], active item id=-1, error=null}(2), new=PlaybackState {state=2, position=-1, buffered position=0, speed=0.0, updated=66443, actions=0, custom actions=[], active item id=-1, error=null}(2)
08-30 00:52:18.637 1894 2581 I Avrcp_ext: Exit updatePlayStatusForDevice
08-30 00:52:18.637 1894 2581 D HeadsetService: isAudioOn: The number of audio connected devices 0
08-30 00:52:18.637 1894 2581 D HeadsetService: isScoOrCallActive(): Call Active:falseCall is Ringing:falseSCO is Active:false
08-30 00:52:18.637 1894 2581 D HeadsetService: isAudioOn: The number of audio connected devices 0
08-30 00:52:18.637 1894 2581 I Avrcp_ext: updatePlayStatusForDevice: device: null
08-30 00:52:18.637 1894 2581 V Avrcp_ext: updatePlaybackState (1): old=PlaybackState {state=2, position=-1, buffered position=0, speed=0.0, updated=66299, actions=0, custom actions=[], active item id=-1, error=null}(2), new=PlaybackState {state=2, position=-1, buffered position=0, speed=0.0, updated=66443, actions=0, custom actions=[], active item id=-1, error=null}(2)
08-30 00:52:18.637 1894 2581 I Avrcp_ext: Exit updatePlayStatusForDevice
08-30 00:52:18.637 1894 2581 D HeadsetService: isAudioOn: The number of audio connected devices 0
08-30 00:52:18.637 1894 2581 D HeadsetService: isScoOrCallActive(): Call Active:falseCall is Ringing:falseSCO is Active:false
08-30 00:52:18.637 1894 2581 D HeadsetService: isAudioOn: The number of audio connected devices 0
08-30 00:52:18.637 1894 2581 I Avrcp_ext: updatePlayStatusForDevice: device: null
08-30 00:52:18.637 1894 2581 V Avrcp_ext: updatePlaybackState (1): old=PlaybackState {state=2, position=-1, buffered position=0, speed=0.0, updated=66299, actions=0, custom actions=[], active item id=-1, error=null}(2), new=PlaybackState {state=2, position=-1, buffered position=0, speed=0.0, updated=66443, actions=0, custom actions=[], active item id=-1, error=null}(2)
08-30 00:52:18.637 1894 2581 I Avrcp_ext: Exit updatePlayStatusForDevice
08-30 00:52:18.637 1894 2581 D HeadsetService: isAudioOn: The number of audio connected devices 0
08-30 00:52:18.637 1894 2581 D HeadsetService: isScoOrCallActive(): Call Active:falseCall is Ringing:falseSCO is Active:false
08-30 00:52:18.637 1894 2581 D HeadsetService: isAudioOn: The number of audio connected devices 0
08-30 00:52:18.637 1894 2581 I Avrcp_ext: updatePlayStatusForDevice: device: null
08-30 00:52:18.637 1894 2581 V Avrcp_ext: updatePlaybackState (1): old=PlaybackState {state=2, position=-1, buffered position=0, speed=0.0, updated=66299, actions=0, custom actions=[], active item id=-1, error=null}(2), new=PlaybackState {state=2, position=-1, buffered position=0, speed=0.0, updated=66443, actions=0, custom actions=[], active item id=-1, error=null}(2)
08-30 00:52:18.637 1894 2581 I Avrcp_ext: Exit updatePlayStatusForDevice
08-30 00:52:18.638 1894 2581 D Avrcp_ext: Enter sendPlayPosNotificationRsp
08-30 00:52:18.638 1894 2581 D Avrcp_ext: sendPlayPosNotificationRsp: Not registered or requesting.
08-30 00:52:18.638 1894 2581 D Avrcp_ext: Enter sendPlayPosNotificationRsp
08-30 00:52:18.638 1894 2581 D Avrcp_ext: sendPlayPosNotificationRsp: Not registered or requesting.
08-30 00:52:18.638 1894 2581 D Avrcp_ext: Enter sendPlayPosNotificationRsp
08-30 00:52:18.638 1894 2581 D Avrcp_ext: sendPlayPosNotificationRsp: Not registered or requesting.
08-30 00:52:18.638 1894 2581 D Avrcp_ext: Enter sendPlayPosNotificationRsp
08-30 00:52:18.638 1894 2581 D Avrcp_ext: sendPlayPosNotificationRsp: Not registered or requesting.
08-30 00:52:18.638 1894 2581 D Avrcp_ext: Enter sendPlayPosNotificationRsp
08-30 00:52:18.638 1894 2581 D Avrcp_ext: sendPlayPosNotificationRsp: Not registered or requesting.
08-30 00:52:18.638 1894 2581 V Avrcp_ext: Exit updatePlayerStateAndPosition
08-30 00:52:18.638 1615 1650 I adbd : jdwp connection from 2790
08-30 00:52:18.640 1085 1212 W ActivityManager: Slow operation: 296ms so far, now at startProcess: done updating battery stats
08-30 00:52:18.640 1085 1212 I am_proc_start: [0,2790,10058,ts.car.uart,added application,ts.car.uart]
08-30 00:52:18.641 1085 1212 W ActivityManager: Slow operation: 297ms so far, now at startProcess: building log message
08-30 00:52:18.641 1085 1212 I ActivityManager: Start proc 2790:ts.car.uart/u0a58 for added application ts.car.uart
08-30 00:52:18.641 1085 1212 W ActivityManager: Slow operation: 297ms so far, now at startProcess: starting to update pids map
08-30 00:52:18.642 1085 1212 W ActivityManager: Slow operation: 297ms so far, now at startProcess: done updating pids map
08-30 00:52:18.642 1085 1212 W ActivityManager: Slow operation: 296ms so far, now at startProcess: asking zygote to start proc
08-30 00:52:18.642 1085 1212 D CompatibilityChangeReporter: Compat change id reported: 143937733; UID 10054; state: ENABLED
08-30 00:52:18.643 1085 1192 W system_server: Long monitor contention with owner Binder:1085_3 (1613) at int com.android.server.am.ActivityManagerService.bindIsolatedService(android.app.IApplicationThread, android.os.IBinder, android.content.Intent, java.lang.String, android.app.IServiceConnection, int, java.lang.String, java.lang.String, int)(ActivityManagerService.java:12115) waiters=2 in int com.android.server.am.UserController$Injector.broadcastIntent(android.content.Intent, java.lang.String, android.content.IIntentReceiver, int, java.lang.String, android.os.Bundle, java.lang.String[], int, android.os.Bundle, boolean, boolean, int, int, int, int, int) for 102ms
08-30 00:52:18.643 1085 1192 I dvm_lock_sample: [system_server,0,android.fg,102,UserController.java,2937,int com.android.server.am.UserController$Injector.broadcastIntent(android.content.Intent, java.lang.String, android.content.IIntentReceiver, int, java.lang.String, android.os.Bundle, java.lang.String[], int, android.os.Bundle, boolean, boolean, int, int, int, int, int),ActivityManagerService.java,12115,int com.android.server.am.ActivityManagerService.bindIsolatedService(android.app.IApplicationThread, android.os.IBinder, android.content.Intent, java.lang.String, android.app.IServiceConnection, int, java.lang.String, java.lang.String, int),20]
08-30 00:52:18.646 1085 1192 W Looper : Slow dispatch took 106ms android.fg h=android.os.Handler c=com.android.server.am.UserController$$ExternalSyntheticLambda9@9f001c9 m=0
08-30 00:52:18.647 1085 1192 I ServiceWatcher: [network] chose new implementation 10085/com.qualcomm.location/.izatprovider.NetworkLocationService@1
08-30 00:52:18.647 1085 1192 W Looper : Slow delivery took 254ms android.fg h=android.os.Handler c=android.app.LoadedApk$ReceiverDispatcher$Args$$ExternalSyntheticLambda0@63230ce m=0
08-30 00:52:18.647 1085 1192 I ServiceWatcher: [fused] chose new implementation 10085/com.qualcomm.location/.izatprovider.FusedLocationService@1
08-30 00:52:18.649 1327 2798 D ReflectedParamUpdater: extent() != 1 for single value type: algo.buffers.max-count.values
08-30 00:52:18.653 1085 1192 D CompatibilityInfo: mCompatibilityFlags - 4
08-30 00:52:18.653 1085 1192 D CompatibilityInfo: applicationDensity - 240
08-30 00:52:18.653 1085 1192 D CompatibilityInfo: applicationScale - 1.0
08-30 00:52:18.654 1327 2798 D ReflectedParamUpdater: extent() != 1 for single value type: output.subscribed-indices.values
01-01 08:15:26.305 0 0 I display_panel_avdd: disabling
08-30 00:52:18.656 1085 1192 W Looper : Drained
08-30 00:52:18.656 1327 2798 D ReflectedParamUpdater: extent() != 1 for single value type: input.buffers.allocator-ids.values
08-30 00:52:18.657 1327 2798 D ReflectedParamUpdater: extent() != 1 for single value type: output.buffers.allocator-ids.values
08-30 00:52:18.657 1085 1192 I ServiceWatcher: [fused] disconnected from 1000/com.android.location.fused/.FusedLocationService@0
08-30 00:52:18.658 1327 2798 D ReflectedParamUpdater: extent() != 1 for single value type: algo.buffers.allocator-ids.values
08-30 00:52:18.659 1327 2798 D ReflectedParamUpdater: extent() != 1 for single value type: output.buffers.pool-ids.values
08-30 00:52:18.660 1327 2798 D ReflectedParamUpdater: extent() != 1 for single value type: algo.buffers.pool-ids.values
08-30 00:52:18.665 1085 1085 W Looper : Slow delivery took 240ms main h=com.android.server.power.Notifier$NotifierHandler c=null m=7
08-30 00:52:18.667 1085 1142 D CompatibilityInfo: mCompatibilityFlags - 4
08-30 00:52:18.667 1085 1142 D CompatibilityInfo: applicationDensity - 240
08-30 00:52:18.667 1085 1142 D CompatibilityInfo: applicationScale - 1.0
01-01 08:15:26.335 0 0 I vdd_tof : disabling
08-30 00:52:18.670 514 2793 W libc : Unable to set property "ctl.interface_start" to "vendor.qti.hardware.iop@2.0::IIop/default": error code: 0x20
08-30 00:52:18.670 514 2793 I hwservicemanager: Tried to start vendor.qti.hardware.iop@2.0::IIop/default as a lazy service, but was unable to. Usually this happens when a service is not installed, but if the service is intended to be used as a lazy service, then it may be configured incorrectly.
08-30 00:52:18.673 1327 2798 I CCodecConfig: query failed after returning 7 values (BAD_INDEX)
08-30 00:52:18.673 1327 2798 D CCodecConfig: c2 config diff is Dict {
08-30 00:52:18.673 1327 2798 D CCodecConfig: c2::u32 coded.bitrate.value = 64000
08-30 00:52:18.673 1327 2798 D CCodecConfig: c2::u32 input.buffers.max-size.value = 32768
08-30 00:52:18.673 1327 2798 D CCodecConfig: c2::u32 input.delay.value = 0
08-30 00:52:18.673 1327 2798 D CCodecConfig: string input.media-type.value = "audio/vorbis"
08-30 00:52:18.673 1327 2798 D CCodecConfig: string output.media-type.value = "audio/raw"
08-30 00:52:18.673 1327 2798 D CCodecConfig: c2::u32 raw.channel-count.value = 1
08-30 00:52:18.673 1327 2798 D CCodecConfig: c2::u32 raw.sample-rate.value = 48000
08-30 00:52:18.673 1327 2798 D CCodecConfig: }
08-30 00:52:18.676 1327 2798 D CCodec : [c2.android.vorbis.decoder] buffers are bound to CCodec for this session
08-30 00:52:18.676 1327 2798 D CCodecConfig: no c2 equivalents for durationUs
08-30 00:52:18.676 1327 2798 D CCodecConfig: no c2 equivalents for csd-1
08-30 00:52:18.676 1327 2798 D CCodecConfig: no c2 equivalents for language
08-30 00:52:18.676 1327 2798 D CCodecConfig: no c2 equivalents for file-format
08-30 00:52:18.676 1327 2798 D CCodecConfig: no c2 equivalents for flags
08-30 00:52:18.677 1327 2798 D CCodecConfig: config failed => CORRUPTED
08-30 00:52:18.677 1327 2798 D CCodecConfig: c2 config diff is c2::u32 coded.bitrate.value = 70000
08-30 00:52:18.678 1327 2798 W Codec2Client: query -- param skipped: index = 1107298332.
08-30 00:52:18.678 1327 2798 D CCodec : setup formats input: AMessage(what = 0x00000000) = {
08-30 00:52:18.678 1327 2798 D CCodec : int32_t bitrate = 70000
08-30 00:52:18.678 1327 2798 D CCodec : int32_t channel-count = 1
08-30 00:52:18.678 1327 2798 D CCodec : int32_t max-input-size = 65307
08-30 00:52:18.678 1327 2798 D CCodec : string mime = "audio/vorbis"
08-30 00:52:18.678 1327 2798 D CCodec : int32_t sample-rate = 48000
08-30 00:52:18.678 1327 2798 D CCodec : }
08-30 00:52:18.679 1327 2798 D CCodec : setup formats output: AMessage(what = 0x00000000) = {
08-30 00:52:18.679 1327 2798 D CCodec : int32_t channel-count = 1
08-30 00:52:18.679 1327 2798 D CCodec : string mime = "audio/raw"
08-30 00:52:18.679 1327 2798 D CCodec : int32_t sample-rate = 48000
08-30 00:52:18.679 1327 2798 D CCodec : int32_t android._config-pcm-encoding = 2
08-30 00:52:18.679 1327 2798 D CCodec : }
08-30 00:52:18.679 1327 2798 I CCodecConfig: query failed after returning 7 values (BAD_INDEX)
08-30 00:52:18.679 1327 2798 I MediaCodec: MediaCodec will operate in async mode
08-30 00:52:18.680 1327 2796 D MediaCodec: keep callback message for reclaim
08-30 00:52:18.683 2777 2777 I qspmsvc-service: IQspmsvc::IQspmsvc()
08-30 00:52:18.685 1085 1706 I am_uid_running: 10099
08-30 00:52:18.686 1085 1706 D CompatibilityChangeReporter: Compat change id reported: 135634846; UID 10099; state: DISABLED
08-30 00:52:18.686 1085 1706 D CompatibilityChangeReporter: Compat change id reported: 177438394; UID 10099; state: DISABLED
08-30 00:52:18.687 1085 1706 D CompatibilityChangeReporter: Compat change id reported: 135772972; UID 10099; state: DISABLED
08-30 00:52:18.687 1085 1706 D CompatibilityChangeReporter: Compat change id reported: 135754954; UID 10099; state: ENABLED
08-30 00:52:18.693 1085 1195 I EventSequenceValidator: Transition from INTENT_STARTED to ACTIVITY_LAUNCHED
08-30 00:52:18.696 1085 1192 D CompatibilityInfo: mCompatibilityFlags - 4
08-30 00:52:18.697 1085 1192 D CompatibilityInfo: applicationDensity - 240
08-30 00:52:18.697 1085 1192 D CompatibilityInfo: applicationScale - 1.0
08-30 00:52:18.699 1085 1085 I dvm_lock_sample: [system_server,0,main,34,ActivityManagerService.java,8669,int com.android.server.am.ActivityManagerService.getMemoryTrimLevel(),-,12115,int com.android.server.am.ActivityManagerService.bindIsolatedService(android.app.IApplicationThread, android.os.IBinder, android.content.Intent, java.lang.String, android.app.IServiceConnection, int, java.lang.String, java.lang.String, int),6]
08-30 00:52:18.699 1085 1085 V NotificationAssistants: 0 notification assistant service connected: ComponentInfo{android.ext.services/android.ext.services.notification.Assistant}
08-30 00:52:18.701 2777 2777 I qspmsvc-service: Qspmsvc service is now ready
08-30 00:52:18.701 1327 2798 W Codec2Client: query -- param skipped: index = 1342179345.
08-30 00:52:18.701 1327 2798 W Codec2Client: query -- param skipped: index = 2415921170.
08-30 00:52:18.702 514 514 I hwservicemanager: Since vendor.qti.hardware.iop@2.0::IIop/default is not registered, trying to start it as a lazy HAL.
08-30 00:52:18.702 1327 2798 D C2Store : Using ION
08-30 00:52:18.705 1327 2798 D CCodecBufferChannel: [c2.android.vorbis.decoder#691] Created input block pool with allocatorID 16 => poolID 17 - OK (0)
08-30 00:52:18.706 2790 2790 D ProcessState: Binder ioctl to enable oneway spam detection failed: Invalid argument
08-30 00:52:18.708 1085 1902 E ANDR-PERF-JNI: UXEngine Trigger - Returning null
08-30 00:52:18.708 1327 2798 I CCodecBufferChannel: [c2.android.vorbis.decoder#691] Created output block pool with allocatorID 16 => poolID 26 - OK
08-30 00:52:18.709 1327 2798 D CCodecBufferChannel: [c2.android.vorbis.decoder#691] Configured output block pool ids 26 => OK
08-30 00:52:18.710 1327 2798 D CCodecBufferChannel: [c2.android.vorbis.decoder#691] start: updating output delay 0
08-30 00:52:18.711 1327 2798 E ion : ioctl c0044901 failed with code -1: Inappropriate ioctl for device
08-30 00:52:18.712 1327 2798 I CCodecBufferChannel: pipelineRoom(3) is <= numClientBuffers(3). Not signalling any more buffers to client
08-30 00:52:18.714 1435 2809 D SimpleC2Component: Using output block pool with poolID 26 => got 26 - 0
08-30 00:52:18.716 1327 2798 I CCodecBufferChannel: pipelineRoom(2) is <= numClientBuffers(2). Not signalling any more buffers to client
08-30 00:52:18.717 1327 2798 I CCodecBufferChannel: pipelineRoom(1) is <= numClientBuffers(1). Not signalling any more buffers to client
08-30 00:52:18.718 1085 1613 I am_proc_bound: [0,2790,ts.car.uart]
08-30 00:52:18.720 1085 1613 D CompatibilityChangeReporter: Compat change id reported: 168419799; UID 10058; state: DISABLED
08-30 00:52:18.720 1085 1613 D CompatibilityInfo: mCompatibilityFlags - 4
08-30 00:52:18.720 1085 1613 D CompatibilityInfo: applicationDensity - 240
08-30 00:52:18.721 1085 1613 D CompatibilityInfo: applicationScale - 1.0
08-30 00:52:18.729 1085 1613 I am_uid_active: 10058
08-30 00:52:18.733 1085 1195 I sysui_multi_action: [757,803,799,window_time_0,802,16]
08-30 00:52:18.742 2790 2790 D CompatibilityChangeReporter: Compat change id reported: 171979766; UID 10058; state: DISABLED
08-30 00:52:18.753 1327 2796 I ExtendedNuUtils: Both src and dst missing for bit-width
08-30 00:52:18.753 1327 2796 I ExtendedNuUtils: Overriding durationUs: with 64 bit src value 1728000
08-30 00:52:18.753 1327 2796 I ExtendedNuUtils: Both src and dst missing for channel-mask
08-30 00:52:18.755 1085 1706 I StorageUserConnection: Bound to the ExternalStorageService for user 0
08-30 00:52:18.761 1914 1914 D MediaRouter: onRestoreRoute() : route=RouteInfo{ name=å¹³æ¿ç”µè„‘, description=null, status=null, category=RouteCategory{ name=系统 types=ROUTE_TYPE_LIVE_AUDIO ROUTE_TYPE_LIVE_VIDEO groupable=false }, supportedTypes=ROUTE_TYPE_LIVE_AUDIO ROUTE_TYPE_LIVE_VIDEO , presentationDisplay=null }
08-30 00:52:18.761 1914 1914 V MediaRouter: Selecting route: RouteInfo{ name=å¹³æ¿ç”µè„‘, description=null, status=null, category=RouteCategory{ name=系统 types=ROUTE_TYPE_LIVE_AUDIO ROUTE_TYPE_LIVE_VIDEO groupable=false }, supportedTypes=ROUTE_TYPE_LIVE_AUDIO ROUTE_TYPE_LIVE_VIDEO , presentationDisplay=null }
08-30 00:52:18.762 2746 2746 I Perf : Connecting to perf service.
08-30 00:52:18.764 820 1834 D audio_hw_primary: adev_get_parameters:vr_audio_mode_on
08-30 00:52:18.766 820 1834 I audio_hw_primary: getting vr mode to 0
08-30 00:52:18.766 820 1834 D audio_hw_primary: adev_get_parameters: exit: returns - vr_audio_mode_on=false
08-30 00:52:18.767 1037 1837 I hash_map_utils: system/bt/osi/src/hash_map_utils.cc:81 hash_map_utils_dump_string_keys_string_values: key: 'vr_audio_mode_on' value: ''
08-30 00:52:18.767 1085 1131 I system_server: Background young concurrent copying GC freed 105101(6302KB) AllocSpace objects, 16(404KB) LOS objects, 24% free, 12MB/16MB, paused 4.824ms,3.931ms total 456.418ms
08-30 00:52:18.772 1085 1847 I BackupManagerService: isBackupEnabled() => false due to absent settings file
08-30 00:52:18.772 1085 1847 D BackupManagerService: user:0 readBackupEnableState enabled:false
08-30 00:52:18.772 1085 1847 I BackupManagerService: [UserID:0] Backup enabled => false
08-30 00:52:18.773 1037 1837 D AudioFlinger: Client defaulted notificationFrames to 12000 for frameCount 24000
08-30 00:52:18.788 1085 1085 W Looper : Drained
08-30 00:52:18.791 1037 1837 D AF::TrackHandle: OpPlayAudio: track:55 usage:5 not muted
08-30 00:52:18.806 2746 2746 V GraphicsEnvironment: ANGLE Developer option for 'com.qualcomm.location' set to: 'default'
08-30 00:52:18.817 2746 2746 V GraphicsEnvironment: ANGLE GameManagerService for com.qualcomm.location: false
08-30 00:52:18.822 2746 2746 D NetworkSecurityConfig: No Network Security Config specified, using platform default
08-30 00:52:18.823 2746 2746 D NetworkSecurityConfig: No Network Security Config specified, using platform default
08-30 00:52:18.823 2790 2790 D nativeloader: classloader namespace configured for unbundled vendor apk. library_path=/vendor/app/TsUartService/lib/arm64:/vendor/lib64
08-30 00:52:18.827 514 514 I hwservicemanager: Since vendor.qti.hardware.iop@2.0::IIop/default is not registered, trying to start it as a lazy HAL.
08-30 00:52:18.828 1355 1355 E ANDR-IOP: IIop:: Iop HAL Service is not available.
08-30 00:52:18.841 1085 1234 W ProcessCpuTracker: Failed to stat(/proc/2773): android.system.ErrnoException: stat failed: ENOENT (No such file or directory)
08-30 00:52:18.842 1085 1234 W ProcessCpuTracker: Skipping unknown process pid 2773
08-30 00:52:18.842 1085 1234 W ProcessCpuTracker: Failed to stat(/proc/2776): android.system.ErrnoException: stat failed: ENOENT (No such file or directory)
08-30 00:52:18.842 1085 1234 W ProcessCpuTracker: Skipping unknown process pid 2776
08-30 00:52:18.845 1085 1234 W ProcessCpuTracker: Failed to stat(/proc/2782): android.system.ErrnoException: stat failed: ENOENT (No such file or directory)
08-30 00:52:18.845 1085 1234 W ProcessCpuTracker: Skipping unknown process pid 2782
08-30 00:52:18.851 1085 1142 D CompatibilityInfo: mCompatibilityFlags - 4
08-30 00:52:18.851 1085 1142 D CompatibilityInfo: applicationDensity - 240
08-30 00:52:18.851 1085 1142 D CompatibilityInfo: applicationScale - 1.0
08-30 00:52:18.852 512 512 I lowmemorykiller: Using psi monitors for memory pressure detection
08-30 00:52:18.853 512 512 I lowmemorykiller: Properties reinitilized
08-30 00:52:18.853 2786 2786 I lowmemorykiller: lmkd updated properties successfully
08-30 00:52:18.854 512 512 I lowmemorykiller: lmkd data connection dropped
08-30 00:52:18.854 512 512 I lowmemorykiller: closing lmkd data connection
08-30 00:52:18.866 1085 1142 D CompatibilityInfo: mCompatibilityFlags - 4
08-30 00:52:18.866 1085 1142 D CompatibilityInfo: applicationDensity - 240
08-30 00:52:18.866 1085 1142 D CompatibilityInfo: applicationScale - 1.0
08-30 00:52:18.872 2746 2746 D IzatProvider: getNetworkProvider
08-30 00:52:18.874 1085 1142 D CompatibilityChangeReporter: Compat change id reported: 168419799; UID 10088; state: DISABLED
08-30 00:52:18.874 1085 1142 D CompatibilityInfo: mCompatibilityFlags - 4
08-30 00:52:18.874 1085 1142 D CompatibilityInfo: applicationDensity - 240
08-30 00:52:18.874 1085 1142 D CompatibilityInfo: applicationScale - 1.0
08-30 00:52:18.877 2467 2467 I QCCAuthMgr: BootReceiver - onReceive
08-30 00:52:18.877 2467 2467 I QCCAuthMgr: android.intent.action.LOCKED_BOOT_COMPLETED intent received
08-30 00:52:18.878 2467 2467 D QCCAuthMgr: SMQContentProvider query uri: content://com.qti.smq.Feedback.provider/smq_settings, selection: key=?, uri_matcher: 1
08-30 00:52:18.878 2467 2467 D QCCAuthMgr: SMQContentProvider query tableName: smq_settings
08-30 00:52:18.879 2467 2467 I QCCAuthMgr: BootReceiver - db is not initial
08-30 00:52:18.881 1085 1142 D CompatibilityChangeReporter: Compat change id reported: 168419799; UID 1000; state: DISABLED
08-30 00:52:18.881 1085 1142 D CompatibilityInfo: mCompatibilityFlags - 4
08-30 00:52:18.881 1085 1142 D CompatibilityInfo: applicationDensity - 240
08-30 00:52:18.882 1085 1142 D CompatibilityInfo: applicationScale - 1.0
08-30 00:52:18.883 2303 2303 I QCC:QDMAEmbargoesList: checkEmbargoesListFile
08-30 00:52:18.892 2790 2790 I Perf : Connecting to perf service.
08-30 00:52:18.900 2303 2303 I QCC:QDMAEmbargoesList: QDMAEmbargoesIsDeviceInRegulatedArea regulated:false
08-30 00:52:18.900 2303 2303 I QCC:OptInOutHandler: getAppStatusOptInOut
08-30 00:52:18.900 684 684 D Zygote : Forked child process 2841
01-01 08:15:26.530 0 0 I binder : 2746:2842 ioctl 40046210 6ce4b16934 returned -22
08-30 00:52:18.901 1085 1212 W ActivityManager: Slow operation: 555ms so far, now at startProcess: returned from zygote!
08-30 00:52:18.902 1085 1212 W ActivityManager: Slow operation: 556ms so far, now at startProcess: done updating battery stats
08-30 00:52:18.902 1085 1212 I am_proc_start: [0,2841,10054,.pasr,added application,.pasr]
08-30 00:52:18.903 1085 1212 W ActivityManager: Slow operation: 557ms so far, now at startProcess: building log message
08-30 00:52:18.903 1085 1212 I ActivityManager: Start proc 2841:.pasr/u0a54 for added application .pasr
08-30 00:52:18.903 1085 1212 W ActivityManager: Slow operation: 557ms so far, now at startProcess: starting to update pids map
08-30 00:52:18.903 2467 2491 D QCCAuthMgr: SMQContentProvider query uri: content://com.qti.smq.Feedback.provider/smq_settings, selection: key=?, uri_matcher: 1
08-30 00:52:18.903 2467 2491 D QCCAuthMgr: SMQContentProvider query tableName: smq_settings
08-30 00:52:18.903 1085 1212 W ActivityManager: Slow operation: 557ms so far, now at startProcess: done updating pids map
08-30 00:52:18.903 1085 1212 W ActivityManager: Slow operation: 554ms so far, now at startProcess: asking zygote to start proc
08-30 00:52:18.903 1085 1212 D CompatibilityChangeReporter: Compat change id reported: 143937733; UID 10080; state: DISABLED
08-30 00:52:18.906 2303 2303 I QCC:OptInOutHandler: getAppStatusOptInOut, ret = false
08-30 00:52:18.906 2303 2303 I QCC:OperationMode: readOpMode operationMode: 1
08-30 00:52:18.907 2303 2303 E QCC:OperationMode: isQDMAUIInstalled - non exist: android.content.pm.PackageManager$NameNotFoundException: com.qualcomm.qti.smq
08-30 00:52:18.907 2303 2303 I QCC:OperationMode: isQDMAUIInstalled : false
08-30 00:52:18.907 2303 2303 I QCC:Collector: calling forceDisableQdmaStatsD
08-30 00:52:18.907 2303 2303 I QCC:Collector: calling forceDisabledAllCollectors
08-30 00:52:18.908 2303 2303 I QCC:Collector: deleteDir: /data/misc/qdma/down/1 already disabled
08-30 00:52:18.911 2405 2405 D CompatibilityChangeReporter: Compat change id reported: 160794467; UID 10079; state: ENABLED
08-30 00:52:18.914 2746 2746 D IzatProvider: getNetworkProvider finish
08-30 00:52:18.914 2746 2746 D IzatProvider_network: location provider loaded
08-30 00:52:18.915 2405 2405 D TouchInteractionService: Touch service destroyed: user=0
08-30 00:52:18.915 1085 1883 W InputManager-JNI: Input channel object 'recents_animation_input_consumer (client)' was disposed without first being removed with the input manager!
08-30 00:52:18.916 1085 1192 I ServiceWatcher: [network] connected to {com.qualcomm.location/com.qualcomm.location.izatprovider.NetworkLocationService}
08-30 00:52:18.917 2746 2746 D IzatProvider: getFusedProvider
08-30 00:52:18.917 2746 2746 D IzatProvider: getFusedProvider finish
08-30 00:52:18.918 1085 1689 I InputDispatcher: Erasing monitor swipe-up (server) on display 0, pid=2405
08-30 00:52:18.920 820 1834 I EffectsFactory: EffectCreate() create_effect
08-30 00:52:18.918 2746 2746 D IzatProvider_fused: location provider loaded
08-30 00:52:18.924 2746 2842 D LocIDLClientBase: try to get LOCAIDL service
08-30 00:52:18.926 820 853 E volume_listener: check_and_set_gain_dep_cal: Failed to set gain dep cal level
08-30 00:52:18.932 1085 1192 I ServiceWatcher: [fused] connected to {com.qualcomm.location/com.qualcomm.location.izatprovider.FusedLocationService}
08-30 00:52:18.934 513 513 E servicemanager: Could not find vendor.qti.gnss.ILocAidlGnss/default in the VINTF manifest.
08-30 00:52:18.935 2746 2842 D LocIDLClientBase: LOCAIDL service not available
08-30 00:52:18.936 2746 2842 D LocIDLClientBase: try to get 4.1 service
08-30 00:52:18.942 2303 2303 I QCC:OmaDMNative: qcc_hidl_update_vendor_dropbox(), path=/data/misc/qdma/down/1 isEnabled=0
08-30 00:52:18.944 985 985 D QCC:qccvndhal: /data/vendor/qdma/down/1 is null
08-30 00:52:18.944 2303 2303 I QCC:OmaDMNative: qcc_hidl_update_vendor_dropbox() res=0
08-30 00:52:18.945 2303 2303 I QCC:Collector: deleteDir: /data/misc/qdma/down/3 already disabled
08-30 00:52:18.947 2790 2790 V GraphicsEnvironment: ANGLE Developer option for 'ts.car.uart' set to: 'default'
08-30 00:52:18.950 2746 2842 D hw-ProcessState: Binder ioctl to enable oneway spam detection failed: Invalid argument
08-30 00:52:18.952 514 514 I hwservicemanager: getTransport: Cannot find entry vendor.qti.gnss@4.1::ILocHidlGnss/gnss_vendor in either framework or device VINTF manifest.
08-30 00:52:18.952 2790 2790 V GraphicsEnvironment: ANGLE GameManagerService for ts.car.uart: false
08-30 00:52:18.955 2790 2790 D NetworkSecurityConfig: No Network Security Config specified, using platform default
08-30 00:52:18.955 2790 2790 D NetworkSecurityConfig: No Network Security Config specified, using platform default
08-30 00:52:18.955 2790 2790 E mpu_uart_fws: onCreate
08-30 00:52:18.955 2790 2790 E mpu_uart_fws: onCreate:try get hal service
08-30 00:52:18.956 2790 2790 I mpu_uart_fws: Try get hal sevice:
08-30 00:52:18.959 2790 2790 D hw-ProcessState: Binder ioctl to enable oneway spam detection failed: Invalid argument
08-30 00:52:18.960 820 1834 E FMQ : grantorIdx must be less than 3
08-30 00:52:18.963 820 1834 E FMQ : grantorIdx must be less than 3
08-30 00:52:18.966 2746 2842 D LocIDLClientBase: NoSuchElementException: java.util.NoSuchElementException
08-30 00:52:18.966 2746 2842 D LocIDLClientBase: try to get 4.0 service
08-30 00:52:18.969 820 2850 D audio_hw_primary: start_output_stream: enter: stream(0xe64821a0)usecase(1: low-latency-playback) devices(0x2) is_haptic_usecase(0)
08-30 00:52:18.971 820 1834 D audio_hw_primary: out_set_parameters: enter: usecase(1: low-latency-playback) kvpairs: suspend_playback=true
08-30 00:52:18.973 514 514 I hwservicemanager: getTransport: Cannot find entry android.hardware.power@1.2::IPower/default in either framework or device VINTF manifest.
08-30 00:52:18.973 2303 2303 I QCC:OmaDMNative: qcc_hidl_update_vendor_dropbox(), path=/data/misc/qdma/down/3 isEnabled=0
08-30 00:52:18.974 820 2850 E audio_hw_primary: Unable to get Power service
08-30 00:52:18.974 820 2850 E audio_hw_extn: audio_extn_perf_lock_acquire: Failed to acquire perf lock, err: -3
08-30 00:52:18.974 985 985 D QCC:qccvndhal: /data/vendor/qdma/down/3 is null
08-30 00:52:18.975 820 2850 D audio_hw_primary: select_devices for use case (low-latency-playback)
08-30 00:52:18.975 820 2850 D audio_hw_primary: select_devices: changing use case low-latency-playback output device from(0: , acdb -1) to (2: speaker, acdb 15)
08-30 00:52:18.975 2303 2303 I QCC:OmaDMNative: qcc_hidl_update_vendor_dropbox() res=0
08-30 00:52:18.975 820 2850 I msm8974_platform: platform_check_and_set_codec_backend_cfg:becf: afe: bitwidth 16, samplerate 48000 channels 2, backend_idx 0 usecase = 1 device (speaker)
08-30 00:52:18.975 820 2850 D msm8974_platform: platform_split_snd_device: snd_device(2) num devices(1) new_snd_devices(0)
08-30 00:52:18.975 820 2850 I msm8974_platform: platform_check_and_set_codec_backend_cfg: new_snd_devices[0] is 2
08-30 00:52:18.975 820 2850 I msm8974_platform: platform_check_codec_backend_cfg:becf: afe: bitwidth 16, samplerate 48000 channels 2, backend_idx 0 usecase = 1 device (speaker)
08-30 00:52:18.975 2303 2303 I QCC:Collector: deleteDir: /data/misc/qdma/down/1500 already disabled
08-30 00:52:18.977 820 2850 D audio_hw_extn: audio_extn_enable_hifi_filter: mixer_value set 0
08-30 00:52:18.977 820 2850 D msm8974_platform: platform_check_codec_backend_cfg:becf: updated afe: bitwidth 16, samplerate 48000 channels 2,backend_idx 0 usecase = 1 device (speaker)
08-30 00:52:18.977 820 2850 D msm8974_platform: platform_check_codec_backend_cfg:becf: afe: playback on codec device not supporting native playback set default Sample Rate(48k)
08-30 00:52:18.977 820 2850 I msm8974_platform: platform_check_codec_backend_cfg:becf: afe: Codec selected backend: 0 updated bit width: 16 and sample rate: 48000
08-30 00:52:18.977 820 2850 D audio_hw_primary: check_usecases_codec_backend:becf: force routing 0
08-30 00:52:18.977 2746 2842 I android_os_HwBinder: HwBinder: Starting thread pool for getting: vendor.qti.gnss@4.0::ILocHidlGnss/gnss_vendor
08-30 00:52:18.977 820 2850 E msm8974_platform: platform_check_backends_match: Invalid snd_device =
08-30 00:52:18.977 820 2850 D audio_hw_primary: check_usecases_codec_backend:becf: (78) check_usecases curr device: speaker, usecase device: backends match 0
08-30 00:52:18.977 820 2850 D audio_hw_primary: check_usecases_codec_backend:becf: check_usecases num.of Usecases to switch 0
08-30 00:52:18.977 820 2850 D hardware_info: hw_info_append_hw_type : device_name = speaker
08-30 00:52:18.977 820 2850 D msm8974_platform: platform_split_snd_device: snd_device(2) num devices(0) new_snd_devices(0)
08-30 00:52:18.977 820 2850 D audio_hw_primary: enable_snd_device: snd_device(2: speaker)
08-30 00:52:18.978 820 2850 D msm8974_platform: platform_get_island_cfg_on_device:island cfg status on snd_device = (speaker 0)
08-30 00:52:18.978 820 2850 I soundtrigger: audio_extn_sound_trigger_update_device_status: device 0x2 of type 0 for Event 1, with Raise=0
08-30 00:52:18.978 820 2850 D audio_route: Apply path: speaker
08-30 00:52:18.978 820 2850 I audio_hw_utils: audio_extn_utils_update_stream_output_app_type_cfg Allowing 24 and above bits playback on speaker ONLY at default sampling rate
08-30 00:52:18.978 820 2850 E soundtrigger: audio_extn_sound_trigger_update_stream_status: invalid input device 0x0, for event 3
08-30 00:52:18.978 820 2850 D soundtrigger: audio_extn_sound_trigger_update_stream_status: uc_info->id 1 of type 0 for Event 3, with Raise=0
08-30 00:52:18.978 820 2850 D audio_hw_utils: audio_extn_utils_send_app_type_cfg: usecase->out_snd_device speaker
08-30 00:52:18.978 820 2850 D msm8974_platform: platform_split_snd_device: snd_device(2) num devices(0) new_snd_devices(0)
08-30 00:52:18.978 2788 2788 I ThermalEngine: devices_manager_init: Init
08-30 00:52:18.979 2788 2788 I ThermalEngine: Number of gpus :1
08-30 00:52:18.979 820 2850 D audio_hw_utils: audio_extn_btsco_get_sample_rate:Not a BT SCO device, need not update sampling rate
08-30 00:52:18.979 820 2850 I audio_hw_utils: send_app_type_cfg_for_device PLAYBACK app_type 69937, acdb_dev_id 15, sample_rate 48000, snd_device_be_idx 179
08-30 00:52:18.979 2788 2788 I ThermalEngine: Number of cpus :8
08-30 00:52:18.980 1894 2581 D Avrcp_ext: AudioManager Player: AudioPlaybackConfiguration piid:391 deviceId:0 type:android.media.SoundPool u/pid:1000/1085 state:idle attr:AudioAttributes: usage=USAGE_ASSISTANCE_SONIFICATION content=CONTENT_TYPE_SONIFICATION flags=0x800 tags= bundle=null sessionId:0
08-30 00:52:18.980 1894 2581 D Avrcp_ext: AudioManager Player: AudioPlaybackConfiguration piid:407 deviceId:3 type:android.media.MediaPlayer u/pid:10087/1914 state:started attr:AudioAttributes: usage=USAGE_NOTIFICATION content=CONTENT_TYPE_SONIFICATION flags=0x800 tags= bundle=null sessionId:0
08-30 00:52:18.980 820 2850 D msm8974_platform: platform_split_snd_device: snd_device(2) num devices(1) new_snd_devices(0)
08-30 00:52:18.980 820 2850 D audio_hw_utils: audio_extn_btsco_get_sample_rate:Not a BT SCO device, need not update sampling rate
08-30 00:52:18.980 820 2850 D ACDB-LOADER: ACDB -> send_audio_cal, acdb_id = 15, path = 0, app id = 0x11131, sample rate = 48000, afe_sample_rate = 48000
08-30 00:52:18.980 820 2850 D ACDB-LOADER: ACDB -> send_asm_topology
08-30 00:52:18.980 820 2850 D ACDB-LOADER: ACDB -> ACDB_CMD_GET_AUDPROC_STREAM_TOPOLOGY_ID
08-30 00:52:18.981 820 2850 D ACDB-LOADER: ACDB -> send_adm_topology
08-30 00:52:18.981 820 2850 D ACDB-LOADER: ACDB -> ACDB_CMD_GET_AUDPROC_COMMON_TOPOLOGY_ID
08-30 00:52:18.981 820 2850 D ACDB-LOADER: ACDB -> send_audtable
08-30 00:52:18.981 820 2850 D ACDB-LOADER: ACDB -> ACDB_CMD_GET_AUDPROC_INSTANCE_COMMON_TABLE_SIZE
08-30 00:52:18.981 820 2850 D ACDB-LOADER: ACDB -> ACDB_CMD_GET_AUDPROC_INSTANCE_COMMON_TABLE
08-30 00:52:18.981 1894 2581 D Avrcp_ext: AudioManager Player in started state: com.android.systemui
08-30 00:52:18.981 1894 2581 D Avrcp_ext: AudioManager Active Player: com.android.systemui
08-30 00:52:18.981 820 2850 D ACDB-LOADER: ACDB -> AUDIO_SET_AUDPROC_CAL cal_type[11] acdb_id[15] app_type[69937]
08-30 00:52:18.981 1894 2581 D Avrcp_ext: AudioManager Player: AudioPlaybackConfiguration piid:399 deviceId:0 type:android.media.SoundPool u/pid:10087/1914 state:idle attr:AudioAttributes: usage=USAGE_ASSISTANCE_SONIFICATION content=CONTENT_TYPE_SONIFICATION flags=0x800 tags= bundle=null sessionId:0
08-30 00:52:18.981 1894 2581 D Avrcp_ext: AudioManager isPlaying: true, mAudioPlaybackIsActive = true
08-30 00:52:18.981 2788 2788 I ThermalEngine: update_cpu_topology: Cluster info node not found/sys/module/msm_thermal/cluster_info
08-30 00:52:18.981 820 2850 D ACDB-LOADER: ACDB -> send_audvoltable
08-30 00:52:18.982 820 2850 D ACDB-LOADER: ACDB -> ACDB_CMD_GET_AUDPROC_INSTANCE_GAIN_DEP_STEP_TABLE_SIZE
08-30 00:52:18.982 820 2850 D ACDB-LOADER: ACDB -> ACDB_CMD_GET_AUDPROC_INSTANCE_GAIN_DEP_STEP_TABLE, vol index 0
08-30 00:52:18.982 820 2850 D ACDB-LOADER: ACDB -> AUDIO_SET_VOL_CAL cal type = 12
08-30 00:52:18.982 820 2850 D ACDB-LOADER: ACDB -> ACDB_CMD_GET_AUDPROC_INSTANCE_STREAM_TABLE_SIZE
08-30 00:52:18.982 820 2850 D ACDB-LOADER: ACDB -> send_audstrmtable
08-30 00:52:18.982 820 2850 D ACDB-LOADER: ACDB -> ACDB_CMD_GET_AUDPROC_INSTANCE_STREAM_TABLE
08-30 00:52:18.982 820 2850 D ACDB-LOADER: ACDB -> audstrm_cal->cal_type.cal_data.cal_size = 20
08-30 00:52:18.982 820 2850 D ACDB-LOADER: ACDB -> send_afe_topology
08-30 00:52:18.982 820 2850 D ACDB-LOADER: ACDB -> ACDB_CMD_GET_AFE_TOPOLOGY_ID
08-30 00:52:18.982 820 2850 D ACDB-LOADER: ACDB -> GET_AFE_TOPOLOGY_ID for adcd_id 15, Topology Id 112fc
08-30 00:52:18.983 820 2850 D ACDB-LOADER: ACDB -> send_afe_cal
08-30 00:52:18.983 820 2850 D ACDB-LOADER: ACDB -> ACDB_CMD_GET_AFE_INSTANCE_COMMON_TABLE_SIZE
08-30 00:52:18.983 820 2850 D android.hardware.audio.service: Failed to fetch the lookup information of the device 0000000F
08-30 00:52:18.983 820 2850 D ACDB-LOADER: Error: ACDB_CMD_GET_AFE_INSTANCE_COMMON_TABLE_SIZE Returned = -19
08-30 00:52:18.983 2790 2790 I android_os_HwBinder: HwBinder: Starting thread pool for getting: vendor.ts.uart@1.0::IUartServer/vendor.ts.uart
08-30 00:52:18.983 820 2850 D ACDB-LOADER: ACDB -> ACDB_CMD_GET_AFE_INSTANCE_COMMON_TABLE
08-30 00:52:18.983 820 2850 D android.hardware.audio.service: Failed to fetch the lookup information of the device 0000000F
08-30 00:52:18.983 820 2850 D ACDB-LOADER: Error: ACDB AFE returned = -19
08-30 00:52:18.983 820 2850 D ACDB-LOADER: ACDB -> AUDIO_SET_AFE_CAL cal_type[16] acdb_id[15]
08-30 00:52:18.983 820 2850 D ACDB-LOADER: ACDB -> send_hw_delay : acdb_id = 15 path = 0
08-30 00:52:18.983 820 2850 D ACDB-LOADER: ACDB -> ACDB_AVSYNC_INFO: ACDB_CMD_GET_DEVICE_PROPERTY
08-30 00:52:18.983 820 2850 D msm8974_platform: platform_split_snd_device: snd_device(2) num devices(0) new_snd_devices(0)
08-30 00:52:18.983 2303 2303 I QCC:OmaDMNative: qcc_hidl_update_vendor_dropbox(), path=/data/misc/qdma/down/1500 isEnabled=0
08-30 00:52:18.984 820 2850 I msm8974_platform: platform_get_custom_mtmx_params: no matching param with id 0 ip_ch 2 op_ch 2 uc_id 1 snd_dev 2
08-30 00:52:18.984 820 2850 D audio_hw_primary: enable_audio_route: apply mixer and update path: low-latency-playback
08-30 00:52:18.984 820 2850 D audio_route: Apply path: low-latency-playback
08-30 00:52:18.984 985 985 D QCC:qccvndhal: /data/vendor/qdma/down/1500 is null
08-30 00:52:18.984 2790 2790 I mpu_uart_fws: hal sevice get success
08-30 00:52:18.984 2303 2303 I QCC:OmaDMNative: qcc_hidl_update_vendor_dropbox() res=0
08-30 00:52:18.984 2303 2303 I QCC:Collector: deleteDir: /data/misc/qdma/down/1504 already disabled
08-30 00:52:18.985 1085 1885 D CompatibilityInfo: mCompatibilityFlags - 4
08-30 00:52:18.985 1085 1885 D CompatibilityInfo: applicationDensity - 240
08-30 00:52:18.985 1085 1885 D CompatibilityInfo: applicationScale - 1.0
08-30 00:52:18.986 820 2850 D audio_hw_primary: select_devices: done
08-30 00:52:18.987 2788 2788 E ThermalEngine: tmd_add_cpufreq_dev_data: Invalid or no boost freqs
08-30 00:52:18.989 2303 2303 I QCC:OmaDMNative: qcc_hidl_update_vendor_dropbox(), path=/data/misc/qdma/down/1504 isEnabled=0
08-30 00:52:18.990 985 985 D QCC:qccvndhal: /data/vendor/qdma/down/1504 is null
08-30 00:52:18.990 2303 2303 I QCC:OmaDMNative: qcc_hidl_update_vendor_dropbox() res=0
08-30 00:52:18.990 2303 2303 I QCC:Collector: deleteDir: /data/misc/qdma/down/6 already disabled
08-30 00:52:18.992 2746 2746 E RilInfoMonitorAidlClient: ILocAidlGnss handle is null
08-30 00:52:18.993 849 849 V LocSvc_HIDL_HidlGnss: [getExtensionLocHidlIzatSubscription_1_1][395] [HS] <<<<= [HC]
08-30 00:52:18.995 849 849 V LocSvc_HIDL_IzatSubscription: [init][171] [HS] <<<<= [HC]
08-30 00:52:18.995 849 849 V LocSvc_HIDL_IzatSubscription: [updateSubscribe][58] [HS] =>>>> [HC]
08-30 00:52:18.996 514 514 I hwservicemanager: Since vendor.qti.hardware.iop@2.0::IIop/default is not registered, trying to start it as a lazy HAL.
08-30 00:52:18.997 2746 2746 D RilInfoMonitor: ILocHidlGnss.getService(), service = vendor.qti.gnss@4.0::ILocHidlGnss@Proxy
08-30 00:52:18.998 1615 1650 I adbd : jdwp connection from 2841
08-30 00:52:18.998 1355 1355 E ANDR-IOP: IIop:: Iop HAL Service is not available.
08-30 00:52:19.000 2746 2839 D OsAgent : [updateSubscribe][2914] [HC] <<= [HS]
08-30 00:52:19.000 849 849 V LocSvc_HIDL_IzatSubscription: [requestData][88] [HS] =>>>> [HC]
08-30 00:52:19.001 2746 2839 D OsAgent : [requestData][2904] [HC] <<= [HS]
08-30 00:52:19.001 849 849 V LocSvc_HIDL_IzatSubscription: [updateSubscribe][58] [HS] =>>>> [HC]
08-30 00:52:19.001 2746 2839 D OsAgent : [updateSubscribe][2914] [HC] <<= [HS]
08-30 00:52:19.002 849 849 V LocSvc_HIDL_HidlGnss: [getExtensionLocHidlRilInfoMonitor][306] [HS] <<<<= [HC]
08-30 00:52:19.003 2303 2303 I QCC:OmaDMNative: qcc_hidl_update_vendor_dropbox(), path=/data/misc/qdma/down/6 isEnabled=0
08-30 00:52:19.003 2746 2746 D RilInfoMonitor: getRilInfoMonitorIface, mRilInfoMonitor=vendor.qti.gnss@1.1::ILocHidlRilInfoMonitor@Proxy
08-30 00:52:19.004 985 985 D QCC:qccvndhal: /data/vendor/qdma/down/6 is null
08-30 00:52:19.003 849 849 V LocSvc_HIDL_RilInfoMonitor: [init][18] [HS] <<<<= [HC]
08-30 00:52:19.004 2746 2746 D RilInfoMonitor: RilInfoMonitorHidlClient hidl init
08-30 00:52:19.006 2303 2303 I QCC:OmaDMNative: qcc_hidl_update_vendor_dropbox() res=0
08-30 00:52:19.007 2303 2303 I QCC:Collector: deleteDir: /data/misc/qdma/down/51 already disabled
08-30 00:52:19.010 2788 2788 E ThermalEngine: tmd_add_cpufreq_dev_data: Invalid or no boost freqs
08-30 00:52:19.014 2405 2846 I AdrenoGLES-0: QUALCOMM build : 47421dbee6, I139f36ad46
08-30 00:52:19.014 2405 2846 I AdrenoGLES-0: Build Date : 02/18/22
08-30 00:52:19.014 2405 2846 I AdrenoGLES-0: OpenGL ES Shader Compiler Version: EV031.32.02.17
08-30 00:52:19.014 2405 2846 I AdrenoGLES-0: Local Branch :
08-30 00:52:19.014 2405 2846 I AdrenoGLES-0: Remote Branch :
08-30 00:52:19.014 2405 2846 I AdrenoGLES-0: Remote Branch :
08-30 00:52:19.014 2405 2846 I AdrenoGLES-0: Reconstruct Branch :
08-30 00:52:19.014 2405 2846 I AdrenoGLES-0: Build Config : S P 10.0.7 AArch64
08-30 00:52:19.014 2405 2846 I AdrenoGLES-0: Driver Path : /vendor/lib64/egl/libGLESv2_adreno.so
08-30 00:52:19.022 514 2824 W libc : Unable to set property "ctl.interface_start" to "vendor.qti.hardware.iop@2.0::IIop/default": error code: 0x20
08-30 00:52:19.023 514 2824 I hwservicemanager: Tried to start vendor.qti.hardware.iop@2.0::IIop/default as a lazy service, but was unable to. Usually this happens when a service is not installed, but if the service is intended to be used as a lazy service, then it may be configured incorrectly.
08-30 00:52:19.034 1085 1847 W system_server: Long monitor contention with owner backup-0 (2781) at void com.android.server.backup.UserBackupManagerService.dataChangedImpl(java.lang.String, java.util.HashSet)(UserBackupManagerService.java:2685) waiters=0 in void com.android.server.backup.UserBackupManagerService.updateStateOnBackupEnabled(boolean, boolean) for 262ms
08-30 00:52:19.035 1085 1847 I dvm_lock_sample: [system_server,0,backup,262,UserBackupManagerService.java,3369,void com.android.server.backup.UserBackupManagerService.updateStateOnBackupEnabled(boolean, boolean),-,2685,void com.android.server.backup.UserBackupManagerService.dataChangedImpl(java.lang.String, java.util.HashSet),52]
08-30 00:52:19.036 2303 2303 I QCC:OmaDMNative: qcc_hidl_update_vendor_dropbox(), path=/data/misc/qdma/down/51 isEnabled=0
08-30 00:52:19.036 985 985 D QCC:qccvndhal: /data/vendor/qdma/down/51 is null
08-30 00:52:19.036 514 514 I hwservicemanager: getTransport: Cannot find entry android.hardware.graphics.mapper@4.0::IMapper/default in either framework or device VINTF manifest.
08-30 00:52:19.037 2841 2841 D ProcessState: Binder ioctl to enable oneway spam detection failed: Invalid argument
08-30 00:52:19.038 2303 2303 I QCC:OmaDMNative: qcc_hidl_update_vendor_dropbox() res=0
08-30 00:52:19.038 2303 2303 I QCC:Collector: deleteDir: /data/misc/qdma/down/102 already disabled
08-30 00:52:19.039 2303 2303 I QCC:Collector: deleteDir: /data/misc/qdma/down/104 already disabled
08-30 00:52:19.039 2303 2303 I QCC:Collector: deleteDir: /data/misc/qdma/down/1501 already disabled
08-30 00:52:19.047 2303 2303 I QCC:OmaDMNative: qcc_hidl_update_vendor_dropbox(), path=/data/misc/qdma/down/1501 isEnabled=0
08-30 00:52:19.048 985 985 D QCC:qccvndhal: /data/vendor/qdma/down/1501 is null
08-30 00:52:19.049 2303 2303 I QCC:OmaDMNative: qcc_hidl_update_vendor_dropbox() res=0
08-30 00:52:19.049 2303 2303 I QCC:Collector: deleteDir: /data/misc/qdma/down/1502 already disabled
08-30 00:52:19.055 2303 2303 I QCC:OmaDMNative: qcc_hidl_update_vendor_dropbox(), path=/data/misc/qdma/down/1502 isEnabled=0
08-30 00:52:19.056 985 985 D QCC:qccvndhal: /data/vendor/qdma/down/1502 is null
08-30 00:52:19.056 2303 2303 I QCC:OmaDMNative: qcc_hidl_update_vendor_dropbox() res=0
08-30 00:52:19.057 2303 2303 I QCC:Collector: deleteDir: /data/misc/qdma/down/1503 already disabled
08-30 00:52:19.064 2303 2303 I QCC:OmaDMNative: qcc_hidl_update_vendor_dropbox(), path=/data/misc/qdma/down/1503 isEnabled=0
08-30 00:52:19.065 985 985 D QCC:qccvndhal: /data/vendor/qdma/down/1503 is null
08-30 00:52:19.066 2788 2860 I ThermalEngine: ADSP thermal mitigation available.
08-30 00:52:19.066 2303 2303 I QCC:OmaDMNative: qcc_hidl_update_vendor_dropbox() res=0
08-30 00:52:19.066 2788 2860 I ThermalEngine: Mitigation:vdd_restriction[ADSP]:0 pending QMI request succeded
08-30 00:52:19.067 2303 2303 I QCC:OperationMode: bQDMAUIEnabled : false
08-30 00:52:19.078 820 2850 D msm8974_platform: platform_set_channel_map mixer_ctl_name:Playback Channel Map9
08-30 00:52:19.079 820 2850 D msm8974_platform: platform_set_channel_map: set mapping(1 2 0 0 0 0 0 0) for channel:2
08-30 00:52:19.080 820 2850 E audio_hw_extn: audio_extn_perf_lock_release: Perf lock release error
08-30 00:52:19.080 820 2850 D audio_hw_primary: start_output_stream: exit
08-30 00:52:19.080 820 2850 D audio_hw_primary: out_write: retry previous failed cal level set
08-30 00:52:19.080 820 2850 D msm8974_platform: platform_split_snd_device: snd_device(2) num devices(1) new_snd_devices(0)
08-30 00:52:19.080 820 2850 D ACDB-LOADER: ACDB -> send_audvoltable
08-30 00:52:19.081 820 2850 D ACDB-LOADER: ACDB -> ACDB_CMD_GET_AUDPROC_INSTANCE_GAIN_DEP_STEP_TABLE_SIZE
