08-30 00:52:15.761 1894 1894 D a2dp_sbc: A2dpCodecConfigSbc
08-30 00:52:15.761 1894 1894 D a2dp_sbc: init: SBC enabled in HW mode
08-30 00:52:15.761 1894 1894 I a2dp_codec: init: updated SBC codec priority to 1001
08-30 00:52:15.761 1894 1894 D a2dp_codec: createCodec: codec AAC
08-30 00:52:15.761 1894 1894 D a2dp_codec: setCodecPriority: codec_priority_: 2001
08-30 00:52:15.762 1914 2598 D CCodecConfig: config failed => CORRUPTED
08-30 00:52:15.762 1914 2598 D CCodecConfig: c2 config diff is c2::u32 coded.bitrate.value = 160000
08-30 00:52:15.762 1914 2598 D CCodecConfig: c2::u32 raw.channel-count.value = 2
08-30 00:52:15.763 1914 2598 W Codec2Client: query -- param skipped: index = 1107298332.
08-30 00:52:15.763 1914 2598 D CCodec : setup formats input: AMessage(what = 0x00000000) = {
08-30 00:52:15.763 1914 2598 D CCodec : int32_t bitrate = 160000
08-30 00:52:15.763 1914 2598 D CCodec : int32_t channel-count = 2
08-30 00:52:15.763 1914 2598 D CCodec : int32_t max-input-size = 65307
08-30 00:52:15.763 1914 2598 D CCodec : string mime = "audio/vorbis"
08-30 00:52:15.763 1914 2598 D CCodec : int32_t sample-rate = 48000
08-30 00:52:15.763 1914 2598 D CCodec : }
08-30 00:52:15.763 1914 2598 D CCodec : setup formats output: AMessage(what = 0x00000000) = {
08-30 00:52:15.763 1914 2598 D CCodec : int32_t channel-count = 2
08-30 00:52:15.763 1914 2598 D CCodec : string mime = "audio/raw"
08-30 00:52:15.763 1914 2598 D CCodec : int32_t sample-rate = 48000
08-30 00:52:15.763 1914 2598 D CCodec : int32_t android._config-pcm-encoding = 2
08-30 00:52:15.763 1914 2598 D CCodec : }
08-30 00:52:15.763 1914 2598 I CCodecConfig: query failed after returning 7 values (BAD_INDEX)
08-30 00:52:15.761 1894 1894 D a2dp_codec: A2dpCodecConfig: init all codec caps info
08-30 00:52:15.765 1894 1894 D a2dp_aac: A2dpCodecConfigAac: AAC VBR is enabled for this target
08-30 00:52:15.765 1894 1894 D a2dp_aac: init: AAC enabled in HW mode
08-30 00:52:15.765 1894 1894 I a2dp_codec: init: updated AAC codec priority to 2001
08-30 00:52:15.765 1894 1894 D a2dp_codec: createCodec: codec aptX
08-30 00:52:15.765 1894 1894 D a2dp_codec: setCodecPriority: codec_priority_: 4001
08-30 00:52:15.765 1894 1894 D a2dp_codec: A2dpCodecConfig: init all codec caps info
08-30 00:52:15.765 1894 1894 D a2dp_vendor_aptx: init: APTX enabled in HW mode
08-30 00:52:15.765 1894 1894 I a2dp_codec: init: updated aptX codec priority to 4001
08-30 00:52:15.765 1894 1894 D a2dp_codec: createCodec: codec aptX-HD
08-30 00:52:15.765 1894 1894 D a2dp_codec: setCodecPriority: codec_priority_: 5001
08-30 00:52:15.765 1894 1894 D a2dp_codec: A2dpCodecConfig: init all codec caps info
08-30 00:52:15.765 1894 1894 D a2dp_vendor_aptx_hd: init: APTX-HD enabled in HW mode
08-30 00:52:15.765 1894 1894 I a2dp_codec: init: updated aptX-HD codec priority to 5001
08-30 00:52:15.765 1894 1894 D a2dp_codec: createCodec: codec LDAC
08-30 00:52:15.765 1894 1894 D a2dp_codec: setCodecPriority: codec_priority_: 3001
08-30 00:52:15.765 1894 1894 D a2dp_codec: A2dpCodecConfig: init all codec caps info
08-30 00:52:15.765 1894 1894 D a2dp_vendor_ldac: init: LDAC enabled in HW mode
08-30 00:52:15.765 1894 1894 I a2dp_codec: init: updated LDAC codec priority to 3001
08-30 00:52:15.765 1894 1894 D a2dp_codec: createCodec: codec aptX-adaptive
08-30 00:52:15.765 1894 1894 D a2dp_codec: setCodecPriority: codec_priority_: 8001
08-30 00:52:15.765 1894 1894 D a2dp_codec: A2dpCodecConfig: init all codec caps info
08-30 00:52:15.766 1894 1894 D a2dp_vendor_aptx_adaptive: init: APTX-Adaptive enabled in HW mode
08-30 00:52:15.766 1894 1894 I a2dp_codec: init: updated aptX-adaptive codec priority to 8001
08-30 00:52:15.766 1894 1894 D a2dp_codec: createCodec: codec aptX-TWS
08-30 00:52:15.766 1914 2598 W Codec2Client: query -- param skipped: index = 1342179345.
08-30 00:52:15.766 1894 1894 D a2dp_codec: setCodecPriority: codec_priority_: 7001
08-30 00:52:15.766 1894 1894 D a2dp_codec: A2dpCodecConfig: init all codec caps info
08-30 00:52:15.766 1914 2598 W Codec2Client: query -- param skipped: index = 2415921170.
08-30 00:52:15.766 1894 1894 E a2dp_vendor_aptx_tws: init: APTX-Tws enabled in HW mode
08-30 00:52:15.766 1894 1894 I a2dp_codec: init: updated aptX-TWS codec priority to 7001
08-30 00:52:15.766 1894 1894 D a2dp_codec: createCodec: codec SBC SINK
08-30 00:52:15.766 1894 1894 D a2dp_codec: setDefaultCodecPriority: default_codec_priority_: 0
08-30 00:52:15.766 1894 1894 D a2dp_codec: setDefaultCodecPriority: Compute the default codec priority
08-30 00:52:15.766 1894 1894 D a2dp_codec: setDefaultCodecPriority: codec_priority_: 8001
08-30 00:52:15.766 1894 1894 D a2dp_codec: setCodecPriority: codec_priority_: 8001
08-30 00:52:15.766 1894 1894 D a2dp_codec: A2dpCodecConfig: init all codec caps info
08-30 00:52:15.766 1894 1894 D a2dp_codec: createCodec: codec UNKNOWN CODEC INDEX
08-30 00:52:15.766 1894 1894 D a2dp_codec: createCodec: codec UNKNOWN CODEC INDEX
08-30 00:52:15.766 1894 1894 I a2dp_codec: init: initialized Source codec aptX-adaptive
08-30 00:52:15.766 1894 1894 I a2dp_codec: init: initialized Source codec aptX-TWS
08-30 00:52:15.766 1894 1894 I a2dp_codec: init: initialized Source codec aptX-HD
08-30 00:52:15.766 1894 1894 I a2dp_codec: init: initialized Source codec aptX
08-30 00:52:15.766 1894 1894 I a2dp_codec: init: initialized Source codec LDAC
08-30 00:52:15.766 1894 1894 I a2dp_codec: init: initialized Source codec AAC
08-30 00:52:15.766 1894 1894 I a2dp_codec: init: initialized Source codec SBC
08-30 00:52:15.766 1894 1894 I a2dp_codec: init: initialized Sink codec SBC(Sink)
08-30 00:52:15.766 1894 1894 E bt_btif : btif_sm_get_state : Invalid handle
08-30 00:52:15.766 1894 1894 E bt_btif : btif_media_send_reset_vendor_state:
08-30 00:52:15.767 1894 1894 I btif_av : isBATEnabled: 0
08-30 00:52:15.767 1894 1894 E bt_btif : bta_av_co_get_active_peer: peer index out of bounds: 5
08-30 00:52:15.767 1894 1894 E bt_btif : btif_av_is_split_a2dp_enabled: No active peer codec config found, by default splitmode
08-30 00:52:15.767 1894 1894 E bt_btif : btif_media_send_reset_vendor_state:
08-30 00:52:15.767 1894 2594 D bt_btif_a2dp_source: btif_a2dp_source_command_ready: event: 7 BTIF_MEDIA_RESET_VS_STATE
08-30 00:52:15.767 1894 2594 D bt_btif_a2dp_source: btif_a2dp_source_command_ready: event: 2 BTIF_MEDIA_AUDIO_TX_STOP
08-30 00:52:15.767 1894 2594 E bt_stack: [ERROR:a2dp_encoding.cc(2718)] read: BluetoothAudio HAL is not enabled
08-30 00:52:15.767 1894 1894 D A2dpService: A2DP offload flag set to true
08-30 00:52:15.767 1894 2131 E bt_btif : btif_a2dp_source_startup: A2DP Source media task already running
08-30 00:52:15.767 1894 2131 D bt_btif : btif_av_state_idle_handler: event:UNKNOWN_EVENT flags: 0 on index: 0, codec_cfg_change: 0
08-30 00:52:15.767 1894 2131 W bt_btif : btif_av_state_idle_handler: unhandled event=UNKNOWN_EVENT
08-30 00:52:15.767 1894 2131 E bt_btif : BTA_AvEnable:
08-30 00:52:15.767 1894 2594 E bt_btif : Invalid cmd pending for ack
08-30 00:52:15.768 1894 2535 W bt_btif : bta_av_api_enable
08-30 00:52:15.768 1894 2535 W bt_l2cap: L2CAP - L2CA_Register() called for PSM: 0x0019
08-30 00:52:15.768 1894 2594 D bt_btif_a2dp_source: btif_a2dp_source_command_ready: event: 7 BTIF_MEDIA_RESET_VS_STATE
08-30 00:52:15.768 1894 2535 W bt_l2cap: L2CAP - L2CA_Register() called for PSM: 0x0017
08-30 00:52:15.768 1894 2535 W bt_l2cap: L2CAP - L2CA_Register() called for PSM: 0x001b
08-30 00:52:15.768 1894 2131 I bt_btif_storage: btif_storage_get_adapter_property service_mask:0x220000048
08-30 00:52:15.768 1894 2535 E bt_btif : bta_av_co_get_active_peer: peer index out of bounds: 5
08-30 00:52:15.768 1894 2535 D a2dp_codec: A2DP_InitCodecConfig: codec SBC
08-30 00:52:15.768 1894 2535 D a2dp_sbc: A2DP_InitCodecConfigSbc:
08-30 00:52:15.768 1894 2535 E bt_btif : bta_av_co_get_active_peer: peer index out of bounds: 5
08-30 00:52:15.769 1894 2535 D a2dp_codec: A2DP_InitCodecConfig: codec AAC
08-30 00:52:15.769 1894 2535 D a2dp_aac: A2DP_BuildInfoAac: media_type: 0, p_ie->bitRate: 165000
08-30 00:52:15.769 1894 2535 E bt_btif : bta_av_co_get_active_peer: peer index out of bounds: 5
08-30 00:52:15.769 1894 2535 D a2dp_codec: A2DP_InitCodecConfig: codec aptX
08-30 00:52:15.769 1894 2535 E bt_btif : bta_av_co_get_active_peer: peer index out of bounds: 5
08-30 00:52:15.769 1894 2535 D a2dp_codec: A2DP_InitCodecConfig: codec aptX-HD
08-30 00:52:15.769 1894 2535 E bt_btif : bta_av_co_get_active_peer: peer index out of bounds: 5
08-30 00:52:15.769 1894 2535 D a2dp_codec: A2DP_InitCodecConfig: codec LDAC
08-30 00:52:15.769 1894 2535 E bt_btif : bta_av_co_get_active_peer: peer index out of bounds: 5
08-30 00:52:15.769 1894 2535 D a2dp_codec: A2DP_InitCodecConfig: codec aptX-adaptive
08-30 00:52:15.769 1894 2535 E bt_btif : bta_av_co_get_active_peer: peer index out of bounds: 5
08-30 00:52:15.769 1894 2535 D a2dp_codec: A2DP_InitCodecConfig: codec aptX-TWS
08-30 00:52:15.769 1894 2535 W bt_btif : bta_av_get_rcb_by_shdl: shdl = 0, rcb[i].shdl = 0, rcb[i].handle = 255, rcb[i].lidx = 0
08-30 00:52:15.769 1894 2535 W bt_btif : bta_av_get_rcb_by_shdl: shdl = 0, rcb[i].shdl = 0, rcb[i].handle = 255, rcb[i].lidx = 0
08-30 00:52:15.769 1894 2535 W bt_btif : bta_av_get_rcb_by_shdl: shdl = 0, rcb[i].shdl = 0, rcb[i].handle = 255, rcb[i].lidx = 0
08-30 00:52:15.769 1894 2535 W bt_btif : bta_av_get_rcb_by_shdl: shdl = 0, rcb[i].shdl = 0, rcb[i].handle = 255, rcb[i].lidx = 0
08-30 00:52:15.769 1894 2535 W bt_btif : bta_av_get_rcb_by_shdl: shdl = 0, rcb[i].shdl = 0, rcb[i].handle = 255, rcb[i].lidx = 0
08-30 00:52:15.769 1894 2535 W bt_btif : bta_av_get_rcb_by_shdl: shdl = 0, rcb[i].shdl = 0, rcb[i].handle = 255, rcb[i].lidx = 0
08-30 00:52:15.769 1894 2535 W bt_btif : bta_av_get_rcb_by_shdl: shdl = 0, rcb[i].shdl = 0, rcb[i].handle = 255, rcb[i].lidx = 0
08-30 00:52:15.769 1894 2535 D bt_btif : AVRC_Open role: 1, control:67 status:0, handle:0
08-30 00:52:15.769 1894 2535 W bt_btif : bta_av_rc_create RC handle 0 is connected
08-30 00:52:15.769 1894 2535 D bt_btif : rc_acp_handle: 0 idx: 1
08-30 00:52:15.769 1894 2535 D bt_btif : bta_av_rc_create create 0, role: 1, shdl:0, rc_handle:0, lidx:6, status:0x10
08-30 00:52:15.769 1894 2535 E bt_btif : bta_av_co_get_active_peer: peer index out of bounds: 5
08-30 00:52:15.769 1894 2535 D a2dp_codec: A2DP_InitCodecConfig: codec SBC
08-30 00:52:15.769 1894 2535 D a2dp_sbc: A2DP_InitCodecConfigSbc:
08-30 00:52:15.770 1894 2535 E bt_btif : bta_av_co_get_active_peer: peer index out of bounds: 5
08-30 00:52:15.770 1894 2535 D a2dp_codec: A2DP_InitCodecConfig: codec AAC
08-30 00:52:15.770 1894 2535 D a2dp_aac: A2DP_BuildInfoAac: media_type: 0, p_ie->bitRate: 165000
08-30 00:52:15.770 1894 2535 E bt_btif : bta_av_co_get_active_peer: peer index out of bounds: 5
08-30 00:52:15.770 1894 2535 D a2dp_codec: A2DP_InitCodecConfig: codec aptX
08-30 00:52:15.770 1894 2535 E bt_btif : bta_av_co_get_active_peer: peer index out of bounds: 5
08-30 00:52:15.770 1894 2535 D a2dp_codec: A2DP_InitCodecConfig: codec aptX-HD
08-30 00:52:15.770 1894 2535 E bt_btif : bta_av_co_get_active_peer: peer index out of bounds: 5
08-30 00:52:15.770 1894 2535 D a2dp_codec: A2DP_InitCodecConfig: codec LDAC
08-30 00:52:15.770 1894 2535 E bt_btif : bta_av_co_get_active_peer: peer index out of bounds: 5
08-30 00:52:15.770 1894 2535 D a2dp_codec: A2DP_InitCodecConfig: codec aptX-adaptive
08-30 00:52:15.770 1894 2535 E bt_btif : bta_av_co_get_active_peer: peer index out of bounds: 5
08-30 00:52:15.770 1894 2535 D a2dp_codec: A2DP_InitCodecConfig: codec aptX-TWS
08-30 00:52:15.770 1894 2535 E bt_btif : bta_av_co_get_active_peer: peer index out of bounds: 5
08-30 00:52:15.770 1894 2535 D a2dp_codec: A2DP_InitCodecConfig: codec SBC
08-30 00:52:15.770 1894 2535 D a2dp_sbc: A2DP_InitCodecConfigSbc:
08-30 00:52:15.770 1894 2535 E bt_btif : bta_av_co_get_active_peer: peer index out of bounds: 5
08-30 00:52:15.770 1894 2535 D a2dp_codec: A2DP_InitCodecConfig: codec AAC
08-30 00:52:15.770 1894 2535 D a2dp_aac: A2DP_BuildInfoAac: media_type: 0, p_ie->bitRate: 165000
08-30 00:52:15.770 1894 2535 E bt_btif : bta_av_co_get_active_peer: peer index out of bounds: 5
08-30 00:52:15.770 1894 2535 D a2dp_codec: A2DP_InitCodecConfig: codec aptX
08-30 00:52:15.770 1894 2535 E bt_btif : bta_av_co_get_active_peer: peer index out of bounds: 5
08-30 00:52:15.770 1894 2535 D a2dp_codec: A2DP_InitCodecConfig: codec aptX-HD
08-30 00:52:15.770 1894 2535 E bt_btif : bta_av_co_get_active_peer: peer index out of bounds: 5
08-30 00:52:15.770 1894 2535 D a2dp_codec: A2DP_InitCodecConfig: codec LDAC
08-30 00:52:15.770 1894 2535 E bt_btif : bta_av_co_get_active_peer: peer index out of bounds: 5
08-30 00:52:15.771 1894 2535 D a2dp_codec: A2DP_InitCodecConfig: codec aptX-adaptive
08-30 00:52:15.771 1894 2535 E bt_btif : bta_av_co_get_active_peer: peer index out of bounds: 5
08-30 00:52:15.771 1894 2535 D a2dp_codec: A2DP_InitCodecConfig: codec aptX-TWS
08-30 00:52:15.771 1894 2535 E bt_btif : bta_av_co_get_active_peer: peer index out of bounds: 5
08-30 00:52:15.771 1894 2535 D a2dp_codec: A2DP_InitCodecConfig: codec SBC
08-30 00:52:15.771 1894 2535 D a2dp_sbc: A2DP_InitCodecConfigSbc:
08-30 00:52:15.771 1894 2535 E bt_btif : bta_av_co_get_active_peer: peer index out of bounds: 5
08-30 00:52:15.771 824 2530 I vendor.qti.bluetooth@1.0-ibs_handler: ProcessIbsCmd: Received IBS_WAKE_IND: 0xFD
08-30 00:52:15.771 1894 2535 D a2dp_codec: A2DP_InitCodecConfig: codec AAC
08-30 00:52:15.771 1894 2535 D a2dp_aac: A2DP_BuildInfoAac: media_type: 0, p_ie->bitRate: 165000
08-30 00:52:15.771 824 2530 I vendor.qti.bluetooth@1.0-ibs_handler: ProcessIbsCmd: Writing IBS_WAKE_ACK
08-30 00:52:15.771 1894 2535 E bt_btif : bta_av_co_get_active_peer: peer index out of bounds: 5
08-30 00:52:15.771 1894 2535 D a2dp_codec: A2DP_InitCodecConfig: codec aptX
08-30 00:52:15.771 1894 2535 E bt_btif : bta_av_co_get_active_peer: peer index out of bounds: 5
08-30 00:52:15.771 1894 2535 D a2dp_codec: A2DP_InitCodecConfig: codec aptX-HD
08-30 00:52:15.771 1894 2535 E bt_btif : bta_av_co_get_active_peer: peer index out of bounds: 5
08-30 00:52:15.771 1894 2535 D a2dp_codec: A2DP_InitCodecConfig: codec LDAC
08-30 00:52:15.771 1894 2535 E bt_btif : bta_av_co_get_active_peer: peer index out of bounds: 5
08-30 00:52:15.771 1894 2535 D a2dp_codec: A2DP_InitCodecConfig: codec aptX-adaptive
08-30 00:52:15.771 1894 2535 E bt_btif : bta_av_co_get_active_peer: peer index out of bounds: 5
08-30 00:52:15.771 1894 2535 D a2dp_codec: A2DP_InitCodecConfig: codec aptX-TWS
08-30 00:52:15.771 1894 2535 E bt_btif : bta_av_co_get_active_peer: peer index out of bounds: 5
08-30 00:52:15.771 1894 2535 D a2dp_codec: A2DP_InitCodecConfig: codec SBC
08-30 00:52:15.771 1894 2535 D a2dp_sbc: A2DP_InitCodecConfigSbc:
08-30 00:52:15.771 1894 2535 E bt_btif : bta_av_co_get_active_peer: peer index out of bounds: 5
08-30 00:52:15.772 1894 2535 D a2dp_codec: A2DP_InitCodecConfig: codec AAC
08-30 00:52:15.772 1894 2535 D a2dp_aac: A2DP_BuildInfoAac: media_type: 0, p_ie->bitRate: 165000
08-30 00:52:15.772 1894 2535 E bt_btif : bta_av_co_get_active_peer: peer index out of bounds: 5
08-30 00:52:15.772 1894 2535 D a2dp_codec: A2DP_InitCodecConfig: codec aptX
08-30 00:52:15.772 1894 2535 E bt_btif : bta_av_co_get_active_peer: peer index out of bounds: 5
08-30 00:52:15.772 1894 2535 D a2dp_codec: A2DP_InitCodecConfig: codec aptX-HD
08-30 00:52:15.772 1894 2535 E bt_btif : bta_av_co_get_active_peer: peer index out of bounds: 5
08-30 00:52:15.772 1894 2535 D a2dp_codec: A2DP_InitCodecConfig: codec LDAC
08-30 00:52:15.772 1894 2535 E bt_btif : bta_av_co_get_active_peer: peer index out of bounds: 5
08-30 00:52:15.772 1894 2535 D a2dp_codec: A2DP_InitCodecConfig: codec aptX-adaptive
08-30 00:52:15.772 1894 2535 E bt_btif : bta_av_co_get_active_peer: peer index out of bounds: 5
08-30 00:52:15.772 1894 2535 D a2dp_codec: A2DP_InitCodecConfig: codec aptX-TWS
08-30 00:52:15.772 1894 2131 I bt_btif_storage: btif_storage_get_adapter_property service_mask:0x220000048
08-30 00:52:15.772 1894 2131 D bt_btif : btif_av_state_idle_handler: event:BTA_AV_ENABLE_EVT flags: 0 on index: 0, codec_cfg_change: 0
08-30 00:52:15.772 1894 2131 D bt_btif : btif_av_state_idle_handler: event:BTA_AV_REGISTER_EVT flags: 0 on index: 0, codec_cfg_change: 0
08-30 00:52:15.772 1894 2131 D bt_btif : btif_av_state_idle_handler: event:BTA_AV_REGISTER_EVT flags: 0 on index: 1, codec_cfg_change: 0
08-30 00:52:15.772 1894 2131 D bt_btif : btif_av_state_idle_handler: event:BTA_AV_REGISTER_EVT flags: 0 on index: 2, codec_cfg_change: 0
08-30 00:52:15.772 1894 2131 D bt_btif : btif_av_state_idle_handler: event:BTA_AV_REGISTER_EVT flags: 0 on index: 3, codec_cfg_change: 0
08-30 00:52:15.772 1894 2131 D bt_btif : btif_av_state_idle_handler: event:BTA_AV_REGISTER_EVT flags: 0 on index: 4, codec_cfg_change: 0
08-30 00:52:15.773 1894 1894 D A2dpService: setA2dpService(): set to: com.android.bluetooth.a2dp.A2dpService@fadecbe
08-30 00:52:15.773 1894 1894 D HeadsetService: getHeadsetService(): returning com.android.bluetooth.hfp.HeadsetService@1fa9427
08-30 00:52:15.773 1894 1894 D HeadsetService: isAudioOn: The number of audio connected devices 0
08-30 00:52:15.773 1894 1894 D HeadsetService: isScoOrCallActive(): Call Active:falseCall is Ringing:falseSCO is Active:false
08-30 00:52:15.774 1894 1894 D HeadsetService: isAudioOn: The number of audio connected devices 0
08-30 00:52:15.774 1914 2598 D CCodecBufferChannel: [c2.android.vorbis.decoder#941] Created input block pool with allocatorID 16 => poolID 19 - OK (0)
08-30 00:52:15.778 1914 2598 I CCodecBufferChannel: [c2.android.vorbis.decoder#941] Created output block pool with allocatorID 16 => poolID 23 - OK
08-30 00:52:15.779 1914 2598 D CCodecBufferChannel: [c2.android.vorbis.decoder#941] Configured output block pool ids 23 => OK
08-30 00:52:15.779 1914 2598 D CCodecBufferChannel: [c2.android.vorbis.decoder#941] start: updating output delay 0
08-30 00:52:15.781 820 1834 D audio_hw_primary: adev_get_parameters:fm_status
08-30 00:52:15.781 1914 2598 I CCodecBufferChannel: pipelineRoom(3) is <= numClientBuffers(3). Not signalling any more buffers to client
08-30 00:52:15.782 820 1834 D audio_hw_spkr_prot: fbsp_get_parameters: Speaker protection disabled
08-30 00:52:15.782 820 1834 D soundtrigger: audio_extn_sound_trigger_get_parameters input string
08-30 00:52:15.782 820 1834 D soundtrigger: extract_sm_handle input string param string
08-30 00:52:15.782 820 1834 D audio_hw_extn: audio_extn_fm_get_parameters: Enter
08-30 00:52:15.782 820 1834 D audio_hw_extn: audio_extn_get_parameters: returns fm_status=0
08-30 00:52:15.782 820 1834 D audio_hw_primary: adev_get_parameters: exit: returns - fm_status=0
08-30 00:52:15.782 1037 1830 I hash_map_utils: system/bt/osi/src/hash_map_utils.cc:81 hash_map_utils_dump_string_keys_string_values: key: 'fm_status' value: ''
08-30 00:52:15.785 1914 2598 I CCodecBufferChannel: pipelineRoom(2) is <= numClientBuffers(2). Not signalling any more buffers to client
08-30 00:52:15.785 1894 1894 E A2dpService: setActiveDevice(null): already set to active
08-30 00:52:15.786 1894 1894 D A2dpService: profile started successfully
08-30 00:52:15.786 1319 1319 D MediaBufferGroup: creating MemoryDealer
08-30 00:52:15.786 1914 2598 I CCodecBufferChannel: pipelineRoom(1) is <= numClientBuffers(1). Not signalling any more buffers to client
08-30 00:52:15.787 1894 1894 I BluetoothHidHostServiceJni: classInitNative: succeeds
08-30 00:52:15.789 1894 1894 D HidHostService: Received start request. Starting profile...
08-30 00:52:15.791 1894 1894 I bt_btif : get_profile_interface: id = hidhost
08-30 00:52:15.792 1894 1894 D BluetoothHidHostService: setHidHostService(): set to: com.android.bluetooth.hid.HidHostService@e29d89c
08-30 00:52:15.792 1894 1894 D HidHostService: profile started successfully
08-30 00:52:15.792 1894 2131 I bt_bta_hh: BTA_HhEnable sec_mask:0x36 p_cback:0x6c7de226a0
08-30 00:52:15.793 1894 2535 W bt_l2cap: L2CAP - L2CA_Register() called for PSM: 0x0011
08-30 00:52:15.793 1894 2535 W bt_l2cap: L2CAP - L2CA_Register() called for PSM: 0x0013
08-30 00:52:15.793 1435 2601 D SimpleC2Component: Using output block pool with poolID 23 => got 23 - 0
08-30 00:52:15.793 1894 1894 I BluetoothPanServiceJni: classInitNative(L111): succeeds
08-30 00:52:15.793 1894 2131 I bt_btif_storage: btif_storage_get_adapter_property service_mask:0x220100048
08-30 00:52:15.793 1894 2535 V bt_stack: [VERBOSE1:bta_gattc_act.cc(210)] bta_gattc_register: state:2
08-30 00:52:15.793 1894 2535 I bt_stack: [INFO:gatt_api.cc(1223)] GATT_Register 0f2c7cd6-15b9-df11-8643-b251fb9ae6ab
08-30 00:52:15.793 1894 2535 I bt_stack: [INFO:gatt_api.cc(1244)] allocated gatt_if=4
08-30 00:52:15.793 1894 2535 V bt_stack: [VERBOSE1:gatt_api.cc(1369)] GATT_StartIf gatt_if=4
08-30 00:52:15.793 1894 2535 V bt_stack: [VERBOSE1:gatt_utils.cc(293)] gatt_find_the_connected_bda start_idx=0
08-30 00:52:15.793 1894 2535 V bt_stack: [VERBOSE1:gatt_utils.cc(305)] found=0 found_idx=10
08-30 00:52:15.794 1894 1894 D PanService: Received start request. Starting profile...
08-30 00:52:15.806 1894 1894 D BluetoothPanServiceJni: initializeNative(L116): pan
08-30 00:52:15.806 1894 1894 I bt_btif : get_profile_interface: id = pan
08-30 00:52:15.807 1894 1894 D PanService: profile started successfully
08-30 00:52:15.807 1894 2535 W bt_l2cap: L2CAP - L2CA_Register() called for PSM: 0x000f
08-30 00:52:15.808 1894 2131 D BluetoothPanServiceJni: control_state_callback(L63): state:0, local_role:3, ifname:bt-pan
08-30 00:52:15.808 1894 1894 D BluetoothMapService: Received start request. Starting profile...
08-30 00:52:15.811 1894 1894 D BluetoothMapService: start()
08-30 00:52:15.825 514 514 I hwservicemanager: getTransport: Cannot find entry android.hardware.light@2.0::ILight/default in either framework or device VINTF manifest.
08-30 00:52:15.826 1085 2586 D CCodecBufferChannel: [c2.android.vorbis.decoder#192] MediaCodec discarded an unknown buffer
08-30 00:52:15.826 1085 2586 D CCodecBufferChannel: [c2.android.vorbis.decoder#192] MediaCodec discarded an unknown buffer
08-30 00:52:15.826 1085 2586 D CCodecBufferChannel: [c2.android.vorbis.decoder#192] MediaCodec discarded an unknown buffer
08-30 00:52:15.827 1894 1894 D BluetoothMapFixes: mSessionStatusHandler CREATE_MAS_INSTANCES
08-30 00:52:15.828 1894 1894 D BluetoothMapService: mSmsCapable :true
08-30 00:52:15.828 1894 1894 D BluetoothMapService: setBluetoothMapService(): set to: com.android.bluetooth.map.BluetoothMapService@3053207
08-30 00:52:15.828 1894 1894 D BluetoothMapService: profile started successfully
08-30 00:52:15.828 1894 1894 I BluetoothAvrcpControllerJni: classInitNative: succeeds
08-30 00:52:15.829 1894 1894 D AvrcpControllerService: Received start request. Starting profile...
08-30 00:52:15.830 1894 2602 V BluetoothMapService: Handler(): got msg=5
08-30 00:52:15.833 1085 2586 I hw-BpHwBinder: onLastStrongRef automatically unlinking death recipients
08-30 00:52:15.833 1894 2602 D BluetoothMapService: CREATE_MAS_INSTANCES
08-30 00:52:15.833 1894 1894 I bt_btif : get_profile_interface: id = avrcp_ctrl
08-30 00:52:15.834 1894 1894 I bt_btif : get_profile_interface: id = vendor_avrcp_ctrl
08-30 00:52:15.834 1894 1894 D bt_btif : btif_rc_vendor_ctrl_get_interface
08-30 00:52:15.834 1894 2602 D BluetoothVendorService: getProfileInfo profile_id: 3
08-30 00:52:15.834 1085 2591 D CCodecBufferChannel: [c2.android.vorbis.decoder#100] MediaCodec discarded an unknown buffer
08-30 00:52:15.834 1085 2591 D CCodecBufferChannel: [c2.android.vorbis.decoder#100] MediaCodec discarded an unknown buffer
08-30 00:52:15.834 1085 2591 D CCodecBufferChannel: [c2.android.vorbis.decoder#100] MediaCodec discarded an unknown buffer
08-30 00:52:15.834 1894 2602 I BluetoothVendorJni: getProfileInfoNative
08-30 00:52:15.834 1894 2602 I bt_btif_vendor: get_profile_info :3
08-30 00:52:15.834 1894 2602 W bt_device_profile: profile_feature_fetch:profile 3
08-30 00:52:15.834 1894 2602 W bt_device_profile: profile_feature_fetch:MAP_EMAIL_SUPPORT found 1
08-30 00:52:15.835 1894 2602 D BluetoothMapAppObserver: isEmailSupported: true
08-30 00:52:15.835 1894 2602 D BluetoothMapAccountEmailLoader: mEmailContext Assigned
08-30 00:52:15.835 1894 2602 D BluetoothMapAccountEmailLoader: Groups SIZE: 0
08-30 00:52:15.835 1894 2602 D BluetoothMapAccountEmailLoader: Found 0 applications - Support legacy default or primary email Account
08-30 00:52:15.836 1085 1142 D CompatibilityInfo: mCompatibilityFlags - 4
08-30 00:52:15.836 1085 1142 D CompatibilityInfo: applicationDensity - 240
08-30 00:52:15.836 1085 1142 D CompatibilityInfo: applicationScale - 1.0
08-30 00:52:15.838 1894 2602 D BluetoothMapAccountEmailLoader: isEmailAppStarted: false
08-30 00:52:15.838 1894 1894 D AvrcpControllerService: profile started successfully
08-30 00:52:15.841 1085 2591 I hw-BpHwBinder: onLastStrongRef automatically unlinking death recipients
08-30 00:52:15.841 1435 2600 I hw-BpHwBinder: onLastStrongRef automatically unlinking death recipients
08-30 00:52:15.843 2597 2597 E light : light_open lights keyboard failed: -22
08-30 00:52:15.844 2597 2597 E light : Light passthrough failed to load legacy HAL.
08-30 00:52:15.845 1894 1894 V SapService: SapBinder()
08-30 00:52:15.845 1894 1894 D SapService: Received start request. Starting profile...
08-30 00:52:15.848 2597 2597 E light : light_open lights buttons failed: -22
08-30 00:52:15.848 2597 2597 E light : Light passthrough failed to load legacy HAL.
08-30 00:52:15.849 1894 2602 D BluetoothMapAccountEmailLoader: Email app is not installed
08-30 00:52:15.853 1894 1894 V SapService: start()
08-30 00:52:15.853 1894 2602 W BluetoothMapAccountEmailLoader: mEmailContext Cannot Access DefaultEmail
08-30 00:52:15.853 1894 2602 D BluetoothMapAccountEmailLoader: Enabled Accounts count:0
08-30 00:52:15.853 1894 2602 D BluetoothMapAccountLoader: Enabled Accounts count:0
08-30 00:52:15.855 1894 2602 D BluetoothMapAppObserver: createReceiver()
08-30 00:52:15.856 1894 1894 D SapService: setSapService(): set to: com.android.bluetooth.sap.SapService@9312659
08-30 00:52:15.856 1894 1894 D SapService: profile started successfully
08-30 00:52:15.857 1914 2598 D CCodecBufferChannel: [c2.android.vorbis.decoder#941] MediaCodec discarded an unknown buffer
08-30 00:52:15.857 1914 2598 D CCodecBufferChannel: [c2.android.vorbis.decoder#941] MediaCodec discarded an unknown buffer
08-30 00:52:15.857 1914 2598 D CCodecBufferChannel: [c2.android.vorbis.decoder#941] MediaCodec discarded an unknown buffer
08-30 00:52:15.857 1894 2602 D BluetoothMapAppObserver: initObservers()
08-30 00:52:15.857 1894 2602 D BluetoothMapAppObserver: getEnabledAccountItems()
08-30 00:52:15.857 1894 2602 V BluetoothMapService: Handler(): got msg=1
08-30 00:52:15.858 1894 2602 D BluetoothMapMasInstance0: Map Service startSocketListeners
08-30 00:52:15.858 1894 2602 D ObexServerSockets: create(rfcomm = 26, l2capPsm = 4137)
08-30 00:52:15.858 1894 1894 V BtOppService: onCreate
08-30 00:52:15.860 2597 2597 E light : light_open lights bluetooth failed: -22
08-30 00:52:15.860 1319 2575 I MMParserExtractor: Created(0xb40000733a6650b0)
08-30 00:52:15.860 2597 2597 E light : Light passthrough failed to load legacy HAL.
08-30 00:52:15.861 1319 1906 I MMParserExtractor: Created(0xb40000733a665f90)
08-30 00:52:15.862 1914 2598 I hw-BpHwBinder: onLastStrongRef automatically unlinking death recipients
08-30 00:52:15.862 1435 2542 I hw-BpHwBinder: onLastStrongRef automatically unlinking death recipients
08-30 00:52:15.863 2597 2597 E light : light_open lights wifi failed: -22
08-30 00:52:15.863 2597 2597 E light : Light passthrough failed to load legacy HAL.
08-30 00:52:15.863 1435 2542 V C2Store : in ~ComponentModule
08-30 00:52:15.863 1435 2542 V C2Store : unloading dll
08-30 00:52:15.865 1894 1894 D BluetoothOppService: Received start request. Starting profile...
08-30 00:52:15.866 514 514 I hwservicemanager: getTransport: Cannot find entry android.hardware.light@2.0::ILight/default in either framework or device VINTF manifest.
08-30 00:52:15.866 2597 2597 E HidlServiceManagement: Service android.hardware.light@2.0::ILight/default must be in VINTF manifest in order to register/get.
08-30 00:52:15.867 2597 2597 E LegacySupport: Could not register service android.hardware.light@2.0::ILight/default (-2147483648).
08-30 00:52:15.868 1894 1894 V BtOppService: start()
08-30 00:52:15.868 1894 1894 D BtOppService: setBluetoothOppService(): set to: com.android.bluetooth.opp.BluetoothOppService@862a0cc
08-30 00:52:15.868 1894 1894 D BluetoothOppService: profile started successfully
08-30 00:52:15.875 1894 1894 D BluetoothPbapService: Received start request. Starting profile...
08-30 00:52:15.877 1894 1894 I BluetoothPbapService: setCurrentUser(0)
08-30 00:52:15.882 1894 2535 I bt_stack: [INFO:port_api.cc(123)] RFCOMM_CreateConnection BDA: ff:ff:ff:ff:ff:ff
08-30 00:52:15.884 1085 1898 D MediaCodecList: codecHandlesFormat: no format, so no extra checks
08-30 00:52:15.885 1085 1898 D MediaCodecList: codecHandlesFormat: no format, so no extra checks
08-30 00:52:15.886 1894 2535 W bt_l2cap: L2CAP - L2CA_Register() called for PSM: 0x1029
08-30 00:52:15.887 1894 2602 D ObexServerSockets: Succeed to create listening sockets
08-30 00:52:15.887 1894 2602 D ObexServerSockets0: startAccept()
08-30 00:52:15.889 1894 2610 D ObexServerSockets0: Accepting socket connection...
08-30 00:52:15.889 1894 2602 D BluetoothSdpJni: sdpCreateMapMasRecordNative
08-30 00:52:15.890 1085 2609 D CCodec : allocate(c2.android.vorbis.decoder)
08-30 00:52:15.890 1894 2611 D ObexServerSockets0: Accepting socket connection...
08-30 00:52:15.891 1894 2602 D BluetoothSdpJni: SDP Create record success - handle: 0
08-30 00:52:15.894 1085 1897 D MediaCodecList: codecHandlesFormat: no format, so no extra checks
08-30 00:52:15.898 1085 1897 D MediaCodecList: codecHandlesFormat: no format, so no extra checks
08-30 00:52:15.898 2584 2584 D wpa_supplicant: wpa_supplicant v2.10-devel-11
08-30 00:52:15.900 1085 2609 I CCodec : setting up 'default' as default (vendor) store
08-30 00:52:15.901 2584 2584 D wpa_supplicant: Global control interface '@android:vendor_wpa_wlan0'
08-30 00:52:15.901 1435 2542 V C2Store : in init
08-30 00:52:15.901 1435 2542 V C2Store : loading dll
08-30 00:52:15.901 2584 2584 D wpa_supplicant: Using Android control socket 'vendor_wpa_wlan0'
08-30 00:52:15.901 2584 2584 D wpa_supplicant: Initing hidl control
08-30 00:52:15.902 2584 2584 I wpa_supplicant: Processing hidl events on FD 4
08-30 00:52:15.902 2584 2584 D wpa_supplicant: hidl_register service name default
08-30 00:52:15.905 1894 1894 D BluetoothPbapService: setBluetoothPbapService(): set to: com.android.bluetooth.pbap.BluetoothPbapService@b57cbd0
08-30 00:52:15.905 1894 1894 D BluetoothPbapService: profile started successfully
08-30 00:52:15.906 1894 1894 D HearingAidService: create()
08-30 00:52:15.907 1085 1085 D BluetoothHearingAid: Proxy object connected
08-30 00:52:15.907 1894 1894 D HearingAidService: Received start request. Starting profile...
08-30 00:52:15.907 1085 1085 I AS.BtHelper: In onServiceConnected(), profile: 21, proxy: android.bluetooth.BluetoothHearingAid@f681b4c
08-30 00:52:15.908 1085 1085 D BluetoothHearingAid: Proxy object connected
08-30 00:52:15.908 2584 2584 I HidlServiceManagement: Registered android.hardware.wifi.supplicant@1.3::ISupplicant/default (start delay of 256ms)
08-30 00:52:15.908 2584 2584 D wpa_supplicant: hidl_register vendor service name default
08-30 00:52:15.908 1085 1085 I Telecom : BluetoothDeviceManager: Got BluetoothHearingAid: android.bluetooth.BluetoothHearingAid@6cf795: BMSL.oSC@AAg
08-30 00:52:15.908 1085 1085 D BluetoothHearingAid: Proxy object connected
08-30 00:52:15.909 1894 1894 D HearingAidService: start()
08-30 00:52:15.909 1085 1085 D BluetoothHearingAid: Proxy object connected
08-30 00:52:15.909 1894 1894 I bt_stack: [INFO:com_android_bluetooth_hearing_aid.cpp(100)] classInitNative: succeeds
08-30 00:52:15.910 1894 2608 D ObexServerSockets: create(rfcomm = 19, l2capPsm = 4133)
08-30 00:52:15.911 2584 2584 I HidlServiceManagement: Registered vendor.qti.hardware.wifi.supplicant@2.2::ISupplicantVendor/default (start delay of 259ms)
08-30 00:52:15.911 2584 2584 I wpa_supplicant: Register Vendor HIDL default service
08-30 00:52:15.911 2584 2584 I wpa_supplicant: Successfully initialized wpa_supplicant
08-30 00:52:15.912 1085 1844 I android_os_HwBinder: HwBinder: Starting thread pool for getting: android.hardware.wifi.supplicant@1.0::ISupplicant/default
08-30 00:52:15.913 1085 2612 D CCodec : allocate(c2.android.vorbis.decoder)
08-30 00:52:15.914 1085 2609 I CCodec : Created component [c2.android.vorbis.decoder]
08-30 00:52:15.915 1085 1844 I android_os_HwBinder: HwBinder: Starting thread pool for getting: vendor.qti.hardware.wifi.supplicant@2.0::ISupplicantVendor/default
08-30 00:52:15.915 1085 2609 D CCodecConfig: read media type: audio/vorbis
08-30 00:52:15.915 1085 1844 E SupplicantStaIfaceHal: Discover ISupplicantVendor service successfull
08-30 00:52:15.915 1085 1844 I SupplicantStaIfaceHal: Completed initialization of ISupplicant.
08-30 00:52:15.916 1894 1894 D HearingAidService: setHearingAidService(): set to: com.android.bluetooth.hearingaid.HearingAidService@c35d4fc
08-30 00:52:15.916 1894 1894 I bt_btif : get_profile_interface: id = hearing_aid
08-30 00:52:15.916 1894 1894 D HearingAidService: profile started successfully
08-30 00:52:15.917 1894 2535 I bt_stack: [INFO:hearing_aid_software_encoding.cc(325)] init
08-30 00:52:15.917 1894 2535 W bt_stack: [WARNING:hearing_aid_software_encoding.cc(310)] get_hal_version
08-30 00:52:15.917 1894 2535 W bt_stack: [WARNING:client_interface.cc(240)] BluetoothAudioDeathRecipient: worker thread 0x0
08-30 00:52:15.918 1894 1894 D BluetoothAdapterService: android.net.wifi.WIFI_STATE_CHANGED
08-30 00:52:15.919 1894 1894 D BluetoothMediaBrowserService: onCreate
08-30 00:52:15.919 1085 2612 I CCodec : setting up 'default' as default (vendor) store
08-30 00:52:15.920 514 514 I hwservicemanager: getTransport: Cannot find entry vendor.qti.hardware.bluetooth_audio@2.1::IBluetoothAudioProvidersFactory/default in either framework or device VINTF manifest.
08-30 00:52:15.920 1894 2615 W ActivityThread: Failed to find provider info for com.android.contacts (user not unlocked)
08-30 00:52:15.920 1894 2535 I bt_stack: [INFO:client_interface.cc(463)] GetHalVersion
08-30 00:52:15.920 1894 2535 W bt_stack: [WARNING:client_interface.cc(240)] BluetoothAudioDeathRecipient: worker thread 0xb400006d540ec278
08-30 00:52:15.921 1894 2535 V bt_stack: [VERBOSE1:bta_gattc_act.cc(210)] bta_gattc_register: state:2
08-30 00:52:15.921 1894 2535 I bt_stack: [INFO:gatt_api.cc(1223)] GATT_Register 8e48f7f1-05d9-d1c8-48c0-a5ec8feb228e
08-30 00:52:15.921 1894 2535 I bt_stack: [INFO:gatt_api.cc(1244)] allocated gatt_if=5
08-30 00:52:15.921 1894 2535 V bt_stack: [VERBOSE1:gatt_api.cc(1369)] GATT_StartIf gatt_if=5
08-30 00:52:15.921 1894 2535 V bt_stack: [VERBOSE1:gatt_utils.cc(293)] gatt_find_the_connected_bda start_idx=0
08-30 00:52:15.921 1894 2535 V bt_stack: [VERBOSE1:gatt_utils.cc(305)] found=0 found_idx=10
08-30 00:52:15.921 1894 2535 I bt_stack: [INFO:port_api.cc(123)] RFCOMM_CreateConnection BDA: ff:ff:ff:ff:ff:ff
08-30 00:52:15.925 1894 2581 V Avrcp_ext: updateCurrentMediaState: mMediaController: null
08-30 00:52:15.925 1894 2581 W Avrcp_ext: isMusicActive: false getBluetoothPlayState: 2 A2dp State: 11 mAudioPlaybackIsActive: false
08-30 00:52:15.925 1894 2581 W Avrcp_ext: updateCurrentMediaState: isPlaying = false
08-30 00:52:15.925 1894 2581 V Avrcp_ext: Media update: id -1âž¡-1? [MediaAttributes: none] : [MediaAttributes: none]
08-30 00:52:15.925 1894 2581 D Avrcp_ext: isPackageNameValid: browsedPackage = isValid = false
08-30 00:52:15.925 1894 2581 V Avrcp_ext: updatePlaybackState, state: PlaybackState {state=2, position=-1, buffered position=0, speed=0.0, updated=63733, actions=0, custom actions=[], active item id=-1, error=null} device: null
08-30 00:52:15.925 1894 2581 V Avrcp_ext: Device: no name:
08-30 00:52:15.925 1894 2581 V Avrcp_ext: Device: no name:
08-30 00:52:15.925 1894 2581 V Avrcp_ext: Device: no name:
08-30 00:52:15.925 1894 2581 V Avrcp_ext: Device: no name:
08-30 00:52:15.925 1894 2581 V Avrcp_ext: Device: no name:
08-30 00:52:15.925 1894 2581 V Avrcp_ext: updatePlayerStateAndPosition, old=PlaybackState {state=2, position=-1, buffered position=0, speed=0.0, updated=63457, actions=0, custom actions=[], active item id=-1, error=null}, state=PlaybackState {state=2, position=-1, buffered position=0, speed=0.0, updated=63733, actions=0, custom actions=[], active item id=-1, error=null}
08-30 00:52:15.926 1894 2581 V Avrcp_ext: old state = PlaybackState {state=2, position=-1, buffered position=0, speed=0.0, updated=63457, actions=0, custom actions=[], active item id=-1, error=null}, new state= PlaybackState {state=2, position=-1, buffered position=0, speed=0.0, updated=63733, actions=0, custom actions=[], active item id=-1, error=null}
08-30 00:52:15.926 1894 2581 D HeadsetService: getHeadsetService(): returning com.android.bluetooth.hfp.HeadsetService@1fa9427
08-30 00:52:15.926 1894 2581 D HeadsetService: isAudioOn: The number of audio connected devices 0
08-30 00:52:15.926 1894 2581 D HeadsetService: isScoOrCallActive(): Call Active:falseCall is Ringing:falseSCO is Active:false
08-30 00:52:15.926 1894 2581 D HeadsetService: isAudioOn: The number of audio connected devices 0
08-30 00:52:15.926 1894 2581 I Avrcp_ext: updatePlayStatusForDevice: device: null
08-30 00:52:15.926 1894 2581 V Avrcp_ext: updatePlaybackState (1): old=PlaybackState {state=2, position=-1, buffered position=0, speed=0.0, updated=63457, actions=0, custom actions=[], active item id=-1, error=null}(2), new=PlaybackState {state=2, position=-1, buffered position=0, speed=0.0, updated=63733, actions=0, custom actions=[], active item id=-1, error=null}(2)
08-30 00:52:15.926 1894 2581 I Avrcp_ext: Exit updatePlayStatusForDevice
08-30 00:52:15.926 1894 2581 D HeadsetService: isAudioOn: The number of audio connected devices 0
08-30 00:52:15.926 1894 2581 D HeadsetService: isScoOrCallActive(): Call Active:falseCall is Ringing:falseSCO is Active:false
08-30 00:52:15.926 1894 2581 D HeadsetService: isAudioOn: The number of audio connected devices 0
08-30 00:52:15.926 1894 2581 I Avrcp_ext: updatePlayStatusForDevice: device: null
08-30 00:52:15.926 1894 2581 V Avrcp_ext: updatePlaybackState (1): old=PlaybackState {state=2, position=-1, buffered position=0, speed=0.0, updated=63457, actions=0, custom actions=[], active item id=-1, error=null}(2), new=PlaybackState {state=2, position=-1, buffered position=0, speed=0.0, updated=63733, actions=0, custom actions=[], active item id=-1, error=null}(2)
08-30 00:52:15.926 1894 2581 I Avrcp_ext: Exit updatePlayStatusForDevice
08-30 00:52:15.926 1894 2581 D HeadsetService: isAudioOn: The number of audio connected devices 0
08-30 00:52:15.926 1894 2581 D HeadsetService: isScoOrCallActive(): Call Active:falseCall is Ringing:falseSCO is Active:false
08-30 00:52:15.926 1894 2581 D HeadsetService: isAudioOn: The number of audio connected devices 0
08-30 00:52:15.927 1894 2581 I Avrcp_ext: updatePlayStatusForDevice: device: null
08-30 00:52:15.927 1894 2615 D BluetoothPbapUtils: Failed to fetch contacts data from database..
08-30 00:52:15.927 1894 2535 W bt_l2cap: L2CAP - L2CA_Register() called for PSM: 0x1025
08-30 00:52:15.927 1894 2581 V Avrcp_ext: updatePlaybackState (1): old=PlaybackState {state=2, position=-1, buffered position=0, speed=0.0, updated=63457, actions=0, custom actions=[], active item id=-1, error=null}(2), new=PlaybackState {state=2, position=-1, buffered position=0, speed=0.0, updated=63733, actions=0, custom actions=[], active item id=-1, error=null}(2)
08-30 00:52:15.927 1894 2581 I Avrcp_ext: Exit updatePlayStatusForDevice
08-30 00:52:15.927 1894 2581 D HeadsetService: isAudioOn: The number of audio connected devices 0
08-30 00:52:15.927 1894 2581 D HeadsetService: isScoOrCallActive(): Call Active:falseCall is Ringing:falseSCO is Active:false
08-30 00:52:15.927 1894 2581 D HeadsetService: isAudioOn: The number of audio connected devices 0
08-30 00:52:15.927 1894 2608 D ObexServerSockets: Succeed to create listening sockets
08-30 00:52:15.928 1894 2608 D ObexServerSockets1: startAccept()
08-30 00:52:15.928 1894 2581 I Avrcp_ext: updatePlayStatusForDevice: device: null
08-30 00:52:15.928 1085 2609 D ReflectedParamUpdater: extent() != 1 for single value type: algo.buffers.max-count.values
08-30 00:52:15.928 1894 2581 V Avrcp_ext: updatePlaybackState (1): old=PlaybackState {state=2, position=-1, buffered position=0, speed=0.0, updated=63457, actions=0, custom actions=[], active item id=-1, error=null}(2), new=PlaybackState {state=2, position=-1, buffered position=0, speed=0.0, updated=63733, actions=0, custom actions=[], active item id=-1, error=null}(2)
08-30 00:52:15.928 1894 2581 I Avrcp_ext: Exit updatePlayStatusForDevice
08-30 00:52:15.928 1894 2581 D HeadsetService: isAudioOn: The number of audio connected devices 0
08-30 00:52:15.928 1894 2581 D HeadsetService: isScoOrCallActive(): Call Active:falseCall is Ringing:falseSCO is Active:false
08-30 00:52:15.928 1894 2581 D HeadsetService: isAudioOn: The number of audio connected devices 0
08-30 00:52:15.929 1894 2581 I Avrcp_ext: updatePlayStatusForDevice: device: null
08-30 00:52:15.929 1894 2581 V Avrcp_ext: updatePlaybackState (1): old=PlaybackState {state=2, position=-1, buffered position=0, speed=0.0, updated=63457, actions=0, custom actions=[], active item id=-1, error=null}(2), new=PlaybackState {state=2, position=-1, buffered position=0, speed=0.0, updated=63733, actions=0, custom actions=[], active item id=-1, error=null}(2)
08-30 00:52:15.929 1894 2581 I Avrcp_ext: Exit updatePlayStatusForDevice
08-30 00:52:15.929 1085 2612 I CCodec : Created component [c2.android.vorbis.decoder]
08-30 00:52:15.929 1894 2608 D BluetoothVendorService: getProfileInfo profile_id: 2
08-30 00:52:15.929 1894 2608 I BluetoothVendorJni: getProfileInfoNative
08-30 00:52:15.929 1894 2608 I bt_btif_vendor: get_profile_info :2
08-30 00:52:15.929 1894 2608 W bt_device_profile: profile_feature_fetch:profile 2
08-30 00:52:15.929 1894 2608 W bt_device_profile: profile_feature_fetch:PBAP_0102_SUPPORT found 1
08-30 00:52:15.929 1894 2608 D BluetoothVendorService: getProfileInfo profile_id: 2
08-30 00:52:15.929 1894 2608 I BluetoothVendorJni: getProfileInfoNative
08-30 00:52:15.930 1894 2608 I bt_btif_vendor: get_profile_info :2
08-30 00:52:15.929 1085 2609 D ReflectedParamUpdater: extent() != 1 for single value type: output.subscribed-indices.values
08-30 00:52:15.930 1894 2608 W bt_device_profile: profile_feature_fetch:profile 2
08-30 00:52:15.930 1894 2608 W bt_device_profile: profile_feature_fetch:USE_SIM_SUPPORT found 1
08-30 00:52:15.930 1894 2617 D ObexServerSockets1: Accepting socket connection...
08-30 00:52:15.930 1894 2608 D BluetoothPbapFixes: isSupportedPbap12: true
08-30 00:52:15.930 1085 2612 D CCodecConfig: read media type: audio/vorbis
08-30 00:52:15.930 1894 2608 D BluetoothPbapFixes: isSimSupported: true
08-30 00:52:15.930 1894 2608 D BluetoothPbapFixes: creating PBAP 1.1 record with sim support
08-30 00:52:15.930 1894 2608 D BluetoothSdpJni: sdpCreatePbapPseRecordNative
08-30 00:52:15.930 1085 2609 D ReflectedParamUpdater: extent() != 1 for single value type: input.buffers.allocator-ids.values
08-30 00:52:15.930 1894 2608 D BluetoothSdpJni: SDP Create record success - handle: 1
08-30 00:52:15.931 1085 2609 D ReflectedParamUpdater: extent() != 1 for single value type: output.buffers.allocator-ids.values
08-30 00:52:15.930 1894 2608 D BluetoothPbapService: created Sdp record, mSdpHandle=1
08-30 00:52:15.931 1085 2609 D ReflectedParamUpdater: extent() != 1 for single value type: algo.buffers.allocator-ids.values
08-30 00:52:15.932 1085 2609 D ReflectedParamUpdater: extent() != 1 for single value type: output.buffers.pool-ids.values
08-30 00:52:15.932 1894 1894 I BtOppService: handleMessage :300
08-30 00:52:15.932 1894 2581 D Avrcp_ext: Enter sendPlayPosNotificationRsp
08-30 00:52:15.933 1894 2581 D Avrcp_ext: sendPlayPosNotificationRsp: Not registered or requesting.
08-30 00:52:15.933 1894 2581 D Avrcp_ext: Enter sendPlayPosNotificationRsp
08-30 00:52:15.933 1894 2581 D Avrcp_ext: sendPlayPosNotificationRsp: Not registered or requesting.
08-30 00:52:15.933 1085 1744 E SupplicantStaIfaceHal: Can't call setupIface, ISupplicantStaIface is null for iface=wlan0
08-30 00:52:15.933 1894 2581 D Avrcp_ext: Enter sendPlayPosNotificationRsp
08-30 00:52:15.933 1894 2581 D Avrcp_ext: sendPlayPosNotificationRsp: Not registered or requesting.
08-30 00:52:15.933 1085 2609 D ReflectedParamUpdater: extent() != 1 for single value type: algo.buffers.pool-ids.values
08-30 00:52:15.933 1894 2581 D Avrcp_ext: Enter sendPlayPosNotificationRsp
08-30 00:52:15.933 1894 2581 D Avrcp_ext: sendPlayPosNotificationRsp: Not registered or requesting.
08-30 00:52:15.933 1894 2581 D Avrcp_ext: Enter sendPlayPosNotificationRsp
08-30 00:52:15.933 1894 2581 D Avrcp_ext: sendPlayPosNotificationRsp: Not registered or requesting.
08-30 00:52:15.933 1894 2581 V Avrcp_ext: Exit updatePlayerStateAndPosition
08-30 00:52:15.934 1894 2618 D ObexServerSockets1: Accepting socket connection...
08-30 00:52:15.934 1085 1085 I notification_cancel_all: [1002,1894,com.android.bluetooth,0,0,64,9,NULL]
08-30 00:52:15.935 1894 1894 W BluetoothAdapterService: onProfileServiceStateChange() - All profile services started..
08-30 00:52:15.935 1894 1894 D AdapterProperties: onBluetoothReady, state=TURNING_ON, ScanMode=20
08-30 00:52:15.937 1085 2609 I CCodecConfig: query failed after returning 7 values (BAD_INDEX)
08-30 00:52:15.937 1894 1894 D BluetoothAdapterService: updateUuids() - Updating UUIDs for bonded devices
08-30 00:52:15.937 1085 2609 D CCodecConfig: c2 config diff is Dict {
08-30 00:52:15.937 1085 2609 D CCodecConfig: c2::u32 coded.bitrate.value = 64000
08-30 00:52:15.937 1085 2609 D CCodecConfig: c2::u32 input.buffers.max-size.value = 32768
08-30 00:52:15.937 1085 2609 D CCodecConfig: c2::u32 input.delay.value = 0
08-30 00:52:15.937 1085 2609 D CCodecConfig: string input.media-type.value = "audio/vorbis"
08-30 00:52:15.937 1085 2609 D CCodecConfig: string output.media-type.value = "audio/raw"
08-30 00:52:15.937 1085 2609 D CCodecConfig: c2::u32 raw.channel-count.value = 1
08-30 00:52:15.937 1085 2609 D CCodecConfig: c2::u32 raw.sample-rate.value = 48000
08-30 00:52:15.937 1085 2609 D CCodecConfig: }
08-30 00:52:15.938 1894 1894 I BluetoothAdapterService: initProfileServices: Initializing all bluetooth profile services
08-30 00:52:15.938 1894 1894 I BluetoothA2dpSinkServiceJni: classInitNative: succeeds
08-30 00:52:15.938 1894 1894 D HeadsetService: getHeadsetService(): returning com.android.bluetooth.hfp.HeadsetService@1fa9427
08-30 00:52:15.938 1894 1894 W HeadsetClientService: getHeadsetClientService(): service is null
08-30 00:52:15.938 1894 1894 W MapClientService: getMapClientService(): service is null
08-30 00:52:15.938 1085 2609 D CCodec : [c2.android.vorbis.decoder] buffers are bound to CCodec for this session
08-30 00:52:15.938 1894 1894 D HidDeviceService: getHidDeviceService(): service is NULL
08-30 00:52:15.938 1085 2609 D CCodecConfig: no c2 equivalents for durationUs
08-30 00:52:15.938 1894 1894 W PbapClientService: getPbapClientService(): service is null
08-30 00:52:15.938 1085 2609 D CCodecConfig: no c2 equivalents for track-id
08-30 00:52:15.939 1894 1894 W BluetoothGroupService: getGroupService(): service is NULL
08-30 00:52:15.938 1085 2609 D CCodecConfig: no c2 equivalents for csd-1
08-30 00:52:15.939 1085 2609 D CCodecConfig: no c2 equivalents for language
08-30 00:52:15.939 1085 2609 D CCodecConfig: no c2 equivalents for file-format
08-30 00:52:15.939 1894 2049 I AdapterState: ON : entered
08-30 00:52:15.939 1085 2609 D CCodecConfig: no c2 equivalents for flags
08-30 00:52:15.939 1894 2049 D AdapterProperties: Setting state to ON
08-30 00:52:15.940 1085 1744 I android_os_HwBinder: HwBinder: Starting thread pool for getting: android.hardware.wifi.supplicant@1.0::ISupplicant/default
08-30 00:52:15.940 1894 2131 D AdapterProperties: Scan Mode:21
08-30 00:52:15.940 1894 2131 D AdapterProperties: Discoverable Timeout:120
08-30 00:52:15.941 1894 2131 D AdapterProperties: mLocalIOCapability set to 1
08-30 00:52:15.941 1894 2131 D AdapterProperties: mLocalIOCapabilityBLE set to 4
08-30 00:52:15.941 1894 2131 I btif_av : isBATEnabled: 0
08-30 00:52:15.941 1894 2131 E bt_btif : bta_av_co_get_active_peer: peer index out of bounds: 5
08-30 00:52:15.941 1894 2131 E bt_btif : btif_av_is_split_a2dp_enabled: No active peer codec config found, by default splitmode
08-30 00:52:15.942 1894 2049 D BluetoothAdapterService: updateAdapterState() - Broadcasting state ON to 1 receivers.
08-30 00:52:15.943 1085 1194 D BluetoothManagerService: MESSAGE_BLUETOOTH_STATE_CHANGE: TURNING_ON > ON
08-30 00:52:15.943 1085 1194 D BluetoothManagerService: Broadcasting onBluetoothStateChange(true) to 10 receivers.
08-30 00:52:15.944 2584 2584 D wpa_supplicant: Override interface parameter: ctrl_interface ('(null)' -> '/data/vendor/wifi/wpa/sockets')
08-30 00:52:15.944 2584 2584 D wpa_supplicant: Initializing interface 'wlan0' conf '/data/vendor/wifi/wpa/wpa_supplicant.conf' driver 'nl80211' ctrl_interface '/data/vendor/wifi/wpa/sockets' bridge 'N/A'
08-30 00:52:15.944 2584 2584 D wpa_supplicant: Configuration file '/data/vendor/wifi/wpa/wpa_supplicant.conf' -> '/data/vendor/wifi/wpa/wpa_supplicant.conf'
08-30 00:52:15.944 2584 2584 D wpa_supplicant: Reading configuration file '/data/vendor/wifi/wpa/wpa_supplicant.conf'
08-30 00:52:15.944 1085 1194 D BluetoothHeadset: onBluetoothStateChange: up=true
08-30 00:52:15.944 1914 2595 D BluetoothHearingAid: Binding service...
