08-30 00:52:10.939 1085 1085 I SystemServerTiming: OnBootPhase_550_com.android.server.security.KeyChainSystemService
08-30 00:52:10.939 1085 1085 D SystemServerTiming: OnBootPhase_550_com.android.server.security.KeyChainSystemService took to complete: 0ms
08-30 00:52:10.939 1085 1085 I SystemServerTiming: OnBootPhase_550_com.android.server.telecom.TelecomLoaderService
08-30 00:52:10.946 1085 1085 W ActivityManager: Too early to start/bind service in system_server: Phase=550 ComponentInfo{com.android.server.telecom/com.android.server.telecom.components.TelecomService}
08-30 00:52:10.947 1085 1085 D CompatibilityChangeReporter: Compat change id reported: 168419799; UID 1000; state: DISABLED
08-30 00:52:10.948 1085 1085 W ActivityManager: Too early to start/bind service in system_server: Phase=550 ComponentInfo{com.android.server.telecom/com.android.server.telecom.components.TelecomService}
08-30 00:52:10.948 1085 1085 D SystemServerTiming: OnBootPhase_550_com.android.server.telecom.TelecomLoaderService took to complete: 9ms
08-30 00:52:10.948 1085 1085 I SystemServerTiming: OnBootPhase_550_com.android.server.accounts.AccountManagerService$Lifecycle
08-30 00:52:10.948 1085 1085 D SystemServerTiming: OnBootPhase_550_com.android.server.accounts.AccountManagerService$Lifecycle took to complete: 0ms
08-30 00:52:10.948 1085 1085 I SystemServerTiming: OnBootPhase_550_com.android.server.content.ContentService$Lifecycle
08-30 00:52:10.951 1085 1085 I SyncManager: No initial accounts
08-30 00:52:10.961 1085 1085 D SystemServerTiming: OnBootPhase_550_com.android.server.content.ContentService$Lifecycle took to complete: 13ms
08-30 00:52:10.961 1085 1085 I SystemServerTiming: OnBootPhase_550_com.android.server.DropBoxManagerService
08-30 00:52:10.961 1085 1085 D SystemServerTiming: OnBootPhase_550_com.android.server.DropBoxManagerService took to complete: 0ms
08-30 00:52:10.961 1085 1085 I SystemServerTiming: OnBootPhase_550_com.android.role.RoleService
08-30 00:52:10.961 1085 1085 D SystemServerTiming: OnBootPhase_550_com.android.role.RoleService took to complete: 0ms
08-30 00:52:10.961 1085 1085 I SystemServerTiming: OnBootPhase_550_com.android.server.vibrator.VibratorManagerService$Lifecycle
08-30 00:52:10.961 1085 1085 D SystemServerTiming: OnBootPhase_550_com.android.server.vibrator.VibratorManagerService$Lifecycle took to complete: 0ms
08-30 00:52:10.961 1085 1085 I SystemServerTiming: OnBootPhase_550_com.android.server.alarm.AlarmManagerService
08-30 00:52:10.962 1085 1085 D SystemServerTiming: OnBootPhase_550_com.android.server.alarm.AlarmManagerService took to complete: 0ms
08-30 00:52:10.962 1085 1085 I SystemServerTiming: OnBootPhase_550_com.android.server.devicestate.DeviceStateManagerService
08-30 00:52:10.962 1085 1085 D SystemServerTiming: OnBootPhase_550_com.android.server.devicestate.DeviceStateManagerService took to complete: 0ms
08-30 00:52:10.962 1085 1085 I SystemServerTiming: OnBootPhase_550_com.android.server.camera.CameraServiceProxy
08-30 00:52:10.962 1085 1085 D SystemServerTiming: OnBootPhase_550_com.android.server.camera.CameraServiceProxy took to complete: 0ms
08-30 00:52:10.962 1085 1085 I SystemServerTiming: OnBootPhase_550_com.android.server.BluetoothService
08-30 00:52:10.962 1085 1085 D BluetoothManagerService: Bluetooth boot completed
08-30 00:52:10.962 1085 1085 D BluetoothManagerService: Auto-enabling Bluetooth.
08-30 00:52:10.965 1085 1194 D BluetoothManagerService: MESSAGE_ENABLE(0): mBluetooth = null
08-30 00:52:10.965 1085 1194 D BluetoothManagerService: MESSAGE_ENABLE: handleEnable
08-30 00:52:10.965 1085 1194 D BluetoothManagerService: binding Bluetooth service
08-30 00:52:10.967 1085 1194 I am_uid_running: 1002
08-30 00:52:10.968 1085 1194 D CompatibilityChangeReporter: Compat change id reported: 135634846; UID 1002; state: DISABLED
08-30 00:52:10.968 1085 1194 D CompatibilityChangeReporter: Compat change id reported: 177438394; UID 1002; state: DISABLED
08-30 00:52:10.969 1085 1194 D CompatibilityChangeReporter: Compat change id reported: 135772972; UID 1002; state: DISABLED
08-30 00:52:10.969 1085 1194 D CompatibilityChangeReporter: Compat change id reported: 135754954; UID 1002; state: ENABLED
08-30 00:52:10.970 1085 1194 D BluetoothManagerService: Binding BT service. Current user: 0
08-30 00:52:10.971 1085 1085 D SystemServerTiming: OnBootPhase_550_com.android.server.BluetoothService took to complete: 9ms
08-30 00:52:10.971 1085 1085 I SystemServerTiming: OnBootPhase_550_com.android.server.connectivity.IpConnectivityMetrics
08-30 00:52:10.971 1085 1085 D SystemServerTiming: OnBootPhase_550_com.android.server.connectivity.IpConnectivityMetrics took to complete: 0ms
08-30 00:52:10.971 1085 1085 I SystemServerTiming: OnBootPhase_550_com.android.server.net.watchlist.NetworkWatchlistService$Lifecycle
08-30 00:52:10.973 1085 1085 D SystemServerTiming: OnBootPhase_550_com.android.server.net.watchlist.NetworkWatchlistService$Lifecycle took to complete: 2ms
08-30 00:52:10.973 1085 1085 I SystemServerTiming: OnBootPhase_550_com.android.server.PinnerService
08-30 00:52:10.973 1085 1085 D SystemServerTiming: OnBootPhase_550_com.android.server.PinnerService took to complete: 0ms
08-30 00:52:10.973 1085 1085 I SystemServerTiming: OnBootPhase_550_com.google.android.startop.iorap.IorapForwardingService
08-30 00:52:10.973 1085 1085 D SystemServerTiming: OnBootPhase_550_com.google.android.startop.iorap.IorapForwardingService took to complete: 0ms
08-30 00:52:10.973 1085 1085 I SystemServerTiming: OnBootPhase_550_com.android.server.ActivityTriggerService
08-30 00:52:10.973 1085 1085 D SystemServerTiming: OnBootPhase_550_com.android.server.ActivityTriggerService took to complete: 0ms
08-30 00:52:10.973 1085 1085 I SystemServerTiming: OnBootPhase_550_com.android.server.integrity.AppIntegrityManagerService
08-30 00:52:10.973 1085 1085 D SystemServerTiming: OnBootPhase_550_com.android.server.integrity.AppIntegrityManagerService took to complete: 0ms
08-30 00:52:10.973 1085 1085 I SystemServerTiming: OnBootPhase_550_com.android.server.inputmethod.InputMethodManagerService$Lifecycle
01-01 08:15:18.567 0 0 D cnss : Received QMI WLFW pin connect result indication
01-01 08:15:18.567 0 0 D cnss : Pin connect Result: pwr_pin: 0x0 phy_io_pin: 0x0 rf_io_pin: 0x2b
01-01 08:15:18.567 0 0 D cnss : Received QMI WLFW calibration done indication
01-01 08:15:18.567 0 0 D cnss : Posting event: COLD_BOOT_CAL_DONE(6), state: 0xf flags: 0x0
01-01 08:15:18.567 0 0 D cnss : PM stay awake, state: 0xf, count: 1
01-01 08:15:18.567 0 0 D cnss : PM relax, state: 0xf, count: 0
01-01 08:15:18.567 0 0 D cnss : Received QMI WLFW FW ready indication
01-01 08:15:18.567 0 0 D cnss : Posting event: COLD_BOOT_CAL_DONE(6), state: 0xf flags: 0x0
01-01 08:15:18.568 0 0 D cnss : PM stay awake, state: 0xf, count: 1
01-01 08:15:18.568 0 0 D cnss : PM relax, state: 0xf, count: 0
01-01 08:15:18.568 0 0 D cnss : PM stay awake, state: 0xf, count: 1
01-01 08:15:18.568 0 0 D cnss : Processing driver event: COLD_BOOT_CAL_DONE(6), state: 0xf
01-01 08:15:18.568 0 0 D cnss : Calibration completed successfully
01-01 08:15:18.568 0 0 D cnss : Sending mode message, mode: OFF(4), state: 0xf
01-01 08:15:18.571 0 0 D cnss : Skip driver remove
01-01 08:15:18.572 0 0 D cnss : Read register offset 0x1f8031c, val = 0x2
01-01 08:15:18.572 0 0 D cnss : Write val 0x3 to register offset 0x1f8031c
01-01 08:15:18.572 0 0 D cnss : WLFW server exiting
01-01 08:15:18.572 0 0 D cnss : Posting event: SERVER_EXIT(1), state: 0x2000f flags: 0x0
01-01 08:15:18.574 0 0 D cnss : Setting MHI state: POWER_OFF(4)
08-30 00:52:11.052 1085 1085 W SystemServiceManager: Service com.android.server.inputmethod.InputMethodManagerService$Lifecycle took 79 ms in onBootPhase
08-30 00:52:11.053 1085 1085 D SystemServerTiming: OnBootPhase_550_com.android.server.inputmethod.InputMethodManagerService$Lifecycle took to complete: 79ms
08-30 00:52:11.053 1085 1085 I SystemServerTiming: OnBootPhase_550_com.android.server.accessibility.AccessibilityManagerService$Lifecycle
08-30 00:52:11.053 1085 1085 D SystemServerTiming: OnBootPhase_550_com.android.server.accessibility.AccessibilityManagerService$Lifecycle took to complete: 0ms
08-30 00:52:11.053 1085 1085 I SystemServerTiming: OnBootPhase_550_com.android.server.StorageManagerService$Lifecycle
08-30 00:52:11.053 1085 1085 D SystemServerTiming: OnBootPhase_550_com.android.server.StorageManagerService$Lifecycle took to complete: 0ms
08-30 00:52:11.053 1085 1085 I SystemServerTiming: OnBootPhase_550_com.android.server.usage.StorageStatsService$Lifecycle
08-30 00:52:11.053 1085 1085 D SystemServerTiming: OnBootPhase_550_com.android.server.usage.StorageStatsService$Lifecycle took to complete: 0ms
08-30 00:52:11.053 1085 1085 I SystemServerTiming: OnBootPhase_550_com.android.server.UiModeManagerService
08-30 00:52:11.053 1085 1085 D SystemServerTiming: OnBootPhase_550_com.android.server.UiModeManagerService took to complete: 0ms
08-30 00:52:11.053 1085 1085 I SystemServerTiming: OnBootPhase_550_com.android.server.locksettings.LockSettingsService$Lifecycle
08-30 00:52:11.055 1085 1085 I RebootEscrowManager: No reboot escrow data found for users, skipping loading escrow data
08-30 00:52:11.059 1085 1085 D SystemServerTiming: OnBootPhase_550_com.android.server.locksettings.LockSettingsService$Lifecycle took to complete: 5ms
08-30 00:52:11.059 1085 1085 I SystemServerTiming: OnBootPhase_550_com.android.server.PersistentDataBlockService
08-30 00:52:11.059 1085 1085 D SystemServerTiming: OnBootPhase_550_com.android.server.PersistentDataBlockService took to complete: 0ms
08-30 00:52:11.059 1085 1085 I SystemServerTiming: OnBootPhase_550_com.android.server.testharness.TestHarnessModeService
08-30 00:52:11.059 1085 1085 D SystemServerTiming: OnBootPhase_550_com.android.server.testharness.TestHarnessModeService took to complete: 0ms
08-30 00:52:11.059 1085 1085 I SystemServerTiming: OnBootPhase_550_com.android.server.oemlock.OemLockService
08-30 00:52:11.059 1085 1085 D SystemServerTiming: OnBootPhase_550_com.android.server.oemlock.OemLockService took to complete: 0ms
08-30 00:52:11.059 1085 1085 I SystemServerTiming: OnBootPhase_550_com.android.server.DeviceIdleController
08-30 00:52:11.059 1085 1085 D SystemServerTiming: OnBootPhase_550_com.android.server.DeviceIdleController took to complete: 0ms
08-30 00:52:11.059 1085 1085 I SystemServerTiming: OnBootPhase_550_com.android.server.devicepolicy.DevicePolicyManagerService$Lifecycle
08-30 00:52:11.060 1085 1085 D SystemServerTiming: OnBootPhase_550_com.android.server.devicepolicy.DevicePolicyManagerService$Lifecycle took to complete: 0ms
08-30 00:52:11.060 1085 1085 I SystemServerTiming: OnBootPhase_550_com.android.server.texttospeech.TextToSpeechManagerService
08-30 00:52:11.060 1085 1085 D SystemServerTiming: OnBootPhase_550_com.android.server.texttospeech.TextToSpeechManagerService took to complete: 0ms
08-30 00:52:11.060 1085 1085 I SystemServerTiming: OnBootPhase_550_com.android.server.speech.SpeechRecognitionManagerService
08-30 00:52:11.060 1085 1085 D SystemServerTiming: OnBootPhase_550_com.android.server.speech.SpeechRecognitionManagerService took to complete: 0ms
08-30 00:52:11.060 1085 1085 I SystemServerTiming: OnBootPhase_550_com.android.server.searchui.SearchUiManagerService
08-30 00:52:11.060 1085 1085 D SystemServerTiming: OnBootPhase_550_com.android.server.searchui.SearchUiManagerService took to complete: 0ms
08-30 00:52:11.060 1085 1085 I SystemServerTiming: OnBootPhase_550_com.android.server.smartspace.SmartspaceManagerService
08-30 00:52:11.060 1085 1085 D SystemServerTiming: OnBootPhase_550_com.android.server.smartspace.SmartspaceManagerService took to complete: 0ms
08-30 00:52:11.060 1085 1085 I SystemServerTiming: OnBootPhase_550_com.android.server.graphics.fonts.FontManagerService$Lifecycle
08-30 00:52:11.060 1085 1085 D SystemServerTiming: OnBootPhase_550_com.android.server.graphics.fonts.FontManagerService$Lifecycle took to complete: 0ms
01-01 08:15:18.640 0 0 D cnss : Suspending PCI link
01-01 08:15:18.641 0 0 I msm_pcie_disable: PCIe: Assert the reset of endpoint of RC0.
01-01 08:15:18.641 0 0 D cnss : Setting MHI state: DEINIT(1)
01-01 08:15:18.641 0 0 D cnss : De-assert WLAN_EN GPIO successfully
01-01 08:15:18.641 0 0 D cnss : Regulator vdd-wlan-rfa2 is being disabled
01-01 08:15:18.641 0 0 D cnss : Regulator vdd-wlan-rfa1 is being disabled
01-01 08:15:18.642 0 0 D cnss : Regulator vdd-wlan-dig is being disabled
01-01 08:15:18.642 0 0 D cnss : Regulator vdd-wlan-aon is being disabled
01-01 08:15:18.642 0 0 D cnss : Regulator wlan-ant-switch is being disabled
01-01 08:15:18.642 0 0 D cnss : Regulator vdd-wlan-io is being disabled
08-30 00:52:11.060 1085 1085 I SystemServerTiming: OnBootPhase_550_com.android.server.textservices.TextServicesManagerService$Lifecycle
08-30 00:52:11.061 1085 1085 D SystemServerTiming: OnBootPhase_550_com.android.server.textservices.TextServicesManagerService$Lifecycle took to complete: 0ms
08-30 00:52:11.061 1085 1085 I SystemServerTiming: OnBootPhase_550_com.android.server.textclassifier.TextClassificationManagerService$Lifecycle
08-30 00:52:11.061 1085 1085 D SystemServerTiming: OnBootPhase_550_com.android.server.textclassifier.TextClassificationManagerService$Lifecycle took to complete: 0ms
08-30 00:52:11.061 1085 1085 I SystemServerTiming: OnBootPhase_550_com.android.server.NetworkScoreService$Lifecycle
08-30 00:52:11.061 1085 1085 D SystemServerTiming: OnBootPhase_550_com.android.server.NetworkScoreService$Lifecycle took to complete: 0ms
08-30 00:52:11.062 1085 1085 I SystemServerTiming: OnBootPhase_550_com.android.server.wifi.WifiService
08-30 00:52:11.062 1085 1085 D SystemServerTiming: OnBootPhase_550_com.android.server.wifi.WifiService took to complete: 0ms
08-30 00:52:11.062 1085 1085 I SystemServerTiming: OnBootPhase_550_com.android.server.wifi.scanner.WifiScanningService
08-30 00:52:11.062 1085 1085 D SystemServerTiming: OnBootPhase_550_com.android.server.wifi.scanner.WifiScanningService took to complete: 0ms
08-30 00:52:11.062 1085 1085 I SystemServerTiming: OnBootPhase_550_com.android.server.wifi.rtt.RttService
08-30 00:52:11.062 1085 1085 D SystemServerTiming: OnBootPhase_550_com.android.server.wifi.rtt.RttService took to complete: 0ms
08-30 00:52:11.062 1085 1085 I SystemServerTiming: OnBootPhase_550_com.android.server.wifi.aware.WifiAwareService
08-30 00:52:11.062 1085 1085 D SystemServerTiming: OnBootPhase_550_com.android.server.wifi.aware.WifiAwareService took to complete: 0ms
08-30 00:52:11.062 1085 1085 I SystemServerTiming: OnBootPhase_550_com.android.server.wifi.p2p.WifiP2pService
08-30 00:52:11.062 1085 1085 D SystemServerTiming: OnBootPhase_550_com.android.server.wifi.p2p.WifiP2pService took to complete: 0ms
08-30 00:52:11.062 1085 1085 I SystemServerTiming: OnBootPhase_550_com.android.server.ethernet.EthernetService
08-30 00:52:11.062 1085 1085 D SystemServerTiming: OnBootPhase_550_com.android.server.ethernet.EthernetService took to complete: 0ms
08-30 00:52:11.062 1085 1085 I SystemServerTiming: OnBootPhase_550_com.android.server.ConnectivityServiceInitializer
08-30 00:52:11.062 1085 1085 D SystemServerTiming: OnBootPhase_550_com.android.server.ConnectivityServiceInitializer took to complete: 0ms
08-30 00:52:11.062 1085 1085 I SystemServerTiming: OnBootPhase_550_com.android.server.notification.NotificationManagerService
08-30 00:52:11.062 1085 1085 D SystemServerTiming: OnBootPhase_550_com.android.server.notification.NotificationManagerService took to complete: 0ms
08-30 00:52:11.062 1085 1085 I SystemServerTiming: OnBootPhase_550_com.android.server.storage.DeviceStorageMonitorService
08-30 00:52:11.063 1085 1085 D SystemServerTiming: OnBootPhase_550_com.android.server.storage.DeviceStorageMonitorService took to complete: 0ms
08-30 00:52:11.063 1085 1085 I SystemServerTiming: OnBootPhase_550_com.android.server.location.LocationManagerService$Lifecycle
08-30 00:52:11.063 1085 1085 D SystemServerTiming: OnBootPhase_550_com.android.server.location.LocationManagerService$Lifecycle took to complete: 0ms
08-30 00:52:11.063 1085 1085 I SystemServerTiming: OnBootPhase_550_com.android.server.timedetector.TimeDetectorService$Lifecycle
08-30 00:52:11.063 1085 1085 D SystemServerTiming: OnBootPhase_550_com.android.server.timedetector.TimeDetectorService$Lifecycle took to complete: 0ms
08-30 00:52:11.063 1085 1085 I SystemServerTiming: OnBootPhase_550_com.android.server.timezonedetector.TimeZoneDetectorService$Lifecycle
08-30 00:52:11.063 1085 1085 D SystemServerTiming: OnBootPhase_550_com.android.server.timezonedetector.TimeZoneDetectorService$Lifecycle took to complete: 0ms
08-30 00:52:11.063 1085 1085 I SystemServerTiming: OnBootPhase_550_com.android.server.timezonedetector.location.LocationTimeZoneManagerService$Lifecycle
08-30 00:52:11.063 1085 1085 D SystemServerTiming: OnBootPhase_550_com.android.server.timezonedetector.location.LocationTimeZoneManagerService$Lifecycle took to complete: 0ms
08-30 00:52:11.063 1085 1085 I SystemServerTiming: OnBootPhase_550_com.android.server.search.SearchManagerService$Lifecycle
08-30 00:52:11.063 1085 1085 D SystemServerTiming: OnBootPhase_550_com.android.server.search.SearchManagerService$Lifecycle took to complete: 0ms
08-30 00:52:11.063 1085 1085 I SystemServerTiming: OnBootPhase_550_com.android.server.wallpaper.WallpaperManagerService$Lifecycle
08-30 00:52:11.069 1085 1212 W ActivityManager: Slow operation: 101ms so far, now at startProcess: returned from zygote!
08-30 00:52:11.069 1085 1212 W ActivityManager: Slow operation: 102ms so far, now at startProcess: done updating battery stats
08-30 00:52:11.069 1085 1212 I am_proc_start: [0,1894,1002,com.android.bluetooth,service,{com.android.bluetooth/com.android.bluetooth.btservice.AdapterService}]
08-30 00:52:11.069 1085 1212 W ActivityManager: Slow operation: 102ms so far, now at startProcess: building log message
08-30 00:52:11.069 1085 1212 I ActivityManager: Start proc 1894:com.android.bluetooth/1002 for service {com.android.bluetooth/com.android.bluetooth.btservice.AdapterService}
08-30 00:52:11.069 1085 1212 W ActivityManager: Slow operation: 102ms so far, now at startProcess: starting to update pids map
08-30 00:52:11.069 1085 1085 I WallpaperManagerService: No static wallpaper imagery; defaults will be shown
08-30 00:52:11.070 1085 1085 V WallpaperManagerService: bindWallpaperComponentLocked: componentName=ComponentInfo{com.android.systemui/com.android.systemui.ImageWallpaper}
08-30 00:52:11.070 1085 1212 W ActivityManager: Slow operation: 103ms so far, now at startProcess: done updating pids map
08-30 00:52:11.073 1085 1085 I am_uid_running: 10087
08-30 00:52:11.074 1085 1085 D CompatibilityChangeReporter: Compat change id reported: 135634846; UID 10087; state: DISABLED
08-30 00:52:11.074 1085 1085 D CompatibilityChangeReporter: Compat change id reported: 177438394; UID 10087; state: DISABLED
08-30 00:52:11.075 1085 1085 D CompatibilityChangeReporter: Compat change id reported: 135772972; UID 10087; state: DISABLED
08-30 00:52:11.075 1085 1085 D CompatibilityChangeReporter: Compat change id reported: 135754954; UID 10087; state: ENABLED
08-30 00:52:11.076 1085 1212 D CompatibilityChangeReporter: Compat change id reported: 143937733; UID 10087; state: ENABLED
08-30 00:52:11.083 1085 1085 W WallpaperManagerService: Invalid wallpaper data
08-30 00:52:11.083 1085 1085 E WallpaperManagerService: Unable to apply new wallpaper
08-30 00:52:11.084 1085 1085 D SystemServerTiming: OnBootPhase_550_com.android.server.wallpaper.WallpaperManagerService$Lifecycle took to complete: 21ms
08-30 00:52:11.084 1085 1085 I SystemServerTiming: OnBootPhase_550_com.android.server.audio.AudioService$Lifecycle
08-30 00:52:11.084 1085 1085 D SystemServerTiming: OnBootPhase_550_com.android.server.audio.AudioService$Lifecycle took to complete: 0ms
08-30 00:52:11.084 1085 1085 I SystemServerTiming: OnBootPhase_550_com.android.server.soundtrigger_middleware.SoundTriggerMiddlewareService$Lifecycle
08-30 00:52:11.084 1085 1085 D SystemServerTiming: OnBootPhase_550_com.android.server.soundtrigger_middleware.SoundTriggerMiddlewareService$Lifecycle took to complete: 0ms
08-30 00:52:11.084 1085 1085 I SystemServerTiming: OnBootPhase_550_com.android.server.DockObserver
08-30 00:52:11.084 1085 1085 D SystemServerTiming: OnBootPhase_550_com.android.server.DockObserver took to complete: 0ms
08-30 00:52:11.085 1085 1831 W BluetoothManagerService: bindBluetoothProfileService:Trying to bind to profile: 1, while Bluetooth is disabled
08-30 00:52:11.086 1085 1085 I SystemServerTiming: OnBootPhase_550_com.android.server.midi.MidiService$Lifecycle
08-30 00:52:11.086 1085 1085 D SystemServerTiming: OnBootPhase_550_com.android.server.midi.MidiService$Lifecycle took to complete: 0ms
08-30 00:52:11.086 1085 1085 I SystemServerTiming: OnBootPhase_550_com.android.server.adb.AdbService$Lifecycle
08-30 00:52:11.086 1085 1085 D SystemServerTiming: OnBootPhase_550_com.android.server.adb.AdbService$Lifecycle took to complete: 0ms
08-30 00:52:11.086 1085 1085 I SystemServerTiming: OnBootPhase_550_com.android.server.usb.UsbService$Lifecycle
08-30 00:52:11.086 1085 1085 D SystemServerTiming: OnBootPhase_550_com.android.server.usb.UsbService$Lifecycle took to complete: 0ms
08-30 00:52:11.086 1085 1085 I SystemServerTiming: OnBootPhase_550_com.android.server.twilight.TwilightService
08-30 00:52:11.086 1085 1085 D SystemServerTiming: OnBootPhase_550_com.android.server.twilight.TwilightService took to complete: 0ms
08-30 00:52:11.087 1085 1085 I SystemServerTiming: OnBootPhase_550_com.android.server.display.color.ColorDisplayService
08-30 00:52:11.087 1085 1085 D SystemServerTiming: OnBootPhase_550_com.android.server.display.color.ColorDisplayService took to complete: 0ms
08-30 00:52:11.087 1085 1085 I SystemServerTiming: OnBootPhase_550_com.android.server.job.JobSchedulerService
08-30 00:52:11.087 1085 1085 D SystemServerTiming: OnBootPhase_550_com.android.server.job.JobSchedulerService took to complete: 0ms
08-30 00:52:11.087 1085 1085 I SystemServerTiming: OnBootPhase_550_com.android.server.soundtrigger.SoundTriggerService
08-30 00:52:11.087 1085 1718 I SystemServerTimingAsync: InitThreadPoolExec:UsbService$Lifecycle#onBootPhase
08-30 00:52:11.087 1085 1718 D SystemServerInitThreadPool: Started executing UsbService$Lifecycle#onBootPhase
08-30 00:52:11.088 1085 1085 D SoundTriggerService: onBootPhase: 550 : false
08-30 00:52:11.088 1085 1085 D SystemServerTiming: OnBootPhase_550_com.android.server.soundtrigger.SoundTriggerService took to complete: 1ms
08-30 00:52:11.088 1085 1085 I SystemServerTiming: OnBootPhase_550_com.android.server.trust.TrustManagerService
08-30 00:52:11.088 1085 1085 D SystemServerTiming: OnBootPhase_550_com.android.server.trust.TrustManagerService took to complete: 0ms
08-30 00:52:11.088 1085 1085 I SystemServerTiming: OnBootPhase_550_com.android.server.backup.BackupManagerService$Lifecycle
08-30 00:52:11.088 1085 1085 D SystemServerTiming: OnBootPhase_550_com.android.server.backup.BackupManagerService$Lifecycle took to complete: 0ms
08-30 00:52:11.088 1085 1085 I SystemServerTiming: OnBootPhase_550_com.android.server.appwidget.AppWidgetService
08-30 00:52:11.088 1085 1085 D SystemServerTiming: OnBootPhase_550_com.android.server.appwidget.AppWidgetService took to complete: 0ms
08-30 00:52:11.088 1085 1085 I SystemServerTiming: OnBootPhase_550_com.android.server.voiceinteraction.VoiceInteractionManagerService
08-30 00:52:11.088 1085 1085 D SystemServerTiming: OnBootPhase_550_com.android.server.voiceinteraction.VoiceInteractionManagerService took to complete: 0ms
08-30 00:52:11.088 1085 1085 I SystemServerTiming: OnBootPhase_550_com.android.server.apphibernation.AppHibernationService
08-30 00:52:11.088 1085 1085 D SystemServerTiming: OnBootPhase_550_com.android.server.apphibernation.AppHibernationService took to complete: 0ms
08-30 00:52:11.088 1085 1085 I SystemServerTiming: OnBootPhase_550_com.android.server.GestureLauncherService
08-30 00:52:11.089 1085 1085 D SystemServerTiming: OnBootPhase_550_com.android.server.GestureLauncherService took to complete: 0ms
08-30 00:52:11.089 1085 1085 I SystemServerTiming: OnBootPhase_550_com.android.server.SensorNotificationService
08-30 00:52:11.089 1085 1085 D SystemServerTiming: OnBootPhase_550_com.android.server.SensorNotificationService took to complete: 0ms
08-30 00:52:11.089 1085 1085 I SystemServerTiming: OnBootPhase_550_com.android.server.emergency.EmergencyAffordanceService
08-30 00:52:11.089 1085 1085 D SystemServerTiming: OnBootPhase_550_com.android.server.emergency.EmergencyAffordanceService took to complete: 0ms
08-30 00:52:11.089 1085 1085 I SystemServerTiming: OnBootPhase_550_com.android.server.blob.BlobStoreManagerService
08-30 00:52:11.089 1085 1718 D SystemServerInitThreadPool: Finished executing UsbService$Lifecycle#onBootPhase
08-30 00:52:11.089 1085 1718 D SystemServerTimingAsync: InitThreadPoolExec:UsbService$Lifecycle#onBootPhase took to complete: 2ms
08-30 00:52:11.089 1085 1085 D SystemServerTiming: OnBootPhase_550_com.android.server.blob.BlobStoreManagerService took to complete: 0ms
08-30 00:52:11.089 1085 1085 I SystemServerTiming: OnBootPhase_550_com.android.server.dreams.DreamManagerService
08-30 00:52:11.089 1085 1085 D SystemServerTiming: OnBootPhase_550_com.android.server.dreams.DreamManagerService took to complete: 0ms
08-30 00:52:11.089 1085 1085 I SystemServerTiming: OnBootPhase_550_com.android.server.companion.CompanionDeviceManagerService
08-30 00:52:11.090 1085 1085 D SystemServerTiming: OnBootPhase_550_com.android.server.companion.CompanionDeviceManagerService took to complete: 0ms
08-30 00:52:11.090 1085 1085 I SystemServerTiming: OnBootPhase_550_com.android.server.restrictions.RestrictionsManagerService
08-30 00:52:11.090 1085 1085 D SystemServerTiming: OnBootPhase_550_com.android.server.restrictions.RestrictionsManagerService took to complete: 0ms
08-30 00:52:11.090 1085 1085 I SystemServerTiming: OnBootPhase_550_com.android.server.media.MediaSessionService
08-30 00:52:11.090 1085 1085 D SystemServerTiming: OnBootPhase_550_com.android.server.media.MediaSessionService took to complete: 0ms
08-30 00:52:11.090 1085 1085 I SystemServerTiming: OnBootPhase_550_com.android.server.media.MediaResourceMonitorService
08-30 00:52:11.090 1085 1085 D SystemServerTiming: OnBootPhase_550_com.android.server.media.MediaResourceMonitorService took to complete: 0ms
08-30 00:52:11.090 1085 1085 I SystemServerTiming: OnBootPhase_550_com.android.server.biometrics.sensors.fingerprint.FingerprintService
08-30 00:52:11.090 1085 1085 D SystemServerTiming: OnBootPhase_550_com.android.server.biometrics.sensors.fingerprint.FingerprintService took to complete: 0ms
08-30 00:52:11.090 1085 1085 I SystemServerTiming: OnBootPhase_550_com.android.server.biometrics.BiometricService
08-30 00:52:11.090 1085 1085 D SystemServerTiming: OnBootPhase_550_com.android.server.biometrics.BiometricService took to complete: 0ms
08-30 00:52:11.090 1085 1085 I SystemServerTiming: OnBootPhase_550_com.android.server.biometrics.AuthService
08-30 00:52:11.091 1085 1085 D SystemServerTiming: OnBootPhase_550_com.android.server.biometrics.AuthService took to complete: 0ms
08-30 00:52:11.091 1085 1085 I SystemServerTiming: OnBootPhase_550_com.android.server.pm.ShortcutService$Lifecycle
08-30 00:52:11.091 1085 1085 D SystemServerTiming: OnBootPhase_550_com.android.server.pm.ShortcutService$Lifecycle took to complete: 0ms
08-30 00:52:11.091 1085 1085 I SystemServerTiming: OnBootPhase_550_com.android.server.pm.LauncherAppsService
08-30 00:52:11.091 1085 1085 D SystemServerTiming: OnBootPhase_550_com.android.server.pm.LauncherAppsService took to complete: 0ms
08-30 00:52:11.091 1085 1085 I SystemServerTiming: OnBootPhase_550_com.android.server.pm.CrossProfileAppsService
08-30 00:52:11.091 1085 1085 D SystemServerTiming: OnBootPhase_550_com.android.server.pm.CrossProfileAppsService took to complete: 0ms
08-30 00:52:11.091 1085 1085 I SystemServerTiming: OnBootPhase_550_com.android.server.people.PeopleService
08-30 00:52:11.091 1085 1085 D SystemServerTiming: OnBootPhase_550_com.android.server.people.PeopleService took to complete: 0ms
08-30 00:52:11.091 1085 1085 I SystemServerTiming: OnBootPhase_550_com.android.server.media.metrics.MediaMetricsManagerService
08-30 00:52:11.091 1085 1085 D SystemServerTiming: OnBootPhase_550_com.android.server.media.metrics.MediaMetricsManagerService took to complete: 0ms
08-30 00:52:11.091 1085 1085 I SystemServerTiming: OnBootPhase_550_com.android.server.media.projection.MediaProjectionManagerService
08-30 00:52:11.091 1085 1085 D SystemServerTiming: OnBootPhase_550_com.android.server.media.projection.MediaProjectionManagerService took to complete: 0ms
08-30 00:52:11.091 1085 1085 I SystemServerTiming: OnBootPhase_550_com.android.server.slice.SliceManagerService$Lifecycle
08-30 00:52:11.091 1085 1085 D SystemServerTiming: OnBootPhase_550_com.android.server.slice.SliceManagerService$Lifecycle took to complete: 0ms
08-30 00:52:11.092 1085 1085 I SystemServerTiming: OnBootPhase_550_com.android.server.stats.StatsCompanion$Lifecycle
08-30 00:52:11.092 1085 1085 D SystemServerTiming: OnBootPhase_550_com.android.server.stats.StatsCompanion$Lifecycle took to complete: 0ms
08-30 00:52:11.092 1085 1085 I SystemServerTiming: OnBootPhase_550_com.android.server.scheduling.RebootReadinessManagerService$Lifecycle
08-30 00:52:11.092 1085 1693 I UsbPortManager: ClientCallback V1_2:
08-30 00:52:11.092 1085 1085 D SystemServerTiming: OnBootPhase_550_com.android.server.scheduling.RebootReadinessManagerService$Lifecycle took to complete: 0ms
08-30 00:52:11.092 1085 1085 I SystemServerTiming: OnBootPhase_550_com.android.server.stats.pull.StatsPullAtomService
08-30 00:52:11.092 1085 1085 D SystemServerTiming: OnBootPhase_550_com.android.server.stats.pull.StatsPullAtomService took to complete: 0ms
08-30 00:52:11.092 1085 1085 I SystemServerTiming: OnBootPhase_550_com.android.server.incident.IncidentCompanionService
08-30 00:52:11.092 1085 1085 D SystemServerTiming: OnBootPhase_550_com.android.server.incident.IncidentCompanionService took to complete: 0ms
08-30 00:52:11.093 1085 1085 I SystemServerTiming: OnBootPhase_550_com.android.server.MmsServiceBroker
08-30 00:52:11.093 1085 1085 D SystemServerTiming: OnBootPhase_550_com.android.server.MmsServiceBroker took to complete: 0ms
08-30 00:52:11.094 1085 1085 I SystemServerTiming: OnBootPhase_550_com.android.server.autofill.AutofillManagerService
08-30 00:52:11.094 1085 1192 I UsbPortManager: USB port added: port=UsbPort{id=, supportedModes=nonesupportedContaminantProtectionModes=0supportsEnableContaminantPresenceProtection=falsesupportsEnableContaminantPresenceDetection=false, status=UsbPortStatus{connected=false, currentMode=none, currentPowerRole=no-power, currentDataRole=no-data, supportedRoleCombinations=[no-power:no-data], contaminantDetectionStatus=0, contaminantProtectionStatus=0}, canChangeMode=false, canChangePowerRole=false, canChangeDataRole=false, connectedAtMillis=0, lastConnectDurationMillis=0
08-30 00:52:11.095 1085 1085 D SystemServerTiming: OnBootPhase_550_com.android.server.autofill.AutofillManagerService took to complete: 0ms
08-30 00:52:11.095 1085 1085 I SystemServerTiming: OnBootPhase_550_com.android.server.clipboard.ClipboardService
08-30 00:52:11.095 1085 1085 D SystemServerTiming: OnBootPhase_550_com.android.server.clipboard.ClipboardService took to complete: 0ms
08-30 00:52:11.095 1085 1085 I SystemServerTiming: OnBootPhase_550_com.android.server.appbinding.AppBindingService$Lifecycle
08-30 00:52:11.096 1085 1085 I AppBindingService: Updating constants with: null
08-30 00:52:11.096 1085 1085 D SystemServerTiming: OnBootPhase_550_com.android.server.appbinding.AppBindingService$Lifecycle took to complete: 1ms
08-30 00:52:11.096 1085 1085 I SystemServerTiming: OnBootPhase_550_com.android.server.tracing.TracingServiceProxy
08-30 00:52:11.096 1085 1085 D SystemServerTiming: OnBootPhase_550_com.android.server.tracing.TracingServiceProxy took to complete: 0ms
08-30 00:52:11.096 1085 1085 I SystemServerTiming: OnBootPhase_550_com.android.server.policy.PermissionPolicyService
01-01 08:15:18.698 0 0 D cnss : Posting event: REGISTER_DRIVER(7)-sync, state: 0x20001 flags: 0x5
01-01 08:15:18.698 0 0 D cnss : Processing driver event: COLD_BOOT_CAL_DONE(6), state: 0x20001
01-01 08:15:18.698 0 0 D cnss : Processing driver event: SERVER_EXIT(1), state: 0x20001
01-01 08:15:18.698 0 0 I cnss : QMI WLFW service disconnected, state: 0x20000
08-30 00:52:11.119 1085 1085 I PackageManager: Permission ownership changed. Updating all permissions.
01-01 08:15:18.709 0 0 D cnss : Processing driver event: REGISTER_DRIVER-sync(7), state: 0x0
01-01 08:15:18.709 0 0 D cnss : Regulator vdd-wlan-io is being enabled
01-01 08:15:18.709 0 0 D cnss : Regulator wlan-ant-switch is being enabled
01-01 08:15:18.710 0 0 D cnss : Regulator vdd-wlan-aon is being enabled
01-01 08:15:18.711 0 0 I nf_conntrack: default automatic helper assignment has been turned off for security reasons and CT-based firewall rule not found. Use the iptables CT target to attach helpers instead.
01-01 08:15:18.712 0 0 D cnss : Regulator vdd-wlan-dig is being enabled
01-01 08:15:18.713 0 0 D cnss : Regulator vdd-wlan-rfa1 is being enabled
01-01 08:15:18.715 0 0 D cnss : Regulator vdd-wlan-rfa2 is being enabled
01-01 08:15:18.715 0 0 D cnss : BT_EN_GPIO State: Off. Delay WLAN_GPIO enable
08-30 00:52:11.142 1085 1085 D SystemServerTiming: OnBootPhase_550_com.android.server.policy.PermissionPolicyService took to complete: 46ms
08-30 00:52:11.142 1085 1085 I SystemServerTiming: OnBootPhase_550_com.android.server.pm.StagingManager$Lifecycle
08-30 00:52:11.142 1085 1085 D SystemServerTiming: OnBootPhase_550_com.android.server.pm.StagingManager$Lifecycle took to complete: 0ms
08-30 00:52:11.142 1085 1085 I SystemServerTiming: OnBootPhase_550_com.android.server.app.GameManagerService$Lifecycle
08-30 00:52:11.142 1085 1085 D SystemServerTiming: OnBootPhase_550_com.android.server.app.GameManagerService$Lifecycle took to complete: 0ms
08-30 00:52:11.142 1085 1085 I SystemServerTiming: OnBootPhase_550_com.android.server.appsearch.AppSearchManagerService
08-30 00:52:11.142 1085 1085 D SystemServerTiming: OnBootPhase_550_com.android.server.appsearch.AppSearchManagerService took to complete: 0ms
08-30 00:52:11.142 1085 1085 I SystemServerTiming: OnBootPhase_550_com.android.server.media.MediaCommunicationService
08-30 00:52:11.142 1085 1085 D SystemServerTiming: OnBootPhase_550_com.android.server.media.MediaCommunicationService took to complete: 0ms
08-30 00:52:11.142 1085 1085 D SystemServerTiming: OnBootPhase_550 took to complete: 213ms
08-30 00:52:11.142 1085 1085 D SystemServerTiming: StartActivityManagerReadyPhase took to complete: 213ms
08-30 00:52:11.143 1085 1085 I SystemServerTiming: StartObservingNativeCrashes
08-30 00:52:11.143 1085 1085 D SystemServerTiming: StartObservingNativeCrashes took to complete: 0ms
08-30 00:52:11.143 1085 1085 I SystemServerTiming: RegisterAppOpsPolicy
08-30 00:52:11.145 1085 1085 D SystemServerTiming: RegisterAppOpsPolicy took to complete: 2ms
08-30 00:52:11.145 1085 1085 I SystemServerTiming: MakeNetworkManagementServiceReady
08-30 00:52:11.146 1085 1688 I SystemServerTimingAsync: InitThreadPoolExec:WebViewFactoryPreparation
08-30 00:52:11.146 1085 1688 D SystemServerInitThreadPool: Started executing WebViewFactoryPreparation
08-30 00:52:11.146 1085 1688 I SystemServer: WebViewFactoryPreparation
08-30 00:52:11.146 1085 1688 I SystemServerTimingAsync: WebViewFactoryPreparation
08-30 00:52:11.152 1085 1085 D SystemServerTiming: MakeNetworkManagementServiceReady took to complete: 7ms
08-30 00:52:11.152 1085 1085 I SystemServerTiming: MakeIpSecServiceReady
08-30 00:52:11.154 1085 1688 I am_uid_running: 1037
08-30 00:52:11.155 1085 1688 D CompatibilityChangeReporter: Compat change id reported: 135634846; UID 1000; state: DISABLED
08-30 00:52:11.155 1085 1688 D CompatibilityChangeReporter: Compat change id reported: 177438394; UID 1000; state: DISABLED
08-30 00:52:11.155 1085 1688 D CompatibilityChangeReporter: Compat change id reported: 135772972; UID 1000; state: DISABLED
08-30 00:52:11.155 1085 1688 D CompatibilityChangeReporter: Compat change id reported: 178038272; UID 1000; state: DISABLED
08-30 00:52:11.156 1085 1085 D IpSecService: IpSecService is ready
08-30 00:52:11.156 1085 1085 D SystemServerTiming: MakeIpSecServiceReady took to complete: 4ms
08-30 00:52:11.157 1085 1085 I SystemServerTiming: MakeNetworkStatsServiceReady
08-30 00:52:11.157 1085 1688 D SystemServerTimingAsync: WebViewFactoryPreparation took to complete: 11ms
08-30 00:52:11.157 1085 1688 D SystemServerInitThreadPool: Finished executing WebViewFactoryPreparation
08-30 00:52:11.157 1085 1688 D SystemServerTimingAsync: InitThreadPoolExec:WebViewFactoryPreparation took to complete: 11ms
08-30 00:52:11.164 1085 1738 I commit_sys_config_file: [net-policy,7]
08-30 00:52:11.164 1085 1738 W NetworkPolicy: setRestrictBackgroundUL: already false
01-01 08:15:18.771 0 0 I binder : 1894:1894 ioctl 40046210 7fc01e2b14 returned -22
08-30 00:52:11.181 1085 1212 W ActivityManager: Slow operation: 107ms so far, now at startProcess: returned from zygote!
08-30 00:52:11.182 1085 1212 W ActivityManager: Slow operation: 108ms so far, now at startProcess: done updating battery stats
08-30 00:52:11.182 1085 1212 I am_proc_start: [0,1914,10087,com.android.systemui,service,{com.android.systemui/com.android.systemui.ImageWallpaper}]
08-30 00:52:11.182 1085 1212 W ActivityManager: Slow operation: 108ms so far, now at startProcess: building log message
08-30 00:52:11.182 1085 1212 I ActivityManager: Start proc 1914:com.android.systemui/u0a87 for service {com.android.systemui/com.android.systemui.ImageWallpaper}
08-30 00:52:11.183 1085 1212 W ActivityManager: Slow operation: 108ms so far, now at startProcess: starting to update pids map
08-30 00:52:11.183 1085 1212 W ActivityManager: Slow operation: 109ms so far, now at startProcess: done updating pids map
08-30 00:52:11.190 1085 1738 D TelephonyRegistry: listen oscl: mHasNotifySubscriptionInfoChangedOccurred==false no callback
08-30 00:52:11.199 1085 1737 D TelephonyRegistry: listen oscl: mHasNotifySubscriptionInfoChangedOccurred==false no callback
08-30 00:52:11.202 1085 1886 I am_proc_bound: [0,1894,com.android.bluetooth]
08-30 00:52:11.204 1085 1085 D SystemServerTiming: MakeNetworkStatsServiceReady took to complete: 47ms
08-30 00:52:11.204 1085 1085 I SystemServerTiming: MakeConnectivityServiceReady
08-30 00:52:11.205 1085 1886 D CompatibilityChangeReporter: Compat change id reported: 168419799; UID 1002; state: DISABLED
08-30 00:52:11.234 1085 1886 I am_uid_active: 1002
01-01 08:15:18.819 0 0 D cnss : Assert WLAN_EN GPIO successfully
01-01 08:15:18.819 0 0 D cnss : Resuming PCI link
01-01 08:15:18.819 0 0 I msm_pcie_enable: PCIe: Assert the reset of endpoint of RC0.
01-01 08:15:18.826 0 0 I msm_pcie_enable: PCIe: RC0: PCIE20_PARF_INT_ALL_MASK: 0x7f80d202
01-01 08:15:18.828 0 0 I pcie_phy_init: PCIe RC0 PHY is ready!
01-01 08:15:18.839 0 0 I msm_pcie_enable: PCIe: Release the reset of endpoint of RC0.
08-30 00:52:11.266 1085 1085 D SystemServerTiming: MakeConnectivityServiceReady took to complete: 62ms
08-30 00:52:11.266 1085 1085 I SystemServerTiming: MakeVpnManagerServiceReady
08-30 00:52:11.274 1085 1085 D SystemServerTiming: MakeVpnManagerServiceReady took to complete: 8ms
08-30 00:52:11.274 1085 1085 I SystemServerTiming: MakeVcnManagementServiceReady
08-30 00:52:11.277 1085 1085 D TelephonyRegistry: listen oscl: mHasNotifySubscriptionInfoChangedOccurred==false no callback
01-01 08:15:18.856 0 0 I msm_pcie_link_train: PCIe RC0 link initialized
08-30 00:52:11.283 1085 1085 D SystemServerTiming: MakeVcnManagementServiceReady took to complete: 8ms
08-30 00:52:11.283 1085 1085 I SystemServerTiming: MakeNetworkPolicyServiceReady
08-30 00:52:11.284 1085 1085 D SystemServerTiming: MakeNetworkPolicyServiceReady took to complete: 1ms
08-30 00:52:11.285 1085 1085 I SystemServerTiming: PhaseThirdPartyAppsCanStart
08-30 00:52:11.285 1085 1085 I SystemServiceManager: Starting phase 600
08-30 00:52:11.285 1085 1085 I SystemServerTiming: OnBootPhase_600
08-30 00:52:11.285 1085 1085 I SystemServerTiming: OnBootPhase_600_com.android.server.security.FileIntegrityService
08-30 00:52:11.285 1085 1085 D SystemServerTiming: OnBootPhase_600_com.android.server.security.FileIntegrityService took to complete: 0ms
08-30 00:52:11.285 1085 1085 I SystemServerTiming: OnBootPhase_600_com.android.server.pm.Installer
08-30 00:52:11.285 1085 1085 D SystemServerTiming: OnBootPhase_600_com.android.server.pm.Installer took to complete: 0ms
08-30 00:52:11.285 1085 1085 I SystemServerTiming: OnBootPhase_600_com.android.server.os.DeviceIdentifiersPolicyService
08-30 00:52:11.285 1085 1085 D SystemServerTiming: OnBootPhase_600_com.android.server.os.DeviceIdentifiersPolicyService took to complete: 0ms
08-30 00:52:11.285 1085 1085 I SystemServerTiming: OnBootPhase_600_com.android.server.uri.UriGrantsManagerService$Lifecycle
08-30 00:52:11.286 1085 1085 D SystemServerTiming: OnBootPhase_600_com.android.server.uri.UriGrantsManagerService$Lifecycle took to complete: 0ms
08-30 00:52:11.286 1085 1085 I SystemServerTiming: OnBootPhase_600_com.android.server.powerstats.PowerStatsService
08-30 00:52:11.286 1085 1085 D SystemServerTiming: OnBootPhase_600_com.android.server.powerstats.PowerStatsService took to complete: 0ms
08-30 00:52:11.286 1085 1085 I SystemServerTiming: OnBootPhase_600_com.android.server.wm.ActivityTaskManagerService$Lifecycle
08-30 00:52:11.286 1085 1085 D SystemServerTiming: OnBootPhase_600_com.android.server.wm.ActivityTaskManagerService$Lifecycle took to complete: 0ms
08-30 00:52:11.286 1085 1085 I SystemServerTiming: OnBootPhase_600_com.android.server.am.ActivityManagerService$Lifecycle
01-01 08:15:18.873 0 0 I cnss_pci 0000: 01:00.0: enabling device (0000 -> 0002)
01-01 08:15:18.874 0 0 D cnss : Config PCIe remap window register to 0x4000003f
01-01 08:15:18.875 0 0 D cnss : Read register offset 0x1f8031c, val = 0x6
01-01 08:15:18.876 0 0 D cnss : Write val 0x2 to register offset 0x1f8031c
01-01 08:15:18.876 0 0 D cnss : Setting MHI state: INIT(0)
08-30 00:52:11.287 1085 1085 I ExplicitHealthCheckController: Explicit health checks enabled.
08-30 00:52:11.288 1085 1085 I PackageWatchdog: Syncing state, reason: health check state enabled
08-30 00:52:11.288 1085 1085 I PackageWatchdog: Discarding observer rollback-observer. All packages expired
08-30 00:52:11.289 1085 1085 D SystemServerTiming: OnBootPhase_600_com.android.server.am.ActivityManagerService$Lifecycle took to complete: 3ms
08-30 00:52:11.289 1085 1085 I SystemServerTiming: OnBootPhase_600_com.android.server.pm.DataLoaderManagerService
08-30 00:52:11.289 1085 1085 D SystemServerTiming: OnBootPhase_600_com.android.server.pm.DataLoaderManagerService took to complete: 0ms
08-30 00:52:11.289 1085 1085 I SystemServerTiming: OnBootPhase_600_com.android.server.power.PowerManagerService
08-30 00:52:11.292 1085 1085 D SystemServerTiming: OnBootPhase_600_com.android.server.power.PowerManagerService took to complete: 3ms
08-30 00:52:11.292 1085 1085 I SystemServerTiming: OnBootPhase_600_com.android.server.power.ThermalManagerService
08-30 00:52:11.292 1085 1085 D SystemServerTiming: OnBootPhase_600_com.android.server.power.ThermalManagerService took to complete: 0ms
08-30 00:52:11.292 1085 1085 I SystemServerTiming: OnBootPhase_600_com.android.server.power.hint.HintManagerService
08-30 00:52:11.292 1085 1085 D SystemServerTiming: OnBootPhase_600_com.android.server.power.hint.HintManagerService took to complete: 0ms
08-30 00:52:11.292 1085 1085 I SystemServerTiming: OnBootPhase_600_com.android.server.recoverysystem.RecoverySystemService$Lifecycle
08-30 00:52:11.293 1085 1085 D SystemServerTiming: OnBootPhase_600_com.android.server.recoverysystem.RecoverySystemService$Lifecycle took to complete: 0ms
08-30 00:52:11.293 1085 1085 I SystemServerTiming: OnBootPhase_600_com.android.server.lights.LightsService
08-30 00:52:11.293 1085 1085 D SystemServerTiming: OnBootPhase_600_com.android.server.lights.LightsService took to complete: 0ms
08-30 00:52:11.293 1085 1085 I SystemServerTiming: OnBootPhase_600_com.android.server.display.DisplayManagerService
08-30 00:52:11.293 1085 1085 D SystemServerTiming: OnBootPhase_600_com.android.server.display.DisplayManagerService took to complete: 0ms
08-30 00:52:11.293 1085 1085 I SystemServerTiming: OnBootPhase_600_com.android.server.pm.verify.domain.DomainVerificationService
08-30 00:52:11.293 1085 1085 D SystemServerTiming: OnBootPhase_600_com.android.server.pm.verify.domain.DomainVerificationService took to complete: 0ms
08-30 00:52:11.293 1085 1085 I SystemServerTiming: OnBootPhase_600_com.android.server.pm.PackageInstallerService$Lifecycle
08-30 00:52:11.293 1085 1085 D SystemServerTiming: OnBootPhase_600_com.android.server.pm.PackageInstallerService$Lifecycle took to complete: 0ms
08-30 00:52:11.293 1085 1085 I SystemServerTiming: OnBootPhase_600_com.android.server.pm.UserManagerService$LifeCycle
08-30 00:52:11.293 1085 1085 D SystemServerTiming: OnBootPhase_600_com.android.server.pm.UserManagerService$LifeCycle took to complete: 0ms
08-30 00:52:11.294 1085 1085 I SystemServerTiming: OnBootPhase_600_com.android.server.om.OverlayManagerService
08-30 00:52:11.294 1085 1085 D SystemServerTiming: OnBootPhase_600_com.android.server.om.OverlayManagerService took to complete: 0ms
08-30 00:52:11.294 1085 1085 I SystemServerTiming: OnBootPhase_600_com.android.server.SensorPrivacyService
08-30 00:52:11.294 1085 1085 D SystemServerTiming: OnBootPhase_600_com.android.server.SensorPrivacyService took to complete: 0ms
08-30 00:52:11.294 1085 1085 I SystemServerTiming: OnBootPhase_600_com.android.server.sensors.SensorService
08-30 00:52:11.295 1085 1085 D SystemServerTiming: OnBootPhase_600_com.android.server.sensors.SensorService took to complete: 0ms
08-30 00:52:11.295 1085 1085 I SystemServerTiming: OnBootPhase_600_com.android.server.SystemConfigService
08-30 00:52:11.295 1085 1085 D SystemServerTiming: OnBootPhase_600_com.android.server.SystemConfigService took to complete: 0ms
08-30 00:52:11.295 1085 1085 I SystemServerTiming: OnBootPhase_600_com.android.server.BatteryService
08-30 00:52:11.295 1085 1085 D SystemServerTiming: OnBootPhase_600_com.android.server.BatteryService took to complete: 0ms
08-30 00:52:11.295 1085 1085 I SystemServerTiming: OnBootPhase_600_com.android.server.usage.UsageStatsService
08-30 00:52:11.295 1085 1085 D SystemServerTiming: OnBootPhase_600_com.android.server.usage.UsageStatsService took to complete: 0ms
08-30 00:52:11.295 1085 1085 I SystemServerTiming: OnBootPhase_600_com.android.server.webkit.WebViewUpdateService
01-01 08:15:18.879 0 0 D cnss : Setting MHI state: POWER_ON(2)
08-30 00:52:11.296 1085 1085 D SystemServerTiming: OnBootPhase_600_com.android.server.webkit.WebViewUpdateService took to complete: 0ms
08-30 00:52:11.296 1085 1085 I SystemServerTiming: OnBootPhase_600_com.android.server.CachedDeviceStateService
08-30 00:52:11.296 1085 1085 D SystemServerTiming: OnBootPhase_600_com.android.server.CachedDeviceStateService took to complete: 0ms
08-30 00:52:11.296 1085 1085 I SystemServerTiming: OnBootPhase_600_com.android.server.BinderCallsStatsService$LifeCycle
08-30 00:52:11.296 1085 1085 D SystemServerTiming: OnBootPhase_600_com.android.server.BinderCallsStatsService$LifeCycle took to complete: 0ms
08-30 00:52:11.296 1085 1085 I SystemServerTiming: OnBootPhase_600_com.android.server.LooperStatsService$Lifecycle
08-30 00:52:11.296 1085 1085 D SystemServerTiming: OnBootPhase_600_com.android.server.LooperStatsService$Lifecycle took to complete: 0ms
08-30 00:52:11.297 1085 1085 I SystemServerTiming: OnBootPhase_600_com.android.server.rollback.RollbackManagerService
08-30 00:52:11.297 1085 1085 D SystemServerTiming: OnBootPhase_600_com.android.server.rollback.RollbackManagerService took to complete: 0ms
08-30 00:52:11.297 1085 1085 I SystemServerTiming: OnBootPhase_600_com.android.server.os.NativeTombstoneManagerService
08-30 00:52:11.297 1085 1085 D SystemServerTiming: OnBootPhase_600_com.android.server.os.NativeTombstoneManagerService took to complete: 0ms
08-30 00:52:11.298 1085 1085 I SystemServerTiming: OnBootPhase_600_com.android.server.os.BugreportManagerService
08-30 00:52:11.298 1085 1085 D SystemServerTiming: OnBootPhase_600_com.android.server.os.BugreportManagerService took to complete: 0ms
08-30 00:52:11.298 1085 1085 I SystemServerTiming: OnBootPhase_600_com.android.server.gpu.GpuService
08-30 00:52:11.298 1085 1085 D SystemServerTiming: OnBootPhase_600_com.android.server.gpu.GpuService took to complete: 0ms
08-30 00:52:11.298 1085 1085 I SystemServerTiming: OnBootPhase_600_com.android.server.security.KeyChainSystemService
08-30 00:52:11.299 1085 1085 D SystemServerTiming: OnBootPhase_600_com.android.server.security.KeyChainSystemService took to complete: 0ms
08-30 00:52:11.299 1085 1085 I SystemServerTiming: OnBootPhase_600_com.android.server.telecom.TelecomLoaderService
08-30 00:52:11.299 1085 1085 D SystemServerTiming: OnBootPhase_600_com.android.server.telecom.TelecomLoaderService took to complete: 0ms
08-30 00:52:11.299 1085 1085 I SystemServerTiming: OnBootPhase_600_com.android.server.accounts.AccountManagerService$Lifecycle
08-30 00:52:11.299 1085 1085 D SystemServerTiming: OnBootPhase_600_com.android.server.accounts.AccountManagerService$Lifecycle took to complete: 0ms
08-30 00:52:11.299 1085 1085 I SystemServerTiming: OnBootPhase_600_com.android.server.content.ContentService$Lifecycle
08-30 00:52:11.299 1085 1085 D SystemServerTiming: OnBootPhase_600_com.android.server.content.ContentService$Lifecycle took to complete: 0ms
08-30 00:52:11.300 1085 1085 I SystemServerTiming: OnBootPhase_600_com.android.server.DropBoxManagerService
