01-01 08:15:09.910 1085 1200 I SystemConfig: Reading permissions from /system/etc/permissions/com.android.location.provider.xml
01-01 08:15:09.911 1085 1085 D CompatConfig: Adding: com.android.server.compat.config.Change@81c124c
01-01 08:15:10.963 0 0 I qcom,camera ac50000.qcom,cci: qcom,cam-sensor2: Linked as a consumer to regulator.56
01-01 08:15:09.912 1085 1200 I SystemConfig: Reading permissions from /system/etc/permissions/com.android.media.remotedisplay.xml
01-01 08:15:09.912 1085 1085 D CompatConfig: Adding: com.android.server.compat.config.Change@6794faa
01-01 08:15:09.913 1085 1085 D CompatConfig: Adding: com.android.server.compat.config.Change@f68e79b
01-01 08:15:09.914 1085 1200 I SystemConfig: Reading permissions from /system/etc/permissions/android.software.live_wallpaper.xml
01-01 08:15:09.911 1198 1198 I auditd : type=1400 audit(0.0:17): avc: denied { write } for comm="mkdir" name="header" dev="configfs" ino=47634 scontext=u:r:vendor_qti_init_shell:s0 tcontext=u:object_r:configfs:s0 tclass=dir permissive=0
01-01 08:15:09.917 1085 1085 D CompatConfig: Adding: com.android.server.compat.config.Change@74c5311
01-01 08:15:10.968 0 0 I qcom,camera ac50000.qcom,cci: qcom,cam-sensor2: Linked as a consumer to regulator.54
01-01 08:15:09.918 1085 1085 D CompatConfig: Adding: com.android.server.compat.config.Change@cf4bc76
01-01 08:15:09.919 1085 1200 I SystemConfig: Reading permissions from /system/etc/permissions/uimremoteserver.xml
01-01 08:15:09.920 1085 1085 D CompatConfig: Adding: com.android.server.compat.config.Change@c485ee4
01-01 08:15:09.921 1085 1200 I SystemConfig: Reading permissions from /system/etc/permissions/com.android.mediadrm.signer.xml
01-01 08:15:09.923 1085 1200 I SystemConfig: Reading permissions from /system/etc/permissions/com.android.future.usb.accessory.xml
01-01 08:15:10.974 0 0 I qcom,camera ac50000.qcom,cci: qcom,cam-sensor2: Linked as a consumer to regulator.57
01-01 08:15:10.975 0 0 I qcom,camera ac50000.qcom,cci: qcom,cam-sensor2: Linked as a consumer to regulator.77
01-01 08:15:09.924 1085 1085 D CompatConfig: Adding: com.android.server.compat.config.Change@132af13
01-01 08:15:09.925 1085 1200 I SystemConfig: Reading permissions from /system/etc/permissions/android.test.mock.xml
01-01 08:15:09.925 1085 1085 D CompatConfig: Adding: com.android.server.compat.config.Change@efd5349
01-01 08:15:09.926 1085 1085 D CompatConfig: Adding: com.android.server.compat.config.Change@4b2e44e
01-01 08:15:09.927 1085 1200 I SystemConfig: Reading permissions from /system/etc/permissions/android.test.base.xml
01-01 08:15:09.927 1085 1085 D CompatConfig: Adding: com.android.server.compat.config.Change@3eea67c
01-01 08:15:09.928 1085 1085 D CompatConfig: Adding: com.android.server.compat.config.Change@33edb05
01-01 08:15:09.929 1085 1085 D CompatConfig: Adding: com.android.server.compat.config.Change@35cf75a
01-01 08:15:09.929 1085 1200 I SystemConfig: Reading permissions from /system/etc/permissions/javax.obex.xml
01-01 08:15:09.930 1085 1085 D CompatConfig: Adding: com.android.server.compat.config.Change@cbdae68
01-01 08:15:09.931 1085 1085 D CompatConfig: Adding: com.android.server.compat.config.Change@4572281
01-01 08:15:09.932 1085 1085 D CompatConfig: Adding: com.android.server.compat.config.Change@6632f26
01-01 08:15:09.932 1085 1200 I SystemConfig: Reading permissions from /system/etc/permissions/com.android.networkstack.xml
01-01 08:15:09.933 1085 1085 D CompatConfig: Adding: com.android.server.compat.config.Change@ef34914
01-01 08:15:09.933 1085 1085 D CompatConfig: Adding: com.android.server.compat.config.Change@75265bd
01-01 08:15:09.934 1085 1085 D CompatConfig: Adding: com.android.server.compat.config.Change@64317b2
01-01 08:15:09.935 1085 1085 D CompatConfig: Adding: com.android.server.compat.config.Change@1758303
01-01 08:15:09.936 1085 1200 I SystemConfig: Reading permissions from /system/etc/permissions/com.android.documentsui.xml
01-01 08:15:09.936 1085 1085 D CompatConfig: Adding: com.android.server.compat.config.Change@bc4a0b9
01-01 08:15:09.938 1085 1085 D CompatConfig: Adding: com.android.server.compat.config.Change@7434c5f
01-01 08:15:09.938 1085 1200 I SystemConfig: Reading permissions from /system/etc/permissions/privapp-permissions-platform.xml
01-01 08:15:09.939 1085 1085 D CompatConfig: Adding: com.android.server.compat.config.Change@966a6ac
01-01 08:15:09.940 1085 1085 D CompatConfig: Adding: com.android.server.compat.config.Change@c858f75
01-01 08:15:09.944 1085 1200 I SystemConfig: Reading permissions from /system/etc/permissions/com.thundercomm.mcuupgrade.xml
01-01 08:15:09.945 1085 1085 D CompatConfig: Adding: com.android.server.compat.config.Change@fa4f7b
01-01 08:15:09.946 1085 1200 I SystemConfig: Reading permissions from /system/etc/permissions/org.apache.http.legacy.xml
01-01 08:15:09.946 1085 1085 D CompatConfig: Adding: com.android.server.compat.config.Change@2cadf1
01-01 08:15:09.948 1085 1200 I SystemConfig: Reading permissions from /system/etc/permissions/android.test.runner.xml
01-01 08:15:09.948 1085 1085 D CompatConfig: Adding: com.android.server.compat.config.Change@b546857
01-01 08:15:09.950 1085 1200 I SystemConfig: Reading permissions from /system/etc/permissions/com.android.nfc_extras.xml
01-01 08:15:09.950 1085 1085 D CompatConfig: Adding: com.android.server.compat.config.Change@54d382d
01-01 08:15:09.951 1085 1085 D CompatConfig: Adding: com.android.server.compat.config.Change@8ccd162
01-01 08:15:09.952 1085 1200 I SystemConfig: Reading permissions from /system/etc/permissions/privapp-permissions-qti.xml
01-01 08:15:09.953 1085 1085 D CompatConfig: Adding: com.android.server.compat.config.Change@9d6ebb0
01-01 08:15:09.954 1085 1085 D CompatConfig: Adding: com.android.server.compat.config.Change@6722a29
01-01 08:15:11.004 0 0 E msm-dcc 1023000.dcc_v2: DCC list passed 3
01-01 08:15:11.006 0 0 I CAM_ERR : CAM-CCI: cam_cci_irq: 238 Base:ffffff801a005000, M0_Q1 NACK ERROR: 0x10000000
01-01 08:15:11.010 0 0 I CAM_ERR : CAM-CCI: cam_cci_read: 1306 ERROR with Slave 0x20:
01-01 08:15:11.010 0 0 I msm-dcc 1023000.dcc_v2: All values written to enable.
01-01 08:15:11.010 0 0 I CAM_ERR : CAM-CCI: cam_cci_read_bytes: 1561 failed to read rc:-22
01-01 08:15:11.010 0 0 I CAM_ERR : CAM-SENSOR: cam_cci_i2c_read: 35 rc = -22
01-01 08:15:11.010 0 0 I CAM_WARN: CAM-SENSOR: cam_sensor_match_id: 769 read id: 0x0 expected id 0x9281:
01-01 08:15:11.010 0 0 E msm-dcc 1023000.dcc_v2: DCC list passed 4
01-01 08:15:11.010 0 0 I qcom,camera ac50000.qcom,cci: qcom,cam-sensor2: Dropping the link to regulator.77
01-01 08:15:09.959 1085 1085 D CompatConfig: Adding: com.android.server.compat.config.Change@c2aa1ae
01-01 08:15:09.959 1085 1200 I SystemConfig: Reading permissions from /system/etc/permissions/android.software.freeform_window_management.xml
01-01 08:15:09.960 1085 1085 D CompatConfig: Adding: com.android.server.compat.config.Change@2b712dc
01-01 08:15:09.961 1085 1200 I SystemConfig: Reading permissions from /system/etc/permissions/uimremoteclient.xml
01-01 08:15:09.961 1085 1085 D CompatConfig: Adding: com.android.server.compat.config.Change@9832aba
01-01 08:15:09.962 1085 1200 I SystemConfig: Reading permissions from /system/etc/permissions/platform.xml
01-01 08:15:09.963 1085 1085 D CompatConfig: Adding: com.android.server.compat.config.Change@1080c8
01-01 08:15:11.016 0 0 I msm-dcc 1023000.dcc_v2: All values written to enable.
01-01 08:15:11.016 0 0 E msm-dcc 1023000.dcc_v2: DCC list passed 6
01-01 08:15:11.021 0 0 I qcom,camera ac50000.qcom,cci: qcom,cam-sensor2: Dropping the link to regulator.57
01-01 08:15:11.022 0 0 I qcom,camera ac50000.qcom,cci: qcom,cam-sensor2: Dropping the link to regulator.54
01-01 08:15:09.969 1085 1085 D CompatConfig: Adding: com.android.server.compat.config.Change@f3f561
01-01 08:15:09.959 1201 1201 I auditd : type=1400 audit(0.0:18): avc: denied { write } for comm="ln" name="fs" dev="configfs" ino=47643 scontext=u:r:vendor_qti_init_shell:s0 tcontext=u:object_r:configfs:s0 tclass=dir permissive=0
01-01 08:15:11.022 0 0 I msm-dcc 1023000.dcc_v2: All values written to enable.
01-01 08:15:11.022 0 0 I qcom,camera ac50000.qcom,cci: qcom,cam-sensor2: Dropping the link to regulator.56
01-01 08:15:09.970 1085 1085 D CompatConfig: Adding: com.android.server.compat.config.Change@6a93886
01-01 08:15:09.971 1085 1085 D CompatConfig: Adding: com.android.server.compat.config.Change@2ea1547
01-01 08:15:09.972 1085 1200 I SystemConfig: Reading permissions from /vendor/etc/permissions/android.hardware.light.xml
01-01 08:15:09.973 1085 1085 D CompatConfig: Adding: com.android.server.compat.config.Change@b99869d
01-01 08:15:09.973 1085 1085 D CompatConfig: Adding: com.android.server.compat.config.Change@1d05712
01-01 08:15:09.974 1085 1200 I SystemConfig: Reading permissions from /vendor/etc/permissions/android.software.midi.xml
01-01 08:15:09.975 1085 1085 D CompatConfig: Adding: com.android.server.compat.config.Change@414a0e0
01-01 08:15:09.976 1085 1085 D CompatConfig: Found a config file: /system/etc/compatconfig/icu4j-platform-compat-config.xml
01-01 08:15:09.977 1085 1200 I SystemConfig: Reading permissions from /vendor/etc/permissions/android.hardware.wifi.xml
01-01 08:15:09.978 1085 1085 D CompatConfig: Adding: com.android.server.compat.config.Change@d1e663f
01-01 08:15:09.979 1085 1085 D CompatConfig: Found a config file: /system/etc/compatconfig/documents-ui-compat-config.xml
01-01 08:15:09.980 1085 1200 I SystemConfig: Reading permissions from /vendor/etc/permissions/android.hardware.bluetooth.xml
01-01 08:15:09.980 1085 1085 D CompatConfig: Adding: com.android.server.compat.config.Change@d5bb66a
01-01 08:15:09.981 1085 1085 D CompatConfig: Found a config file: /system/etc/compatconfig/services-platform-compat-config.xml
01-01 08:15:09.982 1085 1200 I SystemConfig: Reading permissions from /vendor/etc/permissions/vendor-qti-hardware-sensorscalibrate.xml
01-01 08:15:09.983 1085 1085 D CompatConfig: Adding: com.android.server.compat.config.Change@493f8d1
01-01 08:15:09.983 1085 1200 I SystemConfig: Reading permissions from /vendor/etc/permissions/android.hardware.audio.pro.xml
01-01 08:15:09.984 1085 1085 D CompatConfig: Adding: com.android.server.compat.config.Change@e7cde37
01-01 08:15:09.985 1085 1085 D CompatConfig: Adding: com.android.server.compat.config.Change@c698fa4
01-01 08:15:09.986 1085 1200 I SystemConfig: Reading permissions from /vendor/etc/permissions/android.hardware.se.omapi.ese.xml
01-01 08:15:09.987 1085 1200 I SystemConfig: Reading permissions from /vendor/etc/permissions/android.hardware.se.omapi.uicc.xml
01-01 08:15:09.987 1085 1085 D CompatConfig: Adding: com.android.server.compat.config.Change@63726d3
01-01 08:15:09.988 1085 1085 D CompatConfig: Adding: com.android.server.compat.config.Change@d820210
01-01 08:15:09.988 1085 1200 I SystemConfig: Reading permissions from /vendor/etc/permissions/android.hardware.wifi.passpoint.xml
01-01 08:15:09.989 1085 1085 D CompatConfig: Adding: com.android.server.compat.config.Change@18c8f0e
01-01 08:15:09.990 1085 1085 D CompatConfig: Adding: com.android.server.compat.config.Change@f435d2f
01-01 08:15:09.990 1085 1200 I SystemConfig: Reading permissions from /vendor/etc/permissions/android.software.vulkan.deqp.level.xml
01-01 08:15:09.991 1085 1085 D CompatConfig: Adding: com.android.server.compat.config.Change@24994c5
01-01 08:15:09.992 1085 1085 D CompatConfig: Adding: com.android.server.compat.config.Change@a068e1a
01-01 08:15:09.994 1085 1200 I SystemConfig: Reading permissions from /vendor/etc/permissions/vendor.qti.hardware.factory.xml
01-01 08:15:09.994 1085 1085 D CompatConfig: Adding: com.android.server.compat.config.Change@27c0328
01-01 08:15:09.995 1085 1085 D CompatConfig: Adding: com.android.server.compat.config.Change@b3b841
01-01 08:15:09.997 1085 1085 D CompatConfig: Adding: com.android.server.compat.config.Change@1ef71e6
01-01 08:15:09.998 1085 1200 I SystemConfig: Reading permissions from /vendor/etc/permissions/android.software.verified_boot.xml
01-01 08:15:10.000 1085 1085 D CompatConfig: Adding: com.android.server.compat.config.Change@92229d4
01-01 08:15:10.001 1085 1085 D CompatConfig: Adding: com.android.server.compat.config.Change@a42977d
01-01 08:15:11.048 0 0 E init : Control message: Could not find 'android.hardware.health@2.1::IHealth/default' for ctl.interface_start from pid: 514 (/system/bin/hwservicemanager)
01-01 08:15:10.013 1085 1085 D CompatConfig: Adding: com.android.server.compat.config.Change@30c672
01-01 08:15:11.051 0 0 I qcom,camera ac4f000.qcom,cci: qcom,cam-sensor0: Linked as a consumer to regulator.55
01-01 08:15:10.014 1085 1200 I SystemConfig: Reading permissions from /vendor/etc/permissions/android.hardware.usb.host.xml
01-01 08:15:10.017 1085 1200 I SystemConfig: Reading permissions from /vendor/etc/permissions/android.hardware.location.gps.xml
01-01 08:15:10.017 1085 1085 D CompatConfig: Adding: com.android.server.compat.config.Change@e62e79
01-01 08:15:10.018 1085 1085 D CompatConfig: Adding: com.android.server.compat.config.Change@ec0d7be
01-01 08:15:10.019 1085 1200 I SystemConfig: Reading permissions from /vendor/etc/permissions/android.hardware.wifi.direct.xml
01-01 08:15:10.019 1085 1085 D CompatConfig: Adding: com.android.server.compat.config.Change@4f8df6c
01-01 08:15:10.019 1202 1202 I auditd : type=1400 audit(0.0:19): avc: denied { write } for comm="ln" name="ss" dev="configfs" ino=47644 scontext=u:r:vendor_qti_init_shell:s0 tcontext=u:object_r:configfs:s0 tclass=dir permissive=0
01-01 08:15:11.071 0 0 W swr-wcd tx_swr_ctrl: DMA mask not set
01-01 08:15:11.074 0 0 I qcom,camera ac4f000.qcom,cci: qcom,cam-sensor0: Linked as a consumer to regulator.57
01-01 08:15:10.021 1085 1200 I SystemConfig: Reading permissions from /vendor/etc/permissions/android.hardware.sensor.accelerometer.xml
01-01 08:15:10.023 1085 1085 D CompatConfig: Adding: com.android.server.compat.config.Change@eaeb1ca
01-01 08:15:10.025 1085 1200 I SystemConfig: Reading permissions from /vendor/etc/permissions/android.hardware.audio.low_latency.xml
01-01 08:15:10.025 1085 1085 D CompatConfig: Adding: com.android.server.compat.config.Change@64a8658
01-01 08:15:11.078 0 0 I qcom,camera ac4f000.qcom,cci: qcom,cam-sensor0: Linked as a consumer to regulator.77
01-01 08:15:11.078 0 0 I CAM_ERR : CAM-UTIL: cam_soc_util_regulator_enable: 1459 cam_clk set voltage failed
01-01 08:15:11.078 0 0 I CAM_ERR : CAM-SENSOR: cam_sensor_core_power_up: 1928 Reg enable failed
01-01 08:15:11.078 0 0 I CAM_ERR : CAM-SENSOR: cam_sensor_core_power_up: 2062 failed
01-01 08:15:11.078 0 0 W swr-wcd wsa_swr_ctrl: DMA mask not set
01-01 08:15:11.078 0 0 I qcom,camera ac4f000.qcom,cci: qcom,cam-sensor0: Dropping the link to regulator.57
01-01 08:15:11.081 0 0 I CAM_ERR : CAM-SENSOR: cam_sensor_core_power_up: 2131 seq_val:100 > num_vreg: 4
01-01 08:15:10.028 1085 1085 D CompatConfig: Adding: com.android.server.compat.config.Change@2ba33b1
01-01 08:15:10.031 1085 1200 I SystemConfig: Reading permissions from /vendor/etc/permissions/android.hardware.bluetooth_le.xml
01-01 08:15:10.031 1085 1085 D CompatConfig: Adding: com.android.server.compat.config.Change@d55c417
01-01 08:15:11.084 0 0 I qcom,camera ac4f000.qcom,cci: qcom,cam-sensor0: Dropping the link to regulator.55
01-01 08:15:10.033 1085 1085 D CompatConfig: Adding: com.android.server.compat.config.Change@db004
01-01 08:15:10.033 1085 1200 I SystemConfig: Reading permissions from /vendor/etc/permissions/android.hardware.sensor.relative_humidity.xml
01-01 08:15:10.037 1085 1085 D CompatConfig: Adding: com.android.server.compat.config.Change@fe3b022
01-01 08:15:10.037 1085 1200 I SystemConfig: Reading permissions from /vendor/etc/permissions/android.hardware.wifi.aware.xml
01-01 08:15:10.038 1085 1085 D CompatConfig: Adding: com.android.server.compat.config.Change@9b7c870
01-01 08:15:10.039 1085 1200 I SystemConfig: Reading permissions from /vendor/etc/permissions/android.hardware.vulkan.compute-0.xml
01-01 08:15:11.092 0 0 I CAM_ERR : CAM-CCI: cam_cci_irq: 238 Base:ffffff80197fd000, M0_Q1 NACK ERROR: 0x10000000
01-01 08:15:11.092 0 0 I CAM_ERR : CAM-CCI: cam_cci_read: 1306 ERROR with Slave 0x34:
01-01 08:15:11.093 0 0 I CAM_ERR : CAM-CCI: cam_cci_read_bytes: 1561 failed to read rc:-22
01-01 08:15:11.093 0 0 I CAM_ERR : CAM-SENSOR: cam_cci_i2c_read: 35 rc = -22
01-01 08:15:11.093 0 0 I CAM_WARN: CAM-SENSOR: cam_sensor_match_id: 769 read id: 0x0 expected id 0x519:
01-01 08:15:10.039 1085 1085 D CompatConfig: Adding: com.android.server.compat.config.Change@5b0ac6e
01-01 08:15:10.041 1085 1200 I SystemConfig: Reading permissions from /vendor/etc/permissions/android.hardware.fingerprint.xml
01-01 08:15:10.042 1085 1085 D CompatConfig: Adding: com.android.server.compat.config.Change@aa8fb9c
01-01 08:15:11.094 0 0 W : ------------[ cut here ]------------
01-01 08:15:11.094 0 0 I : cam_cc_mclk0_clk already disabled
01-01 08:15:11.094 0 0 W : WARNING: CPU: 7 PID: 826 at drivers/clk/clk.c:1144 clk_core_disable+0x230/0x270
01-01 08:15:11.094 0 0 I : Modules linked in: machine_dlkm(O) wcd938x_slave_dlkm(O) wcd938x_dlkm(O) wcd9xxx_dlkm(O) mbhc_dlkm(O) tx_macro_dlkm(O) rx_macro_dlkm(O) va_macro_dlkm(O) wsa_macro_dlkm(O) swr_ctrl_dlkm(O) bolero_cdc_dlkm(O) wsa881x_dlkm(O) wcd_core_dlkm(O) stub_dlkm(O) hdmi_dlkm(O) swr_dlkm(O) pinctrl_lpi_dlkm(O) pinctrl_wcd_dlkm(O) usf_dlkm(O) native_dlkm(O) platform_dlkm(O) q6_dlkm(O) adsp_loader_dlkm(O) apr_dlkm(O) snd_event_dlkm(O) q6_notifier_dlkm(O) q6_pdr_dlkm(O) msm_11ad_proxy
01-01 08:15:11.094 0 0 I : CPU: 7 PID: 826 Comm: android.hardwar Tainted: G S W O 4.19.157+ #1
01-01 08:15:11.094 0 0 I Hardware name: Qualcomm Technologies, Inc. kona MTP-RmPM8150b (DT)
01-01 08:15:11.094 0 0 I pstate : 60400085 (nZCv daIf +PAN -UAO)
01-01 08:15:11.094 0 0 I pc : clk_core_disable+0x230/0x270
01-01 08:15:11.094 0 0 I lr : clk_core_disable+0x230/0x270
01-01 08:15:11.094 0 0 I sp : ffffff80144bb970
01-01 08:15:11.094 0 0 I : x29: ffffff80144bb970 x28: ffffffec4ab40080
01-01 08:15:11.094 0 0 I : x27: 0000000000000001 x26: 0000000000000068
01-01 08:15:11.094 0 0 I : x25: ffffffac783272a8 x24: ffffffac799511fe
01-01 08:15:11.094 0 0 I : x23: ffffffac79951186 x22: ffffffec84fa3c80
01-01 08:15:11.094 0 0 I : x21: 0000000000000000 x20: ffffffec8c555080
01-01 08:15:11.094 0 0 I : x19: ffffffec8c555080 x18: 0000000000000034
01-01 08:15:11.094 0 0 I : x17: ffffffac7b2f4000 x16: 00000000fffab4f8
01-01 08:15:11.094 0 0 I : x15: 00000000000ab4f8 x14: 00000000000000c2
01-01 08:15:11.094 0 0 I : x13: 0000000000000000 x12: 00000000000000e0
01-01 08:15:11.094 0 0 I : x11: 0000000000000000 x10: 0000000000000001
01-01 08:15:11.094 0 0 I : x9 : f798a4da7d920200 x8 : f798a4da7d920200
01-01 08:15:10.043 1085 1200 I SystemConfig: Reading permissions from /vendor/etc/permissions/android.hardware.touchscreen.multitouch.jazzhand.xml
01-01 08:15:10.043 1085 1085 D CompatConfig: Adding: com.android.server.compat.config.Change@b3f217a
01-01 08:15:11.094 0 0 I : x7 : ffffffac77782700 x6 : 0000000000000000
01-01 08:15:10.044 1085 1085 D CompatConfig: Adding: com.android.server.compat.config.Change@4709d2b
01-01 08:15:11.094 0 0 I : x5 : 0000000000000080 x4 : 0000000000000001
01-01 08:15:11.094 0 0 I : x3 : 0000000000000000 x2 : 0000000000000007
01-01 08:15:11.094 0 0 I : x1 : 0000000000000007 x0 : 0000000000000021
01-01 08:15:11.094 0 0 I Call trace:
01-01 08:15:11.094 0 0 I : clk_core_disable+0x230/0x270
01-01 08:15:11.094 0 0 I : clk_disable+0x34/0x98
01-01 08:15:11.094 0 0 I : cam_soc_util_clk_disable+0x4c/0x68
01-01 08:15:11.094 0 0 I : cam_sensor_util_power_down+0x258/0x4b8
01-01 08:15:11.094 0 0 I : cam_sensor_power_down+0x34/0x130
01-01 08:15:11.094 0 0 I : cam_sensor_driver_cmd+0x35c/0x12e0
01-01 08:15:11.094 0 0 I : cam_sensor_subdev_ioctl+0x3c/0x80
01-01 08:15:11.094 0 0 I : subdev_do_ioctl_lock+0x764/0xbc8
01-01 08:15:11.094 0 0 I : video_usercopy+0x38c/0x850
01-01 08:15:11.094 0 0 I : subdev_ioctl+0x38/0x48
01-01 08:15:11.094 0 0 I : v4l2_ioctl+0x6c/0x80
01-01 08:15:11.094 0 0 I : do_vfs_ioctl+0x748/0x1210
01-01 08:15:11.094 0 0 I : __arm64_sys_ioctl+0x78/0xa0
01-01 08:15:11.094 0 0 I : el0_svc_common+0xa4/0x190
01-01 08:15:11.094 0 0 I : el0_svc_handler+0x6c/0x88
01-01 08:15:11.094 0 0 I : el0_svc+0x8/0xc
01-01 08:15:11.094 0 0 I : irq event stamp: 315736
01-01 08:15:11.094 0 0 I : hardirqs last enabled at (315735): [] _raw_spin_unlock_irq+0x34/0x68
01-01 08:15:11.094 0 0 I : hardirqs last disabled at (315736): [] clk_enable_lock+0x20/0xc8
01-01 08:15:11.094 0 0 I : softirqs last enabled at (315702): [] __do_softirq+0x50c/0x554
01-01 08:15:11.094 0 0 I : softirqs last disabled at (315685): [] irq_exit+0xfc/0x120
01-01 08:15:11.094 0 0 W : ---[ end trace 5934b3bc9313d1c1 ]---
01-01 08:15:11.094 0 0 W : ------------[ cut here ]------------
01-01 08:15:11.094 0 0 I : cam_cc_mclk0_clk already unprepared
01-01 08:15:11.094 0 0 W : WARNING: CPU: 7 PID: 826 at drivers/clk/clk.c:981 clk_core_unprepare+0x384/0x400
01-01 08:15:11.094 0 0 I : Modules linked in: machine_dlkm(O) wcd938x_slave_dlkm(O) wcd938x_dlkm(O) wcd9xxx_dlkm(O) mbhc_dlkm(O) tx_macro_dlkm(O) rx_macro_dlkm(O) va_macro_dlkm(O) wsa_macro_dlkm(O) swr_ctrl_dlkm(O) bolero_cdc_dlkm(O) wsa881x_dlkm(O) wcd_core_dlkm(O) stub_dlkm(O) hdmi_dlkm(O) swr_dlkm(O) pinctrl_lpi_dlkm(O) pinctrl_wcd_dlkm(O) usf_dlkm(O) native_dlkm(O) platform_dlkm(O) q6_dlkm(O) adsp_loader_dlkm(O) apr_dlkm(O) snd_event_dlkm(O) q6_notifier_dlkm(O) q6_pdr_dlkm(O) msm_11ad_proxy
01-01 08:15:10.045 1085 1200 I SystemConfig: Reading permissions from /vendor/etc/permissions/android.hardware.sensor.ambient_temperature.xml
01-01 08:15:10.046 1085 1085 D CompatConfig: Adding: com.android.server.compat.config.Change@fce6b21
01-01 08:15:10.047 1085 1085 D CompatConfig: Adding: com.android.server.compat.config.Change@c0ddb46
01-01 08:15:10.047 1085 1200 I SystemConfig: Reading permissions from /vendor/etc/permissions/android.software.device_id_attestation.xml
01-01 08:15:11.094 0 0 I : CPU: 7 PID: 826 Comm: android.hardwar Tainted: G S W O 4.19.157+ #1
01-01 08:15:11.094 0 0 I Hardware name: Qualcomm Technologies, Inc. kona MTP-RmPM8150b (DT)
01-01 08:15:11.094 0 0 I pstate : 60400005 (nZCv daif +PAN -UAO)
01-01 08:15:11.094 0 0 I pc : clk_core_unprepare+0x384/0x400
01-01 08:15:11.094 0 0 I lr : clk_core_unprepare+0x384/0x400
01-01 08:15:11.094 0 0 I sp : ffffff80144bb960
01-01 08:15:11.094 0 0 I : x29: ffffff80144bb960 x28: ffffffec4ab40080
01-01 08:15:11.094 0 0 I : x27: 0000000000000001 x26: 0000000000000068
01-01 08:15:11.094 0 0 I : x25: ffffffac783272a8 x24: ffffffac799511fe
01-01 08:15:11.094 0 0 I : x23: ffffffac79951186 x22: ffffffec84fa3c80
01-01 08:15:11.094 0 0 I : x21: ffffffac7bb78000 x20: ffffffac7bb78000
01-01 08:15:11.094 0 0 I : x19: ffffffec8c555080 x18: 0000000000000034
01-01 08:15:11.094 0 0 I : x17: ffffffac7b2f4000 x16: 00000000fffaa864
01-01 08:15:11.094 0 0 I : x15: 00000000000aa864 x14: 00000000000000c2
01-01 08:15:11.094 0 0 I : x13: 0000000000000004 x12: 000000003976cb9a
01-01 08:15:11.094 0 0 I : x11: 0000000000000015 x10: 000000000682aaab
01-01 08:15:11.094 0 0 I : x9 : f798a4da7d920200 x8 : f798a4da7d920200
01-01 08:15:11.094 0 0 I : x7 : ffffffac77782700 x6 : 0000000000000000
01-01 08:15:11.094 0 0 I : x5 : 0000000000000080 x4 : 0000000000000001
01-01 08:15:11.094 0 0 I : x3 : ffffff80144bb588 x2 : 0000000000000007
01-01 08:15:11.094 0 0 I : x1 : ffffffac77782874 x0 : 0000000000000023
01-01 08:15:11.094 0 0 I Call trace:
01-01 08:15:11.094 0 0 I : clk_core_unprepare+0x384/0x400
01-01 08:15:11.094 0 0 I : clk_unprepare+0x88/0x108
01-01 08:15:11.094 0 0 I : cam_soc_util_clk_disable+0x54/0x68
01-01 08:15:11.094 0 0 I : cam_sensor_util_power_down+0x258/0x4b8
01-01 08:15:11.094 0 0 I : cam_sensor_power_down+0x34/0x130
01-01 08:15:11.094 0 0 I : cam_sensor_driver_cmd+0x35c/0x12e0
01-01 08:15:11.094 0 0 I : cam_sensor_subdev_ioctl+0x3c/0x80
01-01 08:15:11.094 0 0 I : subdev_do_ioctl_lock+0x764/0xbc8
01-01 08:15:11.094 0 0 I : video_usercopy+0x38c/0x850
01-01 08:15:11.094 0 0 I : subdev_ioctl+0x38/0x48
01-01 08:15:11.094 0 0 I : v4l2_ioctl+0x6c/0x80
01-01 08:15:11.094 0 0 I : do_vfs_ioctl+0x748/0x1210
01-01 08:15:11.094 0 0 I : __arm64_sys_ioctl+0x78/0xa0
01-01 08:15:11.094 0 0 I : el0_svc_common+0xa4/0x190
01-01 08:15:11.094 0 0 I : el0_svc_handler+0x6c/0x88
01-01 08:15:11.094 0 0 I : el0_svc+0x8/0xc
01-01 08:15:11.094 0 0 I : irq event stamp: 315750
01-01 08:15:11.094 0 0 I : hardirqs last enabled at (315749): [] console_unlock+0x4bc/0x568
01-01 08:15:11.094 0 0 I : hardirqs last disabled at (315750): [] do_debug_exception+0x84/0x150
01-01 08:15:11.094 0 0 I : softirqs last enabled at (315702): [] __do_softirq+0x50c/0x554
01-01 08:15:11.094 0 0 I : softirqs last disabled at (315685): [] irq_exit+0xfc/0x120
01-01 08:15:11.094 0 0 W : ---[ end trace 5934b3bc9313d1c2 ]---
01-01 08:15:11.096 0 0 I qcom,camera ac4f000.qcom,cci: qcom,cam-sensor0: Dropping the link to regulator.77
01-01 08:15:11.098 0 0 I CAM_ERR : CAM-UTIL: cam_soc_util_regulator_disable: 1415 Invalid NULL parameter
01-01 08:15:11.098 0 0 I CAM_ERR : CAM-SENSOR: cam_sensor_util_power_down: 2290 Reg: cam_vio disable failed
01-01 08:15:11.098 0 0 I CAM_ERR : CAM-UTIL: cam_soc_util_regulator_disable: 1415 Invalid NULL parameter
01-01 08:15:11.098 0 0 I CAM_ERR : CAM-SENSOR: cam_sensor_util_power_down: 2290 Reg: cam_vana disable failed
01-01 08:15:11.098 0 0 W : ------------[ cut here ]------------
01-01 08:15:11.098 0 0 I : unbalanced disables for titan_top_gdsc
01-01 08:15:11.098 0 0 W : WARNING: CPU: 7 PID: 826 at drivers/regulator/core.c:2401 _regulator_disable+0x1a0/0x1b0
01-01 08:15:11.098 0 0 I : Modules linked in: machine_dlkm(O) wcd938x_slave_dlkm(O) wcd938x_dlkm(O) wcd9xxx_dlkm(O) mbhc_dlkm(O) tx_macro_dlkm(O) rx_macro_dlkm(O) va_macro_dlkm(O) wsa_macro_dlkm(O) swr_ctrl_dlkm(O) bolero_cdc_dlkm(O) wsa881x_dlkm(O) wcd_core_dlkm(O) stub_dlkm(O) hdmi_dlkm(O) swr_dlkm(O) pinctrl_lpi_dlkm(O) pinctrl_wcd_dlkm(O) usf_dlkm(O) native_dlkm(O) platform_dlkm(O) q6_dlkm(O) adsp_loader_dlkm(O) apr_dlkm(O) snd_event_dlkm(O) q6_notifier_dlkm(O) q6_pdr_dlkm(O) msm_11ad_proxy
01-01 08:15:11.098 0 0 I : CPU: 7 PID: 826 Comm: android.hardwar Tainted: G S W O 4.19.157+ #1
01-01 08:15:11.098 0 0 I Hardware name: Qualcomm Technologies, Inc. kona MTP-RmPM8150b (DT)
01-01 08:15:11.098 0 0 I pstate : 60400005 (nZCv daif +PAN -UAO)
01-01 08:15:11.098 0 0 I pc : _regulator_disable+0x1a0/0x1b0
01-01 08:15:11.098 0 0 I lr : _regulator_disable+0x19c/0x1b0
01-01 08:15:11.098 0 0 I sp : ffffff80144bb3d0
01-01 08:15:11.098 0 0 I : x29: ffffff80144bb3d0 x28: 0000000000000000
01-01 08:15:11.098 0 0 I : x27: 0000007fdffa4110 x26: ffffffec84c8c000
01-01 08:15:11.098 0 0 I : x25: ffffffac783272a8 x24: ffffffec5525a980
01-01 08:15:11.098 0 0 I : x23: ffffffec84c8ed18 x22: ffffffec84c937f0
01-01 08:15:11.098 0 0 I : x21: ffffffec8c4449a8 x20: 00000000fffffffb
01-01 08:15:11.098 0 0 I : x19: ffffffec8c444880 x18: 0000000000000038
01-01 08:15:11.098 0 0 I : x17: ffffffac7b2f4000 x16: 00000000fffa999c
01-01 08:15:11.098 0 0 I : x15: 00000000000a999c x14: 00000000000000c2
01-01 08:15:11.098 0 0 I : x13: 0000000000000004 x12: 000000003977f207
01-01 08:15:11.098 0 0 I : x11: 0000000000000015 x10: 000000000682aaab
01-01 08:15:11.098 0 0 I : x9 : f798a4da7d920200 x8 : f798a4da7d920200
01-01 08:15:11.098 0 0 I : x7 : ffffffac77782700 x6 : 0000000000000000
01-01 08:15:11.098 0 0 I : x5 : 0000000000000080 x4 : 0000000000000001
01-01 08:15:11.098 0 0 I : x3 : ffffff80144baff8 x2 : ffffffac77697b48
01-01 08:15:11.098 0 0 I : x1 : ffffffac77782874 x0 : 0000000000000026
01-01 08:15:11.098 0 0 I Call trace:
01-01 08:15:11.098 0 0 I : _regulator_disable+0x1a0/0x1b0
01-01 08:15:11.098 0 0 I : regulator_disable+0x3c/0x88
01-01 08:15:11.098 0 0 I : cam_soc_util_disable_platform_resource+0xb0/0x100
01-01 08:15:11.098 0 0 I : cam_cpas_soc_disable_resources+0x30/0x78
01-01 08:15:11.098 0 0 I : cam_cpas_hw_stop+0x2a0/0x4e0
01-01 08:15:11.098 0 0 I : cam_cpas_stop+0x58/0x110
01-01 08:15:10.049 1085 1085 D CompatConfig: Adding: com.android.server.compat.config.Change@9bf2234
01-01 08:15:11.098 0 0 I : cam_cci_soc_release+0x110/0x1a0
01-01 08:15:11.098 0 0 I : cam_cci_core_cfg+0x14c/0x15e8
01-01 08:15:11.098 0 0 I : cam_cci_subdev_ioctl+0x50/0xc0
01-01 08:15:11.098 0 0 I : cam_sensor_cci_i2c_util+0x60/0xd0
01-01 08:15:11.098 0 0 I : camera_io_release+0x38/0x88
01-01 08:15:11.098 0 0 I : cam_sensor_power_down+0x64/0x130
01-01 08:15:11.098 0 0 I : cam_sensor_driver_cmd+0x35c/0x12e0
01-01 08:15:11.098 0 0 I : cam_sensor_subdev_ioctl+0x3c/0x80
01-01 08:15:11.098 0 0 I : subdev_do_ioctl_lock+0x764/0xbc8
01-01 08:15:11.098 0 0 I : video_usercopy+0x38c/0x850
01-01 08:15:11.098 0 0 I : subdev_ioctl+0x38/0x48
01-01 08:15:11.098 0 0 I : v4l2_ioctl+0x6c/0x80
01-01 08:15:11.098 0 0 I : do_vfs_ioctl+0x748/0x1210
01-01 08:15:11.098 0 0 I : __arm64_sys_ioctl+0x78/0xa0
01-01 08:15:11.098 0 0 I : el0_svc_common+0xa4/0x190
01-01 08:15:11.098 0 0 I : el0_svc_handler+0x6c/0x88
01-01 08:15:11.098 0 0 I : el0_svc+0x8/0xc
01-01 08:15:11.098 0 0 I : irq event stamp: 316054
01-01 08:15:11.098 0 0 I : hardirqs last enabled at (316053): [] console_unlock+0x4bc/0x568
01-01 08:15:11.098 0 0 I : hardirqs last disabled at (316054): [] do_debug_exception+0x84/0x150
01-01 08:15:11.098 0 0 I : softirqs last enabled at (315784): [] __do_softirq+0x50c/0x554
01-01 08:15:11.098 0 0 I : softirqs last disabled at (315753): [] irq_exit+0xfc/0x120
01-01 08:15:11.098 0 0 W : ---[ end trace 5934b3bc9313d1c3 ]---
01-01 08:15:10.049 1085 1200 I SystemConfig: Reading permissions from /vendor/etc/permissions/android.hardware.sensor.hifi_sensors.xml
01-01 08:15:10.050 1085 1085 D CompatConfig: Adding: com.android.server.compat.config.Change@abc65d2
01-01 08:15:10.051 1085 1085 D CompatConfig: Adding: com.android.server.compat.config.Change@ba986a3
01-01 08:15:10.052 1085 1085 D CompatConfig: Adding: com.android.server.compat.config.Change@3462da0
01-01 08:15:10.052 1085 1085 D CompatConfig: Adding: com.android.server.compat.config.Change@885d59
01-01 08:15:10.053 1085 1200 I SystemConfig: Reading permissions from /vendor/etc/permissions/android.software.ipsec_tunnels.xml
01-01 08:15:10.054 1085 1085 D CompatConfig: Adding: com.android.server.compat.config.Change@843e9ff
01-01 08:15:10.055 1085 1085 D CompatConfig: Adding: com.android.server.compat.config.Change@7083cc
01-01 08:15:10.056 1085 1085 D CompatConfig: Adding: com.android.server.compat.config.Change@62dd2a
01-01 08:15:10.057 1085 1200 I SystemConfig: Reading permissions from /vendor/etc/permissions/handheld_core_hardware.xml
01-01 08:15:10.058 1085 1085 D CompatConfig: Adding: com.android.server.compat.config.Change@1f7271b
01-01 08:15:10.059 1085 1085 D CompatConfig: Adding: com.android.server.compat.config.Change@e0810b8
01-01 08:15:10.060 1085 1085 D CompatConfig: Adding: com.android.server.compat.config.Change@4d75e91
01-01 08:15:10.062 1085 1085 D CompatConfig: Adding: com.android.server.compat.config.Change@3a9a1f6
01-01 08:15:10.062 1085 1200 I SystemConfig: Reading permissions from /vendor/etc/permissions/android.hardware.wifi.rtt.xml
01-01 08:15:10.063 1085 1085 D CompatConfig: Adding: com.android.server.compat.config.Change@9898064
01-01 08:15:10.064 1085 1085 D CompatConfig: Adding: com.android.server.compat.config.Change@60252cd
01-01 08:15:10.066 1085 1200 I SystemConfig: Reading permissions from /vendor/etc/permissions/android.hardware.usb.accessory.xml
01-01 08:15:10.066 1085 1085 D CompatConfig: Adding: com.android.server.compat.config.Change@595e93
01-01 08:15:10.067 1085 1085 D CompatConfig: Adding: com.android.server.compat.config.Change@9903ed0
01-01 08:15:10.069 1085 1200 I SystemConfig: Reading permissions from /vendor/etc/permissions/qti_fingerprint_interface.xml
01-01 08:15:10.069 1085 1085 D CompatConfig: Adding: com.android.server.compat.config.Change@56ef9ce
01-01 08:15:10.072 1085 1085 D CompatConfig: Adding: com.android.server.compat.config.Change@3b150ef
01-01 08:15:10.073 1085 1200 I SystemConfig: Reading permissions from /vendor/etc/permissions/android.hardware.vulkan.version-1_1.xml
01-01 08:15:10.073 1085 1085 D CompatConfig: Adding: com.android.server.compat.config.Change@7840e85
01-01 08:15:10.075 1085 1085 D CompatConfig: Adding: com.android.server.compat.config.Change@f84e4da
01-01 08:15:10.076 1085 1200 I SystemConfig: Reading permissions from /vendor/etc/permissions/android.hardware.sensor.barometer.xml
01-01 08:15:10.077 1085 1085 D CompatConfig: Adding: com.android.server.compat.config.Change@8fd17e8
01-01 08:15:10.081 1085 1085 D CompatConfig: Found a config file: /system/system_ext/etc/compatconfig/settings-platform-compat-config.xml
01-01 08:15:10.082 1085 1200 I SystemConfig: Reading permissions from /vendor/etc/permissions/android.hardware.opengles.aep.xml
01-01 08:15:10.079 1206 1206 I auditd : type=1400 audit(0.0:20): avc: denied { write } for comm="mkdir" name="uncompressed" dev="configfs" ino=47647 scontext=u:r:vendor_qti_init_shell:s0 tcontext=u:object_r:configfs:s0 tclass=dir permissive=0
01-01 08:15:10.085 1085 1085 D CompatConfig: Adding: com.android.server.compat.config.Change@bcc6ee7
01-01 08:15:11.114 0 0 E swr-wcd rx_swr_ctrl: swrm_get_logical_dev_num: device 0xd01170224 is not ready
01-01 08:15:11.123 0 0 E swr-wcd wsa_swr_ctrl: swrm_get_logical_dev_num: device 0x1020170211 is not ready
01-01 08:15:11.140 0 0 I qcom,camera ac4f000.qcom,cci: qcom,cam-sensor0: Linked as a consumer to regulator.55
01-01 08:15:11.141 0 0 E swr_get_logical_dev_num: Error -22 to get logical addr for device d01170224
01-01 08:15:10.088 1085 1200 I SystemConfig: Reading permissions from /vendor/etc/permissions/android.hardware.vulkan.level-1.xml
01-01 08:15:10.090 1085 1085 D CompatConfig: No directory /apex/com.android.vndk.v30/etc/compatconfig, skipping
01-01 08:15:10.091 1085 1085 D CompatConfig: No directory /apex/com.android.wifi/etc/compatconfig, skipping
01-01 08:15:10.091 1085 1200 I SystemConfig: Reading permissions from /vendor/etc/permissions/android.hardware.sensor.compass.xml
01-01 08:15:10.091 1085 1085 D CompatConfig: No directory /apex/com.android.vndk.v31/etc/compatconfig, skipping
01-01 08:15:10.091 1085 1085 D CompatConfig: No directory /apex/com.android.tzdata/etc/compatconfig, skipping
01-01 08:15:10.092 1085 1085 D CompatConfig: No directory /apex/com.android.tethering/etc/compatconfig, skipping
01-01 08:15:10.092 1085 1085 D CompatConfig: No directory /apex/com.android.sdkext/etc/compatconfig, skipping
01-01 08:15:10.093 1085 1085 D CompatConfig: No directory /apex/com.android.scheduling/etc/compatconfig, skipping
01-01 08:15:11.146 0 0 I qcom,camera ac4f000.qcom,cci: qcom,cam-sensor0: Linked as a consumer to regulator.57
01-01 08:15:11.149 0 0 E swr_get_logical_dev_num: Error -22 to get logical addr for device 1020170211
01-01 08:15:10.093 1085 1200 I SystemConfig: Reading permissions from /vendor/etc/permissions/android.hardware.sensor.gyroscope.xml
01-01 08:15:10.093 1085 1085 D CompatConfig: No directory /apex/com.android.runtime/etc/compatconfig, skipping
01-01 08:15:10.093 1085 1085 D CompatConfig: No directory /apex/com.android.resolv/etc/compatconfig, skipping
01-01 08:15:10.094 1085 1085 D CompatConfig: No directory /apex/com.android.permission/etc/compatconfig, skipping
01-01 08:15:10.094 1085 1085 D CompatConfig: No directory /apex/com.android.os.statsd/etc/compatconfig, skipping
01-01 08:15:10.094 1085 1085 D CompatConfig: No directory /apex/com.android.neuralnetworks/etc/compatconfig, skipping
01-01 08:15:10.096 1085 1085 D CompatConfig: Found a config file: /apex/com.android.mediaprovider/etc/compatconfig/media-provider-platform-compat-config.xml
01-01 08:15:10.100 1085 1200 I SystemConfig: Reading permissions from /product/etc/sysconfig/preinstalled-packages-platform-overlays.xml
01-01 08:15:10.103 1085 1200 I SystemConfig: Reading permissions from /product/etc/sysconfig/preinstalled-packages-platform-handheld-product.xml
01-01 08:15:10.104 1085 1085 D CompatConfig: Adding: com.android.server.compat.config.Change@473727e
01-01 08:15:10.107 1085 1085 D CompatConfig: Adding: com.android.server.compat.config.Change@d7e53df
01-01 08:15:11.160 0 0 I qcom,camera ac4f000.qcom,cci: qcom,cam-sensor0: Linked as a consumer to regulator.77
01-01 08:15:11.160 0 0 I CAM_ERR : CAM-UTIL: cam_soc_util_regulator_enable: 1459 cam_clk set voltage failed
01-01 08:15:11.160 0 0 I CAM_ERR : CAM-SENSOR: cam_sensor_core_power_up: 1928 Reg enable failed
01-01 08:15:11.160 0 0 I CAM_ERR : CAM-SENSOR: cam_sensor_core_power_up: 2062 failed
01-01 08:15:10.108 1085 1085 D CompatConfig: Adding: com.android.server.compat.config.Change@9d1d82c
01-01 08:15:10.109 1085 1200 I SystemConfig: Reading permissions from /product/etc/permissions/vendor.qti.hardware.data.connection-V1.0-java.xml
01-01 08:15:11.161 0 0 W wsa881x : probe of wsa881x.1020170211 failed with error -22
01-01 08:15:11.161 0 0 I qcom,camera ac4f000.qcom,cci: qcom,cam-sensor0: Dropping the link to regulator.57
01-01 08:15:11.161 0 0 I CAM_ERR : CAM-SENSOR: cam_sensor_core_power_up: 2131 seq_val:100 > num_vreg: 4
01-01 08:15:10.110 1085 1085 D CompatConfig: Adding: com.android.server.compat.config.Change@ad0388a
01-01 08:15:10.110 1085 1200 I SystemConfig: Reading permissions from /product/etc/permissions/ims_ext_common.xml
01-01 08:15:10.110 1085 1085 D CompatConfig: Adding: com.android.server.compat.config.Change@9a4b18
01-01 08:15:10.111 1085 1085 D CompatConfig: Adding: com.android.server.compat.config.Change@1237971
01-01 08:15:10.113 1085 1200 I SystemConfig: Reading permissions from /product/etc/permissions/vendor.qti.hardware.data.connection-V1.1-java.xml
01-01 08:15:11.164 0 0 I qcom,camera ac4f000.qcom,cci: qcom,cam-sensor0: Dropping the link to regulator.55
01-01 08:15:10.114 1085 1200 I SystemConfig: Reading permissions from /product/etc/permissions/com.qti.snapdragon.sdk.display.xml
01-01 08:15:10.114 1085 1085 D CompatConfig: Adding: com.android.server.compat.config.Change@e7500c4
01-01 08:15:10.116 1085 1200 I SystemConfig: Reading permissions from /product/etc/permissions/privapp-permissions-soundrecorder.xml
01-01 08:15:10.116 1085 1085 D CompatConfig: No directory /apex/com.android.media.swcodec/etc/compatconfig, skipping
01-01 08:15:10.117 1085 1085 D CompatConfig: No directory /apex/com.android.media/etc/compatconfig, skipping
01-01 08:15:10.117 1085 1085 D CompatConfig: No directory /apex/com.android.ipsec/etc/compatconfig, skipping
01-01 08:15:10.117 1085 1085 D CompatConfig: No directory /apex/com.android.i18n/etc/compatconfig, skipping
01-01 08:15:10.117 1085 1085 D CompatConfig: No directory /apex/com.android.extservices/etc/compatconfig, skipping
01-01 08:15:10.117 1085 1085 D CompatConfig: No directory /apex/com.android.conscrypt/etc/compatconfig, skipping
01-01 08:15:10.117 1085 1200 I SystemConfig: Reading permissions from /product/etc/permissions/telephony_product_privapp-permissions-qti.xml
01-01 08:15:10.119 1085 1085 D CompatConfig: Found a config file: /apex/com.android.art/etc/compatconfig/libcore-platform-compat-config.xml
01-01 08:15:10.120 1085 1200 I SystemConfig: Reading permissions from /product/etc/permissions/com.android.settings.intelligence.xml
01-01 08:15:10.121 1085 1085 D CompatConfig: Adding: com.android.server.compat.config.Change@f06e5a9
01-01 08:15:10.122 1085 1085 D CompatConfig: Adding: com.android.server.compat.config.Change@99f772e
01-01 08:15:10.125 1085 1200 I SystemConfig: Reading permissions from /product/etc/permissions/UimService.xml
01-01 08:15:11.169 0 0 E swr-wcd wsa_swr_ctrl: swrm_get_logical_dev_num: device 0x1020170212 is not ready
01-01 08:15:11.175 0 0 I CAM_ERR : CAM-CCI: cam_cci_irq: 238 Base:ffffff80197fd000, M0_Q1 NACK ERROR: 0x10000000
01-01 08:15:11.178 0 0 I CAM_ERR : CAM-CCI: cam_cci_read: 1306 ERROR with Slave 0xc0:
01-01 08:15:11.178 0 0 I CAM_ERR : CAM-CCI: cam_cci_read_bytes: 1561 failed to read rc:-22
01-01 08:15:11.178 0 0 I CAM_ERR : CAM-SENSOR: cam_cci_i2c_read: 35 rc = -22
01-01 08:15:11.178 0 0 I CAM_WARN: CAM-SENSOR: cam_sensor_match_id: 769 read id: 0x0 expected id 0x9281:
01-01 08:15:11.178 0 0 W : ------------[ cut here ]------------
01-01 08:15:11.178 0 0 I : cam_cc_mclk0_clk already disabled
01-01 08:15:11.178 0 0 E swr-wcd rx_swr_ctrl: swrm_get_logical_dev_num: device 0xd01170224 is not ready
01-01 08:15:11.178 0 0 W : WARNING: CPU: 1 PID: 826 at drivers/clk/clk.c:1144 clk_core_disable+0x230/0x270
01-01 08:15:10.127 1085 1085 D CompatConfig: Adding: com.android.server.compat.config.Change@b11a45c
01-01 08:15:10.128 1085 1200 I SystemConfig: Reading permissions from /system_ext/etc/sysconfig/qti_telephony_system_packages_config.xml
01-01 08:15:10.128 1085 1085 D CompatConfig: Adding: com.android.server.compat.config.Change@52fd83a
01-01 08:15:10.129 1085 1085 D CompatConfig: Adding: com.android.server.compat.config.Change@1ceceb
01-01 08:15:10.131 1085 1200 I SystemConfig: Reading permissions from /system_ext/etc/sysconfig/qti_whitelist_system_ext.xml
01-01 08:15:10.131 1085 1085 D CompatConfig: No directory /apex/com.android.appsearch/etc/compatconfig, skipping
01-01 08:15:10.131 1085 1085 D CompatConfig: No directory /apex/com.android.adbd/etc/compatconfig, skipping
01-01 08:15:11.186 0 0 I : Modules linked in: machine_dlkm(O) wcd938x_slave_dlkm(O) wcd938x_dlkm(O) wcd9xxx_dlkm(O) mbhc_dlkm(O) tx_macro_dlkm(O) rx_macro_dlkm(O) va_macro_dlkm(O) wsa_macro_dlkm(O) swr_ctrl_dlkm(O) bolero_cdc_dlkm(O) wsa881x_dlkm(O) wcd_core_dlkm(O) stub_dlkm(O) hdmi_dlkm(O) swr_dlkm(O) pinctrl_lpi_dlkm(O) pinctrl_wcd_dlkm(O) usf_dlkm(O) native_dlkm(O) platform_dlkm(O) q6_dlkm(O) adsp_loader_dlkm(O) apr_dlkm(O) snd_event_dlkm(O) q6_notifier_dlkm(O) q6_pdr_dlkm(O) msm_11ad_proxy
01-01 08:15:11.186 0 0 I : CPU: 1 PID: 826 Comm: android.hardwar Tainted: G S W O 4.19.157+ #1
01-01 08:15:11.187 0 0 I Hardware name: Qualcomm Technologies, Inc. kona MTP-RmPM8150b (DT)
01-01 08:15:11.187 0 0 I pstate : 60400085 (nZCv daIf +PAN -UAO)
01-01 08:15:11.187 0 0 I pc : clk_core_disable+0x230/0x270
01-01 08:15:11.187 0 0 I lr : clk_core_disable+0x230/0x270
01-01 08:15:11.187 0 0 I sp : ffffff80144bb970
01-01 08:15:11.187 0 0 I : x29: ffffff80144bb970 x28: ffffffec413d6e80
01-01 08:15:11.187 0 0 I : x27: 0000000000000000 x26: 0000000000000068
01-01 08:15:11.187 0 0 I : x25: ffffffac783272a8 x24: ffffffac799511fe
01-01 08:15:11.187 0 0 I : x23: ffffffac79951186 x22: ffffffec84fa3c80
01-01 08:15:11.187 0 0 I : x21: 0000000000000000 x20: ffffffec8c555080
01-01 08:15:11.187 0 0 I : x19: ffffffec8c555080 x18: 0000000000000034
01-01 08:15:11.187 0 0 I : x17: ffffffac7b2f4000 x16: 00000000fffa81ac
01-01 08:15:11.187 0 0 I : x15: 00000000000a81ac x14: 00000000000000c2
01-01 08:15:11.187 0 0 I : x13: 0000000000000000 x12: 00000000000000e0
01-01 08:15:11.187 0 0 I : x11: 0000000000000000 x10: 0000000000000000
01-01 08:15:11.187 0 0 I : x9 : f798a4da7d920200 x8 : f798a4da7d920200
01-01 08:15:11.187 0 0 I : x7 : ffffffac77782700 x6 : 0000000000000000
01-01 08:15:11.187 0 0 I : x5 : 0000000000000080 x4 : 0000000000000001
01-01 08:15:11.187 0 0 I : x3 : 0000000000000000 x2 : 0000000000000003
01-01 08:15:11.187 0 0 I : x1 : 0000000000000003 x0 : 0000000000000021
01-01 08:15:11.187 0 0 I Call trace:
01-01 08:15:11.187 0 0 I : clk_core_disable+0x230/0x270
01-01 08:15:11.187 0 0 I : clk_disable+0x34/0x98
01-01 08:15:11.187 0 0 I : cam_soc_util_clk_disable+0x4c/0x68
01-01 08:15:11.187 0 0 I : cam_sensor_util_power_down+0x258/0x4b8
01-01 08:15:11.187 0 0 I : cam_sensor_power_down+0x34/0x130
01-01 08:15:11.187 0 0 I : cam_sensor_driver_cmd+0x35c/0x12e0
01-01 08:15:11.187 0 0 I : cam_sensor_subdev_ioctl+0x3c/0x80
01-01 08:15:11.187 0 0 I : subdev_do_ioctl_lock+0x764/0xbc8
01-01 08:15:11.187 0 0 I : video_usercopy+0x38c/0x850
01-01 08:15:11.187 0 0 I : subdev_ioctl+0x38/0x48
01-01 08:15:11.187 0 0 I : v4l2_ioctl+0x6c/0x80
01-01 08:15:11.187 0 0 I : do_vfs_ioctl+0x748/0x1210
01-01 08:15:11.187 0 0 I : __arm64_sys_ioctl+0x78/0xa0
01-01 08:15:11.187 0 0 I : el0_svc_common+0xa4/0x190
01-01 08:15:11.187 0 0 I : el0_svc_handler+0x6c/0x88
01-01 08:15:11.187 0 0 I : el0_svc+0x8/0xc
01-01 08:15:11.187 0 0 I : irq event stamp: 319966
01-01 08:15:11.187 0 0 I : hardirqs last enabled at (319965): [] console_unlock+0x4bc/0x568
01-01 08:15:11.187 0 0 I : hardirqs last disabled at (319966): [] clk_enable_lock+0x20/0xc8
01-01 08:15:11.187 0 0 I : softirqs last enabled at (318776): [] __do_softirq+0x50c/0x554
01-01 08:15:11.187 0 0 I : softirqs last disabled at (318757): [] irq_exit+0xfc/0x120
01-01 08:15:11.187 0 0 W : ---[ end trace 5934b3bc9313d1c4 ]---
01-01 08:15:11.187 0 0 W : ------------[ cut here ]------------
01-01 08:15:11.187 0 0 I : cam_cc_mclk0_clk already unprepared
01-01 08:15:11.187 0 0 W : WARNING: CPU: 1 PID: 826 at drivers/clk/clk.c:981 clk_core_unprepare+0x384/0x400
01-01 08:15:11.187 0 0 I : Modules linked in: machine_dlkm(O) wcd938x_slave_dlkm(O) wcd938x_dlkm(O) wcd9xxx_dlkm(O) mbhc_dlkm(O) tx_macro_dlkm(O) rx_macro_dlkm(O) va_macro_dlkm(O) wsa_macro_dlkm(O) swr_ctrl_dlkm(O) bolero_cdc_dlkm(O) wsa881x_dlkm(O) wcd_core_dlkm(O) stub_dlkm(O) hdmi_dlkm(O) swr_dlkm(O) pinctrl_lpi_dlkm(O) pinctrl_wcd_dlkm(O) usf_dlkm(O) native_dlkm(O) platform_dlkm(O) q6_dlkm(O) adsp_loader_dlkm(O) apr_dlkm(O) snd_event_dlkm(O) q6_notifier_dlkm(O) q6_pdr_dlkm(O) msm_11ad_proxy
01-01 08:15:11.187 0 0 I : CPU: 1 PID: 826 Comm: android.hardwar Tainted: G S W O 4.19.157+ #1
01-01 08:15:11.187 0 0 I Hardware name: Qualcomm Technologies, Inc. kona MTP-RmPM8150b (DT)
01-01 08:15:11.187 0 0 I pstate : 60400005 (nZCv daif +PAN -UAO)
01-01 08:15:11.187 0 0 I pc : clk_core_unprepare+0x384/0x400
01-01 08:15:11.187 0 0 I lr : clk_core_unprepare+0x384/0x400
01-01 08:15:11.187 0 0 I sp : ffffff80144bb960
01-01 08:15:11.187 0 0 I : x29: ffffff80144bb960 x28: ffffffec413d6e80
01-01 08:15:11.187 0 0 I : x27: 0000000000000000 x26: 0000000000000068
01-01 08:15:11.187 0 0 I : x25: ffffffac783272a8 x24: ffffffac799511fe
01-01 08:15:11.187 0 0 I : x23: ffffffac79951186 x22: ffffffec84fa3c80
01-01 08:15:11.187 0 0 I : x21: ffffffac7bb78000 x20: ffffffac7bb78000
01-01 08:15:11.188 0 0 I : x19: ffffffec8c555080 x18: 0000000000000034
01-01 08:15:11.188 0 0 I : x17: ffffffac7b2f4000 x16: 00000000fffa748c
01-01 08:15:11.188 0 0 I : x15: 00000000000a748c x14: 00000000000000c2
01-01 08:15:11.188 0 0 I : x13: 0000000000000004 x12: 00000000399204fb
01-01 08:15:11.188 0 0 I : x11: 0000000000000015 x10: 000000000682aaab
01-01 08:15:11.188 0 0 I : x9 : f798a4da7d920200 x8 : f798a4da7d920200
01-01 08:15:11.188 0 0 I : x7 : ffffffac77782700 x6 : 0000000000000000
01-01 08:15:11.188 0 0 I : x5 : 0000000000000080 x4 : 0000000000000001
01-01 08:15:11.188 0 0 I : x3 : ffffff80144bb588 x2 : ffffffac77697b48
01-01 08:15:11.188 0 0 I : x1 : ffffffac77782874 x0 : 0000000000000023
01-01 08:15:11.188 0 0 I Call trace:
01-01 08:15:11.188 0 0 I : clk_core_unprepare+0x384/0x400
01-01 08:15:11.188 0 0 I : clk_unprepare+0x88/0x108
01-01 08:15:11.188 0 0 I : cam_soc_util_clk_disable+0x54/0x68
01-01 08:15:11.188 0 0 I : cam_sensor_util_power_down+0x258/0x4b8
01-01 08:15:11.188 0 0 I : cam_sensor_power_down+0x34/0x130
01-01 08:15:11.188 0 0 I : cam_sensor_driver_cmd+0x35c/0x12e0
01-01 08:15:11.188 0 0 I : cam_sensor_subdev_ioctl+0x3c/0x80
01-01 08:15:11.188 0 0 I : subdev_do_ioctl_lock+0x764/0xbc8
01-01 08:15:11.188 0 0 I : video_usercopy+0x38c/0x850
01-01 08:15:11.188 0 0 I : subdev_ioctl+0x38/0x48
01-01 08:15:11.188 0 0 I : v4l2_ioctl+0x6c/0x80
01-01 08:15:11.188 0 0 I : do_vfs_ioctl+0x748/0x1210
01-01 08:15:11.188 0 0 I : __arm64_sys_ioctl+0x78/0xa0
01-01 08:15:11.188 0 0 I : el0_svc_common+0xa4/0x190
01-01 08:15:11.188 0 0 I : el0_svc_handler+0x6c/0x88
01-01 08:15:11.188 0 0 I : el0_svc+0x8/0xc
01-01 08:15:11.188 0 0 I : irq event stamp: 320002
01-01 08:15:11.188 0 0 I : hardirqs last enabled at (320001): [] console_unlock+0x4bc/0x568
01-01 08:15:11.188 0 0 I : hardirqs last disabled at (320002): [] do_debug_exception+0x84/0x150
01-01 08:15:11.188 0 0 I : softirqs last enabled at (319988): [] __do_softirq+0x50c/0x554
01-01 08:15:11.188 0 0 I : softirqs last disabled at (319969): [] irq_exit+0xfc/0x120
01-01 08:15:11.188 0 0 W : ---[ end trace 5934b3bc9313d1c5 ]---
01-01 08:15:10.136 1085 1085 D SystemServerTiming: PlatformCompat took to complete: 264ms
01-01 08:15:11.188 0 0 I qcom,camera ac4f000.qcom,cci: qcom,cam-sensor0: Dropping the link to regulator.77
01-01 08:15:10.136 1085 1085 I SystemServerTiming: StartFileIntegrityService
01-01 08:15:10.137 1085 1085 I SystemServiceManager: Starting com.android.server.security.FileIntegrityService
01-01 08:15:10.137 1085 1200 I SystemConfig: Reading permissions from /system_ext/etc/permissions/qti_permissions.xml
01-01 08:15:10.143 1085 1200 I SystemConfig: Reading permissions from /system_ext/etc/permissions/com.android.systemui.xml
01-01 08:15:10.145 1085 1085 D SystemServerTiming: StartFileIntegrityService took to complete: 8ms
01-01 08:15:10.145 1085 1085 I SystemServerTiming: StartInstaller
01-01 08:15:10.145 1085 1085 I SystemServiceManager: Starting com.android.server.pm.Installer
01-01 08:15:10.146 1085 1200 I SystemConfig: Reading permissions from /system_ext/etc/permissions/android.software.verified_boot.xml
01-01 08:15:10.148 1085 1200 I SystemConfig: Reading permissions from /system_ext/etc/permissions/com.qti.location.sdk.xml
01-01 08:15:10.139 1207 1207 I auditd : type=1400 audit(0.0:21): avc: denied { write } for comm="mkdir" name="uncompressed" dev="configfs" ino=47647 scontext=u:r:vendor_qti_init_shell:s0 tcontext=u:object_r:configfs:s0 tclass=dir permissive=0
01-01 08:15:11.193 0 0 E swr_get_logical_dev_num: Error -22 to get logical addr for device 1020170212
01-01 08:15:10.149 1085 1200 I SystemConfig: Reading permissions from /system_ext/etc/permissions/com.android.provision.xml
