01-01 08:15:13.675 0 0 I : el0_svc_handler+0x6c/0x88
01-01 08:15:13.675 0 0 I : el0_svc+0x8/0xc
01-01 08:15:13.675 0 0 I : irq event stamp: 388684
01-01 08:15:13.675 0 0 I : hardirqs last enabled at (388683): [] console_unlock+0x4bc/0x568
01-01 08:15:13.675 0 0 I : hardirqs last disabled at (388684): [] do_debug_exception+0x84/0x150
01-01 08:15:13.675 0 0 I : softirqs last enabled at (388370): [] __do_softirq+0x50c/0x554
01-01 08:15:13.675 0 0 I : softirqs last disabled at (388341): [] irq_exit+0xfc/0x120
01-01 08:15:13.675 0 0 W : ---[ end trace 5934b3bc9313d1d0 ]---
01-01 08:15:12.667 1085 1085 I boot_progress_pms_scan_end: 52903
01-01 08:15:12.668 1085 1085 I PackageManager: Time to scan packages: 1.816 seconds
01-01 08:15:12.668 1085 1085 I PackageManager: Permission ownership changed. Updating all permissions.
01-01 08:15:13.712 0 0 I lan743x 0001: 01:00.0 eth0: using MSIX interrupts, number of vectors = 6
01-01 08:15:13.720 0 0 I qcom,camera ac50000.qcom,cci: qcom,cam-sensor3: Linked as a consumer to regulator.57
01-01 08:15:13.731 0 0 I qcom,camera ac50000.qcom,cci: qcom,cam-sensor3: Linked as a consumer to regulator.86
01-01 08:15:13.735 0 0 I mv2112_config_aneg: autoneg 1
01-01 08:15:13.735 0 0 I : mv2112_restart_aneg
01-01 08:15:13.736 0 0 D : mv2112_read_status
01-01 08:15:13.736 0 0 D mv2112_update_link: 3.0x901(1G): 0x880
01-01 08:15:13.736 0 0 D mv2112_update_link: 3.0x8109(100M): 0x0
01-01 08:15:13.736 0 0 D mv2112_update_link: link 0x0
01-01 08:15:13.744 0 0 I ueventd : firmware: loading 'a650_zap.mdt' for '/devices/platform/soc/soc:qcom,kgsl-hyp/firmware/a650_zap.mdt'
01-01 08:15:13.756 0 0 I lan743x 0001: 01:00.0 eth0: successfully registered ptp clock
01-01 08:15:13.761 0 0 I qcom,camera ac50000.qcom,cci: qcom,cam-sensor3: Linked as a consumer to regulator.77
01-01 08:15:12.715 1383 1383 I imsrcsd : Uce Service HAL is starting up...
01-01 08:15:12.720 1085 1085 V PackageManager: reconcileAppsData for null u0 0x1 migrateAppData=true
01-01 08:15:13.778 0 0 I CAM_ERR : CAM-CCI: cam_cci_irq: 264 Base:ffffff801a005000, M1_Q1 NACK ERROR: 0x40000000
01-01 08:15:13.778 0 0 I CAM_ERR : CAM-CCI: cam_cci_read: 1306 ERROR with Slave 0x20:
01-01 08:15:13.778 0 0 I CAM_ERR : CAM-CCI: cam_cci_read_bytes: 1561 failed to read rc:-22
01-01 08:15:13.778 0 0 I CAM_ERR : CAM-SENSOR: cam_cci_i2c_read: 35 rc = -22
01-01 08:15:13.778 0 0 I CAM_WARN: CAM-SENSOR: cam_sensor_match_id: 769 read id: 0x0 expected id 0x3841:
01-01 08:15:13.778 0 0 I qcom,camera ac50000.qcom,cci: qcom,cam-sensor3: Dropping the link to regulator.77
01-01 08:15:13.783 0 0 I qcom,camera ac50000.qcom,cci: qcom,cam-sensor3: Dropping the link to regulator.86
01-01 08:15:13.784 0 0 I qcom,camera ac50000.qcom,cci: qcom,cam-sensor3: Dropping the link to regulator.57
01-01 08:15:13.786 0 0 I ueventd : loading /devices/platform/soc/soc:qcom,kgsl-hyp/firmware/a650_zap.mdt took 46ms
01-01 08:15:13.799 0 0 I subsys-pil-tz soc: qcom,kgsl-hyp: a650_zap: loading from 0x00000000fcf00000 to 0x00000000fcf01000
01-01 08:15:12.736 1383 1383 I imsrcsd : Uce Service HAL loading imsrcsbaseimpl
01-01 08:15:13.818 0 0 W subsys-pil-tz soc: qcom,kgsl-hyp: Falling back to syfs fallback for: a650_zap.b02
01-01 08:15:13.850 0 0 I IPv6 : ADDRCONF(NETDEV_UP): eth0: link is not ready
01-01 08:15:13.854 0 0 I qcom,camera ac50000.qcom,cci: qcom,cam-sensor2: Linked as a consumer to regulator.56
01-01 08:15:13.859 0 0 I qcom,camera ac50000.qcom,cci: qcom,cam-sensor2: Linked as a consumer to regulator.54
01-01 08:15:13.863 0 0 I qcom,camera ac50000.qcom,cci: qcom,cam-sensor2: Linked as a consumer to regulator.57
01-01 08:15:13.871 0 0 I qcom,camera ac50000.qcom,cci: qcom,cam-sensor2: Linked as a consumer to regulator.77
01-01 08:15:13.883 0 0 I ueventd : firmware: loading 'a650_zap.b02' for '/devices/platform/soc/soc:qcom,kgsl-hyp/firmware/a650_zap.b02'
01-01 08:15:13.895 0 0 I binder : 1306:1306 ioctl 40046210 7fd521f3d4 returned -22
01-01 08:15:13.896 0 0 I ueventd : loading /devices/platform/soc/soc:qcom,kgsl-hyp/firmware/a650_zap.b02 took 14ms
01-01 08:15:13.897 0 0 I binder : 1306:1306 ioctl 40046210 7fd521f3f4 returned -22
01-01 08:15:13.904 0 0 I subsys-pil-tz soc: qcom,kgsl-hyp: a650_zap: Brought out of reset
01-01 08:15:12.873 1383 1383 I imsrcsd : Starting Service for First Time imsbaseimpl
01-01 08:15:12.874 1085 1143 W android.permission.PermissionManager: Missing ActivityManager; assuming 1047 does not hold android.permission.UPDATE_DEVICE_STATS
01-01 08:15:12.878 1085 1143 W android.permission.PermissionManager: Missing ActivityManager; assuming 1047 does not hold android.permission.UPDATE_DEVICE_STATS
01-01 08:15:12.886 1383 1383 I imsrcsd : Interface com.qualcomm.qti.uceservice@2.3::IUceService com.qualcomm.qti.uceservice is found in manifest
01-01 08:15:12.890 1383 1383 I HidlServiceManagement: Registered com.qualcomm.qti.uceservice@2.3::IUceService/com.qualcomm.qti.uceservice (start delay of 306ms)
01-01 08:15:12.905 1383 1383 I imsrcsd : Interface com.qualcomm.qti.imscmservice@2.2::IImsCmService qti.ims.connectionmanagerservice is found in manifest
01-01 08:15:12.906 1383 1383 I HidlServiceManagement: Registered com.qualcomm.qti.imscmservice@2.2::IImsCmService/qti.ims.connectionmanagerservice (start delay of 321ms)
01-01 08:15:12.907 1383 1383 I imsrcsd : Interface vendor.qti.ims.factory@1.1::IImsFactory default is not found in manifest
01-01 08:15:12.908 1383 1383 I imsrcsd : Interface vendor.qti.ims.factory@1.0::IImsFactory default is found in manifest
01-01 08:15:12.909 1383 1383 I HidlServiceManagement: Registered vendor.qti.ims.factory@1.0::IImsFactory/default (start delay of 325ms)
01-01 08:15:12.911 1383 1383 I imsrcsd : Interface vendor.qti.ims.callinfo@1.0::IService default is found in manifest
01-01 08:15:13.960 0 0 I CAM_ERR : CAM-CCI: cam_cci_irq: 238 Base:ffffff801a005000, M0_Q1 NACK ERROR: 0x10000000
01-01 08:15:13.965 0 0 I CAM_ERR : CAM-CCI: cam_cci_read: 1306 ERROR with Slave 0x34:
01-01 08:15:13.965 0 0 I CAM_ERR : CAM-CCI: cam_cci_read_bytes: 1561 failed to read rc:-22
01-01 08:15:13.965 0 0 I CAM_ERR : CAM-SENSOR: cam_cci_i2c_read: 35 rc = -22
01-01 08:15:13.965 0 0 I CAM_WARN: CAM-SENSOR: cam_sensor_match_id: 769 read id: 0x0 expected id 0x476:
01-01 08:15:13.965 0 0 I qcom,camera ac50000.qcom,cci: qcom,cam-sensor2: Dropping the link to regulator.77
01-01 08:15:13.969 0 0 I qcom,camera ac50000.qcom,cci: qcom,cam-sensor2: Dropping the link to regulator.57
01-01 08:15:13.970 0 0 I qcom,camera ac50000.qcom,cci: qcom,cam-sensor2: Dropping the link to regulator.54
01-01 08:15:13.971 0 0 I qcom,camera ac50000.qcom,cci: qcom,cam-sensor2: Dropping the link to regulator.56
01-01 08:15:14.014 0 0 I binder : 1141:1169 ioctl 40046210 7871c06144 returned -22
01-01 08:15:14.016 0 0 I qcom,camera ac4f000.qcom,cci: qcom,cam-sensor5: Linked as a consumer to regulator.56
01-01 08:15:14.018 0 0 I qcom,camera ac4f000.qcom,cci: qcom,cam-sensor5: Linked as a consumer to regulator.57
01-01 08:15:14.026 0 0 I qcom,camera ac4f000.qcom,cci: qcom,cam-sensor5: Linked as a consumer to regulator.53
01-01 08:15:14.047 0 0 I qcom,camera ac4f000.qcom,cci: qcom,cam-sensor5: Linked as a consumer to regulator.77
01-01 08:15:14.068 0 0 I binder : 1327:1327 ioctl 40046210 ffd794e8 returned -22
01-01 08:15:12.978 1383 1383 I HidlServiceManagement: Registered vendor.qti.ims.callinfo@1.0::IService/default (start delay of 393ms)
01-01 08:15:12.978 1383 1383 I imsrcsd : ImsRcsBaseImpl ImsCallInfo After Registering Service
01-01 08:15:13.013 1141 1169 D BootAnimation: BootAnimationShownTiming start time: 53248ms
01-01 08:15:14.073 0 0 I CAM_ERR : CAM-CCI: cam_cci_irq: 264 Base:ffffff80197fd000, M1_Q1 NACK ERROR: 0x40000000
01-01 08:15:14.074 0 0 I CAM_ERR : CAM-CCI: cam_cci_read: 1306 ERROR with Slave 0x20:
01-01 08:15:14.074 0 0 I CAM_ERR : CAM-CCI: cam_cci_read_bytes: 1561 failed to read rc:-22
01-01 08:15:14.074 0 0 I CAM_ERR : CAM-SENSOR: cam_cci_i2c_read: 35 rc = -22
01-01 08:15:14.074 0 0 I CAM_WARN: CAM-SENSOR: cam_sensor_match_id: 769 read id: 0x0 expected id 0x30d5:
01-01 08:15:14.075 0 0 I qcom,camera ac4f000.qcom,cci: qcom,cam-sensor5: Dropping the link to regulator.77
01-01 08:15:14.085 0 0 I qcom,camera ac4f000.qcom,cci: qcom,cam-sensor5: Dropping the link to regulator.53
01-01 08:15:14.086 0 0 I qcom,camera ac4f000.qcom,cci: qcom,cam-sensor5: Dropping the link to regulator.57
01-01 08:15:14.093 0 0 I binder : 1327:1327 ioctl 40046210 ffd794d0 returned -22
01-01 08:15:14.094 0 0 I qcom,camera ac4f000.qcom,cci: qcom,cam-sensor5: Dropping the link to regulator.56
01-01 08:15:13.025 1085 1143 W android.permission.PermissionManager: Missing ActivityManager; assuming 1013 does not hold android.permission.UPDATE_DEVICE_STATS
01-01 08:15:13.031 1085 1143 W android.permission.PermissionManager: Missing ActivityManager; assuming 1013 does not hold android.permission.UPDATE_DEVICE_STATS
01-01 08:15:14.148 0 0 I qcom,camera ac50000.qcom,cci: qcom,cam-sensor6: Linked as a consumer to regulator.56
01-01 08:15:14.164 0 0 I qcom,camera ac50000.qcom,cci: qcom,cam-sensor6: Linked as a consumer to regulator.54
01-01 08:15:14.168 0 0 I qcom,camera ac50000.qcom,cci: qcom,cam-sensor6: Linked as a consumer to regulator.57
01-01 08:15:14.178 0 0 I qcom,camera ac50000.qcom,cci: qcom,cam-sensor6: Linked as a consumer to regulator.77
01-01 08:15:14.215 0 0 I CAM_ERR : CAM-CCI: cam_cci_irq: 238 Base:ffffff801a005000, M0_Q1 NACK ERROR: 0x10000000
01-01 08:15:14.215 0 0 I CAM_ERR : CAM-CCI: cam_cci_read: 1306 ERROR with Slave 0x34:
01-01 08:15:14.215 0 0 I CAM_ERR : CAM-CCI: cam_cci_read_bytes: 1561 failed to read rc:-22
01-01 08:15:14.215 0 0 I CAM_ERR : CAM-SENSOR: cam_cci_i2c_read: 35 rc = -22
01-01 08:15:14.216 0 0 I CAM_WARN: CAM-SENSOR: cam_sensor_match_id: 769 read id: 0x0 expected id 0x481:
01-01 08:15:14.221 0 0 I qcom,camera ac50000.qcom,cci: qcom,cam-sensor6: Dropping the link to regulator.77
01-01 08:15:14.224 0 0 I qcom,camera ac50000.qcom,cci: qcom,cam-sensor6: Dropping the link to regulator.57
01-01 08:15:14.225 0 0 I qcom,camera ac50000.qcom,cci: qcom,cam-sensor6: Dropping the link to regulator.54
01-01 08:15:14.226 0 0 I qcom,camera ac50000.qcom,cci: qcom,cam-sensor6: Dropping the link to regulator.56
01-01 08:15:13.292 1085 1085 V PackageManager: reconcileAppsData finished 27 packages
01-01 08:15:13.293 1085 1085 I PackageManagerTiming: write settings
01-01 08:15:13.296 1085 1446 I SystemServerTimingAsync: InitThreadPoolExec:prepareAppData
01-01 08:15:13.296 1085 1446 D SystemServerInitThreadPool: Started executing prepareAppData
01-01 08:15:13.512 1332 1332 W HidlServiceManagement: Waited one second for android.hardware.health@2.0::IHealth/default
01-01 08:15:14.689 0 0 I cnss-daemon: interop issues ap: read_iot_ap_file: No such file /data/vendor/wifi/iotap_ps.bin
01-01 08:15:14.689 0 0 I cnss-daemon: interop issues ap: read_iot_ap_ps_from_file, read file error
01-01 08:15:14.717 0 0 I cnss-daemon: NL group_id 10, cnss_nl.family_id 28
01-01 08:15:14.717 0 0 I cnss-daemon: wlfw_start: Starting
01-01 08:15:13.690 1085 1085 I commit_sys_config_file: [package-user-0,5]
01-01 08:15:13.690 1085 1085 I commit_sys_config_file: [package,396]
01-01 08:15:13.690 1085 1085 D PackageManagerTiming: write settings took to complete: 396ms
01-01 08:15:13.690 1085 1085 I boot_progress_pms_ready: 53925
01-01 08:15:13.690 1085 1085 W PackageManager: Intent filter verifier not found
01-01 08:15:14.787 0 0 I cnss-daemon: no interop issues ap currently
01-01 08:15:14.805 0 0 I cnss-daemon: wlfw_service_request: Start the pthread: 0x0K
01-01 08:15:14.831 0 0 I cnss-daemon: ro.baseband : [apq]
01-01 08:15:13.690 1085 1085 W PackageManager: Domain verification agent not found
01-01 08:15:13.698 1085 1085 D PackageManager: Ephemeral resolver NOT found; no matching intent filters
01-01 08:15:13.698 1085 1085 D PackageManager: Instant App installer not found with android.intent.action.INSTALL_INSTANT_APP_PACKAGE
01-01 08:15:13.698 1085 1085 D PackageManager: Clear ephemeral installer activity
01-01 08:15:13.710 1085 1085 I PackageManagerTiming: GC
01-01 08:15:13.710 1085 1085 D PackageManagerTiming: GC took to complete: 0ms
01-01 08:15:13.710 1085 1085 I PackageManager: Fix for b/169414761 is applied
01-01 08:15:13.710 1085 1085 D PackageManagerTiming: create package manager took to complete: 3140ms
01-01 08:15:13.710 1085 1085 V UserManagerService: Checking that all system packages are whitelisted.
01-01 08:15:13.713 1085 1085 W UserManagerService: checkWhitelistedSystemPackages(mode=ENFORCE|IMPLICIT_WHITELIST|IMPLICIT_WHITELIST_SYSTEM) has 67 warnings:
01-01 08:15:13.713 1085 1085 W UserManagerService: com.android.internal.display.cutout.emulation.corner is allowlisted but not present.
01-01 08:15:13.713 1085 1085 W UserManagerService: com.android.internal.display.cutout.emulation.double is allowlisted but not present.
01-01 08:15:13.713 1085 1085 W UserManagerService: com.android.theme.color.amethyst is allowlisted but not present.
01-01 08:15:13.713 1085 1085 W UserManagerService: com.android.theme.icon.pebble is allowlisted but not present.
01-01 08:15:13.713 1085 1085 W UserManagerService: com.android.theme.color.sand is allowlisted but not present.
01-01 08:15:13.713 1085 1085 W UserManagerService: com.android.theme.icon.vessel is allowlisted but not present.
01-01 08:15:13.713 1085 1085 W UserManagerService: com.android.theme.color.cinnamon is allowlisted but not present.
01-01 08:15:13.713 1085 1085 W UserManagerService: com.android.theme.icon_pack.victor.settings is allowlisted but not present.
01-01 08:15:13.713 1085 1085 W UserManagerService: com.android.theme.icon_pack.rounded.systemui is allowlisted but not present.
01-01 08:15:13.713 1085 1085 W UserManagerService: com.android.theme.icon.taperedrect is allowlisted but not present.
01-01 08:15:13.714 1085 1085 W UserManagerService: com.android.theme.icon_pack.rounded.android is allowlisted but not present.
01-01 08:15:13.714 1085 1085 W UserManagerService: com.qualcomm.qti.euiccresource is allowlisted but not present.
01-01 08:15:13.714 1085 1085 W UserManagerService: com.qualcomm.qti.telephonyservice is allowlisted but not present.
01-01 08:15:13.714 1085 1085 W UserManagerService: com.android.theme.icon_pack.victor.systemui is allowlisted but not present.
01-01 08:15:13.714 1085 1085 W UserManagerService: com.android.theme.icon_pack.circular.themepicker is allowlisted but not present.
01-01 08:15:13.714 1085 1085 W UserManagerService: com.android.theme.color.tangerine is allowlisted but not present.
01-01 08:15:13.714 1085 1085 W UserManagerService: com.android.theme.color.aquamarine is allowlisted but not present.
01-01 08:15:13.714 1085 1085 W UserManagerService: com.android.internal.display.cutout.emulation.hole is allowlisted but not present.
01-01 08:15:13.714 1085 1085 W UserManagerService: com.android.internal.display.cutout.emulation.tall is allowlisted but not present.
01-01 08:15:13.714 1085 1085 W UserManagerService: com.android.theme.color.black is allowlisted but not present.
01-01 08:15:13.714 1085 1085 W UserManagerService: com.android.theme.color.green is allowlisted but not present.
01-01 08:15:13.714 1085 1085 W UserManagerService: com.android.theme.color.ocean is allowlisted but not present.
01-01 08:15:13.714 1085 1085 W UserManagerService: com.android.theme.color.space is allowlisted but not present.
01-01 08:15:13.714 1085 1085 W UserManagerService: com.qti.qualcomm.datastatusnotification is allowlisted but not present.
01-01 08:15:13.714 1085 1085 W UserManagerService: com.qualcomm.qti.callfeaturessetting is allowlisted but not present.
01-01 08:15:13.714 1085 1085 W UserManagerService: com.android.theme.icon_pack.rounded.launcher is allowlisted but not present.
01-01 08:15:13.714 1085 1085 W UserManagerService: com.qti.qualcomm.deviceinfo is allowlisted but not present.
01-01 08:15:13.714 1085 1085 W UserManagerService: com.android.theme.icon_pack.kai.settings is allowlisted but not present.
01-01 08:15:13.714 1085 1085 W UserManagerService: com.android.internal.systemui.navbar.twobutton is allowlisted but not present.
01-01 08:15:13.714 1085 1085 W UserManagerService: org.codeaurora.ims is allowlisted but not present.
01-01 08:15:13.714 1085 1085 W UserManagerService: com.android.theme.icon_pack.sam.settings is allowlisted but not present.
01-01 08:15:13.714 1085 1085 W UserManagerService: com.android.theme.icon_pack.kai.themepicker is allowlisted but not present.
01-01 08:15:13.714 1085 1085 W UserManagerService: com.qualcomm.qcrilmsgtunnel is allowlisted but not present.
01-01 08:15:13.714 1085 1085 W UserManagerService: com.android.theme.icon_pack.victor.launcher is allowlisted but not present.
01-01 08:15:13.714 1085 1085 W UserManagerService: com.android.theme.icon_pack.filled.settings is allowlisted but not present.
01-01 08:15:13.714 1085 1085 W UserManagerService: com.android.theme.icon_pack.kai.systemui is allowlisted but not present.
01-01 08:15:13.714 1085 1085 W UserManagerService: com.android.theme.icon_pack.circular.settings is allowlisted but not present.
01-01 08:15:13.714 1085 1085 W UserManagerService: com.qti.xdivert is allowlisted but not present.
01-01 08:15:13.714 1085 1085 W UserManagerService: com.android.theme.icon_pack.sam.systemui is allowlisted but not present.
01-01 08:15:13.714 1085 1085 W UserManagerService: com.android.theme.icon.teardrop is allowlisted but not present.
01-01 08:15:13.714 1085 1085 W UserManagerService: com.android.theme.icon_pack.rounded.themepicker is allowlisted but not present.
01-01 08:15:13.714 1085 1085 W UserManagerService: com.android.theme.icon_pack.filled.systemui is allowlisted but not present.
01-01 08:15:13.714 1085 1085 W UserManagerService: com.qualcomm.qti.imsiprivacy.tests is allowlisted but not present.
01-01 08:15:13.714 1085 1085 W UserManagerService: com.android.theme.icon_pack.sam.android is allowlisted but not present.
01-01 08:15:13.714 1085 1085 W UserManagerService: com.android.theme.icon_pack.filled.android is allowlisted but not present.
01-01 08:15:13.714 1085 1085 W UserManagerService: com.android.theme.icon_pack.circular.systemui is allowlisted but not present.
01-01 08:15:13.714 1085 1085 W UserManagerService: com.android.theme.icon_pack.kai.android is allowlisted but not present.
01-01 08:15:13.714 1085 1085 W UserManagerService: com.android.theme.icon_pack.kai.launcher is allowlisted but not present.
01-01 08:15:13.714 1085 1085 W UserManagerService: com.qualcomm.qti.sam.service is allowlisted but not present.
01-01 08:15:13.715 1085 1085 W UserManagerService: com.android.theme.icon_pack.sam.launcher is allowlisted but not present.
01-01 08:15:13.715 1085 1085 W UserManagerService: com.android.theme.icon.squircle is allowlisted but not present.
01-01 08:15:13.715 1085 1085 W UserManagerService: com.android.theme.icon_pack.victor.android is allowlisted but not present.
01-01 08:15:13.715 1085 1085 W UserManagerService: com.android.theme.color.palette is allowlisted but not present.
01-01 08:15:13.715 1085 1085 W UserManagerService: com.android.theme.icon_pack.filled.launcher is allowlisted but not present.
01-01 08:15:13.715 1085 1085 W UserManagerService: com.android.theme.color.carbon is allowlisted but not present.
01-01 08:15:13.715 1085 1085 W UserManagerService: com.android.theme.icon_pack.circular.launcher is allowlisted but not present.
01-01 08:15:13.715 1085 1085 W UserManagerService: com.android.theme.icon_pack.filled.themepicker is allowlisted but not present.
01-01 08:15:13.715 1085 1085 W UserManagerService: com.android.theme.icon_pack.victor.themepicker is allowlisted but not present.
01-01 08:15:13.715 1085 1085 W UserManagerService: com.android.theme.color.orchid is allowlisted but not present.
01-01 08:15:13.715 1085 1085 W UserManagerService: com.android.theme.color.purple is allowlisted but not present.
01-01 08:15:13.715 1085 1085 W UserManagerService: com.qualcomm.qti.confdialer is allowlisted but not present.
01-01 08:15:13.715 1085 1085 W UserManagerService: com.android.theme.icon_pack.sam.themepicker is allowlisted but not present.
01-01 08:15:13.715 1085 1085 W UserManagerService: com.qualcomm.atfwd is allowlisted but not present.
01-01 08:15:13.715 1085 1085 W UserManagerService: com.android.theme.icon.roundedrect is allowlisted but not present.
01-01 08:15:13.715 1085 1085 W UserManagerService: com.android.theme.icon_pack.rounded.settings is allowlisted but not present.
01-01 08:15:13.715 1085 1085 W UserManagerService: org.codeaurora.qti.nrNetworkSettingApp is allowlisted but not present.
01-01 08:15:13.715 1085 1085 W UserManagerService: com.android.theme.icon_pack.circular.android is allowlisted but not present.
01-01 08:15:13.748 1085 1209 I dvm_lock_sample: [system_server,0,android.bg,822,Settings.java,5646,void com.android.server.pm.Settings$RuntimePermissionPersistence$MyHandler.handleMessage(android.os.Message),LegacyPermissionSettings.java,90,void com.android.server.pm.permission.LegacyPermissionSettings.replacePermissions(java.util.List),100]
01-01 08:15:13.752 1085 1085 I Watchdog: Resuming HandlerChecker: main thread for reason: packagemanagermain. Pause count: 0
01-01 08:15:13.752 1085 1085 I SystemServerDexLoadReporter: Configuring system server dex reporter
01-01 08:15:14.831 0 0 I cnss-daemon: Hardware supports external modem
01-01 08:15:14.852 0 0 I binder : 1435:1435 ioctl 40046210 7ffc797fd4 returned -22
01-01 08:15:14.921 0 0 I cnss-daemon: pm_release_vote: pm_handle is NULL
01-01 08:15:14.921 0 0 I cnss-daemon: pm_release_vote: pm_handle is NULL
01-01 08:15:14.973 0 0 D cnss : Received QMI WLFW request memory indication
01-01 08:15:14.973 0 0 D cnss : FW requests for memory, size: 0x5e0000, type: 1
01-01 08:15:14.973 0 0 D cnss : FW requests for memory, size: 0xd8000, type: 4
01-01 08:15:14.973 0 0 D cnss : Posting event: REQUEST_MEM(2), state: 0x9 flags: 0x0
01-01 08:15:14.973 0 0 D cnss : PM stay awake, state: 0x9, count: 1
01-01 08:15:14.973 0 0 D cnss : PM relax, state: 0x9, count: 0
01-01 08:15:14.973 0 0 D cnss : PM stay awake, state: 0x9, count: 1
01-01 08:15:14.973 0 0 D cnss : Processing driver event: REQUEST_MEM(2), state: 0x9
01-01 08:15:14.979 0 0 I init : starting service 'update_engine'...
01-01 08:15:15.001 0 0 D cnss : Sending respond memory message, state: 0x9
01-01 08:15:15.001 0 0 D cnss : Memory for FW, va: 0xffffff802579c000, pa: 0x00000000a1000000, size: 0x5e0000, type: 1
01-01 08:15:15.001 0 0 D cnss : Memory for FW, va: 0xffffff8022301000, pa: 0x00000000a1600000, size: 0xd8000, type: 4
01-01 08:15:15.024 0 0 D cnss : Received QMI WLFW FW memory ready indication
01-01 08:15:15.024 0 0 D cnss : Posting event: FW_MEM_READY(3), state: 0x9 flags: 0x0
01-01 08:15:15.029 0 0 D cnss : Processing driver event: FW_MEM_READY(3), state: 0x9
01-01 08:15:15.029 0 0 D cnss : Sending target capability message, state: 0xb
01-01 08:15:15.034 0 0 D cnss : Voltage for CPR: 948mV
01-01 08:15:15.034 0 0 D cnss : Got voltage 800mV from i: 0, j: 0
01-01 08:15:15.035 0 0 D cnss : Got voltage 1012mV from i: 4, j: 1
01-01 08:15:15.035 0 0 D cnss : Update TCS CMD data address 0x000000000b2e5844 with voltage 950mV
01-01 08:15:15.035 0 0 D cnss : Device frequency is 24000000 HZ
01-01 08:15:15.035 0 0 D cnss : Target capability: chip_id: 0x0, chip_family: 0xb, board_id: 0xff, soc_id: 0xffffffff, fw_version: 0x101a0521, fw_build_timestamp: 2021-12-20 07:54, fw_build_id: QC_IMAGE_VERSION_STRING=WLAN.HST.1.0.1.r1-01313-QCAHSTSWPL_SILICONZ-1, otp_version: 0x0
01-01 08:15:15.035 0 0 D cnss : Sending BDF download message, state: 0xb, type: 4
01-01 08:15:15.035 0 0 D cnss : FW name added with prefix: qca6390/regdb.bin
01-01 08:15:15.035 0 0 W cnss2 b0000000.qcom,cnss-qca6390: Falling back to syfs fallback for: qca6390/regdb.bin
01-01 08:15:15.085 0 0 I init : starting service 'usbd'...
01-01 08:15:15.107 0 0 I ueventd : firmware: loading 'qca6390/regdb.bin' for '/devices/platform/soc/b0000000.qcom,cnss-qca6390/firmware/qca6390!regdb.bin'
01-01 08:15:15.109 0 0 E ueventd : firmware: could not find firmware for qca6390/regdb.bin
01-01 08:15:15.177 0 0 I init : starting service 'vendor.qcc-trd'...
01-01 08:15:15.194 0 0 E ueventd : firmware: attempted /etc/firmware/qca6390/regdb.bin, open failed: No such file or directory
01-01 08:15:15.280 0 0 I binder : 1518:1518 ioctl 40046210 7fc96a7c54 returned -22
01-01 08:15:15.295 0 0 I init : starting service 'qfp-daemon'...
01-01 08:15:15.297 0 0 E ueventd : firmware: attempted /odm/firmware/qca6390/regdb.bin, open failed: No such file or directory
01-01 08:15:15.316 0 0 I binder : 1518:1518 ioctl 40046210 7fc96a7a84 returned -22
01-01 08:15:14.256 1085 1085 I dvm_lock_sample: [system_server,0,main,503,PackageManagerService.java,6035,com.android.server.pm.PackageManagerService$Computer com.android.server.pm.PackageManagerService.snapshotComputer(),-,28155,void com.android.server.pm.PackageManagerService$PackageManagerInternalImpl.forEachPackageSetting(java.util.function.Consumer),100]
01-01 08:15:15.319 0 0 E diag : In diag_ioctl_set_buffering_mode, invalid peripheral = -22
01-01 08:15:15.337 0 0 E ueventd : firmware: attempted /vendor/firmware/qca6390/regdb.bin, open failed: No such file or directory
01-01 08:15:14.275 1526 1526 I auditd : type=1400 audit(0.0:82): avc: denied { read } for comm="tzlog" name="qsee_log" dev="debugfs" ino=19466 scontext=u:r:np_thundercomm_tlog:s0 tcontext=u:object_r:debugfs:s0 tclass=file permissive=0
01-01 08:15:15.381 0 0 E ueventd : firmware: attempted /firmware/image/qca6390/regdb.bin, open failed: No such file or directory
01-01 08:15:14.275 1526 1526 I auditd : type=1400 audit(0.0:83): avc: denied { read } for comm="tzlog" name="log" dev="debugfs" ino=19465 scontext=u:r:np_thundercomm_tlog:s0 tcontext=u:object_r:debugfs:s0 tclass=file permissive=0
01-01 08:15:14.323 1085 1085 I pm_snapshot_rebuild: [66,-1]
01-01 08:15:14.324 1085 1143 I dvm_lock_sample: [system_server,1,Binder:1085_2,471,PackageManagerService.java,6028,com.android.server.pm.PackageManagerService$Computer com.android.server.pm.PackageManagerService.snapshotComputer(),-,6050,com.android.server.pm.PackageManagerService$Computer com.android.server.pm.PackageManagerService.snapshotComputer(),94]
01-01 08:15:14.333 1085 1085 D SystemServerTiming: StartPackageManagerService took to complete: 3765ms
01-01 08:15:14.334 1085 1085 I SystemServerTiming: StartOtaDexOptService
01-01 08:15:14.335 1085 1085 I Watchdog: Pausing HandlerChecker: main thread for reason: moveab. Pause count: 1
01-01 08:15:14.353 1085 1085 D OTADexopt: No upgrade, skipping A/B artifacts check.
01-01 08:15:14.353 1085 1085 I Watchdog: Resuming HandlerChecker: main thread for reason: moveab. Pause count: 0
01-01 08:15:14.353 1085 1085 D SystemServerTiming: StartOtaDexOptService took to complete: 19ms
01-01 08:15:14.353 1085 1085 I SystemServerTiming: StartUserManagerService
01-01 08:15:14.354 1085 1085 I SystemServiceManager: Starting com.android.server.pm.UserManagerService$LifeCycle
01-01 08:15:14.355 1085 1085 D SystemServerTiming: StartUserManagerService took to complete: 2ms
01-01 08:15:14.355 1085 1085 I SystemServerTiming: InitAttributerCache
01-01 08:15:14.356 1085 1085 D SystemServerTiming: InitAttributerCache took to complete: 0ms
01-01 08:15:14.356 1085 1085 I SystemServerTiming: SetSystemProcess
01-01 08:15:15.408 0 0 I binder : 1545:1545 ioctl 40046210 7ff3e78054 returned -22
01-01 08:15:15.418 0 0 E cnss : Failed to load BDF: qca6390/regdb.bin
01-01 08:15:15.441 0 0 D cnss : Sending BDF download message, state: 0xb, type: 1
01-01 08:15:15.441 0 0 D cnss : FW name added with prefix: qca6390/bdwlan.elf
01-01 08:15:15.441 0 0 W cnss2 b0000000.qcom,cnss-qca6390: Falling back to syfs fallback for: qca6390/bdwlan.elf
01-01 08:15:15.449 0 0 I init : starting service 'qvrd_vndr'...
01-01 08:15:15.466 0 0 I init : Created socket '/dev/socket/qvrservice_vndr', mode 660, user 1000, group 1000
01-01 08:15:15.478 0 0 D qbt : qbt_open: entry minor_no=0 fd_available=1
01-01 08:15:15.478 0 0 D qbt : qbt_open: exit : 0 fd_available=0
01-01 08:15:15.478 0 0 D qbt : qbt_open: entry minor_no=1 fd_available=0
01-01 08:15:15.478 0 0 D qbt : qbt_open: exit : 0 fd_available=0
01-01 08:15:15.478 0 0 D qbt : qbt_ioctl: cmd received 102
01-01 08:15:15.478 0 0 D qbt : qbt_ioctl: qbt_ioctl: QBT_ENABLE_IPC
01-01 08:15:15.482 0 0 D cnss : Downloading BDF: qca6390/bdwlan.elf, size: 57908
01-01 08:15:15.482 0 0 I init : Created socket '/dev/socket/qvrservice_vndr_camera', mode 660, user 1000, group 1000
01-01 08:15:14.405 1085 1085 I am_uid_running: 1000
01-01 08:15:14.408 1085 1143 V HistoricalRegistry: Interaction before persistence initialized
01-01 08:15:15.485 0 0 D qbt : qbt_ioctl: cmd received 107
01-01 08:15:14.463 852 852 I auditd : type=1400 audit(0.0:84): avc: denied { read } for comm="android.hardwar" name="type" dev="sysfs" ino=74124 scontext=u:r:hal_health_default:s0 tcontext=u:object_r:sysfs:s0 tclass=file permissive=0
01-01 08:15:14.450 1085 1215 I ActivityManager: Connection with lmkd established
01-01 08:15:14.520 1085 1085 I am_uid_active: 1000
01-01 08:15:14.523 1085 1085 D SystemServerTiming: SetSystemProcess took to complete: 168ms
01-01 08:15:14.524 1085 1085 I SystemServerTiming: InitWatchdog
01-01 08:15:14.524 1085 1085 D SystemServerTiming: InitWatchdog took to complete: 0ms
01-01 08:15:15.485 0 0 D qbt : qbt_ioctl: Acquiring wakelock
01-01 08:15:15.519 0 0 W healthd : No battery devices found
01-01 08:15:15.536 0 0 D cnss : FW name added with prefix: qca6390/m3.bin
01-01 08:15:15.537 0 0 W cnss_pci 0000: 01:00.0: Falling back to syfs fallback for: qca6390/m3.bin
01-01 08:15:15.546 0 0 E : msm_qti_pp_get_rms_value_control, back not active to query rms be_idx:3
01-01 08:15:14.548 0 0 W healthd : battery none chg=
01-01 08:15:14.542 1085 1085 I SystemServerTiming: StartOverlayManagerService
01-01 08:15:14.557 0 0 I init : starting service 'sxrd'...
01-01 08:15:14.566 1332 1332 W storaged: health: invalid battery status
01-01 08:15:14.596 0 0 I core_get_license_status: cmdrsp_license_result.result = 0x15 for module 0x131ff
01-01 08:15:14.599 0 0 E msm_ext_disp_update_audio_ops: Display not found (EXT_DISPLAY_TYPE_DP) ctld (0) stream (0)
01-01 08:15:14.621 0 0 E msm_ext_disp_update_audio_ops: Display not found (EXT_DISPLAY_TYPE_HDMI) ctld (0) stream (0)
01-01 08:15:14.641 0 0 E msm_ext_disp_update_audio_ops: Display not found (EXT_DISPLAY_TYPE_DP) ctld (0) stream (0)
01-01 08:15:14.644 0 0 I binder : 1332:1332 ioctl 40046210 7fdb3586a4 returned -22
01-01 08:15:14.645 0 0 I binder : 1535:1535 ioctl 40046210 7fd40e0144 returned -22
01-01 08:15:14.661 0 0 E msm_ext_disp_update_audio_ops: Display not found (EXT_DISPLAY_TYPE_DP) ctld (0) stream (0)
01-01 08:15:14.681 0 0 I init : starting service 'vendor.tlocd'...
01-01 08:15:14.683 0 0 D cnss : Sending M3 information message, state: 0xb
01-01 08:15:14.683 0 0 D cnss : M3 memory, va: 0xffffff80227b5000, pa: 0x00000000a1800000, size: 0x411bc
01-01 08:15:14.686 0 0 E msm_ext_disp_update_audio_ops: Display not found (EXT_DISPLAY_TYPE_DP) ctld (0) stream (0)
01-01 08:15:14.686 0 0 I binder : 1535:1535 ioctl 40046210 7fd40dfd44 returned -22 --------- beginning of crash
01-01 08:15:14.659 1590 1590 F linker : CANNOT LINK EXECUTABLE "/vendor/bin/hw/sxrservice": library "vendor.qti.hardware.qxr-V1-ndk_platform.so" not found: needed by main executable
01-01 08:15:14.697 0 0 D cnss : Received QMI WLFW FW initialization done indication
01-01 08:15:14.683 1584 1584 F linker : CANNOT LINK EXECUTABLE "/vendor/bin/hw/qvrservice": library "vendor.qti.hardware.qxr-V1-ndk_platform.so" not found: needed by /vendor/lib64/libqvrservice.so in namespace (default)
01-01 08:15:14.697 0 0 D cnss : Posting event: FW_READY(4), state: 0xb flags: 0x0
01-01 08:15:14.698 0 0 D cnss : Processing driver event: FW_READY(4), state: 0xb
01-01 08:15:14.699 0 0 D cnss : PCIE Gen speed not setup
01-01 08:15:14.699 0 0 D cnss : Sending antenna switch sync request, state: 0xf
01-01 08:15:14.705 0 0 E cnss : Antenna switch request failed, result: 1, err: 94
01-01 08:15:14.705 0 0 W QSEECOM : qseecom_load_app: App (fingerpr) does'nt exist, loading apps for first time
01-01 08:15:14.718 0 0 E msm-ext-disp-audio-codec-rx soc: qcom,msm-ext-disp:qcom,msm-ext-disp-audio-codec-rx: msm_ext_disp_audio_type_get: get_audio_edid_blk() or get_intf_id is NULL
01-01 08:15:14.723 0 0 D cnss : Sending mode message, mode: CALIBRATION(7), state: 0xf
01-01 08:15:14.737 0 0 E msm_ext_disp_update_audio_ops: Display not found (EXT_DISPLAY_TYPE_DP) ctld (0) stream (0)
01-01 08:15:14.739 0 0 I init : starting service 'vendor-sensor-sh'...
01-01 08:15:14.748 0 0 E msm-ext-disp-audio-codec-rx soc: qcom,msm-ext-disp:qcom,msm-ext-disp-audio-codec-rx: msm_ext_disp_audio_type_get: get_audio_edid_blk() or get_intf_id is NULL
01-01 08:15:14.781 0 0 E msm_ext_disp_update_audio_ops: Display not found (EXT_DISPLAY_TYPE_DP) ctld (0) stream (0)
01-01 08:15:14.787 1332 1604 I storaged: storaged: Start
01-01 08:15:14.804 0 0 E msm-ext-disp-audio-codec-rx soc: qcom,msm-ext-disp:qcom,msm-ext-disp-audio-codec-rx: msm_ext_disp_audio_type_get: get_audio_edid_blk() or get_intf_id is NULL
01-01 08:15:14.798 1085 1446 D SystemServerTimingAsync: AppDataFixup took to complete: 1502ms
01-01 08:15:14.834 0 0 E msm-ext-disp-audio-codec-rx soc: qcom,msm-ext-disp:qcom,msm-ext-disp-audio-codec-rx: msm_ext_disp_audio_device_get: invalid dai id: 4
01-01 08:15:14.842 0 0 W QSEECOM : qseecom_load_app: App with id 6 (fingerpr) now loaded
01-01 08:15:14.889 1600 1600 I TLOC : [main ]"TLOC DAEMON main thread"
01-01 08:15:14.890 1600 1600 D TLOC : [TLOCDaemon ]"---------- TLOC Daemon Starts ----------"
01-01 08:15:14.900 0 0 D cnss : Received QMI WLFW pin connect result indication
01-01 08:15:14.900 0 0 D cnss : Pin connect Result: pwr_pin: 0x1 phy_io_pin: 0x0 rf_io_pin: 0x0
01-01 08:15:14.900 0 0 D cnss : Removing vote for Regulator vdd-wlan-rfa2
01-01 08:15:14.901 0 0 D cnss : Removing vote for Regulator vdd-wlan-rfa1
01-01 08:15:14.901 0 0 D cnss : Removing vote for Regulator vdd-wlan-dig
01-01 08:15:14.901 0 0 D cnss : Removing vote for Regulator vdd-wlan-aon
01-01 08:15:14.901 0 0 D cnss : Removing vote for Regulator vdd-wlan-io
01-01 08:15:14.901 0 0 D cnss : PM relax, state: 0xf, count: 0
01-01 08:15:14.901 0 0 D cnss : PM stay awake, state: 0xf, count: 1
01-01 08:15:14.901 0 0 D cnss : PM relax, state: 0xf, count: 0
01-01 08:15:14.896 1600 1600 D TLOC : [TLOCChannel]"The channel was initialized successfully for TLOCD"
01-01 08:15:14.898 1600 1600 D TLOC : [TLOCChannel]"The channel was initialized successfully for TLOCL"
01-01 08:15:14.905 1600 1600 D TLOC : [TLOCChannel]"The channel was initialized successfully for MODEM"
01-01 08:15:14.905 1600 1600 D TLOC : [TLOCChannel]"TLOCChannel was initialized successfully"
01-01 08:15:14.905 1600 1600 D TLOC : [TLOCChannel] "TLOCChannel is already initialized"
01-01 08:15:14.967 1274 1274 W iorapd : Readahead disabled by system property
01-01 08:15:14.985 1274 1274 W iorapd : Reconnect to package manager service: 1 times
01-01 08:15:15.021 0 0 E : msm_pcm_volume_ctl_get substream not found
01-01 08:15:15.085 0 0 I IPv6 : ADDRCONF(NETDEV_UP): vlan0: link is not ready
01-01 08:15:15.138 1085 1085 I commit_sys_config_file: [overlays,7]
01-01 08:15:15.142 1085 1085 D SystemServerTiming: StartOverlayManagerService took to complete: 599ms
01-01 08:15:15.142 1085 1085 I SystemServerTiming: StartSensorPrivacyService
01-01 08:15:15.148 1085 1192 W ActivityTaskManager: Skip updateConfiguration because mWindowManager isn't set
01-01 08:15:15.189 1085 1085 D SystemServerTiming: StartSensorPrivacyService took to complete: 47ms
01-01 08:15:15.189 1085 1085 I SystemServerTiming: StartSensorService
01-01 08:15:15.189 1085 1085 I SystemServiceManager: Starting com.android.server.sensors.SensorService
01-01 08:15:15.190 1085 1085 D SystemServerTiming: StartSensorService took to complete: 1ms
01-01 08:15:15.190 1085 1085 D SystemServerTiming: startBootstrapServices took to complete: 5332ms
01-01 08:15:15.190 1085 1085 I SystemServerTiming: startCoreServices
01-01 08:15:15.190 1085 1085 I SystemServerTiming: StartSystemConfigService
01-01 08:15:15.190 1085 1085 I SystemServiceManager: Starting com.android.server.SystemConfigService
01-01 08:15:15.193 1085 1085 D SystemServerTiming: StartSystemConfigService took to complete: 2ms
01-01 08:15:15.193 1085 1085 I SystemServerTiming: StartBatteryService
01-01 08:15:15.193 1085 1085 I SystemServiceManager: Starting com.android.server.BatteryService
01-01 08:15:15.203 1085 1633 I SystemServerTimingAsync: InitThreadPoolExec:StartNativeSensorService
01-01 08:15:15.203 1085 1633 D SystemServerInitThreadPool: Started executing StartNativeSensorService
01-01 08:15:15.203 1085 1633 I SystemServerTimingAsync: StartNativeSensorService
01-01 08:15:15.230 0 0 W healthd : battery none chg=
01-01 08:15:15.222 1085 1210 I battery_status: [1,1,0,0,]
01-01 08:15:15.230 1085 1085 I HealthServiceWrapper: health: HealthServiceWrapper listening to instance default
01-01 08:15:15.230 1085 1085 I BatteryService: health: Waited 0ms and received the update.
01-01 08:15:15.231 1085 1633 D SystemServerTimingAsync: StartNativeSensorService took to complete: 28ms
01-01 08:15:15.231 1085 1633 D SystemServerInitThreadPool: Finished executing StartNativeSensorService
01-01 08:15:15.231 1085 1633 D SystemServerTimingAsync: InitThreadPoolExec:StartNativeSensorService took to complete: 28ms
01-01 08:15:15.234 1085 1085 D SystemServerTiming: StartBatteryService took to complete: 40ms
01-01 08:15:15.234 1085 1085 I SystemServerTiming: StartUsageService
01-01 08:15:15.234 1085 1085 I SystemServiceManager: Starting com.android.server.usage.UsageStatsService
01-01 08:15:15.265 0 0 I : read descriptors
01-01 08:15:15.266 0 0 I : read strings
01-01 08:15:15.249 1085 1085 D SystemServerTiming: StartUsageService took to complete: 14ms
01-01 08:15:15.249 1085 1085 I SystemServerTiming: StartWebViewUpdateService
01-01 08:15:15.249 1085 1085 I SystemServiceManager: Starting com.android.server.webkit.WebViewUpdateService
01-01 08:15:15.251 1085 1085 D SystemServerTiming: StartWebViewUpdateService took to complete: 3ms
01-01 08:15:15.251 1085 1085 I SystemServerTiming: StartCachedDeviceStateService
01-01 08:15:15.251 1085 1085 I SystemServiceManager: Starting com.android.server.CachedDeviceStateService
01-01 08:15:15.251 1085 1085 D SystemServerTiming: StartCachedDeviceStateService took to complete: 0ms
01-01 08:15:15.252 1085 1085 I SystemServerTiming: StartBinderCallsStatsService
01-01 08:15:15.252 1085 1085 I SystemServiceManager: Starting com.android.server.BinderCallsStatsService$LifeCycle
01-01 08:15:15.253 1085 1085 D SystemServerTiming: StartBinderCallsStatsService took to complete: 2ms
01-01 08:15:15.253 1085 1085 I SystemServerTiming: StartLooperStatsService
01-01 08:15:15.253 1085 1085 I SystemServiceManager: Starting com.android.server.LooperStatsService$Lifecycle
01-01 08:15:15.254 1085 1085 D SystemServerTiming: StartLooperStatsService took to complete: 1ms
01-01 08:15:15.254 1085 1085 I SystemServerTiming: StartRollbackManagerService
01-01 08:15:15.254 1085 1085 I SystemServiceManager: Starting com.android.server.rollback.RollbackManagerService
01-01 08:15:15.273 1085 1085 I PackageWatchdog: Syncing state, reason: added new observer
01-01 08:15:15.273 1085 1085 I PackageWatchdog: Not pruning observers, elapsed time: 0ms
01-01 08:15:15.273 1085 1209 I PackageWatchdog: Saving observer state to file
01-01 08:15:15.284 1085 1085 D SystemServerTiming: StartRollbackManagerService took to complete: 30ms
01-01 08:15:15.284 1085 1085 I SystemServerTiming: StartNativeTombstoneManagerService
01-01 08:15:15.284 1085 1085 I SystemServiceManager: Starting com.android.server.os.NativeTombstoneManagerService
01-01 08:15:15.293 1085 1085 D SystemServerTiming: StartNativeTombstoneManagerService took to complete: 9ms
01-01 08:15:15.294 1085 1085 I SystemServerTiming: StartBugreportManagerService
01-01 08:15:15.294 1085 1085 I SystemServiceManager: Starting com.android.server.os.BugreportManagerService
01-01 08:15:15.297 1085 1085 D SystemServerTiming: StartBugreportManagerService took to complete: 4ms
01-01 08:15:15.297 1085 1085 I SystemServerTiming: GpuService
01-01 08:15:15.297 1085 1085 I SystemServiceManager: Starting com.android.server.gpu.GpuService
01-01 08:15:15.298 1085 1085 D SystemServerTiming: GpuService took to complete: 0ms
01-01 08:15:15.298 1085 1085 D SystemServerTiming: startCoreServices took to complete: 107ms
01-01 08:15:15.298 1085 1085 I SystemServerTiming: startOtherServices
01-01 08:15:15.298 1085 1085 I SystemServerTiming: StartKeyAttestationApplicationIdProviderService
01-01 08:15:15.299 1620 1620 D iorap.prefetcherd: Installing minijail
01-01 08:15:15.300 1085 1085 D SystemServerTiming: StartKeyAttestationApplicationIdProviderService took to complete: 1ms
01-01 08:15:15.300 1085 1085 I SystemServerTiming: StartKeyChainSystemService
01-01 08:15:15.300 1085 1085 I SystemServiceManager: Starting com.android.server.security.KeyChainSystemService
01-01 08:15:15.300 1085 1085 D SystemServerTiming: StartKeyChainSystemService took to complete: 1ms
01-01 08:15:15.300 1085 1085 I SystemServerTiming: StartSchedulingPolicyService
01-01 08:15:15.302 1085 1085 D SystemServerTiming: StartSchedulingPolicyService took to complete: 2ms
01-01 08:15:15.302 1085 1085 I SystemServerTiming: StartTelecomLoaderService
01-01 08:15:15.302 1085 1085 I SystemServiceManager: Starting com.android.server.telecom.TelecomLoaderService
01-01 08:15:15.303 1085 1085 D SystemServerTiming: StartTelecomLoaderService took to complete: 1ms
01-01 08:15:15.303 1085 1085 I SystemServerTiming: StartTelephonyRegistry
01-01 08:15:15.307 1085 1085 D SystemServerTiming: StartTelephonyRegistry took to complete: 3ms
01-01 08:15:15.307 1085 1085 I SystemServerTiming: StartEntropyMixer
01-01 08:15:15.308 1620 1620 W iorap.prefetcherd: No seccomp filter defined for this architecture.
01-01 08:15:15.314 1085 1656 I SystemServerTimingAsync: InitThreadPoolExec:SecondaryZygotePreload
01-01 08:15:15.314 1085 1656 D SystemServerInitThreadPool: Started executing SecondaryZygotePreload
01-01 08:15:15.314 1085 1656 I SystemServer: SecondaryZygotePreload
01-01 08:15:15.314 1085 1656 I SystemServerTimingAsync: SecondaryZygotePreload
01-01 08:15:15.322 1085 1085 I EntropyMixer: Writing entropy...
01-01 08:15:15.330 1085 1085 D SystemServerTiming: StartEntropyMixer took to complete: 23ms
01-01 08:15:15.330 1085 1085 I SystemServerTiming: StartAccountManagerService
01-01 08:15:15.330 1085 1085 I SystemServiceManager: Starting com.android.server.accounts.AccountManagerService$Lifecycle
01-01 08:15:15.325 0 0 I capability: warning: `msm_irqbalance' uses 32-bit capabilities (legacy support in use)
01-01 08:15:15.338 1085 1085 D SystemServerTiming: StartAccountManagerService took to complete: 7ms
01-01 08:15:15.338 1085 1085 I SystemServerTiming: StartContentService
01-01 08:15:15.338 1085 1085 I SystemServiceManager: Starting com.android.server.content.ContentService$Lifecycle
01-01 08:15:15.343 1085 1085 D SystemServerTiming: StartContentService took to complete: 4ms
01-01 08:15:15.343 1085 1085 I SystemServerTiming: InstallSystemProviders
01-01 08:15:15.357 1085 1657 I SystemServerTimingAsync: InitThreadPoolExec:SchedulingPolicyService.
01-01 08:15:15.357 1085 1657 D SystemServerInitThreadPool: Started executing SchedulingPolicyService.
01-01 08:15:15.367 1085 1085 I service_manager_slow: [17,network_management]
01-01 08:15:15.387 685 685 D ZygoteInitTiming_lazy: BeginPreload took to complete: 68ms
01-01 08:15:15.404 0 0 I android_work: did not send uevent (0 0 0000000000000000)
01-01 08:15:15.431 1085 1085 I service_manager_stats: [253,151,5015]
01-01 08:15:15.464 1085 1085 W SettingsState: No settings state /data/system/users/0/settings_ssaid.xml
01-01 08:15:15.465 1085 1085 I SettingsState: directory info for directory/file /data/system/users/0/settings_ssaid.xml with stacktrace
01-01 08:15:15.465 1085 1085 I SettingsState: java.lang.Exception
01-01 08:15:15.465 1085 1085 I SettingsState: at com.android.providers.settings.SettingsState.logSettingsDirectoryInformation(SettingsState.java:877)
01-01 08:15:15.465 1085 1085 I SettingsState: at com.android.providers.settings.SettingsState.readStateSyncLocked(SettingsState.java:1008)
01-01 08:15:15.465 1085 1085 I SettingsState: at com.android.providers.settings.SettingsState.(SettingsState.java:283)
01-01 08:15:15.465 1085 1085 I SettingsState: at com.android.providers.settings.SettingsProvider$SettingsRegistry.ensureSettingsStateLocked(SettingsProvider.java:2883)
01-01 08:15:15.465 1085 1085 I SettingsState: at com.android.providers.settings.SettingsProvider$SettingsRegistry.ensureSettingsForUserLocked(SettingsProvider.java:2871)
01-01 08:15:15.465 1085 1085 I SettingsState: at com.android.providers.settings.SettingsProvider$SettingsRegistry.peekSettingsStateLocked(SettingsProvider.java:3191)
01-01 08:15:15.465 1085 1085 I SettingsState: at com.android.providers.settings.SettingsProvider$SettingsRegistry.getSettingsNamesLocked(SettingsProvider.java:2813)
01-01 08:15:15.465 1085 1085 I SettingsState: at com.android.providers.settings.SettingsProvider$SettingsRegistry.syncSsaidTableOnStartLocked(SettingsProvider.java:2796)
01-01 08:15:15.465 1085 1085 I SettingsState: at com.android.providers.settings.SettingsProvider$SettingsRegistry.access$100(SettingsProvider.java:2666)
01-01 08:15:15.465 1085 1085 I SettingsState: at com.android.providers.settings.SettingsProvider.onCreate(SettingsProvider.java:396)
01-01 08:15:15.465 1085 1085 I SettingsState: at android.content.ContentProvider.attachInfo(ContentProvider.java:2404)
01-01 08:15:15.465 1085 1085 I SettingsState: at android.content.ContentProvider.attachInfo(ContentProvider.java:2374)
01-01 08:15:15.465 1085 1085 I SettingsState: at android.app.ActivityThread.installProvider(ActivityThread.java:7463)
01-01 08:15:15.465 1085 1085 I SettingsState: at android.app.ActivityThread.installContentProviders(ActivityThread.java:6980)
01-01 08:15:15.465 1085 1085 I SettingsState: at android.app.ActivityThread.installSystemProviders(ActivityThread.java:7650)
01-01 08:15:15.465 1085 1085 I SettingsState: at com.android.server.am.ContentProviderHelper.installSystemProviders(ContentProviderHelper.java:1247)
01-01 08:15:15.465 1085 1085 I SettingsState: at com.android.server.SystemServer.startOtherServices(SystemServer.java:1439)
01-01 08:15:15.465 1085 1085 I SettingsState: at com.android.server.SystemServer.run(SystemServer.java:883)
01-01 08:15:15.465 1085 1085 I SettingsState: at com.android.server.SystemServer.main(SystemServer.java:614)
01-01 08:15:15.465 1085 1085 I SettingsState: at java.lang.reflect.Method.invoke(Native Method)
01-01 08:15:15.465 1085 1085 I SettingsState: at com.android.internal.os.RuntimeInit$MethodAndArgsCaller.run(RuntimeInit.java:548)
01-01 08:15:15.465 1085 1085 I SettingsState: at com.android.internal.os.ZygoteInit.main(ZygoteInit.java:987)
01-01 08:15:15.465 1085 1085 I SettingsState: ancestor directory /data/system/users/0 exists
01-01 08:15:15.466 1085 1085 I SettingsState: ancestor directory /data/system/users/0 permissions: r: true w: true x: true
01-01 08:15:15.466 1085 1085 I SettingsState: ancestor's parent directory /data/system/users permissions: r: true w: true x: true
01-01 08:15:15.503 0 0 E msm-dwc3 a600000.ssusb: Could not get usb psy
01-01 08:15:15.518 1085 1211 D ActivityManager: Freezer enabled
01-01 08:15:15.524 1085 1211 D ActivityManager: freezer override set to false
01-01 08:15:15.530 1085 1085 D SystemServerTiming: InstallSystemProviders took to complete: 187ms
01-01 08:15:15.530 1085 1085 I SystemServerTiming: StartDropBoxManager
01-01 08:15:15.530 1085 1085 I SystemServiceManager: Starting com.android.server.DropBoxManagerService
01-01 08:15:15.531 1085 1085 D SystemServerTiming: StartDropBoxManager took to complete: 1ms
01-01 08:15:15.531 1085 1085 I SystemServerTiming: StartRoleManagerService
01-01 08:15:15.531 1085 1085 I SystemServiceManager: Starting com.android.role.RoleService
01-01 08:15:15.538 1085 1085 D SystemServerTiming: StartRoleManagerService took to complete: 7ms
01-01 08:15:15.538 1085 1085 I SystemServerTiming: StartVibratorManagerService
01-01 08:15:15.538 1085 1085 I SystemServiceManager: Starting com.android.server.vibrator.VibratorManagerService$Lifecycle
01-01 08:15:15.542 0 0 W QSEECOM : __qseecom_unload_app: App (6) is unloaded
01-01 08:15:15.543 0 0 D qbt : qbt_release: entry minor_no=0 fd_available=0
01-01 08:15:15.543 0 0 D qbt : qbt_release: Releasing wakelock
01-01 08:15:15.543 0 0 D qbt : qbt_release: exit : fd_available=1
01-01 08:15:15.543 0 0 D qbt : qbt_release: entry minor_no=1 fd_available=1
01-01 08:15:15.543 0 0 D qbt : qbt_release: exit : fd_available=1
01-01 08:15:15.552 1085 1085 D SystemServerTiming: StartVibratorManagerService took to complete: 13ms
01-01 08:15:15.552 1085 1085 I SystemServerTiming: StartDynamicSystemService
01-01 08:15:15.553 1085 1085 D SystemServerTiming: StartDynamicSystemService took to complete: 2ms
01-01 08:15:15.553 1085 1085 I SystemServerTiming: StartConsumerIrService
01-01 08:15:15.556 1085 1085 D SystemServerTiming: StartConsumerIrService took to complete: 2ms
01-01 08:15:15.556 1085 1085 I SystemServerTiming: StartAlarmManagerService
01-01 08:15:15.556 1085 1085 I SystemServiceManager: Starting com.android.server.alarm.AlarmManagerService
01-01 08:15:15.559 1085 1657 D SystemServerInitThreadPool: Finished executing SchedulingPolicyService.
01-01 08:15:15.559 1085 1657 D SystemServerTimingAsync: InitThreadPoolExec:SchedulingPolicyService. took to complete: 203ms
01-01 08:15:15.572 1085 1085 I AlarmManager: Current time only 915572, advancing to build time 1661791928000
08-30 00:52:08.005 1085 1085 D SystemServerTiming: StartAlarmManagerService took to complete: 22ms
