01-01 08:15:03.623 0 0 I binder : 620:620 ioctl 40046210 7fdd4b9ef4 returned -22
01-01 08:15:03.625 0 0 W subsys-pil-tz soc: qcom,ipa_uc: Falling back to syfs fallback for: ipa_uc.b02
01-01 08:15:03.632 0 0 I : using default for wan-rx-desc-size = 256
01-01 08:15:03.639 0 0 I subsys-pil-tz soc: qcom,ipa_uc: ipa_uc: Brought out of reset
01-01 08:15:03.639 0 0 E ipa3_uc_wdi_event_log_info_handler: 351 WDI protocol missing 0x21
01-01 08:15:03.639 0 0 E ipa3_uc_ntn_event_log_info_handler: 34 NTN stats ofst=0x500e0
01-01 08:15:03.642 0 0 E ipa-wan ipa3_wwan_probe: 2530 rmnet_ipa completed initialization
01-01 08:15:03.643 0 0 D ProcessState: Binder ioctl to enable oneway spam detection failed: Invalid argument
01-01 08:15:03.693 0 0 D vdc : Waited 0ms for vold
01-01 08:15:03.685 559 559 D vold : fscrypt_mount_metadata_encrypted: /data encrypt: 0 format: 0 with null
01-01 08:15:03.685 559 559 D vold : metadata_key_dir/key: /metadata/vold/metadata_encryption/key
01-01 08:15:03.687 559 559 D vold : Key exists, using: /metadata/vold/metadata_encryption/key
01-01 08:15:03.694 585 605 I auditd : SELinux: Loaded keystore2_key_contexts from:
01-01 08:15:03.694 585 605 I auditd : /system/etc/selinux/plat_keystore2_key_contexts
01-01 08:15:03.710 559 559 D vold : Mounting metadata-encrypted filesystem:/data
01-01 08:15:03.714 559 559 I vold : [libfs_mgr]Running /system/bin/fsck.f2fs -a -c 10000 --debug-cache /dev/block/dm-6
01-01 08:15:03.747 0 0 I fsck.f2fs: Info: Fix the reported corruption.
01-01 08:15:03.753 0 0 I fsck.f2fs: Info: No support kernel version!
01-01 08:15:03.758 0 0 I fsck.f2fs: Info: Segments per section = 1
01-01 08:15:03.747 624 624 I auditd : type=1400 audit(0.0:10): avc: denied { kill } for comm="fsck.f2fs" capability=5 scontext=u:r:fsck:s0 tcontext=u:r:fsck:s0 tclass=capability permissive=0
01-01 08:15:03.763 0 0 I fsck.f2fs: Info: Sections per zone = 1
01-01 08:15:03.763 0 0 I fsck.f2fs: Info: sector size = 4096
01-01 08:15:03.763 0 0 I fsck.f2fs: Info: total sectors = 28958163 (113117 MB)
01-01 08:15:03.763 0 0 I fsck.f2fs: Info: MKFS version
01-01 08:15:03.763 0 0 I fsck.f2fs: "4.15.0-175-generic #184-Ubuntu SMP Thu Mar 24 17:48:36 UTC 2022"
01-01 08:15:03.808 0 0 I fsck.f2fs: Info: FSCK version
01-01 08:15:03.812 0 0 I fsck.f2fs: from "4.19.157+"
01-01 08:15:03.824 0 0 I F2FS-fs (dm-6): Reduce reserved blocks for root = 22993
01-01 08:15:04.010 0 0 I F2FS-fs (dm-6): Mounted with checkpoint version = 48463c44
01-01 08:15:04.011 559 559 I vold : [libfs_mgr]__mount(source=/dev/block/dm-6,target=/data,type=f2fs)=0: Success
01-01 08:15:04.011 559 559 D vold : Mounted /data
01-01 08:15:04.012 559 577 D vold : Disk at 252:6 changed
01-01 08:15:04.011 620 620 I auditd : type=1400 audit(0.0:11): avc: denied { kill } for comm="vdc" capability=5 scontext=u:r:vdc:s0 tcontext=u:r:vdc:s0 tclass=capability permissive=0
01-01 08:15:04.092 559 559 I Checkpoint: cp_prepareCheckpoint called
01-01 08:15:04.093 0 0 I binder : 630:630 ioctl 40046210 7ff4623be4 returned -22
01-01 08:15:04.100 0 0 D ProcessState: Binder ioctl to enable oneway spam detection failed: Invalid argument
01-01 08:15:04.100 0 0 D vdc : Waited 0ms for vold
01-01 08:15:04.116 629 631 D spcomlib: [spcom_register_service] spcom_register_service() name [sp_keymaster_ssr] pid [474645806256]
01-01 08:15:04.116 629 631 D spcomlib: [spcom_open] ch [sp_keymaster_ssr] doesn't exist, create it.
01-01 08:15:04.116 629 631 D spcomlib: [spcom_create_channel] Create Channel [sp_keymaster_ssr].
01-01 08:15:04.131 629 631 D spcomlib: [add_ssr_cb] ssr cb added!
01-01 08:15:04.131 629 631 D spcomlib: [start_ssr_thread] ch [spcom] ready!
01-01 08:15:04.131 629 631 D spcomlib: [start_ssr_thread] main pthread self_id [0x83183cb0].
01-01 08:15:04.132 629 631 D spcomlib: [start_ssr_thread] pthread_create() ret [0] thread-id [0x82085cb0].
01-01 08:15:04.132 629 631 D spcomlib: [start_ssr_thread] Wait for SSR thread to run.
01-01 08:15:04.132 629 633 D spcomlib: [notify_ssr_thread] SSR pthread self_id [0x82085cb0].
01-01 08:15:04.132 629 631 D spcomlib: [start_ssr_thread] pthread_cond_wait() ret [0].
01-01 08:15:04.132 629 631 D spcomlib: [start_ssr_thread] done.
01-01 08:15:04.132 629 631 D spcomlib: [add_ch] add ch [sp_keymaster_ssr].
01-01 08:15:04.132 629 631 D spcomlib: [spcom_register_service] spcom_register_service() name [sp_keymaster_ssr] pid [474645806256] done
01-01 08:15:04.134 0 0 I binder : 632:632 ioctl 40046210 7fd7561da4 returned -22
01-01 08:15:04.140 0 0 D ProcessState: Binder ioctl to enable oneway spam detection failed: Invalid argument
01-01 08:15:04.141 0 0 D vdc : Waited 0ms for vold
01-01 08:15:04.133 559 559 I vold : fscrypt_initialize_systemwide_keys
01-01 08:15:04.134 559 559 D vold : Key exists, using: /data/unencrypted/key
01-01 08:15:04.152 559 559 D vold : Installed fscrypt key with ref d391c804cf74e3786af9ce7de95daf44 to /data
01-01 08:15:04.152 559 559 D vold : Added fscrypt-provisioning key for d391c804cf74e3786af9ce7de95daf44 to session keyring
01-01 08:15:04.159 559 559 I vold : Wrote system DE key reference to:/data/unencrypted/ref
01-01 08:15:04.159 559 559 D vold : Generating wrapped storage key
01-01 08:15:04.162 559 559 E vold : keystore2 Keystore generateKey returned service specific error: -67
01-01 08:15:04.162 559 559 W vold : Failed to generate rollback-resistant key. This is expected if keymaster doesn't support rollback resistance. Falling back to non-rollback-resistant key.
01-01 08:15:04.173 559 559 D vold : Installed fscrypt key with ref c0612ca2270707d32bf4e69a19f26d6b to /data
01-01 08:15:04.173 559 559 D vold : Added fscrypt-provisioning key for c0612ca2270707d32bf4e69a19f26d6b to session keyring
01-01 08:15:04.175 559 559 I vold : Wrote per boot key reference to:/data/unencrypted/per_boot_ref
01-01 08:15:04.191 0 0 I fscrypt : AES-256-CTS-CBC using implementation "cts(cbc-aes-ce)"
01-01 08:15:04.253 0 0 I binder : 641:641 ioctl 40046210 7fd372a7c4 returned -22
01-01 08:15:04.260 0 0 D ProcessState: Binder ioctl to enable oneway spam detection failed: Invalid argument
01-01 08:15:04.260 0 0 D vdc : Waited 0ms for vold
01-01 08:15:04.252 559 559 I incfs : Initial API level of the device: 30
01-01 08:15:04.252 559 559 I incfs : ro.incremental.enable: 1
01-01 08:15:04.253 559 559 I incfs : isFsAvailable: true
01-01 08:15:04.253 559 559 I incfs : isFsAvailable: true
01-01 08:15:04.253 559 559 I incfs : IncFs_Features: v1
01-01 08:15:04.273 559 559 E vold : keystore2 Keystore earlyBootEnded returned service specific error: -68
01-01 08:15:04.323 0 0 I apexd : This device does not support updatable APEX. Exiting
01-01 08:15:04.330 0 0 I apexd : Marking APEXd as activated
01-01 08:15:04.499 0 0 I binder : 647:647 ioctl 40046210 7fd61260d4 returned -22
01-01 08:15:04.506 0 0 D ProcessState: Binder ioctl to enable oneway spam detection failed: Invalid argument
01-01 08:15:04.507 0 0 D vdc : Waited 0ms for vold
01-01 08:15:04.499 559 559 D vold : fscrypt_init_user0
01-01 08:15:04.499 559 559 D vold : Preparing: /data/misc/vold/user_keys
01-01 08:15:04.501 559 559 D vold : Preparing: /data/misc/vold/user_keys/ce
01-01 08:15:04.501 559 559 D vold : Preparing: /data/misc/vold/user_keys/de
01-01 08:15:04.520 559 559 D vold : Installed fscrypt key with ref fddb2769ae7f9e4702cf3c7852da0ad3 to /data
01-01 08:15:04.520 559 559 D vold : Added fscrypt-provisioning key for fddb2769ae7f9e4702cf3c7852da0ad3 to session keyring
01-01 08:15:04.520 559 559 D vold : Installed de key for user 0
01-01 08:15:04.520 559 559 D vold : fscrypt_prepare_user_storage for volume null, user 0, serial 0, flags 1
01-01 08:15:04.520 559 559 D vold : Preparing: /data/system/users/0
01-01 08:15:04.521 559 559 D vold : Preparing: /data/misc/profiles/cur/0
01-01 08:15:04.521 559 559 D vold : Preparing: /data/system_de/0
01-01 08:15:04.522 559 559 D vold : Preparing: /data/misc_de/0
01-01 08:15:04.522 559 559 D vold : Preparing: /data/vendor_de/0
01-01 08:15:04.523 559 559 D vold : Preparing: /data/user_de/0
01-01 08:15:04.523 559 559 I vold : Verified that /data/system_de/0 has the encryption policy fddb2769ae7f9e4702cf3c7852da0ad3 v2 modes 1/4 flags 0xa
01-01 08:15:04.524 559 559 I vold : Verified that /data/misc_de/0 has the encryption policy fddb2769ae7f9e4702cf3c7852da0ad3 v2 modes 1/4 flags 0xa
01-01 08:15:04.524 559 559 I vold : Verified that /data/vendor_de/0 has the encryption policy fddb2769ae7f9e4702cf3c7852da0ad3 v2 modes 1/4 flags 0xa
01-01 08:15:04.524 559 559 I vold : Verified that /data/user_de/0 has the encryption policy fddb2769ae7f9e4702cf3c7852da0ad3 v2 modes 1/4 flags 0xa
01-01 08:15:04.524 559 559 D vold : /system/bin/vold_prepare_subdirs
01-01 08:15:04.524 559 559 D vold : prepare
01-01 08:15:04.524 559 559 D vold :
01-01 08:15:04.524 559 559 D vold : 0
01-01 08:15:04.524 559 559 D vold : 1
01-01 08:15:04.582 559 559 D vold : Detected support for FS_IOC_ADD_ENCRYPTION_KEY
01-01 08:15:04.758 0 0 I apexd : This device does not support updatable APEX. Exiting
01-01 08:15:04.765 0 0 I apexd : Marking APEXd as ready
01-01 08:15:04.773 0 0 I init : Service 'apexd-snapshotde' (pid 653) exited with status 0 waiting took 0.042000 seconds
01-01 08:15:04.783 0 0 I init : Sending signal 9 to service 'apexd-snapshotde' (pid 653) process group...
01-01 08:15:04.792 0 0 I libprocessgroup: Successfully killed process cgroup uid 0 pid 653 in 0ms
01-01 08:15:04.802 0 0 I init : starting service 'exec 16 (/system/bin/tzdatacheck /apex/com.android.tzdata/etc/tz /data/misc/zoneinfo)'...
01-01 08:15:04.822 0 0 I init : SVC_EXEC service 'exec 16 (/system/bin/tzdatacheck /apex/com.android.tzdata/etc/tz /data/misc/zoneinfo)' pid 654 (uid 1000 gid 1000+0 context default) started; waiting...
01-01 08:15:04.842 0 0 I init : Service 'exec 16 (/system/bin/tzdatacheck /apex/com.android.tzdata/etc/tz /data/misc/zoneinfo)' (pid 654) exited with status 0 waiting took 0.023000 seconds
01-01 08:15:04.858 0 0 I init : Sending signal 9 to service 'exec 16 (/system/bin/tzdatacheck /apex/com.android.tzdata/etc/tz /data/misc/zoneinfo)' (pid 654) process group...
01-01 08:15:04.873 0 0 I libprocessgroup: Successfully killed process cgroup uid 1000 pid 654 in 0ms
01-01 08:15:04.883 0 0 I init : processing action (post-fs-data) from (/system/etc/init/hw/init.usb.rc:6)
01-01 08:15:04.895 0 0 I init : Verified that /data/adb has the encryption policy d391c804cf74e3786af9ce7de95daf44 v2 modes 1/4 flags 0xa
01-01 08:15:04.957 0 0 D cnss : File system is ready, fs_ready is 1, count is 1
01-01 08:15:04.957 0 0 D cnss : Posting event: COLD_BOOT_CAL_START(5), state: 0x0 flags: 0x0
01-01 08:15:04.957 0 0 D cnss : PM stay awake, state: 0x0, count: 1
01-01 08:15:04.958 0 0 D cnss : PM relax, state: 0x0, count: 0
01-01 08:15:04.958 0 0 D cnss : PM stay awake, state: 0x0, count: 1
01-01 08:15:04.958 0 0 D cnss : Processing driver event: COLD_BOOT_CAL_START(5), state: 0x0
01-01 08:15:04.958 0 0 D cnss : Regulator vdd-wlan-io is being enabled
01-01 08:15:04.958 0 0 D cnss : Regulator wlan-ant-switch is being enabled
01-01 08:15:04.959 0 0 D cnss : Regulator vdd-wlan-aon is being enabled
01-01 08:15:04.959 0 0 D cnss : Regulator vdd-wlan-dig is being enabled
01-01 08:15:04.960 0 0 D cnss : Regulator vdd-wlan-rfa1 is being enabled
01-01 08:15:04.961 0 0 D cnss : Regulator vdd-wlan-rfa2 is being enabled
01-01 08:15:04.961 0 0 D cnss : BT_EN_GPIO State: Off. Delay WLAN_GPIO enable
01-01 08:15:05.066 0 0 D cnss : Assert WLAN_EN GPIO successfully
01-01 08:15:05.066 0 0 D cnss : Resuming PCI link
01-01 08:15:05.066 0 0 I msm_pcie_enable: PCIe: Assert the reset of endpoint of RC0.
01-01 08:15:05.086 0 0 I msm_pcie_enable: PCIe: RC0: PCIE20_PARF_INT_ALL_MASK: 0x7f80d202
01-01 08:15:05.096 0 0 I pcie_phy_init: PCIe RC0 PHY is ready!
01-01 08:15:05.111 0 0 I msm_pcie_enable: PCIe: Release the reset of endpoint of RC0.
01-01 08:15:05.130 0 0 I logd : logd reinit
01-01 08:15:05.135 0 0 E logd : FrameworkListener: read() failed (Connection reset by peer)
01-01 08:15:05.139 0 0 I msm_pcie_link_train: PCIe RC0 link initialized
01-01 08:15:05.165 0 0 I cnss_pci 0000: 01:00.0: enabling device (0000 -> 0002)
01-01 08:15:05.171 0 0 D cnss : Read register offset 0x1f8031c, val = 0x6
01-01 08:15:05.171 0 0 D cnss : Write val 0x2 to register offset 0x1f8031c
01-01 08:15:05.171 0 0 D cnss : Setting MHI state: INIT(0)
01-01 08:15:05.185 0 0 D cnss : Setting MHI state: POWER_ON(2)
01-01 08:15:05.188 0 0 W cnss_pci 0000: 01:00.0: Falling back to syfs fallback for: qca6390/amss20.bin
01-01 08:15:04.252 678 678 I liblog : 4
01-01 08:15:05.493 0 0 I update_verifier: Started with arg 1: nonencrypted
01-01 08:15:05.499 0 0 I binder : 681:681 ioctl 40046210 7fdd511bf4 returned -22
01-01 08:15:05.506 0 0 D hw-ProcessState: Binder ioctl to enable oneway spam detection failed: Invalid argument
01-01 08:15:05.511 0 0 I update_verifier: Booting slot 0: isSlotMarkedSuccessful=1
01-01 08:15:05.517 0 0 I update_verifier: Leaving update_verifier.
01-01 08:15:05.572 0 0 I binder : 682:682 ioctl 40046210 7fe0f53a74 returned -22
01-01 08:15:05.581 0 0 W subsys-pil-tz 17300000.qcom,lpass: Falling back to syfs fallback for: adsp.mdt
01-01 08:15:05.588 0 0 E ueventd : firmware: could not find firmware for dsi_prop
01-01 08:15:05.592 0 0 W subsys-pil-tz 8300000.qcom,turing: Falling back to syfs fallback for: cdsp.mdt
01-01 08:15:05.597 0 0 E ueventd : firmware: attempted /etc/firmware/dsi_prop, open failed: No such file or directory
01-01 08:15:05.602 0 0 I ueventd : firmware: loading 'adsp.mdt' for '/devices/platform/soc/17300000.qcom,lpass/firmware/adsp.mdt'
01-01 08:15:05.616 0 0 I ueventd : firmware: loading 'cdsp.mdt' for '/devices/platform/soc/8300000.qcom,turing/firmware/cdsp.mdt'
01-01 08:15:05.623 0 0 I subsys-pil-tz 17300000.qcom,lpass: adsp: loading from 0x000000008a100000 to 0x000000008be00000
01-01 08:15:05.624 0 0 I ueventd : loading /devices/platform/soc/17300000.qcom,lpass/firmware/adsp.mdt took 23ms
01-01 08:15:05.625 0 0 E ueventd : firmware: attempted /odm/firmware/dsi_prop, open failed: No such file or directory
01-01 08:15:05.630 0 0 W subsys-pil-tz 17300000.qcom,lpass: Falling back to syfs fallback for: adsp.b02
01-01 08:15:05.631 0 0 D cnss : MHI status cb is called with reason MISSION_MODE(6)
01-01 08:15:05.632 0 0 W subsys-pil-tz 17300000.qcom,lpass: Falling back to syfs fallback for: adsp.b03
01-01 08:15:05.633 0 0 D cnss : Notify MHI to use already allocated images
01-01 08:15:05.633 0 0 D cnss : PM relax, state: 0x8, count: 0
01-01 08:15:05.634 0 0 W subsys-pil-tz 17300000.qcom,lpass: Falling back to syfs fallback for: adsp.b04
01-01 08:15:05.637 0 0 W subsys-pil-tz 17300000.qcom,lpass: Falling back to syfs fallback for: adsp.b05
01-01 08:15:05.639 0 0 I ueventd : loading /devices/platform/soc/8300000.qcom,turing/firmware/cdsp.mdt took 22ms
01-01 08:15:05.640 0 0 I subsys-pil-tz 8300000.qcom,turing: cdsp: loading from 0x0000000087800000 to 0x0000000088c00000
01-01 08:15:05.643 0 0 W subsys-pil-tz 17300000.qcom,lpass: Falling back to syfs fallback for: adsp.b06
01-01 08:15:05.646 0 0 E ueventd : firmware: attempted /vendor/firmware/dsi_prop, open failed: No such file or directory
01-01 08:15:05.646 0 0 E ueventd : firmware: attempted /firmware/image/dsi_prop, open failed: No such file or directory
01-01 08:15:05.646 0 0 E ueventd : firmware: attempted /vendor/firmware_mnt/image/dsi_prop, open failed: No such file or directory
01-01 08:15:05.651 0 0 E OF : graph: no port node found in /soc/qcom,dsi-display-primary
01-01 08:15:05.661 0 0 W subsys-pil-tz 17300000.qcom,lpass: Falling back to syfs fallback for: adsp.b07
01-01 08:15:05.665 0 0 W subsys-pil-tz 17300000.qcom,lpass: Falling back to syfs fallback for: adsp.b08
01-01 08:15:05.670 0 0 W [drm] [msm-dsi-warn]: [hx82101+hx8692 video mode dsi truly panel] fallback to default te-pin-select
01-01 08:15:05.671 0 0 W subsys-pil-tz 17300000.qcom,lpass: Falling back to syfs fallback for: adsp.b09
01-01 08:15:05.674 0 0 W subsys-pil-tz 17300000.qcom,lpass: Falling back to syfs fallback for: adsp.b10
01-01 08:15:05.678 0 0 E : [drm:dp_display_init_aux_switch][msm-dp-err][116 ]failed to register notifier (-22)
01-01 08:15:05.679 0 0 W subsys-pil-tz 17300000.qcom,lpass: Falling back to syfs fallback for: adsp.b12
01-01 08:15:05.679 0 0 W subsys-pil-tz 17300000.qcom,lpass: Falling back to syfs fallback for: adsp.b11
01-01 08:15:05.682 0 0 W subsys-pil-tz 17300000.qcom,lpass: Falling back to syfs fallback for: adsp.b13
01-01 08:15:05.683 0 0 W subsys-pil-tz 17300000.qcom,lpass: Falling back to syfs fallback for: adsp.b14
01-01 08:15:05.683 0 0 W subsys-pil-tz 17300000.qcom,lpass: Falling back to syfs fallback for: adsp.b15
01-01 08:15:05.687 0 0 I msm_drm ae00000.qcom,mdss_mdp: Linked as a consumer to regulator.31
01-01 08:15:05.687 0 0 W subsys-pil-tz 17300000.qcom,lpass: Falling back to syfs fallback for: adsp.b16
01-01 08:15:05.690 0 0 W subsys-pil-tz 17300000.qcom,lpass: Falling back to syfs fallback for: adsp.b17
01-01 08:15:05.693 0 0 W subsys-pil-tz 17300000.qcom,lpass: Falling back to syfs fallback for: adsp.b18
01-01 08:15:05.697 0 0 W subsys-pil-tz 8300000.qcom,turing: Falling back to syfs fallback for: cdsp.b02
01-01 08:15:05.702 0 0 E register_client_adhoc: find path.src 1 dest 590
01-01 08:15:05.703 0 0 W subsys-pil-tz 8300000.qcom,turing: Falling back to syfs fallback for: cdsp.b03
01-01 08:15:05.704 0 0 E register_client_adhoc: Client handle 16 mdss_reg
01-01 08:15:05.705 0 0 E register_client_adhoc: find path.src 22 dest 512
01-01 08:15:05.706 0 0 E register_client_adhoc: find path.src 23 dest 512
01-01 08:15:05.707 0 0 E register_client_adhoc: Client handle 66 mdss_sde
01-01 08:15:05.707 0 0 W subsys-pil-tz 8300000.qcom,turing: Falling back to syfs fallback for: cdsp.b04
01-01 08:15:05.707 0 0 I [drm:sde_dbg_init:4676] evtlog_status: enable:11, panic:1, dump:2
01-01 08:15:05.708 0 0 I msm_drm ae00000.qcom,mdss_mdp: bound soc:qcom,wb-display@0 (ops sde_wb_comp_ops)
01-01 08:15:05.710 0 0 I msm-dsi-display soc: qcom,dsi-display-primary: Linked as a consumer to regulator.25
01-01 08:15:05.711 0 0 I [drm:dsi_display_bind] [msm-dsi-info]: Successfully bind display panel 'qcom,mdss_dsi_panel_hx82101_hx8692_truly_v2_video'
01-01 08:15:05.712 0 0 W subsys-pil-tz 8300000.qcom,turing: Falling back to syfs fallback for: cdsp.b05
01-01 08:15:05.714 0 0 W subsys-pil-tz 8300000.qcom,turing: Falling back to syfs fallback for: cdsp.b06
01-01 08:15:05.719 0 0 W subsys-pil-tz 8300000.qcom,turing: Falling back to syfs fallback for: cdsp.b08
01-01 08:15:05.719 0 0 W subsys-pil-tz 8300000.qcom,turing: Falling back to syfs fallback for: cdsp.b09
01-01 08:15:05.721 0 0 W subsys-pil-tz 8300000.qcom,turing: Falling back to syfs fallback for: cdsp.b11
01-01 08:15:05.729 0 0 I msm_drm ae00000.qcom,mdss_mdp: bound soc:qcom,dsi-display-primary (ops dsi_display_comp_ops)
01-01 08:15:05.963 0 0 I subsys-pil-tz 8300000.qcom,turing: cdsp: Brought out of reset
01-01 08:15:05.972 0 0 I subsys-pil-tz 8300000.qcom,turing: cdsp: Power/Clock ready interrupt received
01-01 08:15:05.977 0 0 I msm_drm ae00000.qcom,mdss_mdp: bound af20000.qcom,sde_rscc (ops sde_rsc_comp_ops)
01-01 08:15:05.977 0 0 I : [drm] mapped mdp address space @ffffff8014400000
01-01 08:15:05.986 0 0 I qcom_rpmh DRV: apps_rsc TCS Busy, retrying RPMH message send: addr=0x30080
01-01 08:15:06.131 0 0 I subsys-pil-tz 17300000.qcom,lpass: adsp: Brought out of reset
01-01 08:15:06.140 0 0 I subsys-pil-tz 8300000.qcom,turing: Subsystem error monitoring/handling services are up
01-01 08:15:06.141 0 0 I : [drm:_sde_kms_hw_init_blocks:3613] sde hardware revision:0x60000000
01-01 08:15:06.142 0 0 I binder : 683:683 ioctl 40046210 7fd13497c4 returned -22
01-01 08:15:06.147 0 0 I binder : 683:683 ioctl 40046210 7fd13499d4 returned -22
01-01 08:15:06.155 0 0 I subsys-pil-tz 17300000.qcom,lpass: Subsystem error monitoring/handling services are up
01-01 08:15:06.168 0 0 I qcom_smd_qrtr_probe: Entered
01-01 08:15:06.170 0 0 I subsys-pil-tz 17300000.qcom,lpass: adsp: Power/Clock ready interrupt received
01-01 08:15:06.170 0 0 I qcom_rpmh DRV: apps_rsc TCS Busy, retrying RPMH message send: addr=0x30030
01-01 08:15:06.171 0 0 I msmdrm_smmu ae00000.qcom,mdss_mdp: qcom,smmu_sde_unsec_cb: Linked as a consumer to 15000000.apps-smmu
01-01 08:15:06.178 0 0 I adsprpc : fastrpc_restart_notifier_cb: adsp subsystem is up
01-01 08:15:06.182 0 0 I adsprpc : fastrpc_restart_notifier_cb: cdsp subsystem is up
01-01 08:15:06.183 0 0 E : [drm:dp_display_init_aux_switch][msm-dp-err][501 ]failed to register notifier (-22)
01-01 08:15:06.184 0 0 I qcom_rpmh DRV: apps_rsc TCS Busy, retrying RPMH message send: addr=0x30040
01-01 08:15:06.185 0 0 I iommu : Adding device ae00000.qcom,mdss_mdp:qcom,smmu_sde_unsec_cb to group 57
01-01 08:15:06.186 0 0 I : [drm] probing device qcom,smmu_sde_unsec
01-01 08:15:06.186 0 0 I : [drm] Created domain mdp_ns, secure=0
01-01 08:15:06.187 0 0 I qcom_smd_qrtr_probe: SMD QRTR driver probed
01-01 08:15:06.191 0 0 E : [drm:dp_display_init_aux_switch][msm-dp-err][501 ]failed to register notifier (-22)
01-01 08:15:06.195 0 0 I msmdrm_smmu ae00000.qcom,mdss_mdp: qcom,smmu_sde_sec_cb: Linked as a consumer to 15000000.apps-smmu
01-01 08:15:06.199 0 0 W subsys-pil-tz 9800000.qcom,npu: Falling back to syfs fallback for: npu.mdt
01-01 08:15:06.202 0 0 I msm_cvp : info: Opening cvp instance: ffffffec6c3a4480
01-01 08:15:06.221 0 0 I iommu : Adding device ae00000.qcom,mdss_mdp:qcom,smmu_sde_sec_cb to group 58
01-01 08:15:06.231 0 0 I subsys-pil-tz 9800000.qcom,npu: npu: loading from 0x0000000086900000 to 0x0000000086e00000
01-01 08:15:06.231 0 0 I msm_cvp_v4l2 ab00000.qcom,cvp: Linked as a consumer to regulator.83
01-01 08:15:06.231 0 0 I msm_cvp_v4l2 ab00000.qcom,cvp: Linked as a consumer to regulator.82
01-01 08:15:06.232 0 0 I adsprpc : fastrpc_rpmsg_probe: opened rpmsg channel for adsp
01-01 08:15:06.236 0 0 I : [drm] probing device qcom,smmu_sde_sec
01-01 08:15:06.245 0 0 I subsys-restart: __subsystem_get(): Changing subsys fw_name to cvpss
01-01 08:15:06.250 0 0 W subsys-pil-tz 9800000.qcom,npu: Falling back to syfs fallback for: npu.b02
01-01 08:15:06.251 0 0 W subsys-pil-tz 9800000.qcom,npu: Falling back to syfs fallback for: npu.b03
01-01 08:15:06.251 0 0 W subsys-pil-tz 9800000.qcom,npu: Falling back to syfs fallback for: npu.b04
01-01 08:15:06.252 0 0 W subsys-pil-tz 9800000.qcom,npu: Falling back to syfs fallback for: npu.b05
01-01 08:15:06.253 0 0 W subsys-pil-tz 9800000.qcom,npu: Falling back to syfs fallback for: npu.b06
01-01 08:15:06.253 0 0 I qcom_smd_qrtr_probe: Entered
01-01 08:15:06.254 0 0 I : [drm] Created domain mdp_s, secure=1
01-01 08:15:06.254 0 0 I qcom_smd_qrtr_probe: SMD QRTR driver probed
01-01 08:15:06.257 0 0 W subsys-pil-tz abb0000.qcom,cvpss: Falling back to syfs fallback for: cvpss.mdt
01-01 08:15:06.269 0 0 I apr_tal_rpmsg qcom,glink: adsp.apr_audio_svc.-1.-1: apr_tal_rpmsg_probe: Channel[apr_audio_svc] state[Up]
01-01 08:15:06.289 0 0 I [drm:dsi_panel_get_mode] [msm-dsi-info]: default topology: lm: 1 comp_enc:0 intf: 1
01-01 08:15:06.308 0 0 I adsprpc : fastrpc_rpmsg_probe: opened rpmsg channel for cdsp
01-01 08:15:05.278 684 684 I boot_progress_start: 45513
01-01 08:15:06.340 0 0 I subsys-pil-tz abb0000.qcom,cvpss: cvpss: loading from 0x0000000087300000 to 0x0000000087800000
01-01 08:15:06.345 0 0 I subsys-pil-tz 9800000.qcom,npu: npu: Brought out of reset
01-01 08:15:06.354 0 0 W subsys-pil-tz abb0000.qcom,cvpss: Falling back to syfs fallback for: cvpss.b02
01-01 08:15:06.358 0 0 W subsys-pil-tz abb0000.qcom,cvpss: Falling back to syfs fallback for: cvpss.b03
01-01 08:15:06.358 0 0 W subsys-pil-tz abb0000.qcom,cvpss: Falling back to syfs fallback for: cvpss.b04
01-01 08:15:06.358 0 0 W subsys-pil-tz abb0000.qcom,cvpss: Falling back to syfs fallback for: cvpss.b05
01-01 08:15:06.358 0 0 W subsys-pil-tz abb0000.qcom,cvpss: Falling back to syfs fallback for: cvpss.b06
01-01 08:15:06.358 0 0 D cnss : DRV subsystem is connected
01-01 08:15:06.359 0 0 W subsys-pil-tz abb0000.qcom,cvpss: Falling back to syfs fallback for: cvpss.b07
01-01 08:15:06.359 0 0 W subsys-pil-tz abb0000.qcom,cvpss: Falling back to syfs fallback for: cvpss.b08
01-01 08:15:06.359 0 0 W subsys-pil-tz abb0000.qcom,cvpss: Falling back to syfs fallback for: cvpss.b09
01-01 08:15:06.359 0 0 W subsys-pil-tz abb0000.qcom,cvpss: Falling back to syfs fallback for: cvpss.b10
01-01 08:15:06.360 0 0 W subsys-pil-tz abb0000.qcom,cvpss: Falling back to syfs fallback for: cvpss.b19
01-01 08:15:06.369 0 0 I : [drm] Supports vblank timestamp caching Rev 2 (21.10.2013).
01-01 08:15:06.372 0 0 E : [drm:dp_display_init_aux_switch][msm-dp-err][7 ]failed to register notifier (-22)
01-01 08:15:06.392 0 0 E : [drm:dp_display_init_aux_switch][msm-dp-err][595 ]failed to register notifier (-22)
01-01 08:15:06.398 0 0 I : [drm] No driver support for vblank timestamp query.
01-01 08:15:06.413 0 0 I NPU_INFO: npu_get_fw_caps: 236 fw caps 0:2007
01-01 08:15:06.414 0 0 W NPU_WARN: host_session_msg_hdlr: 1904 handle npu session msg when FW is disabled
01-01 08:15:06.435 0 0 I : [drm] Initialized msm_drm 1.3.0 20130625 for ae00000.qcom,mdss_mdp on minor 0
01-01 08:15:06.441 0 0 I NPU_INFO: npu_get_fw_caps: 236 fw caps 1:80000005
01-01 08:15:06.451 0 0 I : [drm] cont_splash feature not enabled
01-01 08:15:06.458 0 0 I NPU_INFO: npu_get_fw_caps: 236 fw caps 2:0
01-01 08:15:06.458 0 0 I NPU_INFO: npu_get_fw_caps: 236 fw caps 3:0
01-01 08:15:06.458 0 0 I NPU_INFO: npu_get_fw_caps: 236 fw caps 4:0
01-01 08:15:06.458 0 0 I NPU_INFO: npu_get_fw_caps: 236 fw caps 5:0
01-01 08:15:06.458 0 0 I NPU_INFO: npu_get_fw_caps: 236 fw caps 6:0
01-01 08:15:06.458 0 0 I NPU_INFO: npu_get_fw_caps: 236 fw caps 7:0
01-01 08:15:06.479 0 0 I qcom_smd_qrtr_probe: Entered
01-01 08:15:06.483 0 0 I subsys-pil-tz abb0000.qcom,cvpss: cvpss: Brought out of reset
01-01 08:15:06.494 0 0 I qcom_smd_qrtr_probe: SMD QRTR driver probed
01-01 08:15:06.685 0 0 E : [drm:dp_display_init_aux_switch][msm-dp-err][7 ]failed to register notifier (-22)
01-01 08:15:06.724 0 0 I msm_cvp : info: Closed cvp instance: ffffffec6c3a4480 session_id = 0
01-01 08:15:05.975 685 685 I snet_event_log: [200284993,-1,]
01-01 08:15:05.984 684 684 I snet_event_log: [200284993,-1,]
01-01 08:15:06.034 684 684 I boot_progress_preload_start: 46270
01-01 08:15:06.058 685 685 D Zygote32Timing: PostZygoteInitGC took to complete: 17ms
01-01 08:15:06.058 685 685 D Zygote32Timing: ZygoteInit took to complete: 22ms
01-01 08:15:06.114 684 684 D Zygote64Timing: BeginPreload took to complete: 79ms
01-01 08:15:07.448 0 0 I subsys-restart: __subsystem_get(): Changing subsys fw_name to slpi
01-01 08:15:07.480 0 0 W subsys-pil-tz 5c00000.qcom,ssc: Falling back to syfs fallback for: slpi.mdt
01-01 08:15:07.501 0 0 I subsys-pil-tz 5c00000.qcom,ssc: slpi: loading from 0x0000000088c00000 to 0x000000008a100000
01-01 08:15:07.524 0 0 W subsys-pil-tz 5c00000.qcom,ssc: Falling back to syfs fallback for: slpi.b02
01-01 08:15:07.524 0 0 W subsys-pil-tz 5c00000.qcom,ssc: Falling back to syfs fallback for: slpi.b03
01-01 08:15:07.543 0 0 W subsys-pil-tz 5c00000.qcom,ssc: Falling back to syfs fallback for: slpi.b04
01-01 08:15:07.543 0 0 W subsys-pil-tz 5c00000.qcom,ssc: Falling back to syfs fallback for: slpi.b05
01-01 08:15:07.548 0 0 W subsys-pil-tz 5c00000.qcom,ssc: Falling back to syfs fallback for: slpi.b06
01-01 08:15:07.562 0 0 W subsys-pil-tz 5c00000.qcom,ssc: Falling back to syfs fallback for: slpi.b07
01-01 08:15:07.562 0 0 W subsys-pil-tz 5c00000.qcom,ssc: Falling back to syfs fallback for: slpi.b08
01-01 08:15:07.563 0 0 W subsys-pil-tz 5c00000.qcom,ssc: Falling back to syfs fallback for: slpi.b09
01-01 08:15:07.564 0 0 W subsys-pil-tz 5c00000.qcom,ssc: Falling back to syfs fallback for: slpi.b11
01-01 08:15:07.564 0 0 W subsys-pil-tz 5c00000.qcom,ssc: Falling back to syfs fallback for: slpi.b10
01-01 08:15:07.566 0 0 W subsys-pil-tz 5c00000.qcom,ssc: Falling back to syfs fallback for: slpi.b12
01-01 08:15:07.566 0 0 W subsys-pil-tz 5c00000.qcom,ssc: Falling back to syfs fallback for: slpi.b13
01-01 08:15:07.568 0 0 W subsys-pil-tz 5c00000.qcom,ssc: Falling back to syfs fallback for: slpi.b14
01-01 08:15:07.578 0 0 W subsys-pil-tz 5c00000.qcom,ssc: Falling back to syfs fallback for: slpi.b15
01-01 08:15:07.579 0 0 W subsys-pil-tz 5c00000.qcom,ssc: Falling back to syfs fallback for: slpi.b16
01-01 08:15:07.581 0 0 W subsys-pil-tz 5c00000.qcom,ssc: Falling back to syfs fallback for: slpi.b17
01-01 08:15:07.583 0 0 W subsys-pil-tz 5c00000.qcom,ssc: Falling back to syfs fallback for: slpi.b18
01-01 08:15:07.584 0 0 W subsys-pil-tz 5c00000.qcom,ssc: Falling back to syfs fallback for: slpi.b19
01-01 08:15:07.586 0 0 W subsys-pil-tz 5c00000.qcom,ssc: Falling back to syfs fallback for: slpi.b20
01-01 08:15:07.588 0 0 I binder : 821:821 ioctl 40046210 7fd024d8f4 returned -22
01-01 08:15:07.645 0 0 I binder : 822:822 ioctl 40046210 7ff2dbc5a4 returned -22
01-01 08:15:07.699 0 0 I binder : 822:822 ioctl 40046210 7ff2dbc584 returned -22
01-01 08:15:07.878 0 0 I binder : 895:895 ioctl 40046210 7fcafe11d4 returned -22
01-01 08:15:08.025 0 0 I binder : 943:943 ioctl 40046210 7feed28194 returned -22
01-01 08:15:08.050 0 0 I subsys-pil-tz 5c00000.qcom,ssc: slpi: Brought out of reset
01-01 08:15:08.080 0 0 I subsys-pil-tz 5c00000.qcom,ssc: Subsystem error monitoring/handling services are up
01-01 08:15:08.089 0 0 I subsys-pil-tz 5c00000.qcom,ssc: slpi: Power/Clock ready interrupt received
01-01 08:15:08.097 0 0 I adsprpc : fastrpc_restart_notifier_cb: slpi subsystem is up
01-01 08:15:08.100 0 0 E : [drm:dp_display_init_aux_switch][msm-dp-err][70 ]failed to register notifier (-22)
01-01 08:15:08.100 0 0 I adsprpc : fastrpc_rpmsg_probe: opened rpmsg channel for slpi
01-01 08:15:08.125 0 0 E : [drm:dp_display_init_aux_switch][msm-dp-err][70 ]failed to register notifier (-22)
01-01 08:15:07.145 958 958 I android.hardware.wifi@1.0-service: Wifi Hal is booting up...
01-01 08:15:07.149 958 958 I HidlServiceManagement: Registered android.hardware.wifi@1.4::IWifi/default (start delay of 164ms)
01-01 08:15:08.205 0 0 I qcom_smd_qrtr_probe: Entered
01-01 08:15:08.214 0 0 I qcom_smd_qrtr_probe: SMD QRTR driver probed
01-01 08:15:08.248 0 0 E : [drm:dp_display_init_aux_switch][msm-dp-err][7 ]failed to register notifier (-22)
01-01 08:15:08.371 0 0 W cam-a5 ac00000.qcom,a5: Falling back to syfs fallback for: CAMERA_ICP.elf
01-01 08:15:08.516 0 0 I CAM_INFO: CAM-HFI: cam_hfi_init: 883 Init IO1 : [0x10c00000 0xcf300000] IO2 [0xe0200000 0x1ed00000]
01-01 08:15:08.546 0 0 I CAM_INFO: CAM-ICP: cam_icp_mgr_hw_open: 3892 FW download done successfully
01-01 08:15:08.546 0 0 I CAM_INFO: CAM-ICP: cam_icp_mgr_process_dbg_buf: 2585 FW_DBG:CICP_FW_E : HFI :QC_IMAGE_VERSION_STRING=CICP.FW.3.0-00012,OEM_IMAGE_VERSION_STRING=CRM,BUILD_TIME: Dec 1 2020 11:05:55,CACHE_ENABLED at icphostinterface.c:636 QC_IMAGE_VERSION_STRING=CICP.FW.3.0-00012 OEM_IMAGE_VERSION_STRING=CRM
01-01 08:15:08.585 0 0 I CAM_INFO: CAM-ICP: cam_icp_mgr_process_dbg_buf: 2585 FW_DBG:CICP_FW_E : HFI :ELF variant: CACHE-ENABLED:T480:API_V2:USE_CDM_1_1: , API version: 0x2000058 at icphostinterface.c:637 QC_IMAGE_VERSION_STRING=CICP.FW.3.0-00012 OEM_IMAGE_VERSION_STRING=CRM
01-01 08:15:08.616 0 0 I binder : 1003:1003 ioctl 40046210 7ff18729a4 returned -22
01-01 08:15:07.623 684 684 D Zygote64Timing: PreloadClasses took to complete: 1509ms
01-01 08:15:08.673 0 0 W QSEECOM : qseecom_load_app: App (soter64) does'nt exist, loading apps for first time
01-01 08:15:08.691 0 0 W QSEECOM : qseecom_load_app: App with id 4 (soter64) now loaded
01-01 08:15:07.654 684 684 D Zygote64Timing: CacheNonBootClasspathClassLoaders took to complete: 31ms
01-01 08:15:07.689 684 684 D Zygote64Timing: PreloadResources took to complete: 36ms
01-01 08:15:07.725 1022 1022 I irsc_util: Starting irsc tool
01-01 08:15:07.734 1022 1022 I irsc_util: Num of entries:298
01-01 08:15:07.734 1022 1022 I irsc_util: Ending irsc tool
01-01 08:15:08.916 0 0 I sysmon-qmi: ssctl_new_server: Connection established between QMI handle and slpi's SSCTL service
01-01 08:15:08.919 0 0 E diag : In diag_send_feature_mask_update, control channel is not open, p: 3, ffffffac7bb8de78
01-01 08:15:08.937 0 0 E diag : In diag_send_feature_mask_update, control channel is not open, p: 5, ffffffac7bb8e318
01-01 08:15:07.897 684 684 I boot_progress_preload_end: 48132
01-01 08:15:07.897 684 684 D Zygote64Timing: ZygotePreload took to complete: 1862ms
01-01 08:15:08.952 0 0 E diag : In diag_send_peripheral_buffering_mode, buffering flag not set for 3
01-01 08:15:08.961 0 0 E diag : In diag_send_peripheral_buffering_mode, buffering flag not set for 5
01-01 08:15:08.990 0 0 I coresight-remote-etm soc: ssc_etm0: Connection established between QMI handle and 8 service
01-01 08:15:08.996 0 0 I sysmon-qmi: ssctl_new_server: Connection established between QMI handle and adsp's SSCTL service
01-01 08:15:09.003 0 0 I coresight-remote-etm soc: audio_etm0: Connection established between QMI handle and 5 service
01-01 08:15:09.009 0 0 I coresight-remote-etm soc: turing_etm0: Connection established between QMI handle and 13 service
01-01 08:15:09.009 0 0 I sysmon-qmi: ssctl_new_server: Connection established between QMI handle and cdsp's SSCTL service
01-01 08:15:09.011 0 0 E diag : In diag_send_peripheral_buffering_mode, buffering flag not set for 1
01-01 08:15:09.038 0 0 I sysmon-qmi: ssctl_new_server: Connection established between QMI handle and slpi's SSCTL service
01-01 08:15:09.040 0 0 E diag : In diag_send_feature_mask_update, control channel is not open, p: 6, ffffffac7bb8e568
01-01 08:15:09.041 0 0 I coresight-remote-etm soc: npu_etm0: Connection established between QMI handle and 14 service
01-01 08:15:09.043 0 0 D cnss : WLFW server arriving: node 7 port 1
01-01 08:15:09.043 0 0 D cnss : Posting event: SERVER_ARRIVE(0), state: 0x8 flags: 0x0
01-01 08:15:09.043 0 0 D cnss : PM stay awake, state: 0x8, count: 1
01-01 08:15:09.043 0 0 D cnss : PM relax, state: 0x8, count: 0
01-01 08:15:09.043 0 0 D cnss : PM stay awake, state: 0x8, count: 1
01-01 08:15:09.043 0 0 D cnss : Processing driver event: SERVER_ARRIVE(0), state: 0x8
01-01 08:15:09.043 0 0 I cnss : QMI WLFW service connected, state: 0x9
01-01 08:15:09.043 0 0 D cnss : Sending indication register message, state: 0x9
01-01 08:15:09.053 0 0 D cnss : Sending host capability message, state: 0x9
01-01 08:15:09.055 0 0 I servloc : service_locator_new_server: Connection established with the Service locator
01-01 08:15:09.055 0 0 I servloc : init_service_locator: Service locator initialized
01-01 08:15:09.059 0 0 E diag : In diag_send_feature_mask_update, control channel is not open, p: 6, ffffffac7bb8e568
01-01 08:15:09.076 0 0 D cnss : Number of clients is 2
01-01 08:15:09.094 0 0 I adsprpc : fastrpc_get_service_location_notify: PDR notifier for adsp registered for msm/adsp/audio_pd (audio_pdr_adsprpc)
01-01 08:15:09.099 0 0 I service-notifier: service_notifier_new_server: Connection established between QMI handle and 74 service
01-01 08:15:09.101 0 0 D cnss : Assign MSI to user: WAKE, num_vectors: 1, user_base_data: 813, base_vector: 13
01-01 08:15:09.108 0 0 I adsprpc : fastrpc_pdr_notifier_cb: msm/adsp/audio_pd (audio_pdr_adsprpc) is up on adsp
01-01 08:15:09.116 0 0 E diag : In diag_send_peripheral_buffering_mode, buffering flag not set for 6
01-01 08:15:09.120 0 0 I adsprpc : fastrpc_get_service_location_notify: audio_pdr_adsprpc (msm/adsp/audio_pd) PDR service for adsp is uninitialized
01-01 08:15:09.122 0 0 I audio_notifer_reg_service: service PDR_ADSP is in use
01-01 08:15:09.122 0 0 I apr_adsp_up: Q6 is Up
01-01 08:15:09.126 0 0 I msm_vidc: high: 00000001: ....d: Opening video instance: ffffffec4bf4c000, 1
01-01 08:15:09.128 0 0 I msm-audio-ion soc: qcom,msm-audio-apr:qcom,msm-audio-ion: Linked as a consumer to 15000000.apps-smmu
01-01 08:15:09.130 0 0 D cnss : WAKE MSI base data is 813
01-01 08:15:09.130 0 0 D cnss : Calibration done is 0
01-01 08:15:09.130 0 0 D cnss : Sending iova starting 0xa0000000 with size 0x10010000
01-01 08:15:09.134 0 0 I sps : BAM 0x0000000003a84000 (va:0xffffff801c5c0000) enabled: ver:0x19, number of pipes:25
01-01 08:15:09.136 0 0 D cnss : PM relax, state: 0x9, count: 0
01-01 08:15:09.137 0 0 I iommu : Adding device soc:qcom,msm-audio-apr:qcom,msm-audio-ion to group 59
01-01 08:15:09.162 0 0 E : [drm:dp_display_init_aux_switch][msm-dp-err][495 ]failed to register notifier (-22)
01-01 08:15:08.116 684 684 D Zygote64Timing: PostZygoteInitGC took to complete: 219ms
01-01 08:15:08.116 684 684 D Zygote64Timing: ZygoteInit took to complete: 2086ms
01-01 08:15:09.164 0 0 I sps : BAM 0x0000000003a84000 is registered.
01-01 08:15:09.168 0 0 I msm_vidc_v4l2 aa00000.qcom,vidc: Linked as a consumer to regulator.81
01-01 08:15:09.201 0 0 I binder : 1039:1039 ioctl 40046210 7fd29acae4 returned -22
01-01 08:15:09.203 0 0 E rmt_storage: ERR:main: Mmap Failed for rmts (-1)...pausing execution!
01-01 08:15:09.220 0 0 I msm_vidc_v4l2 aa00000.qcom,vidc: Linked as a consumer to regulator.80
01-01 08:15:09.222 0 0 I binder : 1041:1041 ioctl 40046210 7fe6201e64 returned -22
01-01 08:15:08.195 478 478 I auditd : type=1400 audit(0.0:12): avc: denied { setattr } for comm="init" name="rawdump" dev="tmpfs" ino=18548 scontext=u:r:vendor_init:s0 tcontext=u:object_r:block_device:s0 tclass=lnk_file permissive=0
01-01 08:15:08.195 478 478 I auditd : type=1400 audit(0.0:13): avc: denied { setattr } for comm="init" name="rawdump" dev="tmpfs" ino=18548 scontext=u:r:vendor_init:s0 tcontext=u:object_r:block_device:s0 tclass=lnk_file permissive=0
01-01 08:15:08.223 1 1 I auditd : type=1107 audit(0.0:14): uid=0 auid=4294967295 ses=4294967295 subj=u:r:init:s0 msg='avc: denied { set } for property=ctl.start$console pid=1072 uid=0 gid=0 scontext=u:r:vendor_qti_init_shell:s0 tcontext=u:object_r:ctl_start_prop:s0 tclass=property_service permissive=0'
01-01 08:15:09.267 0 0 E : [drm:dp_display_init_aux_switch][msm-dp-err][495 ]failed to register notifier (-22)
01-01 08:15:09.292 0 0 E : [drm:dp_display_init_aux_switch][msm-dp-err][495 ]failed to register notifier (-22)
01-01 08:15:09.295 0 0 I subsys-restart: __subsystem_get(): Changing subsys fw_name to venus
01-01 08:15:09.304 0 0 I : Mass Storage Function, version: 2009/09/11
01-01 08:15:09.304 0 0 I LUN : removable file: (no medium)
01-01 08:15:09.308 0 0 W kona-asoc-snd soc: qcom,msm-audio-apr:qcom,q6core-audio:sound: msm_init_aux_dev: Max WSA devices is 0 for this target?
01-01 08:15:09.310 0 0 E kona-asoc-snd soc: qcom,msm-audio-apr:qcom,q6core-audio:sound: ASoC: CODEC DAI wsa_macro_vifeedback not registered
01-01 08:15:09.316 0 0 W subsys-pil-tz aab0000.qcom,venus: Falling back to syfs fallback for: venus.mdt
01-01 08:15:09.337 0 0 W : bolero-clk-rsc-mngr bolero-clk-rsc-mngr: DMA mask not set
01-01 08:15:09.342 0 0 E : [drm:dp_display_init_aux_switch][msm-dp-err][500 ]failed to register notifier (-22)
01-01 08:15:09.356 0 0 E qcom-lpi-pinctrl soc: qcom,msm-audio-apr:qcom,q6core-audio:lpi_pinctrl@33c0000: snd_event_notify: No snd dev entry found
01-01 08:15:09.375 0 0 W tx_macro tx-macro: DMA mask not set
01-01 08:15:09.375 0 0 E tx_macro tx-macro: tx_macro_probe: va-macro not registered yet, defer
01-01 08:15:09.376 0 0 I : file system registered
01-01 08:15:09.388 0 0 W kona-asoc-snd soc: qcom,msm-audio-apr:qcom,q6core-audio:sound: msm_init_aux_dev: Max WSA devices is 0 for this target?
01-01 08:15:09.391 0 0 E kona-asoc-snd soc: qcom,msm-audio-apr:qcom,q6core-audio:sound: ASoC: CODEC DAI wsa_macro_vifeedback not registered
01-01 08:15:09.407 0 0 I subsys-pil-tz aab0000.qcom,venus: venus: loading from 0x0000000086e00000 to 0x0000000087300000
01-01 08:15:09.411 0 0 W rx_macro rx-macro: DMA mask not set
01-01 08:15:09.411 0 0 E rx_macro rx-macro: rx_macro_probe: va-macro not registered yet, defer
01-01 08:15:09.422 0 0 W subsys-pil-tz aab0000.qcom,venus: Falling back to syfs fallback for: venus.b02
01-01 08:15:09.425 0 0 I f_cdev_alloc: port_name:at_usb0 (ffffffec49ce5a80) portno:(0)
01-01 08:15:09.426 0 0 W subsys-pil-tz aab0000.qcom,venus: Falling back to syfs fallback for: venus.b03
01-01 08:15:09.426 0 0 W subsys-pil-tz aab0000.qcom,venus: Falling back to syfs fallback for: venus.b04
01-01 08:15:09.426 0 0 W subsys-pil-tz aab0000.qcom,venus: Falling back to syfs fallback for: venus.b05
01-01 08:15:09.427 0 0 E : [drm:dp_display_init_aux_switch][msm-dp-err][500 ]failed to register notifier (-22)
01-01 08:15:09.428 0 0 W subsys-pil-tz aab0000.qcom,venus: Falling back to syfs fallback for: venus.b06
01-01 08:15:09.428 0 0 W subsys-pil-tz aab0000.qcom,venus: Falling back to syfs fallback for: venus.b07
01-01 08:15:09.429 0 0 W subsys-pil-tz aab0000.qcom,venus: Falling back to syfs fallback for: venus.b08
01-01 08:15:09.430 0 0 W subsys-pil-tz aab0000.qcom,venus: Falling back to syfs fallback for: venus.b09
01-01 08:15:09.431 0 0 I binder : 1037:1037 ioctl 40046210 7ff3d40124 returned -22
01-01 08:15:09.431 0 0 W subsys-pil-tz aab0000.qcom,venus: Falling back to syfs fallback for: venus.b10
01-01 08:15:09.432 0 0 I binder : 1037:1037 ioctl 40046210 7ff3d40144 returned -22
01-01 08:15:09.433 0 0 W subsys-pil-tz aab0000.qcom,venus: Falling back to syfs fallback for: venus.b19
01-01 08:15:09.443 0 0 I f_cdev_alloc: port_name:at_usb1 (ffffffec49ce4880) portno:(1)
01-01 08:15:09.446 0 0 W wsa_macro wsa-macro: DMA mask not set
01-01 08:15:09.446 0 0 E wsa_macro wsa-macro: wsa_macro_probe: va-macro not registered yet, defer
01-01 08:15:09.446 0 0 I f_cdev_alloc: port_name:at_usb2 (ffffffec49ce0080) portno:(2)
01-01 08:15:09.462 0 0 E tx_macro tx-macro: tx_macro_probe: va-macro not registered yet, defer
01-01 08:15:09.475 0 0 W va_macro va-macro: DMA mask not set
01-01 08:15:09.475 0 0 E msm_cdc_pinctrl_get_gpiodata: device node is null
01-01 08:15:09.487 0 0 W kona-asoc-snd soc: qcom,msm-audio-apr:qcom,q6core-audio:sound: msm_init_aux_dev: Max WSA devices is 0 for this target?
01-01 08:15:09.495 0 0 I va_macro va-macro: Linked as a consumer to regulator.7
01-01 08:15:09.495 0 0 I va_macro va-macro: bolero_register_macro: register macro successful:3
01-01 08:15:09.499 0 0 W wcd938x_codec wcd938x-codec: DMA mask not set
01-01 08:15:09.499 0 0 I wcd938x_codec wcd938x-codec: msm_cdc_dt_parse_vreg_info: cdc-vdd-rxtx: vol=[1800000 1800000]uV, curr=[30000]uA, ond 0 lpm 0
01-01 08:15:09.499 0 0 I wcd938x_codec wcd938x-codec: msm_cdc_dt_parse_vreg_info: cdc-vddio: vol=[1800000 1800000]uV, curr=[30000]uA, ond 0 lpm 0
01-01 08:15:09.499 0 0 I wcd938x_codec wcd938x-codec: msm_cdc_dt_parse_vreg_info: cdc-vdd-buck: vol=[1800000 1800000]uV, curr=[650000]uA, ond 0 lpm 0
01-01 08:15:09.499 0 0 I wcd938x_codec wcd938x-codec: msm_cdc_dt_parse_vreg_info: cdc-vdd-mic-bias: vol=[3296000 3296000]uV, curr=[30000]uA, ond 0 lpm 0
01-01 08:15:09.500 0 0 I wcd938x_codec wcd938x-codec: Linked as a consumer to regulator.7
01-01 08:15:09.505 0 0 E kona-asoc-snd soc: qcom,msm-audio-apr:qcom,q6core-audio:sound: ASoC: CODEC DAI wsa_macro_vifeedback not registered
01-01 08:15:09.517 0 0 I wcd938x_codec wcd938x-codec: Linked as a consumer to regulator.48
01-01 08:15:09.524 0 0 I platform soc: qcom,msm-audio-apr:qcom,voice-mhi-audio: assigned reserved memory node mailbox_region
01-01 08:15:09.536 0 0 I rx_macro rx-macro: bolero_register_macro: register macro successful:1
01-01 08:15:09.538 0 0 E : [drm:dp_display_init_aux_switch][msm-dp-err][500 ]failed to register notifier (-22)
01-01 08:15:09.549 0 0 I wsa_macro wsa-macro: bolero_register_macro: register macro successful:2
01-01 08:15:09.551 0 0 I tx_macro tx-macro: bolero_register_macro: register macro successful:0
01-01 08:15:09.557 0 0 W kona-asoc-snd soc: qcom,msm-audio-apr:qcom,q6core-audio:sound: msm_init_aux_dev: Max WSA devices is 0 for this target?
01-01 08:15:09.591 0 0 W swr-wcd rx_swr_ctrl: DMA mask not set
01-01 08:15:09.640 0 0 I binder : 1054:1054 ioctl 40046210 7fc1842274 returned -22
01-01 08:15:09.642 0 0 I subsys-pil-tz aab0000.qcom,venus: venus: Brought out of reset
01-01 08:15:09.655 0 0 I binder : 1054:1054 ioctl 40046210 7fc1843ca4 returned -22
01-01 08:15:09.705 0 0 I msm_vidc: high: 00000001: h264d: Closed video instance: ffffffec4bf4c000
01-01 08:15:09.707 0 0 I msm_vidc: high: 00000001: ....d: Opening video instance: ffffffec4bf4c000, 1
01-01 08:15:09.716 0 0 E msm-pcm-routing soc: qcom,msm-pcm-routing: ASoC: no source widget found for AUDIO_REF_EC_UL30 MUX
01-01 08:15:09.726 0 0 I msm_vidc: high: 00000001: h264d: Closed video instance: ffffffec4bf4c000
01-01 08:15:09.727 0 0 E msm-pcm-routing soc: qcom,msm-pcm-routing: ASoC: Failed to add route AUDIO_REF_EC_UL30 MUX -> direct -> MM_UL30
01-01 08:15:09.732 0 0 I msm_vidc: high: 00000001: ....d: Opening video instance: ffffffec4bf4c000, 1
01-01 08:15:08.686 513 513 I auditd : avc: denied { find } for pid=1054 uid=1000 name=vendor.qti.hardware.display.config.IDisplayConfig/default scontext=u:r:surfaceflinger:s0 tcontext=u:object_r:default_android_service:s0 tclass=service_manager permissive=0
01-01 08:15:09.744 0 0 E msm-pcm-routing soc: qcom,msm-pcm-routing: ASoC: no source widget found for AUX_PCM_TX
01-01 08:15:09.750 0 0 I msm_vidc: high: 00000001: h265d: Closed video instance: ffffffec4bf4c000
01-01 08:15:09.754 0 0 E msm-pcm-routing soc: qcom,msm-pcm-routing: ASoC: Failed to add route AUX_PCM_TX -> AUX_PCM_UL_TX -> VoLTE Stub Tx Mixer
01-01 08:15:08.706 513 513 I auditd : avc: denied { find } for pid=1054 uid=1000 name=vendor.qti.hardware.display.config.IDisplayConfig/default scontext=u:r:surfaceflinger:s0 tcontext=u:object_r:default_android_service:s0 tclass=service_manager permissive=0
01-01 08:15:09.759 0 0 I msm_vidc: high: 00000001: ....d: Opening video instance: ffffffec4bf4c000, 1
01-01 08:15:09.769 0 0 E msm-pcm-routing soc: qcom,msm-pcm-routing: ASoC: no source widget found for AUX_PCM_RX
01-01 08:15:09.775 0 0 I msm_vidc: high: 00000001: h265d: Closed video instance: ffffffec4bf4c000
01-01 08:15:09.778 0 0 E msm-pcm-routing soc: qcom,msm-pcm-routing: ASoC: Failed to add route AUX_PCM_RX -> direct -> BE_OUT
01-01 08:15:09.783 0 0 I msm_vidc: high: 00000001: ....d: Opening video instance: ffffffec4bf4c000, 1
01-01 08:15:09.796 0 0 W msm-pcm-routing soc: qcom,msm-pcm-routing: ASoC: no dapm match for MM_DL23 --> MultiMedia23 --> QUIN_TDM_RX_1 Audio Mixer
01-01 08:15:09.796 0 0 E msm-pcm-routing soc: qcom,msm-pcm-routing: ASoC: Failed to add route MM_DL23 -> MultiMedia23 -> QUIN_TDM_RX_1 Audio Mixer
01-01 08:15:09.808 0 0 W msm-pcm-routing soc: qcom,msm-pcm-routing: ASoC: no dapm match for MM_DL24 --> MultiMedia24 --> QUIN_TDM_RX_1 Audio Mixer
01-01 08:15:09.808 0 0 E msm-pcm-routing soc: qcom,msm-pcm-routing: ASoC: Failed to add route MM_DL24 -> MultiMedia24 -> QUIN_TDM_RX_1 Audio Mixer
01-01 08:15:09.816 0 0 I msm_vidc: high: 00000001: vp8d: Closed video instance: ffffffec4bf4c000
01-01 08:15:09.821 0 0 W msm-pcm-routing soc: qcom,msm-pcm-routing: ASoC: no dapm match for MM_DL25 --> MultiMedia25 --> QUIN_TDM_RX_1 Audio Mixer
01-01 08:15:09.821 0 0 E msm-pcm-routing soc: qcom,msm-pcm-routing: ASoC: Failed to add route MM_DL25 -> MultiMedia25 -> QUIN_TDM_RX_1 Audio Mixer
01-01 08:15:09.826 0 0 I msm_vidc: high: 00000001: ....d: Opening video instance: ffffffec45020000, 1
01-01 08:15:09.849 0 0 I msm_vidc: high: 00000001: vp9d: Closed video instance: ffffffec45020000
01-01 08:15:09.855 0 0 I msm_vidc: high: 00000001: ....d: Opening video instance: ffffffec45020000, 1
01-01 08:15:09.870 0 0 I msm_vidc: high: 00000001: vp9d: Closed video instance: ffffffec45020000
01-01 08:15:09.875 0 0 I msm_vidc: high: 00000001: ....d: Opening video instance: ffffffec45144000, 1
01-01 08:15:09.882 0 0 E msm-pcm-routing soc: qcom,msm-pcm-routing: ASoC: no source widget found for AUX_PCM_TX
01-01 08:15:09.883 0 0 I init : starting service 'bootanim'...
01-01 08:15:09.891 0 0 E msm-pcm-routing soc: qcom,msm-pcm-routing: ASoC: Failed to add route AUX_PCM_TX -> AUX_PCM_UL_TX -> SLIMBUS_0_RX Port Mixer
01-01 08:15:09.892 0 0 I msm_vidc: high: 00000001: mpg2d: Closed video instance: ffffffec45144000
01-01 08:15:09.904 0 0 E msm-pcm-routing soc: qcom,msm-pcm-routing: ASoC: no source widget found for SEC_AUX_PCM_TX
01-01 08:15:09.907 0 0 I msm_vidc: high: 00000001: ....d: Opening video instance: ffffffec475e0000, 1
01-01 08:15:09.914 0 0 E msm-pcm-routing soc: qcom,msm-pcm-routing: ASoC: Failed to add route SEC_AUX_PCM_TX -> SEC_AUX_PCM_UL_TX -> SLIMBUS_0_RX Port Mixer
01-01 08:15:09.920 0 0 I binder : 1085:1085 ioctl 40046210 7fc01e2e54 returned -22
01-01 08:15:09.929 0 0 W kgsl-3d0: Falling back to syfs fallback for: a650_sqe.fw
01-01 08:15:09.935 0 0 E msm-pcm-routing soc: qcom,msm-pcm-routing: ASoC: no source widget found for TERT_AUX_PCM_TX
01-01 08:15:09.935 0 0 I msm_vidc: high: 00000001: mpg2d: Closed video instance: ffffffec475e0000
01-01 08:15:09.945 0 0 E msm-pcm-routing soc: qcom,msm-pcm-routing: ASoC: Failed to add route TERT_AUX_PCM_TX -> TERT_AUXPCM_UL_TX -> SLIMBUS_0_RX Port Mixer
01-01 08:15:09.950 0 0 I init : Control message: Processed ctl.start for 'bootanim' from pid: 1054 (/system/bin/surfaceflinger)
01-01 08:15:09.951 0 0 I msm_vidc: high: 00000001: ....e: Opening video instance: ffffffec45274000, 0
01-01 08:15:09.959 0 0 E msm-pcm-routing soc: qcom,msm-pcm-routing: ASoC: no source widget found for QUAT_AUX_PCM_TX
01-01 08:15:09.967 0 0 I msm_vidc: high: 00000001: h264e: Closed video instance: ffffffec45274000
01-01 08:15:09.968 0 0 E msm-pcm-routing soc: qcom,msm-pcm-routing: ASoC: Failed to add route QUAT_AUX_PCM_TX -> QUAT_AUXPCM_UL_TX -> SLIMBUS_0_RX Port Mixer
01-01 08:15:09.976 0 0 I msm_vidc: high: 00000001: ....e: Opening video instance: ffffffec451bc000, 0
01-01 08:15:09.984 0 0 W kgsl-3d0: Falling back to syfs fallback for: a650_gmu.bin
01-01 08:15:08.933 1085 1085 I SystemServerTiming: InitBeforeStartServices
01-01 08:15:08.936 1085 1085 I system_server_start: [1,49157,49157]
