08-30 00:52:08.005 1085 1085 I SystemServerTiming: StartInputManagerService
08-30 00:52:08.006 1085 1085 I InputManager: Initializing input manager, mUseDevInputEventForAudioJack=true
08-30 00:52:08.028 1085 1085 D SystemServerTiming: StartInputManagerService took to complete: 23ms
08-30 00:52:08.028 1085 1085 I SystemServerTiming: DeviceStateManagerService
08-30 00:52:08.028 1085 1085 I SystemServiceManager: Starting com.android.server.devicestate.DeviceStateManagerService
01-01 08:15:15.599 0 0 E msm-dwc3 a600000.ssusb: Could not get usb psy
08-30 00:52:08.042 1085 1085 D SystemServerTiming: DeviceStateManagerService took to complete: 14ms
08-30 00:52:08.042 1085 1085 I SystemServerTiming: StartCameraServiceProxy
08-30 00:52:08.043 1085 1085 I SystemServiceManager: Starting com.android.server.camera.CameraServiceProxy
08-30 00:52:08.052 1085 1085 D SystemServerTiming: StartCameraServiceProxy took to complete: 9ms
08-30 00:52:08.052 1085 1085 I SystemServerTiming: StartWindowManagerService
08-30 00:52:08.052 1085 1085 I SystemServiceManager: Starting phase 200
08-30 00:52:08.052 1085 1085 I SystemServerTiming: OnBootPhase_200
08-30 00:52:08.052 1085 1085 I SystemServerTiming: OnBootPhase_200_com.android.server.security.FileIntegrityService
08-30 00:52:08.052 1085 1085 D SystemServerTiming: OnBootPhase_200_com.android.server.security.FileIntegrityService took to complete: 0ms
08-30 00:52:08.053 1085 1085 I SystemServerTiming: OnBootPhase_200_com.android.server.pm.Installer
08-30 00:52:08.053 1085 1085 D SystemServerTiming: OnBootPhase_200_com.android.server.pm.Installer took to complete: 0ms
08-30 00:52:08.053 1085 1085 I SystemServerTiming: OnBootPhase_200_com.android.server.os.DeviceIdentifiersPolicyService
08-30 00:52:08.053 1085 1085 D SystemServerTiming: OnBootPhase_200_com.android.server.os.DeviceIdentifiersPolicyService took to complete: 0ms
08-30 00:52:08.053 1085 1085 I SystemServerTiming: OnBootPhase_200_com.android.server.uri.UriGrantsManagerService$Lifecycle
08-30 00:52:08.053 1085 1085 D SystemServerTiming: OnBootPhase_200_com.android.server.uri.UriGrantsManagerService$Lifecycle took to complete: 0ms
08-30 00:52:08.053 1085 1085 I SystemServerTiming: OnBootPhase_200_com.android.server.powerstats.PowerStatsService
08-30 00:52:08.053 1085 1085 D SystemServerTiming: OnBootPhase_200_com.android.server.powerstats.PowerStatsService took to complete: 0ms
08-30 00:52:08.053 1085 1085 I SystemServerTiming: OnBootPhase_200_com.android.server.wm.ActivityTaskManagerService$Lifecycle
08-30 00:52:08.053 1085 1085 D SystemServerTiming: OnBootPhase_200_com.android.server.wm.ActivityTaskManagerService$Lifecycle took to complete: 0ms
08-30 00:52:08.053 1085 1085 I SystemServerTiming: OnBootPhase_200_com.android.server.am.ActivityManagerService$Lifecycle
08-30 00:52:08.053 1085 1085 D SystemServerTiming: OnBootPhase_200_com.android.server.am.ActivityManagerService$Lifecycle took to complete: 0ms
08-30 00:52:08.053 1085 1085 I SystemServerTiming: OnBootPhase_200_com.android.server.pm.DataLoaderManagerService
08-30 00:52:08.053 1085 1085 D SystemServerTiming: OnBootPhase_200_com.android.server.pm.DataLoaderManagerService took to complete: 0ms
08-30 00:52:08.053 1085 1085 I SystemServerTiming: OnBootPhase_200_com.android.server.power.PowerManagerService
08-30 00:52:08.054 1085 1085 D SystemServerTiming: OnBootPhase_200_com.android.server.power.PowerManagerService took to complete: 0ms
08-30 00:52:08.054 1085 1085 I SystemServerTiming: OnBootPhase_200_com.android.server.power.ThermalManagerService
08-30 00:52:08.054 1085 1085 D SystemServerTiming: OnBootPhase_200_com.android.server.power.ThermalManagerService took to complete: 0ms
08-30 00:52:08.054 1085 1085 I SystemServerTiming: OnBootPhase_200_com.android.server.power.hint.HintManagerService
08-30 00:52:08.054 1085 1085 D SystemServerTiming: OnBootPhase_200_com.android.server.power.hint.HintManagerService took to complete: 0ms
08-30 00:52:08.054 1085 1085 I SystemServerTiming: OnBootPhase_200_com.android.server.recoverysystem.RecoverySystemService$Lifecycle
08-30 00:52:08.054 1085 1085 D SystemServerTiming: OnBootPhase_200_com.android.server.recoverysystem.RecoverySystemService$Lifecycle took to complete: 0ms
08-30 00:52:08.054 1085 1085 I SystemServerTiming: OnBootPhase_200_com.android.server.lights.LightsService
08-30 00:52:08.054 1085 1085 D SystemServerTiming: OnBootPhase_200_com.android.server.lights.LightsService took to complete: 0ms
08-30 00:52:08.054 1085 1085 I SystemServerTiming: OnBootPhase_200_com.android.server.display.DisplayManagerService
08-30 00:52:08.054 1085 1085 D SystemServerTiming: OnBootPhase_200_com.android.server.display.DisplayManagerService took to complete: 0ms
08-30 00:52:08.054 1085 1085 I SystemServerTiming: OnBootPhase_200_com.android.server.pm.verify.domain.DomainVerificationService
08-30 00:52:08.054 1085 1085 D SystemServerTiming: OnBootPhase_200_com.android.server.pm.verify.domain.DomainVerificationService took to complete: 0ms
08-30 00:52:08.054 1085 1085 I SystemServerTiming: OnBootPhase_200_com.android.server.pm.PackageInstallerService$Lifecycle
08-30 00:52:08.055 1085 1085 D SystemServerTiming: OnBootPhase_200_com.android.server.pm.PackageInstallerService$Lifecycle took to complete: 0ms
08-30 00:52:08.055 1085 1085 I SystemServerTiming: OnBootPhase_200_com.android.server.pm.UserManagerService$LifeCycle
08-30 00:52:08.055 1085 1085 D SystemServerTiming: OnBootPhase_200_com.android.server.pm.UserManagerService$LifeCycle took to complete: 0ms
08-30 00:52:08.055 1085 1085 I SystemServerTiming: OnBootPhase_200_com.android.server.om.OverlayManagerService
08-30 00:52:08.055 1085 1085 D SystemServerTiming: OnBootPhase_200_com.android.server.om.OverlayManagerService took to complete: 0ms
08-30 00:52:08.055 1085 1085 I SystemServerTiming: OnBootPhase_200_com.android.server.SensorPrivacyService
08-30 00:52:08.055 1085 1085 D SystemServerTiming: OnBootPhase_200_com.android.server.SensorPrivacyService took to complete: 0ms
08-30 00:52:08.055 1085 1085 I SystemServerTiming: OnBootPhase_200_com.android.server.sensors.SensorService
08-30 00:52:08.055 1085 1085 D SystemServerTiming: OnBootPhase_200_com.android.server.sensors.SensorService took to complete: 0ms
08-30 00:52:08.055 1085 1085 I SystemServerTiming: OnBootPhase_200_com.android.server.SystemConfigService
08-30 00:52:08.055 1085 1085 D SystemServerTiming: OnBootPhase_200_com.android.server.SystemConfigService took to complete: 0ms
08-30 00:52:08.056 1085 1085 I SystemServerTiming: OnBootPhase_200_com.android.server.BatteryService
08-30 00:52:08.056 1085 1085 D SystemServerTiming: OnBootPhase_200_com.android.server.BatteryService took to complete: 0ms
08-30 00:52:08.056 1085 1085 I SystemServerTiming: OnBootPhase_200_com.android.server.usage.UsageStatsService
08-30 00:52:08.056 1085 1085 D SystemServerTiming: OnBootPhase_200_com.android.server.usage.UsageStatsService took to complete: 0ms
08-30 00:52:08.056 1085 1085 I SystemServerTiming: OnBootPhase_200_com.android.server.webkit.WebViewUpdateService
08-30 00:52:08.056 1085 1085 D SystemServerTiming: OnBootPhase_200_com.android.server.webkit.WebViewUpdateService took to complete: 0ms
08-30 00:52:08.056 1085 1085 I SystemServerTiming: OnBootPhase_200_com.android.server.CachedDeviceStateService
08-30 00:52:08.056 1085 1085 D SystemServerTiming: OnBootPhase_200_com.android.server.CachedDeviceStateService took to complete: 0ms
08-30 00:52:08.056 1085 1085 I SystemServerTiming: OnBootPhase_200_com.android.server.BinderCallsStatsService$LifeCycle
08-30 00:52:08.056 1085 1085 D SystemServerTiming: OnBootPhase_200_com.android.server.BinderCallsStatsService$LifeCycle took to complete: 0ms
08-30 00:52:08.056 1085 1085 I SystemServerTiming: OnBootPhase_200_com.android.server.LooperStatsService$Lifecycle
08-30 00:52:08.056 1085 1085 D SystemServerTiming: OnBootPhase_200_com.android.server.LooperStatsService$Lifecycle took to complete: 0ms
08-30 00:52:08.056 1085 1085 I SystemServerTiming: OnBootPhase_200_com.android.server.rollback.RollbackManagerService
08-30 00:52:08.056 1085 1085 D SystemServerTiming: OnBootPhase_200_com.android.server.rollback.RollbackManagerService took to complete: 0ms
08-30 00:52:08.056 1085 1085 I SystemServerTiming: OnBootPhase_200_com.android.server.os.NativeTombstoneManagerService
08-30 00:52:08.056 1085 1085 D SystemServerTiming: OnBootPhase_200_com.android.server.os.NativeTombstoneManagerService took to complete: 0ms
08-30 00:52:08.057 1085 1085 I SystemServerTiming: OnBootPhase_200_com.android.server.os.BugreportManagerService
08-30 00:52:08.057 1085 1085 D SystemServerTiming: OnBootPhase_200_com.android.server.os.BugreportManagerService took to complete: 0ms
08-30 00:52:08.057 1085 1085 I SystemServerTiming: OnBootPhase_200_com.android.server.gpu.GpuService
08-30 00:52:08.057 1085 1085 D SystemServerTiming: OnBootPhase_200_com.android.server.gpu.GpuService took to complete: 0ms
08-30 00:52:08.057 1085 1085 I SystemServerTiming: OnBootPhase_200_com.android.server.security.KeyChainSystemService
08-30 00:52:08.057 1085 1085 D SystemServerTiming: OnBootPhase_200_com.android.server.security.KeyChainSystemService took to complete: 0ms
08-30 00:52:08.057 1085 1085 I SystemServerTiming: OnBootPhase_200_com.android.server.telecom.TelecomLoaderService
08-30 00:52:08.057 1085 1085 D SystemServerTiming: OnBootPhase_200_com.android.server.telecom.TelecomLoaderService took to complete: 0ms
08-30 00:52:08.057 1085 1085 I SystemServerTiming: OnBootPhase_200_com.android.server.accounts.AccountManagerService$Lifecycle
08-30 00:52:08.057 1085 1085 D SystemServerTiming: OnBootPhase_200_com.android.server.accounts.AccountManagerService$Lifecycle took to complete: 0ms
08-30 00:52:08.057 1085 1085 I SystemServerTiming: OnBootPhase_200_com.android.server.content.ContentService$Lifecycle
08-30 00:52:08.057 1085 1085 D SystemServerTiming: OnBootPhase_200_com.android.server.content.ContentService$Lifecycle took to complete: 0ms
08-30 00:52:08.057 1085 1085 I SystemServerTiming: OnBootPhase_200_com.android.server.DropBoxManagerService
08-30 00:52:08.057 1085 1085 D SystemServerTiming: OnBootPhase_200_com.android.server.DropBoxManagerService took to complete: 0ms
08-30 00:52:08.057 1085 1085 I SystemServerTiming: OnBootPhase_200_com.android.role.RoleService
08-30 00:52:08.057 1085 1085 D SystemServerTiming: OnBootPhase_200_com.android.role.RoleService took to complete: 0ms
08-30 00:52:08.058 1085 1085 I SystemServerTiming: OnBootPhase_200_com.android.server.vibrator.VibratorManagerService$Lifecycle
08-30 00:52:08.058 1085 1085 D SystemServerTiming: OnBootPhase_200_com.android.server.vibrator.VibratorManagerService$Lifecycle took to complete: 0ms
08-30 00:52:08.058 1085 1085 I SystemServerTiming: OnBootPhase_200_com.android.server.alarm.AlarmManagerService
08-30 00:52:08.058 1085 1085 D SystemServerTiming: OnBootPhase_200_com.android.server.alarm.AlarmManagerService took to complete: 0ms
08-30 00:52:08.058 1085 1085 I SystemServerTiming: OnBootPhase_200_com.android.server.devicestate.DeviceStateManagerService
08-30 00:52:08.058 1085 1085 D SystemServerTiming: OnBootPhase_200_com.android.server.devicestate.DeviceStateManagerService took to complete: 0ms
08-30 00:52:08.058 1085 1085 I SystemServerTiming: OnBootPhase_200_com.android.server.camera.CameraServiceProxy
08-30 00:52:08.058 1085 1085 D SystemServerTiming: OnBootPhase_200_com.android.server.camera.CameraServiceProxy took to complete: 0ms
08-30 00:52:08.058 1085 1085 D SystemServerTiming: OnBootPhase_200 took to complete: 6ms
01-01 08:15:15.684 0 0 I android_work: sent uevent USB_STATE=CONNECTED
01-01 08:15:15.685 0 0 I configfs-gadget gadget: high-speed config #1: b
01-01 08:15:15.690 0 0 E msm-dwc3 a600000.ssusb: Could not get usb psy
08-30 00:52:08.061 1085 1085 I WindowManager: No existing display settings, starting empty
08-30 00:52:08.062 1085 1085 I WindowManager: No existing display settings, starting empty
01-01 08:15:15.713 0 0 I android_work: sent uevent USB_STATE=CONFIGURED
08-30 00:52:08.096 1085 1085 D SystemServerTiming: StartWindowManagerService took to complete: 44ms
08-30 00:52:08.096 1085 1085 I SystemServerTiming: SetWindowManagerService
01-01 08:15:15.736 0 0 E ipa_mpm_vote_unvote_pcie_clk: 1530 MHI not initialized yet
01-01 08:15:15.756 0 0 E ipa_mpm_start_stop_remote_mhip_chan: 1644 MHI not initialized yet, probe in progress
08-30 00:52:08.195 1085 1085 I ActivityTaskManager: Loaded persisted task ids for user 0
08-30 00:52:08.196 1085 1085 I wm_task_created: [1,-1]
08-30 00:52:08.197 1085 1196 I dvm_lock_sample: [system_server,1,android.anim,72,WindowAnimator.java,103,void com.android.server.wm.WindowAnimator.lambda$new$1$WindowAnimator(long),TaskChangeNotificationController.java,342,void com.android.server.wm.TaskChangeNotificationController.forAllLocalListeners(com.android.server.wm.TaskChangeNotificationController$TaskStackConsumer, android.os.Message),14]
08-30 00:52:08.200 1085 1085 D SystemServerTiming: SetWindowManagerService took to complete: 103ms
08-30 00:52:08.200 1085 1085 I SystemServerTiming: WindowManagerServiceOnInitReady
01-01 08:15:15.777 0 0 E ipa_mpm_start_stop_mhip_chan: 1736 MHIP probe 1 not initialized
08-30 00:52:08.209 1085 1195 I sysui_multi_action: [757,1594,758,4,759,0,806,NULL]
01-01 08:15:15.796 0 0 E ipa3_cfg_ep_ctrl: 4812 pipe setting delay is not supported
08-30 00:52:08.222 1085 1085 D SystemServerTiming: WindowManagerServiceOnInitReady took to complete: 22ms
08-30 00:52:08.222 1085 1085 I SystemServerTiming: StartInputManager
08-30 00:52:08.222 1085 1085 I InputManager: Starting input manager
08-30 00:52:08.226 1085 1085 D SystemServerTiming: StartInputManager took to complete: 4ms
08-30 00:52:08.227 1085 1085 I SystemServerTiming: DisplayManagerWindowManagerAndInputReady
08-30 00:52:08.227 1085 1085 D SystemServerTiming: DisplayManagerWindowManagerAndInputReady took to complete: 0ms
08-30 00:52:08.227 1085 1085 I SystemServerTiming: StartBluetoothService
08-30 00:52:08.227 1085 1195 I LogicalDisplayMapper: Requesting Transition to state: 0
08-30 00:52:08.227 1085 1195 I LogicalDisplayMapper: Applying layout: [{addr: {port=129, model=0x40446d3026322d}, dispId: 0(ON)}], Previous layout: [{addr: {port=129, model=0x40446d3026322d}, dispId: 0(ON)}]
08-30 00:52:08.227 1085 1085 I SystemServiceManager: Starting com.android.server.BluetoothService
08-30 00:52:08.230 1085 1085 D BluetoothManagerService: Loading stored name and address
08-30 00:52:08.230 1085 1085 D BluetoothManagerService: Stored bluetooth Name=QCOM-BTD,Address=22:22:6D:AA:47:B1
08-30 00:52:08.230 1085 1085 D BluetoothManagerService: Bluetooth persisted state: 1
08-30 00:52:08.230 1085 1085 D BluetoothManagerService: Startup: Bluetooth persisted state is ON.
08-30 00:52:08.230 1085 1085 D BluetoothManagerService: Detected SystemUiUid: 10087
08-30 00:52:08.230 1085 1085 D SystemServerTiming: StartBluetoothService took to complete: 3ms
08-30 00:52:08.230 1085 1085 I SystemServerTiming: IpConnectivityMetrics
08-30 00:52:08.231 1085 1085 I SystemServiceManager: Starting com.android.server.connectivity.IpConnectivityMetrics
08-30 00:52:08.231 1085 1085 D SystemServerTiming: IpConnectivityMetrics took to complete: 1ms
08-30 00:52:08.231 1085 1085 I SystemServerTiming: NetworkWatchlistService
08-30 00:52:08.231 1085 1085 I SystemServiceManager: Starting com.android.server.net.watchlist.NetworkWatchlistService$Lifecycle
08-30 00:52:08.243 1085 1688 I SystemServerTimingAsync: InitThreadPoolExec:StartHidlServices
08-30 00:52:08.243 1085 1688 D SystemServerInitThreadPool: Started executing StartHidlServices
08-30 00:52:08.243 1085 1688 I SystemServerTimingAsync: StartHidlServices
08-30 00:52:08.249 1085 1234 W ProcessCpuTracker: Failed to stat(/proc/1662): android.system.ErrnoException: stat failed: ENOENT (No such file or directory)
08-30 00:52:08.249 1085 1234 W ProcessCpuTracker: Skipping unknown process pid 1662
08-30 00:52:08.249 1085 1234 W ProcessCpuTracker: Failed to stat(/proc/1665): android.system.ErrnoException: stat failed: ENOENT (No such file or directory)
08-30 00:52:08.250 1085 1234 W ProcessCpuTracker: Skipping unknown process pid 1665
08-30 00:52:08.250 1085 1234 W ProcessCpuTracker: Failed to stat(/proc/1667): android.system.ErrnoException: stat failed: ENOENT (No such file or directory)
08-30 00:52:08.250 1085 1234 W ProcessCpuTracker: Skipping unknown process pid 1667
08-30 00:52:08.250 1085 1234 W ProcessCpuTracker: Failed to stat(/proc/1670): android.system.ErrnoException: stat failed: ENOENT (No such file or directory)
08-30 00:52:08.251 1085 1234 W ProcessCpuTracker: Skipping unknown process pid 1670
08-30 00:52:08.259 1085 1085 I WatchlistSettings: Reload watchlist settings done
08-30 00:52:08.268 1085 1688 D SystemServerTimingAsync: StartHidlServices took to complete: 24ms
08-30 00:52:08.268 1085 1688 D SystemServerInitThreadPool: Finished executing StartHidlServices
08-30 00:52:08.268 1085 1688 D SystemServerTimingAsync: InitThreadPoolExec:StartHidlServices took to complete: 25ms
08-30 00:52:08.272 1085 1692 I WatchlistLoggingHandler: No need to aggregate record yet.
08-30 00:52:08.272 1085 1692 I WatchlistLoggingHandler: Milliseconds spent on tryAggregateRecords(): 0
08-30 00:52:08.272 1085 1085 D SystemServerTiming: NetworkWatchlistService took to complete: 41ms
08-30 00:52:08.272 1085 1085 I SystemServerTiming: PinnerService
08-30 00:52:08.272 1085 1085 I SystemServiceManager: Starting com.android.server.PinnerService
08-30 00:52:08.273 1085 1085 V HistoricalRegistry: Interaction before persistence initialized
08-30 00:52:08.276 1085 1085 D SystemServerTiming: PinnerService took to complete: 4ms
08-30 00:52:08.277 1085 1085 I SystemServerTiming: IorapForwardingService
08-30 00:52:08.277 1085 1085 I SystemServiceManager: Starting com.google.android.startop.iorap.IorapForwardingService
08-30 00:52:08.282 1085 1085 D SystemServerTiming: IorapForwardingService took to complete: 5ms
08-30 00:52:08.282 1085 1085 I SystemServiceManager: Starting com.android.server.ActivityTriggerService
08-30 00:52:08.283 1085 1085 I ActivityTriggerService: Starting ActivityTriggerService
08-30 00:52:08.284 1085 1209 D PinnerService: pinRangeStream: null
08-30 00:52:08.285 1085 1085 I SystemServerTiming: SignedConfigService
08-30 00:52:08.285 1085 1085 D SystemServerTiming: SignedConfigService took to complete: 0ms
08-30 00:52:08.285 1085 1085 I SystemServerTiming: AppIntegrityService
08-30 00:52:08.286 1085 1085 I SystemServiceManager: Starting com.android.server.integrity.AppIntegrityManagerService
01-01 08:15:15.850 0 0 E ipa_usb_notify_cb: Set net_ready_trigger
01-01 08:15:15.872 0 0 E ipa_mpm_vote_unvote_pcie_clk: 1530 MHI not initialized yet
01-01 08:15:15.891 0 0 I qcom_rpmh DRV: apps_rsc TCS Busy, retrying RPMH message send: addr=0x30080
08-30 00:52:08.319 1085 1209 D PinnerService: pinRangeStream: null
01-01 08:15:15.896 0 0 E : [MAX975X:max96755x_drm_notifier_callback] *ERROR* receives EARLY_BLANK:UNBLANK
01-01 08:15:15.901 0 0 E ipa_mpm_start_stop_remote_mhip_chan: 1644 MHI not initialized yet, probe in progress
01-01 08:15:15.905 0 0 I [drm:dsi_display_set_mode] [msm-dsi-info]: mdp_transfer_time_us=0 us
01-01 08:15:15.905 0 0 I [drm:dsi_display_set_mode] [msm-dsi-info]: hactive= 2380,vactive= 1020,fps=60
01-01 08:15:15.906 0 0 I [drm:dsi_ctrl_isr_configure] [msm-dsi-info]: dsi-ctrl-0: IRQ 463 registered
08-30 00:52:08.340 1085 1209 D PinnerService: pinRangeStream: null
08-30 00:52:08.341 1085 1209 D PinnerService: pinRangeStream: null
08-30 00:52:08.342 1085 1085 E IntegrityFileManager: Error creating staging and rules directory
08-30 00:52:08.355 1085 1085 W SystemServiceManager: Service com.android.server.integrity.AppIntegrityManagerService took 69 ms in onStart
08-30 00:52:08.355 1085 1085 D SystemServerTiming: AppIntegrityService took to complete: 69ms
08-30 00:52:08.369 1085 1085 I WindowManager: SAFE MODE not enabled
08-30 00:52:08.369 1085 1085 I SystemServerTiming: StartInputMethodManagerLifecycle
08-30 00:52:08.370 1085 1085 I SystemServiceManager: Starting com.android.server.inputmethod.InputMethodManagerService$Lifecycle
08-30 00:52:08.377 1085 1085 D SystemServerTiming: StartInputMethodManagerLifecycle took to complete: 8ms
08-30 00:52:08.377 1085 1085 I SystemServerTiming: StartAccessibilityManagerService
08-30 00:52:08.377 1085 1085 I SystemServiceManager: Starting com.android.server.accessibility.AccessibilityManagerService$Lifecycle
08-30 00:52:08.402 1085 1085 D SystemServerTiming: StartAccessibilityManagerService took to complete: 25ms
08-30 00:52:08.402 1085 1085 I SystemServerTiming: MakeDisplayReady
08-30 00:52:08.406 1085 1085 I configuration_changed: 536894968
08-30 00:52:08.407 1085 1085 I ActivityTaskManager: Config changes=20005df8 {1.0 ?mcc?mnc [zh_CN] ldltr sw680dp w1586dp h608dp 240dpi lrg long land ?uimode ?night -touch -keyb/v/h -nav/h winConfig={ mBounds=Rect(0, 0 - 2380, 1020) mAppBounds=Rect(0, 0 - 2380, 948) mMaxBounds=Rect(0, 0 - 2380, 1020) mWindowingMode=fullscreen mDisplayWindowingMode=fullscreen mActivityType=undefined mAlwaysOnTop=undefined mRotation=ROTATION_0} s.2 ?fontWeightAdjustment}
08-30 00:52:08.408 1085 1085 I WindowManager: Override config changes=60007dfc {1.0 ?mcc?mnc [zh_CN] ldltr sw680dp w1586dp h608dp 240dpi lrg long land ?uimode ?night -touch -keyb/v/h -nav/h winConfig={ mBounds=Rect(0, 0 - 2380, 1020) mAppBounds=Rect(0, 0 - 2380, 948) mMaxBounds=Rect(0, 0 - 2380, 1020) mWindowingMode=fullscreen mDisplayWindowingMode=fullscreen mActivityType=undefined mAlwaysOnTop=undefined mRotation=ROTATION_0} s.2 ?fontWeightAdjustment} for displayId=0
08-30 00:52:08.408 1085 1085 I sysui_multi_action: [757,1659,758,4,759,2,1660,0]
08-30 00:52:08.415 1085 1085 D SystemServerTiming: MakeDisplayReady took to complete: 13ms
08-30 00:52:08.415 1085 1085 I SystemServerTiming: StartStorageManagerService
08-30 00:52:08.415 1085 1085 I SystemServiceManager: Starting com.android.server.StorageManagerService$Lifecycle
08-30 00:52:08.421 1274 1274 I iorapd : iorapd (the prefetchening) readied up
01-01 08:15:15.916 0 0 E ipa_usb_notify_cb: Set net_ready_trigger
01-01 08:15:16.010 0 0 E : [MAX975X:max96755x_drm_notifier_callback] *ERROR* receives BLANK:UNBLANK
08-30 00:52:08.474 1085 1209 D PinnerService: pinRangeStream: null
08-30 00:52:08.478 1085 1209 D PinnerService: pinRangeStream: null
08-30 00:52:08.490 1085 1209 D PinnerService: pinRangeStream: null
08-30 00:52:08.494 1085 1706 D StorageManagerService: Thinking about init, mBootCompleted=false, mDaemonConnected=true
08-30 00:52:08.494 1085 1706 D StorageManagerService: Thinking about reset, mBootCompleted=false, mDaemonConnected=true
08-30 00:52:08.496 1085 1085 W SystemServiceManager: Service com.android.server.StorageManagerService$Lifecycle took 81 ms in onStart
08-30 00:52:08.496 1085 1706 D StorageManagerService: Thinking about init, mBootCompleted=false, mDaemonConnected=true
08-30 00:52:08.496 1085 1706 D StorageManagerService: Thinking about reset, mBootCompleted=false, mDaemonConnected=true
08-30 00:52:08.497 1085 1085 D SystemServerTiming: StartStorageManagerService took to complete: 82ms
08-30 00:52:08.497 1085 1085 I SystemServerTiming: StartStorageStatsService
08-30 00:52:08.497 1085 1085 I SystemServiceManager: Starting com.android.server.usage.StorageStatsService$Lifecycle
08-30 00:52:08.510 1085 1085 D SystemServerTiming: StartStorageStatsService took to complete: 13ms
08-30 00:52:08.510 1085 1085 I SystemServerTiming: StartUiModeManager
08-30 00:52:08.510 1085 1085 I SystemServiceManager: Starting com.android.server.UiModeManagerService
01-01 08:15:16.151 0 0 E : msm_qti_pp_get_rms_value_control, back not active to query rms be_idx:3
01-01 08:15:16.177 0 0 I core_get_license_status: cmdrsp_license_result.result = 0x15 for module 0x131ff
01-01 08:15:16.179 0 0 E msm_ext_disp_update_audio_ops: Display not found (EXT_DISPLAY_TYPE_DP) ctld (0) stream (0)
01-01 08:15:16.189 0 0 E msm_ext_disp_update_audio_ops: Display not found (EXT_DISPLAY_TYPE_HDMI) ctld (0) stream (0)
01-01 08:15:16.200 0 0 E msm_ext_disp_update_audio_ops: Display not found (EXT_DISPLAY_TYPE_DP) ctld (0) stream (0)
01-01 08:15:16.210 0 0 E msm_ext_disp_update_audio_ops: Display not found (EXT_DISPLAY_TYPE_DP) ctld (0) stream (0)
08-30 00:52:08.648 1085 1209 D PinnerService: pinRangeStream: null
08-30 00:52:08.651 1085 1085 W SystemServiceManager: Service com.android.server.UiModeManagerService took 141 ms in onStart
08-30 00:52:08.651 1085 1085 D SystemServerTiming: StartUiModeManager took to complete: 141ms
08-30 00:52:08.651 1085 1085 I SystemServerTiming: UpdatePackagesIfNeeded
08-30 00:52:08.651 1085 1085 I Watchdog: Pausing HandlerChecker: main thread for reason: dexopt. Pause count: 1
08-30 00:52:08.651 1085 1085 I Watchdog: Resuming HandlerChecker: main thread for reason: dexopt. Pause count: 0
08-30 00:52:08.651 1085 1085 D SystemServerTiming: UpdatePackagesIfNeeded took to complete: 0ms
08-30 00:52:08.651 1085 1085 I SystemServerTiming: PerformFstrimIfNeeded
08-30 00:52:08.652 1085 1085 D SystemServerTiming: PerformFstrimIfNeeded took to complete: 1ms
08-30 00:52:08.652 1085 1085 I SystemServerTiming: StartLockSettingsService
08-30 00:52:08.652 1085 1085 I SystemServiceManager: Starting com.android.server.locksettings.LockSettingsService$Lifecycle
08-30 00:52:08.659 1085 1446 D SystemServerTimingAsync: AppDataPrepare took to complete: 1433ms
08-30 00:52:08.659 1085 1446 I PackageManager: Deferred reconcileAppsData finished 110 packages
08-30 00:52:08.659 1085 1446 D SystemServerInitThreadPool: Finished executing prepareAppData
08-30 00:52:08.659 1085 1446 D SystemServerTimingAsync: InitThreadPoolExec:prepareAppData took to complete: 2935ms
08-30 00:52:08.662 1085 1718 I SystemServerTimingAsync: InitThreadPoolExec:UiModeManager.onStart
08-30 00:52:08.662 1085 1718 D SystemServerInitThreadPool: Started executing UiModeManager.onStart
01-01 08:15:16.221 0 0 E msm_ext_disp_update_audio_ops: Display not found (EXT_DISPLAY_TYPE_DP) ctld (0) stream (0)
01-01 08:15:16.230 0 0 E msm-ext-disp-audio-codec-rx soc: qcom,msm-ext-disp:qcom,msm-ext-disp-audio-codec-rx: msm_ext_disp_audio_type_get: get_audio_edid_blk() or get_intf_id is NULL
08-30 00:52:08.681 1085 1718 D SystemServerInitThreadPool: Finished executing UiModeManager.onStart
08-30 00:52:08.681 1085 1718 D SystemServerTimingAsync: InitThreadPoolExec:UiModeManager.onStart took to complete: 19ms
01-01 08:15:16.247 0 0 E msm_ext_disp_update_audio_ops: Display not found (EXT_DISPLAY_TYPE_DP) ctld (0) stream (0)
01-01 08:15:16.257 0 0 E msm-ext-disp-audio-codec-rx soc: qcom,msm-ext-disp:qcom,msm-ext-disp-audio-codec-rx: msm_ext_disp_audio_type_get: get_audio_edid_blk() or get_intf_id is NULL
01-01 08:15:16.274 0 0 E msm_ext_disp_update_audio_ops: Display not found (EXT_DISPLAY_TYPE_DP) ctld (0) stream (0)
01-01 08:15:16.284 0 0 E msm-ext-disp-audio-codec-rx soc: qcom,msm-ext-disp:qcom,msm-ext-disp-audio-codec-rx: msm_ext_disp_audio_type_get: get_audio_edid_blk() or get_intf_id is NULL
08-30 00:52:08.724 1085 1209 D PinnerService: pinRangeStream: null
08-30 00:52:08.725 1085 1085 W SystemServiceManager: Service com.android.server.locksettings.LockSettingsService$Lifecycle took 72 ms in onStart
08-30 00:52:08.726 1085 1085 D SystemServerTiming: StartLockSettingsService took to complete: 74ms
08-30 00:52:08.726 1085 1085 I SystemServerTiming: StartPersistentDataBlock
08-30 00:52:08.726 1085 1085 I SystemServiceManager: Starting com.android.server.PersistentDataBlockService
08-30 00:52:08.726 1085 1209 D PinnerService: pinRangeStream: null
01-01 08:15:16.302 0 0 E msm-ext-disp-audio-codec-rx soc: qcom,msm-ext-disp:qcom,msm-ext-disp-audio-codec-rx: msm_ext_disp_audio_device_get: invalid dai id: 4
08-30 00:52:08.772 1085 1209 D PinnerService: pinRangeStream: null
08-30 00:52:08.773 1085 1085 D SystemServerTiming: StartPersistentDataBlock took to complete: 46ms
08-30 00:52:08.773 1085 1085 I SystemServerTiming: StartTestHarnessMode
08-30 00:52:08.773 1085 1085 I SystemServiceManager: Starting com.android.server.testharness.TestHarnessModeService
08-30 00:52:08.774 1085 1723 I SystemServerTimingAsync: InitThreadPoolExec:PersistentDataBlockService.onStart
08-30 00:52:08.774 1085 1723 D SystemServerInitThreadPool: Started executing PersistentDataBlockService.onStart
08-30 00:52:08.774 1085 1085 D SystemServerTiming: StartTestHarnessMode took to complete: 1ms
08-30 00:52:08.774 1085 1085 I SystemServerTiming: StartOemLockService
08-30 00:52:08.774 1085 1085 I SystemServiceManager: Starting com.android.server.oemlock.OemLockService
08-30 00:52:08.775 1085 1723 E PersistentDataBlockService: not able to find package com.google.android.gms
08-30 00:52:08.775 1085 1723 E PersistentDataBlockService: android.content.pm.PackageManager$NameNotFoundException: com.google.android.gms
08-30 00:52:08.775 1085 1723 E PersistentDataBlockService: at android.app.ApplicationPackageManager.getPackageUidAsUser(ApplicationPackageManager.java:364)
08-30 00:52:08.775 1085 1723 E PersistentDataBlockService: at com.android.server.PersistentDataBlockService.getAllowedUid(PersistentDataBlockService.java:162)
08-30 00:52:08.775 1085 1723 E PersistentDataBlockService: at com.android.server.PersistentDataBlockService.lambda$onStart$0$PersistentDataBlockService(PersistentDataBlockService.java:176)
08-30 00:52:08.775 1085 1723 E PersistentDataBlockService: at com.android.server.PersistentDataBlockService$$ExternalSyntheticLambda0.run(Unknown Source:2)
08-30 00:52:08.775 1085 1723 E PersistentDataBlockService: at com.android.server.SystemServerInitThreadPool.lambda$submitTask$0$SystemServerInitThreadPool(SystemServerInitThreadPool.java:105)
08-30 00:52:08.775 1085 1723 E PersistentDataBlockService: at com.android.server.SystemServerInitThreadPool$$ExternalSyntheticLambda0.run(Unknown Source:6)
08-30 00:52:08.775 1085 1723 E PersistentDataBlockService: at java.util.concurrent.Executors$RunnableAdapter.call(Executors.java:462)
08-30 00:52:08.775 1085 1723 E PersistentDataBlockService: at java.util.concurrent.FutureTask.run(FutureTask.java:266)
08-30 00:52:08.775 1085 1723 E PersistentDataBlockService: at java.util.concurrent.ThreadPoolExecutor.runWorker(ThreadPoolExecutor.java:1167)
08-30 00:52:08.775 1085 1723 E PersistentDataBlockService: at java.util.concurrent.ThreadPoolExecutor$Worker.run(ThreadPoolExecutor.java:641)
08-30 00:52:08.775 1085 1723 E PersistentDataBlockService: at com.android.internal.util.ConcurrentUtils$1$1.run(ConcurrentUtils.java:65)
08-30 00:52:08.776 1085 1209 D PinnerService: pinRangeStream: null
08-30 00:52:08.777 1085 1209 E PinnerService: Could not pin file /system/lib64/libsurfaceflinger.so
08-30 00:52:08.777 1085 1209 E PinnerService: android.system.ErrnoException: open failed: ENOENT (No such file or directory)
08-30 00:52:08.777 1085 1209 E PinnerService: at libcore.io.Linux.open(Native Method)
08-30 00:52:08.777 1085 1209 E PinnerService: at libcore.io.ForwardingOs.open(ForwardingOs.java:567)
08-30 00:52:08.777 1085 1209 E PinnerService: at libcore.io.BlockGuardOs.open(BlockGuardOs.java:273)
08-30 00:52:08.777 1085 1209 E PinnerService: at android.system.Os.open(Os.java:501)
08-30 00:52:08.777 1085 1209 E PinnerService: at com.android.server.PinnerService.pinFileRanges(PinnerService.java:939)
08-30 00:52:08.777 1085 1209 E PinnerService: at com.android.server.PinnerService.pinFile(PinnerService.java:814)
08-30 00:52:08.777 1085 1209 E PinnerService: at com.android.server.PinnerService.handlePinOnStart(PinnerService.java:273)
08-30 00:52:08.777 1085 1209 E PinnerService: at com.android.server.PinnerService.access$1600(PinnerService.java:91)
08-30 00:52:08.777 1085 1209 E PinnerService: at com.android.server.PinnerService$PinnerHandler.handleMessage(PinnerService.java:1183)
08-30 00:52:08.777 1085 1209 E PinnerService: at android.os.Handler.dispatchMessage(Handler.java:106)
08-30 00:52:08.777 1085 1209 E PinnerService: at android.os.Looper.loopOnce(Looper.java:201)
08-30 00:52:08.777 1085 1209 E PinnerService: at android.os.Looper.loop(Looper.java:288)
08-30 00:52:08.777 1085 1209 E PinnerService: at android.os.HandlerThread.run(HandlerThread.java:67)
08-30 00:52:08.777 1085 1209 E PinnerService: Failed to pin file = /system/lib64/libsurfaceflinger.so
08-30 00:52:08.778 1085 1085 I OemLock : OemLock HAL not present on device
08-30 00:52:08.778 1085 1085 I OemLock : Using persistent data block based lock
08-30 00:52:08.780 1085 1085 D SystemServerTiming: StartOemLockService took to complete: 6ms
08-30 00:52:08.780 1085 1085 I SystemServerTiming: StartDeviceIdleController
08-30 00:52:08.780 1085 1085 I SystemServiceManager: Starting com.android.server.DeviceIdleController
08-30 00:52:08.783 1085 1085 D SystemServerTiming: StartDeviceIdleController took to complete: 3ms
08-30 00:52:08.783 1085 1085 I SystemServerTiming: StartDevicePolicyManager
08-30 00:52:08.783 1085 1085 I SystemServiceManager: Starting com.android.server.devicepolicy.DevicePolicyManagerService$Lifecycle
08-30 00:52:08.787 1085 1085 D SLog : static_init took to complete: 1ms
08-30 00:52:08.787 1085 1085 I DevicePolicyManager: Set ro.organization_owned property to false
08-30 00:52:08.793 1085 1085 D SystemServerTiming: StartDevicePolicyManager took to complete: 10ms
08-30 00:52:08.793 1085 1085 I SystemServerTiming: StartStatusBarManagerService
01-01 08:15:16.375 0 0 W mv2112_read_status: autoneg not complete
01-01 08:15:16.375 0 0 I : mv2112_disable_aneg
01-01 08:15:16.376 0 0 I : mv2112_setup_forced
01-01 08:15:16.377 0 0 I lan743x 0001: 01:00.0 eth0: Link is Down
08-30 00:52:08.796 1085 1085 D SystemServerTiming: StartStatusBarManagerService took to complete: 2ms
08-30 00:52:08.796 1085 1085 D SystemServer: MusicRecognitionManagerService not defined by OEM or disabled by flag
08-30 00:52:08.797 1085 1085 D SystemServer: ContentCaptureService disabled because resource is not overlaid
08-30 00:52:08.797 1085 1085 D SystemServer: AttentionService is not configured on this device
08-30 00:52:08.797 1085 1085 D SystemServer: RotationResolverService is not configured on this device
08-30 00:52:08.797 1085 1085 D SystemServer: SystemCaptionsManagerService disabled because resource is not overlaid
08-30 00:52:08.797 1085 1085 I SystemServerTiming: StartTextToSpeechManagerService
08-30 00:52:08.797 1085 1085 I SystemServiceManager: Starting com.android.server.texttospeech.TextToSpeechManagerService
08-30 00:52:08.798 1085 1085 D SystemServerTiming: StartTextToSpeechManagerService took to complete: 1ms
08-30 00:52:08.798 1085 1085 I SystemServerTiming: StartSpeechRecognitionManagerService
08-30 00:52:08.798 1085 1085 I SystemServiceManager: Starting com.android.server.speech.SpeechRecognitionManagerService
08-30 00:52:08.800 1085 1085 D SystemServerTiming: StartSpeechRecognitionManagerService took to complete: 2ms
08-30 00:52:08.801 1085 1085 D SystemServer: AppPredictionService not defined by OEM
08-30 00:52:08.801 1085 1085 D SystemServer: ContentSuggestionsService not defined by OEM
08-30 00:52:08.801 1085 1085 I SystemServerTiming: StartSearchUiService
08-30 00:52:08.801 1085 1085 I SystemServiceManager: Starting com.android.server.searchui.SearchUiManagerService
08-30 00:52:08.807 1085 1085 D SystemServerTiming: StartSearchUiService took to complete: 6ms
08-30 00:52:08.807 1085 1085 I SystemServerTiming: StartSmartspaceService
08-30 00:52:08.807 1085 1085 I SystemServiceManager: Starting com.android.server.smartspace.SmartspaceManagerService
08-30 00:52:08.808 1085 1723 D SystemServerInitThreadPool: Finished executing PersistentDataBlockService.onStart
08-30 00:52:08.808 1085 1723 D SystemServerTimingAsync: InitThreadPoolExec:PersistentDataBlockService.onStart took to complete: 34ms
08-30 00:52:08.809 1085 1085 D SystemServerTiming: StartSmartspaceService took to complete: 2ms
08-30 00:52:08.809 1085 1085 I SystemServerTiming: InitConnectivityModuleConnector
08-30 00:52:08.809 1085 1085 D ConnectivityModuleConnector: Network stack init
08-30 00:52:08.810 1085 1085 D SystemServerTiming: InitConnectivityModuleConnector took to complete: 1ms
08-30 00:52:08.810 1085 1085 I SystemServerTiming: InitNetworkStackClient
08-30 00:52:08.811 1085 1085 D SystemServerTiming: InitNetworkStackClient took to complete: 1ms
08-30 00:52:08.811 1085 1085 I SystemServerTiming: StartNetworkManagementService
08-30 00:52:08.816 1085 1085 D SystemServerTiming: StartNetworkManagementService took to complete: 5ms
08-30 00:52:08.817 1085 1085 I SystemServerTiming: StartIpSecService
01-01 08:15:16.394 0 0 E : msm_pcm_volume_ctl_get substream not found
08-30 00:52:08.822 1085 1085 D SystemServerTiming: StartIpSecService took to complete: 5ms
08-30 00:52:08.822 1085 1085 I SystemServerTiming: StartFontManagerService
01-01 08:15:16.412 0 0 I IPv6 : ADDRCONF(NETDEV_UP): vlan1: link is not ready
08-30 00:52:09.050 1085 1085 D SystemServerTiming: StartFontManagerService took to complete: 228ms
08-30 00:52:09.051 1085 1085 I SystemServerTiming: StartTextServicesManager
08-30 00:52:09.051 1085 1085 I SystemServiceManager: Starting com.android.server.textservices.TextServicesManagerService$Lifecycle
08-30 00:52:09.052 1085 1085 D SystemServerTiming: StartTextServicesManager took to complete: 1ms
08-30 00:52:09.052 1085 1085 I SystemServerTiming: StartTextClassificationManagerService
08-30 00:52:09.053 1085 1085 I SystemServiceManager: Starting com.android.server.textclassifier.TextClassificationManagerService$Lifecycle
08-30 00:52:09.054 1085 1085 D SystemServerTiming: StartTextClassificationManagerService took to complete: 2ms
08-30 00:52:09.054 1085 1085 I SystemServerTiming: StartNetworkScoreService
08-30 00:52:09.054 1085 1085 I SystemServiceManager: Starting com.android.server.NetworkScoreService$Lifecycle
08-30 00:52:09.064 1085 1085 D SystemServerTiming: StartNetworkScoreService took to complete: 10ms
08-30 00:52:09.064 1085 1085 I SystemServerTiming: StartNetworkStatsService
08-30 00:52:09.075 1085 1085 D SystemServerTiming: StartNetworkStatsService took to complete: 11ms
08-30 00:52:09.075 1085 1085 I SystemServerTiming: StartNetworkPolicyManagerService
08-30 00:52:09.079 1085 1085 D SystemServerTiming: StartNetworkPolicyManagerService took to complete: 4ms
08-30 00:52:09.079 1085 1085 I SystemServerTiming: StartWifi
08-30 00:52:09.178 1085 1085 I SystemServiceManager: Starting com.android.server.wifi.WifiService
01-01 08:15:16.755 0 0 E MAIN_MGR: hvdcp_opti Version: 3:0:0
01-01 08:15:16.775 0 0 E MAIN_MGR: set keepcaps failed!
01-01 08:15:16.775 0 0 E CHG_POLICY_PATH: Failed to get IIO path for MAIN_PSY
08-30 00:52:09.191 1740 1740 I auditd : type=1400 audit(0.0:85): avc: denied { read } for comm="hvdcp_opti" name="devices" dev="sysfs" ino=52698 scontext=u:r:vendor_hvdcp:s0 tcontext=u:object_r:sysfs:s0 tclass=dir permissive=0 --------- beginning of radio
08-30 00:52:09.248 1085 1085 D TelephonyRegistry: listen oscl: mHasNotifySubscriptionInfoChangedOccurred==false no callback
08-30 00:52:09.269 1338 1338 I wificond: New wificond event callback registered
08-30 00:52:09.273 1085 1085 V HistoricalRegistry: Interaction before persistence initialized
08-30 00:52:09.278 1085 1085 D SystemServerTiming: StartWifi took to complete: 199ms
08-30 00:52:09.278 1085 1085 I SystemServerTiming: StartWifiScanning
08-30 00:52:09.278 1085 1085 I SystemServiceManager: Starting com.android.server.wifi.scanner.WifiScanningService
08-30 00:52:09.283 1085 1085 D SystemServerTiming: StartWifiScanning took to complete: 5ms
08-30 00:52:09.283 1085 1085 I SystemServerTiming: StartRttService
08-30 00:52:09.283 1085 1085 I SystemServiceManager: Starting com.android.server.wifi.rtt.RttService
08-30 00:52:09.285 1085 1085 D SystemServerTiming: StartRttService took to complete: 2ms
08-30 00:52:09.285 1085 1085 I SystemServerTiming: StartWifiAware
08-30 00:52:09.285 1085 1085 I SystemServiceManager: Starting com.android.server.wifi.aware.WifiAwareService
08-30 00:52:09.285 1085 1194 W BackgroundDexOptService: SysProp pm.dexopt.downgrade_after_inactive_days not set
08-30 00:52:09.286 1085 1085 D SystemServerTiming: StartWifiAware took to complete: 1ms
08-30 00:52:09.286 1085 1085 I SystemServerTiming: StartWifiP2P
08-30 00:52:09.286 1085 1085 I SystemServiceManager: Starting com.android.server.wifi.p2p.WifiP2pService
08-30 00:52:09.290 1085 1085 D SystemServerTiming: StartWifiP2P took to complete: 4ms
08-30 00:52:09.290 1085 1085 I SystemServerTiming: StartEthernet
08-30 00:52:09.291 1085 1085 I SystemServiceManager: Starting com.android.server.ethernet.EthernetService
08-30 00:52:09.293 1085 1085 D SystemServerTiming: StartEthernet took to complete: 3ms
08-30 00:52:09.294 1085 1085 I SystemServerTiming: StartPacProxyService
08-30 00:52:09.297 1085 1085 D SystemServerTiming: StartPacProxyService took to complete: 3ms
08-30 00:52:09.298 1085 1085 I SystemServerTiming: StartConnectivityService
08-30 00:52:09.322 685 685 D ZygoteInitTiming_lazy: PreloadClasses took to complete: 1507ms
08-30 00:52:09.327 1085 1085 I SystemServiceManager: Starting com.android.server.ConnectivityServiceInitializer
08-30 00:52:09.350 685 685 D ZygoteInitTiming_lazy: CacheNonBootClasspathClassLoaders took to complete: 28ms
08-30 00:52:09.361 1085 1085 D CompatibilityChangeReporter: Compat change id reported: 182478738; UID 1000; state: ENABLED
08-30 00:52:09.368 1085 1085 D SystemServerTiming: StartConnectivityService took to complete: 70ms
08-30 00:52:09.368 1085 1085 I SystemServerTiming: StartVpnManagerService
08-30 00:52:09.373 1085 1085 D SystemServerTiming: StartVpnManagerService took to complete: 5ms
08-30 00:52:09.373 1085 1085 I SystemServerTiming: StartVcnManagementService
08-30 00:52:09.376 1085 1085 D SystemServerTiming: StartVcnManagementService took to complete: 3ms
08-30 00:52:09.376 1085 1085 I SystemServerTiming: StartNsdService
08-30 00:52:09.377 1085 1085 D NsdService: Network service discovery is enabled
08-30 00:52:09.380 1085 1085 D SystemServerTiming: StartNsdService took to complete: 4ms
08-30 00:52:09.381 1085 1085 I SystemServerTiming: StartSystemUpdateManagerService
08-30 00:52:09.381 1085 1085 I SystemUpdateManagerService: No existing info file /data/system/system-update-info.xml
08-30 00:52:09.382 1085 1085 D SystemServerTiming: StartSystemUpdateManagerService took to complete: 1ms
08-30 00:52:09.382 1085 1085 I SystemServerTiming: StartUpdateLockService
08-30 00:52:09.383 1085 1085 D SystemServerTiming: StartUpdateLockService took to complete: 1ms
08-30 00:52:09.383 1085 1085 I SystemServerTiming: StartNotificationManager
08-30 00:52:09.383 1085 1085 I SystemServiceManager: Starting com.android.server.notification.NotificationManagerService
08-30 00:52:09.386 685 685 D ZygoteInitTiming_lazy: PreloadResources took to complete: 35ms
08-30 00:52:09.388 1085 1085 D ConditionProviders.SCP: new ScheduleConditionProvider()
08-30 00:52:09.398 1085 1085 I NotificationAssistants: Read notification assistant permissions from xml
08-30 00:52:09.398 1085 1085 I ConditionProviders: Read condition provider permissions from xml
08-30 00:52:09.398 1085 1085 I ConditionProviders: Read condition provider permissions from xml
08-30 00:52:09.398 1085 1085 D NotificationAssistants: Approving default notification assistant for user 0
08-30 00:52:09.399 1085 1085 I ConditionProviders: Allowing condition provider android.ext.services/android.ext.services.notification.Assistant (userSet: true)
08-30 00:52:09.402 1085 1085 D CompatibilityChangeReporter: Compat change id reported: 157233955; UID 1000; state: ENABLED
08-30 00:52:09.409 1085 1085 D SystemServerTiming: StartNotificationManager took to complete: 26ms
08-30 00:52:09.409 1085 1085 I SystemServerTiming: StartDeviceMonitor
08-30 00:52:09.409 1085 1085 I SystemServiceManager: Starting com.android.server.storage.DeviceStorageMonitorService
08-30 00:52:09.414 1085 1085 D SystemServerTiming: StartDeviceMonitor took to complete: 5ms
08-30 00:52:09.414 1085 1085 I SystemServerTiming: StartLocationManagerService
08-30 00:52:09.415 1085 1085 I SystemServiceManager: Starting com.android.server.location.LocationManagerService$Lifecycle
08-30 00:52:09.417 1085 1763 I storage_state: [41217664-9172-527a-b3d5-edabb50a7d69,0,0,44629864448,48316284928]
08-30 00:52:09.420 1085 1085 D SystemServerTiming: StartLocationManagerService took to complete: 5ms
08-30 00:52:09.420 1085 1085 I SystemServerTiming: StartCountryDetectorService
08-30 00:52:09.421 1085 1085 D SystemServerTiming: StartCountryDetectorService took to complete: 1ms
08-30 00:52:09.421 1085 1085 I SystemServerTiming: StartTimeDetectorService
08-30 00:52:09.421 1085 1085 I SystemServiceManager: Starting com.android.server.timedetector.TimeDetectorService$Lifecycle
08-30 00:52:09.423 1085 1085 D SystemServerTiming: StartTimeDetectorService took to complete: 2ms
08-30 00:52:09.423 1085 1085 I SystemServerTiming: StartTimeZoneDetectorService
08-30 00:52:09.424 1085 1085 I SystemServiceManager: Starting com.android.server.timezonedetector.TimeZoneDetectorService$Lifecycle
08-30 00:52:09.428 1085 1085 D SystemServerTiming: StartTimeZoneDetectorService took to complete: 4ms
08-30 00:52:09.428 1085 1085 I SystemServerTiming: StartLocationTimeZoneManagerService
08-30 00:52:09.428 1085 1085 I SystemServiceManager: Starting com.android.server.timezonedetector.location.LocationTimeZoneManagerService$Lifecycle
08-30 00:52:09.429 1085 1085 D SystemServerTiming: StartLocationTimeZoneManagerService took to complete: 1ms
08-30 00:52:09.429 1085 1085 I SystemServerTiming: StartSearchManagerService
08-30 00:52:09.429 1085 1085 I SystemServiceManager: Starting com.android.server.search.SearchManagerService$Lifecycle
08-30 00:52:09.430 1085 1085 D SystemServerTiming: StartSearchManagerService took to complete: 1ms
08-30 00:52:09.430 1085 1085 I SystemServerTiming: StartWallpaperManagerService
08-30 00:52:09.431 1085 1085 I SystemServiceManager: Starting com.android.server.wallpaper.WallpaperManagerService$Lifecycle
08-30 00:52:09.432 1085 1085 D SystemServerTiming: StartWallpaperManagerService took to complete: 1ms
08-30 00:52:09.432 1085 1085 I SystemServerTiming: StartAudioService
08-30 00:52:09.432 1085 1085 I SystemServiceManager: Starting com.android.server.audio.AudioService$Lifecycle
01-01 08:15:17.055 0 0 I IPv6 : ADDRCONF(NETDEV_UP): vlan2: link is not ready
08-30 00:52:09.607 1085 1656 D SystemServerTimingAsync: SecondaryZygotePreload took to complete: 1865ms
08-30 00:52:09.607 1085 1656 D SystemServerInitThreadPool: Finished executing SecondaryZygotePreload
08-30 00:52:09.607 1085 1656 D SystemServerTimingAsync: InitThreadPoolExec:SecondaryZygotePreload took to complete: 1865ms
08-30 00:52:09.649 1085 1194 I commit_sys_config_file: [notification-policy,4]
01-01 08:15:17.406 0 0 D : mv2112_read_status
01-01 08:15:17.406 0 0 D mv2112_update_link: 3.0x901(1G): 0x0
01-01 08:15:17.407 0 0 D mv2112_update_link: 3.0x8109(100M): 0x8
01-01 08:15:17.407 0 0 D mv2112_update_link: link 0x0
01-01 08:15:17.407 0 0 D mv2112_read_status: autoneg is disabled
01-01 08:15:17.414 0 0 W logd : Skipping entries from slow reader, pid 1286, fd 14, from LogBuffer::Prune()
01-01 08:15:17.495 0 0 I IPv6 : ADDRCONF(NETDEV_UP): vlan4: link is not ready
01-01 08:15:17.544 0 0 I : ip (1801) used greatest stack depth: 9064 bytes left
08-30 00:52:10.117 1085 1613 V HistoricalRegistry: Interaction before persistence initialized
08-30 00:52:10.204 1085 1085 D SystemServerTiming: StartAudioService took to complete: 772ms
08-30 00:52:10.204 1085 1085 I SystemServerTiming: StartSoundTriggerMiddlewareService
08-30 00:52:10.205 1085 1085 I SystemServiceManager: Starting com.android.server.soundtrigger_middleware.SoundTriggerMiddlewareService$Lifecycle
08-30 00:52:10.212 1085 1085 D SystemServerTiming: StartSoundTriggerMiddlewareService took to complete: 8ms
08-30 00:52:10.212 1085 1085 I SystemServerTiming: StartDockObserver
08-30 00:52:10.212 1085 1085 I SystemServiceManager: Starting com.android.server.DockObserver
08-30 00:52:10.213 1085 1085 W DockObserver: This kernel does not have dock station support
08-30 00:52:10.214 1085 1085 D SystemServerTiming: StartDockObserver took to complete: 2ms
08-30 00:52:10.214 1085 1085 I SystemServerTiming: StartWiredAccessoryManager
08-30 00:52:10.215 1085 1085 W WiredAccessoryManager: This kernel does not have usb audio support
08-30 00:52:10.215 1085 1085 W WiredAccessoryManager: This kernel does not have HDMI audio support
08-30 00:52:10.215 1085 1085 E WiredAccessoryManager: file /sys/devices/platform/soc/soc:qcom,msm-ext-disp/extcon/extcon3/name not found
08-30 00:52:10.216 1085 1085 W WiredAccessoryManager: Conn soc:qcom,msm-ext-disp/3/0 does not have DP audio support
08-30 00:52:10.216 1085 1085 E WiredAccessoryManager: file /sys/devices/platform/soc/soc:qcom,msm-ext-disp/extcon/extcon2/name not found
08-30 00:52:10.216 1085 1085 W WiredAccessoryManager: Conn soc:qcom,msm-ext-disp/2/0 does not have DP audio support
08-30 00:52:10.218 1085 1085 E WiredAccessoryManager: set dev_index 1
08-30 00:52:10.218 1085 1085 W WiredAccessoryManager: checkCableIndex set cable 0
08-30 00:52:10.219 1085 1085 E WiredAccessoryManager: set dev_index 0
08-30 00:52:10.220 1085 1085 W WiredAccessoryManager: checkCableIndex set cable 0
08-30 00:52:10.220 1085 1085 D SystemServerTiming: StartWiredAccessoryManager took to complete: 6ms
08-30 00:52:10.220 1085 1085 I SystemServerTiming: StartMidiManager
08-30 00:52:10.220 1085 1085 I SystemServiceManager: Starting com.android.server.midi.MidiService$Lifecycle
08-30 00:52:10.221 1085 1085 D SystemServerTiming: StartMidiManager took to complete: 1ms
08-30 00:52:10.221 1085 1085 I SystemServerTiming: StartAdbService
08-30 00:52:10.222 1085 1085 I SystemServiceManager: Starting com.android.server.adb.AdbService$Lifecycle
08-30 00:52:10.224 1085 1085 D SystemServerTiming: StartAdbService took to complete: 2ms
