08-30 00:52:10.838 1085 1085 I SystemServerTiming: OnBootPhase_520_com.android.server.os.BugreportManagerService
08-30 00:52:10.838 1085 1085 D SystemServerTiming: OnBootPhase_520_com.android.server.os.BugreportManagerService took to complete: 0ms
08-30 00:52:10.838 1085 1085 I SystemServerTiming: OnBootPhase_520_com.android.server.gpu.GpuService
08-30 00:52:10.838 1085 1085 D SystemServerTiming: OnBootPhase_520_com.android.server.gpu.GpuService took to complete: 0ms
08-30 00:52:10.838 1085 1085 I SystemServerTiming: OnBootPhase_520_com.android.server.security.KeyChainSystemService
08-30 00:52:10.838 1085 1085 D SystemServerTiming: OnBootPhase_520_com.android.server.security.KeyChainSystemService took to complete: 0ms
08-30 00:52:10.839 1085 1085 I SystemServerTiming: OnBootPhase_520_com.android.server.telecom.TelecomLoaderService
08-30 00:52:10.839 1085 1085 D SystemServerTiming: OnBootPhase_520_com.android.server.telecom.TelecomLoaderService took to complete: 0ms
08-30 00:52:10.839 1085 1085 I SystemServerTiming: OnBootPhase_520_com.android.server.accounts.AccountManagerService$Lifecycle
08-30 00:52:10.839 1085 1085 D SystemServerTiming: OnBootPhase_520_com.android.server.accounts.AccountManagerService$Lifecycle took to complete: 0ms
08-30 00:52:10.839 1085 1085 I SystemServerTiming: OnBootPhase_520_com.android.server.content.ContentService$Lifecycle
08-30 00:52:10.839 1085 1085 D SystemServerTiming: OnBootPhase_520_com.android.server.content.ContentService$Lifecycle took to complete: 0ms
08-30 00:52:10.839 1085 1085 I SystemServerTiming: OnBootPhase_520_com.android.server.DropBoxManagerService
08-30 00:52:10.839 1085 1085 D SystemServerTiming: OnBootPhase_520_com.android.server.DropBoxManagerService took to complete: 0ms
08-30 00:52:10.839 1085 1085 I SystemServerTiming: OnBootPhase_520_com.android.role.RoleService
08-30 00:52:10.839 1085 1085 D SystemServerTiming: OnBootPhase_520_com.android.role.RoleService took to complete: 0ms
08-30 00:52:10.839 1085 1085 I SystemServerTiming: OnBootPhase_520_com.android.server.vibrator.VibratorManagerService$Lifecycle
08-30 00:52:10.839 1085 1085 D SystemServerTiming: OnBootPhase_520_com.android.server.vibrator.VibratorManagerService$Lifecycle took to complete: 0ms
08-30 00:52:10.839 1085 1085 I SystemServerTiming: OnBootPhase_520_com.android.server.alarm.AlarmManagerService
08-30 00:52:10.839 1085 1085 D SystemServerTiming: OnBootPhase_520_com.android.server.alarm.AlarmManagerService took to complete: 0ms
08-30 00:52:10.839 1085 1085 I SystemServerTiming: OnBootPhase_520_com.android.server.devicestate.DeviceStateManagerService
08-30 00:52:10.839 1085 1085 D SystemServerTiming: OnBootPhase_520_com.android.server.devicestate.DeviceStateManagerService took to complete: 0ms
08-30 00:52:10.839 1085 1085 I SystemServerTiming: OnBootPhase_520_com.android.server.camera.CameraServiceProxy
08-30 00:52:10.839 1085 1085 D SystemServerTiming: OnBootPhase_520_com.android.server.camera.CameraServiceProxy took to complete: 0ms
08-30 00:52:10.839 1085 1085 I SystemServerTiming: OnBootPhase_520_com.android.server.BluetoothService
08-30 00:52:10.840 1085 1085 D SystemServerTiming: OnBootPhase_520_com.android.server.BluetoothService took to complete: 0ms
08-30 00:52:10.840 1085 1085 I SystemServerTiming: OnBootPhase_520_com.android.server.connectivity.IpConnectivityMetrics
08-30 00:52:10.840 1085 1085 D SystemServerTiming: OnBootPhase_520_com.android.server.connectivity.IpConnectivityMetrics took to complete: 0ms
08-30 00:52:10.840 1085 1085 I SystemServerTiming: OnBootPhase_520_com.android.server.net.watchlist.NetworkWatchlistService$Lifecycle
08-30 00:52:10.840 1085 1085 D SystemServerTiming: OnBootPhase_520_com.android.server.net.watchlist.NetworkWatchlistService$Lifecycle took to complete: 0ms
08-30 00:52:10.840 1085 1085 I SystemServerTiming: OnBootPhase_520_com.android.server.PinnerService
08-30 00:52:10.840 1085 1085 D SystemServerTiming: OnBootPhase_520_com.android.server.PinnerService took to complete: 0ms
08-30 00:52:10.840 1085 1085 I SystemServerTiming: OnBootPhase_520_com.google.android.startop.iorap.IorapForwardingService
08-30 00:52:10.840 1085 1085 D SystemServerTiming: OnBootPhase_520_com.google.android.startop.iorap.IorapForwardingService took to complete: 0ms
08-30 00:52:10.840 1085 1085 I SystemServerTiming: OnBootPhase_520_com.android.server.ActivityTriggerService
08-30 00:52:10.840 1085 1085 D SystemServerTiming: OnBootPhase_520_com.android.server.ActivityTriggerService took to complete: 0ms
08-30 00:52:10.840 1085 1085 I SystemServerTiming: OnBootPhase_520_com.android.server.integrity.AppIntegrityManagerService
08-30 00:52:10.840 1085 1085 D SystemServerTiming: OnBootPhase_520_com.android.server.integrity.AppIntegrityManagerService took to complete: 0ms
08-30 00:52:10.840 1085 1085 I SystemServerTiming: OnBootPhase_520_com.android.server.inputmethod.InputMethodManagerService$Lifecycle
08-30 00:52:10.840 1085 1085 D SystemServerTiming: OnBootPhase_520_com.android.server.inputmethod.InputMethodManagerService$Lifecycle took to complete: 0ms
08-30 00:52:10.840 1085 1085 I SystemServerTiming: OnBootPhase_520_com.android.server.accessibility.AccessibilityManagerService$Lifecycle
08-30 00:52:10.840 1085 1085 D SystemServerTiming: OnBootPhase_520_com.android.server.accessibility.AccessibilityManagerService$Lifecycle took to complete: 0ms
08-30 00:52:10.840 1085 1085 I SystemServerTiming: OnBootPhase_520_com.android.server.StorageManagerService$Lifecycle
08-30 00:52:10.841 1085 1085 D SystemServerTiming: OnBootPhase_520_com.android.server.StorageManagerService$Lifecycle took to complete: 0ms
08-30 00:52:10.841 1085 1085 I SystemServerTiming: OnBootPhase_520_com.android.server.usage.StorageStatsService$Lifecycle
08-30 00:52:10.841 1085 1085 D SystemServerTiming: OnBootPhase_520_com.android.server.usage.StorageStatsService$Lifecycle took to complete: 0ms
08-30 00:52:10.841 1085 1085 I SystemServerTiming: OnBootPhase_520_com.android.server.UiModeManagerService
08-30 00:52:10.841 1085 1085 D SystemServerTiming: OnBootPhase_520_com.android.server.UiModeManagerService took to complete: 0ms
08-30 00:52:10.841 1085 1085 I SystemServerTiming: OnBootPhase_520_com.android.server.locksettings.LockSettingsService$Lifecycle
08-30 00:52:10.841 1085 1085 D SystemServerTiming: OnBootPhase_520_com.android.server.locksettings.LockSettingsService$Lifecycle took to complete: 0ms
08-30 00:52:10.841 1085 1085 I SystemServerTiming: OnBootPhase_520_com.android.server.PersistentDataBlockService
08-30 00:52:10.841 1085 1085 D SystemServerTiming: OnBootPhase_520_com.android.server.PersistentDataBlockService took to complete: 0ms
08-30 00:52:10.841 1085 1085 I SystemServerTiming: OnBootPhase_520_com.android.server.testharness.TestHarnessModeService
08-30 00:52:10.842 1085 1085 D SystemServerTiming: OnBootPhase_520_com.android.server.testharness.TestHarnessModeService took to complete: 0ms
08-30 00:52:10.842 1085 1085 I SystemServerTiming: OnBootPhase_520_com.android.server.oemlock.OemLockService
08-30 00:52:10.842 1085 1085 D SystemServerTiming: OnBootPhase_520_com.android.server.oemlock.OemLockService took to complete: 0ms
08-30 00:52:10.842 1085 1085 I SystemServerTiming: OnBootPhase_520_com.android.server.DeviceIdleController
08-30 00:52:10.842 1085 1085 D SystemServerTiming: OnBootPhase_520_com.android.server.DeviceIdleController took to complete: 0ms
08-30 00:52:10.842 1085 1085 I SystemServerTiming: OnBootPhase_520_com.android.server.devicepolicy.DevicePolicyManagerService$Lifecycle
08-30 00:52:10.842 1085 1085 D SystemServerTiming: OnBootPhase_520_com.android.server.devicepolicy.DevicePolicyManagerService$Lifecycle took to complete: 0ms
08-30 00:52:10.842 1085 1085 I SystemServerTiming: OnBootPhase_520_com.android.server.texttospeech.TextToSpeechManagerService
08-30 00:52:10.842 1085 1085 D SystemServerTiming: OnBootPhase_520_com.android.server.texttospeech.TextToSpeechManagerService took to complete: 0ms
08-30 00:52:10.842 1085 1085 I SystemServerTiming: OnBootPhase_520_com.android.server.speech.SpeechRecognitionManagerService
08-30 00:52:10.842 1085 1085 D SystemServerTiming: OnBootPhase_520_com.android.server.speech.SpeechRecognitionManagerService took to complete: 0ms
08-30 00:52:10.842 1085 1085 I SystemServerTiming: OnBootPhase_520_com.android.server.searchui.SearchUiManagerService
08-30 00:52:10.843 1085 1085 D SystemServerTiming: OnBootPhase_520_com.android.server.searchui.SearchUiManagerService took to complete: 0ms
08-30 00:52:10.843 1085 1085 I SystemServerTiming: OnBootPhase_520_com.android.server.smartspace.SmartspaceManagerService
08-30 00:52:10.843 1085 1085 D SystemServerTiming: OnBootPhase_520_com.android.server.smartspace.SmartspaceManagerService took to complete: 0ms
08-30 00:52:10.843 1085 1085 I SystemServerTiming: OnBootPhase_520_com.android.server.graphics.fonts.FontManagerService$Lifecycle
08-30 00:52:10.843 1085 1085 D SystemServerTiming: OnBootPhase_520_com.android.server.graphics.fonts.FontManagerService$Lifecycle took to complete: 0ms
08-30 00:52:10.843 1085 1085 I SystemServerTiming: OnBootPhase_520_com.android.server.textservices.TextServicesManagerService$Lifecycle
08-30 00:52:10.843 1085 1085 D SystemServerTiming: OnBootPhase_520_com.android.server.textservices.TextServicesManagerService$Lifecycle took to complete: 0ms
08-30 00:52:10.843 1085 1085 I SystemServerTiming: OnBootPhase_520_com.android.server.textclassifier.TextClassificationManagerService$Lifecycle
08-30 00:52:10.844 1085 1085 D SystemServerTiming: OnBootPhase_520_com.android.server.textclassifier.TextClassificationManagerService$Lifecycle took to complete: 0ms
08-30 00:52:10.844 1085 1085 I SystemServerTiming: OnBootPhase_520_com.android.server.NetworkScoreService$Lifecycle
08-30 00:52:10.844 1085 1085 D SystemServerTiming: OnBootPhase_520_com.android.server.NetworkScoreService$Lifecycle took to complete: 0ms
08-30 00:52:10.844 1085 1085 I SystemServerTiming: OnBootPhase_520_com.android.server.wifi.WifiService
08-30 00:52:10.844 1085 1085 D SystemServerTiming: OnBootPhase_520_com.android.server.wifi.WifiService took to complete: 0ms
08-30 00:52:10.844 1085 1085 I SystemServerTiming: OnBootPhase_520_com.android.server.wifi.scanner.WifiScanningService
08-30 00:52:10.844 1085 1085 D SystemServerTiming: OnBootPhase_520_com.android.server.wifi.scanner.WifiScanningService took to complete: 0ms
08-30 00:52:10.844 1085 1085 I SystemServerTiming: OnBootPhase_520_com.android.server.wifi.rtt.RttService
08-30 00:52:10.844 1085 1085 D SystemServerTiming: OnBootPhase_520_com.android.server.wifi.rtt.RttService took to complete: 0ms
08-30 00:52:10.844 1085 1085 I SystemServerTiming: OnBootPhase_520_com.android.server.wifi.aware.WifiAwareService
08-30 00:52:10.845 1085 1085 D SystemServerTiming: OnBootPhase_520_com.android.server.wifi.aware.WifiAwareService took to complete: 0ms
08-30 00:52:10.845 1085 1085 I SystemServerTiming: OnBootPhase_520_com.android.server.wifi.p2p.WifiP2pService
08-30 00:52:10.845 1085 1085 D SystemServerTiming: OnBootPhase_520_com.android.server.wifi.p2p.WifiP2pService took to complete: 0ms
08-30 00:52:10.845 1085 1085 I SystemServerTiming: OnBootPhase_520_com.android.server.ethernet.EthernetService
08-30 00:52:10.845 1085 1085 D SystemServerTiming: OnBootPhase_520_com.android.server.ethernet.EthernetService took to complete: 0ms
08-30 00:52:10.845 1085 1085 I SystemServerTiming: OnBootPhase_520_com.android.server.ConnectivityServiceInitializer
08-30 00:52:10.845 1085 1085 D SystemServerTiming: OnBootPhase_520_com.android.server.ConnectivityServiceInitializer took to complete: 0ms
08-30 00:52:10.845 1085 1085 I SystemServerTiming: OnBootPhase_520_com.android.server.notification.NotificationManagerService
08-30 00:52:10.845 1085 1085 D SystemServerTiming: OnBootPhase_520_com.android.server.notification.NotificationManagerService took to complete: 0ms
08-30 00:52:10.845 1085 1085 I SystemServerTiming: OnBootPhase_520_com.android.server.storage.DeviceStorageMonitorService
08-30 00:52:10.845 1085 1085 D SystemServerTiming: OnBootPhase_520_com.android.server.storage.DeviceStorageMonitorService took to complete: 0ms
08-30 00:52:10.845 1085 1085 I SystemServerTiming: OnBootPhase_520_com.android.server.location.LocationManagerService$Lifecycle
08-30 00:52:10.845 1085 1085 D SystemServerTiming: OnBootPhase_520_com.android.server.location.LocationManagerService$Lifecycle took to complete: 0ms
08-30 00:52:10.845 1085 1085 I SystemServerTiming: OnBootPhase_520_com.android.server.timedetector.TimeDetectorService$Lifecycle
08-30 00:52:10.845 1085 1085 D SystemServerTiming: OnBootPhase_520_com.android.server.timedetector.TimeDetectorService$Lifecycle took to complete: 0ms
08-30 00:52:10.846 1085 1085 I SystemServerTiming: OnBootPhase_520_com.android.server.timezonedetector.TimeZoneDetectorService$Lifecycle
08-30 00:52:10.846 1085 1085 D SystemServerTiming: OnBootPhase_520_com.android.server.timezonedetector.TimeZoneDetectorService$Lifecycle took to complete: 0ms
08-30 00:52:10.846 1085 1085 I SystemServerTiming: OnBootPhase_520_com.android.server.timezonedetector.location.LocationTimeZoneManagerService$Lifecycle
08-30 00:52:10.846 1085 1085 D SystemServerTiming: OnBootPhase_520_com.android.server.timezonedetector.location.LocationTimeZoneManagerService$Lifecycle took to complete: 0ms
08-30 00:52:10.846 1085 1085 I SystemServerTiming: OnBootPhase_520_com.android.server.search.SearchManagerService$Lifecycle
08-30 00:52:10.846 1085 1085 D SystemServerTiming: OnBootPhase_520_com.android.server.search.SearchManagerService$Lifecycle took to complete: 0ms
08-30 00:52:10.846 1085 1085 I SystemServerTiming: OnBootPhase_520_com.android.server.wallpaper.WallpaperManagerService$Lifecycle
08-30 00:52:10.846 1085 1085 D SystemServerTiming: OnBootPhase_520_com.android.server.wallpaper.WallpaperManagerService$Lifecycle took to complete: 0ms
08-30 00:52:10.846 1085 1085 I SystemServerTiming: OnBootPhase_520_com.android.server.audio.AudioService$Lifecycle
08-30 00:52:10.847 1085 1085 D SystemServerTiming: OnBootPhase_520_com.android.server.audio.AudioService$Lifecycle took to complete: 0ms
08-30 00:52:10.847 1085 1085 I SystemServerTiming: OnBootPhase_520_com.android.server.soundtrigger_middleware.SoundTriggerMiddlewareService$Lifecycle
08-30 00:52:10.847 1085 1085 D SystemServerTiming: OnBootPhase_520_com.android.server.soundtrigger_middleware.SoundTriggerMiddlewareService$Lifecycle took to complete: 0ms
08-30 00:52:10.847 1085 1085 I SystemServerTiming: OnBootPhase_520_com.android.server.DockObserver
08-30 00:52:10.847 1085 1085 D SystemServerTiming: OnBootPhase_520_com.android.server.DockObserver took to complete: 0ms
08-30 00:52:10.847 1085 1085 I SystemServerTiming: OnBootPhase_520_com.android.server.midi.MidiService$Lifecycle
01-01 08:15:18.428 0 0 D : mv2112_read_status
01-01 08:15:18.429 0 0 D mv2112_update_link: 3.0x901(1G): 0x4
01-01 08:15:18.429 0 0 D mv2112_update_link: 3.0x8109(100M): 0x8
01-01 08:15:18.429 0 0 D mv2112_update_link: link 0x4
01-01 08:15:18.429 0 0 D mv2112_read_status: autoneg is disabled
01-01 08:15:18.430 0 0 I lan743x 0001: 01:00.0 eth0: Link is Up - 1Gbps/Full - flow control off
08-30 00:52:10.848 1085 1085 D SystemServerTiming: OnBootPhase_520_com.android.server.midi.MidiService$Lifecycle took to complete: 0ms
08-30 00:52:10.848 1085 1085 I SystemServerTiming: OnBootPhase_520_com.android.server.adb.AdbService$Lifecycle
08-30 00:52:10.848 1085 1085 D SystemServerTiming: OnBootPhase_520_com.android.server.adb.AdbService$Lifecycle took to complete: 0ms
08-30 00:52:10.848 1085 1085 I SystemServerTiming: OnBootPhase_520_com.android.server.usb.UsbService$Lifecycle
08-30 00:52:10.848 1085 1085 D SystemServerTiming: OnBootPhase_520_com.android.server.usb.UsbService$Lifecycle took to complete: 0ms
08-30 00:52:10.848 1085 1085 I SystemServerTiming: OnBootPhase_520_com.android.server.twilight.TwilightService
08-30 00:52:10.848 1085 1085 D SystemServerTiming: OnBootPhase_520_com.android.server.twilight.TwilightService took to complete: 0ms
08-30 00:52:10.849 1085 1085 I SystemServerTiming: OnBootPhase_520_com.android.server.display.color.ColorDisplayService
08-30 00:52:10.849 1085 1085 D SystemServerTiming: OnBootPhase_520_com.android.server.display.color.ColorDisplayService took to complete: 0ms
08-30 00:52:10.849 1085 1085 I SystemServerTiming: OnBootPhase_520_com.android.server.job.JobSchedulerService
08-30 00:52:10.849 1085 1085 D SystemServerTiming: OnBootPhase_520_com.android.server.job.JobSchedulerService took to complete: 0ms
08-30 00:52:10.849 1085 1085 I SystemServerTiming: OnBootPhase_520_com.android.server.soundtrigger.SoundTriggerService
08-30 00:52:10.849 1085 1085 D SoundTriggerService: onBootPhase: 520 : false
08-30 00:52:10.849 1085 1085 D SystemServerTiming: OnBootPhase_520_com.android.server.soundtrigger.SoundTriggerService took to complete: 0ms
08-30 00:52:10.849 1085 1085 I SystemServerTiming: OnBootPhase_520_com.android.server.trust.TrustManagerService
08-30 00:52:10.849 1085 1085 D SystemServerTiming: OnBootPhase_520_com.android.server.trust.TrustManagerService took to complete: 0ms
08-30 00:52:10.849 1085 1085 I SystemServerTiming: OnBootPhase_520_com.android.server.backup.BackupManagerService$Lifecycle
08-30 00:52:10.849 1085 1085 D SystemServerTiming: OnBootPhase_520_com.android.server.backup.BackupManagerService$Lifecycle took to complete: 0ms
08-30 00:52:10.849 1085 1085 I SystemServerTiming: OnBootPhase_520_com.android.server.appwidget.AppWidgetService
08-30 00:52:10.849 1085 1085 D SystemServerTiming: OnBootPhase_520_com.android.server.appwidget.AppWidgetService took to complete: 0ms
08-30 00:52:10.849 1085 1085 I SystemServerTiming: OnBootPhase_520_com.android.server.voiceinteraction.VoiceInteractionManagerService
08-30 00:52:10.850 1085 1085 D SystemServerTiming: OnBootPhase_520_com.android.server.voiceinteraction.VoiceInteractionManagerService took to complete: 0ms
08-30 00:52:10.850 1085 1085 I SystemServerTiming: OnBootPhase_520_com.android.server.apphibernation.AppHibernationService
08-30 00:52:10.850 1085 1085 D SystemServerTiming: OnBootPhase_520_com.android.server.apphibernation.AppHibernationService took to complete: 0ms
08-30 00:52:10.850 1085 1085 I SystemServerTiming: OnBootPhase_520_com.android.server.GestureLauncherService
08-30 00:52:10.850 1085 1085 D SystemServerTiming: OnBootPhase_520_com.android.server.GestureLauncherService took to complete: 0ms
08-30 00:52:10.850 1085 1085 I SystemServerTiming: OnBootPhase_520_com.android.server.SensorNotificationService
08-30 00:52:10.850 1085 1085 D SystemServerTiming: OnBootPhase_520_com.android.server.SensorNotificationService took to complete: 0ms
08-30 00:52:10.850 1085 1085 I SystemServerTiming: OnBootPhase_520_com.android.server.emergency.EmergencyAffordanceService
08-30 00:52:10.850 1085 1085 D SystemServerTiming: OnBootPhase_520_com.android.server.emergency.EmergencyAffordanceService took to complete: 0ms
08-30 00:52:10.850 1085 1085 I SystemServerTiming: OnBootPhase_520_com.android.server.blob.BlobStoreManagerService
08-30 00:52:10.850 1085 1085 D SystemServerTiming: OnBootPhase_520_com.android.server.blob.BlobStoreManagerService took to complete: 0ms
08-30 00:52:10.850 1085 1085 I SystemServerTiming: OnBootPhase_520_com.android.server.dreams.DreamManagerService
08-30 00:52:10.850 1085 1085 D SystemServerTiming: OnBootPhase_520_com.android.server.dreams.DreamManagerService took to complete: 0ms
08-30 00:52:10.850 1085 1085 I SystemServerTiming: OnBootPhase_520_com.android.server.companion.CompanionDeviceManagerService
08-30 00:52:10.850 1085 1085 D SystemServerTiming: OnBootPhase_520_com.android.server.companion.CompanionDeviceManagerService took to complete: 0ms
08-30 00:52:10.850 1085 1085 I SystemServerTiming: OnBootPhase_520_com.android.server.restrictions.RestrictionsManagerService
08-30 00:52:10.850 1085 1085 D SystemServerTiming: OnBootPhase_520_com.android.server.restrictions.RestrictionsManagerService took to complete: 0ms
08-30 00:52:10.851 1085 1085 I SystemServerTiming: OnBootPhase_520_com.android.server.media.MediaSessionService
08-30 00:52:10.851 1085 1085 D SystemServerTiming: OnBootPhase_520_com.android.server.media.MediaSessionService took to complete: 0ms
08-30 00:52:10.851 1085 1085 I SystemServerTiming: OnBootPhase_520_com.android.server.media.MediaResourceMonitorService
08-30 00:52:10.851 1085 1085 D SystemServerTiming: OnBootPhase_520_com.android.server.media.MediaResourceMonitorService took to complete: 0ms
08-30 00:52:10.851 1085 1085 I SystemServerTiming: OnBootPhase_520_com.android.server.biometrics.sensors.fingerprint.FingerprintService
08-30 00:52:10.851 1085 1085 D SystemServerTiming: OnBootPhase_520_com.android.server.biometrics.sensors.fingerprint.FingerprintService took to complete: 0ms
08-30 00:52:10.851 1085 1085 I SystemServerTiming: OnBootPhase_520_com.android.server.biometrics.BiometricService
08-30 00:52:10.851 1085 1085 D SystemServerTiming: OnBootPhase_520_com.android.server.biometrics.BiometricService took to complete: 0ms
08-30 00:52:10.851 1085 1085 I SystemServerTiming: OnBootPhase_520_com.android.server.biometrics.AuthService
08-30 00:52:10.851 1085 1085 D SystemServerTiming: OnBootPhase_520_com.android.server.biometrics.AuthService took to complete: 0ms
08-30 00:52:10.851 1085 1085 I SystemServerTiming: OnBootPhase_520_com.android.server.pm.ShortcutService$Lifecycle
08-30 00:52:10.851 1085 1085 D SystemServerTiming: OnBootPhase_520_com.android.server.pm.ShortcutService$Lifecycle took to complete: 0ms
08-30 00:52:10.851 1085 1085 I SystemServerTiming: OnBootPhase_520_com.android.server.pm.LauncherAppsService
08-30 00:52:10.851 1085 1085 D SystemServerTiming: OnBootPhase_520_com.android.server.pm.LauncherAppsService took to complete: 0ms
08-30 00:52:10.851 1085 1085 I SystemServerTiming: OnBootPhase_520_com.android.server.pm.CrossProfileAppsService
08-30 00:52:10.851 1085 1085 D SystemServerTiming: OnBootPhase_520_com.android.server.pm.CrossProfileAppsService took to complete: 0ms
08-30 00:52:10.852 1085 1085 I SystemServerTiming: OnBootPhase_520_com.android.server.people.PeopleService
08-30 00:52:10.852 1085 1085 D SystemServerTiming: OnBootPhase_520_com.android.server.people.PeopleService took to complete: 0ms
08-30 00:52:10.852 1085 1085 I SystemServerTiming: OnBootPhase_520_com.android.server.media.metrics.MediaMetricsManagerService
08-30 00:52:10.852 1085 1085 D SystemServerTiming: OnBootPhase_520_com.android.server.media.metrics.MediaMetricsManagerService took to complete: 0ms
08-30 00:52:10.852 1085 1085 I SystemServerTiming: OnBootPhase_520_com.android.server.media.projection.MediaProjectionManagerService
08-30 00:52:10.852 1085 1085 D SystemServerTiming: OnBootPhase_520_com.android.server.media.projection.MediaProjectionManagerService took to complete: 0ms
08-30 00:52:10.852 1085 1085 I SystemServerTiming: OnBootPhase_520_com.android.server.slice.SliceManagerService$Lifecycle
08-30 00:52:10.852 1085 1085 D SystemServerTiming: OnBootPhase_520_com.android.server.slice.SliceManagerService$Lifecycle took to complete: 0ms
08-30 00:52:10.852 1085 1085 I SystemServerTiming: OnBootPhase_520_com.android.server.stats.StatsCompanion$Lifecycle
08-30 00:52:10.852 1085 1085 D SystemServerTiming: OnBootPhase_520_com.android.server.stats.StatsCompanion$Lifecycle took to complete: 0ms
08-30 00:52:10.852 1085 1085 I SystemServerTiming: OnBootPhase_520_com.android.server.scheduling.RebootReadinessManagerService$Lifecycle
08-30 00:52:10.852 1085 1085 D SystemServerTiming: OnBootPhase_520_com.android.server.scheduling.RebootReadinessManagerService$Lifecycle took to complete: 0ms
08-30 00:52:10.852 1085 1085 I SystemServerTiming: OnBootPhase_520_com.android.server.stats.pull.StatsPullAtomService
08-30 00:52:10.853 1085 1085 D SystemServerTiming: OnBootPhase_520_com.android.server.stats.pull.StatsPullAtomService took to complete: 0ms
08-30 00:52:10.853 1085 1085 I SystemServerTiming: OnBootPhase_520_com.android.server.incident.IncidentCompanionService
08-30 00:52:10.853 1085 1085 D SystemServerTiming: OnBootPhase_520_com.android.server.incident.IncidentCompanionService took to complete: 0ms
08-30 00:52:10.853 1085 1085 I SystemServerTiming: OnBootPhase_520_com.android.server.MmsServiceBroker
08-30 00:52:10.853 1085 1085 D SystemServerTiming: OnBootPhase_520_com.android.server.MmsServiceBroker took to complete: 0ms
08-30 00:52:10.853 1085 1085 I SystemServerTiming: OnBootPhase_520_com.android.server.autofill.AutofillManagerService
08-30 00:52:10.853 1085 1085 D SystemServerTiming: OnBootPhase_520_com.android.server.autofill.AutofillManagerService took to complete: 0ms
08-30 00:52:10.853 1085 1085 I SystemServerTiming: OnBootPhase_520_com.android.server.clipboard.ClipboardService
08-30 00:52:10.853 1085 1085 D SystemServerTiming: OnBootPhase_520_com.android.server.clipboard.ClipboardService took to complete: 0ms
08-30 00:52:10.853 1085 1085 I SystemServerTiming: OnBootPhase_520_com.android.server.appbinding.AppBindingService$Lifecycle
08-30 00:52:10.853 1085 1085 D SystemServerTiming: OnBootPhase_520_com.android.server.appbinding.AppBindingService$Lifecycle took to complete: 0ms
08-30 00:52:10.853 1085 1085 I SystemServerTiming: OnBootPhase_520_com.android.server.tracing.TracingServiceProxy
08-30 00:52:10.853 1085 1085 D SystemServerTiming: OnBootPhase_520_com.android.server.tracing.TracingServiceProxy took to complete: 0ms
08-30 00:52:10.853 1085 1085 I SystemServerTiming: OnBootPhase_520_com.android.server.policy.PermissionPolicyService
08-30 00:52:10.854 1085 1085 D SystemServerTiming: OnBootPhase_520_com.android.server.policy.PermissionPolicyService took to complete: 0ms
08-30 00:52:10.854 1085 1085 I SystemServerTiming: OnBootPhase_520_com.android.server.pm.StagingManager$Lifecycle
01-01 08:15:18.438 0 0 I IPv6 : ADDRCONF(NETDEV_CHANGE): eth0: link becomes ready
08-30 00:52:10.854 1085 1085 D SystemServerTiming: OnBootPhase_520_com.android.server.pm.StagingManager$Lifecycle took to complete: 0ms
08-30 00:52:10.854 1085 1085 I SystemServerTiming: OnBootPhase_520_com.android.server.app.GameManagerService$Lifecycle
08-30 00:52:10.854 1085 1085 D SystemServerTiming: OnBootPhase_520_com.android.server.app.GameManagerService$Lifecycle took to complete: 0ms
08-30 00:52:10.854 1085 1085 D SystemServerTiming: OnBootPhase_520 took to complete: 22ms
08-30 00:52:10.854 1085 1085 D SystemServerTiming: StartBootPhaseDeviceSpecificServicesReady took to complete: 23ms
08-30 00:52:10.854 1085 1085 I SystemServerTiming: AppSearchManagerService
01-01 08:15:18.441 0 0 I IPv6 : ADDRCONF(NETDEV_CHANGE): vlan0: link becomes ready
01-01 08:15:18.441 0 0 I IPv6 : ADDRCONF(NETDEV_CHANGE): vlan1: link becomes ready
01-01 08:15:18.442 0 0 I IPv6 : ADDRCONF(NETDEV_CHANGE): vlan2: link becomes ready
01-01 08:15:18.442 0 0 I IPv6 : ADDRCONF(NETDEV_CHANGE): vlan4: link becomes ready
01-01 08:15:18.442 0 0 I IPv6 : ADDRCONF(NETDEV_CHANGE): vlan8: link becomes ready
08-30 00:52:10.876 1085 1085 I SystemServiceManager: Starting com.android.server.appsearch.AppSearchManagerService
08-30 00:52:10.878 1085 1085 D SystemServerTiming: AppSearchManagerService took to complete: 24ms
08-30 00:52:10.878 1085 1085 I SystemServerTiming: StartMediaCommunicationService
08-30 00:52:10.879 1085 1085 I SystemServiceManager: Starting com.android.server.media.MediaCommunicationService
08-30 00:52:10.881 1085 1085 D SystemServerTiming: StartMediaCommunicationService took to complete: 3ms
08-30 00:52:10.881 1085 1085 I SystemServerTiming: PhaseActivityManagerReady
08-30 00:52:10.881 1085 1085 I SystemServerTiming: controllersReady
08-30 00:52:10.885 1085 1657 I SystemServerTimingAsync: InitThreadPoolExec:Update app-ops uidState in case package com.android.providers.media.module changed
08-30 00:52:10.885 1085 1657 D SystemServerInitThreadPool: Started executing Update app-ops uidState in case package com.android.providers.media.module changed
08-30 00:52:10.885 1085 1688 I SystemServerTimingAsync: InitThreadPoolExec:Update app-ops uidState in case package com.qualcomm.qtil.aptxui changed
08-30 00:52:10.885 1085 1446 I SystemServerTimingAsync: InitThreadPoolExec:Update app-ops uidState in case package com.qualcomm.qti.workloadclassifier changed
08-30 00:52:10.885 1085 1446 D SystemServerInitThreadPool: Started executing Update app-ops uidState in case package com.qualcomm.qti.workloadclassifier changed
08-30 00:52:10.886 1085 1688 D SystemServerInitThreadPool: Started executing Update app-ops uidState in case package com.qualcomm.qtil.aptxui changed
08-30 00:52:10.886 1085 1718 I SystemServerTimingAsync: InitThreadPoolExec:Update app-ops uidState in case package com.android.systemui changed
08-30 00:52:10.886 1085 1718 D SystemServerInitThreadPool: Started executing Update app-ops uidState in case package com.android.systemui changed
08-30 00:52:10.886 1085 1656 I SystemServerTimingAsync: InitThreadPoolExec:Update app-ops uidState in case package com.android.launcher3 changed
08-30 00:52:10.886 1085 1656 D SystemServerInitThreadPool: Started executing Update app-ops uidState in case package com.android.launcher3 changed
08-30 00:52:10.887 1085 1723 I SystemServerTimingAsync: InitThreadPoolExec:Update app-ops uidState in case package com.qualcomm.location changed
08-30 00:52:10.887 1085 1200 I SystemServerTimingAsync: InitThreadPoolExec:Update app-ops uidState in case package com.qti.ltebc changed
08-30 00:52:10.887 1085 1446 D SystemServerInitThreadPool: Finished executing Update app-ops uidState in case package com.qualcomm.qti.workloadclassifier changed
08-30 00:52:10.887 1085 1446 D SystemServerTimingAsync: InitThreadPoolExec:Update app-ops uidState in case package com.qualcomm.qti.workloadclassifier changed took to complete: 2ms
08-30 00:52:10.887 1085 1723 D SystemServerInitThreadPool: Started executing Update app-ops uidState in case package com.qualcomm.location changed
08-30 00:52:10.887 1085 1688 D SystemServerInitThreadPool: Finished executing Update app-ops uidState in case package com.qualcomm.qtil.aptxui changed
08-30 00:52:10.887 1085 1723 D SystemServerInitThreadPool: Finished executing Update app-ops uidState in case package com.qualcomm.location changed
08-30 00:52:10.887 1085 1718 D SystemServerInitThreadPool: Finished executing Update app-ops uidState in case package com.android.systemui changed
08-30 00:52:10.888 1085 1633 I SystemServerTimingAsync: InitThreadPoolExec:Update app-ops uidState in case package com.android.deskclock changed
08-30 00:52:10.888 1085 1718 D SystemServerTimingAsync: InitThreadPoolExec:Update app-ops uidState in case package com.android.systemui changed took to complete: 2ms
08-30 00:52:10.888 1085 1718 I SystemServerTimingAsync: InitThreadPoolExec:Update app-ops uidState in case package com.android.providers.calendar changed
08-30 00:52:10.888 1085 1718 D SystemServerInitThreadPool: Started executing Update app-ops uidState in case package com.android.providers.calendar changed
08-30 00:52:10.888 1085 1718 D SystemServerInitThreadPool: Finished executing Update app-ops uidState in case package com.android.providers.calendar changed
08-30 00:52:10.888 1085 1446 I SystemServerTimingAsync: InitThreadPoolExec:Update app-ops uidState in case package com.android.providers.contacts changed
08-30 00:52:10.889 1085 1200 D SystemServerInitThreadPool: Started executing Update app-ops uidState in case package com.qti.ltebc changed
08-30 00:52:10.889 1085 1200 D SystemServerInitThreadPool: Finished executing Update app-ops uidState in case package com.qti.ltebc changed
08-30 00:52:10.889 1085 1200 D SystemServerTimingAsync: InitThreadPoolExec:Update app-ops uidState in case package com.qti.ltebc changed took to complete: 2ms
08-30 00:52:10.889 1085 1200 I SystemServerTimingAsync: InitThreadPoolExec:Update app-ops uidState in case package com.android.providers.downloads changed
08-30 00:52:10.889 1085 1200 D SystemServerInitThreadPool: Started executing Update app-ops uidState in case package com.android.providers.downloads changed
08-30 00:52:10.889 1085 1200 D SystemServerInitThreadPool: Finished executing Update app-ops uidState in case package com.android.providers.downloads changed
08-30 00:52:10.889 1085 1200 D SystemServerTimingAsync: InitThreadPoolExec:Update app-ops uidState in case package com.android.providers.downloads changed took to complete: 0ms
08-30 00:52:10.889 1085 1200 I SystemServerTimingAsync: InitThreadPoolExec:Update app-ops uidState in case package com.android.bluetooth changed
08-30 00:52:10.889 1085 1200 D SystemServerInitThreadPool: Started executing Update app-ops uidState in case package com.android.bluetooth changed
08-30 00:52:10.889 1085 1200 D SystemServerInitThreadPool: Finished executing Update app-ops uidState in case package com.android.bluetooth changed
08-30 00:52:10.889 1085 1200 D SystemServerTimingAsync: InitThreadPoolExec:Update app-ops uidState in case package com.android.bluetooth changed took to complete: 0ms
08-30 00:52:10.890 1085 1200 I SystemServerTimingAsync: InitThreadPoolExec:Update app-ops uidState in case package android changed
08-30 00:52:10.890 1085 1200 D SystemServerInitThreadPool: Started executing Update app-ops uidState in case package android changed
08-30 00:52:10.890 1085 1200 D SystemServerInitThreadPool: Finished executing Update app-ops uidState in case package android changed
08-30 00:52:10.890 1085 1200 D SystemServerTimingAsync: InitThreadPoolExec:Update app-ops uidState in case package android changed took to complete: 0ms
08-30 00:52:10.890 1085 1657 D SystemServerInitThreadPool: Finished executing Update app-ops uidState in case package com.android.providers.media.module changed
08-30 00:52:10.890 1085 1657 D SystemServerTimingAsync: InitThreadPoolExec:Update app-ops uidState in case package com.android.providers.media.module changed took to complete: 5ms
08-30 00:52:10.890 1085 1656 D SystemServerInitThreadPool: Finished executing Update app-ops uidState in case package com.android.launcher3 changed
08-30 00:52:10.890 1085 1656 D SystemServerTimingAsync: InitThreadPoolExec:Update app-ops uidState in case package com.android.launcher3 changed took to complete: 4ms
08-30 00:52:10.890 1085 1656 I SystemServerTimingAsync: InitThreadPoolExec:Update app-ops uidState in case package com.android.settings changed
08-30 00:52:10.891 1085 1656 D SystemServerInitThreadPool: Started executing Update app-ops uidState in case package com.android.settings changed
08-30 00:52:10.891 1085 1718 D SystemServerTimingAsync: InitThreadPoolExec:Update app-ops uidState in case package com.android.providers.calendar changed took to complete: 0ms
08-30 00:52:10.891 1085 1718 I SystemServerTimingAsync: InitThreadPoolExec:Update app-ops uidState in case package com.android.wallpaperbackup changed
08-30 00:52:10.891 1085 1718 D SystemServerInitThreadPool: Started executing Update app-ops uidState in case package com.android.wallpaperbackup changed
08-30 00:52:10.891 1085 1718 D SystemServerInitThreadPool: Finished executing Update app-ops uidState in case package com.android.wallpaperbackup changed
08-30 00:52:10.891 1085 1718 D SystemServerTimingAsync: InitThreadPoolExec:Update app-ops uidState in case package com.android.wallpaperbackup changed took to complete: 0ms
08-30 00:52:10.891 1085 1718 I SystemServerTimingAsync: InitThreadPoolExec:Update app-ops uidState in case package com.qualcomm.qti.qmmi changed
08-30 00:52:10.891 1085 1718 D SystemServerInitThreadPool: Started executing Update app-ops uidState in case package com.qualcomm.qti.qmmi changed
08-30 00:52:10.891 1085 1718 D SystemServerInitThreadPool: Finished executing Update app-ops uidState in case package com.qualcomm.qti.qmmi changed
08-30 00:52:10.891 1085 1718 D SystemServerTimingAsync: InitThreadPoolExec:Update app-ops uidState in case package com.qualcomm.qti.qmmi changed took to complete: 0ms
08-30 00:52:10.891 1085 1085 D SystemServerTiming: controllersReady took to complete: 7ms
08-30 00:52:10.891 1085 1446 D SystemServerInitThreadPool: Started executing Update app-ops uidState in case package com.android.providers.contacts changed
08-30 00:52:10.892 1085 1688 D SystemServerTimingAsync: InitThreadPoolExec:Update app-ops uidState in case package com.qualcomm.qtil.aptxui changed took to complete: 3ms
08-30 00:52:10.894 1085 1200 I SystemServerTimingAsync: InitThreadPoolExec:Update app-ops uidState in case package com.android.server.telecom changed
08-30 00:52:10.894 1085 1200 D SystemServerInitThreadPool: Started executing Update app-ops uidState in case package com.android.server.telecom changed
08-30 00:52:10.894 1085 1200 D SystemServerInitThreadPool: Finished executing Update app-ops uidState in case package com.android.server.telecom changed
08-30 00:52:10.894 1085 1200 D SystemServerTimingAsync: InitThreadPoolExec:Update app-ops uidState in case package com.android.server.telecom changed took to complete: 0ms
08-30 00:52:10.895 1085 1657 I SystemServerTimingAsync: InitThreadPoolExec:Update app-ops uidState in case package com.android.keychain changed
08-30 00:52:10.895 1085 1657 D SystemServerInitThreadPool: Started executing Update app-ops uidState in case package com.android.keychain changed
08-30 00:52:10.896 1085 1657 D SystemServerInitThreadPool: Finished executing Update app-ops uidState in case package com.android.keychain changed
08-30 00:52:10.896 1085 1657 D SystemServerTimingAsync: InitThreadPoolExec:Update app-ops uidState in case package com.android.keychain changed took to complete: 1ms
08-30 00:52:10.896 1085 1085 I SystemServerTiming: killProcesses
08-30 00:52:10.896 1085 1085 D SystemServerTiming: killProcesses took to complete: 0ms
08-30 00:52:10.896 1085 1085 I ActivityManager: System now ready
08-30 00:52:10.896 1085 1085 I boot_progress_ams_ready: 58704
08-30 00:52:10.896 1085 1085 I SystemServerTiming: updateTopComponentForFactoryTest
08-30 00:52:10.896 1085 1085 D SystemServerTiming: updateTopComponentForFactoryTest took to complete: 0ms
08-30 00:52:10.896 1085 1085 I SystemServerTiming: registerActivityLaunchObserver
08-30 00:52:10.897 1085 1085 D SystemServerTiming: registerActivityLaunchObserver took to complete: 1ms
08-30 00:52:10.897 1085 1085 I SystemServerTiming: watchDeviceProvisioning
08-30 00:52:10.898 1085 1723 D SystemServerTimingAsync: InitThreadPoolExec:Update app-ops uidState in case package com.qualcomm.location changed took to complete: 0ms
08-30 00:52:10.898 1085 1656 D SystemServerInitThreadPool: Finished executing Update app-ops uidState in case package com.android.settings changed
08-30 00:52:10.899 1085 1656 D SystemServerTimingAsync: InitThreadPoolExec:Update app-ops uidState in case package com.android.settings changed took to complete: 8ms
08-30 00:52:10.900 1085 1446 D SystemServerInitThreadPool: Finished executing Update app-ops uidState in case package com.android.providers.contacts changed
08-30 00:52:10.900 1085 1633 D SystemServerInitThreadPool: Started executing Update app-ops uidState in case package com.android.deskclock changed
08-30 00:52:10.901 1085 1446 D SystemServerTimingAsync: InitThreadPoolExec:Update app-ops uidState in case package com.android.providers.contacts changed took to complete: 11ms
08-30 00:52:10.901 1085 1633 D SystemServerInitThreadPool: Finished executing Update app-ops uidState in case package com.android.deskclock changed
08-30 00:52:10.901 1085 1633 D SystemServerTimingAsync: InitThreadPoolExec:Update app-ops uidState in case package com.android.deskclock changed took to complete: 13ms
08-30 00:52:10.918 1085 1085 D SystemServerTiming: watchDeviceProvisioning took to complete: 21ms
08-30 00:52:10.919 1085 1085 I SystemServerTiming: retrieveSettings
08-30 00:52:10.920 1085 1889 I DropBoxManagerService: add tag=system_server_wtf isTagEnabled=true flags=0x2
08-30 00:52:10.923 1085 1085 I configuration_changed: 268435456
08-30 00:52:10.923 1085 1085 I ActivityTaskManager: Config changes=10000000 {1.0 ?mcc?mnc [zh_CN] ldltr sw680dp w1586dp h608dp 240dpi lrg long land -touch -keyb/v/h -nav/h winConfig={ mBounds=Rect(0, 0 - 2380, 1020) mAppBounds=Rect(0, 0 - 2380, 948) mMaxBounds=Rect(0, 0 - 2380, 1020) mWindowingMode=fullscreen mDisplayWindowingMode=fullscreen mActivityType=undefined mAlwaysOnTop=undefined mRotation=ROTATION_0} s.6 fontWeightAdjustment=0}
08-30 00:52:10.924 1085 1085 I WindowManager: Override config changes=10000000 {1.0 ?mcc?mnc [zh_CN] ldltr sw680dp w1586dp h608dp 240dpi lrg long land -touch -keyb/v/h -nav/h winConfig={ mBounds=Rect(0, 0 - 2380, 1020) mAppBounds=Rect(0, 0 - 2380, 948) mMaxBounds=Rect(0, 0 - 2380, 1020) mWindowingMode=fullscreen mDisplayWindowingMode=fullscreen mActivityType=undefined mAlwaysOnTop=undefined mRotation=ROTATION_0} s.6 fontWeightAdjustment=0} for displayId=0
08-30 00:52:10.926 1085 1890 I DropBoxManagerService: add tag=system_server_wtf isTagEnabled=true flags=0x2
08-30 00:52:10.927 1085 1085 D SystemServerTiming: retrieveSettings took to complete: 8ms
08-30 00:52:10.927 1085 1085 I SystemServerTiming: Ugm.onSystemReady
08-30 00:52:10.927 1085 1085 D SystemServerTiming: Ugm.onSystemReady took to complete: 0ms
08-30 00:52:10.928 1085 1085 I SystemServerTiming: updateForceBackgroundCheck
08-30 00:52:10.928 1085 1085 D SystemServerTiming: updateForceBackgroundCheck took to complete: 0ms
08-30 00:52:10.928 1085 1085 I SystemServer: Making services ready
08-30 00:52:10.929 1085 1085 I SystemServerTiming: StartActivityManagerReadyPhase
08-30 00:52:10.929 1085 1085 I SystemServiceManager: Starting phase 550
08-30 00:52:10.929 1085 1085 I SystemServerTiming: OnBootPhase_550
08-30 00:52:10.929 1085 1085 I SystemServerTiming: OnBootPhase_550_com.android.server.security.FileIntegrityService
08-30 00:52:10.929 1085 1085 D SystemServerTiming: OnBootPhase_550_com.android.server.security.FileIntegrityService took to complete: 0ms
08-30 00:52:10.929 1085 1085 I SystemServerTiming: OnBootPhase_550_com.android.server.pm.Installer
08-30 00:52:10.929 1085 1085 D SystemServerTiming: OnBootPhase_550_com.android.server.pm.Installer took to complete: 0ms
08-30 00:52:10.929 1085 1085 I SystemServerTiming: OnBootPhase_550_com.android.server.os.DeviceIdentifiersPolicyService
08-30 00:52:10.929 1085 1085 D SystemServerTiming: OnBootPhase_550_com.android.server.os.DeviceIdentifiersPolicyService took to complete: 0ms
08-30 00:52:10.929 1085 1085 I SystemServerTiming: OnBootPhase_550_com.android.server.uri.UriGrantsManagerService$Lifecycle
08-30 00:52:10.929 1085 1085 D SystemServerTiming: OnBootPhase_550_com.android.server.uri.UriGrantsManagerService$Lifecycle took to complete: 0ms
08-30 00:52:10.929 1085 1085 I SystemServerTiming: OnBootPhase_550_com.android.server.powerstats.PowerStatsService
08-30 00:52:10.929 1085 1085 D SystemServerTiming: OnBootPhase_550_com.android.server.powerstats.PowerStatsService took to complete: 0ms
08-30 00:52:10.929 1085 1085 I SystemServerTiming: OnBootPhase_550_com.android.server.wm.ActivityTaskManagerService$Lifecycle
08-30 00:52:10.929 1085 1085 D SystemServerTiming: OnBootPhase_550_com.android.server.wm.ActivityTaskManagerService$Lifecycle took to complete: 0ms
08-30 00:52:10.930 1085 1085 I SystemServerTiming: OnBootPhase_550_com.android.server.am.ActivityManagerService$Lifecycle
08-30 00:52:10.930 1085 1085 D SystemServerTiming: OnBootPhase_550_com.android.server.am.ActivityManagerService$Lifecycle took to complete: 0ms
08-30 00:52:10.930 1085 1085 I SystemServerTiming: OnBootPhase_550_com.android.server.pm.DataLoaderManagerService
08-30 00:52:10.930 1085 1085 D SystemServerTiming: OnBootPhase_550_com.android.server.pm.DataLoaderManagerService took to complete: 0ms
08-30 00:52:10.930 1085 1085 I SystemServerTiming: OnBootPhase_550_com.android.server.power.PowerManagerService
08-30 00:52:10.930 1085 1085 D SystemServerTiming: OnBootPhase_550_com.android.server.power.PowerManagerService took to complete: 0ms
08-30 00:52:10.930 1085 1085 I SystemServerTiming: OnBootPhase_550_com.android.server.power.ThermalManagerService
08-30 00:52:10.934 1085 1085 I ThermalHalWrapper: Thermal HAL 2.0 service connected.
08-30 00:52:10.935 1085 1085 E ThermalHalWrapper: Couldn't get temperatures because of HAL error: ThermalHAL not initialized properly.
08-30 00:52:10.935 1085 1085 W ThermalManagerService: Thermal HAL reported invalid data, abort connection
08-30 00:52:10.935 1085 1085 E ThermalHalWrapper: Couldn't get temperature thresholds because of HAL error: ThermalHAL not initialized properly.
08-30 00:52:10.935 1085 1085 D SystemServerTiming: OnBootPhase_550_com.android.server.power.ThermalManagerService took to complete: 5ms
08-30 00:52:10.935 1085 1085 I SystemServerTiming: OnBootPhase_550_com.android.server.power.hint.HintManagerService
08-30 00:52:10.936 1085 1085 D SystemServerTiming: OnBootPhase_550_com.android.server.power.hint.HintManagerService took to complete: 0ms
08-30 00:52:10.936 1085 1085 I SystemServerTiming: OnBootPhase_550_com.android.server.recoverysystem.RecoverySystemService$Lifecycle
08-30 00:52:10.936 1085 1085 D SystemServerTiming: OnBootPhase_550_com.android.server.recoverysystem.RecoverySystemService$Lifecycle took to complete: 0ms
08-30 00:52:10.936 1085 1085 I SystemServerTiming: OnBootPhase_550_com.android.server.lights.LightsService
08-30 00:52:10.936 1085 1085 D SystemServerTiming: OnBootPhase_550_com.android.server.lights.LightsService took to complete: 0ms
08-30 00:52:10.936 1085 1085 I SystemServerTiming: OnBootPhase_550_com.android.server.display.DisplayManagerService
08-30 00:52:10.936 1085 1085 D SystemServerTiming: OnBootPhase_550_com.android.server.display.DisplayManagerService took to complete: 0ms
08-30 00:52:10.936 1085 1085 I SystemServerTiming: OnBootPhase_550_com.android.server.pm.verify.domain.DomainVerificationService
08-30 00:52:10.936 1085 1085 D SystemServerTiming: OnBootPhase_550_com.android.server.pm.verify.domain.DomainVerificationService took to complete: 0ms
08-30 00:52:10.936 1085 1085 I SystemServerTiming: OnBootPhase_550_com.android.server.pm.PackageInstallerService$Lifecycle
08-30 00:52:10.936 1085 1085 D SystemServerTiming: OnBootPhase_550_com.android.server.pm.PackageInstallerService$Lifecycle took to complete: 0ms
08-30 00:52:10.937 1085 1085 I SystemServerTiming: OnBootPhase_550_com.android.server.pm.UserManagerService$LifeCycle
08-30 00:52:10.937 1085 1085 D SystemServerTiming: OnBootPhase_550_com.android.server.pm.UserManagerService$LifeCycle took to complete: 0ms
08-30 00:52:10.937 1085 1085 I SystemServerTiming: OnBootPhase_550_com.android.server.om.OverlayManagerService
08-30 00:52:10.937 1085 1085 D SystemServerTiming: OnBootPhase_550_com.android.server.om.OverlayManagerService took to complete: 0ms
08-30 00:52:10.937 1085 1085 I SystemServerTiming: OnBootPhase_550_com.android.server.SensorPrivacyService
08-30 00:52:10.937 1085 1085 D SystemServerTiming: OnBootPhase_550_com.android.server.SensorPrivacyService took to complete: 0ms
08-30 00:52:10.937 1085 1085 I SystemServerTiming: OnBootPhase_550_com.android.server.sensors.SensorService
08-30 00:52:10.937 1085 1085 D SystemServerTiming: OnBootPhase_550_com.android.server.sensors.SensorService took to complete: 0ms
08-30 00:52:10.937 1085 1085 I SystemServerTiming: OnBootPhase_550_com.android.server.SystemConfigService
08-30 00:52:10.937 1085 1085 D SystemServerTiming: OnBootPhase_550_com.android.server.SystemConfigService took to complete: 0ms
08-30 00:52:10.937 1085 1085 I SystemServerTiming: OnBootPhase_550_com.android.server.BatteryService
08-30 00:52:10.938 1085 1085 D SystemServerTiming: OnBootPhase_550_com.android.server.BatteryService took to complete: 1ms
08-30 00:52:10.938 1085 1085 I SystemServerTiming: OnBootPhase_550_com.android.server.usage.UsageStatsService
08-30 00:52:10.938 1085 1085 D SystemServerTiming: OnBootPhase_550_com.android.server.usage.UsageStatsService took to complete: 0ms
08-30 00:52:10.938 1085 1085 I SystemServerTiming: OnBootPhase_550_com.android.server.webkit.WebViewUpdateService
08-30 00:52:10.938 1085 1085 D SystemServerTiming: OnBootPhase_550_com.android.server.webkit.WebViewUpdateService took to complete: 0ms
08-30 00:52:10.938 1085 1085 I SystemServerTiming: OnBootPhase_550_com.android.server.CachedDeviceStateService
08-30 00:52:10.938 1085 1085 D SystemServerTiming: OnBootPhase_550_com.android.server.CachedDeviceStateService took to complete: 0ms
08-30 00:52:10.938 1085 1085 I SystemServerTiming: OnBootPhase_550_com.android.server.BinderCallsStatsService$LifeCycle
08-30 00:52:10.938 1085 1085 D SystemServerTiming: OnBootPhase_550_com.android.server.BinderCallsStatsService$LifeCycle took to complete: 0ms
08-30 00:52:10.938 1085 1085 I SystemServerTiming: OnBootPhase_550_com.android.server.LooperStatsService$Lifecycle
08-30 00:52:10.938 1085 1085 D SystemServerTiming: OnBootPhase_550_com.android.server.LooperStatsService$Lifecycle took to complete: 0ms
08-30 00:52:10.938 1085 1085 I SystemServerTiming: OnBootPhase_550_com.android.server.rollback.RollbackManagerService
08-30 00:52:10.938 1085 1085 D SystemServerTiming: OnBootPhase_550_com.android.server.rollback.RollbackManagerService took to complete: 0ms
08-30 00:52:10.938 1085 1085 I SystemServerTiming: OnBootPhase_550_com.android.server.os.NativeTombstoneManagerService
08-30 00:52:10.939 1085 1085 D SystemServerTiming: OnBootPhase_550_com.android.server.os.NativeTombstoneManagerService took to complete: 0ms
08-30 00:52:10.939 1085 1085 I SystemServerTiming: OnBootPhase_550_com.android.server.os.BugreportManagerService
08-30 00:52:10.939 1085 1085 D SystemServerTiming: OnBootPhase_550_com.android.server.os.BugreportManagerService took to complete: 0ms
08-30 00:52:10.939 1085 1085 I SystemServerTiming: OnBootPhase_550_com.android.server.gpu.GpuService
08-30 00:52:10.939 1085 1085 D SystemServerTiming: OnBootPhase_550_com.android.server.gpu.GpuService took to complete: 0ms
