01-01 08:14:32.794 0 0 W : __platform_driver_register+0x4c/0x58
01-01 08:14:32.799 0 0 W : pcie_init+0x7b8/0x804
01-01 08:14:32.802 0 0 W : do_one_initcall+0x1ac/0x3c8
01-01 08:14:32.806 0 0 W : kernel_init_freeable+0x470/0x53c
01-01 08:14:32.811 0 0 W : kernel_init+0x18/0x298
01-01 08:14:32.814 0 0 W : ret_from_fork+0x10/0x1c
01-01 08:14:32.818 0 0 W : irq event stamp: 1089084
01-01 08:14:32.822 0 0 W : hardirqs last enabled at (1089083): [] console_unlock+0x4bc/0x568
01-01 08:14:32.831 0 0 W : hardirqs last disabled at (1089084): [] do_debug_exception+0x84/0x150
01-01 08:14:32.840 0 0 W : softirqs last enabled at (1089080): [] __do_softirq+0x50c/0x554
01-01 08:14:32.849 0 0 W : softirqs last disabled at (1089071): [] irq_exit+0xfc/0x120
01-01 08:14:32.857 0 0 W : ---[ end trace 5934b3bc9313d19c ]---
01-01 08:14:32.862 0 0 W : ------------[ cut here ]------------
01-01 08:14:32.867 0 0 W : invalid GPIO -2
01-01 08:14:32.870 0 0 W : WARNING: CPU: 7 PID: 1 at drivers/gpio/gpiolib.c:123 gpio_to_desc+0xac/0xc0
01-01 08:14:32.878 0 0 W : Modules linked in:
01-01 08:14:32.881 0 0 W : CPU: 7 PID: 1 Comm: swapper/0 Tainted: G S W 4.19.157+ #1
01-01 08:14:32.889 0 0 W Hardware name: Qualcomm Technologies, Inc. kona MTP-RmPM8150b (DT)
01-01 08:14:32.897 0 0 W pstate : 60800005 (nZCv daif -PAN +UAO)
01-01 08:14:32.902 0 0 W pc : gpio_to_desc+0xac/0xc0
01-01 08:14:32.905 0 0 W lr : gpio_to_desc+0xa8/0xc0
01-01 08:14:32.909 0 0 W sp : ffffff800805b950
01-01 08:14:32.913 0 0 W : x29: ffffff800805b950 x28: ffffffac7bb352d0
01-01 08:14:32.918 0 0 W : x27: ffffffecbf1df820 x26: ffffffac7bb35a7c
01-01 08:14:32.924 0 0 W : x25: ffffffecaf793280 x24: ffffffac7bb352d0
01-01 08:14:32.929 0 0 W : x23: ffffffac7bb35a7c x22: ffffffec8e12ad60
01-01 08:14:32.935 0 0 W : x21: ffffffac79793804 x20: ffffffac7a406208
01-01 08:14:32.940 0 0 W : x19: 00000000fffffffe x18: 0000000000000020
01-01 08:14:32.946 0 0 W : x17: ffffffac7b2f4000 x16: 000000000000003a
01-01 08:14:32.951 0 0 W : x15: ffffffac78ed1150 x14: 0000000000003939
01-01 08:14:32.957 0 0 W : x13: 0000000000000004 x12: 000000000db83ee1
01-01 08:14:32.962 0 0 W : x11: 0000000000000015 x10: 000000000682aaab
01-01 08:14:32.968 0 0 W : x9 : f798a4da7d920200 x8 : f798a4da7d920200
01-01 08:14:32.973 0 0 W : x7 : ffffffac77782700 x6 : 0000000000000000
01-01 08:14:32.979 0 0 W : x5 : 0000000000000080 x4 : 0000000000000001
01-01 08:14:32.984 0 0 W : x3 : ffffff800805b578 x2 : ffffffac77697b48
01-01 08:14:32.990 0 0 W : x1 : ffffffac77782874 x0 : 0000000000000000
01-01 08:14:32.995 0 0 W Call trace:
01-01 08:14:32.998 0 0 W : gpio_to_desc+0xac/0xc0
01-01 08:14:33.001 0 0 W : gpio_request+0x20/0x48
01-01 08:14:33.005 0 0 W : msm_pcie_probe+0x4d70/0x5418
01-01 08:14:33.009 0 0 W : platform_drv_probe+0x80/0xb8
01-01 08:14:33.013 0 0 W : really_probe+0x4e0/0x6b0
01-01 08:14:33.017 0 0 W : driver_probe_device+0x74/0x148
01-01 08:14:33.021 0 0 W : __driver_attach+0x120/0x1d8
01-01 08:14:33.025 0 0 W : bus_for_each_dev+0x84/0xd0
01-01 08:14:33.029 0 0 W : driver_attach+0x2c/0x38
01-01 08:14:33.033 0 0 W : bus_add_driver+0x144/0x268
01-01 08:14:33.037 0 0 W : driver_register+0x78/0x110
01-01 08:14:33.041 0 0 W : __platform_driver_register+0x4c/0x58
01-01 08:14:33.046 0 0 W : pcie_init+0x7b8/0x804
01-01 08:14:33.049 0 0 W : do_one_initcall+0x1ac/0x3c8
01-01 08:14:33.053 0 0 W : kernel_init_freeable+0x470/0x53c
01-01 08:14:33.058 0 0 W : kernel_init+0x18/0x298
01-01 08:14:33.061 0 0 W : ret_from_fork+0x10/0x1c
01-01 08:14:33.065 0 0 W : irq event stamp: 1089182
01-01 08:14:33.069 0 0 W : hardirqs last enabled at (1089181): [] console_unlock+0x4bc/0x568
01-01 08:14:33.078 0 0 W : hardirqs last disabled at (1089182): [] do_debug_exception+0x84/0x150
01-01 08:14:33.087 0 0 W : softirqs last enabled at (1089178): [] __do_softirq+0x50c/0x554
01-01 08:14:33.096 0 0 W : softirqs last disabled at (1089169): [] irq_exit+0xfc/0x120
01-01 08:14:33.104 0 0 W : ---[ end trace 5934b3bc9313d19d ]---
01-01 08:14:33.109 0 0 W : ------------[ cut here ]------------
01-01 08:14:33.114 0 0 W : invalid GPIO -2
01-01 08:14:33.117 0 0 W : WARNING: CPU: 7 PID: 1 at drivers/gpio/gpiolib.c:123 gpio_to_desc+0xac/0xc0
01-01 08:14:33.125 0 0 W : Modules linked in:
01-01 08:14:33.128 0 0 W : CPU: 7 PID: 1 Comm: swapper/0 Tainted: G S W 4.19.157+ #1
01-01 08:14:33.136 0 0 W Hardware name: Qualcomm Technologies, Inc. kona MTP-RmPM8150b (DT)
01-01 08:14:33.143 0 0 W pstate : 60800005 (nZCv daif -PAN +UAO)
01-01 08:14:33.148 0 0 W pc : gpio_to_desc+0xac/0xc0
01-01 08:14:33.152 0 0 W lr : gpio_to_desc+0xa8/0xc0
01-01 08:14:33.156 0 0 W sp : ffffff800805b970
01-01 08:14:33.160 0 0 W : x29: ffffff800805b970 x28: ffffffac7bb352d0
01-01 08:14:33.165 0 0 W : x27: ffffffecbf1df820 x26: ffffffac7bb35a7c
01-01 08:14:33.171 0 0 W : x25: ffffffecaf793280 x24: ffffffac7bb352d0
01-01 08:14:33.176 0 0 W : x23: ffffffac7bb35a7c x22: ffffffec8e12ad60
01-01 08:14:33.182 0 0 W : x21: ffffffac79793804 x20: ffffffac7a406208
01-01 08:14:33.187 0 0 W : x19: 00000000fffffffe x18: 0000000000000020
01-01 08:14:33.193 0 0 W : x17: ffffffac7b2f4000 x16: 000000000000003a
01-01 08:14:33.198 0 0 W : x15: ffffffac78ed1150 x14: 0000000000003139
01-01 08:14:33.204 0 0 W : x13: 0000000000000004 x12: 000000000e0096e7
01-01 08:14:33.209 0 0 W : x11: 0000000000000015 x10: 000000000682aaab
01-01 08:14:33.215 0 0 W : x9 : f798a4da7d920200 x8 : f798a4da7d920200
01-01 08:14:33.220 0 0 W : x7 : ffffffac77782700 x6 : 0000000000000000
01-01 08:14:33.225 0 0 W : x5 : 0000000000000080 x4 : 0000000000000001
01-01 08:14:33.231 0 0 W : x3 : ffffff800805b598 x2 : ffffffac77697b48
01-01 08:14:33.236 0 0 W : x1 : ffffffac77782874 x0 : 0000000000000000
01-01 08:14:33.242 0 0 W Call trace:
01-01 08:14:33.244 0 0 W : gpio_to_desc+0xac/0xc0
01-01 08:14:33.248 0 0 W : msm_pcie_probe+0x4d7c/0x5418
01-01 08:14:33.252 0 0 W : platform_drv_probe+0x80/0xb8
01-01 08:14:33.256 0 0 W : really_probe+0x4e0/0x6b0
01-01 08:14:33.260 0 0 W : driver_probe_device+0x74/0x148
01-01 08:14:33.264 0 0 W : __driver_attach+0x120/0x1d8
01-01 08:14:33.269 0 0 W : bus_for_each_dev+0x84/0xd0
01-01 08:14:33.272 0 0 W : driver_attach+0x2c/0x38
01-01 08:14:33.276 0 0 W : bus_add_driver+0x144/0x268
01-01 08:14:33.280 0 0 W : driver_register+0x78/0x110
01-01 08:14:33.284 0 0 W : __platform_driver_register+0x4c/0x58
01-01 08:14:33.289 0 0 W : pcie_init+0x7b8/0x804
01-01 08:14:33.292 0 0 W : do_one_initcall+0x1ac/0x3c8
01-01 08:14:33.297 0 0 W : kernel_init_freeable+0x470/0x53c
01-01 08:14:33.301 0 0 W : kernel_init+0x18/0x298
01-01 08:14:33.305 0 0 W : ret_from_fork+0x10/0x1c
01-01 08:14:33.308 0 0 W : irq event stamp: 1089246
01-01 08:14:33.312 0 0 W : hardirqs last enabled at (1089245): [] console_unlock+0x4bc/0x568
01-01 08:14:33.321 0 0 W : hardirqs last disabled at (1089246): [] do_debug_exception+0x84/0x150
01-01 08:14:33.330 0 0 W : softirqs last enabled at (1089242): [] __do_softirq+0x50c/0x554
01-01 08:14:33.339 0 0 W : softirqs last disabled at (1089231): [] irq_exit+0xfc/0x120
01-01 08:14:33.348 0 0 W : ---[ end trace 5934b3bc9313d19e ]---
01-01 08:14:33.352 0 0 W : ------------[ cut here ]------------
01-01 08:14:33.357 0 0 W : invalid GPIO -2
01-01 08:14:33.360 0 0 W : WARNING: CPU: 7 PID: 1 at drivers/gpio/gpiolib.c:123 gpio_to_desc+0xac/0xc0
01-01 08:14:33.368 0 0 W : Modules linked in:
01-01 08:14:33.372 0 0 W : CPU: 7 PID: 1 Comm: swapper/0 Tainted: G S W 4.19.157+ #1
01-01 08:14:33.379 0 0 W Hardware name: Qualcomm Technologies, Inc. kona MTP-RmPM8150b (DT)
01-01 08:14:33.387 0 0 W pstate : 60800005 (nZCv daif -PAN +UAO)
01-01 08:14:33.392 0 0 W pc : gpio_to_desc+0xac/0xc0
01-01 08:14:33.396 0 0 W lr : gpio_to_desc+0xa8/0xc0
01-01 08:14:33.400 0 0 W sp : ffffff800805b950
01-01 08:14:33.403 0 0 W : x29: ffffff800805b950 x28: ffffffac7bb352d0
01-01 08:14:33.409 0 0 W : x27: ffffffecbf1df820 x26: ffffffac7bb35a7c
01-01 08:14:33.414 0 0 W : x25: ffffffecaf793280 x24: ffffffac7bb352d0
01-01 08:14:33.420 0 0 W : x23: ffffffac7bb35a7c x22: ffffffec8e12ad60
01-01 08:14:33.425 0 0 W : x21: ffffffac7970e0d0 x20: ffffffac7a406208
01-01 08:14:33.430 0 0 W : x19: 00000000fffffffe x18: 0000000000000020
01-01 08:14:33.436 0 0 W : x17: ffffffac7b2f4000 x16: 000000000000003a
01-01 08:14:33.441 0 0 W : x15: ffffffac78ed1150 x14: 0000000000003539
01-01 08:14:33.447 0 0 W : x13: 0000000000000004 x12: 000000000e47df93
01-01 08:14:33.452 0 0 W : x11: 0000000000000015 x10: 000000000682aaab
01-01 08:14:33.458 0 0 W : x9 : f798a4da7d920200 x8 : f798a4da7d920200
01-01 08:14:33.463 0 0 W : x7 : ffffffac77782700 x6 : 0000000000000000
01-01 08:14:33.469 0 0 W : x5 : 0000000000000080 x4 : 0000000000000001
01-01 08:14:33.474 0 0 W : x3 : ffffff800805b578 x2 : ffffffac77697b48
01-01 08:14:33.480 0 0 W : x1 : ffffffac77782874 x0 : 0000000000000000
01-01 08:14:33.485 0 0 W Call trace:
01-01 08:14:33.488 0 0 W : gpio_to_desc+0xac/0xc0
01-01 08:14:33.491 0 0 W : gpio_request+0x20/0x48
01-01 08:14:33.495 0 0 W : msm_pcie_probe+0x4db4/0x5418
01-01 08:14:33.499 0 0 W : platform_drv_probe+0x80/0xb8
01-01 08:14:33.503 0 0 W : really_probe+0x4e0/0x6b0
01-01 08:14:33.507 0 0 W : driver_probe_device+0x74/0x148
01-01 08:14:33.511 0 0 W : __driver_attach+0x120/0x1d8
01-01 08:14:33.515 0 0 W : bus_for_each_dev+0x84/0xd0
01-01 08:14:33.519 0 0 W : driver_attach+0x2c/0x38
01-01 08:14:33.523 0 0 W : bus_add_driver+0x144/0x268
01-01 08:14:33.527 0 0 W : driver_register+0x78/0x110
01-01 08:14:33.531 0 0 W : __platform_driver_register+0x4c/0x58
01-01 08:14:33.536 0 0 W : pcie_init+0x7b8/0x804
01-01 08:14:33.539 0 0 W : do_one_initcall+0x1ac/0x3c8
01-01 08:14:33.543 0 0 W : kernel_init_freeable+0x470/0x53c
01-01 08:14:33.548 0 0 W : kernel_init+0x18/0x298
01-01 08:14:33.552 0 0 W : ret_from_fork+0x10/0x1c
01-01 08:14:33.555 0 0 W : irq event stamp: 1089344
01-01 08:14:33.559 0 0 W : hardirqs last enabled at (1089343): [] console_unlock+0x4bc/0x568
01-01 08:14:33.568 0 0 W : hardirqs last disabled at (1089344): [] do_debug_exception+0x84/0x150
01-01 08:14:33.577 0 0 W : softirqs last enabled at (1089332): [] __do_softirq+0x50c/0x554
01-01 08:14:33.586 0 0 W : softirqs last disabled at (1089321): [] irq_exit+0xfc/0x120
01-01 08:14:33.595 0 0 W : ---[ end trace 5934b3bc9313d19f ]---
01-01 08:14:33.599 0 0 W : ------------[ cut here ]------------
01-01 08:14:33.604 0 0 W : invalid GPIO -2
01-01 08:14:33.607 0 0 W : WARNING: CPU: 7 PID: 1 at drivers/gpio/gpiolib.c:123 gpio_to_desc+0xac/0xc0
01-01 08:14:33.615 0 0 W : Modules linked in:
01-01 08:14:33.619 0 0 W : CPU: 7 PID: 1 Comm: swapper/0 Tainted: G S W 4.19.157+ #1
01-01 08:14:33.626 0 0 W Hardware name: Qualcomm Technologies, Inc. kona MTP-RmPM8150b (DT)
01-01 08:14:33.634 0 0 W pstate : 60800005 (nZCv daif -PAN +UAO)
01-01 08:14:33.639 0 0 W pc : gpio_to_desc+0xac/0xc0
01-01 08:14:33.643 0 0 W lr : gpio_to_desc+0xa8/0xc0
01-01 08:14:33.647 0 0 W sp : ffffff800805b970
01-01 08:14:33.650 0 0 W : x29: ffffff800805b970 x28: ffffffac7bb352d0
01-01 08:14:33.656 0 0 W : x27: ffffffecbf1df820 x26: ffffffac7bb35a7c
01-01 08:14:33.661 0 0 W : x25: ffffffecaf793280 x24: ffffffac7bb352d0
01-01 08:14:33.666 0 0 W : x23: ffffffac7bb35a7c x22: ffffffec8e12ad60
01-01 08:14:33.672 0 0 W : x21: ffffffac7970e0d0 x20: ffffffac7a406208
01-01 08:14:33.677 0 0 W : x19: 00000000fffffffe x18: 0000000000000020
01-01 08:14:33.683 0 0 W : x17: ffffffac7b2f4000 x16: 000000000000003a
01-01 08:14:33.688 0 0 W : x15: ffffffac78ed1150 x14: 0000000000003736
01-01 08:14:33.694 0 0 W : x13: 0000000000000004 x12: 000000000e903719
01-01 08:14:33.699 0 0 W : x11: 0000000000000015 x10: 000000000682aaab
01-01 08:14:33.705 0 0 W : x9 : f798a4da7d920200 x8 : f798a4da7d920200
01-01 08:14:33.710 0 0 W : x7 : ffffffac77782700 x6 : 0000000000000000
01-01 08:14:33.716 0 0 W : x5 : 0000000000000080 x4 : 0000000000000001
01-01 08:14:33.721 0 0 W : x3 : ffffff800805b598 x2 : ffffffac77697b48
01-01 08:14:33.727 0 0 W : x1 : ffffffac77782874 x0 : 0000000000000000
01-01 08:14:33.732 0 0 W Call trace:
01-01 08:14:33.735 0 0 W : gpio_to_desc+0xac/0xc0
01-01 08:14:33.738 0 0 W : msm_pcie_probe+0x4dc0/0x5418
01-01 08:14:33.742 0 0 W : platform_drv_probe+0x80/0xb8
01-01 08:14:33.747 0 0 W : really_probe+0x4e0/0x6b0
01-01 08:14:33.750 0 0 W : driver_probe_device+0x74/0x148
01-01 08:14:33.755 0 0 W : __driver_attach+0x120/0x1d8
01-01 08:14:33.759 0 0 W : bus_for_each_dev+0x84/0xd0
01-01 08:14:33.763 0 0 W : driver_attach+0x2c/0x38
01-01 08:14:33.766 0 0 W : bus_add_driver+0x144/0x268
01-01 08:14:33.770 0 0 W : driver_register+0x78/0x110
01-01 08:14:33.774 0 0 W : __platform_driver_register+0x4c/0x58
01-01 08:14:33.779 0 0 W : pcie_init+0x7b8/0x804
01-01 08:14:33.783 0 0 W : do_one_initcall+0x1ac/0x3c8
01-01 08:14:33.787 0 0 W : kernel_init_freeable+0x470/0x53c
01-01 08:14:33.791 0 0 W : kernel_init+0x18/0x298
01-01 08:14:33.795 0 0 W : ret_from_fork+0x10/0x1c
01-01 08:14:33.799 0 0 W : irq event stamp: 1089408
01-01 08:14:33.802 0 0 W : hardirqs last enabled at (1089407): [] console_unlock+0x4bc/0x568
01-01 08:14:33.811 0 0 W : hardirqs last disabled at (1089408): [] do_debug_exception+0x84/0x150
01-01 08:14:33.821 0 0 W : softirqs last enabled at (1089404): [] __do_softirq+0x50c/0x554
01-01 08:14:33.829 0 0 W : softirqs last disabled at (1089395): [] irq_exit+0xfc/0x120
01-01 08:14:33.838 0 0 W : ---[ end trace 5934b3bc9313d1a0 ]---
01-01 08:14:33.843 0 0 W : ------------[ cut here ]------------
01-01 08:14:33.847 0 0 W : invalid GPIO -2
01-01 08:14:33.850 0 0 W : WARNING: CPU: 7 PID: 1 at drivers/gpio/gpiolib.c:123 gpio_to_desc+0xac/0xc0
01-01 08:14:33.859 0 0 W : Modules linked in:
01-01 08:14:33.862 0 0 W : CPU: 7 PID: 1 Comm: swapper/0 Tainted: G S W 4.19.157+ #1
01-01 08:14:33.870 0 0 W Hardware name: Qualcomm Technologies, Inc. kona MTP-RmPM8150b (DT)
01-01 08:14:33.877 0 0 W pstate : 60800005 (nZCv daif -PAN +UAO)
01-01 08:14:33.882 0 0 W pc : gpio_to_desc+0xac/0xc0
01-01 08:14:33.886 0 0 W lr : gpio_to_desc+0xa8/0xc0
01-01 08:14:33.890 0 0 W sp : ffffff800805b950
01-01 08:14:33.893 0 0 W : x29: ffffff800805b950 x28: ffffffac7bb352d0
01-01 08:14:33.899 0 0 W : x27: ffffffecbf1df820 x26: ffffffac7bb35a7c
01-01 08:14:33.904 0 0 W : x25: ffffffecaf793280 x24: ffffffac7bb352d0
01-01 08:14:33.910 0 0 W : x23: ffffffac7bb35a7c x22: ffffffec8e12ad60
01-01 08:14:33.915 0 0 W : x21: ffffffac7970e117 x20: ffffffac7a406208
01-01 08:14:33.921 0 0 W : x19: 00000000fffffffe x18: 0000000000000020
01-01 08:14:33.926 0 0 W : x17: ffffffac7b2f4000 x16: 000000000000003a
01-01 08:14:33.932 0 0 W : x15: ffffffac78ed1150 x14: 0000000000003832
01-01 08:14:33.937 0 0 W : x13: 0000000000000004 x12: 000000000ed77f05
01-01 08:14:33.943 0 0 W : x11: 0000000000000015 x10: 000000000682aaab
01-01 08:14:33.948 0 0 W : x9 : f798a4da7d920200 x8 : f798a4da7d920200
01-01 08:14:33.954 0 0 W : x7 : ffffffac77782700 x6 : 0000000000000000
01-01 08:14:33.959 0 0 W : x5 : 0000000000000080 x4 : 0000000000000001
01-01 08:14:33.965 0 0 W : x3 : ffffff800805b578 x2 : ffffffac77697b48
01-01 08:14:33.970 0 0 W : x1 : ffffffac77782874 x0 : 0000000000000000
01-01 08:14:33.975 0 0 W Call trace:
01-01 08:14:33.978 0 0 W : gpio_to_desc+0xac/0xc0
01-01 08:14:33.982 0 0 W : gpio_request+0x20/0x48
01-01 08:14:33.985 0 0 W : msm_pcie_probe+0x4df8/0x5418
01-01 08:14:33.989 0 0 W : platform_drv_probe+0x80/0xb8
01-01 08:14:33.994 0 0 W : really_probe+0x4e0/0x6b0
01-01 08:14:33.997 0 0 W : driver_probe_device+0x74/0x148
01-01 08:14:34.002 0 0 W : __driver_attach+0x120/0x1d8
01-01 08:14:34.006 0 0 W : bus_for_each_dev+0x84/0xd0
01-01 08:14:34.010 0 0 W : driver_attach+0x2c/0x38
01-01 08:14:34.013 0 0 W : bus_add_driver+0x144/0x268
01-01 08:14:34.017 0 0 W : driver_register+0x78/0x110
01-01 08:14:34.021 0 0 W : __platform_driver_register+0x4c/0x58
01-01 08:14:34.026 0 0 W : pcie_init+0x7b8/0x804
01-01 08:14:34.030 0 0 W : do_one_initcall+0x1ac/0x3c8
01-01 08:14:34.034 0 0 W : kernel_init_freeable+0x470/0x53c
01-01 08:14:34.038 0 0 W : kernel_init+0x18/0x298
01-01 08:14:34.042 0 0 W : ret_from_fork+0x10/0x1c
01-01 08:14:34.045 0 0 W : irq event stamp: 1089504
01-01 08:14:34.049 0 0 W : hardirqs last enabled at (1089503): [] console_unlock+0x4bc/0x568
01-01 08:14:34.058 0 0 W : hardirqs last disabled at (1089504): [] do_debug_exception+0x84/0x150
01-01 08:14:34.068 0 0 W : softirqs last enabled at (1089500): [] __do_softirq+0x50c/0x554
01-01 08:14:34.076 0 0 W : softirqs last disabled at (1089491): [] irq_exit+0xfc/0x120
01-01 08:14:34.085 0 0 W : ---[ end trace 5934b3bc9313d1a1 ]---
01-01 08:14:34.090 0 0 W : ------------[ cut here ]------------
01-01 08:14:34.094 0 0 W : invalid GPIO -2
01-01 08:14:34.097 0 0 W : WARNING: CPU: 7 PID: 1 at drivers/gpio/gpiolib.c:123 gpio_to_desc+0xac/0xc0
01-01 08:14:34.106 0 0 W : Modules linked in:
01-01 08:14:34.109 0 0 W : CPU: 7 PID: 1 Comm: swapper/0 Tainted: G S W 4.19.157+ #1
01-01 08:14:34.117 0 0 W Hardware name: Qualcomm Technologies, Inc. kona MTP-RmPM8150b (DT)
01-01 08:14:34.124 0 0 W pstate : 60800005 (nZCv daif -PAN +UAO)
01-01 08:14:34.129 0 0 W pc : gpio_to_desc+0xac/0xc0
01-01 08:14:34.133 0 0 W lr : gpio_to_desc+0xa8/0xc0
01-01 08:14:34.137 0 0 W sp : ffffff800805b970
01-01 08:14:34.140 0 0 W : x29: ffffff800805b970 x28: ffffffac7bb352d0
01-01 08:14:34.146 0 0 W : x27: ffffffecbf1df820 x26: ffffffac7bb35a7c
01-01 08:14:34.151 0 0 W : x25: ffffffecaf793280 x24: ffffffac7bb352d0
01-01 08:14:34.157 0 0 W : x23: ffffffac7bb35a7c x22: ffffffec8e12ad60
01-01 08:14:34.162 0 0 W : x21: ffffffac7970e117 x20: ffffffac7a406208
01-01 08:14:34.168 0 0 W : x19: 00000000fffffffe x18: 0000000000000020
01-01 08:14:34.173 0 0 W : x17: ffffffac7b2f4000 x16: 000000000000003a
01-01 08:14:34.179 0 0 W : x15: ffffffac78ed1150 x14: 0000000000003637
01-01 08:14:34.184 0 0 W : x13: 0000000000000004 x12: 000000000f1fd459
01-01 08:14:34.190 0 0 W : x11: 0000000000000015 x10: 000000000682aaab
01-01 08:14:34.195 0 0 W : x9 : f798a4da7d920200 x8 : f798a4da7d920200
01-01 08:14:34.200 0 0 W : x7 : ffffffac77782700 x6 : 0000000000000000
01-01 08:14:34.206 0 0 W : x5 : 0000000000000080 x4 : 0000000000000001
01-01 08:14:34.211 0 0 W : x3 : ffffff800805b598 x2 : ffffffac77697b48
01-01 08:14:34.217 0 0 W : x1 : ffffffac77782874 x0 : 0000000000000000
01-01 08:14:34.222 0 0 W Call trace:
01-01 08:14:34.225 0 0 W : gpio_to_desc+0xac/0xc0
01-01 08:14:34.229 0 0 W : msm_pcie_probe+0x4e04/0x5418
01-01 08:14:34.233 0 0 W : platform_drv_probe+0x80/0xb8
01-01 08:14:34.237 0 0 W : really_probe+0x4e0/0x6b0
01-01 08:14:34.241 0 0 W : driver_probe_device+0x74/0x148
01-01 08:14:34.245 0 0 W : __driver_attach+0x120/0x1d8
01-01 08:14:34.249 0 0 W : bus_for_each_dev+0x84/0xd0
01-01 08:14:34.253 0 0 W : driver_attach+0x2c/0x38
01-01 08:14:34.257 0 0 W : bus_add_driver+0x144/0x268
01-01 08:14:34.261 0 0 W : driver_register+0x78/0x110
01-01 08:14:34.265 0 0 W : __platform_driver_register+0x4c/0x58
01-01 08:14:34.269 0 0 W : pcie_init+0x7b8/0x804
01-01 08:14:34.273 0 0 W : do_one_initcall+0x1ac/0x3c8
01-01 08:14:34.277 0 0 W : kernel_init_freeable+0x470/0x53c
01-01 08:14:34.281 0 0 W : kernel_init+0x18/0x298
01-01 08:14:34.285 0 0 W : ret_from_fork+0x10/0x1c
01-01 08:14:34.289 0 0 W : irq event stamp: 1089568
01-01 08:14:34.292 0 0 W : hardirqs last enabled at (1089567): [] console_unlock+0x4bc/0x568
01-01 08:14:34.301 0 0 W : hardirqs last disabled at (1089568): [] do_debug_exception+0x84/0x150
01-01 08:14:34.311 0 0 W : softirqs last enabled at (1089564): [] __do_softirq+0x50c/0x554
01-01 08:14:34.320 0 0 W : softirqs last disabled at (1089553): [] irq_exit+0xfc/0x120
01-01 08:14:34.328 0 0 W : ---[ end trace 5934b3bc9313d1a2 ]---
01-01 08:14:34.537 0 0 W : ------------[ cut here ]------------
01-01 08:14:34.541 0 0 W : invalid GPIO -2
01-01 08:14:34.544 0 0 W : WARNING: CPU: 7 PID: 1 at drivers/gpio/gpiolib.c:123 gpio_to_desc+0xac/0xc0
01-01 08:14:34.552 0 0 W : Modules linked in:
01-01 08:14:34.556 0 0 W : CPU: 7 PID: 1 Comm: swapper/0 Tainted: G S W 4.19.157+ #1
01-01 08:14:34.563 0 0 W Hardware name: Qualcomm Technologies, Inc. kona MTP-RmPM8150b (DT)
01-01 08:14:34.571 0 0 W pstate : 60800005 (nZCv daif -PAN +UAO)
01-01 08:14:34.576 0 0 W pc : gpio_to_desc+0xac/0xc0
01-01 08:14:34.580 0 0 W lr : gpio_to_desc+0xa8/0xc0
01-01 08:14:34.584 0 0 W sp : ffffff800805b970
01-01 08:14:34.587 0 0 W : x29: ffffff800805b970 x28: ffffffac7bb352d0
01-01 08:14:34.593 0 0 W : x27: ffffffecbf1df820 x26: ffffffac7bb35a7c
01-01 08:14:34.598 0 0 W : x25: ffffffecaf793280 x24: ffffffac7bb352d0
01-01 08:14:34.604 0 0 W : x23: ffffffac7bb35a7c x22: ffffffec8e12ad60
01-01 08:14:34.609 0 0 W : x21: ffffffac7970e117 x20: ffffffac7a406208
01-01 08:14:34.615 0 0 W : x19: 00000000fffffffe x18: 0000000000000020
01-01 08:14:34.620 0 0 W : x17: ffffffac7b2f4000 x16: 000000000000003a
01-01 08:14:34.626 0 0 W : x15: ffffffac78ed1150 x14: 0000000000003139
01-01 08:14:34.631 0 0 W : x13: 0000000000000004 x12: 000000000fa2c401
01-01 08:14:34.636 0 0 W : x11: 0000000000000015 x10: 000000000682aaab
01-01 08:14:34.642 0 0 W : x9 : f798a4da7d920200 x8 : f798a4da7d920200
01-01 08:14:34.647 0 0 W : x7 : ffffffac77782700 x6 : 0000000000000000
01-01 08:14:34.653 0 0 W : x5 : 0000000000000080 x4 : 0000000000000001
01-01 08:14:34.658 0 0 W : x3 : ffffff800805b598 x2 : ffffffac77697b48
01-01 08:14:34.664 0 0 W : x1 : ffffffac77782874 x0 : 0000000000000000
01-01 08:14:34.669 0 0 W Call trace:
01-01 08:14:34.672 0 0 W : gpio_to_desc+0xac/0xc0
01-01 08:14:34.675 0 0 W : msm_pcie_probe+0x4e1c/0x5418
01-01 08:14:34.680 0 0 W : platform_drv_probe+0x80/0xb8
01-01 08:14:34.684 0 0 W : really_probe+0x4e0/0x6b0
01-01 08:14:34.688 0 0 W : driver_probe_device+0x74/0x148
01-01 08:14:34.692 0 0 W : __driver_attach+0x120/0x1d8
01-01 08:14:34.696 0 0 W : bus_for_each_dev+0x84/0xd0
01-01 08:14:34.700 0 0 W : driver_attach+0x2c/0x38
01-01 08:14:34.704 0 0 W : bus_add_driver+0x144/0x268
01-01 08:14:34.708 0 0 W : driver_register+0x78/0x110
01-01 08:14:34.711 0 0 W : __platform_driver_register+0x4c/0x58
01-01 08:14:34.716 0 0 W : pcie_init+0x7b8/0x804
01-01 08:14:34.720 0 0 W : do_one_initcall+0x1ac/0x3c8
01-01 08:14:34.724 0 0 W : kernel_init_freeable+0x470/0x53c
01-01 08:14:34.728 0 0 W : kernel_init+0x18/0x298
01-01 08:14:34.732 0 0 W : ret_from_fork+0x10/0x1c
01-01 08:14:34.736 0 0 W : irq event stamp: 1089628
01-01 08:14:34.739 0 0 W : hardirqs last enabled at (1089627): [] console_unlock+0x4bc/0x568
01-01 08:14:34.748 0 0 W : hardirqs last disabled at (1089628): [] do_debug_exception+0x84/0x150
01-01 08:14:34.758 0 0 W : softirqs last enabled at (1089616): [] __do_softirq+0x50c/0x554
01-01 08:14:34.767 0 0 W : softirqs last disabled at (1089607): [] irq_exit+0xfc/0x120
01-01 08:14:34.775 0 0 W : ---[ end trace 5934b3bc9313d1a3 ]---
01-01 08:14:34.780 0 0 W : ------------[ cut here ]------------
01-01 08:14:34.785 0 0 W : invalid GPIO -2
01-01 08:14:34.788 0 0 W : WARNING: CPU: 7 PID: 1 at drivers/gpio/gpiolib.c:123 gpio_to_desc+0xac/0xc0
01-01 08:14:34.796 0 0 W : Modules linked in:
01-01 08:14:34.799 0 0 W : CPU: 7 PID: 1 Comm: swapper/0 Tainted: G S W 4.19.157+ #1
01-01 08:14:34.807 0 0 W Hardware name: Qualcomm Technologies, Inc. kona MTP-RmPM8150b (DT)
01-01 08:14:34.814 0 0 W pstate : 60800005 (nZCv daif -PAN +UAO)
01-01 08:14:34.819 0 0 W pc : gpio_to_desc+0xac/0xc0
01-01 08:14:34.823 0 0 W lr : gpio_to_desc+0xa8/0xc0
01-01 08:14:34.827 0 0 W sp : ffffff800805b950
01-01 08:14:34.830 0 0 W : x29: ffffff800805b950 x28: ffffffac7bb352d0
01-01 08:14:34.836 0 0 W : x27: ffffffecbf1df820 x26: ffffffac7bb35a7c
01-01 08:14:34.841 0 0 W : x25: ffffffecaf793280 x24: ffffffac7bb352d0
01-01 08:14:34.847 0 0 W : x23: ffffffac7bb35a7c x22: ffffffec8e12ad60
01-01 08:14:34.852 0 0 W : x21: ffffffac7970e161 x20: ffffffac7a406208
01-01 08:14:34.858 0 0 W : x19: 00000000fffffffe x18: 0000000000000020
01-01 08:14:34.863 0 0 W : x17: ffffffac7b2f4000 x16: 000000000000003a
01-01 08:14:34.869 0 0 W : x15: ffffffac78ed1150 x14: 0000000000003433
01-01 08:14:34.874 0 0 W : x13: 0000000000000004 x12: 000000000fea0d39
01-01 08:14:34.880 0 0 W : x11: 0000000000000015 x10: 000000000682aaab
01-01 08:14:34.885 0 0 W : x9 : f798a4da7d920200 x8 : f798a4da7d920200
01-01 08:14:34.891 0 0 W : x7 : ffffffac77782700 x6 : 0000000000000000
01-01 08:14:34.896 0 0 W : x5 : 0000000000000080 x4 : 0000000000000001
01-01 08:14:34.902 0 0 W : x3 : ffffff800805b578 x2 : ffffffac77697b48
01-01 08:14:34.907 0 0 W : x1 : ffffffac77782874 x0 : 0000000000000000
01-01 08:14:34.913 0 0 W Call trace:
01-01 08:14:34.915 0 0 W : gpio_to_desc+0xac/0xc0
01-01 08:14:34.919 0 0 W : gpio_request+0x20/0x48
01-01 08:14:34.922 0 0 W : msm_pcie_probe+0x4e54/0x5418
01-01 08:14:34.927 0 0 W : platform_drv_probe+0x80/0xb8
01-01 08:14:34.931 0 0 W : really_probe+0x4e0/0x6b0
01-01 08:14:34.934 0 0 W : driver_probe_device+0x74/0x148
01-01 08:14:34.939 0 0 W : __driver_attach+0x120/0x1d8
01-01 08:14:34.943 0 0 W : bus_for_each_dev+0x84/0xd0
01-01 08:14:34.947 0 0 W : driver_attach+0x2c/0x38
01-01 08:14:34.950 0 0 W : bus_add_driver+0x144/0x268
01-01 08:14:34.954 0 0 W : driver_register+0x78/0x110
01-01 08:14:34.958 0 0 W : __platform_driver_register+0x4c/0x58
01-01 08:14:34.963 0 0 W : pcie_init+0x7b8/0x804
01-01 08:14:34.967 0 0 W : do_one_initcall+0x1ac/0x3c8
01-01 08:14:34.971 0 0 W : kernel_init_freeable+0x470/0x53c
01-01 08:14:34.975 0 0 W : kernel_init+0x18/0x298
01-01 08:14:34.979 0 0 W : ret_from_fork+0x10/0x1c
01-01 08:14:34.983 0 0 W : irq event stamp: 1089714
01-01 08:14:34.986 0 0 W : hardirqs last enabled at (1089713): [] console_unlock+0x4bc/0x568
01-01 08:14:34.995 0 0 W : hardirqs last disabled at (1089714): [] do_debug_exception+0x84/0x150
01-01 08:14:35.005 0 0 W : softirqs last enabled at (1089702): [] __do_softirq+0x50c/0x554
01-01 08:14:35.014 0 0 W : softirqs last disabled at (1089693): [] irq_exit+0xfc/0x120
01-01 08:14:35.022 0 0 W : ---[ end trace 5934b3bc9313d1a4 ]---
01-01 08:14:35.027 0 0 W : ------------[ cut here ]------------
01-01 08:14:35.032 0 0 W : invalid GPIO -2
01-01 08:14:35.034 0 0 W : WARNING: CPU: 7 PID: 1 at drivers/gpio/gpiolib.c:123 gpio_to_desc+0xac/0xc0
01-01 08:14:35.043 0 0 W : Modules linked in:
01-01 08:14:35.046 0 0 W : CPU: 7 PID: 1 Comm: swapper/0 Tainted: G S W 4.19.157+ #1
01-01 08:14:35.054 0 0 W Hardware name: Qualcomm Technologies, Inc. kona MTP-RmPM8150b (DT)
01-01 08:14:35.061 0 0 W pstate : 60800005 (nZCv daif -PAN +UAO)
01-01 08:14:35.066 0 0 W pc : gpio_to_desc+0xac/0xc0
01-01 08:14:35.070 0 0 W lr : gpio_to_desc+0xa8/0xc0
01-01 08:14:35.074 0 0 W sp : ffffff800805b970
01-01 08:14:35.077 0 0 W : x29: ffffff800805b970 x28: ffffffac7bb352d0
01-01 08:14:35.083 0 0 W : x27: ffffffecbf1df820 x26: ffffffac7bb35a7c
01-01 08:14:35.088 0 0 W : x25: ffffffecaf793280 x24: ffffffac7bb352d0
01-01 08:14:35.094 0 0 W : x23: ffffffac7bb35a7c x22: ffffffec8e12ad60
01-01 08:14:35.099 0 0 W : x21: ffffffac7970e161 x20: ffffffac7a406208
01-01 08:14:35.105 0 0 W : x19: 00000000fffffffe x18: 0000000000000020
01-01 08:14:35.110 0 0 W : x17: ffffffac7b2f4000 x16: 000000000000003a
01-01 08:14:35.116 0 0 W : x15: ffffffac78ed1150 x14: 0000000000003436
01-01 08:14:35.121 0 0 W : x13: 0000000000000004 x12: 00000000103263ef
01-01 08:14:35.127 0 0 W : x11: 0000000000000015 x10: 000000000682aaab
01-01 08:14:35.132 0 0 W : x9 : f798a4da7d920200 x8 : f798a4da7d920200
01-01 08:14:35.138 0 0 W : x7 : ffffffac77782700 x6 : 0000000000000000
01-01 08:14:35.143 0 0 W : x5 : 0000000000000080 x4 : 0000000000000001
01-01 08:14:35.149 0 0 W : x3 : ffffff800805b598 x2 : ffffffac77697b48
01-01 08:14:35.154 0 0 W : x1 : ffffffac77782874 x0 : 0000000000000000
01-01 08:14:35.160 0 0 W Call trace:
01-01 08:14:35.162 0 0 W : gpio_to_desc+0xac/0xc0
01-01 08:15:02.239 513 513 I auditd : SELinux: Loaded service_contexts from:
01-01 08:14:35.166 0 0 W : msm_pcie_probe+0x4e60/0x5418
01-01 08:14:35.170 0 0 W : platform_drv_probe+0x80/0xb8
01-01 08:14:35.174 0 0 W : really_probe+0x4e0/0x6b0
01-01 08:15:02.239 513 513 I auditd : /system/etc/selinux/plat_service_contexts
01-01 08:14:35.178 0 0 W : driver_probe_device+0x74/0x148
01-01 08:14:35.182 0 0 W : __driver_attach+0x120/0x1d8
01-01 08:14:35.186 0 0 W : bus_for_each_dev+0x84/0xd0
01-01 08:14:35.190 0 0 W : driver_attach+0x2c/0x38
01-01 08:15:02.239 513 513 I auditd : /system_ext/etc/selinux/system_ext_service_contexts
01-01 08:14:35.194 0 0 W : bus_add_driver+0x144/0x268
01-01 08:14:35.198 0 0 W : driver_register+0x78/0x110
01-01 08:14:35.202 0 0 W : __platform_driver_register+0x4c/0x58
01-01 08:14:35.207 0 0 W : pcie_init+0x7b8/0x804
01-01 08:15:02.239 513 513 I auditd : /product/etc/selinux/product_service_contexts
01-01 08:14:35.210 0 0 W : do_one_initcall+0x1ac/0x3c8
01-01 08:14:35.214 0 0 W : kernel_init_freeable+0x470/0x53c
01-01 08:14:35.219 0 0 W : kernel_init+0x18/0x298
01-01 08:14:35.222 0 0 W : ret_from_fork+0x10/0x1c
01-01 08:15:02.239 513 513 I auditd : /vendor/etc/selinux/vendor_service_contexts
01-01 08:14:35.226 0 0 W : irq event stamp: 1089776
01-01 08:14:35.230 0 0 W : hardirqs last enabled at (1089775): [] console_unlock+0x4bc/0x568
01-01 08:14:35.239 0 0 W : hardirqs last disabled at (1089776): [] do_debug_exception+0x84/0x150
01-01 08:14:35.248 0 0 W : softirqs last enabled at (1089772): [] __do_softirq+0x50c/0x554
01-01 08:14:35.257 0 0 W : softirqs last disabled at (1089763): [] irq_exit+0xfc/0x120
01-01 08:14:35.265 0 0 W : ---[ end trace 5934b3bc9313d1a5 ]---
01-01 08:14:35.473 0 0 W : ------------[ cut here ]------------
01-01 08:14:35.477 0 0 W : invalid GPIO -2
01-01 08:14:35.480 0 0 W : WARNING: CPU: 7 PID: 1 at drivers/gpio/gpiolib.c:123 gpio_to_desc+0xac/0xc0
01-01 08:14:35.488 0 0 W : Modules linked in:
01-01 08:14:35.492 0 0 W : CPU: 7 PID: 1 Comm: swapper/0 Tainted: G S W 4.19.157+ #1
01-01 08:14:35.499 0 0 W Hardware name: Qualcomm Technologies, Inc. kona MTP-RmPM8150b (DT)
01-01 08:14:35.507 0 0 W pstate : 60800005 (nZCv daif -PAN +UAO)
01-01 08:14:35.512 0 0 W pc : gpio_to_desc+0xac/0xc0
01-01 08:14:35.516 0 0 W lr : gpio_to_desc+0xa8/0xc0
01-01 08:14:35.520 0 0 W sp : ffffff800805b970
01-01 08:14:35.523 0 0 W : x29: ffffff800805b970 x28: ffffffac7bb352d0
01-01 08:14:35.529 0 0 W : x27: ffffffecbf1df820 x26: ffffffac7bb35a7c
01-01 08:14:35.534 0 0 W : x25: ffffffecaf793280 x24: ffffffac7bb352d0
01-01 08:14:35.540 0 0 W : x23: ffffffac7bb35a7c x22: ffffffec8e12ad60
01-01 08:14:35.545 0 0 W : x21: ffffffac7970e161 x20: ffffffac7a406208
01-01 08:14:35.551 0 0 W : x19: 00000000fffffffe x18: 0000000000000020
01-01 08:14:35.556 0 0 W : x17: ffffffac7b2f4000 x16: 000000000000003a
01-01 08:14:35.562 0 0 W : x15: ffffffac78ed1150 x14: 0000000000003330
01-01 08:14:35.567 0 0 W : x13: 0000000000000004 x12: 0000000010b4fcf1
01-01 08:14:35.572 0 0 W : x11: 0000000000000015 x10: 000000000682aaab
01-01 08:14:35.578 0 0 W : x9 : f798a4da7d920200 x8 : f798a4da7d920200
01-01 08:14:35.583 0 0 W : x7 : ffffffac77782700 x6 : 0000000000000000
01-01 08:14:35.589 0 0 W : x5 : 0000000000000080 x4 : 0000000000000001
01-01 08:14:35.594 0 0 W : x3 : ffffff800805b598 x2 : ffffffac77697b48
01-01 08:14:35.600 0 0 W : x1 : ffffffac77782874 x0 : 0000000000000000
01-01 08:14:35.605 0 0 W Call trace:
01-01 08:14:35.608 0 0 W : gpio_to_desc+0xac/0xc0
01-01 08:14:35.611 0 0 W : msm_pcie_probe+0x4e78/0x5418
01-01 08:14:35.616 0 0 W : platform_drv_probe+0x80/0xb8
01-01 08:14:35.620 0 0 W : really_probe+0x4e0/0x6b0
01-01 08:14:35.624 0 0 W : driver_probe_device+0x74/0x148
01-01 08:14:35.628 0 0 W : __driver_attach+0x120/0x1d8
01-01 08:14:35.632 0 0 W : bus_for_each_dev+0x84/0xd0
01-01 08:14:35.636 0 0 W : driver_attach+0x2c/0x38
01-01 08:14:35.640 0 0 W : bus_add_driver+0x144/0x268
01-01 08:14:35.644 0 0 W : driver_register+0x78/0x110
01-01 08:14:35.648 0 0 W : __platform_driver_register+0x4c/0x58
01-01 08:14:35.652 0 0 W : pcie_init+0x7b8/0x804
01-01 08:14:35.656 0 0 W : do_one_initcall+0x1ac/0x3c8
01-01 08:14:35.660 0 0 W : kernel_init_freeable+0x470/0x53c
01-01 08:14:35.664 0 0 W : kernel_init+0x18/0x298
01-01 08:14:35.668 0 0 W : ret_from_fork+0x10/0x1c
01-01 08:14:35.672 0 0 W : irq event stamp: 1089838
01-01 08:14:35.675 0 0 W : hardirqs last enabled at (1089837): [] console_unlock+0x4bc/0x568
01-01 08:14:35.684 0 0 W : hardirqs last disabled at (1089838): [] do_debug_exception+0x84/0x150
01-01 08:14:35.694 0 0 W : softirqs last enabled at (1089826): [] __do_softirq+0x50c/0x554
01-01 08:14:35.703 0 0 W : softirqs last disabled at (1089815): [] irq_exit+0xfc/0x120
01-01 08:14:35.711 0 0 W : ---[ end trace 5934b3bc9313d1a6 ]---
01-01 08:14:35.717 0 0 E register_client_adhoc: find path.src 100 dest 512
01-01 08:14:35.718 0 0 E register_client_adhoc: Client handle 14 pcie1
01-01 08:14:35.724 0 0 W pci-msm 1c08000.qcom,pcie: 1c08000.qcom,pcie supply vreg-3p3 not found, using dummy regulator
01-01 08:14:35.740 0 0 I pci-msm 1c08000.qcom,pcie: Linked as a consumer to regulator.0
01-01 08:14:35.747 0 0 I pci-msm 1c08000.qcom,pcie: Linked as a consumer to regulator.18
01-01 08:14:35.754 0 0 I pci-msm 1c08000.qcom,pcie: Linked as a consumer to regulator.13
01-01 08:14:35.762 0 0 I pci-msm 1c08000.qcom,pcie: Linked as a consumer to regulator.4
01-01 08:14:35.769 0 0 I pci-msm 1c08000.qcom,pcie: Linked as a consumer to regulator.60
01-01 08:14:35.777 0 0 E msm_pcie_get_reg: PCIe: RC1: no tcsr resource found.
01-01 08:14:35.783 0 0 E msm_pcie_get_reg: PCIe: RC1: no rumi resource found.
01-01 08:14:35.789 0 0 E msm_pcie_probe: PCIe: RC1 could not get pinctrl sleep state1
01-01 08:14:35.797 0 0 I : Can request power-phy-gpio
01-01 08:14:35.797 0 0 I : !
01-01 08:14:35.797 0 0 I : Set power-phy-gpio success
01-01 08:14:35.797 0 0 I : !
01-01 08:14:35.803 0 0 W : ------------[ cut here ]------------
01-01 08:14:35.813 0 0 W : invalid GPIO -2
01-01 08:14:35.816 0 0 W : WARNING: CPU: 7 PID: 1 at drivers/gpio/gpiolib.c:123 gpio_to_desc+0xac/0xc0
01-01 08:14:35.824 0 0 W : Modules linked in:
01-01 08:14:35.827 0 0 W : CPU: 7 PID: 1 Comm: swapper/0 Tainted: G S W 4.19.157+ #1
01-01 08:14:35.835 0 0 W Hardware name: Qualcomm Technologies, Inc. kona MTP-RmPM8150b (DT)
01-01 08:14:35.842 0 0 W pstate : 60800005 (nZCv daif -PAN +UAO)
01-01 08:14:35.847 0 0 W pc : gpio_to_desc+0xac/0xc0
01-01 08:14:35.851 0 0 W lr : gpio_to_desc+0xa8/0xc0
01-01 08:14:35.855 0 0 W sp : ffffff800805b950
01-01 08:14:35.859 0 0 W : x29: ffffff800805b950 x28: ffffffac7bb4b450
01-01 08:14:35.864 0 0 W : x27: ffffffecbf1e1ee0 x26: ffffffac7bb4bbfc
01-01 08:14:35.870 0 0 W : x25: ffffffecaf796480 x24: ffffffac7bb352d0
01-01 08:14:35.875 0 0 W : x23: ffffffac7bb4bbfc x22: ffffffec8e12b160
01-01 08:14:35.881 0 0 W : x21: ffffffac79793804 x20: ffffffac7a406208
01-01 08:14:35.886 0 0 W : x19: 00000000fffffffe x18: 0000000000000020
01-01 08:14:35.892 0 0 W : x17: ffffffac7b2f4000 x16: 000000000000003a
01-01 08:14:35.897 0 0 W : x15: ffffffac78ed1150 x14: 0000000000003230
01-01 08:14:35.902 0 0 W : x13: 0000000000000004 x12: 0000000011174697
01-01 08:14:35.908 0 0 W : x11: 0000000000000015 x10: 000000000682aaab
01-01 08:14:35.913 0 0 W : x9 : f798a4da7d920200 x8 : f798a4da7d920200
01-01 08:14:35.919 0 0 W : x7 : ffffffac77782700 x6 : 0000000000000000
01-01 08:14:35.924 0 0 W : x5 : 0000000000000080 x4 : 0000000000000001
01-01 08:14:35.930 0 0 W : x3 : ffffff800805b578 x2 : ffffffac77697b48
01-01 08:14:35.935 0 0 W : x1 : ffffffac77782874 x0 : 0000000000000000
01-01 08:14:35.941 0 0 W Call trace:
01-01 08:14:35.943 0 0 W : gpio_to_desc+0xac/0xc0
01-01 08:14:35.947 0 0 W : gpio_request+0x20/0x48
01-01 08:14:35.951 0 0 W : msm_pcie_probe+0x4d70/0x5418
01-01 08:14:35.955 0 0 W : platform_drv_probe+0x80/0xb8
01-01 08:14:35.959 0 0 W : really_probe+0x4e0/0x6b0
01-01 08:14:35.963 0 0 W : driver_probe_device+0x74/0x148
01-01 08:14:35.967 0 0 W : __driver_attach+0x120/0x1d8
01-01 08:14:35.971 0 0 W : bus_for_each_dev+0x84/0xd0
01-01 08:14:35.975 0 0 W : driver_attach+0x2c/0x38
01-01 08:14:35.979 0 0 W : bus_add_driver+0x144/0x268
01-01 08:14:35.983 0 0 W : driver_register+0x78/0x110
01-01 08:14:35.987 0 0 W : __platform_driver_register+0x4c/0x58
01-01 08:14:35.991 0 0 W : pcie_init+0x7b8/0x804
01-01 08:14:35.995 0 0 W : do_one_initcall+0x1ac/0x3c8
01-01 08:14:35.999 0 0 W : kernel_init_freeable+0x470/0x53c
01-01 08:14:36.004 0 0 W : kernel_init+0x18/0x298
01-01 08:14:36.007 0 0 W : ret_from_fork+0x10/0x1c
01-01 08:14:36.011 0 0 W : irq event stamp: 1096512
01-01 08:14:36.015 0 0 W : hardirqs last enabled at (1096511): [] console_unlock+0x4bc/0x568
01-01 08:14:36.024 0 0 W : hardirqs last disabled at (1096512): [] do_debug_exception+0x84/0x150
01-01 08:14:36.033 0 0 W : softirqs last enabled at (1096498): [] __do_softirq+0x50c/0x554
01-01 08:14:36.042 0 0 W : softirqs last disabled at (1096489): [] irq_exit+0xfc/0x120
01-01 08:14:36.050 0 0 W : ---[ end trace 5934b3bc9313d1a7 ]---
01-01 08:14:36.055 0 0 W : ------------[ cut here ]------------
01-01 08:14:36.060 0 0 W : invalid GPIO -2
01-01 08:14:36.063 0 0 W : WARNING: CPU: 7 PID: 1 at drivers/gpio/gpiolib.c:123 gpio_to_desc+0xac/0xc0
01-01 08:14:36.071 0 0 W : Modules linked in:
01-01 08:14:36.074 0 0 W : CPU: 7 PID: 1 Comm: swapper/0 Tainted: G S W 4.19.157+ #1
01-01 08:14:36.082 0 0 W Hardware name: Qualcomm Technologies, Inc. kona MTP-RmPM8150b (DT)
01-01 08:14:36.089 0 0 W pstate : 60800005 (nZCv daif -PAN +UAO)
01-01 08:14:36.094 0 0 W pc : gpio_to_desc+0xac/0xc0
01-01 08:14:36.098 0 0 W lr : gpio_to_desc+0xa8/0xc0
01-01 08:14:36.102 0 0 W sp : ffffff800805b970
01-01 08:14:36.106 0 0 W : x29: ffffff800805b970 x28: ffffffac7bb4b450
01-01 08:14:36.111 0 0 W : x27: ffffffecbf1e1ee0 x26: ffffffac7bb4bbfc
01-01 08:14:36.117 0 0 W : x25: ffffffecaf796480 x24: ffffffac7bb352d0
01-01 08:14:36.122 0 0 W : x23: ffffffac7bb4bbfc x22: ffffffec8e12b160
01-01 08:14:36.128 0 0 W : x21: ffffffac79793804 x20: ffffffac7a406208
01-01 08:14:36.133 0 0 W : x19: 00000000fffffffe x18: 0000000000000020
01-01 08:14:36.138 0 0 W : x17: ffffffac7b2f4000 x16: 000000000000003a
01-01 08:14:36.144 0 0 W : x15: ffffffac78ed1150 x14: 0000000000003434
01-01 08:14:36.149 0 0 W : x13: 0000000000000004 x12: 00000000115f9eca
01-01 08:14:36.155 0 0 W : x11: 0000000000000015 x10: 000000000682aaab
01-01 08:14:36.160 0 0 W : x9 : f798a4da7d920200 x8 : f798a4da7d920200
01-01 08:14:36.166 0 0 W : x7 : ffffffac77782700 x6 : 0000000000000000
01-01 08:14:36.171 0 0 W : x5 : 0000000000000080 x4 : 0000000000000001
01-01 08:14:36.177 0 0 W : x3 : ffffff800805b598 x2 : ffffffac77697b48
01-01 08:14:36.182 0 0 W : x1 : ffffffac77782874 x0 : 0000000000000000
01-01 08:14:36.188 0 0 W Call trace:
01-01 08:14:36.190 0 0 W : gpio_to_desc+0xac/0xc0
01-01 08:14:36.194 0 0 W : msm_pcie_probe+0x4d7c/0x5418
01-01 08:14:36.198 0 0 W : platform_drv_probe+0x80/0xb8
01-01 08:14:36.202 0 0 W : really_probe+0x4e0/0x6b0
01-01 08:14:36.206 0 0 W : driver_probe_device+0x74/0x148
01-01 08:14:36.210 0 0 W : __driver_attach+0x120/0x1d8
01-01 08:14:36.214 0 0 W : bus_for_each_dev+0x84/0xd0
01-01 08:14:36.218 0 0 W : driver_attach+0x2c/0x38
01-01 08:14:36.222 0 0 W : bus_add_driver+0x144/0x268
01-01 08:14:36.226 0 0 W : driver_register+0x78/0x110
01-01 08:14:36.230 0 0 W : __platform_driver_register+0x4c/0x58
01-01 08:14:36.235 0 0 W : pcie_init+0x7b8/0x804
01-01 08:14:36.238 0 0 W : do_one_initcall+0x1ac/0x3c8
01-01 08:14:36.242 0 0 W : kernel_init_freeable+0x470/0x53c
01-01 08:14:36.247 0 0 W : kernel_init+0x18/0x298
01-01 08:14:36.250 0 0 W : ret_from_fork+0x10/0x1c
01-01 08:14:36.254 0 0 W : irq event stamp: 1096578
01-01 08:14:36.258 0 0 W : hardirqs last enabled at (1096577): [] console_unlock+0x4bc/0x568
01-01 08:14:36.267 0 0 W : hardirqs last disabled at (1096578): [] do_debug_exception+0x84/0x150
01-01 08:14:36.276 0 0 W : softirqs last enabled at (1096574): [] __do_softirq+0x50c/0x554
01-01 08:14:36.285 0 0 W : softirqs last disabled at (1096565): [] irq_exit+0xfc/0x120
01-01 08:14:36.293 0 0 W : ---[ end trace 5934b3bc9313d1a8 ]---
01-01 08:14:36.705 0 0 I msm_pcie_enable: PCIe: Assert the reset of endpoint of RC1.
01-01 08:14:36.715 0 0 I msm_pcie_enable: PCIe: RC1: PCIE20_PARF_INT_ALL_MASK: 0x7f80d202
01-01 08:14:36.725 0 0 I pcie_phy_init: PCIe RC1 PHY is ready!
01-01 08:14:36.740 0 0 I msm_pcie_enable: PCIe: Release the reset of endpoint of RC1.
01-01 08:14:36.774 0 0 I msm_pcie_link_train: PCIe RC1 link initialized
01-01 08:14:36.780 0 0 I pci-msm 1c08000.qcom,pcie: host bridge /soc/qcom,pcie@1c08000 ranges:
01-01 08:14:36.788 0 0 I pci-msm 1c08000.qcom,pcie: No bus range found for /soc/qcom,pcie@1c08000, using [bus 00-ff]
01-01 08:14:36.798 0 0 I pci-msm 1c08000.qcom,pcie: IO 0x40200000..0x402fffff -> 0x40200000
01-01 08:14:36.805 0 0 I pci-msm 1c08000.qcom,pcie: MEM 0x40300000..0x5fffffff -> 0x40300000
01-01 08:14:36.815 0 0 I pci-msm 1c08000.qcom,pcie: PCI host bridge to bus 0001:00
01-01 08:14:36.821 0 0 I pci_bus 0001: 00: root bus resource [bus 00-ff]
01-01 08:14:36.827 0 0 I pci_bus 0001: 00: root bus resource [io 0x0000-0xfffff] (bus address [0x40200000-0x402fffff])
01-01 08:14:36.837 0 0 I pci_bus 0001: 00: root bus resource [mem 0x40300000-0x5fffffff]
01-01 08:14:36.844 0 0 D pci 0001: 00:00.0: [17cb:010b] type 01 class 0x060400
01-01 08:14:36.844 0 0 D pci 0001: 00:00.0: reg 0x10: [mem 0x00000000-0x00000fff 64bit]
01-01 08:14:36.844 0 0 D pci 0001: 00:00.0: PME# supported from D0 D3hot D3cold
01-01 08:14:36.862 0 0 I pci 0001: 00:00.0: bridge configuration invalid ([bus 00-00]), reconfiguring
01-01 08:14:36.871 1055 1055 D pci 0001: 01:00.0: [1055:7431] type 00 class 0x020000
01-01 08:14:36.871 0 0 D pci 0001: 01:00.0: reg 0x10: [mem 0x00000000-0x00001fff 64bit]
01-01 08:14:36.871 0 0 D pci 0001: 01:00.0: reg 0x18: [mem 0x00000000-0x000000ff 64bit]
01-01 08:14:36.871 0 0 D pci 0001: 01:00.0: reg 0x20: [mem 0x00000000-0x000000ff 64bit]
01-01 08:14:36.872 0 0 D pci 0001: 01:00.0: PME# supported from D0 D3hot D3cold
01-01 08:14:36.885 0 0 D pci_bus 0001: 01: busn_res: [bus 01-ff] end is updated to 01
01-01 08:14:36.885 0 0 D pci 0001: 00:00.0: bridge window [io 0x1000-0x0fff] to [bus 01] add_size 1000
01-01 08:14:36.885 0 0 D pci 0001: 00:00.0: bridge window [mem 0x00100000-0x000fffff 64bit pref] to [bus 01] add_size 200000 add_align 100000
01-01 08:14:36.885 0 0 D pci 0001: 00:00.0: bridge window [mem 0x00100000-0x001fffff] to [bus 01] add_size 200000 add_align 100000
01-01 08:14:36.885 0 0 I pci 0001: 00:00.0: BAR 8: assigned [mem 0x40300000-0x405fffff]
01-01 08:14:36.892 0 0 I pci 0001: 00:00.0: BAR 9: assigned [mem 0x40600000-0x407fffff 64bit pref]
01-01 08:14:36.900 0 0 I pci 0001: 00:00.0: BAR 0: assigned [mem 0x40800000-0x40800fff 64bit]
01-01 08:14:36.908 0 0 I pci 0001: 00:00.0: BAR 7: assigned [io 0x1000-0x1fff]
01-01 08:14:36.914 0 0 I pci 0001: 01:00.0: BAR 0: assigned [mem 0x40300000-0x40301fff 64bit]
01-01 08:14:36.922 0 0 I pci 0001: 01:00.0: BAR 2: assigned [mem 0x40302000-0x403020ff 64bit]
01-01 08:14:36.930 0 0 I pci 0001: 01:00.0: BAR 4: assigned [mem 0x40302100-0x403021ff 64bit]
01-01 08:14:36.937 0 0 I pci 0001: 00:00.0: PCI bridge to [bus 01]
01-01 08:14:36.942 0 0 I pci 0001: 00:00.0: bridge window [io 0x1000-0x1fff]
01-01 08:14:36.949 0 0 I pci 0001: 00:00.0: bridge window [mem 0x40300000-0x405fffff]
01-01 08:14:36.956 0 0 I pci 0001: 00:00.0: bridge window [mem 0x40600000-0x407fffff 64bit pref]
01-01 08:14:36.964 0 0 I pci-msm-rc 0001: 00:00.0: Linked as a consumer to 15000000.apps-smmu
01-01 08:14:36.974 0 0 I iommu : Adding device 0001:00:00.0 to group 4
01-01 08:14:36.981 0 0 E msm_pcie_probe: RC1 is enabled in bootup
01-01 08:14:36.987 0 0 E register_client_adhoc: find path.src 108 dest 512
01-01 08:14:36.988 0 0 E register_client_adhoc: Client handle 15 pcie2
01-01 08:14:36.995 0 0 W pci-msm 1c10000.qcom,pcie: 1c10000.qcom,pcie supply vreg-3p3 not found, using dummy regulator
01-01 08:14:37.011 0 0 I pci-msm 1c10000.qcom,pcie: Linked as a consumer to regulator.0
01-01 08:14:37.018 0 0 I pci-msm 1c10000.qcom,pcie: Linked as a consumer to regulator.18
01-01 08:14:37.025 0 0 I pci-msm 1c10000.qcom,pcie: Linked as a consumer to regulator.13
01-01 08:14:37.033 0 0 I pci-msm 1c10000.qcom,pcie: Linked as a consumer to regulator.4
01-01 08:14:37.040 0 0 I pci-msm 1c10000.qcom,pcie: Linked as a consumer to regulator.61
01-01 08:14:37.048 0 0 E msm_pcie_get_reg: PCIe: RC2: no tcsr resource found.
01-01 08:14:37.054 0 0 E msm_pcie_get_reg: PCIe: RC2: no rumi resource found.
01-01 08:14:37.061 0 0 E msm_pcie_probe: PCIe: RC2 could not get pinctrl sleep state1
01-01 08:14:37.068 0 0 W genirq : irq_chip msmgpio did not update eff. affinity mask of irq 387
01-01 08:14:37.076 0 0 W : ------------[ cut here ]------------
01-01 08:14:37.081 0 0 W : invalid GPIO -2
01-01 08:14:37.084 0 0 W : WARNING: CPU: 7 PID: 1 at drivers/gpio/gpiolib.c:123 gpio_to_desc+0xac/0xc0
01-01 08:14:37.092 0 0 W : Modules linked in:
01-01 08:14:37.095 0 0 W : CPU: 7 PID: 1 Comm: swapper/0 Tainted: G S W 4.19.157+ #1
01-01 08:14:37.103 0 0 W Hardware name: Qualcomm Technologies, Inc. kona MTP-RmPM8150b (DT)
01-01 08:14:37.110 0 0 W pstate : 60800005 (nZCv daif -PAN +UAO)
01-01 08:14:37.115 0 0 W pc : gpio_to_desc+0xac/0xc0
01-01 08:14:37.119 0 0 W lr : gpio_to_desc+0xa8/0xc0
01-01 08:14:37.123 0 0 W sp : ffffff800805b950
01-01 08:14:37.127 0 0 W : x29: ffffff800805b950 x28: ffffffac7bb615d0
01-01 08:14:37.132 0 0 W : x27: ffffffecbf1e4538 x26: ffffffac7bb61d7c
01-01 08:14:37.138 0 0 W : x25: ffffffecaf790a80 x24: ffffffac7bb352d0
01-01 08:14:37.143 0 0 W : x23: ffffffac7bb61d7c x22: ffffffec8e128d60
01-01 08:14:37.149 0 0 W : x21: ffffffac7970dfb7 x20: ffffffac7a406208
01-01 08:14:37.154 0 0 W : x19: 00000000fffffffe x18: 0000000000000020
01-01 08:14:37.160 0 0 W : x17: ffffffac7b2f4000 x16: 000000000000003a
01-01 08:14:37.165 0 0 W : x15: ffffffac78ed1150 x14: 0000000000003337
01-01 08:14:37.170 0 0 W : x13: 0000000000000004 x12: 00000000128abbaa
01-01 08:14:37.176 0 0 W : x11: 0000000000000015 x10: 000000000682aaab
01-01 08:14:37.181 0 0 W : x9 : f798a4da7d920200 x8 : f798a4da7d920200
01-01 08:14:37.187 0 0 W : x7 : ffffffac77782700 x6 : 0000000000000000
01-01 08:14:37.192 0 0 W : x5 : 0000000000000080 x4 : 0000000000000001
01-01 08:14:37.198 0 0 W : x3 : ffffff800805b578 x2 : ffffffac77697b48
01-01 08:14:37.203 0 0 W : x1 : ffffffac77782874 x0 : 0000000000000000
01-01 08:14:37.209 0 0 W Call trace:
01-01 08:14:37.211 0 0 W : gpio_to_desc+0xac/0xc0
01-01 08:14:37.215 0 0 W : gpio_request+0x20/0x48
01-01 08:14:37.219 0 0 W : msm_pcie_probe+0x4ca8/0x5418
01-01 08:14:37.223 0 0 W : platform_drv_probe+0x80/0xb8
01-01 08:14:37.227 0 0 W : really_probe+0x4e0/0x6b0
01-01 08:14:37.231 0 0 W : driver_probe_device+0x74/0x148
01-01 08:14:37.235 0 0 W : __driver_attach+0x120/0x1d8
01-01 08:14:37.239 0 0 W : bus_for_each_dev+0x84/0xd0
01-01 08:14:37.243 0 0 W : driver_attach+0x2c/0x38
01-01 08:14:37.247 0 0 W : bus_add_driver+0x144/0x268
01-01 08:14:37.251 0 0 W : driver_register+0x78/0x110
01-01 08:14:37.255 0 0 W : __platform_driver_register+0x4c/0x58
01-01 08:14:37.260 0 0 W : pcie_init+0x7b8/0x804
01-01 08:14:37.263 0 0 W : do_one_initcall+0x1ac/0x3c8
01-01 08:14:37.267 0 0 W : kernel_init_freeable+0x470/0x53c
01-01 08:14:37.272 0 0 W : kernel_init+0x18/0x298
01-01 08:14:37.275 0 0 W : ret_from_fork+0x10/0x1c
01-01 08:14:37.279 0 0 W : irq event stamp: 1109664
01-01 08:14:37.283 0 0 W : hardirqs last enabled at (1109663): [] console_unlock+0x4bc/0x568
01-01 08:14:37.292 0 0 W : hardirqs last disabled at (1109664): [] do_debug_exception+0x84/0x150
01-01 08:14:37.301 0 0 W : softirqs last enabled at (1109652): [] __do_softirq+0x50c/0x554
01-01 08:14:37.310 0 0 W : softirqs last disabled at (1109641): [] irq_exit+0xfc/0x120
01-01 08:14:37.318 0 0 W : ---[ end trace 5934b3bc9313d1a9 ]---
01-01 08:14:37.323 0 0 I : Can request power-phy-gpio
01-01 08:14:37.323 0 0 I : !
01-01 08:14:37.323 0 0 W : ------------[ cut here ]------------
01-01 08:14:37.333 0 0 W : invalid GPIO -2
01-01 08:14:37.336 0 0 W : WARNING: CPU: 7 PID: 1 at drivers/gpio/gpiolib.c:123 gpio_to_desc+0xac/0xc0
01-01 08:14:37.345 0 0 W : Modules linked in:
01-01 08:14:37.348 0 0 W : CPU: 7 PID: 1 Comm: swapper/0 Tainted: G S W 4.19.157+ #1
01-01 08:14:37.355 0 0 W Hardware name: Qualcomm Technologies, Inc. kona MTP-RmPM8150b (DT)
01-01 08:14:37.363 0 0 W pstate : 60800005 (nZCv daif -PAN +UAO)
01-01 08:14:37.368 0 0 W pc : gpio_to_desc+0xac/0xc0
01-01 08:14:37.372 0 0 W lr : gpio_to_desc+0xa8/0xc0
01-01 08:14:37.376 0 0 W sp : ffffff800805b970
01-01 08:14:37.379 0 0 W : x29: ffffff800805b970 x28: ffffffac7bb615d0
01-01 08:14:37.385 0 0 W : x27: ffffffecbf1e4538 x26: ffffffac7bb61d7c
01-01 08:14:37.390 0 0 W : x25: ffffffecaf790a80 x24: ffffffac7bb352d0
01-01 08:14:37.396 0 0 W : x23: ffffffac7bb61d7c x22: ffffffec8e128d60
01-01 08:14:37.401 0 0 W : x21: ffffffac7970dfb7 x20: ffffffac7a406208
01-01 08:14:37.407 0 0 W : x19: 00000000fffffffe x18: 0000000000000020
01-01 08:14:37.412 0 0 W : x17: ffffffac7b2f4000 x16: 000000000000003a
01-01 08:14:37.418 0 0 W : x15: ffffffac78ed1150 x14: 0000000000003736
01-01 08:14:37.423 0 0 W : x13: 0000000000000004 x12: 0000000012d4bf87
01-01 08:14:37.429 0 0 W : x11: 0000000000000015 x10: 000000000682aaab
01-01 08:14:37.434 0 0 W : x9 : f798a4da7d920200 x8 : f798a4da7d920200
01-01 08:14:37.440 0 0 W : x7 : ffffffac77782700 x6 : 0000000000000000
01-01 08:14:37.445 0 0 W : x5 : 0000000000000080 x4 : 0000000000000001
01-01 08:14:37.450 0 0 W : x3 : ffffff800805b598 x2 : ffffffac77697b48
01-01 08:14:37.456 0 0 W : x1 : ffffffac77782874 x0 : 0000000000000000
01-01 08:14:37.461 0 0 W Call trace:
01-01 08:14:37.464 0 0 W : gpio_to_desc+0xac/0xc0
01-01 08:14:37.468 0 0 W : msm_pcie_probe+0x4cdc/0x5418
01-01 08:14:37.472 0 0 W : platform_drv_probe+0x80/0xb8
01-01 08:14:37.476 0 0 W : really_probe+0x4e0/0x6b0
01-01 08:14:37.480 0 0 W : driver_probe_device+0x74/0x148
01-01 08:14:37.484 0 0 W : __driver_attach+0x120/0x1d8
01-01 08:14:37.488 0 0 W : bus_for_each_dev+0x84/0xd0
01-01 08:14:37.492 0 0 W : driver_attach+0x2c/0x38
01-01 08:14:37.496 0 0 W : bus_add_driver+0x144/0x268
