01-01 08:42:57.991 0 0 D mv2112_update_link: 3.0x901(1G): 0x80
01-01 08:42:57.998 0 0 D mv2112_update_link: 3.0x8109(100M): 0x0
01-01 08:42:58.015 0 0 D mv2112_update_link: link 0x0
01-01 08:42:58.019 0 0 D mv2112_read_status: autoneg is disabled
01-01 08:42:58.996 0 0 I init : starting service 'qvrd_vndr'...
01-01 08:42:59.003 0 0 I init : Created socket '/dev/socket/qvrservice_vndr', mode 660, user 1000, group 1000
01-01 08:42:59.014 0 0 I init : Created socket '/dev/socket/qvrservice_vndr_camera', mode 660, user 1000, group 1000
01-01 08:42:59.037 0 0 D : mv2112_read_status
01-01 08:42:59.041 0 0 D mv2112_update_link: 3.0x901(1G): 0x80
01-01 08:42:59.043 0 0 I init : starting service 'sxrd'...
01-01 08:42:59.046 0 0 D mv2112_update_link: 3.0x8109(100M): 0x0
01-01 08:42:59.056 0 0 D mv2112_update_link: link 0x0
01-01 08:42:59.060 0 0 D mv2112_read_status: autoneg is disabled
01-01 08:42:59.069 0 0 I init : starting service 'vendor.light-hal-2-0'...
09-08 05:35:08.798 7219 7219 F linker : CANNOT LINK EXECUTABLE "/vendor/bin/hw/qvrservice": library "vendor.qti.hardware.qxr-V1-ndk_platform.so" not found: needed by /vendor/lib64/libqvrservice.so in namespace (default)
09-08 05:35:08.811 7220 7220 F linker : CANNOT LINK EXECUTABLE "/vendor/bin/hw/sxrservice": library "vendor.qti.hardware.qxr-V1-ndk_platform.so" not found: needed by main executable
01-01 08:42:59.089 0 0 I init : Service 'qvrd_vndr' (pid 7219) exited with status 1
01-01 08:42:59.095 0 0 I init : Sending signal 9 to service 'qvrd_vndr' (pid 7219) process group...
01-01 08:42:59.104 0 0 I libprocessgroup: Successfully killed process cgroup uid 1000 pid 7219 in 0ms
01-01 08:42:59.113 0 0 I init : Service 'sxrd' (pid 7220) exited with status 1
01-01 08:42:59.120 0 0 I init : Sending signal 9 to service 'sxrd' (pid 7220) process group...
09-08 05:35:09.750 1151 2144 I netstats_mobile_sample: [0,0,0,0,0,0,0,0,0,0,0,0,1662586509750]
09-08 05:35:09.750 1151 2144 I netstats_wifi_sample: [520074478,360483,7152139,176543,520074478,360483,7152139,176543,520251907,362268,7126815,176356,1662586509750]
01-01 08:43:00.093 0 0 D : mv2112_read_status
01-01 08:43:00.096 0 0 D mv2112_update_link: 3.0x901(1G): 0x80
01-01 08:43:00.103 0 0 D mv2112_update_link: 3.0x8109(100M): 0x0
01-01 08:43:00.108 0 0 D mv2112_update_link: link 0x0
01-01 08:43:00.113 0 0 D mv2112_read_status: autoneg is disabled
01-01 08:43:01.117 0 0 D : mv2112_read_status
01-01 08:43:01.120 0 0 D mv2112_update_link: 3.0x901(1G): 0x80
01-01 08:43:01.126 0 0 D mv2112_update_link: 3.0x8109(100M): 0x0
01-01 08:43:01.131 0 0 D mv2112_update_link: link 0x0
01-01 08:43:01.135 0 0 D mv2112_read_status: autoneg is disabled
01-01 08:43:02.141 0 0 D : mv2112_read_status
01-01 08:43:02.144 0 0 D mv2112_update_link: 3.0x901(1G): 0x80
01-01 08:43:02.151 0 0 D mv2112_update_link: 3.0x8109(100M): 0x0
01-01 08:43:02.157 0 0 D mv2112_update_link: link 0x0
01-01 08:43:02.161 0 0 D mv2112_read_status: autoneg is disabled
01-01 08:43:03.165 0 0 D : mv2112_read_status
01-01 08:43:03.168 0 0 D mv2112_update_link: 3.0x901(1G): 0x80
01-01 08:43:03.181 0 0 D mv2112_update_link: 3.0x8109(100M): 0x0
01-01 08:43:03.193 0 0 D mv2112_update_link: link 0x0
01-01 08:43:03.197 0 0 D mv2112_read_status: autoneg is disabled
01-01 08:43:04.041 0 0 I init : starting service 'qvrd_vndr'...
01-01 08:43:04.048 0 0 I init : Created socket '/dev/socket/qvrservice_vndr', mode 660, user 1000, group 1000
01-01 08:43:04.059 0 0 I init : Created socket '/dev/socket/qvrservice_vndr_camera', mode 660, user 1000, group 1000
01-01 08:43:04.085 0 0 I init : starting service 'sxrd'...
01-01 08:43:04.104 0 0 I init : starting service 'vendor.light-hal-2-0'...
09-08 05:35:13.852 7224 7224 F linker : CANNOT LINK EXECUTABLE "/vendor/bin/hw/sxrservice": library "vendor.qti.hardware.qxr-V1-ndk_platform.so" not found: needed by main executable
09-08 05:35:13.853 7223 7223 F linker : CANNOT LINK EXECUTABLE "/vendor/bin/hw/qvrservice": library "vendor.qti.hardware.qxr-V1-ndk_platform.so" not found: needed by /vendor/lib64/libqvrservice.so in namespace (default)
01-01 08:43:04.132 0 0 I init : Service 'qvrd_vndr' (pid 7223) exited with status 1
01-01 08:43:04.139 0 0 I init : Sending signal 9 to service 'qvrd_vndr' (pid 7223) process group...
01-01 08:43:04.147 0 0 I libprocessgroup: Successfully killed process cgroup uid 1000 pid 7223 in 0ms
01-01 08:43:04.157 0 0 I init : Service 'sxrd' (pid 7224) exited with status 1
01-01 08:43:04.163 0 0 I init : Sending signal 9 to service 'sxrd' (pid 7224) process group...
01-01 08:43:04.221 0 0 D : mv2112_read_status
01-01 08:43:04.224 0 0 D mv2112_update_link: 3.0x901(1G): 0x80
01-01 08:43:04.231 0 0 D mv2112_update_link: 3.0x8109(100M): 0x0
01-01 08:43:04.237 0 0 D mv2112_update_link: link 0x0
01-01 08:43:04.241 0 0 D mv2112_read_status: autoneg is disabled
01-01 08:43:05.245 0 0 D : mv2112_read_status
01-01 08:43:05.248 0 0 D mv2112_update_link: 3.0x901(1G): 0x80
01-01 08:43:05.261 0 0 D mv2112_update_link: 3.0x8109(100M): 0x0
01-01 08:43:05.267 0 0 D mv2112_update_link: link 0x0
01-01 08:43:05.271 0 0 D mv2112_read_status: autoneg is disabled
01-01 08:43:06.301 0 0 D : mv2112_read_status
01-01 08:43:06.304 0 0 D mv2112_update_link: 3.0x901(1G): 0x80
01-01 08:43:06.310 0 0 D mv2112_update_link: 3.0x8109(100M): 0x0
01-01 08:43:06.315 0 0 D mv2112_update_link: link 0x0
01-01 08:43:06.319 0 0 D mv2112_read_status: autoneg is disabled
09-08 05:35:16.564 1151 2144 I netstats_mobile_sample: [0,0,0,0,0,0,0,0,0,0,0,0,1662586516564]
09-08 05:35:16.564 1151 2144 I netstats_wifi_sample: [522486562,362149,7185339,177367,522486562,362149,7185339,177367,522663991,363934,7160015,177180,1662586516564]
01-01 08:43:07.325 0 0 D : mv2112_read_status
01-01 08:43:07.329 0 0 D mv2112_update_link: 3.0x901(1G): 0x80
01-01 08:43:07.345 0 0 D mv2112_update_link: 3.0x8109(100M): 0x0
01-01 08:43:07.350 0 0 D mv2112_update_link: link 0x0
01-01 08:43:07.354 0 0 D mv2112_read_status: autoneg is disabled
01-01 08:43:08.381 0 0 D : mv2112_read_status
01-01 08:43:08.384 0 0 D mv2112_update_link: 3.0x901(1G): 0x80
01-01 08:43:08.391 0 0 D mv2112_update_link: 3.0x8109(100M): 0x0
01-01 08:43:08.396 0 0 D mv2112_update_link: link 0x0
01-01 08:43:08.401 0 0 D mv2112_read_status: autoneg is disabled
01-01 08:43:09.086 0 0 I init : starting service 'qvrd_vndr'...
01-01 08:43:09.092 0 0 I init : Created socket '/dev/socket/qvrservice_vndr', mode 660, user 1000, group 1000
01-01 08:43:09.101 0 0 I init : Created socket '/dev/socket/qvrservice_vndr_camera', mode 660, user 1000, group 1000
01-01 08:43:09.124 0 0 I init : starting service 'sxrd'...
01-01 08:43:09.143 0 0 I init : starting service 'vendor.light-hal-2-0'...
09-08 05:35:18.892 7229 7229 F linker : CANNOT LINK EXECUTABLE "/vendor/bin/hw/sxrservice": library "vendor.qti.hardware.qxr-V1-ndk_platform.so" not found: needed by main executable
09-08 05:35:18.892 7228 7228 F linker : CANNOT LINK EXECUTABLE "/vendor/bin/hw/qvrservice": library "vendor.qti.hardware.qxr-V1-ndk_platform.so" not found: needed by /vendor/lib64/libqvrservice.so in namespace (default)
01-01 08:43:09.170 0 0 I init : Service 'sxrd' (pid 7229) exited with status 1
01-01 08:43:09.176 0 0 I init : Sending signal 9 to service 'sxrd' (pid 7229) process group...
01-01 08:43:09.184 0 0 I libprocessgroup: Successfully killed process cgroup uid 1000 pid 7229 in 0ms
01-01 08:43:09.194 0 0 I init : Service 'qvrd_vndr' (pid 7228) exited with status 1
01-01 08:43:09.201 0 0 I init : Sending signal 9 to service 'qvrd_vndr' (pid 7228) process group...
01-01 08:43:09.405 0 0 D : mv2112_read_status
01-01 08:43:09.409 0 0 D mv2112_update_link: 3.0x901(1G): 0x80
01-01 08:43:09.415 0 0 D mv2112_update_link: 3.0x8109(100M): 0x0
01-01 08:43:09.420 0 0 D mv2112_update_link: link 0x0
01-01 08:43:09.424 0 0 D mv2112_read_status: autoneg is disabled
01-01 08:43:10.429 0 0 D : mv2112_read_status
01-01 08:43:10.433 0 0 D mv2112_update_link: 3.0x901(1G): 0x80
01-01 08:43:10.453 0 0 D mv2112_update_link: 3.0x8109(100M): 0x0
01-01 08:43:10.458 0 0 D mv2112_update_link: link 0x0
01-01 08:43:10.462 0 0 D mv2112_read_status: autoneg is disabled
01-01 08:43:11.485 0 0 D : mv2112_read_status
01-01 08:43:11.488 0 0 D mv2112_update_link: 3.0x901(1G): 0x80
01-01 08:43:11.494 0 0 D mv2112_update_link: 3.0x8109(100M): 0x0
01-01 08:43:11.513 0 0 D mv2112_update_link: link 0x0
01-01 08:43:11.517 0 0 D mv2112_read_status: autoneg is disabled
01-01 08:43:12.541 0 0 D : mv2112_read_status
01-01 08:43:12.544 0 0 D mv2112_update_link: 3.0x901(1G): 0x80
01-01 08:43:12.550 0 0 D mv2112_update_link: 3.0x8109(100M): 0x0
01-01 08:43:12.555 0 0 D mv2112_update_link: link 0x0
01-01 08:43:12.559 0 0 D mv2112_read_status: autoneg is disabled
09-08 05:35:22.573 1151 2144 I netstats_mobile_sample: [0,0,0,0,0,0,0,0,0,0,0,0,1662586522573]
09-08 05:35:22.573 1151 2144 I netstats_wifi_sample: [524942514,363887,7218219,178183,524942514,363887,7218219,178183,525119907,365671,7192895,177996,1662586522573]
01-01 08:43:13.565 0 0 D : mv2112_read_status
01-01 08:43:13.569 0 0 D mv2112_update_link: 3.0x901(1G): 0x80
01-01 08:43:13.574 0 0 D mv2112_update_link: 3.0x8109(100M): 0x0
01-01 08:43:13.593 0 0 D mv2112_update_link: link 0x0
01-01 08:43:13.601 0 0 D mv2112_read_status: autoneg is disabled
01-01 08:43:14.126 0 0 I init : starting service 'qvrd_vndr'...
01-01 08:43:14.132 0 0 I init : Created socket '/dev/socket/qvrservice_vndr', mode 660, user 1000, group 1000
01-01 08:43:14.142 0 0 I init : Created socket '/dev/socket/qvrservice_vndr_camera', mode 660, user 1000, group 1000
01-01 08:43:14.169 0 0 I init : starting service 'sxrd'...
01-01 08:43:14.186 0 0 I init : starting service 'vendor.light-hal-2-0'...
09-08 05:35:23.931 7234 7234 F linker : CANNOT LINK EXECUTABLE "/vendor/bin/hw/sxrservice": library "vendor.qti.hardware.qxr-V1-ndk_platform.so" not found: needed by main executable
09-08 05:35:23.933 7233 7233 F linker : CANNOT LINK EXECUTABLE "/vendor/bin/hw/qvrservice": library "vendor.qti.hardware.qxr-V1-ndk_platform.so" not found: needed by /vendor/lib64/libqvrservice.so in namespace (default)
01-01 08:43:14.210 0 0 I init : Service 'sxrd' (pid 7234) exited with status 1
01-01 08:43:14.217 0 0 I init : Sending signal 9 to service 'sxrd' (pid 7234) process group...
01-01 08:43:14.225 0 0 I libprocessgroup: Successfully killed process cgroup uid 1000 pid 7234 in 0ms
01-01 08:43:14.236 0 0 I init : Service 'qvrd_vndr' (pid 7233) exited with status 1
01-01 08:43:14.243 0 0 I init : Sending signal 9 to service 'qvrd_vndr' (pid 7233) process group...
01-01 08:43:14.621 0 0 D : mv2112_read_status
01-01 08:43:14.625 0 0 D mv2112_update_link: 3.0x901(1G): 0x80
01-01 08:43:14.630 0 0 D mv2112_update_link: 3.0x8109(100M): 0x0
01-01 08:43:14.636 0 0 D mv2112_update_link: link 0x0
01-01 08:43:14.640 0 0 D mv2112_read_status: autoneg is disabled
01-01 08:43:15.647 0 0 D : mv2112_read_status
01-01 08:43:15.652 0 0 D mv2112_update_link: 3.0x901(1G): 0x80
01-01 08:43:15.660 0 0 D mv2112_update_link: 3.0x8109(100M): 0x0
01-01 08:43:15.665 0 0 D mv2112_update_link: link 0x0
01-01 08:43:15.669 0 0 D mv2112_read_status: autoneg is disabled
01-01 08:43:16.701 0 0 D : mv2112_read_status
01-01 08:43:16.704 0 0 D mv2112_update_link: 3.0x901(1G): 0x80
01-01 08:43:16.710 0 0 D mv2112_update_link: 3.0x8109(100M): 0x0
01-01 08:43:16.715 0 0 D mv2112_update_link: link 0x0
01-01 08:43:16.720 0 0 D mv2112_read_status: autoneg is disabled
01-01 08:43:17.725 0 0 D : mv2112_read_status
01-01 08:43:17.729 0 0 D mv2112_update_link: 3.0x901(1G): 0x80
01-01 08:43:17.743 0 0 D mv2112_update_link: 3.0x8109(100M): 0x0
01-01 08:43:17.748 0 0 D mv2112_update_link: link 0x0
01-01 08:43:17.752 0 0 D mv2112_read_status: autoneg is disabled
01-01 08:43:18.781 0 0 D : mv2112_read_status
01-01 08:43:18.784 0 0 D mv2112_update_link: 3.0x901(1G): 0x80
01-01 08:43:18.791 0 0 D mv2112_update_link: 3.0x8109(100M): 0x0
01-01 08:43:18.796 0 0 D mv2112_update_link: link 0x0
01-01 08:43:18.802 0 0 D mv2112_read_status: autoneg is disabled
01-01 08:43:19.168 0 0 I init : starting service 'qvrd_vndr'...
01-01 08:43:19.176 0 0 I init : Created socket '/dev/socket/qvrservice_vndr', mode 660, user 1000, group 1000
01-01 08:43:19.186 0 0 I init : Created socket '/dev/socket/qvrservice_vndr_camera', mode 660, user 1000, group 1000
01-01 08:43:19.216 0 0 I init : starting service 'sxrd'...
01-01 08:43:19.235 0 0 I init : starting service 'vendor.light-hal-2-0'...
09-08 05:35:28.991 7238 7238 F linker : CANNOT LINK EXECUTABLE "/vendor/bin/hw/sxrservice": library "vendor.qti.hardware.qxr-V1-ndk_platform.so" not found: needed by main executable
09-08 05:35:28.992 7237 7237 F linker : CANNOT LINK EXECUTABLE "/vendor/bin/hw/qvrservice": library "vendor.qti.hardware.qxr-V1-ndk_platform.so" not found: needed by /vendor/lib64/libqvrservice.so in namespace (default)
01-01 08:43:19.270 0 0 I init : Service 'sxrd' (pid 7238) exited with status 1
01-01 08:43:19.277 0 0 I init : Sending signal 9 to service 'sxrd' (pid 7238) process group...
01-01 08:43:19.285 0 0 I libprocessgroup: Successfully killed process cgroup uid 1000 pid 7238 in 0ms
01-01 08:43:19.296 0 0 I init : Service 'qvrd_vndr' (pid 7237) exited with status 1
01-01 08:43:19.303 0 0 I init : Sending signal 9 to service 'qvrd_vndr' (pid 7237) process group...
09-08 05:35:29.232 1151 2144 I netstats_mobile_sample: [0,0,0,0,0,0,0,0,0,0,0,0,1662586529232]
09-08 05:35:29.232 1151 2144 I netstats_wifi_sample: [527308426,365489,7251555,179011,527308426,365489,7251555,179011,527482755,367270,7226191,178823,1662586529232]
01-01 08:43:19.805 0 0 D : mv2112_read_status
01-01 08:43:19.809 0 0 D mv2112_update_link: 3.0x901(1G): 0x80
01-01 08:43:19.814 0 0 D mv2112_update_link: 3.0x8109(100M): 0x0
01-01 08:43:19.819 0 0 D mv2112_update_link: link 0x0
01-01 08:43:19.823 0 0 D mv2112_read_status: autoneg is disabled
01-01 08:43:20.829 0 0 D : mv2112_read_status
01-01 08:43:20.833 0 0 D mv2112_update_link: 3.0x901(1G): 0x80
01-01 08:43:20.838 0 0 D mv2112_update_link: 3.0x8109(100M): 0x0
01-01 08:43:20.843 0 0 D mv2112_update_link: link 0x0
01-01 08:43:20.851 0 0 D mv2112_read_status: autoneg is disabled
01-01 08:43:21.885 0 0 D : mv2112_read_status
01-01 08:43:21.888 0 0 D mv2112_update_link: 3.0x901(1G): 0x80
01-01 08:43:21.894 0 0 D mv2112_update_link: 3.0x8109(100M): 0x0
01-01 08:43:21.899 0 0 D mv2112_update_link: link 0x0
01-01 08:43:21.903 0 0 D mv2112_read_status: autoneg is disabled
01-01 08:43:22.784 0 0 I logd : logdr: UID=0 GID=0 PID=7242 b tail=0 logMask=bf pid=0 start=0ns deadline=0ns
01-01 08:43:22.909 0 0 D : mv2112_read_status
01-01 08:43:22.912 0 0 D mv2112_update_link: 3.0x901(1G): 0x80
01-01 08:43:22.918 0 0 D mv2112_update_link: 3.0x8109(100M): 0x0
01-01 08:43:22.923 0 0 D mv2112_update_link: link 0x0
01-01 08:43:22.927 0 0 D mv2112_read_status: autoneg is disabled
01-01 08:43:23.933 0 0 D : mv2112_read_status
01-01 08:43:23.936 0 0 D mv2112_update_link: 3.0x901(1G): 0x80
01-01 08:43:23.942 0 0 D mv2112_update_link: 3.0x8109(100M): 0x0
01-01 08:43:23.947 0 0 D mv2112_update_link: link 0x0
01-01 08:43:23.951 0 0 D mv2112_read_status: autoneg is disabled
01-01 08:43:24.216 0 0 I init : starting service 'qvrd_vndr'...
01-01 08:43:24.222 0 0 I init : Created socket '/dev/socket/qvrservice_vndr', mode 660, user 1000, group 1000
01-01 08:43:24.233 0 0 I init : Created socket '/dev/socket/qvrservice_vndr_camera', mode 660, user 1000, group 1000
01-01 08:43:24.261 0 0 I init : starting service 'sxrd'...
01-01 08:43:24.280 0 0 I init : starting service 'vendor.light-hal-2-0'...
09-08 05:35:34.026 7247 7247 F linker : CANNOT LINK EXECUTABLE "/vendor/bin/hw/sxrservice": library "vendor.qti.hardware.qxr-V1-ndk_platform.so" not found: needed by main executable
09-08 05:35:34.032 7246 7246 F linker : CANNOT LINK EXECUTABLE "/vendor/bin/hw/qvrservice": library "vendor.qti.hardware.qxr-V1-ndk_platform.so" not found: needed by /vendor/lib64/libqvrservice.so in namespace (default)
01-01 08:43:24.306 0 0 I init : Service 'sxrd' (pid 7247) exited with status 1
01-01 08:43:24.312 0 0 I init : Sending signal 9 to service 'sxrd' (pid 7247) process group...
01-01 08:43:24.320 0 0 I libprocessgroup: Successfully killed process cgroup uid 1000 pid 7247 in 0ms
01-01 08:43:24.331 0 0 I init : Service 'qvrd_vndr' (pid 7246) exited with status 1
01-01 08:43:24.337 0 0 I init : Sending signal 9 to service 'qvrd_vndr' (pid 7246) process group...
09-08 05:35:34.210 1151 2144 I netstats_mobile_sample: [0,0,0,0,0,0,0,0,0,0,0,0,1662586534210]
09-08 05:35:34.210 1151 2144 I netstats_wifi_sample: [530389319,368105,8075288,180656,530389319,368105,8075288,180656,530541644,369835,7991433,180404,1662586534210]
01-01 08:43:24.957 0 0 D : mv2112_read_status
01-01 08:43:24.961 0 0 D mv2112_update_link: 3.0x901(1G): 0x80
01-01 08:43:24.966 0 0 D mv2112_update_link: 3.0x8109(100M): 0x0
01-01 08:43:24.985 0 0 D mv2112_update_link: link 0x0
01-01 08:43:24.989 0 0 D mv2112_read_status: autoneg is disabled
01-01 08:43:26.013 0 0 D : mv2112_read_status
01-01 08:43:26.016 0 0 D mv2112_update_link: 3.0x901(1G): 0x80
01-01 08:43:26.022 0 0 D mv2112_update_link: 3.0x8109(100M): 0x0
01-01 08:43:26.027 0 0 D mv2112_update_link: link 0x0
01-01 08:43:26.031 0 0 D mv2112_read_status: autoneg is disabled
09-08 05:35:36.557 1151 2144 I netstats_mobile_sample: [0,0,0,0,0,0,0,0,0,0,0,0,1662586536557]
09-08 05:35:36.558 1151 2144 I netstats_wifi_sample: [533120011,370657,9334543,182615,533120011,370657,9334543,182615,533297404,372441,9309179,182427,1662586536557]
01-01 08:43:27.037 0 0 D : mv2112_read_status
01-01 08:43:27.040 0 0 D mv2112_update_link: 3.0x901(1G): 0x80
01-01 08:43:27.046 0 0 D mv2112_update_link: 3.0x8109(100M): 0x0
01-01 08:43:27.065 0 0 D mv2112_update_link: link 0x0
01-01 08:43:27.069 0 0 D mv2112_read_status: autoneg is disabled
01-01 08:43:28.093 0 0 D : mv2112_read_status
01-01 08:43:28.096 0 0 D mv2112_update_link: 3.0x901(1G): 0x80
01-01 08:43:28.102 0 0 D mv2112_update_link: 3.0x8109(100M): 0x0
01-01 08:43:28.107 0 0 D mv2112_update_link: link 0x0
01-01 08:43:28.111 0 0 D mv2112_read_status: autoneg is disabled
01-01 08:43:29.117 0 0 D : mv2112_read_status
01-01 08:43:29.120 0 0 D mv2112_update_link: 3.0x901(1G): 0x80
01-01 08:43:29.127 0 0 D mv2112_update_link: 3.0x8109(100M): 0x0
01-01 08:43:29.133 0 0 D mv2112_update_link: link 0x0
01-01 08:43:29.138 0 0 D mv2112_read_status: autoneg is disabled
01-01 08:43:29.261 0 0 I init : starting service 'qvrd_vndr'...
01-01 08:43:29.268 0 0 I init : Created socket '/dev/socket/qvrservice_vndr', mode 660, user 1000, group 1000
01-01 08:43:29.278 0 0 I init : Created socket '/dev/socket/qvrservice_vndr_camera', mode 660, user 1000, group 1000
01-01 08:43:29.311 0 0 I init : starting service 'sxrd'...
01-01 08:43:29.330 0 0 I init : starting service 'vendor.light-hal-2-0'...
09-08 05:35:39.074 7253 7253 F linker : CANNOT LINK EXECUTABLE "/vendor/bin/hw/sxrservice": library "vendor.qti.hardware.qxr-V1-ndk_platform.so" not found: needed by main executable
09-08 05:35:39.076 7252 7252 F linker : CANNOT LINK EXECUTABLE "/vendor/bin/hw/qvrservice": library "vendor.qti.hardware.qxr-V1-ndk_platform.so" not found: needed by /vendor/lib64/libqvrservice.so in namespace (default)
01-01 08:43:29.354 0 0 I init : Service 'sxrd' (pid 7253) exited with status 1
01-01 08:43:29.360 0 0 I init : Sending signal 9 to service 'sxrd' (pid 7253) process group...
01-01 08:43:29.368 0 0 I libprocessgroup: Successfully killed process cgroup uid 1000 pid 7253 in 0ms
01-01 08:43:29.377 0 0 I init : Service 'qvrd_vndr' (pid 7252) exited with status 1
01-01 08:43:29.384 0 0 I init : Sending signal 9 to service 'qvrd_vndr' (pid 7252) process group...
09-08 05:35:39.176 1151 2144 I netstats_mobile_sample: [0,0,0,0,0,0,0,0,0,0,0,0,1662586539176]
09-08 05:35:39.176 1151 2144 I netstats_wifi_sample: [535655975,372919,10450891,184386,535655975,372919,10450891,184386,535833368,374703,10425527,184198,1662586539176]
01-01 08:43:30.141 0 0 D : mv2112_read_status
01-01 08:43:30.144 0 0 D mv2112_update_link: 3.0x901(1G): 0x80
01-01 08:43:30.150 0 0 D mv2112_update_link: 3.0x8109(100M): 0x0
01-01 08:43:30.157 0 0 D mv2112_update_link: link 0x0
01-01 08:43:30.161 0 0 D mv2112_read_status: autoneg is disabled
01-01 08:43:31.165 0 0 D : mv2112_read_status
01-01 08:43:31.168 0 0 D mv2112_update_link: 3.0x901(1G): 0x80
01-01 08:43:31.175 0 0 D mv2112_update_link: 3.0x8109(100M): 0x0
01-01 08:43:31.180 0 0 D mv2112_update_link: link 0x0
01-01 08:43:31.185 0 0 D mv2112_read_status: autoneg is disabled
09-08 05:35:41.666 1151 2144 I netstats_mobile_sample: [0,0,0,0,0,0,0,0,0,0,0,0,1662586541666]
09-08 05:35:41.666 1151 2144 I netstats_wifi_sample: [538316835,375314,11465124,186093,538316835,375314,11465124,186093,538466736,377073,11439520,185899,1662586541666]
01-01 08:43:32.189 0 0 D : mv2112_read_status
01-01 08:43:32.192 0 0 D mv2112_update_link: 3.0x901(1G): 0x80
01-01 08:43:32.197 0 0 D mv2112_update_link: 3.0x8109(100M): 0x0
01-01 08:43:32.209 0 0 D mv2112_update_link: link 0x0
01-01 08:43:32.214 0 0 D mv2112_read_status: autoneg is disabled
01-01 08:43:33.245 0 0 D : mv2112_read_status
01-01 08:43:33.248 0 0 D mv2112_update_link: 3.0x901(1G): 0x80
01-01 08:43:33.255 0 0 D mv2112_update_link: 3.0x8109(100M): 0x0
01-01 08:43:33.264 0 0 D mv2112_update_link: link 0x0
01-01 08:43:33.268 0 0 D mv2112_read_status: autoneg is disabled
01-01 08:43:34.301 0 0 D : mv2112_read_status
01-01 08:43:34.304 0 0 D mv2112_update_link: 3.0x901(1G): 0x80
01-01 08:43:34.309 0 0 I init : starting service 'qvrd_vndr'...
01-01 08:43:34.311 0 0 D mv2112_update_link: 3.0x8109(100M): 0x0
01-01 08:43:34.316 0 0 I init : Created socket '/dev/socket/qvrservice_vndr', mode 660, user 1000, group 1000
01-01 08:43:34.319 0 0 D mv2112_update_link: link 0x0
01-01 08:43:34.329 0 0 I init : Created socket '/dev/socket/qvrservice_vndr_camera', mode 660, user 1000, group 1000
01-01 08:43:34.332 0 0 D mv2112_read_status: autoneg is disabled
01-01 08:43:34.359 0 0 I init : starting service 'sxrd'...
01-01 08:43:34.378 0 0 I init : starting service 'vendor.light-hal-2-0'...
09-08 05:35:44.132 7256 7256 F linker : CANNOT LINK EXECUTABLE "/vendor/bin/hw/qvrservice": library "vendor.qti.hardware.qxr-V1-ndk_platform.so" not found: needed by /vendor/lib64/libqvrservice.so in namespace (default)
09-08 05:35:44.134 7257 7257 F linker : CANNOT LINK EXECUTABLE "/vendor/bin/hw/sxrservice": library "vendor.qti.hardware.qxr-V1-ndk_platform.so" not found: needed by main executable
01-01 08:43:34.412 0 0 I init : Service 'qvrd_vndr' (pid 7256) exited with status 1
01-01 08:43:34.419 0 0 I init : Sending signal 9 to service 'qvrd_vndr' (pid 7256) process group...
01-01 08:43:34.427 0 0 I libprocessgroup: Successfully killed process cgroup uid 1000 pid 7256 in 0ms
01-01 08:43:34.437 0 0 I init : Service 'sxrd' (pid 7257) exited with status 1
01-01 08:43:34.444 0 0 I init : Sending signal 9 to service 'sxrd' (pid 7257) process group...
09-08 05:35:45.071 1151 2144 I netstats_mobile_sample: [0,0,0,0,0,0,0,0,0,0,0,0,1662586545070]
09-08 05:35:45.071 1151 2144 I netstats_wifi_sample: [541511059,377799,11739927,187286,541511059,377799,11739927,187286,541661416,379564,11714203,187089,1662586545070]
01-01 08:43:35.357 0 0 D : mv2112_read_status
01-01 08:43:35.360 0 0 D mv2112_update_link: 3.0x901(1G): 0x80
01-01 08:43:35.366 0 0 D mv2112_update_link: 3.0x8109(100M): 0x0
01-01 08:43:35.371 0 0 D mv2112_update_link: link 0x0
01-01 08:43:35.376 0 0 D mv2112_read_status: autoneg is disabled
01-01 08:43:36.381 0 0 D : mv2112_read_status
01-01 08:43:36.384 0 0 D mv2112_update_link: 3.0x901(1G): 0x80
01-01 08:43:36.390 0 0 D mv2112_update_link: 3.0x8109(100M): 0x0
01-01 08:43:36.396 0 0 D mv2112_update_link: link 0x0
01-01 08:43:36.400 0 0 D mv2112_read_status: autoneg is disabled
01-01 08:43:37.405 0 0 D : mv2112_read_status
01-01 08:43:37.409 0 0 D mv2112_update_link: 3.0x901(1G): 0x80
01-01 08:43:37.414 0 0 D mv2112_update_link: 3.0x8109(100M): 0x0
01-01 08:43:37.420 0 0 D mv2112_update_link: link 0x0
01-01 08:43:37.424 0 0 D mv2112_read_status: autoneg is disabled
01-01 08:43:38.429 0 0 D : mv2112_read_status
01-01 08:43:38.432 0 0 D mv2112_update_link: 3.0x901(1G): 0x80
01-01 08:43:38.449 0 0 D mv2112_update_link: 3.0x8109(100M): 0x0
01-01 08:43:38.454 0 0 D mv2112_update_link: link 0x0
01-01 08:43:38.458 0 0 D mv2112_read_status: autoneg is disabled
09-08 05:35:48.768 1151 2144 I netstats_mobile_sample: [0,0,0,0,0,0,0,0,0,0,0,0,1662586548768]
09-08 05:35:48.768 1151 2144 I netstats_wifi_sample: [544813939,380260,11793232,188321,544807939,380256,11793152,188319,544970296,382029,11767446,188125,1662586548768]
01-01 08:43:39.360 0 0 I init : starting service 'qvrd_vndr'...
01-01 08:43:39.366 0 0 I init : Created socket '/dev/socket/qvrservice_vndr', mode 660, user 1000, group 1000
01-01 08:43:39.377 0 0 I init : Created socket '/dev/socket/qvrservice_vndr_camera', mode 660, user 1000, group 1000
01-01 08:43:39.404 0 0 I init : starting service 'sxrd'...
01-01 08:43:39.423 0 0 I init : starting service 'vendor.light-hal-2-0'...
09-08 05:35:49.173 7262 7262 F linker : CANNOT LINK EXECUTABLE "/vendor/bin/hw/sxrservice": library "vendor.qti.hardware.qxr-V1-ndk_platform.so" not found: needed by main executable
01-01 08:43:39.452 0 0 I init : Service 'sxrd' (pid 7262) exited with status 1
01-01 08:43:39.459 0 0 I init : Sending signal 9 to service 'sxrd' (pid 7262) process group...
09-08 05:35:49.181 7261 7261 F linker : CANNOT LINK EXECUTABLE "/vendor/bin/hw/qvrservice": library "vendor.qti.hardware.qxr-V1-ndk_platform.so" not found: needed by /vendor/lib64/libqvrservice.so in namespace (default)
01-01 08:43:39.466 0 0 I libprocessgroup: Successfully killed process cgroup uid 1000 pid 7262 in 0ms
01-01 08:43:39.477 0 0 I init : Service 'qvrd_vndr' (pid 7261) exited with status 1
01-01 08:43:39.484 0 0 I init : Sending signal 9 to service 'qvrd_vndr' (pid 7261) process group...
01-01 08:43:39.485 0 0 D : mv2112_read_status
01-01 08:43:39.505 0 0 D mv2112_update_link: 3.0x901(1G): 0x80
01-01 08:43:39.511 0 0 D mv2112_update_link: 3.0x8109(100M): 0x0
01-01 08:43:39.516 0 0 D mv2112_update_link: link 0x0
01-01 08:43:39.520 0 0 D mv2112_read_status: autoneg is disabled
01-01 08:43:40.541 0 0 D : mv2112_read_status
01-01 08:43:40.545 0 0 D mv2112_update_link: 3.0x901(1G): 0x80
01-01 08:43:40.551 0 0 D mv2112_update_link: 3.0x8109(100M): 0x0
01-01 08:43:40.556 0 0 D mv2112_update_link: link 0x0
01-01 08:43:40.569 0 0 D mv2112_read_status: autoneg is disabled
01-01 08:43:41.597 0 0 D : mv2112_read_status
01-01 08:43:41.600 0 0 D mv2112_update_link: 3.0x901(1G): 0x80
01-01 08:43:41.606 0 0 D mv2112_update_link: 3.0x8109(100M): 0x0
01-01 08:43:41.625 0 0 D mv2112_update_link: link 0x0
01-01 08:43:41.629 0 0 D mv2112_read_status: autoneg is disabled
01-01 08:43:42.653 0 0 D : mv2112_read_status
01-01 08:43:42.658 0 0 D mv2112_update_link: 3.0x901(1G): 0x80
01-01 08:43:42.663 0 0 D mv2112_update_link: 3.0x8109(100M): 0x0
01-01 08:43:42.670 0 0 D mv2112_update_link: link 0x0
01-01 08:43:42.674 0 0 D mv2112_read_status: autoneg is disabled
01-01 08:43:43.709 0 0 D : mv2112_read_status
01-01 08:43:43.712 0 0 D mv2112_update_link: 3.0x901(1G): 0x80
01-01 08:43:43.718 0 0 D mv2112_update_link: 3.0x8109(100M): 0x0
01-01 08:43:43.741 0 0 D mv2112_update_link: link 0x0
01-01 08:43:43.745 0 0 D mv2112_read_status: autoneg is disabled
09-08 05:35:53.596 1151 2144 I netstats_mobile_sample: [0,0,0,0,0,0,0,0,0,0,0,0,1662586553596]
09-08 05:35:53.596 1151 2144 I netstats_wifi_sample: [547766859,382359,11847875,189303,547760859,382355,11847795,189301,547920216,384126,11821951,189101,1662586553596]
01-01 08:43:44.404 0 0 I init : starting service 'qvrd_vndr'...
01-01 08:43:44.410 0 0 I init : Created socket '/dev/socket/qvrservice_vndr', mode 660, user 1000, group 1000
01-01 08:43:44.421 0 0 I init : Created socket '/dev/socket/qvrservice_vndr_camera', mode 660, user 1000, group 1000
01-01 08:43:44.447 0 0 I init : starting service 'sxrd'...
01-01 08:43:44.465 0 0 I init : starting service 'vendor.light-hal-2-0'...
09-08 05:35:54.211 7267 7267 F linker : CANNOT LINK EXECUTABLE "/vendor/bin/hw/sxrservice": library "vendor.qti.hardware.qxr-V1-ndk_platform.so" not found: needed by main executable
09-08 05:35:54.214 7266 7266 F linker : CANNOT LINK EXECUTABLE "/vendor/bin/hw/qvrservice": library "vendor.qti.hardware.qxr-V1-ndk_platform.so" not found: needed by /vendor/lib64/libqvrservice.so in namespace (default)
01-01 08:43:44.490 0 0 I init : Service 'sxrd' (pid 7267) exited with status 1
01-01 08:43:44.496 0 0 I init : Sending signal 9 to service 'sxrd' (pid 7267) process group...
01-01 08:43:44.504 0 0 I libprocessgroup: Successfully killed process cgroup uid 1000 pid 7267 in 0ms
01-01 08:43:44.514 0 0 I init : Service 'qvrd_vndr' (pid 7266) exited with status 1
01-01 08:43:44.520 0 0 I init : Sending signal 9 to service 'qvrd_vndr' (pid 7266) process group...
01-01 08:43:44.765 0 0 D : mv2112_read_status
01-01 08:43:44.768 0 0 D mv2112_update_link: 3.0x901(1G): 0x80
01-01 08:43:44.774 0 0 D mv2112_update_link: 3.0x8109(100M): 0x0
01-01 08:43:44.779 0 0 D mv2112_update_link: link 0x0
01-01 08:43:44.783 0 0 D mv2112_read_status: autoneg is disabled
01-01 08:43:45.790 0 0 D : mv2112_read_status
01-01 08:43:45.793 0 0 D mv2112_update_link: 3.0x901(1G): 0x80
01-01 08:43:45.800 0 0 D mv2112_update_link: 3.0x8109(100M): 0x0
01-01 08:43:45.807 0 0 D mv2112_update_link: link 0x0
01-01 08:43:45.811 0 0 D mv2112_read_status: autoneg is disabled
01-01 08:43:46.845 0 0 D : mv2112_read_status
01-01 08:43:46.849 0 0 D mv2112_update_link: 3.0x901(1G): 0x80
01-01 08:43:46.854 0 0 D mv2112_update_link: 3.0x8109(100M): 0x0
01-01 08:43:46.860 0 0 D mv2112_update_link: link 0x0
01-01 08:43:46.864 0 0 D mv2112_read_status: autoneg is disabled
09-08 05:35:57.565 1151 2144 I netstats_mobile_sample: [0,0,0,0,0,0,0,0,0,0,0,0,1662586557565]
09-08 05:35:57.565 1151 2144 I netstats_wifi_sample: [550740971,384478,11903022,190297,550734971,384474,11902982,190296,550903328,386251,11877458,190104,1662586557565]
01-01 08:43:47.869 0 0 D : mv2112_read_status
01-01 08:43:47.872 0 0 D mv2112_update_link: 3.0x901(1G): 0x80
01-01 08:43:47.878 0 0 D mv2112_update_link: 3.0x8109(100M): 0x0
01-01 08:43:47.884 0 0 D mv2112_update_link: link 0x0
01-01 08:43:47.888 0 0 D mv2112_read_status: autoneg is disabled
01-01 08:43:48.893 0 0 D : mv2112_read_status
01-01 08:43:48.897 0 0 D mv2112_update_link: 3.0x901(1G): 0x80
01-01 08:43:48.903 0 0 D mv2112_update_link: 3.0x8109(100M): 0x0
01-01 08:43:48.909 0 0 D mv2112_update_link: link 0x0
01-01 08:43:48.913 0 0 D mv2112_read_status: autoneg is disabled
01-01 08:43:49.447 0 0 I init : starting service 'qvrd_vndr'...
01-01 08:43:49.453 0 0 I init : Created socket '/dev/socket/qvrservice_vndr', mode 660, user 1000, group 1000
01-01 08:43:49.463 0 0 I init : Created socket '/dev/socket/qvrservice_vndr_camera', mode 660, user 1000, group 1000
01-01 08:43:49.489 0 0 I init : starting service 'sxrd'...
09-08 05:35:59.238 7270 7270 F linker : CANNOT LINK EXECUTABLE "/vendor/bin/hw/qvrservice": library "vendor.qti.hardware.qxr-V1-ndk_platform.so" not found: needed by /vendor/lib64/libqvrservice.so in namespace (default)
01-01 08:43:49.508 0 0 I init : starting service 'vendor.light-hal-2-0'...
09-08 05:35:59.252 7271 7271 F linker : CANNOT LINK EXECUTABLE "/vendor/bin/hw/sxrservice": library "vendor.qti.hardware.qxr-V1-ndk_platform.so" not found: needed by main executable
01-01 08:43:49.524 0 0 I init : Service 'qvrd_vndr' (pid 7270) exited with status 1
01-01 08:43:49.531 0 0 I init : Sending signal 9 to service 'qvrd_vndr' (pid 7270) process group...
01-01 08:43:49.540 0 0 I libprocessgroup: Successfully killed process cgroup uid 1000 pid 7270 in 0ms
01-01 08:43:49.550 0 0 I init : Service 'sxrd' (pid 7271) exited with status 1
01-01 08:43:49.557 0 0 I init : Sending signal 9 to service 'sxrd' (pid 7271) process group...
01-01 08:43:49.921 0 0 D : mv2112_read_status
01-01 08:43:49.924 0 0 D mv2112_update_link: 3.0x901(1G): 0x80
01-01 08:43:49.932 0 0 D mv2112_update_link: 3.0x8109(100M): 0x0
01-01 08:43:49.938 0 0 D mv2112_update_link: link 0x0
01-01 08:43:49.943 0 0 D mv2112_read_status: autoneg is disabled
01-01 08:43:50.973 0 0 D : mv2112_read_status
01-01 08:43:50.976 0 0 D mv2112_update_link: 3.0x901(1G): 0x80
01-01 08:43:50.982 0 0 D mv2112_update_link: 3.0x8109(100M): 0x0
01-01 08:43:50.988 0 0 D mv2112_update_link: link 0x0
01-01 08:43:50.994 0 0 D mv2112_read_status: autoneg is disabled
09-08 05:36:01.586 1151 2144 I netstats_mobile_sample: [0,0,0,0,0,0,0,0,0,0,0,0,1662586561586]
09-08 05:36:01.586 1151 2144 I netstats_wifi_sample: [553474727,386462,11948612,191201,553474727,386462,11948612,191201,553652048,388244,11923010,191010,1662586561586]
01-01 08:43:51.999 0 0 D : mv2112_read_status
01-01 08:43:52.002 0 0 D mv2112_update_link: 3.0x901(1G): 0x80
01-01 08:43:52.008 0 0 D mv2112_update_link: 3.0x8109(100M): 0x0
01-01 08:43:52.014 0 0 D mv2112_update_link: link 0x0
01-01 08:43:52.018 0 0 D mv2112_read_status: autoneg is disabled
01-01 08:43:53.021 0 0 D : mv2112_read_status
01-01 08:43:53.024 0 0 D mv2112_update_link: 3.0x901(1G): 0x80
01-01 08:43:53.037 0 0 D mv2112_update_link: 3.0x8109(100M): 0x0
01-01 08:43:53.049 0 0 D mv2112_update_link: link 0x0
01-01 08:43:53.053 0 0 D mv2112_read_status: autoneg is disabled
01-01 08:43:54.077 0 0 D : mv2112_read_status
01-01 08:43:54.080 0 0 D mv2112_update_link: 3.0x901(1G): 0x80
01-01 08:43:54.086 0 0 D mv2112_update_link: 3.0x8109(100M): 0x0
01-01 08:43:54.105 0 0 D mv2112_update_link: link 0x0
01-01 08:43:54.114 0 0 D mv2112_read_status: autoneg is disabled
01-01 08:43:54.489 0 0 I init : starting service 'qvrd_vndr'...
01-01 08:43:54.496 0 0 I init : Created socket '/dev/socket/qvrservice_vndr', mode 660, user 1000, group 1000
01-01 08:43:54.506 0 0 I init : Created socket '/dev/socket/qvrservice_vndr_camera', mode 660, user 1000, group 1000
01-01 08:43:54.536 0 0 I init : starting service 'sxrd'...
01-01 08:43:54.555 0 0 I init : starting service 'vendor.light-hal-2-0'...
09-08 05:36:04.310 7275 7275 F linker : CANNOT LINK EXECUTABLE "/vendor/bin/hw/qvrservice": library "vendor.qti.hardware.qxr-V1-ndk_platform.so" not found: needed by /vendor/lib64/libqvrservice.so in namespace (default)
09-08 05:36:04.311 7276 7276 F linker : CANNOT LINK EXECUTABLE "/vendor/bin/hw/sxrservice": library "vendor.qti.hardware.qxr-V1-ndk_platform.so" not found: needed by main executable
01-01 08:43:54.590 0 0 I init : Service 'qvrd_vndr' (pid 7275) exited with status 1
01-01 08:43:54.597 0 0 I init : Sending signal 9 to service 'qvrd_vndr' (pid 7275) process group...
01-01 08:43:54.605 0 0 I libprocessgroup: Successfully killed process cgroup uid 1000 pid 7275 in 0ms
01-01 08:43:54.617 0 0 I init : Service 'sxrd' (pid 7276) exited with status 1
01-01 08:43:54.623 0 0 I init : Sending signal 9 to service 'sxrd' (pid 7276) process group...
01-01 08:43:55.133 0 0 D : mv2112_read_status
01-01 08:43:55.136 0 0 D mv2112_update_link: 3.0x901(1G): 0x80
01-01 08:43:55.157 0 0 D mv2112_update_link: 3.0x8109(100M): 0x0
01-01 08:43:55.165 0 0 D mv2112_update_link: link 0x0
01-01 08:43:55.169 0 0 D mv2112_read_status: autoneg is disabled
09-08 05:36:05.157 1151 2144 I netstats_mobile_sample: [0,0,0,0,0,0,0,0,0,0,0,0,1662586565157]
09-08 05:36:05.157 1151 2144 I netstats_wifi_sample: [556167611,388412,11999769,192087,556167611,388412,11999769,192087,556344932,390194,11974365,191898,1662586565157]
01-01 08:43:56.189 0 0 D : mv2112_read_status
01-01 08:43:56.193 0 0 D mv2112_update_link: 3.0x901(1G): 0x80
01-01 08:43:56.198 0 0 D mv2112_update_link: 3.0x8109(100M): 0x0
01-01 08:43:56.203 0 0 D mv2112_update_link: link 0x0
01-01 08:43:56.208 0 0 D mv2112_read_status: autoneg is disabled
01-01 08:43:57.213 0 0 D : mv2112_read_status
01-01 08:43:57.216 0 0 D mv2112_update_link: 3.0x901(1G): 0x80
01-01 08:43:57.222 0 0 D mv2112_update_link: 3.0x8109(100M): 0x0
01-01 08:43:57.227 0 0 D mv2112_update_link: link 0x0
01-01 08:43:57.232 0 0 D mv2112_read_status: autoneg is disabled
01-01 08:43:58.237 0 0 D : mv2112_read_status
01-01 08:43:58.241 0 0 D mv2112_update_link: 3.0x901(1G): 0x80
01-01 08:43:58.247 0 0 D mv2112_update_link: 3.0x8109(100M): 0x0
01-01 08:43:58.252 0 0 D mv2112_update_link: link 0x0
01-01 08:43:58.256 0 0 D mv2112_read_status: autoneg is disabled
09-08 05:36:08.417 1151 2144 I netstats_mobile_sample: [0,0,0,0,0,0,0,0,0,0,0,0,1662586568417]
09-08 05:36:08.417 1151 2144 I netstats_wifi_sample: [559185495,390593,12050457,193088,559183995,390592,12050377,193086,559353816,392369,12024695,192893,1662586568417]
01-01 08:43:59.261 0 0 D : mv2112_read_status
01-01 08:43:59.265 0 0 D mv2112_update_link: 3.0x901(1G): 0x80
01-01 08:43:59.286 0 0 D mv2112_update_link: 3.0x8109(100M): 0x0
01-01 08:43:59.291 0 0 D mv2112_update_link: link 0x0
01-01 08:43:59.296 0 0 D mv2112_read_status: autoneg is disabled
01-01 08:43:59.536 0 0 I init : starting service 'qvrd_vndr'...
01-01 08:43:59.546 0 0 I init : Created socket '/dev/socket/qvrservice_vndr', mode 660, user 1000, group 1000
01-01 08:43:59.560 0 0 I init : Created socket '/dev/socket/qvrservice_vndr_camera', mode 660, user 1000, group 1000
01-01 08:43:59.614 0 0 I init : starting service 'sxrd'...
09-08 05:36:09.358 7279 7279 F linker : CANNOT LINK EXECUTABLE "/vendor/bin/hw/qvrservice": library "vendor.qti.hardware.qxr-V1-ndk_platform.so" not found: needed by /vendor/lib64/libqvrservice.so in namespace (default)
01-01 08:43:59.637 0 0 I init : Service 'qvrd_vndr' (pid 7279) exited with status 1
01-01 08:43:59.644 0 0 I init : Sending signal 9 to service 'qvrd_vndr' (pid 7279) process group...
01-01 08:43:59.652 0 0 I libprocessgroup: Successfully killed process cgroup uid 1000 pid 7279 in 0ms
01-01 08:43:59.664 0 0 I init : starting service 'vendor.light-hal-2-0'...
09-08 05:36:09.410 7280 7280 F linker : CANNOT LINK EXECUTABLE "/vendor/bin/hw/sxrservice": library "vendor.qti.hardware.qxr-V1-ndk_platform.so" not found: needed by main executable
01-01 08:43:59.689 0 0 I init : Service 'sxrd' (pid 7280) exited with status 1
01-01 08:43:59.696 0 0 I init : Sending signal 9 to service 'sxrd' (pid 7280) process group...
01-01 08:44:00.317 0 0 D : mv2112_read_status
01-01 08:44:00.320 0 0 D mv2112_update_link: 3.0x901(1G): 0x80
01-01 08:44:00.327 0 0 D mv2112_update_link: 3.0x8109(100M): 0x0
01-01 08:44:00.332 0 0 D mv2112_update_link: link 0x0
01-01 08:44:00.337 0 0 D mv2112_read_status: autoneg is disabled
01-01 08:44:01.344 0 0 D : mv2112_read_status
01-01 08:44:01.347 0 0 D mv2112_update_link: 3.0x901(1G): 0x80
01-01 08:44:01.353 0 0 D mv2112_update_link: 3.0x8109(100M): 0x0
01-01 08:44:01.359 0 0 D mv2112_update_link: link 0x0
01-01 08:44:01.363 0 0 D mv2112_read_status: autoneg is disabled
09-08 05:36:11.642 1151 2144 I netstats_mobile_sample: [0,0,0,0,0,0,0,0,0,0,0,0,1662586571642]
09-08 05:36:11.642 1151 2144 I netstats_wifi_sample: [562115759,392689,12106701,194059,562115759,392689,12106701,194059,562286952,394465,12081177,193867,1662586571642]
01-01 08:44:02.397 0 0 D : mv2112_read_status
01-01 08:44:02.401 0 0 D mv2112_update_link: 3.0x901(1G): 0x80
01-01 08:44:02.409 0 0 D mv2112_update_link: 3.0x8109(100M): 0x0
01-01 08:44:02.415 0 0 D mv2112_update_link: link 0x0
01-01 08:44:02.419 0 0 D mv2112_read_status: autoneg is disabled
01-01 08:44:03.453 0 0 D : mv2112_read_status
01-01 08:44:03.456 0 0 D mv2112_update_link: 3.0x901(1G): 0x80
01-01 08:44:03.463 0 0 D mv2112_update_link: 3.0x8109(100M): 0x0
01-01 08:44:03.469 0 0 D mv2112_update_link: link 0x0
01-01 08:44:03.473 0 0 D mv2112_read_status: autoneg is disabled
01-01 08:44:04.477 0 0 D : mv2112_read_status
01-01 08:44:04.480 0 0 D mv2112_update_link: 3.0x901(1G): 0x80
01-01 08:44:04.486 0 0 D mv2112_update_link: 3.0x8109(100M): 0x0
01-01 08:44:04.505 0 0 D mv2112_update_link: link 0x0
01-01 08:44:04.509 0 0 D mv2112_read_status: autoneg is disabled
01-01 08:44:04.611 0 0 I init : starting service 'qvrd_vndr'...
01-01 08:44:04.620 0 0 I init : Created socket '/dev/socket/qvrservice_vndr', mode 660, user 1000, group 1000
01-01 08:44:04.634 0 0 I init : Created socket '/dev/socket/qvrservice_vndr_camera', mode 660, user 1000, group 1000
01-01 08:44:04.688 0 0 I init : starting service 'sxrd'...
01-01 08:44:04.708 0 0 I init : starting service 'vendor.light-hal-2-0'...
09-08 05:36:14.453 7284 7284 F linker : CANNOT LINK EXECUTABLE "/vendor/bin/hw/qvrservice": library "vendor.qti.hardware.qxr-V1-ndk_platform.so" not found: needed by /vendor/lib64/libqvrservice.so in namespace (default)
09-08 05:36:14.456 7285 7285 F linker : CANNOT LINK EXECUTABLE "/vendor/bin/hw/sxrservice": library "vendor.qti.hardware.qxr-V1-ndk_platform.so" not found: needed by main executable
01-01 08:44:04.732 0 0 I init : Service 'qvrd_vndr' (pid 7284) exited with status 1
01-01 08:44:04.739 0 0 I init : Sending signal 9 to service 'qvrd_vndr' (pid 7284) process group...
01-01 08:44:04.747 0 0 I libprocessgroup: Successfully killed process cgroup uid 1000 pid 7284 in 0ms
01-01 08:44:04.759 0 0 I init : Service 'sxrd' (pid 7285) exited with status 1
01-01 08:44:04.765 0 0 I init : Sending signal 9 to service 'sxrd' (pid 7285) process group...
01-01 08:44:05.533 0 0 D : mv2112_read_status
01-01 08:44:05.536 0 0 D mv2112_update_link: 3.0x901(1G): 0x80
01-01 08:44:05.542 0 0 D mv2112_update_link: 3.0x8109(100M): 0x0
01-01 08:44:05.561 0 0 D mv2112_update_link: link 0x0
01-01 08:44:05.565 0 0 D mv2112_read_status: autoneg is disabled
09-08 05:36:16.134 1151 2144 I netstats_mobile_sample: [0,0,0,0,0,0,0,0,0,0,0,0,1662586576134]
09-08 05:36:16.134 1151 2144 I netstats_wifi_sample: [565349199,395042,12165103,195111,565343071,395036,12165023,195109,565490088,396794,12139259,194911,1662586576134]
01-01 08:44:06.589 0 0 D : mv2112_read_status
01-01 08:44:06.593 0 0 D mv2112_update_link: 3.0x901(1G): 0x80
01-01 08:44:06.599 0 0 D mv2112_update_link: 3.0x8109(100M): 0x0
01-01 08:44:06.606 0 0 D mv2112_update_link: link 0x0
01-01 08:44:06.610 0 0 D mv2112_read_status: autoneg is disabled
01-01 08:44:07.613 0 0 D : mv2112_read_status
01-01 08:44:07.617 0 0 D mv2112_update_link: 3.0x901(1G): 0x80
01-01 08:44:07.622 0 0 D mv2112_update_link: 3.0x8109(100M): 0x0
01-01 08:44:07.627 0 0 D mv2112_update_link: link 0x0
01-01 08:44:07.632 0 0 D mv2112_read_status: autoneg is disabled
01-01 08:44:08.637 0 0 D : mv2112_read_status
01-01 08:44:08.640 0 0 D mv2112_update_link: 3.0x901(1G): 0x80
01-01 08:44:08.647 0 0 D mv2112_update_link: 3.0x8109(100M): 0x0
01-01 08:44:08.653 0 0 D mv2112_update_link: link 0x0
01-01 08:44:08.658 0 0 D mv2112_read_status: autoneg is disabled
01-01 08:44:09.661 0 0 D : mv2112_read_status
01-01 08:44:09.664 0 0 D mv2112_update_link: 3.0x901(1G): 0x80
01-01 08:44:09.670 0 0 D mv2112_update_link: 3.0x8109(100M): 0x0
01-01 08:44:09.675 0 0 D mv2112_update_link: link 0x0
01-01 08:44:09.680 0 0 D mv2112_read_status: autoneg is disabled
01-01 08:44:09.682 0 0 I init : starting service 'qvrd_vndr'...
01-01 08:44:09.692 0 0 I init : Created socket '/dev/socket/qvrservice_vndr', mode 660, user 1000, group 1000
01-01 08:44:09.703 0 0 I init : Created socket '/dev/socket/qvrservice_vndr_camera', mode 660, user 1000, group 1000
01-01 08:44:09.729 0 0 I init : starting service 'sxrd'...
01-01 08:44:09.745 0 0 I init : starting service 'vendor.light-hal-2-0'...
09-08 05:36:19.479 7289 7289 F linker : CANNOT LINK EXECUTABLE "/vendor/bin/hw/qvrservice": library "vendor.qti.hardware.qxr-V1-ndk_platform.so" not found: needed by /vendor/lib64/libqvrservice.so in namespace (default)
01-01 08:44:09.764 0 0 I init : Service 'qvrd_vndr' (pid 7289) exited with status 1
01-01 08:44:09.770 0 0 I init : Sending signal 9 to service 'qvrd_vndr' (pid 7289) process group...
01-01 08:44:09.779 0 0 I libprocessgroup: Successfully killed process cgroup uid 1000 pid 7289 in 0ms
09-08 05:36:19.506 7290 7290 F linker : CANNOT LINK EXECUTABLE "/vendor/bin/hw/sxrservice": library "vendor.qti.hardware.qxr-V1-ndk_platform.so" not found: needed by main executable
01-01 08:44:09.788 0 0 I init : Service 'sxrd' (pid 7290) exited with status 1
01-01 08:44:09.794 0 0 I init : Sending signal 9 to service 'sxrd' (pid 7290) process group...
09-08 05:36:20.388 1151 2144 I netstats_mobile_sample: [0,0,0,0,0,0,0,0,0,0,0,0,1662586580388]
09-08 05:36:20.389 1151 2144 I netstats_wifi_sample: [568113619,397046,12216874,196030,568113619,397046,12216874,196030,568284940,398824,12191350,195838,1662586580388]
01-01 08:44:10.685 0 0 D : mv2112_read_status
01-01 08:44:10.688 0 0 D mv2112_update_link: 3.0x901(1G): 0x80
01-01 08:44:10.694 0 0 D mv2112_update_link: 3.0x8109(100M): 0x0
01-01 08:44:10.699 0 0 D mv2112_update_link: link 0x0
01-01 08:44:10.704 0 0 D mv2112_read_status: autoneg is disabled
01-01 08:44:11.709 0 0 D : mv2112_read_status
01-01 08:44:11.712 0 0 D mv2112_update_link: 3.0x901(1G): 0x80
01-01 08:44:11.729 0 0 D mv2112_update_link: 3.0x8109(100M): 0x0
01-01 08:44:11.741 0 0 D mv2112_update_link: link 0x0
01-01 08:44:11.745 0 0 D mv2112_read_status: autoneg is disabled
01-01 08:44:12.765 0 0 D : mv2112_read_status
01-01 08:44:12.769 0 0 D mv2112_update_link: 3.0x901(1G): 0x80
01-01 08:44:12.775 0 0 D mv2112_update_link: 3.0x8109(100M): 0x0
01-01 08:44:12.781 0 0 D mv2112_update_link: link 0x0
01-01 08:44:12.785 0 0 D mv2112_read_status: autoneg is disabled
01-01 08:44:13.789 0 0 D : mv2112_read_status
01-01 08:44:13.793 0 0 D mv2112_update_link: 3.0x901(1G): 0x80
01-01 08:44:13.809 0 0 D mv2112_update_link: 3.0x8109(100M): 0x0
01-01 08:44:13.821 0 0 D mv2112_update_link: link 0x0
01-01 08:44:13.825 0 0 D mv2112_read_status: autoneg is disabled
09-08 05:36:23.645 1151 2144 I netstats_mobile_sample: [0,0,0,0,0,0,0,0,0,0,0,0,1662586583645]
09-08 05:36:23.646 1151 2144 I netstats_wifi_sample: [570656047,398940,12257396,196838,570656047,398940,12257396,196838,570818332,400711,12231752,196643,1662586583645]
01-01 08:44:14.729 0 0 I init : starting service 'qvrd_vndr'...
01-01 08:44:14.736 0 0 I init : Created socket '/dev/socket/qvrservice_vndr', mode 660, user 1000, group 1000
01-01 08:44:14.746 0 0 I init : Created socket '/dev/socket/qvrservice_vndr_camera', mode 660, user 1000, group 1000
01-01 08:44:14.776 0 0 I init : starting service 'sxrd'...
01-01 08:44:14.795 0 0 I init : starting service 'vendor.light-hal-2-0'...
09-08 05:36:24.552 7294 7294 F linker : CANNOT LINK EXECUTABLE "/vendor/bin/hw/sxrservice": library "vendor.qti.hardware.qxr-V1-ndk_platform.so" not found: needed by main executable
09-08 05:36:24.554 7293 7293 F linker : CANNOT LINK EXECUTABLE "/vendor/bin/hw/qvrservice": library "vendor.qti.hardware.qxr-V1-ndk_platform.so" not found: needed by /vendor/lib64/libqvrservice.so in namespace (default)
01-01 08:44:14.832 0 0 I init : Service 'sxrd' (pid 7294) exited with status 1
01-01 08:44:14.838 0 0 I init : Sending signal 9 to service 'sxrd' (pid 7294) process group...
01-01 08:44:14.846 0 0 I libprocessgroup: Successfully killed process cgroup uid 1000 pid 7294 in 0ms
01-01 08:44:14.849 0 0 D : mv2112_read_status
01-01 08:44:14.856 0 0 I init : Service 'qvrd_vndr' (pid 7293) exited with status 1
01-01 08:44:14.858 0 0 D mv2112_update_link: 3.0x901(1G): 0x80
01-01 08:44:14.864 0 0 I init : Sending signal 9 to service 'qvrd_vndr' (pid 7293) process group...
01-01 08:44:14.877 0 0 D mv2112_update_link: 3.0x8109(100M): 0x0
01-01 08:44:14.882 0 0 D mv2112_update_link: link 0x0
01-01 08:44:14.887 0 0 D mv2112_read_status: autoneg is disabled
01-01 08:44:15.901 0 0 D : mv2112_read_status
01-01 08:44:15.904 0 0 D mv2112_update_link: 3.0x901(1G): 0x80
01-01 08:44:15.910 0 0 D mv2112_update_link: 3.0x8109(100M): 0x0
01-01 08:44:15.915 0 0 D mv2112_update_link: link 0x0
01-01 08:44:15.921 0 0 D mv2112_read_status: autoneg is disabled
01-01 08:44:16.925 0 0 D : mv2112_read_status
01-01 08:44:16.928 0 0 D mv2112_update_link: 3.0x901(1G): 0x80
01-01 08:44:16.934 0 0 D mv2112_update_link: 3.0x8109(100M): 0x0
01-01 08:44:16.941 0 0 D mv2112_update_link: link 0x0
01-01 08:44:16.947 0 0 D mv2112_read_status: autoneg is disabled
01-01 08:44:17.949 0 0 D : mv2112_read_status
01-01 08:44:17.952 0 0 D mv2112_update_link: 3.0x901(1G): 0x80
01-01 08:44:17.959 0 0 D mv2112_update_link: 3.0x8109(100M): 0x0
01-01 08:44:17.964 0 0 D mv2112_update_link: link 0x0
01-01 08:44:17.969 0 0 D mv2112_read_status: autoneg is disabled
09-08 05:36:28.046 1151 2144 I netstats_mobile_sample: [0,0,0,0,0,0,0,0,0,0,0,0,1662586588046]
09-08 05:36:28.047 1151 2144 I netstats_wifi_sample: [573300711,400797,12306381,197743,573294711,400793,12306261,197740,573441996,402554,12279272,197540,1662586588046]
01-01 08:44:18.973 0 0 D : mv2112_read_status
01-01 08:44:18.976 0 0 D mv2112_update_link: 3.0x901(1G): 0x80
01-01 08:44:18.982 0 0 D mv2112_update_link: 3.0x8109(100M): 0x0
01-01 08:44:18.987 0 0 D mv2112_update_link: link 0x0
01-01 08:44:18.991 0 0 D mv2112_read_status: autoneg is disabled
01-01 08:44:19.777 0 0 I init : starting service 'qvrd_vndr'...
01-01 08:44:19.783 0 0 I init : Created socket '/dev/socket/qvrservice_vndr', mode 660, user 1000, group 1000
01-01 08:44:19.794 0 0 I init : Created socket '/dev/socket/qvrservice_vndr_camera', mode 660, user 1000, group 1000
01-01 08:44:19.821 0 0 I init : starting service 'sxrd'...
01-01 08:44:19.839 0 0 I init : starting service 'vendor.light-hal-2-0'...
09-08 05:36:29.593 7299 7299 F linker : CANNOT LINK EXECUTABLE "/vendor/bin/hw/sxrservice": library "vendor.qti.hardware.qxr-V1-ndk_platform.so" not found: needed by main executable
09-08 05:36:29.593 7298 7298 F linker : CANNOT LINK EXECUTABLE "/vendor/bin/hw/qvrservice": library "vendor.qti.hardware.qxr-V1-ndk_platform.so" not found: needed by /vendor/lib64/libqvrservice.so in namespace (default)
01-01 08:44:19.872 0 0 I init : Service 'sxrd' (pid 7299) exited with status 1
