01-01 08:28:48.887 0 0 D mv2112_read_status: autoneg is disabled
01-01 08:28:49.917 0 0 D : mv2112_read_status
01-01 08:28:49.920 0 0 D mv2112_update_link: 3.0x901(1G): 0x80
01-01 08:28:49.926 0 0 D mv2112_update_link: 3.0x8109(100M): 0x0
01-01 08:28:49.931 0 0 D mv2112_update_link: link 0x0
01-01 08:28:49.935 0 0 D mv2112_read_status: autoneg is disabled
01-01 08:28:50.941 0 0 D : mv2112_read_status
01-01 08:28:50.948 0 0 D mv2112_update_link: 3.0x901(1G): 0x80
01-01 08:28:50.953 0 0 D mv2112_update_link: 3.0x8109(100M): 0x0
01-01 08:28:50.959 0 0 D mv2112_update_link: link 0x0
01-01 08:28:50.964 0 0 D mv2112_read_status: autoneg is disabled
01-01 08:28:51.301 0 0 I init : starting service 'qvrd_vndr'...
01-01 08:28:51.308 0 0 I init : Created socket '/dev/socket/qvrservice_vndr', mode 660, user 1000, group 1000
01-01 08:28:51.318 0 0 I init : Created socket '/dev/socket/qvrservice_vndr_camera', mode 660, user 1000, group 1000
01-01 08:28:51.344 0 0 I init : starting service 'sxrd'...
01-01 08:28:51.363 0 0 I init : starting service 'vendor.light-hal-2-0'...
09-08 05:21:01.097 6417 6417 F linker : CANNOT LINK EXECUTABLE "/vendor/bin/hw/qvrservice": library "vendor.qti.hardware.qxr-V1-ndk_platform.so" not found: needed by /vendor/lib64/libqvrservice.so in namespace (default)
01-01 08:28:51.382 0 0 I init : Service 'qvrd_vndr' (pid 6417) exited with status 1
01-01 08:28:51.389 0 0 I init : Sending signal 9 to service 'qvrd_vndr' (pid 6417) process group...
09-08 05:21:01.111 6418 6418 F linker : CANNOT LINK EXECUTABLE "/vendor/bin/hw/sxrservice": library "vendor.qti.hardware.qxr-V1-ndk_platform.so" not found: needed by main executable
01-01 08:28:51.397 0 0 I libprocessgroup: Successfully killed process cgroup uid 1000 pid 6417 in 0ms
01-01 08:28:51.408 0 0 I init : Service 'sxrd' (pid 6418) exited with status 1
01-01 08:28:51.414 0 0 I init : Sending signal 9 to service 'sxrd' (pid 6418) process group...
01-01 08:28:51.997 0 0 D : mv2112_read_status
01-01 08:28:52.000 0 0 D mv2112_update_link: 3.0x901(1G): 0x80
01-01 08:28:52.006 0 0 D mv2112_update_link: 3.0x8109(100M): 0x0
01-01 08:28:52.013 0 0 D mv2112_update_link: link 0x0
01-01 08:28:52.017 0 0 D mv2112_read_status: autoneg is disabled
01-01 08:28:53.021 0 0 D : mv2112_read_status
01-01 08:28:53.024 0 0 D mv2112_update_link: 3.0x901(1G): 0x80
01-01 08:28:53.031 0 0 D mv2112_update_link: 3.0x8109(100M): 0x0
01-01 08:28:53.036 0 0 D mv2112_update_link: link 0x0
01-01 08:28:53.040 0 0 D mv2112_read_status: autoneg is disabled
09-08 05:21:03.128 1151 2144 I netstats_mobile_sample: [0,0,0,0,0,0,0,0,0,0,0,0,1662585663128]
09-08 05:21:03.129 1151 2144 I netstats_wifi_sample: [229851983,159271,3201720,78544,229851983,159271,3201720,78544,230022545,160971,3178076,78399,1662585663128]
01-01 08:28:54.045 0 0 D : mv2112_read_status
01-01 08:28:54.049 0 0 D mv2112_update_link: 3.0x901(1G): 0x80
01-01 08:28:54.054 0 0 D mv2112_update_link: 3.0x8109(100M): 0x0
01-01 08:28:54.060 0 0 D mv2112_update_link: link 0x0
01-01 08:28:54.065 0 0 D mv2112_read_status: autoneg is disabled
01-01 08:28:55.069 0 0 D : mv2112_read_status
01-01 08:28:55.072 0 0 D mv2112_update_link: 3.0x901(1G): 0x80
01-01 08:28:55.079 0 0 D mv2112_update_link: 3.0x8109(100M): 0x0
01-01 08:28:55.084 0 0 D mv2112_update_link: link 0x0
01-01 08:28:55.088 0 0 D mv2112_read_status: autoneg is disabled
01-01 08:28:56.093 0 0 D : mv2112_read_status
01-01 08:28:56.097 0 0 D mv2112_update_link: 3.0x901(1G): 0x80
01-01 08:28:56.102 0 0 D mv2112_update_link: 3.0x8109(100M): 0x0
01-01 08:28:56.108 0 0 D mv2112_update_link: link 0x0
01-01 08:28:56.114 0 0 D mv2112_read_status: autoneg is disabled
01-01 08:28:56.345 0 0 I init : starting service 'qvrd_vndr'...
01-01 08:28:56.352 0 0 I init : Created socket '/dev/socket/qvrservice_vndr', mode 660, user 1000, group 1000
01-01 08:28:56.362 0 0 I init : Created socket '/dev/socket/qvrservice_vndr_camera', mode 660, user 1000, group 1000
01-01 08:28:56.388 0 0 I init : starting service 'sxrd'...
01-01 08:28:56.406 0 0 I init : starting service 'vendor.light-hal-2-0'...
09-08 05:21:06.152 6422 6422 F linker : CANNOT LINK EXECUTABLE "/vendor/bin/hw/sxrservice": library "vendor.qti.hardware.qxr-V1-ndk_platform.so" not found: needed by main executable
09-08 05:21:06.153 6421 6421 F linker : CANNOT LINK EXECUTABLE "/vendor/bin/hw/qvrservice": library "vendor.qti.hardware.qxr-V1-ndk_platform.so" not found: needed by /vendor/lib64/libqvrservice.so in namespace (default)
01-01 08:28:56.430 0 0 I init : Service 'sxrd' (pid 6422) exited with status 1
01-01 08:28:56.436 0 0 I init : Sending signal 9 to service 'sxrd' (pid 6422) process group...
01-01 08:28:56.444 0 0 I libprocessgroup: Successfully killed process cgroup uid 1000 pid 6422 in 0ms
01-01 08:28:56.454 0 0 I init : Service 'qvrd_vndr' (pid 6421) exited with status 1
01-01 08:28:56.461 0 0 I init : Sending signal 9 to service 'qvrd_vndr' (pid 6421) process group...
01-01 08:28:57.123 0 0 D : mv2112_read_status
01-01 08:28:57.127 0 0 D mv2112_update_link: 3.0x901(1G): 0x80
01-01 08:28:57.133 0 0 D mv2112_update_link: 3.0x8109(100M): 0x0
01-01 08:28:57.138 0 0 D mv2112_update_link: link 0x0
01-01 08:28:57.145 0 0 D mv2112_read_status: autoneg is disabled
01-01 08:28:58.173 0 0 D : mv2112_read_status
01-01 08:28:58.177 0 0 D mv2112_update_link: 3.0x901(1G): 0x80
01-01 08:28:58.182 0 0 D mv2112_update_link: 3.0x8109(100M): 0x0
01-01 08:28:58.187 0 0 D mv2112_update_link: link 0x0
01-01 08:28:58.192 0 0 D mv2112_read_status: autoneg is disabled
01-01 08:28:59.229 0 0 D : mv2112_read_status
01-01 08:28:59.233 0 0 D mv2112_update_link: 3.0x901(1G): 0x80
01-01 08:28:59.238 0 0 D mv2112_update_link: 3.0x8109(100M): 0x0
01-01 08:28:59.265 0 0 D mv2112_update_link: link 0x0
01-01 08:28:59.269 0 0 D mv2112_read_status: autoneg is disabled
09-08 05:21:09.874 1151 2144 I netstats_mobile_sample: [0,0,0,0,0,0,0,0,0,0,0,0,1662585669874]
09-08 05:21:09.874 1151 2144 I netstats_wifi_sample: [232316467,160959,3235572,79384,232316467,160959,3235572,79384,232484029,162657,3211888,79238,1662585669874]
01-01 08:29:00.285 0 0 D : mv2112_read_status
01-01 08:29:00.288 0 0 D mv2112_update_link: 3.0x901(1G): 0x80
01-01 08:29:00.294 0 0 D mv2112_update_link: 3.0x8109(100M): 0x0
01-01 08:29:00.313 0 0 D mv2112_update_link: link 0x0
01-01 08:29:00.317 0 0 D mv2112_read_status: autoneg is disabled
01-01 08:29:01.341 0 0 D : mv2112_read_status
01-01 08:29:01.344 0 0 D mv2112_update_link: 3.0x901(1G): 0x80
01-01 08:29:01.350 0 0 D mv2112_update_link: 3.0x8109(100M): 0x0
01-01 08:29:01.355 0 0 D mv2112_update_link: link 0x0
01-01 08:29:01.360 0 0 D mv2112_read_status: autoneg is disabled
01-01 08:29:01.389 0 0 I init : starting service 'qvrd_vndr'...
01-01 08:29:01.395 0 0 I init : Created socket '/dev/socket/qvrservice_vndr', mode 660, user 1000, group 1000
01-01 08:29:01.406 0 0 I init : Created socket '/dev/socket/qvrservice_vndr_camera', mode 660, user 1000, group 1000
01-01 08:29:01.435 0 0 I init : starting service 'sxrd'...
01-01 08:29:01.453 0 0 I init : starting service 'vendor.light-hal-2-0'...
09-08 05:21:11.195 6426 6426 F linker : CANNOT LINK EXECUTABLE "/vendor/bin/hw/qvrservice": library "vendor.qti.hardware.qxr-V1-ndk_platform.so" not found: needed by /vendor/lib64/libqvrservice.so in namespace (default)
09-08 05:21:11.209 6427 6427 F linker : CANNOT LINK EXECUTABLE "/vendor/bin/hw/sxrservice": library "vendor.qti.hardware.qxr-V1-ndk_platform.so" not found: needed by main executable
01-01 08:29:01.474 0 0 I init : Service 'qvrd_vndr' (pid 6426) exited with status 1
01-01 08:29:01.481 0 0 I init : Sending signal 9 to service 'qvrd_vndr' (pid 6426) process group...
01-01 08:29:01.489 0 0 I libprocessgroup: Successfully killed process cgroup uid 1000 pid 6426 in 0ms
01-01 08:29:01.499 0 0 I init : Service 'sxrd' (pid 6427) exited with status 1
01-01 08:29:01.505 0 0 I init : Sending signal 9 to service 'sxrd' (pid 6427) process group...
01-01 08:29:02.365 0 0 D : mv2112_read_status
01-01 08:29:02.368 0 0 D mv2112_update_link: 3.0x901(1G): 0x80
01-01 08:29:02.374 0 0 D mv2112_update_link: 3.0x8109(100M): 0x0
01-01 08:29:02.380 0 0 D mv2112_update_link: link 0x0
01-01 08:29:02.384 0 0 D mv2112_read_status: autoneg is disabled
01-01 08:29:03.389 0 0 D : mv2112_read_status
01-01 08:29:03.393 0 0 D mv2112_update_link: 3.0x901(1G): 0x80
01-01 08:29:03.398 0 0 D mv2112_update_link: 3.0x8109(100M): 0x0
01-01 08:29:03.403 0 0 D mv2112_update_link: link 0x0
01-01 08:29:03.407 0 0 D mv2112_read_status: autoneg is disabled
01-01 08:29:04.413 0 0 D : mv2112_read_status
01-01 08:29:04.416 0 0 D mv2112_update_link: 3.0x901(1G): 0x80
01-01 08:29:04.422 0 0 D mv2112_update_link: 3.0x8109(100M): 0x0
01-01 08:29:04.427 0 0 D mv2112_update_link: link 0x0
01-01 08:29:04.432 0 0 D mv2112_read_status: autoneg is disabled
01-01 08:29:05.437 0 0 D : mv2112_read_status
01-01 08:29:05.440 0 0 D mv2112_update_link: 3.0x901(1G): 0x80
01-01 08:29:05.446 0 0 D mv2112_update_link: 3.0x8109(100M): 0x0
01-01 08:29:05.451 0 0 D mv2112_update_link: link 0x0
01-01 08:29:05.455 0 0 D mv2112_read_status: autoneg is disabled
01-01 08:29:06.434 0 0 I init : starting service 'qvrd_vndr'...
01-01 08:29:06.441 0 0 I init : Created socket '/dev/socket/qvrservice_vndr', mode 660, user 1000, group 1000
01-01 08:29:06.452 0 0 I init : Created socket '/dev/socket/qvrservice_vndr_camera', mode 660, user 1000, group 1000
01-01 08:29:06.465 0 0 D : mv2112_read_status
01-01 08:29:06.468 0 0 D mv2112_update_link: 3.0x901(1G): 0x80
01-01 08:29:06.474 0 0 D mv2112_update_link: 3.0x8109(100M): 0x0
01-01 08:29:06.479 0 0 D mv2112_update_link: link 0x0
01-01 08:29:06.481 0 0 I init : starting service 'sxrd'...
01-01 08:29:06.484 0 0 D mv2112_read_status: autoneg is disabled
01-01 08:29:06.502 0 0 I init : starting service 'vendor.light-hal-2-0'...
09-08 05:21:16.252 6433 6433 F linker : CANNOT LINK EXECUTABLE "/vendor/bin/hw/sxrservice": library "vendor.qti.hardware.qxr-V1-ndk_platform.so" not found: needed by main executable
09-08 05:21:16.253 6432 6432 F linker : CANNOT LINK EXECUTABLE "/vendor/bin/hw/qvrservice": library "vendor.qti.hardware.qxr-V1-ndk_platform.so" not found: needed by /vendor/lib64/libqvrservice.so in namespace (default)
01-01 08:29:06.531 0 0 I init : Service 'sxrd' (pid 6433) exited with status 1
01-01 08:29:06.537 0 0 I init : Sending signal 9 to service 'sxrd' (pid 6433) process group...
01-01 08:29:06.545 0 0 I libprocessgroup: Successfully killed process cgroup uid 1000 pid 6433 in 0ms
01-01 08:29:06.555 0 0 I init : Service 'qvrd_vndr' (pid 6432) exited with status 1
01-01 08:29:06.561 0 0 I init : Sending signal 9 to service 'qvrd_vndr' (pid 6432) process group...
01-01 08:29:07.517 0 0 D : mv2112_read_status
01-01 08:29:07.521 0 0 D mv2112_update_link: 3.0x901(1G): 0x80
01-01 08:29:07.527 0 0 D mv2112_update_link: 3.0x8109(100M): 0x0
01-01 08:29:07.534 0 0 D mv2112_update_link: link 0x0
01-01 08:29:07.538 0 0 D mv2112_read_status: autoneg is disabled
09-08 05:21:17.903 1151 2144 I netstats_mobile_sample: [0,0,0,0,0,0,0,0,0,0,0,0,1662585677903]
09-08 05:21:17.904 1151 2144 I netstats_wifi_sample: [234741471,162607,3270068,80241,234741471,162607,3270068,80241,234909033,164305,3246384,80095,1662585677903]
01-01 08:29:08.573 0 0 D : mv2112_read_status
01-01 08:29:08.577 0 0 D mv2112_update_link: 3.0x901(1G): 0x80
01-01 08:29:08.582 0 0 D mv2112_update_link: 3.0x8109(100M): 0x0
01-01 08:29:08.588 0 0 D mv2112_update_link: link 0x0
01-01 08:29:08.592 0 0 D mv2112_read_status: autoneg is disabled
01-01 08:29:09.597 0 0 D : mv2112_read_status
01-01 08:29:09.600 0 0 D mv2112_update_link: 3.0x901(1G): 0x80
01-01 08:29:09.606 0 0 D mv2112_update_link: 3.0x8109(100M): 0x0
01-01 08:29:09.625 0 0 D mv2112_update_link: link 0x0
01-01 08:29:09.629 0 0 D mv2112_read_status: autoneg is disabled
01-01 08:29:10.653 0 0 D : mv2112_read_status
01-01 08:29:10.656 0 0 D mv2112_update_link: 3.0x901(1G): 0x80
01-01 08:29:10.662 0 0 D mv2112_update_link: 3.0x8109(100M): 0x0
01-01 08:29:10.667 0 0 D mv2112_update_link: link 0x0
01-01 08:29:10.671 0 0 D mv2112_read_status: autoneg is disabled
01-01 08:29:11.480 0 0 I init : starting service 'qvrd_vndr'...
01-01 08:29:11.487 0 0 I init : Created socket '/dev/socket/qvrservice_vndr', mode 660, user 1000, group 1000
01-01 08:29:11.497 0 0 I init : Created socket '/dev/socket/qvrservice_vndr_camera', mode 660, user 1000, group 1000
01-01 08:29:11.525 0 0 I init : starting service 'sxrd'...
01-01 08:29:11.545 0 0 I init : starting service 'vendor.light-hal-2-0'...
09-08 05:21:21.293 6437 6437 F linker : CANNOT LINK EXECUTABLE "/vendor/bin/hw/sxrservice": library "vendor.qti.hardware.qxr-V1-ndk_platform.so" not found: needed by main executable
09-08 05:21:21.295 6436 6436 F linker : CANNOT LINK EXECUTABLE "/vendor/bin/hw/qvrservice": library "vendor.qti.hardware.qxr-V1-ndk_platform.so" not found: needed by /vendor/lib64/libqvrservice.so in namespace (default)
01-01 08:29:11.573 0 0 I init : Service 'sxrd' (pid 6437) exited with status 1
01-01 08:29:11.579 0 0 I init : Sending signal 9 to service 'sxrd' (pid 6437) process group...
01-01 08:29:11.587 0 0 I libprocessgroup: Successfully killed process cgroup uid 1000 pid 6437 in 0ms
01-01 08:29:11.598 0 0 I init : Service 'qvrd_vndr' (pid 6436) exited with status 1
01-01 08:29:11.605 0 0 I init : Sending signal 9 to service 'qvrd_vndr' (pid 6436) process group...
01-01 08:29:11.677 0 0 D : mv2112_read_status
01-01 08:29:11.681 0 0 D mv2112_update_link: 3.0x901(1G): 0x80
01-01 08:29:11.686 0 0 D mv2112_update_link: 3.0x8109(100M): 0x0
01-01 08:29:11.692 0 0 D mv2112_update_link: link 0x0
01-01 08:29:11.696 0 0 D mv2112_read_status: autoneg is disabled
01-01 08:29:12.701 0 0 D : mv2112_read_status
01-01 08:29:12.704 0 0 D mv2112_update_link: 3.0x901(1G): 0x80
01-01 08:29:12.711 0 0 D mv2112_update_link: 3.0x8109(100M): 0x0
01-01 08:29:12.716 0 0 D mv2112_update_link: link 0x0
01-01 08:29:12.722 0 0 D mv2112_read_status: autoneg is disabled
01-01 08:29:13.725 0 0 D : mv2112_read_status
01-01 08:29:13.728 0 0 D mv2112_update_link: 3.0x901(1G): 0x80
01-01 08:29:13.741 0 0 D mv2112_update_link: 3.0x8109(100M): 0x0
01-01 08:29:13.749 0 0 D mv2112_update_link: link 0x0
01-01 08:29:13.754 0 0 D mv2112_read_status: autoneg is disabled
09-08 05:21:23.682 1151 2144 I netstats_mobile_sample: [0,0,0,0,0,0,0,0,0,0,0,0,1662585683681]
09-08 05:21:23.682 1151 2144 I netstats_wifi_sample: [237157123,164255,3303192,81064,237157123,164255,3303192,81064,237327649,165954,3279548,80919,1662585683681]
01-01 08:29:14.781 0 0 D : mv2112_read_status
01-01 08:29:14.784 0 0 D mv2112_update_link: 3.0x901(1G): 0x80
01-01 08:29:14.791 0 0 D mv2112_update_link: 3.0x8109(100M): 0x0
01-01 08:29:14.796 0 0 D mv2112_update_link: link 0x0
01-01 08:29:14.802 0 0 D mv2112_read_status: autoneg is disabled
01-01 08:29:15.805 0 0 D : mv2112_read_status
01-01 08:29:15.808 0 0 D mv2112_update_link: 3.0x901(1G): 0x80
01-01 08:29:15.816 0 0 D mv2112_update_link: 3.0x8109(100M): 0x0
01-01 08:29:15.822 0 0 D mv2112_update_link: link 0x0
01-01 08:29:15.827 0 0 D mv2112_read_status: autoneg is disabled
01-01 08:29:16.523 0 0 I init : starting service 'qvrd_vndr'...
01-01 08:29:16.530 0 0 I init : Created socket '/dev/socket/qvrservice_vndr', mode 660, user 1000, group 1000
01-01 08:29:16.541 0 0 I init : Created socket '/dev/socket/qvrservice_vndr_camera', mode 660, user 1000, group 1000
01-01 08:29:16.568 0 0 I init : starting service 'sxrd'...
01-01 08:29:16.587 0 0 I init : starting service 'vendor.light-hal-2-0'...
09-08 05:21:26.333 6442 6442 F linker : CANNOT LINK EXECUTABLE "/vendor/bin/hw/sxrservice": library "vendor.qti.hardware.qxr-V1-ndk_platform.so" not found: needed by main executable
09-08 05:21:26.337 6441 6441 F linker : CANNOT LINK EXECUTABLE "/vendor/bin/hw/qvrservice": library "vendor.qti.hardware.qxr-V1-ndk_platform.so" not found: needed by /vendor/lib64/libqvrservice.so in namespace (default)
01-01 08:29:16.613 0 0 I init : Service 'sxrd' (pid 6442) exited with status 1
01-01 08:29:16.619 0 0 I init : Sending signal 9 to service 'sxrd' (pid 6442) process group...
01-01 08:29:16.627 0 0 I libprocessgroup: Successfully killed process cgroup uid 1000 pid 6442 in 0ms
01-01 08:29:16.638 0 0 I init : Service 'qvrd_vndr' (pid 6441) exited with status 1
01-01 08:29:16.645 0 0 I init : Sending signal 9 to service 'qvrd_vndr' (pid 6441) process group...
01-01 08:29:16.829 0 0 D : mv2112_read_status
01-01 08:29:16.832 0 0 D mv2112_update_link: 3.0x901(1G): 0x80
01-01 08:29:16.838 0 0 D mv2112_update_link: 3.0x8109(100M): 0x0
01-01 08:29:16.843 0 0 D mv2112_update_link: link 0x0
01-01 08:29:16.848 0 0 D mv2112_read_status: autoneg is disabled
01-01 08:29:17.853 0 0 D : mv2112_read_status
01-01 08:29:17.856 0 0 D mv2112_update_link: 3.0x901(1G): 0x80
01-01 08:29:17.862 0 0 D mv2112_update_link: 3.0x8109(100M): 0x0
01-01 08:29:17.868 0 0 D mv2112_update_link: link 0x0
01-01 08:29:17.873 0 0 D mv2112_read_status: autoneg is disabled
01-01 08:29:18.877 0 0 D : mv2112_read_status
01-01 08:29:18.880 0 0 D mv2112_update_link: 3.0x901(1G): 0x80
01-01 08:29:18.886 0 0 D mv2112_update_link: 3.0x8109(100M): 0x0
01-01 08:29:18.892 0 0 D mv2112_update_link: link 0x0
01-01 08:29:18.896 0 0 D mv2112_read_status: autoneg is disabled
01-01 08:29:19.901 0 0 D : mv2112_read_status
01-01 08:29:19.904 0 0 D mv2112_update_link: 3.0x901(1G): 0x80
01-01 08:29:19.911 0 0 D mv2112_update_link: 3.0x8109(100M): 0x0
01-01 08:29:19.918 0 0 D mv2112_update_link: link 0x0
01-01 08:29:19.922 0 0 D mv2112_read_status: autoneg is disabled
09-08 05:21:30.553 1151 2144 I netstats_mobile_sample: [0,0,0,0,0,0,0,0,0,0,0,0,1662585690553]
09-08 05:21:30.554 1151 2144 I netstats_wifi_sample: [239575223,165906,3336688,81896,239575223,165906,3336688,81896,239745749,167605,3313004,81750,1662585690553]
01-01 08:29:20.925 0 0 D : mv2112_read_status
01-01 08:29:20.928 0 0 D mv2112_update_link: 3.0x901(1G): 0x80
01-01 08:29:20.935 0 0 D mv2112_update_link: 3.0x8109(100M): 0x0
01-01 08:29:20.940 0 0 D mv2112_update_link: link 0x0
01-01 08:29:20.945 0 0 D mv2112_read_status: autoneg is disabled
01-01 08:29:21.568 0 0 I init : starting service 'qvrd_vndr'...
01-01 08:29:21.574 0 0 I init : Created socket '/dev/socket/qvrservice_vndr', mode 660, user 1000, group 1000
01-01 08:29:21.585 0 0 I init : Created socket '/dev/socket/qvrservice_vndr_camera', mode 660, user 1000, group 1000
01-01 08:29:21.612 0 0 I init : starting service 'sxrd'...
01-01 08:29:21.629 0 0 I init : starting service 'vendor.light-hal-2-0'...
09-08 05:21:31.374 6447 6447 F linker : CANNOT LINK EXECUTABLE "/vendor/bin/hw/sxrservice": library "vendor.qti.hardware.qxr-V1-ndk_platform.so" not found: needed by main executable
09-08 05:21:31.376 6446 6446 F linker : CANNOT LINK EXECUTABLE "/vendor/bin/hw/qvrservice": library "vendor.qti.hardware.qxr-V1-ndk_platform.so" not found: needed by /vendor/lib64/libqvrservice.so in namespace (default)
01-01 08:29:21.653 0 0 I init : Service 'sxrd' (pid 6447) exited with status 1
01-01 08:29:21.660 0 0 I init : Sending signal 9 to service 'sxrd' (pid 6447) process group...
01-01 08:29:21.668 0 0 I libprocessgroup: Successfully killed process cgroup uid 1000 pid 6447 in 0ms
01-01 08:29:21.679 0 0 I init : Service 'qvrd_vndr' (pid 6446) exited with status 1
01-01 08:29:21.686 0 0 I init : Sending signal 9 to service 'qvrd_vndr' (pid 6446) process group...
01-01 08:29:21.949 0 0 D : mv2112_read_status
01-01 08:29:21.952 0 0 D mv2112_update_link: 3.0x901(1G): 0x80
01-01 08:29:21.961 0 0 D mv2112_update_link: 3.0x8109(100M): 0x0
01-01 08:29:21.966 0 0 D mv2112_update_link: link 0x0
01-01 08:29:21.970 0 0 D mv2112_read_status: autoneg is disabled
01-01 08:29:22.973 0 0 D : mv2112_read_status
01-01 08:29:22.976 0 0 D mv2112_update_link: 3.0x901(1G): 0x80
01-01 08:29:22.982 0 0 D mv2112_update_link: 3.0x8109(100M): 0x0
01-01 08:29:22.987 0 0 D mv2112_update_link: link 0x0
01-01 08:29:22.991 0 0 D mv2112_read_status: autoneg is disabled
01-01 08:29:23.997 0 0 D : mv2112_read_status
01-01 08:29:24.000 0 0 D mv2112_update_link: 3.0x901(1G): 0x80
01-01 08:29:24.006 0 0 D mv2112_update_link: 3.0x8109(100M): 0x0
01-01 08:29:24.011 0 0 D mv2112_update_link: link 0x0
01-01 08:29:24.016 0 0 D mv2112_read_status: autoneg is disabled
01-01 08:29:25.021 0 0 D : mv2112_read_status
01-01 08:29:25.024 0 0 D mv2112_update_link: 3.0x901(1G): 0x80
01-01 08:29:25.030 0 0 D mv2112_update_link: 3.0x8109(100M): 0x0
01-01 08:29:25.045 0 0 D mv2112_update_link: link 0x0
01-01 08:29:25.049 0 0 D mv2112_read_status: autoneg is disabled
01-01 08:29:26.077 0 0 D : mv2112_read_status
01-01 08:29:26.081 0 0 D mv2112_update_link: 3.0x901(1G): 0x80
01-01 08:29:26.086 0 0 D mv2112_update_link: 3.0x8109(100M): 0x0
01-01 08:29:26.092 0 0 D mv2112_update_link: link 0x0
01-01 08:29:26.096 0 0 D mv2112_read_status: autoneg is disabled
01-01 08:29:26.612 0 0 I init : starting service 'qvrd_vndr'...
01-01 08:29:26.619 0 0 I init : Created socket '/dev/socket/qvrservice_vndr', mode 660, user 1000, group 1000
01-01 08:29:26.629 0 0 I init : Created socket '/dev/socket/qvrservice_vndr_camera', mode 660, user 1000, group 1000
01-01 08:29:26.658 0 0 I init : starting service 'sxrd'...
01-01 08:29:26.682 0 0 I init : starting service 'vendor.light-hal-2-0'...
09-08 05:21:36.431 6451 6451 F linker : CANNOT LINK EXECUTABLE "/vendor/bin/hw/sxrservice": library "vendor.qti.hardware.qxr-V1-ndk_platform.so" not found: needed by main executable
09-08 05:21:36.431 6450 6450 F linker : CANNOT LINK EXECUTABLE "/vendor/bin/hw/qvrservice": library "vendor.qti.hardware.qxr-V1-ndk_platform.so" not found: needed by /vendor/lib64/libqvrservice.so in namespace (default)
01-01 08:29:26.709 0 0 I init : Service 'sxrd' (pid 6451) exited with status 1
01-01 08:29:26.716 0 0 I init : Sending signal 9 to service 'sxrd' (pid 6451) process group...
01-01 08:29:26.723 0 0 I libprocessgroup: Successfully killed process cgroup uid 1000 pid 6451 in 0ms
01-01 08:29:26.733 0 0 I init : Service 'qvrd_vndr' (pid 6450) exited with status 1
01-01 08:29:26.740 0 0 I init : Sending signal 9 to service 'qvrd_vndr' (pid 6450) process group...
09-08 05:21:36.724 1151 2144 I netstats_mobile_sample: [0,0,0,0,0,0,0,0,0,0,0,0,1662585696724]
09-08 05:21:36.724 1151 2144 I netstats_wifi_sample: [242012575,167585,3370184,82728,242012575,167585,3370184,82728,242183101,169284,3346500,82582,1662585696724]
01-01 08:29:27.101 0 0 D : mv2112_read_status
01-01 08:29:27.104 0 0 D mv2112_update_link: 3.0x901(1G): 0x80
01-01 08:29:27.111 0 0 D mv2112_update_link: 3.0x8109(100M): 0x0
01-01 08:29:27.129 0 0 D mv2112_update_link: link 0x0
01-01 08:29:27.133 0 0 D mv2112_read_status: autoneg is disabled
01-01 08:29:28.157 0 0 D : mv2112_read_status
01-01 08:29:28.160 0 0 D mv2112_update_link: 3.0x901(1G): 0x80
01-01 08:29:28.176 0 0 D mv2112_update_link: 3.0x8109(100M): 0x0
01-01 08:29:28.182 0 0 D mv2112_update_link: link 0x0
01-01 08:29:28.186 0 0 D mv2112_read_status: autoneg is disabled
01-01 08:29:29.213 0 0 D : mv2112_read_status
01-01 08:29:29.216 0 0 D mv2112_update_link: 3.0x901(1G): 0x80
01-01 08:29:29.222 0 0 D mv2112_update_link: 3.0x8109(100M): 0x0
01-01 08:29:29.241 0 0 D mv2112_update_link: link 0x0
01-01 08:29:29.245 0 0 D mv2112_read_status: autoneg is disabled
01-01 08:29:30.174 0 0 I [schedu][0x7e9742a84][05:21:39.896213] wlan: [4436:I:WMA] [05:21:39.417000] [ROAM_TRIGGER]: VDEV[0] Reason: "PER"
01-01 08:29:30.186 0 0 I [schedu][0x7e977c14d][05:21:39.908462] wlan: [4436:I:WMA] [05:21:39.417000] [ROAM_SCAN]: VDEV[0] Scan_type: PARTIAL {5200 5280 }
01-01 08:29:30.199 0 0 I [schedu][0x7e97ba82d][05:21:39.921781] wlan: [4436:I:WMA] ============================================================================================================================
01-01 08:29:30.217 0 0 I [schedu][0x7e9810067][05:21:39.940023] wlan: [4436:I:WMA] AP BSSID TSTAMP CH TY ETP RSSI/SCR CU%/SCR TOT_SCR BL_RSN BL_SRC BL_TSTAMP BL_TIMEOUT(ms)
01-01 08:29:30.235 0 0 I [schedu][0x7e9863d6e][05:21:39.957902] wlan: [4436:I:WMA] ============================================================================================================================
01-01 08:29:30.254 0 0 I [schedu][0x7e98bd91d][05:21:39.977044] wlan: [4436:I:WMA] 04:d9:f5:fb:09:94 [05:21:39.417000] 5280 P_AP 0 44/0 0/0 4586 0 0 [00:00:00.000000] 0
01-01 08:29:30.272 0 0 D : mv2112_read_status
01-01 08:29:30.272 0 0 I [schedu][0x7e990f270][05:21:39.994448] wlan: [4436:I:WMA] [05:21:39.891000] [ROAM_RESULT]: VDEV[0] FAILED Reason: NO AP FOUND
01-01 08:29:30.275 0 0 D mv2112_update_link: 3.0x901(1G): 0x80
01-01 08:29:30.288 0 0 I [schedu][0x7e9959ba8][05:21:40.010357] wlan: [4436:I:WMA] [05:21:33.717000] [BTM_QUERY] VDEV[0]
01-01 08:29:30.288 0 0 I [schedu][0x7e9959c21][05:21:40.010364] wlan: [4436:I:WMA] BTM No response received from AP
01-01 08:29:30.313 0 0 D mv2112_update_link: 3.0x8109(100M): 0x0
01-01 08:29:30.318 0 0 D mv2112_update_link: link 0x0
01-01 08:29:30.322 0 0 D mv2112_read_status: autoneg is disabled
01-01 08:29:31.325 0 0 D : mv2112_read_status
01-01 08:29:31.329 0 0 D mv2112_update_link: 3.0x901(1G): 0x80
01-01 08:29:31.334 0 0 D mv2112_update_link: 3.0x8109(100M): 0x0
01-01 08:29:31.340 0 0 D mv2112_update_link: link 0x0
01-01 08:29:31.344 0 0 D mv2112_read_status: autoneg is disabled
01-01 08:29:31.658 0 0 I init : starting service 'qvrd_vndr'...
01-01 08:29:31.665 0 0 I init : Created socket '/dev/socket/qvrservice_vndr', mode 660, user 1000, group 1000
01-01 08:29:31.676 0 0 I init : Created socket '/dev/socket/qvrservice_vndr_camera', mode 660, user 1000, group 1000
01-01 08:29:31.702 0 0 I init : starting service 'sxrd'...
01-01 08:29:31.724 0 0 I init : starting service 'vendor.light-hal-2-0'...
09-08 05:21:41.473 6456 6456 F linker : CANNOT LINK EXECUTABLE "/vendor/bin/hw/sxrservice": library "vendor.qti.hardware.qxr-V1-ndk_platform.so" not found: needed by main executable
09-08 05:21:41.473 6455 6455 F linker : CANNOT LINK EXECUTABLE "/vendor/bin/hw/qvrservice": library "vendor.qti.hardware.qxr-V1-ndk_platform.so" not found: needed by /vendor/lib64/libqvrservice.so in namespace (default)
01-01 08:29:31.753 0 0 I init : Service 'qvrd_vndr' (pid 6455) exited with status 1
01-01 08:29:31.759 0 0 I init : Sending signal 9 to service 'qvrd_vndr' (pid 6455) process group...
01-01 08:29:31.768 0 0 I libprocessgroup: Successfully killed process cgroup uid 1000 pid 6455 in 0ms
01-01 08:29:31.778 0 0 I init : Service 'sxrd' (pid 6456) exited with status 1
01-01 08:29:31.784 0 0 I init : Sending signal 9 to service 'sxrd' (pid 6456) process group...
01-01 08:29:32.350 0 0 D : mv2112_read_status
01-01 08:29:32.356 0 0 D mv2112_update_link: 3.0x901(1G): 0x80
01-01 08:29:32.362 0 0 D mv2112_update_link: 3.0x8109(100M): 0x0
01-01 08:29:32.367 0 0 D mv2112_update_link: link 0x0
01-01 08:29:32.371 0 0 D mv2112_read_status: autoneg is disabled
09-08 05:21:42.192 1151 2144 I netstats_mobile_sample: [0,0,0,0,0,0,0,0,0,0,0,0,1662585702192]
09-08 05:21:42.192 1151 2144 I netstats_wifi_sample: [244199007,169109,3399012,83443,244199007,169109,3399012,83443,244366497,170805,3375288,83296,1662585702192]
01-01 08:29:33.405 0 0 D : mv2112_read_status
01-01 08:29:33.408 0 0 D mv2112_update_link: 3.0x901(1G): 0x80
01-01 08:29:33.421 0 0 D mv2112_update_link: 3.0x8109(100M): 0x0
01-01 08:29:33.426 0 0 D mv2112_update_link: link 0x0
01-01 08:29:33.430 0 0 D mv2112_read_status: autoneg is disabled
01-01 08:29:33.625 0 0 I [schedu][0x7ed67549f][05:21:43.347654] wlan: [4436:I:WMA] [05:21:39.957000] [ROAM_TRIGGER]: VDEV[0] Reason: "PER" Sub-Reason: FULL SCAN
01-01 08:29:33.640 0 0 I [schedu][0x7ed6bcf27][05:21:43.362941] wlan: [4436:I:WMA] [05:21:39.957000] [ROAM_SCAN]: VDEV[0] Scan_type: FULL
01-01 08:29:33.652 0 0 I [schedu][0x7ed6f4a06][05:21:43.374819] wlan: [4436:I:WMA] ============================================================================================================================
01-01 08:29:33.670 0 0 I [schedu][0x7ed749021][05:21:43.392819] wlan: [4436:I:WMA] AP BSSID TSTAMP CH TY ETP RSSI/SCR CU%/SCR TOT_SCR BL_RSN BL_SRC BL_TSTAMP BL_TIMEOUT(ms)
01-01 08:29:33.689 0 0 I [schedu][0x7ed7a2093][05:21:43.411811] wlan: [4436:I:WMA] ============================================================================================================================
01-01 08:29:33.707 0 0 I [schedu][0x7ed7f594b][05:21:43.429633] wlan: [4436:I:WMA] 04:d9:f5:fb:09:94 [05:21:39.957000] 5280 P_AP 0 43/0 0/0 4586 0 0 [00:00:00.000000] 0
01-01 08:29:33.724 0 0 I [schedu][0x7ed84702c][05:21:43.447004] wlan: [4436:I:WMA] [05:21:43.343000] [ROAM_RESULT]: VDEV[0] FAILED Reason: NO AP FOUND
01-01 08:29:34.461 0 0 D : mv2112_read_status
01-01 08:29:34.464 0 0 D mv2112_update_link: 3.0x901(1G): 0x80
01-01 08:29:34.471 0 0 D mv2112_update_link: 3.0x8109(100M): 0x0
01-01 08:29:34.476 0 0 D mv2112_update_link: link 0x0
01-01 08:29:34.482 0 0 D mv2112_read_status: autoneg is disabled
01-01 08:29:35.485 0 0 D : mv2112_read_status
01-01 08:29:35.489 0 0 D mv2112_update_link: 3.0x901(1G): 0x80
01-01 08:29:35.494 0 0 D mv2112_update_link: 3.0x8109(100M): 0x0
01-01 08:29:35.499 0 0 D mv2112_update_link: link 0x0
01-01 08:29:35.503 0 0 D mv2112_read_status: autoneg is disabled
01-01 08:29:36.509 0 0 D : mv2112_read_status
01-01 08:29:36.512 0 0 D mv2112_update_link: 3.0x901(1G): 0x80
01-01 08:29:36.520 0 0 D mv2112_update_link: 3.0x8109(100M): 0x0
01-01 08:29:36.525 0 0 D mv2112_update_link: link 0x0
01-01 08:29:36.530 0 0 D mv2112_read_status: autoneg is disabled
01-01 08:29:36.702 0 0 I init : starting service 'qvrd_vndr'...
01-01 08:29:36.709 0 0 I init : Created socket '/dev/socket/qvrservice_vndr', mode 660, user 1000, group 1000
01-01 08:29:36.719 0 0 I init : Created socket '/dev/socket/qvrservice_vndr_camera', mode 660, user 1000, group 1000
01-01 08:29:36.746 0 0 I init : starting service 'sxrd'...
01-01 08:29:36.768 0 0 I init : starting service 'vendor.light-hal-2-0'...
09-08 05:21:46.515 6462 6462 F linker : CANNOT LINK EXECUTABLE "/vendor/bin/hw/sxrservice": library "vendor.qti.hardware.qxr-V1-ndk_platform.so" not found: needed by main executable
09-08 05:21:46.517 6461 6461 F linker : CANNOT LINK EXECUTABLE "/vendor/bin/hw/qvrservice": library "vendor.qti.hardware.qxr-V1-ndk_platform.so" not found: needed by /vendor/lib64/libqvrservice.so in namespace (default)
01-01 08:29:36.794 0 0 I init : Service 'sxrd' (pid 6462) exited with status 1
01-01 08:29:36.800 0 0 I init : Sending signal 9 to service 'sxrd' (pid 6462) process group...
01-01 08:29:36.808 0 0 I libprocessgroup: Successfully killed process cgroup uid 1000 pid 6462 in 0ms
01-01 08:29:36.818 0 0 I init : Service 'qvrd_vndr' (pid 6461) exited with status 1
01-01 08:29:36.825 0 0 I init : Sending signal 9 to service 'qvrd_vndr' (pid 6461) process group...
01-01 08:29:37.533 0 0 D : mv2112_read_status
01-01 08:29:37.536 0 0 D mv2112_update_link: 3.0x901(1G): 0x80
01-01 08:29:37.542 0 0 D mv2112_update_link: 3.0x8109(100M): 0x0
01-01 08:29:37.561 0 0 D mv2112_update_link: link 0x0
01-01 08:29:37.569 0 0 D mv2112_read_status: autoneg is disabled
01-01 08:29:38.589 0 0 D : mv2112_read_status
01-01 08:29:38.593 0 0 D mv2112_update_link: 3.0x901(1G): 0x80
01-01 08:29:38.598 0 0 D mv2112_update_link: 3.0x8109(100M): 0x0
01-01 08:29:38.603 0 0 D mv2112_update_link: link 0x0
01-01 08:29:38.607 0 0 D mv2112_read_status: autoneg is disabled
09-08 05:21:49.168 1151 2144 I netstats_mobile_sample: [0,0,0,0,0,0,0,0,0,0,0,0,1662585709168]
09-08 05:21:49.168 1151 2144 I netstats_wifi_sample: [246597611,170777,3431284,84245,246597611,170777,3431244,84244,246768101,172475,3407520,84097,1662585709168]
01-01 08:29:39.613 0 0 D : mv2112_read_status
01-01 08:29:39.616 0 0 D mv2112_update_link: 3.0x901(1G): 0x80
01-01 08:29:39.623 0 0 D mv2112_update_link: 3.0x8109(100M): 0x0
01-01 08:29:39.630 0 0 D mv2112_update_link: link 0x0
01-01 08:29:39.635 0 0 D mv2112_read_status: autoneg is disabled
01-01 08:29:40.669 0 0 D : mv2112_read_status
01-01 08:29:40.672 0 0 D mv2112_update_link: 3.0x901(1G): 0x80
01-01 08:29:40.678 0 0 D mv2112_update_link: 3.0x8109(100M): 0x0
01-01 08:29:40.683 0 0 D mv2112_update_link: link 0x0
01-01 08:29:40.688 0 0 D mv2112_read_status: autoneg is disabled
01-01 08:29:41.693 0 0 D : mv2112_read_status
01-01 08:29:41.696 0 0 D mv2112_update_link: 3.0x901(1G): 0x80
01-01 08:29:41.703 0 0 D mv2112_update_link: 3.0x8109(100M): 0x0
01-01 08:29:41.708 0 0 D mv2112_update_link: link 0x0
01-01 08:29:41.714 0 0 D mv2112_read_status: autoneg is disabled
01-01 08:29:41.746 0 0 I init : starting service 'qvrd_vndr'...
01-01 08:29:41.751 0 0 I init : Created socket '/dev/socket/qvrservice_vndr', mode 660, user 1000, group 1000
01-01 08:29:41.761 0 0 I init : Created socket '/dev/socket/qvrservice_vndr_camera', mode 660, user 1000, group 1000
01-01 08:29:41.786 0 0 I init : starting service 'sxrd'...
01-01 08:29:41.804 0 0 I init : starting service 'vendor.light-hal-2-0'...
09-08 05:21:51.555 6465 6465 F linker : CANNOT LINK EXECUTABLE "/vendor/bin/hw/qvrservice": library "vendor.qti.hardware.qxr-V1-ndk_platform.so" not found: needed by /vendor/lib64/libqvrservice.so in namespace (default)
09-08 05:21:51.556 6466 6466 F linker : CANNOT LINK EXECUTABLE "/vendor/bin/hw/sxrservice": library "vendor.qti.hardware.qxr-V1-ndk_platform.so" not found: needed by main executable
01-01 08:29:41.835 0 0 I init : Service 'qvrd_vndr' (pid 6465) exited with status 1
01-01 08:29:41.842 0 0 I init : Sending signal 9 to service 'qvrd_vndr' (pid 6465) process group...
01-01 08:29:41.850 0 0 I libprocessgroup: Successfully killed process cgroup uid 1000 pid 6465 in 0ms
01-01 08:29:41.862 0 0 I init : Service 'sxrd' (pid 6466) exited with status 1
01-01 08:29:41.868 0 0 I init : Sending signal 9 to service 'sxrd' (pid 6466) process group...
01-01 08:29:42.717 0 0 D : mv2112_read_status
01-01 08:29:42.720 0 0 D mv2112_update_link: 3.0x901(1G): 0x80
01-01 08:29:42.726 0 0 D mv2112_update_link: 3.0x8109(100M): 0x0
01-01 08:29:42.731 0 0 D mv2112_update_link: link 0x0
01-01 08:29:42.736 0 0 D mv2112_read_status: autoneg is disabled
01-01 08:29:43.741 0 0 D : mv2112_read_status
01-01 08:29:43.744 0 0 D mv2112_update_link: 3.0x901(1G): 0x80
01-01 08:29:43.750 0 0 D mv2112_update_link: 3.0x8109(100M): 0x0
01-01 08:29:43.769 0 0 D mv2112_update_link: link 0x0
01-01 08:29:43.777 0 0 D mv2112_read_status: autoneg is disabled
01-01 08:29:44.797 0 0 D : mv2112_read_status
01-01 08:29:44.800 0 0 D mv2112_update_link: 3.0x901(1G): 0x80
01-01 08:29:44.806 0 0 D mv2112_update_link: 3.0x8109(100M): 0x0
01-01 08:29:44.811 0 0 D mv2112_update_link: link 0x0
01-01 08:29:44.815 0 0 D mv2112_read_status: autoneg is disabled
01-01 08:29:45.821 0 0 D : mv2112_read_status
01-01 08:29:45.824 0 0 D mv2112_update_link: 3.0x901(1G): 0x80
01-01 08:29:45.831 0 0 D mv2112_update_link: 3.0x8109(100M): 0x0
01-01 08:29:45.836 0 0 D mv2112_update_link: link 0x0
01-01 08:29:45.841 0 0 D mv2112_read_status: autoneg is disabled
09-08 05:21:55.903 1151 2144 I netstats_mobile_sample: [0,0,0,0,0,0,0,0,0,0,0,0,1662585715903]
09-08 05:21:55.903 1151 2144 I netstats_wifi_sample: [249045931,172440,3465496,85094,249045931,172440,3465496,85094,249213421,174136,3441732,84946,1662585715903]
01-01 08:29:46.786 0 0 I init : starting service 'qvrd_vndr'...
01-01 08:29:46.792 0 0 I init : Created socket '/dev/socket/qvrservice_vndr', mode 660, user 1000, group 1000
01-01 08:29:46.803 0 0 I init : Created socket '/dev/socket/qvrservice_vndr_camera', mode 660, user 1000, group 1000
01-01 08:29:46.829 0 0 I init : starting service 'sxrd'...
01-01 08:29:46.845 0 0 D : mv2112_read_status
01-01 08:29:46.846 0 0 I init : starting service 'vendor.light-hal-2-0'...
01-01 08:29:46.848 0 0 D mv2112_update_link: 3.0x901(1G): 0x80
01-01 08:29:46.860 0 0 D mv2112_update_link: 3.0x8109(100M): 0x0
01-01 08:29:46.865 0 0 D mv2112_update_link: link 0x0
01-01 08:29:46.870 0 0 D mv2112_read_status: autoneg is disabled
09-08 05:21:56.592 6471 6471 F linker : CANNOT LINK EXECUTABLE "/vendor/bin/hw/sxrservice": library "vendor.qti.hardware.qxr-V1-ndk_platform.so" not found: needed by main executable
09-08 05:21:56.594 6470 6470 F linker : CANNOT LINK EXECUTABLE "/vendor/bin/hw/qvrservice": library "vendor.qti.hardware.qxr-V1-ndk_platform.so" not found: needed by /vendor/lib64/libqvrservice.so in namespace (default)
01-01 08:29:46.871 0 0 I init : Service 'sxrd' (pid 6471) exited with status 1
01-01 08:29:46.881 0 0 I init : Sending signal 9 to service 'sxrd' (pid 6471) process group...
01-01 08:29:46.889 0 0 I libprocessgroup: Successfully killed process cgroup uid 1000 pid 6471 in 0ms
01-01 08:29:46.899 0 0 I init : Service 'qvrd_vndr' (pid 6470) exited with status 1
01-01 08:29:46.906 0 0 I init : Sending signal 9 to service 'qvrd_vndr' (pid 6470) process group...
01-01 08:29:47.901 0 0 D : mv2112_read_status
01-01 08:29:47.904 0 0 D mv2112_update_link: 3.0x901(1G): 0x80
01-01 08:29:47.910 0 0 D mv2112_update_link: 3.0x8109(100M): 0x0
01-01 08:29:47.916 0 0 D mv2112_update_link: link 0x0
01-01 08:29:47.920 0 0 D mv2112_read_status: autoneg is disabled
01-01 08:29:48.925 0 0 D : mv2112_read_status
01-01 08:29:48.928 0 0 D mv2112_update_link: 3.0x901(1G): 0x80
01-01 08:29:48.935 0 0 D mv2112_update_link: 3.0x8109(100M): 0x0
01-01 08:29:48.940 0 0 D mv2112_update_link: link 0x0
01-01 08:29:48.945 0 0 D mv2112_read_status: autoneg is disabled
01-01 08:29:49.949 0 0 D : mv2112_read_status
01-01 08:29:49.953 0 0 D mv2112_update_link: 3.0x901(1G): 0x80
01-01 08:29:49.959 0 0 D mv2112_update_link: 3.0x8109(100M): 0x0
01-01 08:29:49.964 0 0 D mv2112_update_link: link 0x0
01-01 08:29:49.975 0 0 D mv2112_read_status: autoneg is disabled
01-01 08:29:51.005 0 0 D : mv2112_read_status
01-01 08:29:51.008 0 0 D mv2112_update_link: 3.0x901(1G): 0x80
01-01 08:29:51.015 0 0 D mv2112_update_link: 3.0x8109(100M): 0x0
01-01 08:29:51.033 0 0 D mv2112_update_link: link 0x0
01-01 08:29:51.037 0 0 D mv2112_read_status: autoneg is disabled
01-01 08:29:51.827 0 0 I init : starting service 'qvrd_vndr'...
01-01 08:29:51.833 0 0 I init : Created socket '/dev/socket/qvrservice_vndr', mode 660, user 1000, group 1000
01-01 08:29:51.843 0 0 I init : Created socket '/dev/socket/qvrservice_vndr_camera', mode 660, user 1000, group 1000
01-01 08:29:51.869 0 0 I init : starting service 'sxrd'...
01-01 08:29:51.886 0 0 I init : starting service 'vendor.light-hal-2-0'...
09-08 05:22:01.634 6476 6476 F linker : CANNOT LINK EXECUTABLE "/vendor/bin/hw/sxrservice": library "vendor.qti.hardware.qxr-V1-ndk_platform.so" not found: needed by main executable
09-08 05:22:01.634 6475 6475 F linker : CANNOT LINK EXECUTABLE "/vendor/bin/hw/qvrservice": library "vendor.qti.hardware.qxr-V1-ndk_platform.so" not found: needed by /vendor/lib64/libqvrservice.so in namespace (default)
01-01 08:29:51.913 0 0 I init : Service 'sxrd' (pid 6476) exited with status 1
01-01 08:29:51.919 0 0 I init : Sending signal 9 to service 'sxrd' (pid 6476) process group...
01-01 08:29:51.927 0 0 I libprocessgroup: Successfully killed process cgroup uid 1000 pid 6476 in 0ms
01-01 08:29:51.938 0 0 I init : Service 'qvrd_vndr' (pid 6475) exited with status 1
01-01 08:29:51.944 0 0 I init : Sending signal 9 to service 'qvrd_vndr' (pid 6475) process group...
01-01 08:29:52.068 0 0 D : mv2112_read_status
01-01 08:29:52.072 0 0 D mv2112_update_link: 3.0x901(1G): 0x80
01-01 08:29:52.078 0 0 D mv2112_update_link: 3.0x8109(100M): 0x0
01-01 08:29:52.083 0 0 D mv2112_update_link: link 0x0
01-01 08:29:52.087 0 0 D mv2112_read_status: autoneg is disabled
09-08 05:22:01.949 1151 2144 I netstats_mobile_sample: [0,0,0,0,0,0,0,0,0,0,0,0,1662585721949]
09-08 05:22:01.950 1151 2144 I netstats_wifi_sample: [251762167,174352,3502280,86007,251762167,174352,3502280,86007,251929621,176047,3478516,85859,1662585721949]
01-01 08:29:53.117 0 0 D : mv2112_read_status
01-01 08:29:53.120 0 0 D mv2112_update_link: 3.0x901(1G): 0x80
01-01 08:29:53.127 0 0 D mv2112_update_link: 3.0x8109(100M): 0x0
01-01 08:29:53.149 0 0 D mv2112_update_link: link 0x0
01-01 08:29:53.153 0 0 D mv2112_read_status: autoneg is disabled
01-01 08:29:54.173 0 0 D : mv2112_read_status
01-01 08:29:54.177 0 0 D mv2112_update_link: 3.0x901(1G): 0x80
01-01 08:29:54.182 0 0 D mv2112_update_link: 3.0x8109(100M): 0x0
01-01 08:29:54.188 0 0 D mv2112_update_link: link 0x0
01-01 08:29:54.192 0 0 D mv2112_read_status: autoneg is disabled
01-01 08:29:55.197 0 0 D : mv2112_read_status
01-01 08:29:55.200 0 0 D mv2112_update_link: 3.0x901(1G): 0x80
01-01 08:29:55.206 0 0 D mv2112_update_link: 3.0x8109(100M): 0x0
01-01 08:29:55.211 0 0 D mv2112_update_link: link 0x0
01-01 08:29:55.216 0 0 D mv2112_read_status: autoneg is disabled
01-01 08:29:56.221 0 0 D : mv2112_read_status
01-01 08:29:56.224 0 0 D mv2112_update_link: 3.0x901(1G): 0x80
01-01 08:29:56.230 0 0 D mv2112_update_link: 3.0x8109(100M): 0x0
01-01 08:29:56.235 0 0 D mv2112_update_link: link 0x0
01-01 08:29:56.240 0 0 D mv2112_read_status: autoneg is disabled
01-01 08:29:56.867 0 0 I init : starting service 'qvrd_vndr'...
01-01 08:29:56.873 0 0 I init : Created socket '/dev/socket/qvrservice_vndr', mode 660, user 1000, group 1000
01-01 08:29:56.883 0 0 I init : Created socket '/dev/socket/qvrservice_vndr_camera', mode 660, user 1000, group 1000
01-01 08:29:56.909 0 0 I init : starting service 'sxrd'...
01-01 08:29:56.927 0 0 I init : starting service 'vendor.light-hal-2-0'...
09-08 05:22:06.673 6480 6480 F linker : CANNOT LINK EXECUTABLE "/vendor/bin/hw/sxrservice": library "vendor.qti.hardware.qxr-V1-ndk_platform.so" not found: needed by main executable
09-08 05:22:06.675 6479 6479 F linker : CANNOT LINK EXECUTABLE "/vendor/bin/hw/qvrservice": library "vendor.qti.hardware.qxr-V1-ndk_platform.so" not found: needed by /vendor/lib64/libqvrservice.so in namespace (default)
01-01 08:29:56.952 0 0 I init : Service 'sxrd' (pid 6480) exited with status 1
01-01 08:29:56.959 0 0 I init : Sending signal 9 to service 'sxrd' (pid 6480) process group...
01-01 08:29:56.967 0 0 I libprocessgroup: Successfully killed process cgroup uid 1000 pid 6480 in 0ms
01-01 08:29:56.977 0 0 I init : Service 'qvrd_vndr' (pid 6479) exited with status 1
01-01 08:29:56.983 0 0 I init : Sending signal 9 to service 'qvrd_vndr' (pid 6479) process group...
01-01 08:29:57.245 0 0 D : mv2112_read_status
01-01 08:29:57.249 0 0 D mv2112_update_link: 3.0x901(1G): 0x80
01-01 08:29:57.261 0 0 D mv2112_update_link: 3.0x8109(100M): 0x0
01-01 08:29:57.266 0 0 D mv2112_update_link: link 0x0
01-01 08:29:57.270 0 0 D mv2112_read_status: autoneg is disabled
09-08 05:22:07.931 1151 2144 I netstats_mobile_sample: [0,0,0,0,0,0,0,0,0,0,0,0,1662585727930]
09-08 05:22:07.931 1151 2144 I netstats_wifi_sample: [254188671,176055,3534456,86806,254187171,176054,3534416,86805,254354625,177749,3510612,86656,1662585727930]
01-01 08:29:58.301 0 0 D : mv2112_read_status
01-01 08:29:58.304 0 0 D mv2112_update_link: 3.0x901(1G): 0x80
01-01 08:29:58.310 0 0 D mv2112_update_link: 3.0x8109(100M): 0x0
01-01 08:29:58.315 0 0 D mv2112_update_link: link 0x0
01-01 08:29:58.319 0 0 D mv2112_read_status: autoneg is disabled
01-01 08:29:59.325 0 0 D : mv2112_read_status
01-01 08:29:59.328 0 0 D mv2112_update_link: 3.0x901(1G): 0x80
01-01 08:29:59.335 0 0 D mv2112_update_link: 3.0x8109(100M): 0x0
01-01 08:29:59.340 0 0 D mv2112_update_link: link 0x0
01-01 08:29:59.346 0 0 D mv2112_read_status: autoneg is disabled
01-01 08:30:00.349 0 0 D : mv2112_read_status
01-01 08:30:00.352 0 0 D mv2112_update_link: 3.0x901(1G): 0x80
01-01 08:30:00.358 0 0 D mv2112_update_link: 3.0x8109(100M): 0x0
01-01 08:30:00.364 0 0 D mv2112_update_link: link 0x0
01-01 08:30:00.368 0 0 D mv2112_read_status: autoneg is disabled
01-01 08:30:01.373 0 0 D : mv2112_read_status
01-01 08:30:01.377 0 0 D mv2112_update_link: 3.0x901(1G): 0x80
01-01 08:30:01.382 0 0 D mv2112_update_link: 3.0x8109(100M): 0x0
01-01 08:30:01.387 0 0 D mv2112_update_link: link 0x0
01-01 08:30:01.402 0 0 D mv2112_read_status: autoneg is disabled
01-01 08:30:01.907 0 0 I init : starting service 'qvrd_vndr'...
01-01 08:30:01.913 0 0 I init : Created socket '/dev/socket/qvrservice_vndr', mode 660, user 1000, group 1000
01-01 08:30:01.922 0 0 I init : Created socket '/dev/socket/qvrservice_vndr_camera', mode 660, user 1000, group 1000
01-01 08:30:01.947 0 0 I init : starting service 'sxrd'...
01-01 08:30:01.963 0 0 I init : starting service 'vendor.light-hal-2-0'...
09-08 05:22:11.713 6484 6484 F linker : CANNOT LINK EXECUTABLE "/vendor/bin/hw/qvrservice": library "vendor.qti.hardware.qxr-V1-ndk_platform.so" not found: needed by /vendor/lib64/libqvrservice.so in namespace (default)
09-08 05:22:11.714 6485 6485 F linker : CANNOT LINK EXECUTABLE "/vendor/bin/hw/sxrservice": library "vendor.qti.hardware.qxr-V1-ndk_platform.so" not found: needed by main executable
01-01 08:30:01.993 0 0 I init : Service 'qvrd_vndr' (pid 6484) exited with status 1
01-01 08:30:02.000 0 0 I init : Sending signal 9 to service 'qvrd_vndr' (pid 6484) process group...
01-01 08:30:02.008 0 0 I libprocessgroup: Successfully killed process cgroup uid 1000 pid 6484 in 0ms
01-01 08:30:02.018 0 0 I init : Service 'sxrd' (pid 6485) exited with status 1
01-01 08:30:02.025 0 0 I init : Sending signal 9 to service 'sxrd' (pid 6485) process group...
01-01 08:30:02.429 0 0 D : mv2112_read_status
01-01 08:30:02.433 0 0 D mv2112_update_link: 3.0x901(1G): 0x80
01-01 08:30:02.439 0 0 D mv2112_update_link: 3.0x8109(100M): 0x0
01-01 08:30:02.444 0 0 D mv2112_update_link: link 0x0
01-01 08:30:02.448 0 0 D mv2112_read_status: autoneg is disabled
09-08 05:22:12.744 1151 2144 I netstats_mobile_sample: [0,0,0,0,0,0,0,0,0,0,0,0,1662585732744]
09-08 05:22:12.744 1151 2144 I netstats_wifi_sample: [256627239,177750,3566576,87603,256624239,177748,3566536,87602,256769825,179428,3542348,87444,1662585732744]
01-01 08:30:03.453 0 0 D : mv2112_read_status
01-01 08:30:03.456 0 0 D mv2112_update_link: 3.0x901(1G): 0x80
01-01 08:30:03.463 0 0 D mv2112_update_link: 3.0x8109(100M): 0x0
01-01 08:30:03.470 0 0 D mv2112_update_link: link 0x0
01-01 08:30:03.474 0 0 D mv2112_read_status: autoneg is disabled
01-01 08:30:04.477 0 0 D : mv2112_read_status
01-01 08:30:04.480 0 0 D mv2112_update_link: 3.0x901(1G): 0x80
01-01 08:30:04.486 0 0 D mv2112_update_link: 3.0x8109(100M): 0x0
01-01 08:30:04.505 0 0 D mv2112_update_link: link 0x0
01-01 08:30:04.509 0 0 D mv2112_read_status: autoneg is disabled
01-01 08:30:05.533 0 0 D : mv2112_read_status
01-01 08:30:05.537 0 0 D mv2112_update_link: 3.0x901(1G): 0x80
01-01 08:30:05.543 0 0 D mv2112_update_link: 3.0x8109(100M): 0x0
01-01 08:30:05.548 0 0 D mv2112_update_link: link 0x0
01-01 08:30:05.552 0 0 D mv2112_read_status: autoneg is disabled
01-01 08:30:06.557 0 0 D : mv2112_read_status
01-01 08:30:06.560 0 0 D mv2112_update_link: 3.0x901(1G): 0x80
01-01 08:30:06.567 0 0 D mv2112_update_link: 3.0x8109(100M): 0x0
01-01 08:30:06.572 0 0 D mv2112_update_link: link 0x0
01-01 08:30:06.578 0 0 D mv2112_read_status: autoneg is disabled
01-01 08:30:06.946 0 0 I init : starting service 'qvrd_vndr'...
01-01 08:30:06.952 0 0 I init : Created socket '/dev/socket/qvrservice_vndr', mode 660, user 1000, group 1000
01-01 08:30:06.962 0 0 I init : Created socket '/dev/socket/qvrservice_vndr_camera', mode 660, user 1000, group 1000
01-01 08:30:06.989 0 0 I init : starting service 'sxrd'...
01-01 08:30:07.006 0 0 I init : starting service 'vendor.light-hal-2-0'...
09-08 05:22:16.756 6490 6490 F linker : CANNOT LINK EXECUTABLE "/vendor/bin/hw/sxrservice": library "vendor.qti.hardware.qxr-V1-ndk_platform.so" not found: needed by main executable
01-01 08:30:07.035 0 0 I init : Service 'qvrd_vndr' (pid 6489) exited with status 1
09-08 05:22:16.756 6489 6489 F linker : CANNOT LINK EXECUTABLE "/vendor/bin/hw/qvrservice": library "vendor.qti.hardware.qxr-V1-ndk_platform.so" not found: needed by /vendor/lib64/libqvrservice.so in namespace (default)
01-01 08:30:07.042 0 0 I init : Sending signal 9 to service 'qvrd_vndr' (pid 6489) process group...
01-01 08:30:07.051 0 0 I libprocessgroup: Successfully killed process cgroup uid 1000 pid 6489 in 0ms
01-01 08:30:07.061 0 0 I init : Service 'sxrd' (pid 6490) exited with status 1
01-01 08:30:07.067 0 0 I init : Sending signal 9 to service 'sxrd' (pid 6490) process group...
01-01 08:30:07.613 0 0 D : mv2112_read_status
01-01 08:30:07.617 0 0 D mv2112_update_link: 3.0x901(1G): 0x80
01-01 08:30:07.622 0 0 D mv2112_update_link: 3.0x8109(100M): 0x0
01-01 08:30:07.628 0 0 D mv2112_update_link: link 0x0
01-01 08:30:07.633 0 0 D mv2112_read_status: autoneg is disabled
01-01 08:30:08.637 0 0 D : mv2112_read_status
01-01 08:30:08.640 0 0 D mv2112_update_link: 3.0x901(1G): 0x80
01-01 08:30:08.646 0 0 D mv2112_update_link: 3.0x8109(100M): 0x0
01-01 08:30:08.652 0 0 D mv2112_update_link: link 0x0
01-01 08:30:08.656 0 0 D mv2112_read_status: autoneg is disabled
01-01 08:30:09.661 0 0 D : mv2112_read_status
01-01 08:30:09.664 0 0 D mv2112_update_link: 3.0x901(1G): 0x80
01-01 08:30:09.670 0 0 D mv2112_update_link: 3.0x8109(100M): 0x0
01-01 08:30:09.675 0 0 D mv2112_update_link: link 0x0
01-01 08:30:09.680 0 0 D mv2112_read_status: autoneg is disabled
09-08 05:22:19.802 1151 2144 I netstats_mobile_sample: [0,0,0,0,0,0,0,0,0,0,0,0,1662585739802]
09-08 05:22:19.802 1151 2144 I netstats_wifi_sample: [259216099,179532,3601912,88481,259210099,179528,3601832,88479,259346053,181202,3577628,88320,1662585739802]
01-01 08:30:10.685 0 0 D : mv2112_read_status
01-01 08:30:10.689 0 0 D mv2112_update_link: 3.0x901(1G): 0x80
01-01 08:30:10.694 0 0 D mv2112_update_link: 3.0x8109(100M): 0x0
01-01 08:30:10.717 0 0 D mv2112_update_link: link 0x0
01-01 08:30:10.721 0 0 D mv2112_read_status: autoneg is disabled
01-01 08:30:11.741 0 0 D : mv2112_read_status
01-01 08:30:11.744 0 0 D mv2112_update_link: 3.0x901(1G): 0x80
01-01 08:30:11.750 0 0 D mv2112_update_link: 3.0x8109(100M): 0x0
