09-08 04:55:36.294 2829 2829 I wm_on_top_resumed_lost_called: [199618255,com.android.settings.Settings,topStateChangedWhenResumed]
09-08 04:55:36.301 1151 1877 I input_focus: [Focus leaving a01f8a8 com.android.settings/com.android.settings.Settings (server),reason=NO_WINDOW]
09-08 04:55:36.301 2829 2829 I sysui_multi_action: [757,35,758,2,1089,837]
09-08 04:55:36.302 2829 2829 I wm_on_paused_called: [199618255,com.android.settings.Settings,performPause]
09-08 04:55:36.303 1151 3534 I wm_add_to_stopping: [0,199618255,com.android.settings/.Settings,completeFinishing]
09-08 04:55:36.305 1151 3534 I wm_set_resumed_activity: [0,com.android.launcher3/.uioverrides.QuickstepLauncher,resumeTopActivityInnerLocked]
09-08 04:55:36.309 1151 3534 I wm_resume_activity: [0,236193009,10,com.android.launcher3/.uioverrides.QuickstepLauncher]
09-08 04:55:36.316 1151 1690 I sysui_multi_action: [757,803,799,window_time_0,802,1]
09-08 04:55:36.328 2754 2754 I wm_on_restart_called: [236193009,com.android.launcher3.uioverrides.QuickstepLauncher,performRestartActivity]
09-08 04:55:36.328 2754 2754 I wm_on_start_called: [236193009,com.android.launcher3.uioverrides.QuickstepLauncher,handleStartActivity]
09-08 04:55:36.329 2754 2754 I wm_on_resume_called: [236193009,com.android.launcher3.uioverrides.QuickstepLauncher,RESUME_ACTIVITY]
09-08 04:55:36.329 2754 2754 I wm_on_top_resumed_gained_called: [236193009,com.android.launcher3.uioverrides.QuickstepLauncher,topWhenResuming]
09-08 04:55:36.346 1151 1691 I input_focus: [Focus request 3cc443f com.android.launcher3/com.android.launcher3.uioverrides.QuickstepLauncher,reason=UpdateInputWindows]
09-08 04:55:36.385 1151 1877 I input_focus: [Focus entering 3cc443f com.android.launcher3/com.android.launcher3.uioverrides.QuickstepLauncher (server),reason=Window became focusable. Previous reason: NOT_VISIBLE]
09-08 04:55:36.723 1151 1690 I wm_destroy_activity: [0,199618255,11,com.android.settings/.Settings,finish-imm:idle]
09-08 04:55:36.754 2829 2829 I wm_on_stop_called: [199618255,com.android.settings.Settings,LIFECYCLER_STOP_ACTIVITY]
09-08 04:55:36.762 2829 2829 I wm_on_destroy_called: [199618255,com.android.settings.Settings,performDestroy]
09-08 04:55:36.771 1151 3701 I wm_task_removed: [11,removeChild:removeChild last r=ActivityRecord{be5eecf u0 com.android.settings/.Settings t-1 f}} in t=Task{c3b461d #11 type=standard A=1000:com.android.settings.root U=0 visible=false mode=fullscreen translucent=true sz=0}]
09-08 04:55:36.771 1151 3701 I wm_task_removed: [11,removeChild]
09-08 04:55:36.776 1151 1691 W ActivityTaskManager: Can't find TaskDisplayArea to determine support for multi window. Task id=11 attached=false
09-08 04:55:36.776 1151 1691 W ActivityTaskManager: Can't find TaskDisplayArea to determine support for multi window. Task id=11 attached=false
09-08 04:55:37.320 1151 1877 I input_interaction: Interaction with: 3cc443f com.android.launcher3/com.android.launcher3.uioverrides.QuickstepLauncher (server), 9ded8ad com.android.systemui.ImageWallpaper (server), edge-swipe (server), swipe-up (server), PointerEventDispatcher0 (server),
09-08 04:55:37.423 1151 3701 I ActivityTaskManager: START u0 {act=android.intent.action.MAIN cat=[android.intent.category.LAUNCHER] flg=0x10200000 cmp=com.android.settings/.Settings bnds=[2057,734][2250,959]} from uid 10082
09-08 04:55:37.431 1151 3701 I wm_task_created: [12,-1]
09-08 04:55:37.431 1151 3701 W ActivityTaskManager: Can't find TaskDisplayArea to determine support for multi window. Task id=12 attached=false
09-08 04:55:37.437 1151 3701 I wm_task_moved: [12,1,6]
09-08 04:55:37.437 1151 3701 I wm_task_to_front: [0,12]
09-08 04:55:37.439 1151 3701 I wm_create_task: [0,12]
09-08 04:55:37.439 1151 3701 I wm_create_activity: [0,139302494,12,com.android.settings/.Settings,android.intent.action.MAIN,NULL,NULL,270532608]
09-08 04:55:37.441 1151 3701 I wm_task_moved: [12,1,6]
09-08 04:55:37.445 1151 3701 I wm_pause_activity: [0,236193009,com.android.launcher3/.uioverrides.QuickstepLauncher,userLeaving=true,pauseBackTasks]
09-08 04:55:37.450 2227 2319 D PhoneStartingWindowTypeAlgorithm: preferredStartingWindowType newTask:true taskSwitch:true processRunning:true allowTaskSnapshot:true activityCreated:false useEmptySplashScreen:false legacySplashScreen:false topIsHome:false
09-08 04:55:37.450 2227 2319 D StartingSurfaceDrawer: addSplashScreen com.android.settings theme=7f13033e task=12 suggestType=1
09-08 04:55:37.453 2754 2754 I wm_on_top_resumed_lost_called: [236193009,com.android.launcher3.uioverrides.QuickstepLauncher,topStateChangedWhenResumed]
09-08 04:55:37.457 2754 2754 I wm_on_paused_called: [236193009,com.android.launcher3.uioverrides.QuickstepLauncher,performPause]
09-08 04:55:37.458 1151 3694 I ActivityTaskManager: The Process com.android.settings Already Exists in BG. So sending its PID: 2829
09-08 04:55:37.458 1151 3694 W ActivityTaskManager: Tried to set launchTime (0) < mLastActivityLaunchTime (164844)
09-08 04:55:37.459 1151 3694 I wm_add_to_stopping: [0,236193009,com.android.launcher3/.uioverrides.QuickstepLauncher,makeInvisible]
09-08 04:55:37.459 1151 3694 I wm_restart_activity: [0,139302494,12,com.android.settings/.Settings]
09-08 04:55:37.459 2227 2321 D StartingSurfaceDrawer: window attributes color: 0 icon null duration 0 brandImage null
09-08 04:55:37.460 1151 3694 I wm_set_resumed_activity: [0,com.android.settings/.Settings,minimalResumeActivityLocked]
09-08 04:55:37.464 2227 2321 D StartingSurfaceDrawer: FgMainColor=fff5f5f5 BgMainColor=ff00668b IsBgComplex=false FromCache=true ThemeColor=fff0f0f3
09-08 04:55:37.464 2227 2321 D StartingSurfaceDrawer: isRgbSimilarInHsv a: fff0f0f3 b ff00668b contrast ratio: 5.6404657
09-08 04:55:37.464 2227 2321 D StartingSurfaceDrawer: hsvDiff 44 ah 240.0 bh 195.97124 as 0.012345679 bs 1.0 av 0.9529412 bv 0.54509807 sqH 0.059753086581642245 sqS 0.975461072301087 sqV 0.16633600477712207 root 0.6328639041847389
09-08 04:55:37.464 2227 2321 D StartingSurfaceDrawer: makeSplashScreenContentView: draw whole icon
09-08 04:55:37.465 2227 2321 D StartingSurfaceDrawer: fillViewWithIcon surfaceWindowView android.window.SplashScreenView{c2fcf53 V.E...... ......ID 0,0-0,0}
09-08 04:55:37.465 1151 1690 I sysui_multi_action: [757,803,799,window_time_0,802,1]
09-08 04:55:37.486 2829 2829 I wm_on_create_called: [139302494,com.android.settings.Settings,performCreate]
09-08 04:55:37.488 1151 1877 I input_focus: [Focus leaving 3cc443f com.android.launcher3/com.android.launcher3.uioverrides.QuickstepLauncher (server),reason=NO_WINDOW]
09-08 04:55:37.493 1151 3696 E UserRestrictionsUtils: Unknown restriction queried by uid 1000 (com.android.location.fused et al): null
09-08 04:55:37.504 2829 2829 I wm_on_start_called: [139302494,com.android.settings.Settings,handleStartActivity]
09-08 04:55:37.504 2829 2829 I snet_event_log: [120484087,-1,]
09-08 04:55:37.504 2829 2829 I wm_on_resume_called: [139302494,com.android.settings.Settings,RESUME_ACTIVITY]
09-08 04:55:37.505 2829 2829 I sysui_multi_action: [757,35,758,1,833,0,1089,17]
09-08 04:55:37.509 2829 2829 I sysui_multi_action: [757,1729,758,4,854,isParalleledControllers:false,1089,22]
09-08 04:55:37.514 2829 2829 I wm_on_top_resumed_gained_called: [139302494,com.android.settings.Settings,topStateChangedWhenResumed]
09-08 04:55:37.538 1151 1691 I input_focus: [Focus request e248c41 com.android.settings/com.android.settings.Settings,reason=UpdateInputWindows]
09-08 04:55:37.558 1151 1691 I sysui_multi_action: [324,1,757,1090,758,12,806,com.android.settings,871,com.android.settings.Settings,1091,135]
09-08 04:55:37.563 2227 2319 D StartingSurfaceDrawer: Task start finish, remove starting surface for task 12
09-08 04:55:37.564 2227 2319 V StartingSurfaceDrawer: Removing splash screen window for task: 12
09-08 04:55:37.567 1151 1687 I sysui_multi_action: [319,76,321,71,322,135,325,194,757,761,758,8,759,1,806,com.android.settings,871,com.android.settings.Settings,904,com.android.launcher3,905,0,1320,4,1321,1]
09-08 04:55:37.572 1151 1687 I wm_activity_launch_time: [0,139302494,com.android.settings/.Settings,135]
09-08 04:55:37.591 1151 1877 I input_focus: [Focus entering e248c41 com.android.settings/com.android.settings.Settings (server),reason=setFocusedWindow]
09-08 04:55:38.072 1151 1690 I wm_stop_activity: [0,236193009,com.android.launcher3/.uioverrides.QuickstepLauncher]
09-08 04:55:38.138 2754 2754 I wm_on_stop_called: [236193009,com.android.launcher3.uioverrides.QuickstepLauncher,STOP_ACTIVITY_ITEM]
09-08 04:55:39.101 1151 3856 E TaskPersister: File error accessing recents directory (directory doesn't exist?).
09-08 04:55:39.592 1151 1877 I input_interaction: Interaction with: e248c41 com.android.settings/com.android.settings.Settings (server), edge-swipe (server), swipe-up (server), PointerEventDispatcher0 (server),
09-08 04:55:39.606 1151 1151 I service_manager_slow: [12,phone]
09-08 04:55:39.785 2829 2829 I sysui_multi_action: [757,830,758,4,833,0,854,top_level_network,1089,0]
09-08 04:55:39.789 1151 3696 I ActivityTaskManager: START u0 {act=android.intent.action.MAIN cmp=com.android.settings/.SubSettings (has extras)} from uid 1000
09-08 04:55:39.795 1151 3696 I wm_task_moved: [12,1,6]
09-08 04:55:39.796 1151 3696 I wm_set_resumed_activity: [0,com.android.settings/.Settings,positionChildAt]
09-08 04:55:39.796 1151 3696 I wm_create_activity: [0,238212359,12,com.android.settings/.SubSettings,android.intent.action.MAIN,NULL,NULL,0]
09-08 04:55:39.797 1151 3696 I wm_pause_activity: [0,139302494,com.android.settings/.Settings,userLeaving=true,resumeTopActivityInnerLocked]
09-08 04:55:39.805 2829 2829 I wm_on_top_resumed_lost_called: [139302494,com.android.settings.Settings,topStateChangedWhenResumed]
09-08 04:55:39.809 2829 2829 I sysui_multi_action: [757,35,758,2,1089,2304]
09-08 04:55:39.810 2829 2829 I wm_on_paused_called: [139302494,com.android.settings.Settings,performPause]
09-08 04:55:39.812 1151 3697 I ActivityTaskManager: The Process com.android.settings Already Exists in BG. So sending its PID: 2829
09-08 04:55:39.813 1151 3697 W ActivityTaskManager: Tried to set launchTime (0) < mLastActivityLaunchTime (194972)
09-08 04:55:39.813 1151 3697 I wm_add_to_stopping: [0,139302494,com.android.settings/.Settings,makeInvisible]
09-08 04:55:39.814 1151 3697 I wm_restart_activity: [0,238212359,12,com.android.settings/.SubSettings]
09-08 04:55:39.817 1151 3697 I wm_set_resumed_activity: [0,com.android.settings/.SubSettings,minimalResumeActivityLocked]
09-08 04:55:39.822 1151 1690 I sysui_multi_action: [757,803,799,window_time_0,802,3]
09-08 04:55:39.840 1151 1706 I am_pss : [2247,10098,com.android.permissioncontroller,15213568,12812288,0,107147264,0,19,11]
09-08 04:55:39.843 1151 1877 I input_focus: [Focus leaving e248c41 com.android.settings/com.android.settings.Settings (server),reason=NO_WINDOW]
09-08 04:55:39.846 2829 2829 I service_manager_stats: [100,192,197359]
09-08 04:55:39.851 2829 2829 W CarrierConfigManager: Error getting config for subId -1 ICarrierConfigLoader is null
09-08 04:55:39.854 1151 3697 E UserRestrictionsUtils: Unknown restriction queried by uid 1000 (com.android.location.fused et al): null
09-08 04:55:39.869 2829 2829 I wm_on_create_called: [238212359,com.android.settings.SubSettings,performCreate]
09-08 04:55:39.885 2829 2829 I wm_on_start_called: [238212359,com.android.settings.SubSettings,handleStartActivity]
09-08 04:55:39.886 2829 2829 I snet_event_log: [120484087,-1,]
09-08 04:55:39.887 2829 2829 I wm_on_resume_called: [238212359,com.android.settings.SubSettings,RESUME_ACTIVITY]
09-08 04:55:39.900 1151 3696 D PackageManager: Instant App installer not found with android.intent.action.INSTALL_INSTANT_APP_PACKAGE
09-08 04:55:39.900 1151 3696 D PackageManager: Clear ephemeral installer activity
09-08 04:55:39.906 2829 2829 I sysui_multi_action: [757,746,758,1,833,35,1089,63]
09-08 04:55:39.907 1151 3701 D TelephonyRegistry: listen oscl: mHasNotifySubscriptionInfoChangedOccurred==false no callback
09-08 04:55:39.912 1151 3701 D TelephonyRegistry: listen oscl: mHasNotifySubscriptionInfoChangedOccurred==false no callback
09-08 04:55:39.923 2829 2829 I sysui_multi_action: [757,1729,758,4,854,isParalleledControllers:false,1089,81]
09-08 04:55:39.928 2829 2829 I wm_on_top_resumed_gained_called: [238212359,com.android.settings.SubSettings,topStateChangedWhenResumed]
09-08 04:55:39.952 1151 1691 I input_focus: [Focus request 6484e48 com.android.settings/com.android.settings.SubSettings,reason=UpdateInputWindows]
09-08 04:55:39.970 1151 1687 I wm_activity_launch_time: [0,238212359,com.android.settings/.SubSettings,179]
09-08 04:55:39.972 1151 3697 D PackageManager: Instant App installer not found with android.intent.action.INSTALL_INSTANT_APP_PACKAGE
09-08 04:55:39.972 1151 3697 D PackageManager: Clear ephemeral installer activity
09-08 04:55:39.985 1151 1877 I input_focus: [Focus entering 6484e48 com.android.settings/com.android.settings.SubSettings (server),reason=setFocusedWindow]
09-08 04:55:40.370 1151 1690 I wm_stop_activity: [0,139302494,com.android.settings/.Settings]
09-08 04:55:40.389 2829 2829 I wm_on_stop_called: [139302494,com.android.settings.Settings,STOP_ACTIVITY_ITEM]
09-08 04:55:40.919 1151 1687 D CompanionDeviceManagerService: onPackageModified(packageName = com.android.settings)
09-08 04:55:40.954 1151 1151 I Telecom : DefaultDialerCache: Refreshing default dialer for user 0: now null: DDC.oR@ACU
09-08 04:55:40.970 1151 1706 W VoiceInteractionManager: no available voice recognition services found for user 0
09-08 04:55:40.999 4639 4639 F linker : CANNOT LINK EXECUTABLE "/vendor/bin/hw/qvrservice": library "vendor.qti.hardware.qxr-V1-ndk_platform.so" not found: needed by /vendor/lib64/libqvrservice.so in namespace (default)
09-08 04:55:41.027 4640 4640 F linker : CANNOT LINK EXECUTABLE "/vendor/bin/hw/sxrservice": library "vendor.qti.hardware.qxr-V1-ndk_platform.so" not found: needed by main executable
09-08 04:55:41.666 1151 1877 I input_interaction: Interaction with: 6484e48 com.android.settings/com.android.settings.SubSettings (server), edge-swipe (server), swipe-up (server), PointerEventDispatcher0 (server),
09-08 04:55:41.711 2829 2829 I view_enqueue_input_event: [Motion - Cancel,com.android.settings/com.android.settings.SubSettings]
09-08 04:55:41.717 1151 1877 I input_interaction: Interaction with: edge-swipe (server), swipe-up (server), PointerEventDispatcher0 (server),
09-08 04:55:41.875 1151 2800 I sysui_multi_action: [757,803,799,key_back_press,802,1]
09-08 04:55:41.879 1151 1688 D AutofillManagerService: onBackKeyPressed()
09-08 04:55:41.886 1151 1877 I input_interaction: Interaction with: 6484e48 com.android.settings/com.android.settings.SubSettings (server), PointerEventDispatcher0 (server),
09-08 04:55:41.893 1151 2800 I wm_finish_activity: [0,238212359,12,com.android.settings/.SubSettings,app-request]
09-08 04:55:41.912 1151 2800 I wm_pause_activity: [0,238212359,com.android.settings/.SubSettings,userLeaving=false,finish]
09-08 04:55:41.916 2829 2829 I wm_on_top_resumed_lost_called: [238212359,com.android.settings.SubSettings,topStateChangedWhenResumed]
09-08 04:55:41.925 2829 2829 I sysui_multi_action: [757,746,758,2,1089,2019]
09-08 04:55:41.941 2829 2829 I wm_on_paused_called: [238212359,com.android.settings.SubSettings,performPause]
09-08 04:55:41.942 1151 3694 I wm_add_to_stopping: [0,238212359,com.android.settings/.SubSettings,completeFinishing]
09-08 04:55:41.945 1151 3694 I wm_set_resumed_activity: [0,com.android.settings/.Settings,resumeTopActivityInnerLocked]
09-08 04:55:41.945 1151 3694 I wm_resume_activity: [0,139302494,12,com.android.settings/.Settings]
09-08 04:55:41.951 1151 1877 I input_focus: [Focus leaving 6484e48 com.android.settings/com.android.settings.SubSettings (server),reason=NO_WINDOW]
09-08 04:55:41.953 1151 1690 I sysui_multi_action: [757,803,799,window_time_0,802,2]
09-08 04:55:41.953 2829 2829 I wm_on_restart_called: [139302494,com.android.settings.Settings,performRestartActivity]
09-08 04:55:41.956 2829 2829 I wm_on_start_called: [139302494,com.android.settings.Settings,handleStartActivity]
09-08 04:55:41.957 2829 2829 I snet_event_log: [120484087,-1,]
09-08 04:55:41.957 2829 2829 I wm_on_resume_called: [139302494,com.android.settings.Settings,RESUME_ACTIVITY]
09-08 04:55:41.958 2829 2829 I sysui_multi_action: [757,35,758,1,833,0,1089,0]
09-08 04:55:41.960 2829 2829 I wm_on_top_resumed_gained_called: [139302494,com.android.settings.Settings,topWhenResuming]
09-08 04:55:41.974 1151 1691 I input_focus: [Focus request e248c41 com.android.settings/com.android.settings.Settings,reason=UpdateInputWindows]
09-08 04:55:42.000 1151 1877 I input_focus: [Focus entering e248c41 com.android.settings/com.android.settings.Settings (server),reason=setFocusedWindow]
09-08 04:55:42.389 1151 1690 I dvm_lock_sample: [system_server,1,android.display,5,ActivityTaskSupervisor.java,2550,void com.android.server.wm.ActivityTaskSupervisor$ActivityTaskSupervisorHandler.handleMessage(android.os.Message),WindowManagerService.java,8165,void com.android.server.wm.WindowManagerService.onAnimationFinished(),1]
09-08 04:55:42.390 1151 1690 I wm_destroy_activity: [0,238212359,12,com.android.settings/.SubSettings,finish-imm:idle]
09-08 04:55:42.416 2829 2829 I wm_on_stop_called: [238212359,com.android.settings.SubSettings,LIFECYCLER_STOP_ACTIVITY]
09-08 04:55:42.423 2829 2829 I wm_on_destroy_called: [238212359,com.android.settings.SubSettings,performDestroy]
09-08 04:55:42.758 1151 1877 I input_interaction: Interaction with: e248c41 com.android.settings/com.android.settings.Settings (server), edge-swipe (server), swipe-up (server), PointerEventDispatcher0 (server),
09-08 04:55:43.323 1151 3856 E TaskPersister: File error accessing recents directory (directory doesn't exist?).
09-08 04:55:44.014 1151 1706 I sysui_multi_action: [757,1717,758,1,759,0]
09-08 04:55:44.015 1151 1706 I sysui_multi_action: [757,1717,758,2,759,0]
09-08 04:55:44.016 1151 1706 I sysui_multi_action: [757,1717,758,3,759,0]
09-08 04:55:45.522 2829 2829 I sysui_multi_action: [757,830,758,4,833,0,854,top_level_about_device,1089,0]
09-08 04:55:45.526 1151 3697 I ActivityTaskManager: START u0 {act=android.intent.action.MAIN cmp=com.android.settings/.SubSettings (has extras)} from uid 1000
09-08 04:55:45.531 1151 3697 I wm_task_moved: [12,1,6]
09-08 04:55:45.531 1151 3697 I wm_set_resumed_activity: [0,com.android.settings/.Settings,positionChildAt]
09-08 04:55:45.531 1151 3697 I wm_create_activity: [0,228899557,12,com.android.settings/.SubSettings,android.intent.action.MAIN,NULL,NULL,0]
09-08 04:55:45.533 1151 3697 I wm_pause_activity: [0,139302494,com.android.settings/.Settings,userLeaving=true,resumeTopActivityInnerLocked]
09-08 04:55:45.551 2829 2829 I wm_on_top_resumed_lost_called: [139302494,com.android.settings.Settings,topStateChangedWhenResumed]
09-08 04:55:45.560 2829 2829 I sysui_multi_action: [757,35,758,2,1089,3602]
09-08 04:55:45.561 2829 2829 I wm_on_paused_called: [139302494,com.android.settings.Settings,performPause]
09-08 04:55:45.562 1151 3693 I ActivityTaskManager: The Process com.android.settings Already Exists in BG. So sending its PID: 2829
09-08 04:55:45.563 1151 3693 W ActivityTaskManager: Tried to set launchTime (0) < mLastActivityLaunchTime (197327)
09-08 04:55:45.563 1151 3693 I wm_add_to_stopping: [0,139302494,com.android.settings/.Settings,makeInvisible]
09-08 04:55:45.564 1151 3693 I wm_restart_activity: [0,228899557,12,com.android.settings/.SubSettings]
09-08 04:55:45.567 1151 3693 I wm_set_resumed_activity: [0,com.android.settings/.SubSettings,minimalResumeActivityLocked]
09-08 04:55:45.573 1151 1690 I sysui_multi_action: [757,803,799,window_time_0,802,4]
09-08 04:55:45.590 1151 1877 I input_focus: [Focus leaving e248c41 com.android.settings/com.android.settings.Settings (server),reason=NO_WINDOW]
09-08 04:55:45.611 2829 2829 I wm_on_create_called: [228899557,com.android.settings.SubSettings,performCreate]
09-08 04:55:45.618 1151 1707 W BroadcastQueue: Permission Denial: broadcasting Intent { act=android.net.conn.CONNECTIVITY_CHANGE flg=0x4200010 (has extras) } from null (pid=-1, uid=-1) requires android.permission.CHANGE_NETWORK_STATE due to registered receiver BroadcastFilter{ea8b847 1000/u0 ReceiverList{3808786 2829 com.android.settings/1000/u0 remote:e6b2061}}
09-08 04:55:45.618 1151 1707 W BroadcastQueue: Permission Denial: broadcasting Intent { act=android.net.wifi.STATE_CHANGE flg=0x4000010 (has extras) } from null (pid=-1, uid=-1) requires android.permission.CHANGE_NETWORK_STATE due to registered receiver BroadcastFilter{ea8b847 1000/u0 ReceiverList{3808786 2829 com.android.settings/1000/u0 remote:e6b2061}}
09-08 04:55:45.618 1151 1707 W BroadcastQueue: Permission Denial: broadcasting Intent { act=android.net.conn.CONNECTIVITY_CHANGE flg=0x4200010 (has extras) } from null (pid=-1, uid=-1) requires android.permission.CHANGE_NETWORK_STATE due to registered receiver BroadcastFilter{64d9612 1000/u0 ReceiverList{d8619d 2829 com.android.settings/1000/u0 remote:3e64874}}
09-08 04:55:45.618 1151 1707 W BroadcastQueue: Permission Denial: broadcasting Intent { act=android.net.wifi.STATE_CHANGE flg=0x4000010 (has extras) } from null (pid=-1, uid=-1) requires android.permission.CHANGE_NETWORK_STATE due to registered receiver BroadcastFilter{64d9612 1000/u0 ReceiverList{d8619d 2829 com.android.settings/1000/u0 remote:3e64874}}
09-08 04:55:45.622 2829 2829 I wm_on_start_called: [228899557,com.android.settings.SubSettings,handleStartActivity]
09-08 04:55:45.622 2829 2829 I snet_event_log: [120484087,-1,]
09-08 04:55:45.623 2829 2829 I wm_on_resume_called: [228899557,com.android.settings.SubSettings,RESUME_ACTIVITY]
09-08 04:55:45.623 2829 2829 I sysui_multi_action: [757,40,758,1,833,35,1089,31]
09-08 04:55:45.624 2829 2829 W FeatureConnector: [ImsConnector, 0] connect: not supported.
09-08 04:55:45.626 1151 3693 D PackageManager: Instant App installer not found with android.intent.action.INSTALL_INSTANT_APP_PACKAGE
09-08 04:55:45.626 1151 3693 D PackageManager: Clear ephemeral installer activity
09-08 04:55:45.626 2829 2829 I sysui_multi_action: [757,1729,758,4,854,isParalleledControllers:false,1089,34]
09-08 04:55:45.631 2829 2829 I wm_on_top_resumed_gained_called: [228899557,com.android.settings.SubSettings,topStateChangedWhenResumed]
09-08 04:55:45.653 1151 1691 I input_focus: [Focus request 3e6b6a4 com.android.settings/com.android.settings.SubSettings,reason=UpdateInputWindows]
09-08 04:55:45.682 1151 1687 I wm_activity_launch_time: [0,228899557,com.android.settings/.SubSettings,155]
09-08 04:55:45.687 1151 3697 D PackageManager: Instant App installer not found with android.intent.action.INSTALL_INSTANT_APP_PACKAGE
09-08 04:55:45.687 1151 3697 D PackageManager: Clear ephemeral installer activity
09-08 04:55:45.696 1151 1877 I input_focus: [Focus entering 3e6b6a4 com.android.settings/com.android.settings.SubSettings (server),reason=Window became focusable. Previous reason: NOT_VISIBLE]
09-08 04:55:46.075 4656 4656 F linker : CANNOT LINK EXECUTABLE "/vendor/bin/hw/sxrservice": library "vendor.qti.hardware.qxr-V1-ndk_platform.so" not found: needed by main executable
09-08 04:55:46.077 4655 4655 F linker : CANNOT LINK EXECUTABLE "/vendor/bin/hw/qvrservice": library "vendor.qti.hardware.qxr-V1-ndk_platform.so" not found: needed by /vendor/lib64/libqvrservice.so in namespace (default)
09-08 04:55:46.084 1151 1690 I wm_stop_activity: [0,139302494,com.android.settings/.Settings]
09-08 04:55:46.111 2829 2829 I wm_on_stop_called: [139302494,com.android.settings.Settings,STOP_ACTIVITY_ITEM]
09-08 04:55:46.442 1151 1877 I input_interaction: Interaction with: 3e6b6a4 com.android.settings/com.android.settings.SubSettings (server), edge-swipe (server), swipe-up (server), PointerEventDispatcher0 (server),
09-08 04:55:46.638 1151 1687 D CompanionDeviceManagerService: onPackageModified(packageName = com.android.settings)
09-08 04:55:46.651 1151 1151 I Telecom : DefaultDialerCache: Refreshing default dialer for user 0: now null: DDC.oR@ACY
09-08 04:55:46.652 1151 1687 I dvm_lock_sample: [system_server,0,android.fg,13,ComponentResolver.java,497,java.util.List com.android.server.pm.ComponentResolver.queryServices(android.content.Intent, java.lang.String, int, int),-,328,java.util.List com.android.server.pm.ComponentResolver.queryActivities(android.content.Intent, java.lang.String, int, java.util.List, int),2]
09-08 04:55:46.683 1151 1706 W VoiceInteractionManager: no available voice recognition services found for user 0
09-08 04:55:48.555 1151 3856 E TaskPersister: File error accessing recents directory (directory doesn't exist?).
09-08 04:55:49.009 1151 1689 I DropBoxManagerService: add tag=system_app_strictmode isTagEnabled=true flags=0x2
09-08 04:55:49.019 1151 3694 I wm_task_moved: [1,0,0]
09-08 04:55:49.020 1151 3694 I wm_task_moved: [1,0,5]
09-08 04:55:49.034 2754 2754 I wm_on_restart_called: [236193009,com.android.launcher3.uioverrides.QuickstepLauncher,performRestartActivity]
09-08 04:55:49.040 2754 2754 I wm_on_start_called: [236193009,com.android.launcher3.uioverrides.QuickstepLauncher,handleStartActivity]
09-08 04:55:49.081 1151 1687 I sysui_multi_action: [319,14,322,48,325,206,757,761,758,9,759,5,806,com.android.launcher3,871,com.android.launcher3.uioverrides.QuickstepLauncher,905,0,1320,4,1321,1]
09-08 04:55:49.141 2829 2829 I sysui_multi_action: [757,848,758,4,833,40]
09-08 04:55:49.142 2829 2829 I sysui_multi_action: [757,830,758,4,833,0,854,build_number,1089,0]
09-08 04:55:49.234 1151 1877 I input_interaction: Interaction with: 3e6b6a4 com.android.settings/com.android.settings.SubSettings (server), 9ded8ad com.android.systemui.ImageWallpaper (server), edge-swipe (server), swipe-up (server), PointerEventDispatcher0 (server),
09-08 04:55:49.238 1151 2800 I wm_task_moved: [1,0,5]
09-08 04:55:49.239 1151 2800 I wm_add_to_stopping: [0,236193009,com.android.launcher3/.uioverrides.QuickstepLauncher,makeInvisible]
09-08 04:55:49.250 1151 1690 I wm_stop_activity: [0,236193009,com.android.launcher3/.uioverrides.QuickstepLauncher]
09-08 04:55:49.257 2754 2754 I wm_on_stop_called: [236193009,com.android.launcher3.uioverrides.QuickstepLauncher,STOP_ACTIVITY_ITEM]
09-08 04:55:49.269 1151 1706 W UsageStatsService: Unexpected activity event reported! (com.android.launcher3/com.android.launcher3.uioverrides.QuickstepLauncher event : 23 instanceId : 133810604)
09-08 04:55:49.339 2829 2829 I sysui_multi_action: [757,848,758,4,833,40]
09-08 04:55:49.340 2829 2829 I sysui_multi_action: [757,830,758,4,833,0,854,build_number,1089,0]
09-08 04:55:49.427 1151 1877 I input_interaction: Interaction with: 3e6b6a4 com.android.settings/com.android.settings.SubSettings (server), edge-swipe (server), swipe-up (server), PointerEventDispatcher0 (server),
09-08 04:55:49.439 1151 1689 I DropBoxManagerService: add tag=system_app_strictmode isTagEnabled=true flags=0x2
09-08 04:55:49.453 1151 2800 I wm_task_moved: [1,0,0]
09-08 04:55:49.454 1151 2800 I wm_task_moved: [1,0,5]
09-08 04:55:49.480 2754 2754 I wm_on_restart_called: [236193009,com.android.launcher3.uioverrides.QuickstepLauncher,performRestartActivity]
09-08 04:55:49.485 2754 2754 I wm_on_start_called: [236193009,com.android.launcher3.uioverrides.QuickstepLauncher,handleStartActivity]
09-08 04:55:49.517 2829 2829 I sysui_multi_action: [757,848,758,4,833,40]
09-08 04:55:49.517 2829 2829 I sysui_multi_action: [757,830,758,4,833,0,854,build_number,1089,0]
09-08 04:55:49.524 1151 1687 I sysui_multi_action: [319,16,322,56,325,206,757,761,758,9,759,5,806,com.android.launcher3,871,com.android.launcher3.uioverrides.QuickstepLauncher,905,0,1320,4,1321,1]
09-08 04:55:49.557 1151 3697 D CompatibilityChangeReporter: Compat change id reported: 168419799; UID 10087; state: DISABLED
09-08 04:55:49.575 1151 1877 I input_interaction: Interaction with: 3e6b6a4 com.android.settings/com.android.settings.SubSettings (server), 9ded8ad com.android.systemui.ImageWallpaper (server), edge-swipe (server), swipe-up (server), PointerEventDispatcher0 (server),
09-08 04:55:49.580 1151 3697 I wm_task_moved: [1,0,5]
09-08 04:55:49.581 1151 3697 I wm_add_to_stopping: [0,236193009,com.android.launcher3/.uioverrides.QuickstepLauncher,makeInvisible]
09-08 04:55:49.594 1151 1690 I wm_stop_activity: [0,236193009,com.android.launcher3/.uioverrides.QuickstepLauncher]
09-08 04:55:49.607 2754 2754 I wm_on_stop_called: [236193009,com.android.launcher3.uioverrides.QuickstepLauncher,STOP_ACTIVITY_ITEM]
09-08 04:55:49.613 1151 1706 W UsageStatsService: Unexpected activity event reported! (com.android.launcher3/com.android.launcher3.uioverrides.QuickstepLauncher event : 23 instanceId : 133810604)
09-08 04:55:49.639 1151 2800 I NotificationService: cancelToast pkg=com.android.settings token=android.os.BinderProxy@d4f89f4
09-08 04:55:49.647 2829 2829 I sysui_multi_action: [757,848,758,4,833,40]
09-08 04:55:49.647 2829 2829 I sysui_multi_action: [757,830,758,4,833,0,854,build_number,1089,0]
09-08 04:55:49.704 1151 1706 I sysui_multi_action: [757,1717,758,1,759,0]
09-08 04:55:49.705 1151 1706 I sysui_multi_action: [757,1717,758,2,759,0]
09-08 04:55:49.705 1151 1706 I sysui_multi_action: [757,1717,758,3,759,0]
09-08 04:55:49.707 1151 1877 I input_interaction: Interaction with: 3e6b6a4 com.android.settings/com.android.settings.SubSettings (server), edge-swipe (server), swipe-up (server), PointerEventDispatcher0 (server),
09-08 04:55:49.790 1151 3694 I NotificationService: cancelToast pkg=com.android.settings token=android.os.BinderProxy@eb46f51
09-08 04:55:49.797 2829 2829 I sysui_multi_action: [757,848,758,4,833,40]
09-08 04:55:49.798 2829 2829 I sysui_multi_action: [757,830,758,4,833,0,854,build_number,1089,0]
09-08 04:55:49.929 1151 1754 I commit_sys_config_file: [package-user-0,11]
09-08 04:55:49.939 1151 3694 W NotificationService: Toast already killed. pkg=com.android.settings token=android.os.BinderProxy@d4f89f4
09-08 04:55:50.059 1151 1689 I DropBoxManagerService: add tag=system_app_strictmode isTagEnabled=true flags=0x2
09-08 04:55:50.071 1151 3697 I NotificationService: cancelToast pkg=com.android.settings token=android.os.BinderProxy@ce363a8
09-08 04:55:50.077 2829 2829 I sysui_multi_action: [757,848,758,4,833,40]
09-08 04:55:50.078 2829 2829 I sysui_multi_action: [757,830,758,4,833,0,854,build_number,1089,0]
09-08 04:55:50.350 1151 3701 W NotificationService: Toast already killed. pkg=com.android.settings token=android.os.BinderProxy@ce363a8
09-08 04:55:51.138 4677 4677 F linker : CANNOT LINK EXECUTABLE "/vendor/bin/hw/qvrservice": library "vendor.qti.hardware.qxr-V1-ndk_platform.so" not found: needed by /vendor/lib64/libqvrservice.so in namespace (default)
09-08 04:55:51.146 4678 4678 F linker : CANNOT LINK EXECUTABLE "/vendor/bin/hw/sxrservice": library "vendor.qti.hardware.qxr-V1-ndk_platform.so" not found: needed by main executable
09-08 04:55:52.700 1151 2800 W NotificationService: Toast already killed. pkg=com.android.settings token=android.os.BinderProxy@fc987b5
09-08 04:55:53.210 1151 2800 I NotificationService: cancelToast pkg=com.android.settings token=android.os.BinderProxy@fc987b5
09-08 04:55:53.210 1151 2800 W NotificationService: Toast already cancelled. pkg=com.android.settings token=android.os.BinderProxy@fc987b5
09-08 04:55:53.215 2829 2829 I sysui_multi_action: [757,848,758,4,833,40]
09-08 04:55:53.216 2829 2829 I sysui_multi_action: [757,848,758,4,833,40]
09-08 04:55:53.216 2829 2829 I sysui_multi_action: [757,830,758,4,833,0,854,build_number,1089,0]
09-08 04:55:53.222 1151 1707 D PackageManager: Instant App installer not found with android.intent.action.INSTALL_INSTANT_APP_PACKAGE
09-08 04:55:53.222 1151 1707 D PackageManager: Clear ephemeral installer activity
09-08 04:55:53.248 1151 1754 I am_uid_stopped: 2000
09-08 04:55:53.249 1151 1754 I ActivityManager: Killing 4160:com.android.shell/2000 (adj 925): change com.android.shell
09-08 04:55:53.249 1151 1754 I am_kill : [0,4160,com.android.shell,925,change com.android.shell]
09-08 04:55:53.259 1151 1687 D CompanionDeviceManagerService: onPackageModified(packageName = com.android.shell)
09-08 04:55:53.266 1151 1151 I Telecom : DefaultDialerCache: Refreshing default dialer for user 0: now null: DDC.oR@ACc
09-08 04:55:53.276 1151 2800 D PackageManager: Instant App installer not found with android.intent.action.INSTALL_INSTANT_APP_PACKAGE
09-08 04:55:53.276 1151 2800 D PackageManager: Clear ephemeral installer activity
09-08 04:55:53.301 1151 1706 W VoiceInteractionManager: no available voice recognition services found for user 0
09-08 04:55:53.322 1151 3694 W ActivityManager: ProcessRecord{ca0ef47 0:com.android.shell/2000} is attached to a previous process 4160
09-08 04:55:53.322 1151 3694 I am_uid_running: 2000
09-08 04:55:53.323 1151 3694 I ActivityManager: com.android.shell is exempt from freezer
09-08 04:55:53.323 1151 3694 D CompatibilityChangeReporter: Compat change id reported: 135634846; UID 2000; state: DISABLED
09-08 04:55:53.324 1151 3694 D CompatibilityChangeReporter: Compat change id reported: 177438394; UID 2000; state: DISABLED
09-08 04:55:53.324 1151 3694 D CompatibilityChangeReporter: Compat change id reported: 135772972; UID 2000; state: DISABLED
09-08 04:55:53.324 1151 3694 D CompatibilityChangeReporter: Compat change id reported: 135754954; UID 2000; state: ENABLED
09-08 04:55:53.424 1151 1861 I commit_sys_config_file: [settings-0-0,12]
09-08 04:55:53.453 1151 3697 V ActivityManager: Got obituary of 4160:com.android.shell
09-08 04:55:53.458 1151 1708 W ActivityManager: Slow operation: 136ms so far, now at startProcess: asking zygote to start proc
09-08 04:55:53.482 2829 2829 I sysui_multi_action: [757,830,758,4,833,0,854,build_number,1089,0]
09-08 04:55:53.505 1151 1708 W ActivityManager: Slow operation: 183ms so far, now at startProcess: returned from zygote!
09-08 04:55:53.505 1151 1708 W ActivityManager: Slow operation: 183ms so far, now at startProcess: done updating battery stats
09-08 04:55:53.505 1151 1708 I am_proc_start: [0,4690,2000,com.android.shell,content provider,{com.android.shell/com.android.shell.BugreportStorageProvider}]
09-08 04:55:53.506 1151 1708 W ActivityManager: Slow operation: 183ms so far, now at startProcess: building log message
09-08 04:55:53.506 1151 1708 I ActivityManager: Start proc 4690:com.android.shell/2000 for content provider {com.android.shell/com.android.shell.BugreportStorageProvider}
09-08 04:55:53.506 1151 1708 W ActivityManager: Slow operation: 183ms so far, now at startProcess: starting to update pids map
09-08 04:55:53.506 1151 1708 W ActivityManager: Slow operation: 184ms so far, now at startProcess: done updating pids map
09-08 04:55:53.551 1151 3697 I am_proc_bound: [0,4690,com.android.shell]
09-08 04:55:53.553 1151 3697 D CompatibilityChangeReporter: Compat change id reported: 168419799; UID 2000; state: DISABLED
09-08 04:55:53.571 1151 1689 I DropBoxManagerService: add tag=system_app_strictmode isTagEnabled=true flags=0x2
09-08 04:55:53.593 1151 3697 I wm_task_moved: [1,0,0]
09-08 04:55:53.593 1151 3697 I wm_task_moved: [1,0,5]
09-08 04:55:53.624 2754 2754 I wm_on_restart_called: [236193009,com.android.launcher3.uioverrides.QuickstepLauncher,performRestartActivity]
09-08 04:55:53.624 2754 2754 I wm_on_start_called: [236193009,com.android.launcher3.uioverrides.QuickstepLauncher,handleStartActivity]
09-08 04:55:53.637 2829 2829 I sysui_multi_action: [757,830,758,4,833,0,854,build_number,1089,0]
09-08 04:55:53.662 1151 1687 I sysui_multi_action: [319,22,322,57,325,211,757,761,758,9,759,5,806,com.android.launcher3,871,com.android.launcher3.uioverrides.QuickstepLauncher,905,0,1320,4,1321,1]
09-08 04:55:53.686 1151 1877 I input_interaction: Interaction with: 3e6b6a4 com.android.settings/com.android.settings.SubSettings (server), 9ded8ad com.android.systemui.ImageWallpaper (server), edge-swipe (server), swipe-up (server), PointerEventDispatcher0 (server),
09-08 04:55:53.691 1151 1837 I wm_task_moved: [1,0,5]
09-08 04:55:53.692 1151 1837 I wm_add_to_stopping: [0,236193009,com.android.launcher3/.uioverrides.QuickstepLauncher,makeInvisible]
09-08 04:55:53.705 1151 1690 I wm_stop_activity: [0,236193009,com.android.launcher3/.uioverrides.QuickstepLauncher]
09-08 04:55:53.732 2754 2754 I wm_on_stop_called: [236193009,com.android.launcher3.uioverrides.QuickstepLauncher,STOP_ACTIVITY_ITEM]
09-08 04:55:53.737 1151 1706 W UsageStatsService: Unexpected activity event reported! (com.android.launcher3/com.android.launcher3.uioverrides.QuickstepLauncher event : 23 instanceId : 133810604)
09-08 04:55:53.766 2829 2829 I sysui_multi_action: [757,830,758,4,833,0,854,build_number,1089,0]
09-08 04:55:54.291 1151 1687 D CompanionDeviceManagerService: onPackageModified(packageName = com.android.settings)
09-08 04:55:54.310 1151 1151 I Telecom : DefaultDialerCache: Refreshing default dialer for user 0: now null: DDC.oR@ACg
09-08 04:55:54.345 1151 1706 W VoiceInteractionManager: no available voice recognition services found for user 0
09-08 04:55:54.730 1151 1877 I input_interaction: Interaction with: 3e6b6a4 com.android.settings/com.android.settings.SubSettings (server), edge-swipe (server), swipe-up (server), PointerEventDispatcher0 (server),
09-08 04:55:54.769 2829 2829 I view_enqueue_input_event: [Motion - Cancel,com.android.settings/com.android.settings.SubSettings]
09-08 04:55:54.779 1151 1877 I input_interaction: Interaction with: edge-swipe (server), swipe-up (server), PointerEventDispatcher0 (server),
09-08 04:55:54.950 1151 1151 I service_manager_stats: [100,145,31876]
09-08 04:55:54.974 1151 3693 I sysui_multi_action: [757,803,799,key_back_press,802,1]
09-08 04:55:54.982 1151 1688 D AutofillManagerService: onBackKeyPressed()
09-08 04:55:54.983 1151 1877 I input_interaction: Interaction with: 3e6b6a4 com.android.settings/com.android.settings.SubSettings (server), PointerEventDispatcher0 (server),
09-08 04:55:54.988 1151 3693 I wm_finish_activity: [0,228899557,12,com.android.settings/.SubSettings,app-request]
09-08 04:55:55.000 1151 3693 I wm_pause_activity: [0,228899557,com.android.settings/.SubSettings,userLeaving=false,finish]
09-08 04:55:55.005 2829 2829 I wm_on_top_resumed_lost_called: [228899557,com.android.settings.SubSettings,topStateChangedWhenResumed]
09-08 04:55:55.011 2829 2829 I sysui_multi_action: [757,40,758,2,1089,9387]
09-08 04:55:55.014 2829 2829 I wm_on_paused_called: [228899557,com.android.settings.SubSettings,performPause]
09-08 04:55:55.015 1151 3701 I wm_add_to_stopping: [0,228899557,com.android.settings/.SubSettings,completeFinishing]
09-08 04:55:55.018 1151 3701 I wm_set_resumed_activity: [0,com.android.settings/.Settings,resumeTopActivityInnerLocked]
09-08 04:55:55.019 1151 3701 I wm_resume_activity: [0,139302494,12,com.android.settings/.Settings]
09-08 04:55:55.024 1151 1690 I sysui_multi_action: [757,803,799,window_time_0,802,9]
09-08 04:55:55.025 2829 2829 I wm_on_restart_called: [139302494,com.android.settings.Settings,performRestartActivity]
09-08 04:55:55.030 2829 2829 I wm_on_start_called: [139302494,com.android.settings.Settings,handleStartActivity]
09-08 04:55:55.031 2829 2829 I snet_event_log: [120484087,-1,]
09-08 04:55:55.031 2829 2829 I wm_on_resume_called: [139302494,com.android.settings.Settings,RESUME_ACTIVITY]
09-08 04:55:55.031 1151 1877 I input_focus: [Focus leaving 3e6b6a4 com.android.settings/com.android.settings.SubSettings (server),reason=NO_WINDOW]
09-08 04:55:55.032 2829 2829 I sysui_multi_action: [757,35,758,1,833,0,1089,0]
09-08 04:55:55.035 2829 2829 I wm_on_top_resumed_gained_called: [139302494,com.android.settings.Settings,topWhenResuming]
09-08 04:55:55.057 1151 1691 I input_focus: [Focus request e248c41 com.android.settings/com.android.settings.Settings,reason=UpdateInputWindows]
09-08 04:55:55.081 1151 1877 I input_focus: [Focus entering e248c41 com.android.settings/com.android.settings.Settings (server),reason=setFocusedWindow]
09-08 04:55:55.473 1151 1690 I wm_destroy_activity: [0,228899557,12,com.android.settings/.SubSettings,finish-imm:idle]
09-08 04:55:55.497 2829 2829 I wm_on_stop_called: [228899557,com.android.settings.SubSettings,LIFECYCLER_STOP_ACTIVITY]
09-08 04:55:55.504 2829 2829 I wm_on_destroy_called: [228899557,com.android.settings.SubSettings,performDestroy]
09-08 04:55:56.193 4721 4721 F linker : CANNOT LINK EXECUTABLE "/vendor/bin/hw/qvrservice": library "vendor.qti.hardware.qxr-V1-ndk_platform.so" not found: needed by /vendor/lib64/libqvrservice.so in namespace (default)
09-08 04:55:56.227 4722 4722 F linker : CANNOT LINK EXECUTABLE "/vendor/bin/hw/sxrservice": library "vendor.qti.hardware.qxr-V1-ndk_platform.so" not found: needed by main executable
09-08 04:55:56.310 1151 1877 I input_interaction: Interaction with: e248c41 com.android.settings/com.android.settings.Settings (server), edge-swipe (server), swipe-up (server), PointerEventDispatcher0 (server),
09-08 04:55:56.435 2829 2829 I sysui_multi_action: [757,830,758,4,833,0,854,top_level_system,1089,0]
09-08 04:55:56.437 1151 3534 I ActivityTaskManager: START u0 {act=android.intent.action.MAIN cmp=com.android.settings/.SubSettings (has extras)} from uid 1000
09-08 04:55:56.451 1151 3534 I service_manager_slow: [11,platform_compat]
09-08 04:55:56.453 1151 3534 I wm_task_moved: [12,1,6]
09-08 04:55:56.454 1151 3534 I wm_set_resumed_activity: [0,com.android.settings/.Settings,positionChildAt]
09-08 04:55:56.454 1151 3534 I wm_create_activity: [0,195220080,12,com.android.settings/.SubSettings,android.intent.action.MAIN,NULL,NULL,0]
09-08 04:55:56.458 1151 3534 I wm_pause_activity: [0,139302494,com.android.settings/.Settings,userLeaving=true,resumeTopActivityInnerLocked]
09-08 04:55:56.465 2829 2829 I wm_on_top_resumed_lost_called: [139302494,com.android.settings.Settings,topStateChangedWhenResumed]
09-08 04:55:56.470 2829 2829 I sysui_multi_action: [757,35,758,2,1089,1438]
09-08 04:55:56.471 2829 2829 I wm_on_paused_called: [139302494,com.android.settings.Settings,performPause]
09-08 04:55:56.472 1151 3534 I ActivityTaskManager: The Process com.android.settings Already Exists in BG. So sending its PID: 2829
09-08 04:55:56.474 1151 3534 W ActivityTaskManager: Tried to set launchTime (0) < mLastActivityLaunchTime (203077)
09-08 04:55:56.474 1151 3534 I wm_add_to_stopping: [0,139302494,com.android.settings/.Settings,makeInvisible]
09-08 04:55:56.475 1151 3534 I wm_restart_activity: [0,195220080,12,com.android.settings/.SubSettings]
09-08 04:55:56.477 1151 3534 I wm_set_resumed_activity: [0,com.android.settings/.SubSettings,minimalResumeActivityLocked]
09-08 04:55:56.486 1151 1690 I sysui_multi_action: [757,803,799,window_time_0,802,1]
09-08 04:55:56.500 1151 1877 I input_focus: [Focus leaving e248c41 com.android.settings/com.android.settings.Settings (server),reason=NO_WINDOW]
09-08 04:55:56.514 2829 2829 I wm_on_create_called: [195220080,com.android.settings.SubSettings,performCreate]
09-08 04:55:56.520 2829 2829 I wm_on_start_called: [195220080,com.android.settings.SubSettings,handleStartActivity]
09-08 04:55:56.520 2829 2829 I snet_event_log: [120484087,-1,]
09-08 04:55:56.522 2829 2829 I wm_on_resume_called: [195220080,com.android.settings.SubSettings,RESUME_ACTIVITY]
09-08 04:55:56.522 2829 2829 I sysui_multi_action: [757,744,758,1,833,35,1089,18]
09-08 04:55:56.526 2829 2829 I sysui_multi_action: [757,1729,758,4,854,isParalleledControllers:false,1089,22]
09-08 04:55:56.530 1151 3534 D PackageManager: Instant App installer not found with android.intent.action.INSTALL_INSTANT_APP_PACKAGE
09-08 04:55:56.530 1151 3534 D PackageManager: Clear ephemeral installer activity
09-08 04:55:56.532 2829 2829 I wm_on_top_resumed_gained_called: [195220080,com.android.settings.SubSettings,topStateChangedWhenResumed]
09-08 04:55:56.546 1151 1691 I input_focus: [Focus request 8823546 com.android.settings/com.android.settings.SubSettings,reason=UpdateInputWindows]
09-08 04:55:56.563 1151 2800 D PackageManager: Instant App installer not found with android.intent.action.INSTALL_INSTANT_APP_PACKAGE
09-08 04:55:56.563 1151 2800 D PackageManager: Clear ephemeral installer activity
09-08 04:55:56.564 1151 1687 I wm_activity_launch_time: [0,195220080,com.android.settings/.SubSettings,125]
09-08 04:55:56.588 1151 1877 I input_focus: [Focus entering 8823546 com.android.settings/com.android.settings.SubSettings (server),reason=Window became focusable. Previous reason: NOT_VISIBLE]
09-08 04:55:56.977 1151 1690 I wm_stop_activity: [0,139302494,com.android.settings/.Settings]
09-08 04:55:56.988 2829 2829 I wm_on_stop_called: [139302494,com.android.settings.Settings,STOP_ACTIVITY_ITEM]
09-08 04:55:57.345 1151 3534 W NotificationService: Toast already killed. pkg=com.android.settings token=android.os.BinderProxy@4278600
09-08 04:55:57.355 1151 1877 I input_interaction: Interaction with: 8823546 com.android.settings/com.android.settings.SubSettings (server), edge-swipe (server), swipe-up (server), PointerEventDispatcher0 (server),
09-08 04:55:57.386 1151 1706 I sysui_multi_action: [757,1717,758,1,759,0]
09-08 04:55:57.387 1151 1706 I sysui_multi_action: [757,1717,758,2,759,0]
09-08 04:55:57.388 1151 1706 I sysui_multi_action: [757,1717,758,3,759,0]
09-08 04:55:57.488 2829 2829 I sysui_multi_action: [757,830,758,4,833,0,854,dashboard_tile_pref_com.android.settings.Settings$DevelopmentSettingsDashboardActivity,1089,0]
09-08 04:55:57.492 1151 3534 I ActivityTaskManager: START u0 {act=android.intent.action.MAIN cmp=com.android.settings/.SubSettings (has extras)} from uid 1000
09-08 04:55:57.500 1151 3534 I wm_task_moved: [12,1,6]
09-08 04:55:57.500 1151 3534 I wm_set_resumed_activity: [0,com.android.settings/.SubSettings,positionChildAt]
09-08 04:55:57.501 1151 3534 I wm_create_activity: [0,87371094,12,com.android.settings/.SubSettings,android.intent.action.MAIN,NULL,NULL,0]
09-08 04:55:57.506 1151 3534 I wm_pause_activity: [0,195220080,com.android.settings/.SubSettings,userLeaving=true,resumeTopActivityInnerLocked]
09-08 04:55:57.517 2829 2829 I wm_on_top_resumed_lost_called: [195220080,com.android.settings.SubSettings,topStateChangedWhenResumed]
09-08 04:55:57.521 2829 2829 I sysui_multi_action: [757,744,758,2,1089,998]
09-08 04:55:57.523 2829 2829 I wm_on_paused_called: [195220080,com.android.settings.SubSettings,performPause]
09-08 04:55:57.524 1151 3534 I ActivityTaskManager: The Process com.android.settings Already Exists in BG. So sending its PID: 2829
09-08 04:55:57.529 1151 3534 W ActivityTaskManager: Tried to set launchTime (0) < mLastActivityLaunchTime (213987)
09-08 04:55:57.529 1151 3534 I wm_add_to_stopping: [0,195220080,com.android.settings/.SubSettings,makeInvisible]
09-08 04:55:57.530 1151 3534 I wm_restart_activity: [0,87371094,12,com.android.settings/.SubSettings]
09-08 04:55:57.532 1151 3534 I wm_set_resumed_activity: [0,com.android.settings/.SubSettings,minimalResumeActivityLocked]
09-08 04:55:57.546 1151 1687 D CompanionDeviceManagerService: onPackageModified(packageName = com.android.settings)
09-08 04:55:57.546 1151 1690 I sysui_multi_action: [757,803,799,window_time_0,802,2]
09-08 04:55:57.551 1151 1151 I Telecom : DefaultDialerCache: Refreshing default dialer for user 0: now null: DDC.oR@ACk
09-08 04:55:57.553 1151 1877 I input_focus: [Focus leaving 8823546 com.android.settings/com.android.settings.SubSettings (server),reason=NO_WINDOW]
09-08 04:55:57.588 1151 1706 W VoiceInteractionManager: no available voice recognition services found for user 0
09-08 04:55:57.602 1151 1837 E UserRestrictionsUtils: Unknown restriction queried by uid 1000 (com.android.location.fused et al): null
09-08 04:55:57.603 1151 3701 E UserRestrictionsUtils: Unknown restriction queried by uid 1000 (com.android.location.fused et al): null
09-08 04:55:57.604 1151 3701 E UserRestrictionsUtils: Unknown restriction queried by uid 1000 (com.android.location.fused et al): null
09-08 04:55:57.605 1151 3701 E UserRestrictionsUtils: Unknown restriction queried by uid 1000 (com.android.location.fused et al): null
09-08 04:55:57.606 1151 3701 E UserRestrictionsUtils: Unknown restriction queried by uid 1000 (com.android.location.fused et al): null
09-08 04:55:57.607 1151 3701 E UserRestrictionsUtils: Unknown restriction queried by uid 1000 (com.android.location.fused et al): null
09-08 04:55:57.608 1151 3701 E UserRestrictionsUtils: Unknown restriction queried by uid 1000 (com.android.location.fused et al): null
09-08 04:55:57.608 1151 3701 E UserRestrictionsUtils: Unknown restriction queried by uid 1000 (com.android.location.fused et al): null
09-08 04:55:57.613 1151 1837 E UserRestrictionsUtils: Unknown restriction queried by uid 1000 (com.android.location.fused et al): null
09-08 04:55:57.658 2829 2829 I wm_on_create_called: [87371094,com.android.settings.SubSettings,performCreate]
09-08 04:55:57.635 2829 2829 I auditd : type=1400 audit(0.0:145): avc: denied { read } for comm="ndroid.settings" name="pagetypeinfo" dev="proc" ino=4026531857 scontext=u:r:system_app:s0 tcontext=u:object_r:proc_pagetypeinfo:s0 tclass=file permissive=0
09-08 04:55:57.635 2829 2829 I auditd : type=1400 audit(0.0:146): avc: denied { search } for comm="ndroid.settings" name="zram0" dev="sysfs" ino=66477 scontext=u:r:system_app:s0 tcontext=u:object_r:sysfs_zram:s0 tclass=dir permissive=0
09-08 04:55:57.688 2829 2829 I sysui_multi_action: [757,853,758,4,854,development.DevelopmentSettingsDashboardFragment/switch_bar,1089,1]
09-08 04:55:57.689 2829 2829 I wm_on_start_called: [87371094,com.android.settings.SubSettings,handleStartActivity]
09-08 04:55:57.689 2829 2829 I snet_event_log: [120484087,-1,]
09-08 04:55:57.690 2829 2829 I wm_on_resume_called: [87371094,com.android.settings.SubSettings,RESUME_ACTIVITY]
09-08 04:55:57.692 2829 2829 I sysui_multi_action: [757,39,758,1,833,744,1089,125]
09-08 04:55:57.693 1151 1837 D TelephonyRegistry: listen oscl: mHasNotifySubscriptionInfoChangedOccurred==false no callback
