09-08 04:53:20.901 1151 1151 D SystemServerTiming: OnBootPhase_550_com.android.server.midi.MidiService$Lifecycle took to complete: 0ms
09-08 04:53:20.901 1151 1151 I SystemServerTiming: OnBootPhase_550_com.android.server.adb.AdbService$Lifecycle
09-08 04:53:20.903 1151 1151 D SystemServerTiming: OnBootPhase_550_com.android.server.adb.AdbService$Lifecycle took to complete: 1ms
09-08 04:53:20.903 1151 1151 I SystemServerTiming: OnBootPhase_550_com.android.server.usb.UsbService$Lifecycle
09-08 04:53:20.903 1151 1151 D SystemServerTiming: OnBootPhase_550_com.android.server.usb.UsbService$Lifecycle took to complete: 1ms
09-08 04:53:20.903 1151 1151 I SystemServerTiming: OnBootPhase_550_com.android.server.twilight.TwilightService
09-08 04:53:20.903 1151 1151 D SystemServerTiming: OnBootPhase_550_com.android.server.twilight.TwilightService took to complete: 0ms
09-08 04:53:20.903 1151 1151 I SystemServerTiming: OnBootPhase_550_com.android.server.display.color.ColorDisplayService
09-08 04:53:20.903 1151 1876 I SystemServerTimingAsync: InitThreadPoolExec:UsbService$Lifecycle#onBootPhase
09-08 04:53:20.903 1151 1876 D SystemServerInitThreadPool: Started executing UsbService$Lifecycle#onBootPhase
09-08 04:53:20.903 1151 1151 D SystemServerTiming: OnBootPhase_550_com.android.server.display.color.ColorDisplayService took to complete: 0ms
09-08 04:53:20.903 1151 1151 I SystemServerTiming: OnBootPhase_550_com.android.server.job.JobSchedulerService
09-08 04:53:20.904 1151 1151 D SystemServerTiming: OnBootPhase_550_com.android.server.job.JobSchedulerService took to complete: 0ms
09-08 04:53:20.904 1151 1151 I SystemServerTiming: OnBootPhase_550_com.android.server.soundtrigger.SoundTriggerService
09-08 04:53:20.904 1151 1151 D SoundTriggerService: onBootPhase: 550 : false
09-08 04:53:20.904 1151 1151 D SystemServerTiming: OnBootPhase_550_com.android.server.soundtrigger.SoundTriggerService took to complete: 0ms
09-08 04:53:20.904 1151 1151 I SystemServerTiming: OnBootPhase_550_com.android.server.trust.TrustManagerService
09-08 04:53:20.904 1151 1151 D SystemServerTiming: OnBootPhase_550_com.android.server.trust.TrustManagerService took to complete: 0ms
09-08 04:53:20.904 1151 1151 I SystemServerTiming: OnBootPhase_550_com.android.server.backup.BackupManagerService$Lifecycle
09-08 04:53:20.904 1151 1151 D SystemServerTiming: OnBootPhase_550_com.android.server.backup.BackupManagerService$Lifecycle took to complete: 0ms
09-08 04:53:20.904 1151 1151 I SystemServerTiming: OnBootPhase_550_com.android.server.appwidget.AppWidgetService
09-08 04:53:20.904 1151 1151 D SystemServerTiming: OnBootPhase_550_com.android.server.appwidget.AppWidgetService took to complete: 0ms
09-08 04:53:20.904 1151 1151 I SystemServerTiming: OnBootPhase_550_com.android.server.voiceinteraction.VoiceInteractionManagerService
09-08 04:53:20.904 1151 1151 D SystemServerTiming: OnBootPhase_550_com.android.server.voiceinteraction.VoiceInteractionManagerService took to complete: 0ms
09-08 04:53:20.904 1151 2165 W BluetoothManagerService: bindBluetoothProfileService:Trying to bind to profile: 1, while Bluetooth is disabled
09-08 04:53:20.904 1151 1151 I SystemServerTiming: OnBootPhase_550_com.android.server.apphibernation.AppHibernationService
09-08 04:53:20.904 1151 1151 D SystemServerTiming: OnBootPhase_550_com.android.server.apphibernation.AppHibernationService took to complete: 0ms
09-08 04:53:20.905 1151 1151 I SystemServerTiming: OnBootPhase_550_com.android.server.GestureLauncherService
09-08 04:53:20.905 1151 1151 D SystemServerTiming: OnBootPhase_550_com.android.server.GestureLauncherService took to complete: 0ms
09-08 04:53:20.905 1151 1151 I SystemServerTiming: OnBootPhase_550_com.android.server.SensorNotificationService
09-08 04:53:20.905 1151 1151 D SystemServerTiming: OnBootPhase_550_com.android.server.SensorNotificationService took to complete: 0ms
09-08 04:53:20.905 1151 1151 I SystemServerTiming: OnBootPhase_550_com.android.server.emergency.EmergencyAffordanceService
09-08 04:53:20.905 1151 1151 D SystemServerTiming: OnBootPhase_550_com.android.server.emergency.EmergencyAffordanceService took to complete: 0ms
09-08 04:53:20.905 1151 1151 I SystemServerTiming: OnBootPhase_550_com.android.server.blob.BlobStoreManagerService
09-08 04:53:20.905 1151 1876 D SystemServerInitThreadPool: Finished executing UsbService$Lifecycle#onBootPhase
09-08 04:53:20.905 1151 1876 D SystemServerTimingAsync: InitThreadPoolExec:UsbService$Lifecycle#onBootPhase took to complete: 2ms
09-08 04:53:20.906 1151 1151 D SystemServerTiming: OnBootPhase_550_com.android.server.blob.BlobStoreManagerService took to complete: 0ms
09-08 04:53:20.906 1151 1151 I SystemServerTiming: OnBootPhase_550_com.android.server.dreams.DreamManagerService
09-08 04:53:20.906 1151 1151 D SystemServerTiming: OnBootPhase_550_com.android.server.dreams.DreamManagerService took to complete: 0ms
09-08 04:53:20.906 1151 1151 I SystemServerTiming: OnBootPhase_550_com.android.server.companion.CompanionDeviceManagerService
09-08 04:53:20.906 1151 1151 D SystemServerTiming: OnBootPhase_550_com.android.server.companion.CompanionDeviceManagerService took to complete: 0ms
09-08 04:53:20.906 1151 1151 I SystemServerTiming: OnBootPhase_550_com.android.server.restrictions.RestrictionsManagerService
09-08 04:53:20.906 1151 1151 D SystemServerTiming: OnBootPhase_550_com.android.server.restrictions.RestrictionsManagerService took to complete: 0ms
09-08 04:53:20.906 1151 1151 I SystemServerTiming: OnBootPhase_550_com.android.server.media.MediaSessionService
09-08 04:53:20.907 1151 1151 D SystemServerTiming: OnBootPhase_550_com.android.server.media.MediaSessionService took to complete: 1ms
09-08 04:53:20.907 1151 1151 I SystemServerTiming: OnBootPhase_550_com.android.server.media.MediaResourceMonitorService
09-08 04:53:20.907 1151 1151 D SystemServerTiming: OnBootPhase_550_com.android.server.media.MediaResourceMonitorService took to complete: 0ms
09-08 04:53:20.907 1151 1151 I SystemServerTiming: OnBootPhase_550_com.android.server.biometrics.sensors.fingerprint.FingerprintService
09-08 04:53:20.907 1151 1151 D SystemServerTiming: OnBootPhase_550_com.android.server.biometrics.sensors.fingerprint.FingerprintService took to complete: 0ms
09-08 04:53:20.907 1151 1151 I SystemServerTiming: OnBootPhase_550_com.android.server.biometrics.BiometricService
09-08 04:53:20.908 1151 1151 D SystemServerTiming: OnBootPhase_550_com.android.server.biometrics.BiometricService took to complete: 0ms
09-08 04:53:20.908 1151 1151 I SystemServerTiming: OnBootPhase_550_com.android.server.biometrics.AuthService
09-08 04:53:20.908 1151 1151 D SystemServerTiming: OnBootPhase_550_com.android.server.biometrics.AuthService took to complete: 0ms
09-08 04:53:20.908 1151 1151 I SystemServerTiming: OnBootPhase_550_com.android.server.pm.ShortcutService$Lifecycle
09-08 04:53:20.908 1151 1151 D SystemServerTiming: OnBootPhase_550_com.android.server.pm.ShortcutService$Lifecycle took to complete: 0ms
09-08 04:53:20.908 1151 1151 I SystemServerTiming: OnBootPhase_550_com.android.server.pm.LauncherAppsService
09-08 04:53:20.908 1151 1151 D SystemServerTiming: OnBootPhase_550_com.android.server.pm.LauncherAppsService took to complete: 0ms
09-08 04:53:20.908 1151 1151 I SystemServerTiming: OnBootPhase_550_com.android.server.pm.CrossProfileAppsService
09-08 04:53:20.908 1151 1151 D SystemServerTiming: OnBootPhase_550_com.android.server.pm.CrossProfileAppsService took to complete: 0ms
09-08 04:53:20.909 1151 1151 I SystemServerTiming: OnBootPhase_550_com.android.server.people.PeopleService
09-08 04:53:20.909 1151 1151 D SystemServerTiming: OnBootPhase_550_com.android.server.people.PeopleService took to complete: 0ms
09-08 04:53:20.909 1151 1151 I SystemServerTiming: OnBootPhase_550_com.android.server.media.metrics.MediaMetricsManagerService
09-08 04:53:20.909 1151 1151 D SystemServerTiming: OnBootPhase_550_com.android.server.media.metrics.MediaMetricsManagerService took to complete: 0ms
09-08 04:53:20.909 1151 1151 I SystemServerTiming: OnBootPhase_550_com.android.server.media.projection.MediaProjectionManagerService
09-08 04:53:20.909 1151 1151 D SystemServerTiming: OnBootPhase_550_com.android.server.media.projection.MediaProjectionManagerService took to complete: 0ms
09-08 04:53:20.909 1151 1151 I SystemServerTiming: OnBootPhase_550_com.android.server.slice.SliceManagerService$Lifecycle
09-08 04:53:20.909 1151 1151 D SystemServerTiming: OnBootPhase_550_com.android.server.slice.SliceManagerService$Lifecycle took to complete: 0ms
09-08 04:53:20.909 1151 1151 I SystemServerTiming: OnBootPhase_550_com.android.server.stats.StatsCompanion$Lifecycle
09-08 04:53:20.909 1151 1151 D SystemServerTiming: OnBootPhase_550_com.android.server.stats.StatsCompanion$Lifecycle took to complete: 0ms
09-08 04:53:20.909 1151 1151 I SystemServerTiming: OnBootPhase_550_com.android.server.scheduling.RebootReadinessManagerService$Lifecycle
09-08 04:53:20.909 1151 1151 D SystemServerTiming: OnBootPhase_550_com.android.server.scheduling.RebootReadinessManagerService$Lifecycle took to complete: 0ms
09-08 04:53:20.909 1151 1151 I SystemServerTiming: OnBootPhase_550_com.android.server.stats.pull.StatsPullAtomService
09-08 04:53:20.909 1151 1151 D SystemServerTiming: OnBootPhase_550_com.android.server.stats.pull.StatsPullAtomService took to complete: 0ms
09-08 04:53:20.910 1151 1151 I SystemServerTiming: OnBootPhase_550_com.android.server.incident.IncidentCompanionService
09-08 04:53:20.910 1151 1151 D SystemServerTiming: OnBootPhase_550_com.android.server.incident.IncidentCompanionService took to complete: 0ms
09-08 04:53:20.910 1151 1151 I SystemServerTiming: OnBootPhase_550_com.android.server.MmsServiceBroker
09-08 04:53:20.910 1151 1151 D SystemServerTiming: OnBootPhase_550_com.android.server.MmsServiceBroker took to complete: 1ms
09-08 04:53:20.910 1151 1151 I SystemServerTiming: OnBootPhase_550_com.android.server.autofill.AutofillManagerService
09-08 04:53:20.910 1151 1151 D SystemServerTiming: OnBootPhase_550_com.android.server.autofill.AutofillManagerService took to complete: 0ms
09-08 04:53:20.910 1151 2179 I UsbPortManager: ClientCallback V1_2:
09-08 04:53:20.910 1151 1151 I SystemServerTiming: OnBootPhase_550_com.android.server.clipboard.ClipboardService
09-08 04:53:20.910 1151 1151 D SystemServerTiming: OnBootPhase_550_com.android.server.clipboard.ClipboardService took to complete: 0ms
09-08 04:53:20.910 1151 1151 I SystemServerTiming: OnBootPhase_550_com.android.server.appbinding.AppBindingService$Lifecycle
09-08 04:53:20.910 1151 1687 I UsbPortManager: USB port added: port=UsbPort{id=, supportedModes=nonesupportedContaminantProtectionModes=0supportsEnableContaminantPresenceProtection=falsesupportsEnableContaminantPresenceDetection=false, status=UsbPortStatus{connected=false, currentMode=none, currentPowerRole=no-power, currentDataRole=no-data, supportedRoleCombinations=[no-power:no-data], contaminantDetectionStatus=0, contaminantProtectionStatus=0}, canChangeMode=false, canChangePowerRole=false, canChangeDataRole=false, connectedAtMillis=0, lastConnectDurationMillis=0
09-08 04:53:20.911 1151 1151 I AppBindingService: Updating constants with: null
09-08 04:53:20.911 1151 1151 D SystemServerTiming: OnBootPhase_550_com.android.server.appbinding.AppBindingService$Lifecycle took to complete: 1ms
09-08 04:53:20.911 1151 1151 I SystemServerTiming: OnBootPhase_550_com.android.server.tracing.TracingServiceProxy
09-08 04:53:20.911 1151 1151 D SystemServerTiming: OnBootPhase_550_com.android.server.tracing.TracingServiceProxy took to complete: 0ms
09-08 04:53:20.911 1151 1151 I SystemServerTiming: OnBootPhase_550_com.android.server.policy.PermissionPolicyService
09-08 04:53:20.918 1151 1687 I am_uid_running: 10098
09-08 04:53:20.918 1151 1687 D CompatibilityChangeReporter: Compat change id reported: 135634846; UID 10098; state: DISABLED
09-08 04:53:20.918 1151 1687 D CompatibilityChangeReporter: Compat change id reported: 177438394; UID 10098; state: DISABLED
09-08 04:53:20.919 1151 1687 D CompatibilityChangeReporter: Compat change id reported: 135772972; UID 10098; state: DISABLED
09-08 04:53:20.919 1151 1687 D CompatibilityChangeReporter: Compat change id reported: 135754954; UID 10098; state: DISABLED
09-08 04:53:20.942 1151 2169 I am_proc_bound: [0,2207,com.android.bluetooth]
09-08 04:53:20.945 1151 2169 D CompatibilityChangeReporter: Compat change id reported: 168419799; UID 1002; state: DISABLED
09-08 04:53:20.953 1151 1708 W ActivityManager: Slow operation: 55ms so far, now at startProcess: returned from zygote!
09-08 04:53:20.960 1151 2169 I am_uid_active: 1002
09-08 04:53:20.977 1151 1861 I commit_sys_config_file: [settings-0-0,6]
09-08 04:53:20.987 1151 1708 W ActivityManager: Slow operation: 89ms so far, now at startProcess: done updating battery stats
09-08 04:53:20.988 1151 1708 I am_proc_start: [0,2227,10087,com.android.systemui,service,{com.android.systemui/com.android.systemui.ImageWallpaper}]
09-08 04:53:20.988 1151 1708 W ActivityManager: Slow operation: 90ms so far, now at startProcess: building log message
09-08 04:53:20.988 1151 1708 I ActivityManager: Start proc 2227:com.android.systemui/u0a87 for service {com.android.systemui/com.android.systemui.ImageWallpaper}
09-08 04:53:20.988 1151 1708 W ActivityManager: Slow operation: 90ms so far, now at startProcess: starting to update pids map
09-08 04:53:20.989 1151 1708 W ActivityManager: Slow operation: 90ms so far, now at startProcess: done updating pids map
09-08 04:53:20.989 1151 1708 W ActivityManager: Slow operation: 70ms so far, now at startProcess: asking zygote to start proc
09-08 04:53:20.989 1151 1708 D CompatibilityChangeReporter: Compat change id reported: 143937733; UID 10098; state: DISABLED
09-08 04:53:20.989 1151 1708 W ActivityManager: com.android.permissioncontroller inode == 0 (b/152760674)
09-08 04:53:21.045 1151 1708 W ActivityManager: Slow operation: 127ms so far, now at startProcess: returned from zygote!
09-08 04:53:21.045 1151 1708 W ActivityManager: Slow operation: 127ms so far, now at startProcess: done updating battery stats
09-08 04:53:21.045 1151 1708 I am_proc_start: [0,2247,10098,com.android.permissioncontroller,service,{com.android.permissioncontroller/com.android.permissioncontroller.permission.service.PermissionControllerServiceImpl}]
09-08 04:53:21.046 1151 1708 W ActivityManager: Slow operation: 127ms so far, now at startProcess: building log message
09-08 04:53:21.046 1151 1708 I ActivityManager: Start proc 2247:com.android.permissioncontroller/u0a98 for service {com.android.permissioncontroller/com.android.permissioncontroller.permission.service.PermissionControllerServiceImpl}
09-08 04:53:21.046 1151 1708 W ActivityManager: Slow operation: 127ms so far, now at startProcess: starting to update pids map
09-08 04:53:21.046 1151 1708 W ActivityManager: Slow operation: 128ms so far, now at startProcess: done updating pids map
09-08 04:53:21.058 1151 2169 I am_proc_bound: [0,2227,com.android.systemui]
09-08 04:53:21.065 1151 2169 D CompatibilityChangeReporter: Compat change id reported: 168419799; UID 10087; state: DISABLED
09-08 04:53:21.068 1151 2169 I am_uid_active: 10087
09-08 04:53:21.115 1151 2169 I am_proc_bound: [0,2247,com.android.permissioncontroller]
09-08 04:53:21.117 1151 2169 D CompatibilityChangeReporter: Compat change id reported: 168419799; UID 10098; state: DISABLED
09-08 04:53:21.118 1151 2169 I am_uid_active: 10098
09-08 04:53:21.151 1151 1838 W StorageManagerService: No primary storage defined yet; hacking together a stub
09-08 04:53:21.196 1151 1838 D PackageManager: Instant App installer not found with android.intent.action.INSTALL_INSTANT_APP_PACKAGE
09-08 04:53:21.196 1151 1838 D PackageManager: Clear ephemeral installer activity
09-08 04:53:21.240 1151 1837 I wm_task_created: [2,-1]
09-08 04:53:21.247 1151 1837 I wm_task_created: [3,-1]
09-08 04:53:21.309 1151 2169 I wm_task_created: [4,-1]
09-08 04:53:21.315 2207 2320 I bt_config_source: 4
09-08 04:53:21.315 1151 2314 I wm_task_created: [5,-1]
09-08 04:53:21.316 2207 2320 I bt_config_source: 3
09-08 04:53:21.325 1151 2169 I wm_task_created: [6,-1]
09-08 04:53:21.368 1151 2169 D CompatibilityChangeReporter: Compat change id reported: 171306433; UID 1000; state: ENABLED
09-08 04:53:21.428 2227 2227 W OneHandedController: Device doesn't support OneHanded feature
09-08 04:53:21.511 1151 2317 D PackageManager: Instant App installer not found with android.intent.action.INSTALL_INSTANT_APP_PACKAGE
09-08 04:53:21.512 1151 2317 D PackageManager: Clear ephemeral installer activity
09-08 04:53:21.531 1151 2317 D TelephonyRegistry: listen oscl: mHasNotifySubscriptionInfoChangedOccurred==false no callback
09-08 04:53:21.589 1151 1151 V StorageManagerService: Package null has legacy storage
09-08 04:53:21.590 1151 1151 V StorageManagerService: Package null has legacy storage
09-08 04:53:21.590 1151 1837 D CompatibilityChangeReporter: Compat change id reported: 157233955; UID 10087; state: ENABLED
09-08 04:53:21.594 1151 1151 V StorageManagerService: Package null does not have legacy storage
09-08 04:53:21.594 1151 1151 V StorageManagerService: Package null does not have legacy storage
09-08 04:53:21.594 1151 1151 V StorageManagerService: Package null does not have legacy storage
09-08 04:53:21.594 1151 1151 V StorageManagerService: Package null does not have legacy storage
09-08 04:53:21.595 1151 1151 V StorageManagerService: Package null does not have legacy storage
09-08 04:53:21.595 1151 1151 V StorageManagerService: Package null does not have legacy storage
09-08 04:53:21.595 1151 1151 V StorageManagerService: Package null does not have legacy storage
09-08 04:53:21.595 1151 1151 V StorageManagerService: Package null does not have legacy storage
09-08 04:53:21.597 1151 1151 V StorageManagerService: Package null does not have legacy storage
09-08 04:53:21.597 1151 1151 V StorageManagerService: Package null does not have legacy storage
09-08 04:53:21.597 1151 1151 V StorageManagerService: Package null does not have legacy storage
09-08 04:53:21.598 1151 1151 V StorageManagerService: Package null does not have legacy storage
09-08 04:53:21.598 1151 1151 V StorageManagerService: Package null does not have legacy storage
09-08 04:53:21.598 1151 1151 V StorageManagerService: Package null does not have legacy storage
09-08 04:53:21.598 1151 1151 V StorageManagerService: Package null does not have legacy storage
09-08 04:53:21.598 1151 1151 V StorageManagerService: Package null does not have legacy storage
09-08 04:53:21.598 1151 1151 V StorageManagerService: Package null does not have legacy storage
09-08 04:53:21.599 1151 1151 V StorageManagerService: Package null does not have legacy storage
09-08 04:53:21.599 1151 1151 V StorageManagerService: Package null does not have legacy storage
09-08 04:53:21.599 1151 1151 V StorageManagerService: Package null does not have legacy storage
09-08 04:53:21.599 1151 1151 V StorageManagerService: Package null does not have legacy storage
09-08 04:53:21.599 1151 1151 I PackageManager: Permission ownership changed. Updating all permissions.
09-08 04:53:21.621 1151 1151 W SystemServiceManager: Service com.android.server.policy.PermissionPolicyService took 709 ms in onBootPhase
09-08 04:53:21.621 1151 1151 D SystemServerTiming: OnBootPhase_550_com.android.server.policy.PermissionPolicyService took to complete: 710ms
09-08 04:53:21.621 1151 1151 I SystemServerTiming: OnBootPhase_550_com.android.server.pm.StagingManager$Lifecycle
09-08 04:53:21.621 1151 1151 D SystemServerTiming: OnBootPhase_550_com.android.server.pm.StagingManager$Lifecycle took to complete: 0ms
09-08 04:53:21.621 1151 1151 I SystemServerTiming: OnBootPhase_550_com.android.server.app.GameManagerService$Lifecycle
09-08 04:53:21.621 1151 1151 D SystemServerTiming: OnBootPhase_550_com.android.server.app.GameManagerService$Lifecycle took to complete: 0ms
09-08 04:53:21.621 1151 1151 I SystemServerTiming: OnBootPhase_550_com.android.server.appsearch.AppSearchManagerService
09-08 04:53:21.621 1151 1151 D SystemServerTiming: OnBootPhase_550_com.android.server.appsearch.AppSearchManagerService took to complete: 0ms
09-08 04:53:21.621 1151 1151 I SystemServerTiming: OnBootPhase_550_com.android.server.media.MediaCommunicationService
09-08 04:53:21.621 1151 1151 D SystemServerTiming: OnBootPhase_550_com.android.server.media.MediaCommunicationService took to complete: 0ms
09-08 04:53:21.621 1151 1151 D SystemServerTiming: OnBootPhase_550 took to complete: 812ms
09-08 04:53:21.621 1151 1151 D SystemServerTiming: StartActivityManagerReadyPhase took to complete: 812ms
09-08 04:53:21.621 1151 1151 I SystemServerTiming: StartObservingNativeCrashes
09-08 04:53:21.622 1151 1151 D SystemServerTiming: StartObservingNativeCrashes took to complete: 0ms
09-08 04:53:21.622 1151 1151 I SystemServerTiming: RegisterAppOpsPolicy
09-08 04:53:21.623 1151 1151 D SystemServerTiming: RegisterAppOpsPolicy took to complete: 1ms
09-08 04:53:21.624 1151 1151 I SystemServerTiming: MakeNetworkManagementServiceReady
09-08 04:53:21.624 1151 1893 I SystemServerTimingAsync: InitThreadPoolExec:WebViewFactoryPreparation
09-08 04:53:21.624 1151 1893 D SystemServerInitThreadPool: Started executing WebViewFactoryPreparation
09-08 04:53:21.624 1151 1893 I SystemServer: WebViewFactoryPreparation
09-08 04:53:21.624 1151 1893 I SystemServerTimingAsync: WebViewFactoryPreparation
09-08 04:53:21.625 1151 1893 I am_uid_running: 1037
09-08 04:53:21.626 1151 1893 D CompatibilityChangeReporter: Compat change id reported: 135634846; UID 1000; state: DISABLED
09-08 04:53:21.626 1151 1893 D CompatibilityChangeReporter: Compat change id reported: 177438394; UID 1000; state: DISABLED
09-08 04:53:21.626 1151 1893 D CompatibilityChangeReporter: Compat change id reported: 135772972; UID 1000; state: DISABLED
09-08 04:53:21.626 1151 1893 D CompatibilityChangeReporter: Compat change id reported: 178038272; UID 1000; state: DISABLED
09-08 04:53:21.627 1151 1708 W ActivityManager: com.android.location.fused inode == 0 (b/152760674)
09-08 04:53:21.628 1151 1893 D SystemServerTimingAsync: WebViewFactoryPreparation took to complete: 3ms
09-08 04:53:21.628 1151 1893 D SystemServerInitThreadPool: Finished executing WebViewFactoryPreparation
09-08 04:53:21.628 1151 1893 D SystemServerTimingAsync: InitThreadPoolExec:WebViewFactoryPreparation took to complete: 4ms
09-08 04:53:21.629 1151 1151 D SystemServerTiming: MakeNetworkManagementServiceReady took to complete: 6ms
09-08 04:53:21.630 1151 1151 I SystemServerTiming: MakeIpSecServiceReady
09-08 04:53:21.634 1151 2145 I commit_sys_config_file: [net-policy,2]
09-08 04:53:21.635 1151 2145 W NetworkPolicy: setRestrictBackgroundUL: already false
09-08 04:53:21.635 1151 1151 D IpSecService: IpSecService is ready
09-08 04:53:21.635 1151 1151 D SystemServerTiming: MakeIpSecServiceReady took to complete: 6ms
09-08 04:53:21.636 1151 1151 I SystemServerTiming: MakeNetworkStatsServiceReady
09-08 04:53:21.639 1151 1720 W BatteryExternalStatsWorker: error reading modem stats:ERROR_PHONE_NOT_AVAILABLE
09-08 04:53:21.682 1151 2145 D TelephonyRegistry: listen oscl: mHasNotifySubscriptionInfoChangedOccurred==false no callback
09-08 04:53:21.686 1151 2144 D TelephonyRegistry: listen oscl: mHasNotifySubscriptionInfoChangedOccurred==false no callback
09-08 04:53:21.694 1151 1151 D SystemServerTiming: MakeNetworkStatsServiceReady took to complete: 59ms
09-08 04:53:21.694 1151 1151 I SystemServerTiming: MakeConnectivityServiceReady
09-08 04:53:21.704 1151 1861 I commit_sys_config_file: [settings-0-0,1]
09-08 04:53:21.712 1151 1151 D SystemServerTiming: MakeConnectivityServiceReady took to complete: 18ms
09-08 04:53:21.712 1151 1151 I SystemServerTiming: MakeVpnManagerServiceReady
09-08 04:53:21.718 1151 1151 D SystemServerTiming: MakeVpnManagerServiceReady took to complete: 5ms
09-08 04:53:21.718 1151 1151 I SystemServerTiming: MakeVcnManagementServiceReady
09-08 04:53:21.719 1151 1151 D TelephonyRegistry: listen oscl: mHasNotifySubscriptionInfoChangedOccurred==false no callback
09-08 04:53:21.720 1151 1151 D SystemServerTiming: MakeVcnManagementServiceReady took to complete: 2ms
09-08 04:53:21.720 1151 1151 I SystemServerTiming: MakeNetworkPolicyServiceReady
09-08 04:53:21.720 1151 1151 D SystemServerTiming: MakeNetworkPolicyServiceReady took to complete: 0ms
09-08 04:53:21.720 1151 1151 I SystemServerTiming: PhaseThirdPartyAppsCanStart
09-08 04:53:21.720 1151 1151 I SystemServiceManager: Starting phase 600
09-08 04:53:21.720 1151 1151 I SystemServerTiming: OnBootPhase_600
09-08 04:53:21.720 1151 1151 I SystemServerTiming: OnBootPhase_600_com.android.server.security.FileIntegrityService
09-08 04:53:21.720 1151 1151 D SystemServerTiming: OnBootPhase_600_com.android.server.security.FileIntegrityService took to complete: 0ms
09-08 04:53:21.720 1151 1151 I SystemServerTiming: OnBootPhase_600_com.android.server.pm.Installer
09-08 04:53:21.721 1151 1151 D SystemServerTiming: OnBootPhase_600_com.android.server.pm.Installer took to complete: 0ms
09-08 04:53:21.721 1151 1151 I SystemServerTiming: OnBootPhase_600_com.android.server.os.DeviceIdentifiersPolicyService
09-08 04:53:21.721 1151 1151 D SystemServerTiming: OnBootPhase_600_com.android.server.os.DeviceIdentifiersPolicyService took to complete: 0ms
09-08 04:53:21.721 1151 1151 I SystemServerTiming: OnBootPhase_600_com.android.server.uri.UriGrantsManagerService$Lifecycle
09-08 04:53:21.721 1151 1151 D SystemServerTiming: OnBootPhase_600_com.android.server.uri.UriGrantsManagerService$Lifecycle took to complete: 0ms
09-08 04:53:21.721 1151 1151 I SystemServerTiming: OnBootPhase_600_com.android.server.powerstats.PowerStatsService
09-08 04:53:21.721 1151 1151 D SystemServerTiming: OnBootPhase_600_com.android.server.powerstats.PowerStatsService took to complete: 0ms
09-08 04:53:21.721 1151 1151 I SystemServerTiming: OnBootPhase_600_com.android.server.wm.ActivityTaskManagerService$Lifecycle
09-08 04:53:21.721 1151 1151 D SystemServerTiming: OnBootPhase_600_com.android.server.wm.ActivityTaskManagerService$Lifecycle took to complete: 0ms
09-08 04:53:21.721 1151 1151 I SystemServerTiming: OnBootPhase_600_com.android.server.am.ActivityManagerService$Lifecycle
09-08 04:53:21.721 1151 1151 I ExplicitHealthCheckController: Explicit health checks enabled.
09-08 04:53:21.721 1151 1151 I PackageWatchdog: Syncing state, reason: health check state enabled
09-08 04:53:21.721 1151 1151 I PackageWatchdog: Not pruning observers, elapsed time: 0ms
09-08 04:53:21.722 1151 1151 I PackageWatchdog: Cancelling state sync, nothing to sync
09-08 04:53:21.722 1151 1151 D SystemServerTiming: OnBootPhase_600_com.android.server.am.ActivityManagerService$Lifecycle took to complete: 0ms
09-08 04:53:21.722 1151 1151 I SystemServerTiming: OnBootPhase_600_com.android.server.pm.DataLoaderManagerService
09-08 04:53:21.722 1151 1151 D SystemServerTiming: OnBootPhase_600_com.android.server.pm.DataLoaderManagerService took to complete: 0ms
09-08 04:53:21.722 1151 1151 I SystemServerTiming: OnBootPhase_600_com.android.server.power.PowerManagerService
09-08 04:53:21.722 1151 1151 D SystemServerTiming: OnBootPhase_600_com.android.server.power.PowerManagerService took to complete: 0ms
09-08 04:53:21.722 1151 1151 I SystemServerTiming: OnBootPhase_600_com.android.server.power.ThermalManagerService
09-08 04:53:21.722 1151 1151 D SystemServerTiming: OnBootPhase_600_com.android.server.power.ThermalManagerService took to complete: 0ms
09-08 04:53:21.722 1151 1151 I SystemServerTiming: OnBootPhase_600_com.android.server.power.hint.HintManagerService
09-08 04:53:21.722 1151 1151 D SystemServerTiming: OnBootPhase_600_com.android.server.power.hint.HintManagerService took to complete: 0ms
09-08 04:53:21.726 1151 1151 I SystemServerTiming: OnBootPhase_600_com.android.server.recoverysystem.RecoverySystemService$Lifecycle
09-08 04:53:21.726 1151 1151 D SystemServerTiming: OnBootPhase_600_com.android.server.recoverysystem.RecoverySystemService$Lifecycle took to complete: 0ms
09-08 04:53:21.726 1151 1151 I SystemServerTiming: OnBootPhase_600_com.android.server.lights.LightsService
09-08 04:53:21.726 1151 1151 D SystemServerTiming: OnBootPhase_600_com.android.server.lights.LightsService took to complete: 0ms
09-08 04:53:21.726 1151 1151 I SystemServerTiming: OnBootPhase_600_com.android.server.display.DisplayManagerService
09-08 04:53:21.726 1151 1151 D SystemServerTiming: OnBootPhase_600_com.android.server.display.DisplayManagerService took to complete: 0ms
09-08 04:53:21.727 1151 1151 I SystemServerTiming: OnBootPhase_600_com.android.server.pm.verify.domain.DomainVerificationService
09-08 04:53:21.728 1151 1706 I PackageWatchdog: Saving observer state to file
09-08 04:53:21.728 1151 1151 D SystemServerTiming: OnBootPhase_600_com.android.server.pm.verify.domain.DomainVerificationService took to complete: 0ms
09-08 04:53:21.728 1151 1151 I SystemServerTiming: OnBootPhase_600_com.android.server.pm.PackageInstallerService$Lifecycle
09-08 04:53:21.728 1151 1151 D SystemServerTiming: OnBootPhase_600_com.android.server.pm.PackageInstallerService$Lifecycle took to complete: 0ms
09-08 04:53:21.728 1151 1151 I SystemServerTiming: OnBootPhase_600_com.android.server.pm.UserManagerService$LifeCycle
09-08 04:53:21.728 1151 1151 D SystemServerTiming: OnBootPhase_600_com.android.server.pm.UserManagerService$LifeCycle took to complete: 0ms
09-08 04:53:21.728 1151 1151 I SystemServerTiming: OnBootPhase_600_com.android.server.om.OverlayManagerService
09-08 04:53:21.728 1151 1151 D SystemServerTiming: OnBootPhase_600_com.android.server.om.OverlayManagerService took to complete: 0ms
09-08 04:53:21.728 1151 1151 I SystemServerTiming: OnBootPhase_600_com.android.server.SensorPrivacyService
09-08 04:53:21.728 1151 1151 D SystemServerTiming: OnBootPhase_600_com.android.server.SensorPrivacyService took to complete: 0ms
09-08 04:53:21.728 1151 1151 I SystemServerTiming: OnBootPhase_600_com.android.server.sensors.SensorService
09-08 04:53:21.728 1151 1151 D SystemServerTiming: OnBootPhase_600_com.android.server.sensors.SensorService took to complete: 0ms
09-08 04:53:21.728 1151 1151 I SystemServerTiming: OnBootPhase_600_com.android.server.SystemConfigService
09-08 04:53:21.728 1151 1151 D SystemServerTiming: OnBootPhase_600_com.android.server.SystemConfigService took to complete: 0ms
09-08 04:53:21.729 1151 1151 I SystemServerTiming: OnBootPhase_600_com.android.server.BatteryService
09-08 04:53:21.729 1151 1151 D SystemServerTiming: OnBootPhase_600_com.android.server.BatteryService took to complete: 0ms
09-08 04:53:21.729 1151 1151 I SystemServerTiming: OnBootPhase_600_com.android.server.usage.UsageStatsService
09-08 04:53:21.729 1151 1151 D SystemServerTiming: OnBootPhase_600_com.android.server.usage.UsageStatsService took to complete: 0ms
09-08 04:53:21.729 1151 1151 I SystemServerTiming: OnBootPhase_600_com.android.server.webkit.WebViewUpdateService
09-08 04:53:21.729 1151 1151 D SystemServerTiming: OnBootPhase_600_com.android.server.webkit.WebViewUpdateService took to complete: 0ms
09-08 04:53:21.729 1151 1151 I SystemServerTiming: OnBootPhase_600_com.android.server.CachedDeviceStateService
09-08 04:53:21.729 1151 1151 D SystemServerTiming: OnBootPhase_600_com.android.server.CachedDeviceStateService took to complete: 0ms
09-08 04:53:21.729 1151 1151 I SystemServerTiming: OnBootPhase_600_com.android.server.BinderCallsStatsService$LifeCycle
09-08 04:53:21.729 1151 1151 D SystemServerTiming: OnBootPhase_600_com.android.server.BinderCallsStatsService$LifeCycle took to complete: 0ms
09-08 04:53:21.729 1151 1151 I SystemServerTiming: OnBootPhase_600_com.android.server.LooperStatsService$Lifecycle
09-08 04:53:21.729 1151 1151 D SystemServerTiming: OnBootPhase_600_com.android.server.LooperStatsService$Lifecycle took to complete: 0ms
09-08 04:53:21.729 1151 1151 I SystemServerTiming: OnBootPhase_600_com.android.server.rollback.RollbackManagerService
09-08 04:53:21.729 1151 1151 D SystemServerTiming: OnBootPhase_600_com.android.server.rollback.RollbackManagerService took to complete: 0ms
09-08 04:53:21.729 1151 1151 I SystemServerTiming: OnBootPhase_600_com.android.server.os.NativeTombstoneManagerService
09-08 04:53:21.729 1151 1151 D SystemServerTiming: OnBootPhase_600_com.android.server.os.NativeTombstoneManagerService took to complete: 0ms
09-08 04:53:21.729 1151 1151 I SystemServerTiming: OnBootPhase_600_com.android.server.os.BugreportManagerService
09-08 04:53:21.729 1151 1151 D SystemServerTiming: OnBootPhase_600_com.android.server.os.BugreportManagerService took to complete: 0ms
09-08 04:53:21.730 1151 1151 I SystemServerTiming: OnBootPhase_600_com.android.server.gpu.GpuService
09-08 04:53:21.730 1151 1151 D SystemServerTiming: OnBootPhase_600_com.android.server.gpu.GpuService took to complete: 0ms
09-08 04:53:21.730 1151 1151 I SystemServerTiming: OnBootPhase_600_com.android.server.security.KeyChainSystemService
09-08 04:53:21.730 1151 1151 D SystemServerTiming: OnBootPhase_600_com.android.server.security.KeyChainSystemService took to complete: 0ms
09-08 04:53:21.730 1151 1151 I SystemServerTiming: OnBootPhase_600_com.android.server.telecom.TelecomLoaderService
09-08 04:53:21.730 1151 1151 D SystemServerTiming: OnBootPhase_600_com.android.server.telecom.TelecomLoaderService took to complete: 0ms
09-08 04:53:21.730 1151 1151 I SystemServerTiming: OnBootPhase_600_com.android.server.accounts.AccountManagerService$Lifecycle
09-08 04:53:21.730 1151 1151 D SystemServerTiming: OnBootPhase_600_com.android.server.accounts.AccountManagerService$Lifecycle took to complete: 0ms
09-08 04:53:21.730 1151 1151 I SystemServerTiming: OnBootPhase_600_com.android.server.content.ContentService$Lifecycle
09-08 04:53:21.730 1151 1151 D SystemServerTiming: OnBootPhase_600_com.android.server.content.ContentService$Lifecycle took to complete: 0ms
09-08 04:53:21.730 1151 1151 I SystemServerTiming: OnBootPhase_600_com.android.server.DropBoxManagerService
09-08 04:53:21.730 1151 1151 D SystemServerTiming: OnBootPhase_600_com.android.server.DropBoxManagerService took to complete: 0ms
09-08 04:53:21.730 1151 1151 I SystemServerTiming: OnBootPhase_600_com.android.role.RoleService
09-08 04:53:21.730 1151 1151 D SystemServerTiming: OnBootPhase_600_com.android.role.RoleService took to complete: 0ms
09-08 04:53:21.730 1151 1151 I SystemServerTiming: OnBootPhase_600_com.android.server.vibrator.VibratorManagerService$Lifecycle
09-08 04:53:21.730 1151 1151 D SystemServerTiming: OnBootPhase_600_com.android.server.vibrator.VibratorManagerService$Lifecycle took to complete: 0ms
09-08 04:53:21.730 1151 1151 I SystemServerTiming: OnBootPhase_600_com.android.server.alarm.AlarmManagerService
09-08 04:53:21.730 1151 1151 D SystemServerTiming: OnBootPhase_600_com.android.server.alarm.AlarmManagerService took to complete: 0ms
09-08 04:53:21.730 1151 1151 I SystemServerTiming: OnBootPhase_600_com.android.server.devicestate.DeviceStateManagerService
09-08 04:53:21.730 1151 1151 D SystemServerTiming: OnBootPhase_600_com.android.server.devicestate.DeviceStateManagerService took to complete: 0ms
09-08 04:53:21.730 1151 1151 I SystemServerTiming: OnBootPhase_600_com.android.server.camera.CameraServiceProxy
09-08 04:53:21.730 1151 1151 D SystemServerTiming: OnBootPhase_600_com.android.server.camera.CameraServiceProxy took to complete: 0ms
09-08 04:53:21.730 1151 1151 I SystemServerTiming: OnBootPhase_600_com.android.server.BluetoothService
09-08 04:53:21.730 1151 1151 D SystemServerTiming: OnBootPhase_600_com.android.server.BluetoothService took to complete: 0ms
09-08 04:53:21.730 1151 1151 I SystemServerTiming: OnBootPhase_600_com.android.server.connectivity.IpConnectivityMetrics
09-08 04:53:21.731 1151 1151 D SystemServerTiming: OnBootPhase_600_com.android.server.connectivity.IpConnectivityMetrics took to complete: 0ms
09-08 04:53:21.731 1151 1151 I SystemServerTiming: OnBootPhase_600_com.android.server.net.watchlist.NetworkWatchlistService$Lifecycle
09-08 04:53:21.731 1151 1151 D SystemServerTiming: OnBootPhase_600_com.android.server.net.watchlist.NetworkWatchlistService$Lifecycle took to complete: 0ms
09-08 04:53:21.731 1151 1151 I SystemServerTiming: OnBootPhase_600_com.android.server.PinnerService
09-08 04:53:21.731 1151 1151 D SystemServerTiming: OnBootPhase_600_com.android.server.PinnerService took to complete: 0ms
09-08 04:53:21.731 1151 1151 I SystemServerTiming: OnBootPhase_600_com.google.android.startop.iorap.IorapForwardingService
09-08 04:53:21.731 1151 1151 D SystemServerTiming: OnBootPhase_600_com.google.android.startop.iorap.IorapForwardingService took to complete: 0ms
09-08 04:53:21.731 1151 1151 I SystemServerTiming: OnBootPhase_600_com.android.server.ActivityTriggerService
09-08 04:53:21.731 1151 1151 D SystemServerTiming: OnBootPhase_600_com.android.server.ActivityTriggerService took to complete: 0ms
09-08 04:53:21.731 1151 1151 I SystemServerTiming: OnBootPhase_600_com.android.server.integrity.AppIntegrityManagerService
09-08 04:53:21.731 1151 1151 D SystemServerTiming: OnBootPhase_600_com.android.server.integrity.AppIntegrityManagerService took to complete: 0ms
09-08 04:53:21.731 1151 1151 I SystemServerTiming: OnBootPhase_600_com.android.server.inputmethod.InputMethodManagerService$Lifecycle
09-08 04:53:21.731 1151 1151 D SystemServerTiming: OnBootPhase_600_com.android.server.inputmethod.InputMethodManagerService$Lifecycle took to complete: 0ms
09-08 04:53:21.731 1151 1151 I SystemServerTiming: OnBootPhase_600_com.android.server.accessibility.AccessibilityManagerService$Lifecycle
09-08 04:53:21.731 1151 1151 D SystemServerTiming: OnBootPhase_600_com.android.server.accessibility.AccessibilityManagerService$Lifecycle took to complete: 0ms
09-08 04:53:21.731 1151 1151 I SystemServerTiming: OnBootPhase_600_com.android.server.StorageManagerService$Lifecycle
09-08 04:53:21.731 1151 1151 D SystemServerTiming: OnBootPhase_600_com.android.server.StorageManagerService$Lifecycle took to complete: 0ms
09-08 04:53:21.731 1151 1151 I SystemServerTiming: OnBootPhase_600_com.android.server.usage.StorageStatsService$Lifecycle
09-08 04:53:21.731 1151 1151 D SystemServerTiming: OnBootPhase_600_com.android.server.usage.StorageStatsService$Lifecycle took to complete: 0ms
09-08 04:53:21.731 1151 1151 I SystemServerTiming: OnBootPhase_600_com.android.server.UiModeManagerService
09-08 04:53:21.731 1151 1151 D SystemServerTiming: OnBootPhase_600_com.android.server.UiModeManagerService took to complete: 0ms
09-08 04:53:21.731 1151 1151 I SystemServerTiming: OnBootPhase_600_com.android.server.locksettings.LockSettingsService$Lifecycle
09-08 04:53:21.732 1151 1151 D SystemServerTiming: OnBootPhase_600_com.android.server.locksettings.LockSettingsService$Lifecycle took to complete: 0ms
09-08 04:53:21.732 1151 1151 I SystemServerTiming: OnBootPhase_600_com.android.server.PersistentDataBlockService
09-08 04:53:21.732 1151 1151 D SystemServerTiming: OnBootPhase_600_com.android.server.PersistentDataBlockService took to complete: 0ms
09-08 04:53:21.732 1151 1151 I SystemServerTiming: OnBootPhase_600_com.android.server.testharness.TestHarnessModeService
09-08 04:53:21.732 1151 1151 D SystemServerTiming: OnBootPhase_600_com.android.server.testharness.TestHarnessModeService took to complete: 0ms
09-08 04:53:21.732 1151 1151 I SystemServerTiming: OnBootPhase_600_com.android.server.oemlock.OemLockService
09-08 04:53:21.732 1151 1151 D SystemServerTiming: OnBootPhase_600_com.android.server.oemlock.OemLockService took to complete: 0ms
09-08 04:53:21.732 1151 1151 I SystemServerTiming: OnBootPhase_600_com.android.server.DeviceIdleController
09-08 04:53:21.732 1151 1151 D SystemServerTiming: OnBootPhase_600_com.android.server.DeviceIdleController took to complete: 0ms
09-08 04:53:21.732 1151 1151 I SystemServerTiming: OnBootPhase_600_com.android.server.devicepolicy.DevicePolicyManagerService$Lifecycle
09-08 04:53:21.732 1151 1151 D SystemServerTiming: OnBootPhase_600_com.android.server.devicepolicy.DevicePolicyManagerService$Lifecycle took to complete: 0ms
09-08 04:53:21.732 1151 1151 I SystemServerTiming: OnBootPhase_600_com.android.server.texttospeech.TextToSpeechManagerService
09-08 04:53:21.732 1151 1151 D SystemServerTiming: OnBootPhase_600_com.android.server.texttospeech.TextToSpeechManagerService took to complete: 0ms
09-08 04:53:21.732 1151 1151 I SystemServerTiming: OnBootPhase_600_com.android.server.speech.SpeechRecognitionManagerService
09-08 04:53:21.732 1151 1151 D SystemServerTiming: OnBootPhase_600_com.android.server.speech.SpeechRecognitionManagerService took to complete: 0ms
09-08 04:53:21.732 1151 1151 I SystemServerTiming: OnBootPhase_600_com.android.server.searchui.SearchUiManagerService
09-08 04:53:21.733 1151 1151 D SystemServerTiming: OnBootPhase_600_com.android.server.searchui.SearchUiManagerService took to complete: 0ms
09-08 04:53:21.733 1151 1151 I SystemServerTiming: OnBootPhase_600_com.android.server.smartspace.SmartspaceManagerService
09-08 04:53:21.733 1151 1151 D SystemServerTiming: OnBootPhase_600_com.android.server.smartspace.SmartspaceManagerService took to complete: 0ms
09-08 04:53:21.733 1151 1151 I SystemServerTiming: OnBootPhase_600_com.android.server.graphics.fonts.FontManagerService$Lifecycle
09-08 04:53:21.733 1151 1151 D SystemServerTiming: OnBootPhase_600_com.android.server.graphics.fonts.FontManagerService$Lifecycle took to complete: 0ms
09-08 04:53:21.733 1151 1151 I SystemServerTiming: OnBootPhase_600_com.android.server.textservices.TextServicesManagerService$Lifecycle
09-08 04:53:21.733 1151 1151 D SystemServerTiming: OnBootPhase_600_com.android.server.textservices.TextServicesManagerService$Lifecycle took to complete: 0ms
09-08 04:53:21.733 1151 1151 I SystemServerTiming: OnBootPhase_600_com.android.server.textclassifier.TextClassificationManagerService$Lifecycle
09-08 04:53:21.733 1151 1151 D SystemServerTiming: OnBootPhase_600_com.android.server.textclassifier.TextClassificationManagerService$Lifecycle took to complete: 0ms
09-08 04:53:21.733 1151 1151 I SystemServerTiming: OnBootPhase_600_com.android.server.NetworkScoreService$Lifecycle
09-08 04:53:21.733 1151 1151 D SystemServerTiming: OnBootPhase_600_com.android.server.NetworkScoreService$Lifecycle took to complete: 0ms
09-08 04:53:21.733 1151 1151 I SystemServerTiming: OnBootPhase_600_com.android.server.wifi.WifiService
09-08 04:53:21.733 1151 1151 D SystemServerTiming: OnBootPhase_600_com.android.server.wifi.WifiService took to complete: 0ms
09-08 04:53:21.733 1151 1151 I SystemServerTiming: OnBootPhase_600_com.android.server.wifi.scanner.WifiScanningService
09-08 04:53:21.733 1151 1151 D SystemServerTiming: OnBootPhase_600_com.android.server.wifi.scanner.WifiScanningService took to complete: 0ms
09-08 04:53:21.733 1151 1151 I SystemServerTiming: OnBootPhase_600_com.android.server.wifi.rtt.RttService
09-08 04:53:21.733 1151 1151 D SystemServerTiming: OnBootPhase_600_com.android.server.wifi.rtt.RttService took to complete: 0ms
09-08 04:53:21.733 1151 1151 I SystemServerTiming: OnBootPhase_600_com.android.server.wifi.aware.WifiAwareService
09-08 04:53:21.733 1151 1151 D SystemServerTiming: OnBootPhase_600_com.android.server.wifi.aware.WifiAwareService took to complete: 0ms
09-08 04:53:21.733 1151 1151 I SystemServerTiming: OnBootPhase_600_com.android.server.wifi.p2p.WifiP2pService
09-08 04:53:21.733 1151 1151 D SystemServerTiming: OnBootPhase_600_com.android.server.wifi.p2p.WifiP2pService took to complete: 0ms
09-08 04:53:21.733 1151 1151 I SystemServerTiming: OnBootPhase_600_com.android.server.ethernet.EthernetService
09-08 04:53:21.733 1151 1151 D SystemServerTiming: OnBootPhase_600_com.android.server.ethernet.EthernetService took to complete: 0ms
09-08 04:53:21.733 1151 1151 I SystemServerTiming: OnBootPhase_600_com.android.server.ConnectivityServiceInitializer
09-08 04:53:21.734 1151 1151 D SystemServerTiming: OnBootPhase_600_com.android.server.ConnectivityServiceInitializer took to complete: 0ms
09-08 04:53:21.734 1151 1151 I SystemServerTiming: OnBootPhase_600_com.android.server.notification.NotificationManagerService
09-08 04:53:21.736 1151 1861 I commit_sys_config_file: [settings-2-0,9]
09-08 04:53:21.741 1151 1151 D SystemServerTiming: OnBootPhase_600_com.android.server.notification.NotificationManagerService took to complete: 8ms
09-08 04:53:21.741 1151 1151 I SystemServerTiming: OnBootPhase_600_com.android.server.storage.DeviceStorageMonitorService
09-08 04:53:21.741 1151 1151 D SystemServerTiming: OnBootPhase_600_com.android.server.storage.DeviceStorageMonitorService took to complete: 0ms
09-08 04:53:21.741 1151 1151 I SystemServerTiming: OnBootPhase_600_com.android.server.location.LocationManagerService$Lifecycle
09-08 04:53:21.748 1151 1650 I sysui_multi_action: [757,856,758,1,806,com.android.systemui,857,empty_media_style_id,858,4]
09-08 04:53:21.766 1151 1151 D TelephonyRegistry: listen oscl: mHasNotifySubscriptionInfoChangedOccurred==false no callback
09-08 04:53:21.811 2227 2227 D SystemUIBootTiming: DependencyInjection took to complete: 0ms
09-08 04:53:21.813 1151 1151 W SystemServiceManager: Service com.android.server.location.LocationManagerService$Lifecycle took 72 ms in onBootPhase
09-08 04:53:21.813 1151 1151 D SystemServerTiming: OnBootPhase_600_com.android.server.location.LocationManagerService$Lifecycle took to complete: 72ms
09-08 04:53:21.813 1151 1151 I SystemServerTiming: OnBootPhase_600_com.android.server.timedetector.TimeDetectorService$Lifecycle
09-08 04:53:21.813 1151 1151 D SystemServerTiming: OnBootPhase_600_com.android.server.timedetector.TimeDetectorService$Lifecycle took to complete: 0ms
09-08 04:53:21.813 1151 1151 I SystemServerTiming: OnBootPhase_600_com.android.server.timezonedetector.TimeZoneDetectorService$Lifecycle
09-08 04:53:21.813 1151 1151 D SystemServerTiming: OnBootPhase_600_com.android.server.timezonedetector.TimeZoneDetectorService$Lifecycle took to complete: 0ms
09-08 04:53:21.814 1151 1151 I SystemServerTiming: OnBootPhase_600_com.android.server.timezonedetector.location.LocationTimeZoneManagerService$Lifecycle
09-08 04:53:21.814 1151 1151 D SystemServerTiming: OnBootPhase_600_com.android.server.timezonedetector.location.LocationTimeZoneManagerService$Lifecycle took to complete: 0ms
09-08 04:53:21.814 1151 1151 I SystemServerTiming: OnBootPhase_600_com.android.server.search.SearchManagerService$Lifecycle
09-08 04:53:21.814 1151 1151 D SystemServerTiming: OnBootPhase_600_com.android.server.search.SearchManagerService$Lifecycle took to complete: 0ms
09-08 04:53:21.814 1151 1151 I SystemServerTiming: OnBootPhase_600_com.android.server.wallpaper.WallpaperManagerService$Lifecycle
09-08 04:53:21.814 1151 1151 I WallpaperManagerService: switch-user-0
09-08 04:53:21.814 1151 1151 V WallpaperManagerService: bindWallpaperComponentLocked: componentName=null
09-08 04:53:21.814 1151 1151 V WallpaperManagerService: No default component; using image wallpaper
09-08 04:53:21.816 1151 1151 D WallpaperManagerService: switch-user-0 took to complete: 1ms
09-08 04:53:21.816 1151 1151 D SystemServerTiming: OnBootPhase_600_com.android.server.wallpaper.WallpaperManagerService$Lifecycle took to complete: 1ms
09-08 04:53:21.816 1151 1151 I SystemServerTiming: OnBootPhase_600_com.android.server.audio.AudioService$Lifecycle
09-08 04:53:21.816 1151 1151 D SystemServerTiming: OnBootPhase_600_com.android.server.audio.AudioService$Lifecycle took to complete: 0ms
09-08 04:53:21.816 1151 1151 I SystemServerTiming: OnBootPhase_600_com.android.server.soundtrigger_middleware.SoundTriggerMiddlewareService$Lifecycle
09-08 04:53:21.816 1151 1151 D SystemServerTiming: OnBootPhase_600_com.android.server.soundtrigger_middleware.SoundTriggerMiddlewareService$Lifecycle took to complete: 0ms
09-08 04:53:21.816 1151 1151 I SystemServerTiming: OnBootPhase_600_com.android.server.DockObserver
09-08 04:53:21.816 1151 1151 D SystemServerTiming: OnBootPhase_600_com.android.server.DockObserver took to complete: 0ms
09-08 04:53:21.816 1151 1151 I SystemServerTiming: OnBootPhase_600_com.android.server.midi.MidiService$Lifecycle
09-08 04:53:21.816 1151 1151 D SystemServerTiming: OnBootPhase_600_com.android.server.midi.MidiService$Lifecycle took to complete: 0ms
09-08 04:53:21.816 1151 1151 I SystemServerTiming: OnBootPhase_600_com.android.server.adb.AdbService$Lifecycle
09-08 04:53:21.816 1151 1151 D SystemServerTiming: OnBootPhase_600_com.android.server.adb.AdbService$Lifecycle took to complete: 0ms
09-08 04:53:21.816 1151 1151 I SystemServerTiming: OnBootPhase_600_com.android.server.usb.UsbService$Lifecycle
09-08 04:53:21.816 1151 1151 D SystemServerTiming: OnBootPhase_600_com.android.server.usb.UsbService$Lifecycle took to complete: 0ms
09-08 04:53:21.816 1151 1151 I SystemServerTiming: OnBootPhase_600_com.android.server.twilight.TwilightService
09-08 04:53:21.817 1151 1151 D SystemServerTiming: OnBootPhase_600_com.android.server.twilight.TwilightService took to complete: 0ms
09-08 04:53:21.817 1151 1151 I SystemServerTiming: OnBootPhase_600_com.android.server.display.color.ColorDisplayService
09-08 04:53:21.817 1151 1151 D SystemServerTiming: OnBootPhase_600_com.android.server.display.color.ColorDisplayService took to complete: 0ms
09-08 04:53:21.817 1151 1151 I SystemServerTiming: OnBootPhase_600_com.android.server.job.JobSchedulerService
09-08 04:53:21.820 1151 1151 D SystemServerTiming: OnBootPhase_600_com.android.server.job.JobSchedulerService took to complete: 3ms
09-08 04:53:21.820 1151 1151 I SystemServerTiming: OnBootPhase_600_com.android.server.soundtrigger.SoundTriggerService
09-08 04:53:21.820 1151 1151 D SoundTriggerService: onBootPhase: 600 : false
09-08 04:53:21.820 1151 1151 D SystemServerTiming: OnBootPhase_600_com.android.server.soundtrigger.SoundTriggerService took to complete: 0ms
09-08 04:53:21.820 1151 1151 I SystemServerTiming: OnBootPhase_600_com.android.server.trust.TrustManagerService
