09-08 04:53:23.797 1151 2314 D CompatibilityChangeReporter: Compat change id reported: 168419799; UID 1000; state: DISABLED
09-08 04:53:23.817 1151 1708 W ActivityManager: Slow operation: 1455ms so far, now at startProcess: returned from zygote!
09-08 04:53:23.817 1151 1708 W ActivityManager: Slow operation: 1455ms so far, now at startProcess: done updating battery stats
09-08 04:53:23.817 1151 1708 I am_proc_start: [0,2701,1000,com.qualcomm.qti.qdma,added application,com.qualcomm.qti.qdma]
09-08 04:53:23.817 1151 1708 W ActivityManager: Slow operation: 1455ms so far, now at startProcess: building log message
09-08 04:53:23.817 1151 1708 I ActivityManager: Start proc 2701:com.qualcomm.qti.qdma/1000 for added application com.qualcomm.qti.qdma
09-08 04:53:23.817 1151 1708 W ActivityManager: Slow operation: 1455ms so far, now at startProcess: starting to update pids map
09-08 04:53:23.818 1151 1708 W ActivityManager: Slow operation: 1455ms so far, now at startProcess: done updating pids map
09-08 04:53:23.818 1151 1708 W ActivityManager: Slow operation: 1207ms so far, now at startProcess: asking zygote to start proc
09-08 04:53:23.818 1151 1708 W ActivityManager: com.android.location.fused inode == 0 (b/152760674)
09-08 04:53:23.824 1151 1689 E BluetoothManagerService: MESSAGE_TIMEOUT_BIND
09-08 04:53:23.824 1151 1689 D BluetoothManagerService: Current user: 0
09-08 04:53:23.824 1151 1689 E BluetoothManagerService: Trying to Bind again
09-08 04:53:23.824 1151 1689 D BluetoothManagerService: binding Bluetooth service
09-08 04:53:23.832 1151 1689 D BluetoothManagerService: Binding BT service. Current user: 0
09-08 04:53:23.833 1151 1651 I am_proc_bound: [0,2680,com.qualcomm.qti.devicestatisticsservice]
09-08 04:53:23.834 1151 1651 D CompatibilityChangeReporter: Compat change id reported: 168419799; UID 10063; state: DISABLED
09-08 04:53:23.836 1151 1651 I am_uid_active: 10063
09-08 04:53:23.858 1151 1151 W Looper : Slow dispatch took 194ms main h=android.app.ActivityThread$H c=null m=114
09-08 04:53:23.862 1151 1151 D BluetoothManagerService: Bluetooth Adapter name changed to QCOM-BTD by android
09-08 04:53:23.865 1151 1861 I commit_sys_config_file: [settings-1-0,2]
09-08 04:53:23.869 1151 1151 D BluetoothManagerService: Stored Bluetooth name: QCOM-BTD
09-08 04:53:23.870 1151 1151 D BluetoothManagerService: BluetoothServiceConnection: com.android.bluetooth.btservice.AdapterService
09-08 04:53:23.871 1151 1151 I PackageWatchdog: Syncing health check requests for packages: {}
09-08 04:53:23.871 1151 1151 I ExplicitHealthCheckController: Service not ready to get health check supported packages. Binding...
09-08 04:53:23.871 1151 1689 D BluetoothManagerService: MESSAGE_BLUETOOTH_SERVICE_CONNECTED: 1
09-08 04:53:23.871 1151 1151 I ExplicitHealthCheckController: Explicit health check service is bound
09-08 04:53:23.894 1151 1689 D BluetoothManagerService: MESSAGE_GET_NAME_AND_ADDRESS
09-08 04:53:23.909 1151 1708 W ActivityManager: Slow operation: 1298ms so far, now at startProcess: returned from zygote!
09-08 04:53:23.909 1151 1708 W ActivityManager: Slow operation: 1299ms so far, now at startProcess: done updating battery stats
09-08 04:53:23.909 1151 1708 I am_proc_start: [0,2716,1000,com.android.settings:CryptKeeper,top-activity,{com.android.settings/com.android.settings.CryptKeeper}]
09-08 04:53:23.909 1151 1708 W ActivityManager: Slow operation: 1299ms so far, now at startProcess: building log message
09-08 04:53:23.909 1151 1708 I ActivityManager: Start proc 2716:com.android.settings:CryptKeeper/1000 for top-activity {com.android.settings/com.android.settings.CryptKeeper}
09-08 04:53:23.909 1151 1708 W ActivityManager: Slow operation: 1299ms so far, now at startProcess: starting to update pids map
09-08 04:53:23.911 1151 1708 W ActivityManager: Slow operation: 1301ms so far, now at startProcess: done updating pids map
09-08 04:53:23.912 1151 1708 W ActivityManager: Slow operation: 1136ms so far, now at startProcess: asking zygote to start proc
09-08 04:53:23.912 1151 1708 D CompatibilityChangeReporter: Compat change id reported: 143937733; UID 10082; state: ENABLED
09-08 04:53:23.912 1151 1708 W ActivityManager: com.android.launcher3 inode == 0 (b/152760674)
09-08 04:53:23.932 1151 1689 D BluetoothManagerService: Stored Bluetooth name: QCOM-BTD
09-08 04:53:23.932 1151 1689 D BluetoothManagerService: MESSAGE_INFORM_ADAPTER_SERVICE_UP
09-08 04:53:23.932 1151 1689 D BluetoothManagerService: Broadcasting onBluetoothServiceUp() to 3 receivers.
09-08 04:53:23.936 1151 1689 D BluetoothManagerService: MESSAGE_BLUETOOTH_STATE_CHANGE: OFF > BLE_TURNING_ON
09-08 04:53:23.937 1151 1689 D BluetoothManagerService: Sending BLE State Change: OFF > BLE_TURNING_ON
09-08 04:53:23.954 1151 1651 I am_proc_bound: [0,2701,com.qualcomm.qti.qdma]
09-08 04:53:23.955 1151 1651 D CompatibilityChangeReporter: Compat change id reported: 168419799; UID 1000; state: DISABLED
09-08 04:53:23.966 1151 2314 D CompatibilityChangeReporter: Compat change id reported: 168419799; UID 1002; state: DISABLED
09-08 04:53:23.989 1151 1151 I notification_enqueue: [10087,2227,com.android.systemui,1,empty_media,0,Notification(channel=empty_media_style_id shortcut=null contentView=null vibrate=null sound=null defaults=0x0 flags=0x20 color=0x00000000 category=transport actions=3 vis=PRIVATE),0]
09-08 04:53:24.024 1151 1151 D BiometricScheduler/Fingerprint21: [Added] {[0] FingerprintUpdateActiveUserClient, proto=1, owner=android, cookie=0, requestId=-1, userId=0}, new queue size: 1
09-08 04:53:24.024 1151 1151 D BiometricScheduler/Fingerprint21: [Polled] {[0] FingerprintUpdateActiveUserClient, proto=1, owner=android, cookie=0, requestId=-1, userId=0}, State: 0
09-08 04:53:24.024 1151 1151 D BiometricScheduler/Fingerprint21: [Starting] {[0] FingerprintUpdateActiveUserClient, proto=1, owner=android, cookie=0, requestId=-1, userId=0}, State: 0
09-08 04:53:24.024 1151 1151 D BiometricScheduler/Fingerprint21: [Started] {[0] FingerprintUpdateActiveUserClient, proto=1, owner=android, cookie=0, requestId=-1, userId=0}
09-08 04:53:24.055 1151 1708 W ActivityManager: Slow operation: 1280ms so far, now at startProcess: returned from zygote!
09-08 04:53:24.056 1151 1708 W ActivityManager: Slow operation: 1281ms so far, now at startProcess: done updating battery stats
09-08 04:53:24.056 1151 1708 I am_proc_start: [0,2754,10082,com.android.launcher3,service,{com.android.launcher3/com.android.quickstep.TouchInteractionService}]
09-08 04:53:24.056 1151 1708 W ActivityManager: Slow operation: 1281ms so far, now at startProcess: building log message
09-08 04:53:24.056 1151 1708 I ActivityManager: Start proc 2754:com.android.launcher3/u0a82 for service {com.android.launcher3/com.android.quickstep.TouchInteractionService}
09-08 04:53:24.056 1151 1708 W ActivityManager: Slow operation: 1281ms so far, now at startProcess: starting to update pids map
09-08 04:53:24.057 1151 1708 W ActivityManager: Slow operation: 1282ms so far, now at startProcess: done updating pids map
09-08 04:53:24.061 1151 1651 I am_proc_bound: [0,2716,com.android.settings:CryptKeeper]
09-08 04:53:24.069 1151 1651 I wm_restart_activity: [0,9366973,7,com.android.settings/.CryptKeeper]
09-08 04:53:24.072 1151 1651 I wm_set_resumed_activity: [0,com.android.settings/.CryptKeeper,minimalResumeActivityLocked]
09-08 04:53:24.082 1151 1707 I am_wtf : [0,1151,system_server,-1,Binder,Outgoing transactions from this process must be FLAG_ONEWAY]
09-08 04:53:24.084 1151 1707 I DropBoxManagerService: add tag=system_server_wtf isTagEnabled=true flags=0x2
09-08 04:53:24.104 1151 1861 I commit_sys_config_file: [settings-2-0,29]
09-08 04:53:24.186 1151 1651 I am_proc_bound: [0,2754,com.android.launcher3]
09-08 04:53:24.190 1151 1651 D CompatibilityChangeReporter: Compat change id reported: 168419799; UID 10082; state: DISABLED
09-08 04:53:24.191 2701 2701 I service_manager_slow: [10,game]
09-08 04:53:24.193 1151 1651 I am_uid_active: 10082
09-08 04:53:24.204 1151 1861 I commit_sys_config_file: [settings-0-0,4]
09-08 04:53:24.250 2227 2227 D SystemUIBootTiming: StartServicescom.android.systemui.statusbar.phone.StatusBar took to complete: 1291ms
09-08 04:53:24.260 2227 2227 D SystemUIBootTiming: StartServicescom.android.systemui.usb.StorageNotification took to complete: 10ms
09-08 04:53:24.261 1151 1650 D PackageManager: Instant App installer not found with android.intent.action.INSTALL_INSTANT_APP_PACKAGE
09-08 04:53:24.261 1151 1650 D PackageManager: Clear ephemeral installer activity
09-08 04:53:24.262 1151 2317 I wm_finish_activity: [0,9366973,7,com.android.settings/.CryptKeeper,app-request]
09-08 04:53:24.264 1151 2453 W ContextImpl: Calling a method in the system process without a qualified user: android.app.ContextImpl.bindService:1895 android.content.ContextWrapper.bindService:810 com.qualcomm.qti.activityextension.ActivityNotifier.bindToDynamicDDSService:103 com.qualcomm.qti.activityextension.ActivityNotifier.handleSendActivitySuspendNotification:154 com.qualcomm.qti.activityextension.ActivityNotifier.access$400:26
09-08 04:53:24.264 1151 2317 I wm_pause_activity: [0,9366973,com.android.settings/.CryptKeeper,userLeaving=false,finish]
09-08 04:53:24.268 2716 2716 I wm_on_create_called: [9366973,com.android.settings.CryptKeeper,performCreate]
09-08 04:53:24.269 1151 1690 I sysui_multi_action: [757,1144,758,7,806,com.android.settings,871,com.android.settings.CryptKeeper]
09-08 04:53:24.274 2227 2512 W ActivityThread: Failed to find provider info for com.android.contacts (user not unlocked)
09-08 04:53:24.290 1151 1650 I ActivityTaskManager: START u0 {act=android.intent.action.MAIN cat=[android.intent.category.HOME] flg=0x10000100 cmp=com.android.settings/.FallbackHome (has extras)} from uid 0
09-08 04:53:24.293 2227 2227 D SystemUIBootTiming: StartServicescom.android.systemui.power.PowerUI took to complete: 32ms
09-08 04:53:24.295 2227 2227 D SystemUIBootTiming: StartServicescom.android.systemui.media.RingtonePlayer took to complete: 2ms
09-08 04:53:24.298 2227 2227 D SystemUIBootTiming: StartServicescom.android.systemui.keyboard.KeyboardUI took to complete: 2ms
09-08 04:53:24.299 2227 2227 D SystemUIBootTiming: StartServicescom.android.systemui.shortcut.ShortcutKeyDispatcher took to complete: 1ms
09-08 04:53:24.300 2227 2227 D SystemUIBootTiming: StartServicescom.android.systemui.VendorServices took to complete: 0ms
09-08 04:53:24.301 1151 1650 I wm_task_created: [8,-1]
09-08 04:53:24.301 2227 2227 D SystemUIBootTiming: StartServicescom.android.systemui.util.leak.GarbageMonitor$Service took to complete: 1ms
09-08 04:53:24.301 2227 2227 D SystemUIBootTiming: StartServicescom.android.systemui.LatencyTester took to complete: 0ms
09-08 04:53:24.303 1151 1650 I wm_task_moved: [8,1,2147483647]
09-08 04:53:24.304 1151 1650 I wm_task_moved: [1,1,5]
09-08 04:53:24.305 1151 1650 I wm_create_task: [0,8]
09-08 04:53:24.305 1151 1650 I wm_create_activity: [0,72923615,8,com.android.settings/.FallbackHome,android.intent.action.MAIN,NULL,NULL,276824320]
09-08 04:53:24.305 1151 1650 I wm_task_moved: [1,1,5]
09-08 04:53:24.305 2227 2227 D SystemUIBootTiming: StartServicescom.android.systemui.globalactions.GlobalActionsComponent took to complete: 4ms
09-08 04:53:24.305 1151 1650 I wm_task_moved: [8,1,2147483647]
09-08 04:53:24.305 1151 1650 I wm_task_to_front: [0,8]
09-08 04:53:24.306 1151 2453 W ContextImpl: Calling a method in the system process without a qualified user: android.app.ContextImpl.bindService:1895 android.content.ContextWrapper.bindService:810 com.qualcomm.qti.activityextension.ActivityNotifier.bindToDynamicDDSService:103 com.qualcomm.qti.activityextension.ActivityNotifier.handleSendActivityInvokeNotification:184 com.qualcomm.qti.activityextension.ActivityNotifier.access$300:26
09-08 04:53:24.320 1151 2453 W ContextImpl: Calling a method in the system process without a qualified user: android.app.ContextImpl.bindService:1895 android.content.ContextWrapper.bindService:810 com.qualcomm.qti.activityextension.ActivityNotifier.bindToDynamicDDSService:103 com.qualcomm.qti.activityextension.ActivityNotifier.handleSendActivityInvokeNotification:184 com.qualcomm.qti.activityextension.ActivityNotifier.access$300:26
09-08 04:53:24.327 1151 2453 W ContextImpl: Calling a method in the system process without a qualified user: android.app.ContextImpl.bindService:1895 android.content.ContextWrapper.bindService:810 com.qualcomm.qti.activityextension.ActivityNotifier.bindToDynamicDDSService:103 com.qualcomm.qti.activityextension.ActivityNotifier.handleSendActivityInvokeNotification:184 com.qualcomm.qti.activityextension.ActivityNotifier.access$300:26
09-08 04:53:24.329 1151 1690 D CompatibilityChangeReporter: Compat change id reported: 135634846; UID 1000; state: DISABLED
09-08 04:53:24.329 1151 1690 D CompatibilityChangeReporter: Compat change id reported: 177438394; UID 1000; state: DISABLED
09-08 04:53:24.329 1151 1690 D CompatibilityChangeReporter: Compat change id reported: 135772972; UID 1000; state: DISABLED
09-08 04:53:24.329 1151 1690 D CompatibilityChangeReporter: Compat change id reported: 135754954; UID 1000; state: ENABLED
09-08 04:53:24.329 1151 1690 I sysui_multi_action: [757,803,799,window_time_0,802,16]
09-08 04:53:24.329 1151 1708 W ActivityManager: com.android.location.fused inode == 0 (b/152760674)
09-08 04:53:24.331 2227 2227 D SystemUIBootTiming: StartServicescom.android.systemui.ScreenDecorations took to complete: 24ms
09-08 04:53:24.336 2227 2227 D SystemUIBootTiming: StartServicescom.android.systemui.biometrics.AuthController took to complete: 3ms
09-08 04:53:24.336 2227 2227 D SystemUIBootTiming: StartServicescom.android.systemui.SliceBroadcastRelayHandler took to complete: 0ms
09-08 04:53:24.346 2227 2227 D SystemUIBootTiming: StartServicescom.android.systemui.statusbar.notification.InstantAppNotifier took to complete: 10ms
09-08 04:53:24.356 2227 2227 D SystemUIBootTiming: StartServicescom.android.systemui.theme.ThemeOverlayController took to complete: 10ms
09-08 04:53:24.357 2227 2227 D SystemUIBootTiming: StartServicescom.android.systemui.accessibility.WindowMagnification took to complete: 1ms
09-08 04:53:24.371 2227 2227 D SystemUIBootTiming: StartServicescom.android.systemui.accessibility.SystemActions took to complete: 14ms
09-08 04:53:24.371 2227 2227 D SystemUIBootTiming: StartServicescom.android.systemui.toast.ToastUI took to complete: 0ms
09-08 04:53:24.381 2227 2227 D SystemUIBootTiming: StartServicescom.android.systemui.wmshell.WMShell took to complete: 10ms
09-08 04:53:24.432 2227 2227 D SystemUIBootTiming: StartServices took to complete: 1862ms
09-08 04:53:24.440 2227 2332 I dvm_lock_sample: [com.android.systemui,0,SysUiBg,24,LogcatEchoTrackerDebug.kt,-1,boolean com.android.systemui.log.LogcatEchoTrackerDebug.isBufferLoggable(java.lang.String, com.android.systemui.log.LogLevel),-,92,boolean com.android.systemui.log.LogcatEchoTrackerDebug.isTagLoggable(java.lang.String, com.android.systemui.log.LogLevel),4]
09-08 04:53:24.534 1151 1708 W ActivityManager: Slow operation: 206ms so far, now at startProcess: returned from zygote!
09-08 04:53:24.535 1151 1708 W ActivityManager: Slow operation: 207ms so far, now at startProcess: done updating battery stats
09-08 04:53:24.535 1151 1708 I am_proc_start: [0,2829,1000,com.android.settings,top-activity,{com.android.settings/com.android.settings.FallbackHome}]
09-08 04:53:24.535 1151 1708 W ActivityManager: Slow operation: 207ms so far, now at startProcess: building log message
09-08 04:53:24.535 1151 1708 I ActivityManager: Start proc 2829:com.android.settings/1000 for top-activity {com.android.settings/com.android.settings.FallbackHome}
09-08 04:53:24.536 1151 1708 W ActivityManager: Slow operation: 207ms so far, now at startProcess: starting to update pids map
09-08 04:53:24.536 1151 1708 W ActivityManager: Slow operation: 208ms so far, now at startProcess: done updating pids map
09-08 04:53:24.593 1151 1151 W Looper : Slow dispatch took 571ms main h=android.os.Handler c=com.android.server.biometrics.sensors.fingerprint.hidl.Fingerprint21$$ExternalSyntheticLambda2@19e91b4 m=0
09-08 04:53:24.594 1151 1151 D BiometricScheduler/Fingerprint21: [Added] {[1] FingerprintUpdateActiveUserClient, proto=1, owner=android, cookie=0, requestId=-1, userId=0}, new queue size: 1
09-08 04:53:24.594 1151 1151 V BiometricScheduler/Fingerprint21: Not idle, current operation: {[0] FingerprintUpdateActiveUserClient, proto=1, owner=android, cookie=0, requestId=-1, userId=0}, State: 2
09-08 04:53:24.594 1151 1151 D BiometricScheduler/Fingerprint21: [Added] {[2] FingerprintInternalCleanupClient, proto=7, owner=android, cookie=0, requestId=-1, userId=0}, new queue size: 2
09-08 04:53:24.595 1151 1151 V BiometricScheduler/Fingerprint21: Not idle, current operation: {[0] FingerprintUpdateActiveUserClient, proto=1, owner=android, cookie=0, requestId=-1, userId=0}, State: 2
09-08 04:53:24.611 1151 2800 I am_uid_running: 10089
09-08 04:53:24.611 1151 2800 D CompatibilityChangeReporter: Compat change id reported: 135634846; UID 10089; state: DISABLED
09-08 04:53:24.611 1151 2800 D CompatibilityChangeReporter: Compat change id reported: 177438394; UID 10089; state: DISABLED
09-08 04:53:24.611 1151 2800 D CompatibilityChangeReporter: Compat change id reported: 135772972; UID 10089; state: DISABLED
09-08 04:53:24.611 1151 2800 D CompatibilityChangeReporter: Compat change id reported: 135754954; UID 10089; state: ENABLED
09-08 04:53:24.612 1151 1708 D CompatibilityChangeReporter: Compat change id reported: 143937733; UID 10089; state: ENABLED
09-08 04:53:24.613 1151 1708 W ActivityManager: com.qualcomm.qti.qccauthmgr inode == 0 (b/152760674)
09-08 04:53:24.684 1151 1689 I commit_sys_config_file: [jobs,1]
09-08 04:53:24.685 1151 1708 W ActivityManager: Slow operation: 75ms so far, now at startProcess: returned from zygote!
09-08 04:53:24.686 1151 1708 W ActivityManager: Slow operation: 75ms so far, now at startProcess: done updating battery stats
09-08 04:53:24.686 1151 1708 I am_proc_start: [0,2846,10089,com.qualcomm.qti.qccauthmgr,content provider,{com.qualcomm.qti.qccauthmgr/com.qualcomm.qti.qccauthmgr.providers.SMQContentProvider}]
09-08 04:53:24.686 1151 1708 W ActivityManager: Slow operation: 76ms so far, now at startProcess: building log message
09-08 04:53:24.686 1151 1708 I ActivityManager: Start proc 2846:com.qualcomm.qti.qccauthmgr/u0a89 for content provider {com.qualcomm.qti.qccauthmgr/com.qualcomm.qti.qccauthmgr.providers.SMQContentProvider}
09-08 04:53:24.686 1151 1708 W ActivityManager: Slow operation: 76ms so far, now at startProcess: starting to update pids map
09-08 04:53:24.686 1151 1708 W ActivityManager: Slow operation: 76ms so far, now at startProcess: done updating pids map
09-08 04:53:24.697 1151 1650 I am_proc_bound: [0,2829,com.android.settings]
09-08 04:53:24.703 1151 1650 I wm_restart_activity: [0,72923615,8,com.android.settings/.FallbackHome]
09-08 04:53:24.704 1151 1650 I wm_set_resumed_activity: [0,com.android.settings/.FallbackHome,minimalResumeActivityLocked]
09-08 04:53:24.770 2849 2849 F linker : CANNOT LINK EXECUTABLE "/vendor/bin/hw/qvrservice": library "vendor.qti.hardware.qxr-V1-ndk_platform.so" not found: needed by /vendor/lib64/libqvrservice.so in namespace (default)
09-08 04:53:24.778 1151 1861 I commit_sys_config_file: [settings-1-0,2]
09-08 04:53:24.832 2852 2852 F linker : CANNOT LINK EXECUTABLE "/vendor/bin/hw/sxrservice": library "vendor.qti.hardware.qxr-V1-ndk_platform.so" not found: needed by main executable
09-08 04:53:24.846 1151 2189 I service_manager_stats: [338,858,5064]
09-08 04:53:24.847 1151 2314 I am_proc_bound: [0,2846,com.qualcomm.qti.qccauthmgr]
09-08 04:53:24.849 1151 2314 D CompatibilityChangeReporter: Compat change id reported: 168419799; UID 10089; state: DISABLED
09-08 04:53:24.852 1151 2314 I am_uid_active: 10089
09-08 04:53:24.863 1151 1687 D UsbDeviceManager: push notification:正在通过 USB 为此设备充电
09-08 04:53:24.921 2829 2829 I wm_on_create_called: [72923615,com.android.settings.FallbackHome,performCreate]
09-08 04:53:24.922 2829 2829 I wm_on_start_called: [72923615,com.android.settings.FallbackHome,handleStartActivity]
09-08 04:53:24.925 2829 2829 I wm_on_resume_called: [72923615,com.android.settings.FallbackHome,RESUME_ACTIVITY]
09-08 04:53:24.926 1151 1151 I SystemServerTiming: ManagedServices.unbindOtherUserServices_current0
09-08 04:53:24.926 1151 1151 D SystemServerTiming: ManagedServices.unbindOtherUserServices_current0 took to complete: 0ms
09-08 04:53:24.926 1151 1151 I SystemServerTiming: ManagedServices.unbindOtherUserServices_current0
09-08 04:53:24.926 1151 1151 D SystemServerTiming: ManagedServices.unbindOtherUserServices_current0 took to complete: 0ms
09-08 04:53:24.927 1151 1151 I SystemServerTiming: ManagedServices.unbindOtherUserServices_current0
09-08 04:53:24.927 1151 1151 D SystemServerTiming: ManagedServices.unbindOtherUserServices_current0 took to complete: 0ms
09-08 04:53:24.928 1151 1151 V NotificationAssistants: enabling notification assistant for 0: ComponentInfo{android.ext.services/android.ext.services.notification.Assistant}
09-08 04:53:24.929 1151 1151 V NotificationAssistants: Not registering ComponentInfo{android.ext.services/android.ext.services.notification.Assistant} is already bound
09-08 04:53:24.948 1151 1650 W WindowManager: Failed looking up window session=Session{75e00a4 2829:1000} callers=com.android.server.wm.WindowManagerService.windowForClientLocked:5626 com.android.server.wm.Session.insetsModified:629 android.view.IWindowSession$Stub.onTransact:1151
09-08 04:53:24.956 2829 2829 I wm_on_top_resumed_gained_called: [72923615,com.android.settings.FallbackHome,topStateChangedWhenResumed]
09-08 04:53:24.994 1151 1691 I input_focus: [Focus request 1cc8310 com.android.settings/com.android.settings.FallbackHome,reason=UpdateInputWindows]
09-08 04:53:25.076 1151 1651 D CompatibilityChangeReporter: Compat change id reported: 171306433; UID 1000; state: ENABLED
09-08 04:53:25.086 2227 2355 W ActivityThread: Failed to find provider info for com.android.contacts (user not unlocked)
09-08 04:53:25.134 1151 1861 I commit_sys_config_file: [settings-2-0,10]
09-08 04:53:25.145 1151 1690 I wm_destroy_activity: [0,9366973,7,com.android.settings/.CryptKeeper,finish-transit]
09-08 04:53:25.152 2716 2716 I wm_on_destroy_called: [9366973,com.android.settings.CryptKeeper,performDestroy]
09-08 04:53:25.159 1151 2800 I wm_task_removed: [7,cleanUpResourcesForDestroy]
09-08 04:53:25.160 1151 2800 I wm_task_removed: [7,removeChild:removeChild last r=ActivityRecord{8eedbd u0 com.android.settings/.CryptKeeper t-1 f}} in t=Task{3a89ff6 #7 type=home A=1000:com.android.settings.CryptKeeper U=0 visible=false mode=fullscreen translucent=true sz=0}]
09-08 04:53:25.160 1151 2800 I wm_task_removed: [7,removeChild]
09-08 04:53:25.170 1151 1690 I ActivityManager: PendingStartActivityUids startActivity to updateOomAdj delay:1097ms, uid:1000
09-08 04:53:25.170 1151 1690 I ActivityManagerTiming: FinishBooting
09-08 04:53:25.170 1151 1690 I boot_progress_enable_screen: 62683
09-08 04:53:25.176 1151 1690 I screen_toggled: 1
09-08 04:53:25.201 2227 2512 W ActivityThread: Failed to find provider info for com.android.contacts (user not unlocked)
09-08 04:53:25.208 2227 2355 W ActivityThread: Failed to find provider info for com.android.contacts (user not unlocked)
09-08 04:53:25.334 1151 1151 W Looper : Slow dispatch took 406ms main h=android.app.ActivityThread$H c=android.app.LoadedApk$ReceiverDispatcher$Args$$ExternalSyntheticLambda0@4164393 m=0
09-08 04:53:25.338 1151 1151 I notification_cancel_all: [1000,1151,com.android.systemui,0,0,0,20,NULL]
09-08 04:53:25.351 1151 1151 D ConditionProviders.SCP: onSubscribe condition://android/schedule?days=1.2.3.4.5.6.7&start=22.0&end=7.0&exitAtAlarm=true
09-08 04:53:25.351 1151 1151 D ConditionProviders.SCP: setRegistered true
09-08 04:53:25.369 1151 2161 W ActivityThread: Failed to find provider info for com.android.calendar (user not unlocked)
09-08 04:53:25.370 1151 1151 D ConditionProviders.SCP: evaluateSubscriptionLocked cal=ScheduleCalendar[mDays={1, 2, 3, 4, 5, 6, 7}, mSchedule=ScheduleInfo{days=[1, 2, 3, 4, 5, 6, 7], startHour=22, startMinute=0, endHour=7, endMinute=0, exitAtAlarm=true, nextAlarm=Thu Jan 01 08:00:00 GMT+08:00 1970 (0)}], now=Thu Sep 08 04:53:25 GMT+08:00 2022 (1662584005351), nextUserAlarmTime=Thu Jan 01 08:00:00 GMT+08:00 1970 (0)
09-08 04:53:25.370 1151 1151 D ConditionProviders.SCP: notifyCondition condition://android/schedule?days=1.2.3.4.5.6.7&start=22.0&end=7.0&exitAtAlarm=true STATE_TRUE reason=meetsSchedule
09-08 04:53:25.372 1151 2161 W ActivityThread: Failed to find provider info for com.android.calendar (user not unlocked)
09-08 04:53:25.374 1151 1151 D ConditionProviders.SCP: Scheduling evaluate for Thu Sep 08 07:00:00 GMT+08:00 2022 (1662591600000), in +2h6m34s649ms, now=Thu Sep 08 04:53:25 GMT+08:00 2022 (1662584005351)
09-08 04:53:25.380 1151 1151 I ConnectivityModuleConnector: Networking module service connected
09-08 04:53:25.383 1151 1151 I ConnectivityModuleConnector: Networking module service connected
09-08 04:53:25.388 1151 1151 I sysui_multi_action: [757,856,758,1,806,com.android.server.telecom,857,TelecomMissedCalls,858,3]
09-08 04:53:25.389 1151 1151 I sysui_multi_action: [757,856,758,1,806,com.android.server.telecom,857,TelecomIncomingCalls,858,5]
09-08 04:53:25.390 1151 1151 I sysui_multi_action: [757,856,758,1,806,com.android.server.telecom,857,TelecomCallBlocking,858,2]
09-08 04:53:25.390 1151 1151 I sysui_multi_action: [757,856,758,1,806,com.android.server.telecom,857,TelecomBackgroundAudioProcessing,858,2]
09-08 04:53:25.391 1151 1151 I sysui_multi_action: [757,856,758,1,806,com.android.server.telecom,857,TelecomDisconnectedCalls,858,3]
09-08 04:53:25.391 1151 1151 I sysui_multi_action: [757,856,758,1,806,com.android.server.telecom,857,TelecomInCallServiceCrash,858,3]
09-08 04:53:25.416 1151 1151 W BluetoothManagerService: bindBluetoothProfileService:Trying to bind to profile: 1, while Bluetooth is disabled
09-08 04:53:25.421 1151 1151 I Telecom : SystemStateHelper: Registering broadcast receiver: android.content.IntentFilter@f5ab6f9: TS.init@AAA
09-08 04:53:25.421 1151 1151 I Telecom : SystemStateHelper: Registering broadcast receiver: android.content.IntentFilter@af5f63e: TS.init@AAA
09-08 04:53:25.422 1151 2905 I Telecom : BluetoothRouteManager: getBluetoothAudioConnectedDevice: no service available.
09-08 04:53:25.428 1151 2906 I Telecom : Logging.Events: Non-call EVENT: AUDIO_ROUTE, Entering state QuiescentEarpieceRoute
09-08 04:53:25.428 1151 2906 I Telecom : BluetoothRouteManager: getBluetoothAudioConnectedDevice: no service available.
09-08 04:53:25.439 1151 2907 I Telecom : CallAudioModeStateMachine: Message received: null.: TS.init->CAMSM.pM_1@AAA
09-08 04:53:25.445 1151 1151 I Telecom : MissedCallNotifierImpl: reloadFromDatabase: Boot not yet complete -- call log db may not be available. Deferring loading until boot complete for user 0: TS.init@AAA
09-08 04:53:25.453 1151 1151 D TelephonyRegistry: listen oscl: mHasNotifySubscriptionInfoChangedOccurred==false no callback
09-08 04:53:25.453 1151 1151 I Telecom : MissedCallNotifierImpl: reloadFromDatabase: Boot not yet complete -- call log db may not be available. Deferring loading until boot complete for user 0: TS.init@AAA
09-08 04:53:25.456 1151 1151 I Telecom : Class: TelecomSystem.INSTANCE being set
09-08 04:53:25.463 1151 1151 W CarrierConfigManager: Error getting config for subId -1 ICarrierConfigLoader is null
09-08 04:53:25.464 1151 1151 I Telecom : PhoneAccountRegistrar: getSimCallManager: SimCallManager for subId -1 queried, returning: null: TSI.gSCM@AAE
09-08 04:53:25.477 1151 1151 D CompanionDeviceManagerService: Received BT state transition broadcast: OFF -> BLE_TURNING_ON
09-08 04:53:25.478 1151 1151 I sysui_multi_action: [757,1501,758,1,793,3722,794,0,795,3722,796,1,797,empty_media,806,com.android.systemui,857,empty_media_style_id,858,4,947,0,1500,0,1641,transport,1745,1043716538]
09-08 04:53:25.478 1151 1151 I sysui_multi_action: [757,804,799,note_interruptive,801,0,802,1]
09-08 04:53:25.491 1151 1151 W NotificationHistory: Attempted to add notif for locked/gone/disabled user 0
09-08 04:53:25.497 1151 1151 D BiometricScheduler/Fingerprint21: [Finishing] {[0] FingerprintUpdateActiveUserClient, proto=1, owner=android, cookie=0, requestId=-1, userId=0}, success: true
09-08 04:53:25.497 1151 1151 D BiometricScheduler/Fingerprint21: [Polled] {[1] FingerprintUpdateActiveUserClient, proto=1, owner=android, cookie=0, requestId=-1, userId=0}, State: 0
09-08 04:53:25.497 1151 1151 D BiometricScheduler/Fingerprint21: [Starting] {[1] FingerprintUpdateActiveUserClient, proto=1, owner=android, cookie=0, requestId=-1, userId=0}, State: 0
09-08 04:53:25.497 1151 1151 D BiometricScheduler/Fingerprint21: [Started] {[1] FingerprintUpdateActiveUserClient, proto=1, owner=android, cookie=0, requestId=-1, userId=0}
09-08 04:53:25.642 1151 1689 I commit_sys_config_file: [notification-policy,5250]
09-08 04:53:25.848 1151 1689 D BluetoothManagerService: MESSAGE_BLUETOOTH_STATE_CHANGE: BLE_TURNING_ON > BLE_ON
09-08 04:53:25.848 1151 1689 D BluetoothManagerService: Bluetooth is in LE only mode
09-08 04:53:25.848 1151 1689 D BluetoothManagerService: Binding Bluetooth GATT service
09-08 04:53:25.851 1151 1689 D BluetoothManagerService: Sending BLE State Change: BLE_TURNING_ON > BLE_ON
09-08 04:53:25.988 1151 1151 W Looper : Slow dispatch took 491ms main h=android.os.Handler c=com.android.server.biometrics.sensors.BiometricScheduler$InternalCallback$$ExternalSyntheticLambda0@2b3caa3 m=0
09-08 04:53:25.989 1151 1151 I notification_enqueue: [1000,1151,android,32,NULL,-1,Notification(channel=USB shortcut=null contentView=null vibrate=null sound=null tick defaults=0x0 flags=0x2 color=0x00000000 vis=PUBLIC),0]
09-08 04:53:25.989 1151 1151 D AutofillManagerService: Restriction did not change for user 0
09-08 04:53:25.995 1151 1151 D TelephonyRegistry: notifyCellLocationForSubscriber: subId=2147483647 cellIdentity=null
09-08 04:53:26.001 1151 1151 I Telecom : WiredHeadsetManager: ACTION_HEADSET_PLUG event, plugged in: false, : WHC.oADA@AAI
09-08 04:53:26.012 1151 1151 D BluetoothManagerService: Bluetooth Adapter address changed to 22:22:04:74:4B:F4
09-08 04:53:26.013 1151 1151 D BluetoothManagerService: Stored Bluetoothaddress: 22:22:04:74:4B:F4
09-08 04:53:26.013 1151 1151 D BluetoothManagerService: Bluetooth Adapter name changed to QCOM-BTD by android
09-08 04:53:26.013 1151 1151 D BluetoothManagerService: Stored Bluetooth name: QCOM-BTD
09-08 04:53:26.013 1151 1151 D BluetoothManagerService: Bluetooth Adapter address changed to 22:22:04:74:4B:F4
09-08 04:53:26.013 1151 1151 D BluetoothManagerService: Stored Bluetoothaddress: 22:22:04:74:4B:F4
09-08 04:53:26.014 1151 1151 D BluetoothManagerService: BluetoothServiceConnection: com.android.bluetooth.gatt.GattService
09-08 04:53:26.014 1151 1151 D CompanionDeviceManagerService: Received BT state transition broadcast: BLE_TURNING_ON -> BLE_ON
09-08 04:53:26.014 1151 1689 D BluetoothManagerService: MESSAGE_BLUETOOTH_SERVICE_CONNECTED: 2
09-08 04:53:26.014 1151 1689 D BluetoothManagerService: continueFromBleOnState()
09-08 04:53:26.019 1151 1689 D BluetoothManagerService: Persisting Bluetooth Setting: 1
09-08 04:53:26.022 1151 1689 D BluetoothManagerService: MESSAGE_BLUETOOTH_STATE_CHANGE: BLE_ON > TURNING_ON
09-08 04:53:26.022 1151 1689 D BluetoothManagerService: Sending BLE State Change: BLE_ON > TURNING_ON
09-08 04:53:26.028 1151 1689 D BluetoothManagerService: Sending State Change: OFF > TURNING_ON
09-08 04:53:26.030 1151 1151 E CompanionDeviceManagerService: BLE on, but BluetoothLeScanner == null
09-08 04:53:26.047 1151 1707 I am_wtf : [0,1151,system_server,-1,CompanionDeviceManagerService,BLE on, but BluetoothLeScanner == null]
09-08 04:53:26.051 1151 1151 D BiometricScheduler/Fingerprint21: [Finishing] {[1] FingerprintUpdateActiveUserClient, proto=1, owner=android, cookie=0, requestId=-1, userId=0}, success: true
09-08 04:53:26.051 1151 1707 I DropBoxManagerService: add tag=system_server_wtf isTagEnabled=true flags=0x2
09-08 04:53:26.051 1151 1151 D BiometricScheduler/Fingerprint21: [Polled] {[2] FingerprintInternalCleanupClient, proto=7, owner=android, cookie=0, requestId=-1, userId=0}, State: 0
09-08 04:53:26.051 1151 1151 D BiometricScheduler/Fingerprint21: [Starting] {[2] FingerprintInternalCleanupClient, proto=7, owner=android, cookie=0, requestId=-1, userId=0}, State: 0
09-08 04:53:26.051 1151 1151 D BiometricScheduler/Fingerprint21: [Started] {[2] FingerprintInternalCleanupClient, proto=7, owner=android, cookie=0, requestId=-1, userId=0}
09-08 04:53:26.051 1151 1151 D Biometrics/InternalCleanupClient: Starting enumerate: {[3] FingerprintInternalEnumerateClient, proto=6, owner=android, cookie=0, requestId=-1, userId=0}
09-08 04:53:26.053 1151 1151 I sysui_multi_action: [757,1501,758,1,793,1190,794,0,795,1190,796,32,806,android,857,USB,858,1,947,0,1500,0]
09-08 04:53:26.053 1151 1151 I sysui_multi_action: [757,804,799,note_interruptive,801,0,802,1]
09-08 04:53:26.055 1151 1151 W NotificationHistory: Attempted to add notif for locked/gone/disabled user 0
09-08 04:53:26.071 1151 1151 D CompanionDeviceManagerService: Received BT state transition broadcast: BLE_ON -> TURNING_ON
09-08 04:53:26.076 2227 2227 I sysui_multi_action: [757,111,758,1]
09-08 04:53:26.077 2227 2227 I sysui_multi_action: [757,126,758,1,759,126,927,0,928,0,1593,0]
09-08 04:53:26.078 2227 2227 I sysui_multi_action: [757,113,758,1,759,113,927,1,928,0,1593,0]
09-08 04:53:26.077 2207 2207 I service_manager_slow: [18,telephony.registry]
09-08 04:53:26.078 2227 2227 I sysui_multi_action: [757,0,758,1,759,0,927,2,928,0,1593,0]
09-08 04:53:26.079 2227 2227 I sysui_multi_action: [757,0,758,1,759,0,927,3,928,0,1593,0]
09-08 04:53:26.079 2227 2227 I sysui_multi_action: [757,1706,758,1,759,1706,927,4,928,0,1593,0]
09-08 04:53:26.081 1151 1650 D TelephonyRegistry: listen oscl: mHasNotifySubscriptionInfoChangedOccurred==false no callback
09-08 04:53:26.081 2227 2227 I sysui_multi_action: [757,491,758,1,759,491,927,5,928,0,1311,-1,1593,0]
09-08 04:53:26.082 1151 1151 W Looper : Drained
09-08 04:53:26.082 2227 2227 I sysui_multi_action: [757,0,758,1,759,0,927,6,1593,0]
09-08 04:53:26.082 2227 2227 I sysui_multi_action: [757,111,758,1]
09-08 04:53:26.083 2227 2227 I sysui_multi_action: [757,126,758,1,759,126,927,0,928,0,1593,0]
09-08 04:53:26.084 2227 2227 I sysui_multi_action: [757,113,758,1,759,113,927,1,928,0,1593,0]
09-08 04:53:26.084 2227 2227 I sysui_multi_action: [757,0,758,1,759,0,927,2,928,0,1593,0]
09-08 04:53:26.084 2227 2227 I sysui_multi_action: [757,0,758,1,759,0,927,3,928,0,1593,0]
09-08 04:53:26.124 2227 2227 I sysui_multi_action: [757,111,758,2]
09-08 04:53:26.125 2227 2227 I sysui_multi_action: [757,111,758,2]
09-08 04:53:26.148 1151 1650 I sysui_multi_action: [757,856,758,1,806,com.android.bluetooth,857,avrcp_notification,858,3]
09-08 04:53:26.228 1151 1861 I commit_sys_config_file: [settings-2-0,14]
09-08 04:53:26.258 1151 1689 I commit_sys_config_file: [notification-policy,5866]
09-08 04:53:26.259 1151 1690 I WindowManager: ******* TELLING SURFACE FLINGER WE ARE BOOTED!
09-08 04:53:26.270 1066 1744 I sf_stop_bootanim: 63782
09-08 04:53:26.278 1151 1861 I commit_sys_config_file: [settings-0-0,15]
09-08 04:53:26.279 1151 1690 I wm_boot_animation_done: 63792
09-08 04:53:26.280 1151 1690 I ActivityManagerTiming: FinishBooting
09-08 04:53:26.286 1151 1690 I ActivityManager: About to commit checkpoint
09-08 04:53:26.341 1151 1877 I input_focus: [Focus entering 1cc8310 com.android.settings/com.android.settings.FallbackHome (server),reason=setFocusedWindow]
09-08 04:53:26.350 1151 3011 I am_uid_running: 10069
09-08 04:53:26.353 1151 3011 D CompatibilityChangeReporter: Compat change id reported: 135634846; UID 10069; state: DISABLED
09-08 04:53:26.354 1151 3011 D CompatibilityChangeReporter: Compat change id reported: 177438394; UID 10069; state: DISABLED
09-08 04:53:26.354 1151 3011 D CompatibilityChangeReporter: Compat change id reported: 135772972; UID 10069; state: DISABLED
09-08 04:53:26.355 1151 3011 D CompatibilityChangeReporter: Compat change id reported: 135754954; UID 10069; state: ENABLED
09-08 04:53:26.356 1151 1708 D CompatibilityChangeReporter: Compat change id reported: 143937733; UID 10069; state: ENABLED
09-08 04:53:26.356 1151 1708 W ActivityManager: com.android.inputmethod.latin inode == 0 (b/152760674)
09-08 04:53:26.388 2227 2227 I sysui_multi_action: [757,111,758,1]
09-08 04:53:26.390 2227 2227 I sysui_multi_action: [757,126,758,1,759,126,927,0,928,0,1593,0]
09-08 04:53:26.391 2227 2227 I sysui_multi_action: [757,113,758,1,759,113,927,1,928,1,1593,0]
09-08 04:53:26.392 2227 2227 I sysui_multi_action: [757,0,758,1,759,0,927,2,928,0,1593,0]
09-08 04:53:26.393 2227 2227 I sysui_multi_action: [757,0,758,1,759,0,927,3,928,0,1593,0]
09-08 04:53:26.393 2227 2227 I sysui_multi_action: [757,1706,758,1,759,1706,927,4,928,0,1593,0]
09-08 04:53:26.394 2227 2227 I sysui_multi_action: [757,491,758,1,759,491,927,5,928,0,1311,-1,1593,0]
09-08 04:53:26.394 2227 2227 I sysui_multi_action: [757,0,758,1,759,0,927,6,1593,0]
09-08 04:53:26.395 2227 2227 I sysui_multi_action: [757,111,758,1]
09-08 04:53:26.396 2227 2227 I sysui_multi_action: [757,126,758,1,759,126,927,0,928,0,1593,0]
09-08 04:53:26.396 2227 2227 I sysui_multi_action: [757,113,758,1,759,113,927,1,928,1,1593,0]
09-08 04:53:26.397 2227 2227 I sysui_multi_action: [757,0,758,1,759,0,927,2,928,0,1593,0]
09-08 04:53:26.397 2227 2227 I sysui_multi_action: [757,0,758,1,759,0,927,3,928,0,1593,0]
09-08 04:53:26.416 1151 1151 I Telecom : BluetoothDeviceManager: Got BluetoothHearingAid: android.bluetooth.BluetoothHearingAid@a46827d: BMSL.oSC@AAM
09-08 04:53:26.442 1151 2314 I sysui_multi_action: [757,856,758,1,806,com.android.bluetooth,857,opp_notification_channel,858,4]
09-08 04:53:26.445 2207 3023 W ActivityThread: Failed to find provider info for com.android.contacts (user not unlocked)
09-08 04:53:26.446 1151 1151 I notification_cancel_all: [1002,2207,com.android.bluetooth,0,0,64,9,NULL]
09-08 04:53:26.462 1151 1689 D BluetoothManagerService: MESSAGE_BLUETOOTH_STATE_CHANGE: TURNING_ON > ON
09-08 04:53:26.462 1151 1689 D BluetoothManagerService: Broadcasting onBluetoothStateChange(true) to 10 receivers.
09-08 04:53:26.465 1151 1708 W ActivityManager: Slow operation: 114ms so far, now at startProcess: returned from zygote!
09-08 04:53:26.466 1151 1837 D PackageManager: Instant App installer not found with android.intent.action.INSTALL_INSTANT_APP_PACKAGE
09-08 04:53:26.466 1151 1837 D PackageManager: Clear ephemeral installer activity
09-08 04:53:26.467 1151 1708 W ActivityManager: Slow operation: 117ms so far, now at startProcess: done updating battery stats
09-08 04:53:26.467 1151 1708 I am_proc_start: [0,3030,10069,com.android.inputmethod.latin,service,{com.android.inputmethod.latin/com.android.inputmethod.latin.LatinIME}]
09-08 04:53:26.468 1151 1708 W ActivityManager: Slow operation: 117ms so far, now at startProcess: building log message
09-08 04:53:26.468 1151 1708 I ActivityManager: Start proc 3030:com.android.inputmethod.latin/u0a69 for service {com.android.inputmethod.latin/com.android.inputmethod.latin.LatinIME}
09-08 04:53:26.468 1151 1708 W ActivityManager: Slow operation: 118ms so far, now at startProcess: starting to update pids map
09-08 04:53:26.469 1151 1708 W ActivityManager: Slow operation: 119ms so far, now at startProcess: done updating pids map
09-08 04:53:26.475 1151 1689 D BluetoothManagerService: Creating new ProfileServiceConnections object for profile: 1
09-08 04:53:26.477 1151 1689 W BluetoothManagerService: psc is not null in bindBluetoothProfileService
09-08 04:53:26.477 1151 1689 D BluetoothManagerService: Sending BLE State Change: TURNING_ON > ON
09-08 04:53:26.477 1151 1689 D BluetoothManagerService: Sending State Change: TURNING_ON > ON
09-08 04:53:26.478 1151 1151 D CompanionDeviceManagerService: Received BT state transition broadcast: TURNING_ON -> ON
09-08 04:53:26.478 1151 1151 I CompanionDeviceManagerService: startBleScan()
09-08 04:53:26.479 1151 1151 I CompanionDeviceManagerService: Read associations from disk: {0=[]}
09-08 04:53:26.494 1151 1151 D Fingerprint21: handleError, client: FingerprintInternalCleanupClient, error: 2, vendorCode: 0
09-08 04:53:26.494 1151 1151 E Fingerprint21: onError for non-error consumer: FingerprintInternalCleanupClient
09-08 04:53:26.519 1151 3011 W BluetoothManagerService: psc is not null in bindBluetoothProfileService
09-08 04:53:26.537 563 563 I Checkpoint: Marked slot as booted successfully.
09-08 04:53:26.578 1151 1151 I Telecom : BluetoothDeviceManager: Got BluetoothHeadset: com.android.server.telecom.BluetoothHeadsetProxy@2c49985: BMSL.oSC@AAQ
09-08 04:53:26.615 563 563 I Checkpoint: Checkpoint has been committed.
09-08 04:53:26.616 1151 1690 I SystemServiceManager: Starting phase 1000
09-08 04:53:26.616 1151 1690 I ActivityManagerTiming: OnBootPhase_1000
09-08 04:53:26.616 1151 1690 I ActivityManagerTiming: OnBootPhase_1000_com.android.server.security.FileIntegrityService
09-08 04:53:26.616 1151 1690 D ActivityManagerTiming: OnBootPhase_1000_com.android.server.security.FileIntegrityService took to complete: 0ms
09-08 04:53:26.616 1151 1690 I ActivityManagerTiming: OnBootPhase_1000_com.android.server.pm.Installer
09-08 04:53:26.616 1151 1690 D ActivityManagerTiming: OnBootPhase_1000_com.android.server.pm.Installer took to complete: 0ms
09-08 04:53:26.616 1151 1690 I ActivityManagerTiming: OnBootPhase_1000_com.android.server.os.DeviceIdentifiersPolicyService
09-08 04:53:26.616 1151 1690 D ActivityManagerTiming: OnBootPhase_1000_com.android.server.os.DeviceIdentifiersPolicyService took to complete: 0ms
09-08 04:53:26.616 1151 1690 I ActivityManagerTiming: OnBootPhase_1000_com.android.server.uri.UriGrantsManagerService$Lifecycle
09-08 04:53:26.616 1151 1690 D ActivityManagerTiming: OnBootPhase_1000_com.android.server.uri.UriGrantsManagerService$Lifecycle took to complete: 0ms
09-08 04:53:26.616 1151 1690 I ActivityManagerTiming: OnBootPhase_1000_com.android.server.powerstats.PowerStatsService
09-08 04:53:26.617 1151 1690 E PowerStatsService: Failed to start PowerStatsService loggers
09-08 04:53:26.617 1151 1690 D ActivityManagerTiming: OnBootPhase_1000_com.android.server.powerstats.PowerStatsService took to complete: 0ms
09-08 04:53:26.617 1151 1690 I ActivityManagerTiming: OnBootPhase_1000_com.android.server.wm.ActivityTaskManagerService$Lifecycle
09-08 04:53:26.617 1151 1690 D ActivityManagerTiming: OnBootPhase_1000_com.android.server.wm.ActivityTaskManagerService$Lifecycle took to complete: 0ms
09-08 04:53:26.617 1151 1690 I ActivityManagerTiming: OnBootPhase_1000_com.android.server.am.ActivityManagerService$Lifecycle
09-08 04:53:26.617 1151 1690 D ActivityManagerTiming: OnBootPhase_1000_com.android.server.am.ActivityManagerService$Lifecycle took to complete: 0ms
09-08 04:53:26.617 1151 1690 I ActivityManagerTiming: OnBootPhase_1000_com.android.server.pm.DataLoaderManagerService
09-08 04:53:26.617 1151 1690 D ActivityManagerTiming: OnBootPhase_1000_com.android.server.pm.DataLoaderManagerService took to complete: 0ms
09-08 04:53:26.617 1151 1690 I ActivityManagerTiming: OnBootPhase_1000_com.android.server.power.PowerManagerService
09-08 04:53:26.618 1151 1690 D ActivityManagerTiming: OnBootPhase_1000_com.android.server.power.PowerManagerService took to complete: 1ms
09-08 04:53:26.618 1151 1690 I ActivityManagerTiming: OnBootPhase_1000_com.android.server.power.ThermalManagerService
09-08 04:53:26.618 1151 1690 D ActivityManagerTiming: OnBootPhase_1000_com.android.server.power.ThermalManagerService took to complete: 0ms
09-08 04:53:26.619 1151 1690 I ActivityManagerTiming: OnBootPhase_1000_com.android.server.power.hint.HintManagerService
09-08 04:53:26.619 1151 1690 D ActivityManagerTiming: OnBootPhase_1000_com.android.server.power.hint.HintManagerService took to complete: 0ms
09-08 04:53:26.619 1151 1690 I ActivityManagerTiming: OnBootPhase_1000_com.android.server.recoverysystem.RecoverySystemService$Lifecycle
09-08 04:53:26.623 1151 1733 V DisplayPowerController[0]: Brightness [1.0] reason changing to: 'manual', previous reason: 'override'.
09-08 04:53:26.623 1151 1690 D ActivityManagerTiming: OnBootPhase_1000_com.android.server.recoverysystem.RecoverySystemService$Lifecycle took to complete: 0ms
09-08 04:53:26.623 1151 1690 I ActivityManagerTiming: OnBootPhase_1000_com.android.server.lights.LightsService
09-08 04:53:26.623 1151 1690 D ActivityManagerTiming: OnBootPhase_1000_com.android.server.lights.LightsService took to complete: 0ms
09-08 04:53:26.623 1151 1690 I ActivityManagerTiming: OnBootPhase_1000_com.android.server.display.DisplayManagerService
09-08 04:53:26.624 1151 1690 D ActivityManagerTiming: OnBootPhase_1000_com.android.server.display.DisplayManagerService took to complete: 1ms
09-08 04:53:26.624 1151 1690 I ActivityManagerTiming: OnBootPhase_1000_com.android.server.pm.verify.domain.DomainVerificationService
09-08 04:53:26.624 1151 1690 D ActivityManagerTiming: OnBootPhase_1000_com.android.server.pm.verify.domain.DomainVerificationService took to complete: 0ms
09-08 04:53:26.624 1151 1690 I ActivityManagerTiming: OnBootPhase_1000_com.android.server.pm.PackageInstallerService$Lifecycle
09-08 04:53:26.624 1151 1690 D ActivityManagerTiming: OnBootPhase_1000_com.android.server.pm.PackageInstallerService$Lifecycle took to complete: 0ms
09-08 04:53:26.624 1151 1690 I ActivityManagerTiming: OnBootPhase_1000_com.android.server.pm.UserManagerService$LifeCycle
09-08 04:53:26.624 1151 1690 D ActivityManagerTiming: OnBootPhase_1000_com.android.server.pm.UserManagerService$LifeCycle took to complete: 0ms
09-08 04:53:26.624 1151 1690 I ActivityManagerTiming: OnBootPhase_1000_com.android.server.om.OverlayManagerService
09-08 04:53:26.625 1151 1690 D ActivityManagerTiming: OnBootPhase_1000_com.android.server.om.OverlayManagerService took to complete: 0ms
09-08 04:53:26.625 1151 1690 I ActivityManagerTiming: OnBootPhase_1000_com.android.server.SensorPrivacyService
09-08 04:53:26.625 1151 1690 D ActivityManagerTiming: OnBootPhase_1000_com.android.server.SensorPrivacyService took to complete: 0ms
09-08 04:53:26.625 1151 1690 I ActivityManagerTiming: OnBootPhase_1000_com.android.server.sensors.SensorService
09-08 04:53:26.625 1151 1690 D ActivityManagerTiming: OnBootPhase_1000_com.android.server.sensors.SensorService took to complete: 0ms
09-08 04:53:26.625 1151 1690 I ActivityManagerTiming: OnBootPhase_1000_com.android.server.SystemConfigService
09-08 04:53:26.625 1151 1690 D ActivityManagerTiming: OnBootPhase_1000_com.android.server.SystemConfigService took to complete: 0ms
09-08 04:53:26.625 1151 1690 I ActivityManagerTiming: OnBootPhase_1000_com.android.server.BatteryService
09-08 04:53:26.625 1151 1690 D ActivityManagerTiming: OnBootPhase_1000_com.android.server.BatteryService took to complete: 0ms
09-08 04:53:26.625 1151 1690 I ActivityManagerTiming: OnBootPhase_1000_com.android.server.usage.UsageStatsService
09-08 04:53:26.625 1151 1690 D ActivityManagerTiming: OnBootPhase_1000_com.android.server.usage.UsageStatsService took to complete: 0ms
09-08 04:53:26.626 1151 1690 I ActivityManagerTiming: OnBootPhase_1000_com.android.server.webkit.WebViewUpdateService
09-08 04:53:26.626 1151 1690 D ActivityManagerTiming: OnBootPhase_1000_com.android.server.webkit.WebViewUpdateService took to complete: 0ms
09-08 04:53:26.626 1151 1690 I ActivityManagerTiming: OnBootPhase_1000_com.android.server.CachedDeviceStateService
09-08 04:53:26.626 1151 1690 D ActivityManagerTiming: OnBootPhase_1000_com.android.server.CachedDeviceStateService took to complete: 0ms
09-08 04:53:26.626 1151 1690 I ActivityManagerTiming: OnBootPhase_1000_com.android.server.BinderCallsStatsService$LifeCycle
09-08 04:53:26.626 1151 1690 D ActivityManagerTiming: OnBootPhase_1000_com.android.server.BinderCallsStatsService$LifeCycle took to complete: 0ms
09-08 04:53:26.626 1151 1690 I ActivityManagerTiming: OnBootPhase_1000_com.android.server.LooperStatsService$Lifecycle
09-08 04:53:26.626 1151 1690 D ActivityManagerTiming: OnBootPhase_1000_com.android.server.LooperStatsService$Lifecycle took to complete: 0ms
09-08 04:53:26.626 1151 1690 I ActivityManagerTiming: OnBootPhase_1000_com.android.server.rollback.RollbackManagerService
09-08 04:53:26.627 1151 1690 D ActivityManagerTiming: OnBootPhase_1000_com.android.server.rollback.RollbackManagerService took to complete: 0ms
09-08 04:53:26.627 1151 1690 I ActivityManagerTiming: OnBootPhase_1000_com.android.server.os.NativeTombstoneManagerService
09-08 04:53:26.627 1151 1690 D ActivityManagerTiming: OnBootPhase_1000_com.android.server.os.NativeTombstoneManagerService took to complete: 0ms
09-08 04:53:26.627 1151 1855 D RollbackManager: mRollbackLifetimeDurationInMillis=1209600000
09-08 04:53:26.629 1151 1852 D AppStandbyController: Loading headless system app cache. appIdleEnabled=false
09-08 04:53:26.629 1151 1690 I ActivityManagerTiming: OnBootPhase_1000_com.android.server.os.BugreportManagerService
09-08 04:53:26.629 1151 1690 D ActivityManagerTiming: OnBootPhase_1000_com.android.server.os.BugreportManagerService took to complete: 0ms
09-08 04:53:26.629 1151 1690 I ActivityManagerTiming: OnBootPhase_1000_com.android.server.gpu.GpuService
09-08 04:53:26.635 1151 1690 D ActivityManagerTiming: OnBootPhase_1000_com.android.server.gpu.GpuService took to complete: 6ms
09-08 04:53:26.635 1151 1690 I ActivityManagerTiming: OnBootPhase_1000_com.android.server.security.KeyChainSystemService
09-08 04:53:26.635 1151 1690 D ActivityManagerTiming: OnBootPhase_1000_com.android.server.security.KeyChainSystemService took to complete: 0ms
09-08 04:53:26.635 1151 1690 I ActivityManagerTiming: OnBootPhase_1000_com.android.server.telecom.TelecomLoaderService
