01-01 08:38:41.722 0 0 I libprocessgroup: Successfully killed process cgroup uid 1000 pid 6975 in 0ms
09-08 05:30:51.454 6976 6976 F linker : CANNOT LINK EXECUTABLE "/vendor/bin/hw/sxrservice": library "vendor.qti.hardware.qxr-V1-ndk_platform.so" not found: needed by main executable
01-01 08:38:41.733 0 0 I init : Service 'sxrd' (pid 6976) exited with status 1
01-01 08:38:41.739 0 0 I init : Sending signal 9 to service 'sxrd' (pid 6976) process group...
01-01 08:38:42.621 0 0 D : mv2112_read_status
01-01 08:38:42.624 0 0 D mv2112_update_link: 3.0x901(1G): 0x80
01-01 08:38:42.637 0 0 D mv2112_update_link: 3.0x8109(100M): 0x0
01-01 08:38:42.645 0 0 D mv2112_update_link: link 0x0
01-01 08:38:42.649 0 0 D mv2112_read_status: autoneg is disabled
01-01 08:38:43.677 0 0 D : mv2112_read_status
01-01 08:38:43.680 0 0 D mv2112_update_link: 3.0x901(1G): 0x80
01-01 08:38:43.686 0 0 D mv2112_update_link: 3.0x8109(100M): 0x0
01-01 08:38:43.691 0 0 D mv2112_update_link: link 0x0
01-01 08:38:43.695 0 0 D mv2112_read_status: autoneg is disabled
01-01 08:38:44.701 0 0 D : mv2112_read_status
01-01 08:38:44.704 0 0 D mv2112_update_link: 3.0x901(1G): 0x80
01-01 08:38:44.710 0 0 D mv2112_update_link: 3.0x8109(100M): 0x0
01-01 08:38:44.715 0 0 D mv2112_update_link: link 0x0
01-01 08:38:44.719 0 0 D mv2112_read_status: autoneg is disabled
09-08 05:30:55.074 1151 2144 I netstats_mobile_sample: [0,0,0,0,0,0,0,0,0,0,0,0,1662586255074]
09-08 05:30:55.074 1151 2144 I netstats_wifi_sample: [426938873,296053,5881379,144999,426931373,296048,5881299,144997,427075631,297824,5855951,144810,1662586255074]
01-01 08:38:45.725 0 0 D : mv2112_read_status
01-01 08:38:45.728 0 0 D mv2112_update_link: 3.0x901(1G): 0x80
01-01 08:38:45.734 0 0 D mv2112_update_link: 3.0x8109(100M): 0x0
01-01 08:38:45.739 0 0 D mv2112_update_link: link 0x0
01-01 08:38:45.743 0 0 D mv2112_read_status: autoneg is disabled
01-01 08:38:46.669 0 0 I init : starting service 'qvrd_vndr'...
01-01 08:38:46.676 0 0 I init : Created socket '/dev/socket/qvrservice_vndr', mode 660, user 1000, group 1000
01-01 08:38:46.686 0 0 I init : Created socket '/dev/socket/qvrservice_vndr_camera', mode 660, user 1000, group 1000
01-01 08:38:46.718 0 0 I init : starting service 'sxrd'...
01-01 08:38:46.738 0 0 I init : starting service 'vendor.light-hal-2-0'...
01-01 08:38:46.749 0 0 D : mv2112_read_status
01-01 08:38:46.752 0 0 D mv2112_update_link: 3.0x901(1G): 0x80
01-01 08:38:46.759 0 0 D mv2112_update_link: 3.0x8109(100M): 0x0
01-01 08:38:46.764 0 0 D mv2112_update_link: link 0x0
01-01 08:38:46.768 0 0 D mv2112_read_status: autoneg is disabled
09-08 05:30:56.495 6981 6981 F linker : CANNOT LINK EXECUTABLE "/vendor/bin/hw/sxrservice": library "vendor.qti.hardware.qxr-V1-ndk_platform.so" not found: needed by main executable
09-08 05:30:56.496 6980 6980 F linker : CANNOT LINK EXECUTABLE "/vendor/bin/hw/qvrservice": library "vendor.qti.hardware.qxr-V1-ndk_platform.so" not found: needed by /vendor/lib64/libqvrservice.so in namespace (default)
01-01 08:38:46.775 0 0 I init : Service 'sxrd' (pid 6981) exited with status 1
01-01 08:38:46.781 0 0 I init : Sending signal 9 to service 'sxrd' (pid 6981) process group...
01-01 08:38:46.789 0 0 I libprocessgroup: Successfully killed process cgroup uid 1000 pid 6981 in 0ms
01-01 08:38:46.799 0 0 I init : Service 'qvrd_vndr' (pid 6980) exited with status 1
01-01 08:38:46.806 0 0 I init : Sending signal 9 to service 'qvrd_vndr' (pid 6980) process group...
01-01 08:38:47.777 0 0 D : mv2112_read_status
01-01 08:38:47.790 0 0 D mv2112_update_link: 3.0x901(1G): 0x80
01-01 08:38:47.796 0 0 D mv2112_update_link: 3.0x8109(100M): 0x0
01-01 08:38:47.802 0 0 D mv2112_update_link: link 0x0
01-01 08:38:47.806 0 0 D mv2112_read_status: autoneg is disabled
01-01 08:38:48.829 0 0 D : mv2112_read_status
01-01 08:38:48.832 0 0 D mv2112_update_link: 3.0x901(1G): 0x80
01-01 08:38:48.838 0 0 D mv2112_update_link: 3.0x8109(100M): 0x0
01-01 08:38:48.843 0 0 D mv2112_update_link: link 0x0
01-01 08:38:48.849 0 0 D mv2112_read_status: autoneg is disabled
01-01 08:38:49.853 0 0 D : mv2112_read_status
01-01 08:38:49.856 0 0 D mv2112_update_link: 3.0x901(1G): 0x80
01-01 08:38:49.863 0 0 D mv2112_update_link: 3.0x8109(100M): 0x0
01-01 08:38:49.869 0 0 D mv2112_update_link: link 0x0
01-01 08:38:49.882 0 0 D mv2112_read_status: autoneg is disabled
01-01 08:38:50.909 0 0 D : mv2112_read_status
01-01 08:38:50.912 0 0 D mv2112_update_link: 3.0x901(1G): 0x80
01-01 08:38:50.923 0 0 D mv2112_update_link: 3.0x8109(100M): 0x0
01-01 08:38:50.928 0 0 D mv2112_update_link: link 0x0
01-01 08:38:50.932 0 0 D mv2112_read_status: autoneg is disabled
01-01 08:38:51.716 0 0 I init : starting service 'qvrd_vndr'...
01-01 08:38:51.722 0 0 I init : Created socket '/dev/socket/qvrservice_vndr', mode 660, user 1000, group 1000
01-01 08:38:51.732 0 0 I init : Created socket '/dev/socket/qvrservice_vndr_camera', mode 660, user 1000, group 1000
01-01 08:38:51.759 0 0 I init : starting service 'sxrd'...
01-01 08:38:51.778 0 0 I init : starting service 'vendor.light-hal-2-0'...
09-08 05:31:01.524 6985 6985 F linker : CANNOT LINK EXECUTABLE "/vendor/bin/hw/sxrservice": library "vendor.qti.hardware.qxr-V1-ndk_platform.so" not found: needed by main executable
09-08 05:31:01.532 6984 6984 F linker : CANNOT LINK EXECUTABLE "/vendor/bin/hw/qvrservice": library "vendor.qti.hardware.qxr-V1-ndk_platform.so" not found: needed by /vendor/lib64/libqvrservice.so in namespace (default)
01-01 08:38:51.805 0 0 I init : Service 'sxrd' (pid 6985) exited with status 1
01-01 08:38:51.811 0 0 I init : Sending signal 9 to service 'sxrd' (pid 6985) process group...
01-01 08:38:51.819 0 0 I libprocessgroup: Successfully killed process cgroup uid 1000 pid 6985 in 0ms
01-01 08:38:51.830 0 0 I init : Service 'qvrd_vndr' (pid 6984) exited with status 1
01-01 08:38:51.837 0 0 I init : Sending signal 9 to service 'qvrd_vndr' (pid 6984) process group...
01-01 08:38:51.966 0 0 D : mv2112_read_status
01-01 08:38:51.971 0 0 D mv2112_update_link: 3.0x901(1G): 0x80
01-01 08:38:51.976 0 0 D mv2112_update_link: 3.0x8109(100M): 0x0
01-01 08:38:51.982 0 0 D mv2112_update_link: link 0x0
01-01 08:38:51.987 0 0 D mv2112_read_status: autoneg is disabled
09-08 05:31:02.064 1151 2144 I netstats_mobile_sample: [0,0,0,0,0,0,0,0,0,0,0,0,1662586262064]
09-08 05:31:02.064 1151 2144 I netstats_wifi_sample: [429594249,297943,5916299,145866,429594249,297943,5916299,145866,429760163,299731,5891415,145690,1662586262064]
01-01 08:38:52.989 0 0 D : mv2112_read_status
01-01 08:38:52.993 0 0 D mv2112_update_link: 3.0x901(1G): 0x80
01-01 08:38:52.999 0 0 D mv2112_update_link: 3.0x8109(100M): 0x0
01-01 08:38:53.004 0 0 D mv2112_update_link: link 0x0
01-01 08:38:53.010 0 0 D mv2112_read_status: autoneg is disabled
01-01 08:38:54.013 0 0 D : mv2112_read_status
01-01 08:38:54.016 0 0 D mv2112_update_link: 3.0x901(1G): 0x80
01-01 08:38:54.022 0 0 D mv2112_update_link: 3.0x8109(100M): 0x0
01-01 08:38:54.027 0 0 D mv2112_update_link: link 0x0
01-01 08:38:54.031 0 0 D mv2112_read_status: autoneg is disabled
01-01 08:38:55.037 0 0 D : mv2112_read_status
01-01 08:38:55.040 0 0 D mv2112_update_link: 3.0x901(1G): 0x80
01-01 08:38:55.046 0 0 D mv2112_update_link: 3.0x8109(100M): 0x0
01-01 08:38:55.051 0 0 D mv2112_update_link: link 0x0
01-01 08:38:55.055 0 0 D mv2112_read_status: autoneg is disabled
01-01 08:38:56.061 0 0 D : mv2112_read_status
01-01 08:38:56.064 0 0 D mv2112_update_link: 3.0x901(1G): 0x80
01-01 08:38:56.071 0 0 D mv2112_update_link: 3.0x8109(100M): 0x0
01-01 08:38:56.076 0 0 D mv2112_update_link: link 0x0
01-01 08:38:56.081 0 0 D mv2112_read_status: autoneg is disabled
01-01 08:38:56.758 0 0 I init : starting service 'qvrd_vndr'...
01-01 08:38:56.765 0 0 I init : Created socket '/dev/socket/qvrservice_vndr', mode 660, user 1000, group 1000
01-01 08:38:56.775 0 0 I init : Created socket '/dev/socket/qvrservice_vndr_camera', mode 660, user 1000, group 1000
01-01 08:38:56.801 0 0 I init : starting service 'sxrd'...
01-01 08:38:56.819 0 0 I init : starting service 'vendor.light-hal-2-0'...
09-08 05:31:06.571 6990 6990 F linker : CANNOT LINK EXECUTABLE "/vendor/bin/hw/sxrservice": library "vendor.qti.hardware.qxr-V1-ndk_platform.so" not found: needed by main executable
09-08 05:31:06.573 6989 6989 F linker : CANNOT LINK EXECUTABLE "/vendor/bin/hw/qvrservice": library "vendor.qti.hardware.qxr-V1-ndk_platform.so" not found: needed by /vendor/lib64/libqvrservice.so in namespace (default)
01-01 08:38:56.851 0 0 I init : Service 'sxrd' (pid 6990) exited with status 1
01-01 08:38:56.857 0 0 I init : Sending signal 9 to service 'sxrd' (pid 6990) process group...
01-01 08:38:56.865 0 0 I libprocessgroup: Successfully killed process cgroup uid 1000 pid 6990 in 0ms
01-01 08:38:56.875 0 0 I init : Service 'qvrd_vndr' (pid 6989) exited with status 1
01-01 08:38:56.882 0 0 I init : Sending signal 9 to service 'qvrd_vndr' (pid 6989) process group...
01-01 08:38:57.085 0 0 D : mv2112_read_status
01-01 08:38:57.089 0 0 D mv2112_update_link: 3.0x901(1G): 0x80
01-01 08:38:57.094 0 0 D mv2112_update_link: 3.0x8109(100M): 0x0
01-01 08:38:57.113 0 0 D mv2112_update_link: link 0x0
01-01 08:38:57.117 0 0 D mv2112_read_status: autoneg is disabled
01-01 08:38:58.141 0 0 D : mv2112_read_status
01-01 08:38:58.144 0 0 D mv2112_update_link: 3.0x901(1G): 0x80
01-01 08:38:58.150 0 0 D mv2112_update_link: 3.0x8109(100M): 0x0
01-01 08:38:58.155 0 0 D mv2112_update_link: link 0x0
01-01 08:38:58.160 0 0 D mv2112_read_status: autoneg is disabled
01-01 08:38:59.165 0 0 D : mv2112_read_status
01-01 08:38:59.169 0 0 D mv2112_update_link: 3.0x901(1G): 0x80
01-01 08:38:59.174 0 0 D mv2112_update_link: 3.0x8109(100M): 0x0
01-01 08:38:59.179 0 0 D mv2112_update_link: link 0x0
01-01 08:38:59.184 0 0 D mv2112_read_status: autoneg is disabled
09-08 05:31:09.468 1151 2144 I netstats_mobile_sample: [0,0,0,0,0,0,0,0,0,0,0,0,1662586269468]
09-08 05:31:09.469 1151 2144 I netstats_wifi_sample: [432030661,299649,5949191,146682,432030661,299649,5949191,146682,432208751,301447,5924387,146508,1662586269468]
01-01 08:39:00.189 0 0 D : mv2112_read_status
01-01 08:39:00.192 0 0 D mv2112_update_link: 3.0x901(1G): 0x80
01-01 08:39:00.199 0 0 D mv2112_update_link: 3.0x8109(100M): 0x0
01-01 08:39:00.204 0 0 D mv2112_update_link: link 0x0
01-01 08:39:00.210 0 0 D mv2112_read_status: autoneg is disabled
01-01 08:39:01.213 0 0 D : mv2112_read_status
01-01 08:39:01.216 0 0 D mv2112_update_link: 3.0x901(1G): 0x80
01-01 08:39:01.223 0 0 D mv2112_update_link: 3.0x8109(100M): 0x0
01-01 08:39:01.228 0 0 D mv2112_update_link: link 0x0
01-01 08:39:01.233 0 0 D mv2112_read_status: autoneg is disabled
01-01 08:39:01.804 0 0 I init : starting service 'qvrd_vndr'...
01-01 08:39:01.815 0 0 I init : Created socket '/dev/socket/qvrservice_vndr', mode 660, user 1000, group 1000
01-01 08:39:01.827 0 0 I init : Created socket '/dev/socket/qvrservice_vndr_camera', mode 660, user 1000, group 1000
01-01 08:39:01.882 0 0 I init : starting service 'sxrd'...
01-01 08:39:01.906 0 0 I init : starting service 'vendor.light-hal-2-0'...
09-08 05:31:11.638 6994 6994 F linker : CANNOT LINK EXECUTABLE "/vendor/bin/hw/qvrservice": library "vendor.qti.hardware.qxr-V1-ndk_platform.so" not found: needed by /vendor/lib64/libqvrservice.so in namespace (default)
01-01 08:39:01.927 0 0 I init : Service 'qvrd_vndr' (pid 6994) exited with status 1
01-01 08:39:01.934 0 0 I init : Sending signal 9 to service 'qvrd_vndr' (pid 6994) process group...
01-01 08:39:01.943 0 0 I libprocessgroup: Successfully killed process cgroup uid 1000 pid 6994 in 0ms
09-08 05:31:11.668 6995 6995 F linker : CANNOT LINK EXECUTABLE "/vendor/bin/hw/sxrservice": library "vendor.qti.hardware.qxr-V1-ndk_platform.so" not found: needed by main executable
01-01 08:39:01.953 0 0 I init : Service 'sxrd' (pid 6995) exited with status 1
01-01 08:39:01.959 0 0 I init : Sending signal 9 to service 'sxrd' (pid 6995) process group...
01-01 08:39:02.237 0 0 D : mv2112_read_status
01-01 08:39:02.240 0 0 D mv2112_update_link: 3.0x901(1G): 0x80
01-01 08:39:02.246 0 0 D mv2112_update_link: 3.0x8109(100M): 0x0
01-01 08:39:02.251 0 0 D mv2112_update_link: link 0x0
01-01 08:39:02.255 0 0 D mv2112_read_status: autoneg is disabled
01-01 08:39:03.261 0 0 D : mv2112_read_status
01-01 08:39:03.264 0 0 D mv2112_update_link: 3.0x901(1G): 0x80
01-01 08:39:03.271 0 0 D mv2112_update_link: 3.0x8109(100M): 0x0
01-01 08:39:03.278 0 0 D mv2112_update_link: link 0x0
01-01 08:39:03.282 0 0 D mv2112_read_status: autoneg is disabled
01-01 08:39:04.317 0 0 D : mv2112_read_status
01-01 08:39:04.320 0 0 D mv2112_update_link: 3.0x901(1G): 0x80
01-01 08:39:04.327 0 0 D mv2112_update_link: 3.0x8109(100M): 0x0
01-01 08:39:04.333 0 0 D mv2112_update_link: link 0x0
01-01 08:39:04.337 0 0 D mv2112_read_status: autoneg is disabled
01-01 08:39:05.341 0 0 D : mv2112_read_status
01-01 08:39:05.345 0 0 D mv2112_update_link: 3.0x901(1G): 0x80
01-01 08:39:05.361 0 0 D mv2112_update_link: 3.0x8109(100M): 0x0
01-01 08:39:05.366 0 0 D mv2112_update_link: link 0x0
01-01 08:39:05.370 0 0 D mv2112_read_status: autoneg is disabled
01-01 08:39:06.397 0 0 D : mv2112_read_status
01-01 08:39:06.400 0 0 D mv2112_update_link: 3.0x901(1G): 0x80
01-01 08:39:06.406 0 0 D mv2112_update_link: 3.0x8109(100M): 0x0
01-01 08:39:06.429 0 0 D mv2112_update_link: link 0x0
01-01 08:39:06.433 0 0 D mv2112_read_status: autoneg is disabled
09-08 05:31:16.253 1151 2144 I netstats_mobile_sample: [0,0,0,0,0,0,0,0,0,0,0,0,1662586276253]
09-08 05:31:16.253 1151 2144 I netstats_wifi_sample: [434430257,301319,5981671,147488,434427257,301317,5981631,147487,434599347,303111,5956707,147310,1662586276253]
01-01 08:39:06.876 0 0 I init : starting service 'qvrd_vndr'...
01-01 08:39:06.883 0 0 I init : Created socket '/dev/socket/qvrservice_vndr', mode 660, user 1000, group 1000
01-01 08:39:06.893 0 0 I init : Created socket '/dev/socket/qvrservice_vndr_camera', mode 660, user 1000, group 1000
01-01 08:39:06.921 0 0 I init : starting service 'sxrd'...
01-01 08:39:06.941 0 0 I init : starting service 'vendor.light-hal-2-0'...
09-08 05:31:16.694 6999 6999 F linker : CANNOT LINK EXECUTABLE "/vendor/bin/hw/sxrservice": library "vendor.qti.hardware.qxr-V1-ndk_platform.so" not found: needed by main executable
09-08 05:31:16.695 6998 6998 F linker : CANNOT LINK EXECUTABLE "/vendor/bin/hw/qvrservice": library "vendor.qti.hardware.qxr-V1-ndk_platform.so" not found: needed by /vendor/lib64/libqvrservice.so in namespace (default)
01-01 08:39:06.974 0 0 I init : Service 'sxrd' (pid 6999) exited with status 1
01-01 08:39:06.980 0 0 I init : Sending signal 9 to service 'sxrd' (pid 6999) process group...
01-01 08:39:06.988 0 0 I libprocessgroup: Successfully killed process cgroup uid 1000 pid 6999 in 0ms
01-01 08:39:06.999 0 0 I init : Service 'qvrd_vndr' (pid 6998) exited with status 1
01-01 08:39:07.006 0 0 I init : Sending signal 9 to service 'qvrd_vndr' (pid 6998) process group...
01-01 08:39:07.453 0 0 D : mv2112_read_status
01-01 08:39:07.456 0 0 D mv2112_update_link: 3.0x901(1G): 0x80
01-01 08:39:07.463 0 0 D mv2112_update_link: 3.0x8109(100M): 0x0
01-01 08:39:07.469 0 0 D mv2112_update_link: link 0x0
01-01 08:39:07.473 0 0 D mv2112_read_status: autoneg is disabled
01-01 08:39:08.477 0 0 D : mv2112_read_status
01-01 08:39:08.481 0 0 D mv2112_update_link: 3.0x901(1G): 0x80
01-01 08:39:08.486 0 0 D mv2112_update_link: 3.0x8109(100M): 0x0
01-01 08:39:08.492 0 0 D mv2112_update_link: link 0x0
01-01 08:39:08.496 0 0 D mv2112_read_status: autoneg is disabled
01-01 08:39:09.501 0 0 D : mv2112_read_status
01-01 08:39:09.504 0 0 D mv2112_update_link: 3.0x901(1G): 0x80
01-01 08:39:09.510 0 0 D mv2112_update_link: 3.0x8109(100M): 0x0
01-01 08:39:09.516 0 0 D mv2112_update_link: link 0x0
01-01 08:39:09.522 0 0 D mv2112_read_status: autoneg is disabled
01-01 08:39:10.525 0 0 D : mv2112_read_status
01-01 08:39:10.528 0 0 D mv2112_update_link: 3.0x901(1G): 0x80
01-01 08:39:10.534 0 0 D mv2112_update_link: 3.0x8109(100M): 0x0
01-01 08:39:10.539 0 0 D mv2112_update_link: link 0x0
01-01 08:39:10.543 0 0 D mv2112_read_status: autoneg is disabled
01-01 08:39:11.549 0 0 D : mv2112_read_status
01-01 08:39:11.553 0 0 D mv2112_update_link: 3.0x901(1G): 0x80
01-01 08:39:11.558 0 0 D mv2112_update_link: 3.0x8109(100M): 0x0
01-01 08:39:11.563 0 0 D mv2112_update_link: link 0x0
01-01 08:39:11.568 0 0 D mv2112_read_status: autoneg is disabled
01-01 08:39:11.923 0 0 I init : starting service 'qvrd_vndr'...
01-01 08:39:11.933 0 0 I init : Created socket '/dev/socket/qvrservice_vndr', mode 660, user 1000, group 1000
01-01 08:39:11.945 0 0 I init : Created socket '/dev/socket/qvrservice_vndr_camera', mode 660, user 1000, group 1000
01-01 08:39:11.999 0 0 I init : starting service 'sxrd'...
09-08 05:31:21.739 7003 7003 F linker : CANNOT LINK EXECUTABLE "/vendor/bin/hw/qvrservice": library "vendor.qti.hardware.qxr-V1-ndk_platform.so" not found: needed by /vendor/lib64/libqvrservice.so in namespace (default)
01-01 08:39:12.020 0 0 I init : Service 'qvrd_vndr' (pid 7003) exited with status 1
01-01 08:39:12.027 0 0 I init : Sending signal 9 to service 'qvrd_vndr' (pid 7003) process group...
01-01 08:39:12.035 0 0 I libprocessgroup: Successfully killed process cgroup uid 1000 pid 7003 in 0ms
01-01 08:39:12.046 0 0 I init : starting service 'vendor.light-hal-2-0'...
09-08 05:31:21.788 7004 7004 F linker : CANNOT LINK EXECUTABLE "/vendor/bin/hw/sxrservice": library "vendor.qti.hardware.qxr-V1-ndk_platform.so" not found: needed by main executable
01-01 08:39:12.067 0 0 I init : Service 'sxrd' (pid 7004) exited with status 1
01-01 08:39:12.073 0 0 I init : Sending signal 9 to service 'sxrd' (pid 7004) process group...
01-01 08:39:12.573 0 0 D : mv2112_read_status
01-01 08:39:12.576 0 0 D mv2112_update_link: 3.0x901(1G): 0x80
01-01 08:39:12.582 0 0 D mv2112_update_link: 3.0x8109(100M): 0x0
01-01 08:39:12.601 0 0 D mv2112_update_link: link 0x0
01-01 08:39:12.605 0 0 D mv2112_read_status: autoneg is disabled
01-01 08:39:13.629 0 0 D : mv2112_read_status
01-01 08:39:13.632 0 0 D mv2112_update_link: 3.0x901(1G): 0x80
01-01 08:39:13.642 0 0 D mv2112_update_link: 3.0x8109(100M): 0x0
01-01 08:39:13.648 0 0 D mv2112_update_link: link 0x0
01-01 08:39:13.652 0 0 D mv2112_read_status: autoneg is disabled
01-01 08:39:14.685 0 0 D : mv2112_read_status
01-01 08:39:14.688 0 0 D mv2112_update_link: 3.0x901(1G): 0x80
01-01 08:39:14.694 0 0 D mv2112_update_link: 3.0x8109(100M): 0x0
01-01 08:39:14.699 0 0 D mv2112_update_link: link 0x0
01-01 08:39:14.704 0 0 D mv2112_read_status: autoneg is disabled
09-08 05:31:24.460 1151 2144 I netstats_mobile_sample: [0,0,0,0,0,0,0,0,0,0,0,0,1662586284460]
09-08 05:31:24.461 1151 2144 I netstats_wifi_sample: [437152245,303173,6019159,148418,437152245,303173,6019159,148418,437330299,304970,5994315,148243,1662586284460]
01-01 08:39:15.709 0 0 D : mv2112_read_status
01-01 08:39:15.712 0 0 D mv2112_update_link: 3.0x901(1G): 0x80
01-01 08:39:15.725 0 0 D mv2112_update_link: 3.0x8109(100M): 0x0
01-01 08:39:15.737 0 0 D mv2112_update_link: link 0x0
01-01 08:39:15.741 0 0 D mv2112_read_status: autoneg is disabled
01-01 08:39:16.765 0 0 D : mv2112_read_status
01-01 08:39:16.770 0 0 D mv2112_update_link: 3.0x901(1G): 0x80
01-01 08:39:16.775 0 0 D mv2112_update_link: 3.0x8109(100M): 0x0
01-01 08:39:16.793 0 0 D mv2112_update_link: link 0x0
01-01 08:39:16.797 0 0 D mv2112_read_status: autoneg is disabled
01-01 08:39:16.994 0 0 I init : starting service 'qvrd_vndr'...
01-01 08:39:17.000 0 0 I init : Created socket '/dev/socket/qvrservice_vndr', mode 660, user 1000, group 1000
01-01 08:39:17.011 0 0 I init : Created socket '/dev/socket/qvrservice_vndr_camera', mode 660, user 1000, group 1000
01-01 08:39:17.040 0 0 I init : starting service 'sxrd'...
01-01 08:39:17.061 0 0 I init : starting service 'vendor.light-hal-2-0'...
09-08 05:31:26.813 7010 7010 F linker : CANNOT LINK EXECUTABLE "/vendor/bin/hw/sxrservice": library "vendor.qti.hardware.qxr-V1-ndk_platform.so" not found: needed by main executable
09-08 05:31:26.816 7008 7008 F linker : CANNOT LINK EXECUTABLE "/vendor/bin/hw/qvrservice": library "vendor.qti.hardware.qxr-V1-ndk_platform.so" not found: needed by /vendor/lib64/libqvrservice.so in namespace (default)
01-01 08:39:17.091 0 0 I init : Service 'sxrd' (pid 7010) exited with status 1
01-01 08:39:17.098 0 0 I init : Sending signal 9 to service 'sxrd' (pid 7010) process group...
01-01 08:39:17.105 0 0 I libprocessgroup: Successfully killed process cgroup uid 1000 pid 7010 in 0ms
01-01 08:39:17.115 0 0 I init : Service 'qvrd_vndr' (pid 7008) exited with status 1
01-01 08:39:17.122 0 0 I init : Sending signal 9 to service 'qvrd_vndr' (pid 7008) process group...
01-01 08:39:17.821 0 0 D : mv2112_read_status
01-01 08:39:17.824 0 0 D mv2112_update_link: 3.0x901(1G): 0x80
01-01 08:39:17.830 0 0 D mv2112_update_link: 3.0x8109(100M): 0x0
01-01 08:39:17.835 0 0 D mv2112_update_link: link 0x0
01-01 08:39:17.840 0 0 D mv2112_read_status: autoneg is disabled
01-01 08:39:18.845 0 0 D : mv2112_read_status
01-01 08:39:18.849 0 0 D mv2112_update_link: 3.0x901(1G): 0x80
01-01 08:39:18.854 0 0 D mv2112_update_link: 3.0x8109(100M): 0x0
01-01 08:39:18.861 0 0 D mv2112_update_link: link 0x0
01-01 08:39:18.865 0 0 D mv2112_read_status: autoneg is disabled
01-01 08:39:19.869 0 0 D : mv2112_read_status
01-01 08:39:19.873 0 0 D mv2112_update_link: 3.0x901(1G): 0x80
01-01 08:39:19.878 0 0 D mv2112_update_link: 3.0x8109(100M): 0x0
01-01 08:39:19.883 0 0 D mv2112_update_link: link 0x0
01-01 08:39:19.893 0 0 D mv2112_read_status: autoneg is disabled
01-01 08:39:20.925 0 0 D : mv2112_read_status
01-01 08:39:20.929 0 0 D mv2112_update_link: 3.0x901(1G): 0x80
01-01 08:39:20.934 0 0 D mv2112_update_link: 3.0x8109(100M): 0x0
01-01 08:39:20.940 0 0 D mv2112_update_link: link 0x0
01-01 08:39:20.944 0 0 D mv2112_read_status: autoneg is disabled
09-08 05:31:30.893 1151 2144 I netstats_mobile_sample: [0,0,0,0,0,0,0,0,0,0,0,0,1662586290893]
09-08 05:31:30.893 1151 2144 I netstats_wifi_sample: [439597769,304866,6052319,149241,439597769,304866,6052319,149241,439775823,306663,6027435,149065,1662586290893]
01-01 08:39:21.949 0 0 D : mv2112_read_status
01-01 08:39:21.953 0 0 D mv2112_update_link: 3.0x901(1G): 0x80
01-01 08:39:21.959 0 0 D mv2112_update_link: 3.0x8109(100M): 0x0
01-01 08:39:21.964 0 0 D mv2112_update_link: link 0x0
01-01 08:39:21.969 0 0 D mv2112_read_status: autoneg is disabled
01-01 08:39:22.039 0 0 I init : starting service 'qvrd_vndr'...
01-01 08:39:22.046 0 0 I init : Created socket '/dev/socket/qvrservice_vndr', mode 660, user 1000, group 1000
01-01 08:39:22.056 0 0 I init : Created socket '/dev/socket/qvrservice_vndr_camera', mode 660, user 1000, group 1000
01-01 08:39:22.083 0 0 I init : starting service 'sxrd'...
01-01 08:39:22.102 0 0 I init : starting service 'vendor.light-hal-2-0'...
09-08 05:31:31.852 7014 7014 F linker : CANNOT LINK EXECUTABLE "/vendor/bin/hw/sxrservice": library "vendor.qti.hardware.qxr-V1-ndk_platform.so" not found: needed by main executable
09-08 05:31:31.853 7013 7013 F linker : CANNOT LINK EXECUTABLE "/vendor/bin/hw/qvrservice": library "vendor.qti.hardware.qxr-V1-ndk_platform.so" not found: needed by /vendor/lib64/libqvrservice.so in namespace (default)
01-01 08:39:22.131 0 0 I init : Service 'sxrd' (pid 7014) exited with status 1
01-01 08:39:22.138 0 0 I init : Sending signal 9 to service 'sxrd' (pid 7014) process group...
01-01 08:39:22.146 0 0 I libprocessgroup: Successfully killed process cgroup uid 1000 pid 7014 in 0ms
01-01 08:39:22.156 0 0 I init : Service 'qvrd_vndr' (pid 7013) exited with status 1
01-01 08:39:22.163 0 0 I init : Sending signal 9 to service 'qvrd_vndr' (pid 7013) process group...
01-01 08:39:22.973 0 0 D : mv2112_read_status
01-01 08:39:22.977 0 0 D mv2112_update_link: 3.0x901(1G): 0x80
01-01 08:39:22.982 0 0 D mv2112_update_link: 3.0x8109(100M): 0x0
01-01 08:39:22.987 0 0 D mv2112_update_link: link 0x0
01-01 08:39:22.992 0 0 D mv2112_read_status: autoneg is disabled
01-01 08:39:23.997 0 0 D : mv2112_read_status
01-01 08:39:24.000 0 0 D mv2112_update_link: 3.0x901(1G): 0x80
01-01 08:39:24.006 0 0 D mv2112_update_link: 3.0x8109(100M): 0x0
01-01 08:39:24.021 0 0 D mv2112_update_link: link 0x0
01-01 08:39:24.025 0 0 D mv2112_read_status: autoneg is disabled
01-01 08:39:25.053 0 0 D : mv2112_read_status
01-01 08:39:25.057 0 0 D mv2112_update_link: 3.0x901(1G): 0x80
01-01 08:39:25.063 0 0 D mv2112_update_link: 3.0x8109(100M): 0x0
01-01 08:39:25.069 0 0 D mv2112_update_link: link 0x0
01-01 08:39:25.073 0 0 D mv2112_read_status: autoneg is disabled
01-01 08:39:26.077 0 0 D : mv2112_read_status
01-01 08:39:26.080 0 0 D mv2112_update_link: 3.0x901(1G): 0x80
01-01 08:39:26.086 0 0 D mv2112_update_link: 3.0x8109(100M): 0x0
01-01 08:39:26.093 0 0 D mv2112_update_link: link 0x0
01-01 08:39:26.098 0 0 D mv2112_read_status: autoneg is disabled
01-01 08:39:27.083 0 0 I init : starting service 'qvrd_vndr'...
01-01 08:39:27.090 0 0 I init : Created socket '/dev/socket/qvrservice_vndr', mode 660, user 1000, group 1000
01-01 08:39:27.101 0 0 D : mv2112_read_status
01-01 08:39:27.101 0 0 I init : Created socket '/dev/socket/qvrservice_vndr_camera', mode 660, user 1000, group 1000
01-01 08:39:27.104 0 0 D mv2112_update_link: 3.0x901(1G): 0x80
01-01 08:39:27.120 0 0 D mv2112_update_link: 3.0x8109(100M): 0x0
01-01 08:39:27.125 0 0 D mv2112_update_link: link 0x0
01-01 08:39:27.130 0 0 I init : starting service 'sxrd'...
01-01 08:39:27.130 0 0 D mv2112_read_status: autoneg is disabled
01-01 08:39:27.148 0 0 I init : starting service 'vendor.light-hal-2-0'...
09-08 05:31:36.875 7019 7019 F linker : CANNOT LINK EXECUTABLE "/vendor/bin/hw/qvrservice": library "vendor.qti.hardware.qxr-V1-ndk_platform.so" not found: needed by /vendor/lib64/libqvrservice.so in namespace (default)
09-08 05:31:36.893 7020 7020 F linker : CANNOT LINK EXECUTABLE "/vendor/bin/hw/sxrservice": library "vendor.qti.hardware.qxr-V1-ndk_platform.so" not found: needed by main executable
01-01 08:39:27.167 0 0 I init : Service 'qvrd_vndr' (pid 7019) exited with status 1
01-01 08:39:27.173 0 0 I init : Sending signal 9 to service 'qvrd_vndr' (pid 7019) process group...
01-01 08:39:27.182 0 0 I libprocessgroup: Successfully killed process cgroup uid 1000 pid 7019 in 0ms
01-01 08:39:27.192 0 0 I init : Service 'sxrd' (pid 7020) exited with status 1
01-01 08:39:27.198 0 0 I init : Sending signal 9 to service 'sxrd' (pid 7020) process group...
09-08 05:31:37.428 1151 2144 I netstats_mobile_sample: [0,0,0,0,0,0,0,0,0,0,0,0,1662586297428]
09-08 05:31:37.428 1151 2144 I netstats_wifi_sample: [442029533,306528,6086027,150078,442029533,306528,6086027,150078,442197087,308318,6060863,149895,1662586297428]
01-01 08:39:28.157 0 0 D : mv2112_read_status
01-01 08:39:28.160 0 0 D mv2112_update_link: 3.0x901(1G): 0x80
01-01 08:39:28.166 0 0 D mv2112_update_link: 3.0x8109(100M): 0x0
01-01 08:39:28.171 0 0 D mv2112_update_link: link 0x0
01-01 08:39:28.176 0 0 D mv2112_read_status: autoneg is disabled
01-01 08:39:29.181 0 0 D : mv2112_read_status
01-01 08:39:29.184 0 0 D mv2112_update_link: 3.0x901(1G): 0x80
01-01 08:39:29.190 0 0 D mv2112_update_link: 3.0x8109(100M): 0x0
01-01 08:39:29.209 0 0 D mv2112_update_link: link 0x0
01-01 08:39:29.213 0 0 D mv2112_read_status: autoneg is disabled
01-01 08:39:30.237 0 0 D : mv2112_read_status
01-01 08:39:30.241 0 0 D mv2112_update_link: 3.0x901(1G): 0x80
01-01 08:39:30.246 0 0 D mv2112_update_link: 3.0x8109(100M): 0x0
01-01 08:39:30.251 0 0 D mv2112_update_link: link 0x0
01-01 08:39:30.256 0 0 D mv2112_read_status: autoneg is disabled
01-01 08:39:31.261 0 0 D : mv2112_read_status
01-01 08:39:31.264 0 0 D mv2112_update_link: 3.0x901(1G): 0x80
01-01 08:39:31.270 0 0 D mv2112_update_link: 3.0x8109(100M): 0x0
01-01 08:39:31.275 0 0 D mv2112_update_link: link 0x0
01-01 08:39:31.279 0 0 D mv2112_read_status: autoneg is disabled
01-01 08:39:32.130 0 0 I init : starting service 'qvrd_vndr'...
01-01 08:39:32.136 0 0 I init : Created socket '/dev/socket/qvrservice_vndr', mode 660, user 1000, group 1000
01-01 08:39:32.147 0 0 I init : Created socket '/dev/socket/qvrservice_vndr_camera', mode 660, user 1000, group 1000
01-01 08:39:32.176 0 0 I init : starting service 'sxrd'...
01-01 08:39:32.201 0 0 I init : starting service 'vendor.light-hal-2-0'...
09-08 05:31:41.936 7023 7023 F linker : CANNOT LINK EXECUTABLE "/vendor/bin/hw/qvrservice": library "vendor.qti.hardware.qxr-V1-ndk_platform.so" not found: needed by /vendor/lib64/libqvrservice.so in namespace (default)
09-08 05:31:41.952 7024 7024 F linker : CANNOT LINK EXECUTABLE "/vendor/bin/hw/sxrservice": library "vendor.qti.hardware.qxr-V1-ndk_platform.so" not found: needed by main executable
01-01 08:39:32.222 0 0 I init : Service 'qvrd_vndr' (pid 7023) exited with status 1
01-01 08:39:32.229 0 0 I init : Sending signal 9 to service 'qvrd_vndr' (pid 7023) process group...
01-01 08:39:32.237 0 0 I libprocessgroup: Successfully killed process cgroup uid 1000 pid 7023 in 0ms
01-01 08:39:32.247 0 0 I init : Service 'sxrd' (pid 7024) exited with status 1
01-01 08:39:32.254 0 0 I init : Sending signal 9 to service 'sxrd' (pid 7024) process group...
01-01 08:39:32.286 0 0 D : mv2112_read_status
01-01 08:39:32.291 0 0 D mv2112_update_link: 3.0x901(1G): 0x80
01-01 08:39:32.298 0 0 D mv2112_update_link: 3.0x8109(100M): 0x0
01-01 08:39:32.306 0 0 D mv2112_update_link: link 0x0
01-01 08:39:32.310 0 0 D mv2112_read_status: autoneg is disabled
01-01 08:39:33.341 0 0 D : mv2112_read_status
01-01 08:39:33.344 0 0 D mv2112_update_link: 3.0x901(1G): 0x80
01-01 08:39:33.350 0 0 D mv2112_update_link: 3.0x8109(100M): 0x0
01-01 08:39:33.355 0 0 D mv2112_update_link: link 0x0
01-01 08:39:33.359 0 0 D mv2112_read_status: autoneg is disabled
01-01 08:39:34.365 0 0 D : mv2112_read_status
01-01 08:39:34.369 0 0 D mv2112_update_link: 3.0x901(1G): 0x80
01-01 08:39:34.374 0 0 D mv2112_update_link: 3.0x8109(100M): 0x0
01-01 08:39:34.380 0 0 D mv2112_update_link: link 0x0
01-01 08:39:34.385 0 0 D mv2112_read_status: autoneg is disabled
09-08 05:31:45.067 1151 2144 I netstats_mobile_sample: [0,0,0,0,0,0,0,0,0,0,0,0,1662586305067]
09-08 05:31:45.068 1151 2144 I netstats_wifi_sample: [444463233,308216,6119203,150902,444463233,308216,6119203,150902,444641251,310012,6094319,150726,1662586305067]
01-01 08:39:35.389 0 0 D : mv2112_read_status
01-01 08:39:35.392 0 0 D mv2112_update_link: 3.0x901(1G): 0x80
01-01 08:39:35.399 0 0 D mv2112_update_link: 3.0x8109(100M): 0x0
01-01 08:39:35.404 0 0 D mv2112_update_link: link 0x0
01-01 08:39:35.408 0 0 D mv2112_read_status: autoneg is disabled
01-01 08:39:36.413 0 0 D : mv2112_read_status
01-01 08:39:36.416 0 0 D mv2112_update_link: 3.0x901(1G): 0x80
01-01 08:39:36.432 0 0 D mv2112_update_link: 3.0x8109(100M): 0x0
01-01 08:39:36.445 0 0 D mv2112_update_link: link 0x0
01-01 08:39:36.449 0 0 D mv2112_read_status: autoneg is disabled
01-01 08:39:37.177 0 0 I init : starting service 'qvrd_vndr'...
01-01 08:39:37.184 0 0 I init : Created socket '/dev/socket/qvrservice_vndr', mode 660, user 1000, group 1000
01-01 08:39:37.194 0 0 I init : Created socket '/dev/socket/qvrservice_vndr_camera', mode 660, user 1000, group 1000
01-01 08:39:37.222 0 0 I init : starting service 'sxrd'...
01-01 08:39:37.242 0 0 I init : starting service 'vendor.light-hal-2-0'...
09-08 05:31:46.993 7030 7030 F linker : CANNOT LINK EXECUTABLE "/vendor/bin/hw/sxrservice": library "vendor.qti.hardware.qxr-V1-ndk_platform.so" not found: needed by main executable
09-08 05:31:46.996 7029 7029 F linker : CANNOT LINK EXECUTABLE "/vendor/bin/hw/qvrservice": library "vendor.qti.hardware.qxr-V1-ndk_platform.so" not found: needed by /vendor/lib64/libqvrservice.so in namespace (default)
01-01 08:39:37.273 0 0 I init : Service 'sxrd' (pid 7030) exited with status 1
01-01 08:39:37.279 0 0 I init : Sending signal 9 to service 'sxrd' (pid 7030) process group...
01-01 08:39:37.287 0 0 I libprocessgroup: Successfully killed process cgroup uid 1000 pid 7030 in 0ms
01-01 08:39:37.297 0 0 I init : Service 'qvrd_vndr' (pid 7029) exited with status 1
01-01 08:39:37.304 0 0 I init : Sending signal 9 to service 'qvrd_vndr' (pid 7029) process group...
01-01 08:39:37.469 0 0 D : mv2112_read_status
01-01 08:39:37.472 0 0 D mv2112_update_link: 3.0x901(1G): 0x80
01-01 08:39:37.479 0 0 D mv2112_update_link: 3.0x8109(100M): 0x0
01-01 08:39:37.484 0 0 D mv2112_update_link: link 0x0
01-01 08:39:37.488 0 0 D mv2112_read_status: autoneg is disabled
01-01 08:39:38.493 0 0 D : mv2112_read_status
01-01 08:39:38.497 0 0 D mv2112_update_link: 3.0x901(1G): 0x80
01-01 08:39:38.502 0 0 D mv2112_update_link: 3.0x8109(100M): 0x0
01-01 08:39:38.507 0 0 D mv2112_update_link: link 0x0
01-01 08:39:38.511 0 0 D mv2112_read_status: autoneg is disabled
01-01 08:39:39.517 0 0 D : mv2112_read_status
01-01 08:39:39.520 0 0 D mv2112_update_link: 3.0x901(1G): 0x80
01-01 08:39:39.526 0 0 D mv2112_update_link: 3.0x8109(100M): 0x0
01-01 08:39:39.531 0 0 D mv2112_update_link: link 0x0
01-01 08:39:39.535 0 0 D mv2112_read_status: autoneg is disabled
01-01 08:39:40.541 0 0 D : mv2112_read_status
01-01 08:39:40.545 0 0 D mv2112_update_link: 3.0x901(1G): 0x80
01-01 08:39:40.551 0 0 D mv2112_update_link: 3.0x8109(100M): 0x0
01-01 08:39:40.556 0 0 D mv2112_update_link: link 0x0
01-01 08:39:40.561 0 0 D mv2112_read_status: autoneg is disabled
09-08 05:31:51.024 1151 2144 I netstats_mobile_sample: [0,0,0,0,0,0,0,0,0,0,0,0,1662586311024]
09-08 05:31:51.024 1151 2144 I netstats_wifi_sample: [446890217,309871,6152819,151737,446890217,309871,6152819,151737,447068235,311667,6127895,151560,1662586311024]
01-01 08:39:41.565 0 0 D : mv2112_read_status
01-01 08:39:41.569 0 0 D mv2112_update_link: 3.0x901(1G): 0x80
01-01 08:39:41.575 0 0 D mv2112_update_link: 3.0x8109(100M): 0x0
01-01 08:39:41.580 0 0 D mv2112_update_link: link 0x0
01-01 08:39:41.585 0 0 D mv2112_read_status: autoneg is disabled
01-01 08:39:42.223 0 0 I init : starting service 'qvrd_vndr'...
01-01 08:39:42.234 0 0 I init : Created socket '/dev/socket/qvrservice_vndr', mode 660, user 1000, group 1000
01-01 08:39:42.246 0 0 I init : Created socket '/dev/socket/qvrservice_vndr_camera', mode 660, user 1000, group 1000
01-01 08:39:42.299 0 0 I init : starting service 'sxrd'...
01-01 08:39:42.322 0 0 I init : starting service 'vendor.light-hal-2-0'...
09-08 05:31:52.056 7034 7034 F linker : CANNOT LINK EXECUTABLE "/vendor/bin/hw/qvrservice": library "vendor.qti.hardware.qxr-V1-ndk_platform.so" not found: needed by /vendor/lib64/libqvrservice.so in namespace (default)
01-01 08:39:42.345 0 0 I init : Service 'qvrd_vndr' (pid 7034) exited with status 1
01-01 08:39:42.352 0 0 I init : Sending signal 9 to service 'qvrd_vndr' (pid 7034) process group...
01-01 08:39:42.361 0 0 I libprocessgroup: Successfully killed process cgroup uid 1000 pid 7034 in 0ms
09-08 05:31:52.085 7035 7035 F linker : CANNOT LINK EXECUTABLE "/vendor/bin/hw/sxrservice": library "vendor.qti.hardware.qxr-V1-ndk_platform.so" not found: needed by main executable
01-01 08:39:42.371 0 0 I init : Service 'sxrd' (pid 7035) exited with status 1
01-01 08:39:42.378 0 0 I init : Sending signal 9 to service 'sxrd' (pid 7035) process group...
01-01 08:39:42.589 0 0 D : mv2112_read_status
01-01 08:39:42.592 0 0 D mv2112_update_link: 3.0x901(1G): 0x80
01-01 08:39:42.598 0 0 D mv2112_update_link: 3.0x8109(100M): 0x0
01-01 08:39:42.603 0 0 D mv2112_update_link: link 0x0
01-01 08:39:42.607 0 0 D mv2112_read_status: autoneg is disabled
01-01 08:39:43.613 0 0 D : mv2112_read_status
01-01 08:39:43.616 0 0 D mv2112_update_link: 3.0x901(1G): 0x80
01-01 08:39:43.622 0 0 D mv2112_update_link: 3.0x8109(100M): 0x0
01-01 08:39:43.627 0 0 D mv2112_update_link: link 0x0
01-01 08:39:43.631 0 0 D mv2112_read_status: autoneg is disabled
01-01 08:39:44.637 0 0 D : mv2112_read_status
01-01 08:39:44.640 0 0 D mv2112_update_link: 3.0x901(1G): 0x80
01-01 08:39:44.645 0 0 D mv2112_update_link: 3.0x8109(100M): 0x0
01-01 08:39:44.651 0 0 D mv2112_update_link: link 0x0
01-01 08:39:44.655 0 0 D mv2112_read_status: autoneg is disabled
01-01 08:39:45.661 0 0 D : mv2112_read_status
01-01 08:39:45.664 0 0 D mv2112_update_link: 3.0x901(1G): 0x80
01-01 08:39:45.670 0 0 D mv2112_update_link: 3.0x8109(100M): 0x0
01-01 08:39:45.689 0 0 D mv2112_update_link: link 0x0
01-01 08:39:45.693 0 0 D mv2112_read_status: autoneg is disabled
01-01 08:39:46.717 0 0 D : mv2112_read_status
01-01 08:39:46.720 0 0 D mv2112_update_link: 3.0x901(1G): 0x80
01-01 08:39:46.726 0 0 D mv2112_update_link: 3.0x8109(100M): 0x0
01-01 08:39:46.731 0 0 D mv2112_update_link: link 0x0
01-01 08:39:46.736 0 0 D mv2112_read_status: autoneg is disabled
01-01 08:39:47.293 0 0 I init : starting service 'qvrd_vndr'...
01-01 08:39:47.301 0 0 I init : Created socket '/dev/socket/qvrservice_vndr', mode 660, user 1000, group 1000
01-01 08:39:47.313 0 0 I init : Created socket '/dev/socket/qvrservice_vndr_camera', mode 660, user 1000, group 1000
01-01 08:39:47.343 0 0 I init : starting service 'sxrd'...
09-08 05:31:57.077 7038 7038 F linker : CANNOT LINK EXECUTABLE "/vendor/bin/hw/qvrservice": library "vendor.qti.hardware.qxr-V1-ndk_platform.so" not found: needed by /vendor/lib64/libqvrservice.so in namespace (default)
01-01 08:39:47.362 0 0 I init : Service 'qvrd_vndr' (pid 7038) exited with status 1
01-01 08:39:47.369 0 0 I init : Sending signal 9 to service 'qvrd_vndr' (pid 7038) process group...
01-01 08:39:47.378 0 0 I libprocessgroup: Successfully killed process cgroup uid 1000 pid 7038 in 0ms
09-08 05:31:57.111 7039 7039 F linker : CANNOT LINK EXECUTABLE "/vendor/bin/hw/sxrservice": library "vendor.qti.hardware.qxr-V1-ndk_platform.so" not found: needed by main executable
01-01 08:39:47.389 0 0 I init : starting service 'vendor.light-hal-2-0'...
01-01 08:39:47.408 0 0 I init : Service 'sxrd' (pid 7039) exited with status 1
01-01 08:39:47.414 0 0 I init : Sending signal 9 to service 'sxrd' (pid 7039) process group...
09-08 05:31:57.454 1151 2144 I netstats_mobile_sample: [0,0,0,0,0,0,0,0,0,0,0,0,1662586317454]
09-08 05:31:57.454 1151 2144 I netstats_wifi_sample: [449314597,311530,6186287,152568,449314597,311530,6186287,152568,449492615,313326,6161363,152391,1662586317454]
01-01 08:39:47.741 0 0 D : mv2112_read_status
01-01 08:39:47.744 0 0 D mv2112_update_link: 3.0x901(1G): 0x80
01-01 08:39:47.757 0 0 D mv2112_update_link: 3.0x8109(100M): 0x0
01-01 08:39:47.765 0 0 D mv2112_update_link: link 0x0
01-01 08:39:47.769 0 0 D mv2112_read_status: autoneg is disabled
01-01 08:39:48.797 0 0 D : mv2112_read_status
01-01 08:39:48.801 0 0 D mv2112_update_link: 3.0x901(1G): 0x80
01-01 08:39:48.813 0 0 D mv2112_update_link: 3.0x8109(100M): 0x0
01-01 08:39:48.825 0 0 D mv2112_update_link: link 0x0
01-01 08:39:48.829 0 0 D mv2112_read_status: autoneg is disabled
01-01 08:39:49.853 0 0 D : mv2112_read_status
01-01 08:39:49.856 0 0 D mv2112_update_link: 3.0x901(1G): 0x80
01-01 08:39:49.869 0 0 D mv2112_update_link: 3.0x8109(100M): 0x0
01-01 08:39:49.874 0 0 D mv2112_update_link: link 0x0
01-01 08:39:49.879 0 0 D mv2112_read_status: autoneg is disabled
01-01 08:39:50.909 0 0 D : mv2112_read_status
01-01 08:39:50.913 0 0 D mv2112_update_link: 3.0x901(1G): 0x80
01-01 08:39:50.919 0 0 D mv2112_update_link: 3.0x8109(100M): 0x0
01-01 08:39:50.924 0 0 D mv2112_update_link: link 0x0
01-01 08:39:50.929 0 0 D mv2112_read_status: autoneg is disabled
01-01 08:39:51.933 0 0 D : mv2112_read_status
01-01 08:39:51.936 0 0 D mv2112_update_link: 3.0x901(1G): 0x80
01-01 08:39:51.943 0 0 D mv2112_update_link: 3.0x8109(100M): 0x0
01-01 08:39:51.948 0 0 D mv2112_update_link: link 0x0
01-01 08:39:51.953 0 0 D mv2112_read_status: autoneg is disabled
01-01 08:39:52.341 0 0 I init : starting service 'qvrd_vndr'...
01-01 08:39:52.348 0 0 I init : Created socket '/dev/socket/qvrservice_vndr', mode 660, user 1000, group 1000
01-01 08:39:52.359 0 0 I init : Created socket '/dev/socket/qvrservice_vndr_camera', mode 660, user 1000, group 1000
01-01 08:39:52.388 0 0 I init : starting service 'sxrd'...
01-01 08:39:52.408 0 0 I init : starting service 'vendor.light-hal-2-0'...
09-08 05:32:02.140 7043 7043 F linker : CANNOT LINK EXECUTABLE "/vendor/bin/hw/qvrservice": library "vendor.qti.hardware.qxr-V1-ndk_platform.so" not found: needed by /vendor/lib64/libqvrservice.so in namespace (default)
09-08 05:32:02.152 7044 7044 F linker : CANNOT LINK EXECUTABLE "/vendor/bin/hw/sxrservice": library "vendor.qti.hardware.qxr-V1-ndk_platform.so" not found: needed by main executable
01-01 08:39:52.427 0 0 I init : Service 'qvrd_vndr' (pid 7043) exited with status 1
01-01 08:39:52.433 0 0 I init : Sending signal 9 to service 'qvrd_vndr' (pid 7043) process group...
01-01 08:39:52.442 0 0 I libprocessgroup: Successfully killed process cgroup uid 1000 pid 7043 in 0ms
01-01 08:39:52.452 0 0 I init : Service 'sxrd' (pid 7044) exited with status 1
01-01 08:39:52.458 0 0 I init : Sending signal 9 to service 'sxrd' (pid 7044) process group...
01-01 08:39:52.957 0 0 D : mv2112_read_status
01-01 08:39:52.960 0 0 D mv2112_update_link: 3.0x901(1G): 0x80
01-01 08:39:52.967 0 0 D mv2112_update_link: 3.0x8109(100M): 0x0
01-01 08:39:52.973 0 0 D mv2112_update_link: link 0x0
01-01 08:39:52.978 0 0 D mv2112_read_status: autoneg is disabled
01-01 08:39:53.981 0 0 D : mv2112_read_status
01-01 08:39:53.984 0 0 D mv2112_update_link: 3.0x901(1G): 0x80
01-01 08:39:53.990 0 0 D mv2112_update_link: 3.0x8109(100M): 0x0
01-01 08:39:53.995 0 0 D mv2112_update_link: link 0x0
01-01 08:39:53.999 0 0 D mv2112_read_status: autoneg is disabled
01-01 08:39:55.005 0 0 D : mv2112_read_status
01-01 08:39:55.009 0 0 D mv2112_update_link: 3.0x901(1G): 0x80
01-01 08:39:55.014 0 0 D mv2112_update_link: 3.0x8109(100M): 0x0
01-01 08:39:55.037 0 0 D mv2112_update_link: link 0x0
01-01 08:39:55.041 0 0 D mv2112_read_status: autoneg is disabled
09-08 05:32:05.604 1151 2144 I service_manager_stats: [100,103,166251]
09-08 05:32:05.655 1151 2144 I netstats_mobile_sample: [0,0,0,0,0,0,0,0,0,0,0,0,1662586325655]
09-08 05:32:05.656 1151 2144 I netstats_wifi_sample: [452270313,313583,6226067,153555,452270313,313583,6226067,153555,452420839,315354,6200863,153371,1662586325655]
01-01 08:39:56.061 0 0 D : mv2112_read_status
01-01 08:39:56.064 0 0 D mv2112_update_link: 3.0x901(1G): 0x80
01-01 08:39:56.070 0 0 D mv2112_update_link: 3.0x8109(100M): 0x0
01-01 08:39:56.075 0 0 D mv2112_update_link: link 0x0
01-01 08:39:56.079 0 0 D mv2112_read_status: autoneg is disabled
01-01 08:39:57.085 0 0 D : mv2112_read_status
01-01 08:39:57.088 0 0 D mv2112_update_link: 3.0x901(1G): 0x80
01-01 08:39:57.098 0 0 D mv2112_update_link: 3.0x8109(100M): 0x0
01-01 08:39:57.106 0 0 D mv2112_update_link: link 0x0
01-01 08:39:57.110 0 0 D mv2112_read_status: autoneg is disabled
01-01 08:39:57.380 0 0 I init : starting service 'qvrd_vndr'...
01-01 08:39:57.387 0 0 I init : Created socket '/dev/socket/qvrservice_vndr', mode 660, user 1000, group 1000
01-01 08:39:57.398 0 0 I init : Created socket '/dev/socket/qvrservice_vndr_camera', mode 660, user 1000, group 1000
01-01 08:39:57.425 0 0 I init : starting service 'sxrd'...
01-01 08:39:57.447 0 0 I init : starting service 'vendor.light-hal-2-0'...
09-08 05:32:07.194 7049 7049 F linker : CANNOT LINK EXECUTABLE "/vendor/bin/hw/sxrservice": library "vendor.qti.hardware.qxr-V1-ndk_platform.so" not found: needed by main executable
09-08 05:32:07.195 7048 7048 F linker : CANNOT LINK EXECUTABLE "/vendor/bin/hw/qvrservice": library "vendor.qti.hardware.qxr-V1-ndk_platform.so" not found: needed by /vendor/lib64/libqvrservice.so in namespace (default)
01-01 08:39:57.474 0 0 I init : Service 'sxrd' (pid 7049) exited with status 1
01-01 08:39:57.480 0 0 I init : Sending signal 9 to service 'sxrd' (pid 7049) process group...
01-01 08:39:57.488 0 0 I libprocessgroup: Successfully killed process cgroup uid 1000 pid 7049 in 0ms
01-01 08:39:57.499 0 0 I init : Service 'qvrd_vndr' (pid 7048) exited with status 1
01-01 08:39:57.505 0 0 I init : Sending signal 9 to service 'qvrd_vndr' (pid 7048) process group...
01-01 08:39:58.141 0 0 D : mv2112_read_status
01-01 08:39:58.144 0 0 D mv2112_update_link: 3.0x901(1G): 0x80
01-01 08:39:58.150 0 0 D mv2112_update_link: 3.0x8109(100M): 0x0
01-01 08:39:58.155 0 0 D mv2112_update_link: link 0x0
01-01 08:39:58.160 0 0 D mv2112_read_status: autoneg is disabled
01-01 08:39:59.165 0 0 D : mv2112_read_status
01-01 08:39:59.169 0 0 D mv2112_update_link: 3.0x901(1G): 0x80
01-01 08:39:59.181 0 0 D mv2112_update_link: 3.0x8109(100M): 0x0
01-01 08:39:59.188 0 0 D mv2112_update_link: link 0x0
01-01 08:39:59.192 0 0 D mv2112_read_status: autoneg is disabled
01-01 08:40:00.221 0 0 D : mv2112_read_status
01-01 08:40:00.225 0 0 D mv2112_update_link: 3.0x901(1G): 0x80
01-01 08:40:00.230 0 0 D mv2112_update_link: 3.0x8109(100M): 0x0
01-01 08:40:00.235 0 0 D mv2112_update_link: link 0x0
01-01 08:40:00.240 0 0 D mv2112_read_status: autoneg is disabled
01-01 08:40:01.245 0 0 D : mv2112_read_status
01-01 08:40:01.248 0 0 D mv2112_update_link: 3.0x901(1G): 0x80
01-01 08:40:01.266 0 0 D mv2112_update_link: 3.0x8109(100M): 0x0
01-01 08:40:01.271 0 0 D mv2112_update_link: link 0x0
01-01 08:40:01.275 0 0 D mv2112_read_status: autoneg is disabled
01-01 08:40:02.301 0 0 D : mv2112_read_status
01-01 08:40:02.304 0 0 D mv2112_update_link: 3.0x901(1G): 0x80
01-01 08:40:02.311 0 0 D mv2112_update_link: 3.0x8109(100M): 0x0
01-01 08:40:02.317 0 0 D mv2112_update_link: link 0x0
01-01 08:40:02.321 0 0 D mv2112_read_status: autoneg is disabled
01-01 08:40:02.424 0 0 I init : starting service 'qvrd_vndr'...
01-01 08:40:02.431 0 0 I init : Created socket '/dev/socket/qvrservice_vndr', mode 660, user 1000, group 1000
01-01 08:40:02.442 0 0 I init : Created socket '/dev/socket/qvrservice_vndr_camera', mode 660, user 1000, group 1000
01-01 08:40:02.470 0 0 I init : starting service 'sxrd'...
01-01 08:40:02.488 0 0 I init : starting service 'vendor.light-hal-2-0'...
09-08 05:32:12.215 1151 2144 I netstats_mobile_sample: [0,0,0,0,0,0,0,0,0,0,0,0,1662586332215]
09-08 05:32:12.216 1151 2144 I netstats_wifi_sample: [454744289,315286,6259983,154396,454744289,315286,6259983,154396,454919271,317079,6234979,154217,1662586332215]
09-08 05:32:12.234 7052 7052 F linker : CANNOT LINK EXECUTABLE "/vendor/bin/hw/qvrservice": library "vendor.qti.hardware.qxr-V1-ndk_platform.so" not found: needed by /vendor/lib64/libqvrservice.so in namespace (default)
09-08 05:32:12.237 7053 7053 F linker : CANNOT LINK EXECUTABLE "/vendor/bin/hw/sxrservice": library "vendor.qti.hardware.qxr-V1-ndk_platform.so" not found: needed by main executable
01-01 08:40:02.513 0 0 I init : Service 'qvrd_vndr' (pid 7052) exited with status 1
01-01 08:40:02.519 0 0 I init : Sending signal 9 to service 'qvrd_vndr' (pid 7052) process group...
01-01 08:40:02.528 0 0 I libprocessgroup: Successfully killed process cgroup uid 1000 pid 7052 in 0ms
01-01 08:40:02.539 0 0 I init : Service 'sxrd' (pid 7053) exited with status 1
01-01 08:40:02.545 0 0 I init : Sending signal 9 to service 'sxrd' (pid 7053) process group...
01-01 08:40:03.325 0 0 D : mv2112_read_status
01-01 08:40:03.329 0 0 D mv2112_update_link: 3.0x901(1G): 0x80
01-01 08:40:03.335 0 0 D mv2112_update_link: 3.0x8109(100M): 0x0
01-01 08:40:03.340 0 0 D mv2112_update_link: link 0x0
01-01 08:40:03.345 0 0 D mv2112_read_status: autoneg is disabled
01-01 08:40:04.349 0 0 D : mv2112_read_status
01-01 08:40:04.353 0 0 D mv2112_update_link: 3.0x901(1G): 0x80
01-01 08:40:04.359 0 0 D mv2112_update_link: 3.0x8109(100M): 0x0
01-01 08:40:04.364 0 0 D mv2112_update_link: link 0x0
01-01 08:40:04.368 0 0 D mv2112_read_status: autoneg is disabled
01-01 08:40:05.405 0 0 D : mv2112_read_status
01-01 08:40:05.409 0 0 D mv2112_update_link: 3.0x901(1G): 0x80
01-01 08:40:05.419 0 0 D mv2112_update_link: 3.0x8109(100M): 0x0
01-01 08:40:05.424 0 0 D mv2112_update_link: link 0x0
01-01 08:40:05.429 0 0 D mv2112_read_status: autoneg is disabled
01-01 08:40:06.461 0 0 D : mv2112_read_status
01-01 08:40:06.464 0 0 D mv2112_update_link: 3.0x901(1G): 0x80
01-01 08:40:06.470 0 0 D mv2112_update_link: 3.0x8109(100M): 0x0
01-01 08:40:06.475 0 0 D mv2112_update_link: link 0x0
01-01 08:40:06.480 0 0 D mv2112_read_status: autoneg is disabled
01-01 08:40:07.468 0 0 I init : starting service 'qvrd_vndr'...
01-01 08:40:07.474 0 0 I init : Created socket '/dev/socket/qvrservice_vndr', mode 660, user 1000, group 1000
01-01 08:40:07.484 0 0 I init : Created socket '/dev/socket/qvrservice_vndr_camera', mode 660, user 1000, group 1000
01-01 08:40:07.489 0 0 D : mv2112_read_status
01-01 08:40:07.502 0 0 D mv2112_update_link: 3.0x901(1G): 0x80
01-01 08:40:07.508 0 0 D mv2112_update_link: 3.0x8109(100M): 0x0
01-01 08:40:07.509 0 0 I init : starting service 'sxrd'...
01-01 08:40:07.513 0 0 D mv2112_update_link: link 0x0
01-01 08:40:07.522 0 0 D mv2112_read_status: autoneg is disabled
01-01 08:40:07.530 0 0 I init : starting service 'vendor.light-hal-2-0'...
09-08 05:32:17.278 7057 7057 F linker : CANNOT LINK EXECUTABLE "/vendor/bin/hw/qvrservice": library "vendor.qti.hardware.qxr-V1-ndk_platform.so" not found: needed by /vendor/lib64/libqvrservice.so in namespace (default)
09-08 05:32:17.281 7058 7058 F linker : CANNOT LINK EXECUTABLE "/vendor/bin/hw/sxrservice": library "vendor.qti.hardware.qxr-V1-ndk_platform.so" not found: needed by main executable
01-01 08:40:07.558 0 0 I init : Service 'qvrd_vndr' (pid 7057) exited with status 1
01-01 08:40:07.565 0 0 I init : Sending signal 9 to service 'qvrd_vndr' (pid 7057) process group...
01-01 08:40:07.573 0 0 I libprocessgroup: Successfully killed process cgroup uid 1000 pid 7057 in 0ms
01-01 08:40:07.585 0 0 I init : Service 'sxrd' (pid 7058) exited with status 1
01-01 08:40:07.591 0 0 I init : Sending signal 9 to service 'sxrd' (pid 7058) process group...
01-01 08:40:08.541 0 0 D : mv2112_read_status
01-01 08:40:08.545 0 0 D mv2112_update_link: 3.0x901(1G): 0x80
