09-08 05:00:00.156 1151 1837 I sysui_multi_action: [757,804,799,note_load,801,1,802,1]
09-08 05:00:00.156 1151 1837 I notification_panel_revealed: 1
09-08 05:00:00.158 2227 2227 I sysui_heads_up_status: [-1|android|26|null|1000,1]
09-08 05:00:03.554 1151 1837 I sysui_multi_action: [757,128,758,1,793,3712,794,0,795,3712,796,26,798,0,806,android,857,DEVELOPER_IMPORTANT,858,4,947,0,1395,3,1500,3501,1688,1]
09-08 05:00:03.555 1151 1837 I sysui_multi_action: [757,804,799,note_freshness,801,3712,802,1]
09-08 05:00:03.555 1151 1837 I notification_visibility: [-1|android|26|null|1000,1,3712,3712,0,0]
09-08 05:00:04.033 5091 5091 F linker : CANNOT LINK EXECUTABLE "/vendor/bin/hw/qvrservice": library "vendor.qti.hardware.qxr-V1-ndk_platform.so" not found: needed by /vendor/lib64/libqvrservice.so in namespace (default)
09-08 05:00:04.034 5092 5092 F linker : CANNOT LINK EXECUTABLE "/vendor/bin/hw/sxrservice": library "vendor.qti.hardware.qxr-V1-ndk_platform.so" not found: needed by main executable
09-08 05:00:05.855 2227 2227 I sysui_heads_up_status: [-1|android|26|null|1000,0]
09-08 05:00:06.325 2227 2227 I sysui_multi_action: [757,111,758,2]
09-08 05:00:06.325 1151 3697 I sysui_multi_action: [757,128,758,2,793,6483,794,2771,795,6483,796,26,798,0,806,android,857,DEVELOPER_IMPORTANT,858,4,947,0,1395,3,1500,6272,1688,1]
09-08 05:00:06.325 1151 3697 I notification_visibility: [-1|android|26|null|1000,0,6483,6483,0,0]
09-08 05:00:06.326 2227 2227 I sysui_multi_action: [757,111,758,2]
09-08 05:00:06.331 1151 1837 I sysui_multi_action: [757,127,758,2]
09-08 05:00:06.332 1151 1837 I notification_panel_hidden:
09-08 05:00:06.353 2227 2227 I sysui_multi_action: [757,111,758,1]
09-08 05:00:06.353 2227 2227 I sysui_multi_action: [757,126,758,1,759,126,927,0,928,1,1593,0]
09-08 05:00:06.354 2227 2227 I sysui_multi_action: [757,113,758,1,759,113,927,1,928,1,1593,0]
09-08 05:00:06.354 2227 2227 I sysui_multi_action: [757,0,758,1,759,0,927,2,928,0,1593,0]
09-08 05:00:06.354 2227 2227 I sysui_multi_action: [757,0,758,1,759,0,927,3,928,0,1593,0]
09-08 05:00:06.354 2227 2227 I sysui_multi_action: [757,1706,758,1,759,1706,927,4,928,0,1593,0]
09-08 05:00:06.354 2227 2227 I sysui_multi_action: [757,491,758,1,759,491,927,5,928,0,1311,-1,1593,0]
09-08 05:00:06.354 2227 2227 I sysui_multi_action: [757,0,758,1,759,0,927,6,1593,0]
09-08 05:00:06.354 2227 2227 I sysui_multi_action: [757,111,758,1]
09-08 05:00:06.355 2227 2227 I sysui_multi_action: [757,126,758,1,759,126,927,0,928,1,1593,0]
09-08 05:00:06.355 2227 2227 I sysui_multi_action: [757,113,758,1,759,113,927,1,928,1,1593,0]
09-08 05:00:06.355 2227 2227 I sysui_multi_action: [757,0,758,1,759,0,927,2,928,0,1593,0]
09-08 05:00:06.355 2227 2227 I sysui_multi_action: [757,0,758,1,759,0,927,3,928,0,1593,0]
09-08 05:00:09.076 5099 5099 F linker : CANNOT LINK EXECUTABLE "/vendor/bin/hw/qvrservice": library "vendor.qti.hardware.qxr-V1-ndk_platform.so" not found: needed by /vendor/lib64/libqvrservice.so in namespace (default)
09-08 05:00:09.128 5100 5100 F linker : CANNOT LINK EXECUTABLE "/vendor/bin/hw/sxrservice": library "vendor.qti.hardware.qxr-V1-ndk_platform.so" not found: needed by main executable
09-08 05:00:14.154 5104 5104 F linker : CANNOT LINK EXECUTABLE "/vendor/bin/hw/qvrservice": library "vendor.qti.hardware.qxr-V1-ndk_platform.so" not found: needed by /vendor/lib64/libqvrservice.so in namespace (default)
09-08 05:00:14.154 5105 5105 F linker : CANNOT LINK EXECUTABLE "/vendor/bin/hw/sxrservice": library "vendor.qti.hardware.qxr-V1-ndk_platform.so" not found: needed by main executable
09-08 05:00:19.212 5109 5109 F linker : CANNOT LINK EXECUTABLE "/vendor/bin/hw/qvrservice": library "vendor.qti.hardware.qxr-V1-ndk_platform.so" not found: needed by /vendor/lib64/libqvrservice.so in namespace (default)
09-08 05:00:19.213 5110 5110 F linker : CANNOT LINK EXECUTABLE "/vendor/bin/hw/sxrservice": library "vendor.qti.hardware.qxr-V1-ndk_platform.so" not found: needed by main executable
09-08 05:00:24.259 5115 5115 F linker : CANNOT LINK EXECUTABLE "/vendor/bin/hw/qvrservice": library "vendor.qti.hardware.qxr-V1-ndk_platform.so" not found: needed by /vendor/lib64/libqvrservice.so in namespace (default)
09-08 05:00:24.270 5116 5116 F linker : CANNOT LINK EXECUTABLE "/vendor/bin/hw/sxrservice": library "vendor.qti.hardware.qxr-V1-ndk_platform.so" not found: needed by main executable
09-08 05:00:29.315 5120 5120 F linker : CANNOT LINK EXECUTABLE "/vendor/bin/hw/qvrservice": library "vendor.qti.hardware.qxr-V1-ndk_platform.so" not found: needed by /vendor/lib64/libqvrservice.so in namespace (default)
09-08 05:00:29.349 5121 5121 F linker : CANNOT LINK EXECUTABLE "/vendor/bin/hw/sxrservice": library "vendor.qti.hardware.qxr-V1-ndk_platform.so" not found: needed by main executable
09-08 05:00:34.376 5124 5124 F linker : CANNOT LINK EXECUTABLE "/vendor/bin/hw/qvrservice": library "vendor.qti.hardware.qxr-V1-ndk_platform.so" not found: needed by /vendor/lib64/libqvrservice.so in namespace (default)
09-08 05:00:34.409 5126 5126 F linker : CANNOT LINK EXECUTABLE "/vendor/bin/hw/sxrservice": library "vendor.qti.hardware.qxr-V1-ndk_platform.so" not found: needed by main executable
09-08 05:00:39.436 5129 5129 F linker : CANNOT LINK EXECUTABLE "/vendor/bin/hw/qvrservice": library "vendor.qti.hardware.qxr-V1-ndk_platform.so" not found: needed by /vendor/lib64/libqvrservice.so in namespace (default)
09-08 05:00:39.490 5130 5130 F linker : CANNOT LINK EXECUTABLE "/vendor/bin/hw/sxrservice": library "vendor.qti.hardware.qxr-V1-ndk_platform.so" not found: needed by main executable
09-08 05:00:44.496 5134 5134 F linker : CANNOT LINK EXECUTABLE "/vendor/bin/hw/qvrservice": library "vendor.qti.hardware.qxr-V1-ndk_platform.so" not found: needed by /vendor/lib64/libqvrservice.so in namespace (default)
09-08 05:00:44.550 5135 5135 F linker : CANNOT LINK EXECUTABLE "/vendor/bin/hw/sxrservice": library "vendor.qti.hardware.qxr-V1-ndk_platform.so" not found: needed by main executable
09-08 05:00:49.555 5138 5138 F linker : CANNOT LINK EXECUTABLE "/vendor/bin/hw/qvrservice": library "vendor.qti.hardware.qxr-V1-ndk_platform.so" not found: needed by /vendor/lib64/libqvrservice.so in namespace (default)
09-08 05:00:49.605 5139 5139 F linker : CANNOT LINK EXECUTABLE "/vendor/bin/hw/sxrservice": library "vendor.qti.hardware.qxr-V1-ndk_platform.so" not found: needed by main executable
09-08 05:00:54.628 5143 5143 F linker : CANNOT LINK EXECUTABLE "/vendor/bin/hw/qvrservice": library "vendor.qti.hardware.qxr-V1-ndk_platform.so" not found: needed by /vendor/lib64/libqvrservice.so in namespace (default)
09-08 05:00:54.628 5144 5144 F linker : CANNOT LINK EXECUTABLE "/vendor/bin/hw/sxrservice": library "vendor.qti.hardware.qxr-V1-ndk_platform.so" not found: needed by main executable
09-08 05:00:59.684 5148 5148 F linker : CANNOT LINK EXECUTABLE "/vendor/bin/hw/qvrservice": library "vendor.qti.hardware.qxr-V1-ndk_platform.so" not found: needed by /vendor/lib64/libqvrservice.so in namespace (default)
09-08 05:00:59.708 5149 5149 F linker : CANNOT LINK EXECUTABLE "/vendor/bin/hw/sxrservice": library "vendor.qti.hardware.qxr-V1-ndk_platform.so" not found: needed by main executable
09-08 05:01:04.699 5153 5153 F linker : CANNOT LINK EXECUTABLE "/vendor/bin/hw/qvrservice": library "vendor.qti.hardware.qxr-V1-ndk_platform.so" not found: needed by /vendor/lib64/libqvrservice.so in namespace (default)
09-08 05:01:04.739 5154 5154 F linker : CANNOT LINK EXECUTABLE "/vendor/bin/hw/sxrservice": library "vendor.qti.hardware.qxr-V1-ndk_platform.so" not found: needed by main executable
09-08 05:01:09.775 5158 5158 F linker : CANNOT LINK EXECUTABLE "/vendor/bin/hw/qvrservice": library "vendor.qti.hardware.qxr-V1-ndk_platform.so" not found: needed by /vendor/lib64/libqvrservice.so in namespace (default)
09-08 05:01:09.811 5159 5159 F linker : CANNOT LINK EXECUTABLE "/vendor/bin/hw/sxrservice": library "vendor.qti.hardware.qxr-V1-ndk_platform.so" not found: needed by main executable
09-08 05:01:10.863 1151 3697 D CompatibilityChangeReporter: Compat change id reported: 149924527; UID 2000; state: ENABLED
09-08 05:01:10.864 1151 3697 D CompatibilityChangeReporter: Compat change id reported: 132649864; UID 2000; state: DISABLED
09-08 05:01:14.837 5172 5172 F linker : CANNOT LINK EXECUTABLE "/vendor/bin/hw/qvrservice": library "vendor.qti.hardware.qxr-V1-ndk_platform.so" not found: needed by /vendor/lib64/libqvrservice.so in namespace (default)
09-08 05:01:14.889 5173 5173 F linker : CANNOT LINK EXECUTABLE "/vendor/bin/hw/sxrservice": library "vendor.qti.hardware.qxr-V1-ndk_platform.so" not found: needed by main executable
09-08 05:01:19.917 5176 5176 F linker : CANNOT LINK EXECUTABLE "/vendor/bin/hw/qvrservice": library "vendor.qti.hardware.qxr-V1-ndk_platform.so" not found: needed by /vendor/lib64/libqvrservice.so in namespace (default)
09-08 05:01:19.937 5177 5177 F linker : CANNOT LINK EXECUTABLE "/vendor/bin/hw/sxrservice": library "vendor.qti.hardware.qxr-V1-ndk_platform.so" not found: needed by main executable
09-08 05:01:24.974 5188 5188 F linker : CANNOT LINK EXECUTABLE "/vendor/bin/hw/qvrservice": library "vendor.qti.hardware.qxr-V1-ndk_platform.so" not found: needed by /vendor/lib64/libqvrservice.so in namespace (default)
09-08 05:01:25.011 5189 5189 F linker : CANNOT LINK EXECUTABLE "/vendor/bin/hw/sxrservice": library "vendor.qti.hardware.qxr-V1-ndk_platform.so" not found: needed by main executable
09-08 05:01:30.050 5193 5193 F linker : CANNOT LINK EXECUTABLE "/vendor/bin/hw/qvrservice": library "vendor.qti.hardware.qxr-V1-ndk_platform.so" not found: needed by /vendor/lib64/libqvrservice.so in namespace (default)
09-08 05:01:30.052 5194 5194 F linker : CANNOT LINK EXECUTABLE "/vendor/bin/hw/sxrservice": library "vendor.qti.hardware.qxr-V1-ndk_platform.so" not found: needed by main executable
09-08 05:01:35.095 5197 5197 F linker : CANNOT LINK EXECUTABLE "/vendor/bin/hw/qvrservice": library "vendor.qti.hardware.qxr-V1-ndk_platform.so" not found: needed by /vendor/lib64/libqvrservice.so in namespace (default)
09-08 05:01:35.149 5198 5198 F linker : CANNOT LINK EXECUTABLE "/vendor/bin/hw/sxrservice": library "vendor.qti.hardware.qxr-V1-ndk_platform.so" not found: needed by main executable
09-08 05:01:40.175 5203 5203 F linker : CANNOT LINK EXECUTABLE "/vendor/bin/hw/sxrservice": library "vendor.qti.hardware.qxr-V1-ndk_platform.so" not found: needed by main executable
09-08 05:01:40.176 5202 5202 F linker : CANNOT LINK EXECUTABLE "/vendor/bin/hw/qvrservice": library "vendor.qti.hardware.qxr-V1-ndk_platform.so" not found: needed by /vendor/lib64/libqvrservice.so in namespace (default)
09-08 05:01:45.215 5208 5208 F linker : CANNOT LINK EXECUTABLE "/vendor/bin/hw/qvrservice": library "vendor.qti.hardware.qxr-V1-ndk_platform.so" not found: needed by /vendor/lib64/libqvrservice.so in namespace (default)
09-08 05:01:45.260 5209 5209 F linker : CANNOT LINK EXECUTABLE "/vendor/bin/hw/sxrservice": library "vendor.qti.hardware.qxr-V1-ndk_platform.so" not found: needed by main executable
09-08 05:01:50.277 5212 5212 F linker : CANNOT LINK EXECUTABLE "/vendor/bin/hw/qvrservice": library "vendor.qti.hardware.qxr-V1-ndk_platform.so" not found: needed by /vendor/lib64/libqvrservice.so in namespace (default)
09-08 05:01:50.329 5213 5213 F linker : CANNOT LINK EXECUTABLE "/vendor/bin/hw/sxrservice": library "vendor.qti.hardware.qxr-V1-ndk_platform.so" not found: needed by main executable
09-08 05:01:55.353 5217 5217 F linker : CANNOT LINK EXECUTABLE "/vendor/bin/hw/qvrservice": library "vendor.qti.hardware.qxr-V1-ndk_platform.so" not found: needed by /vendor/lib64/libqvrservice.so in namespace (default)
09-08 05:01:55.389 5218 5218 F linker : CANNOT LINK EXECUTABLE "/vendor/bin/hw/sxrservice": library "vendor.qti.hardware.qxr-V1-ndk_platform.so" not found: needed by main executable
09-08 05:02:00.415 5222 5222 F linker : CANNOT LINK EXECUTABLE "/vendor/bin/hw/qvrservice": library "vendor.qti.hardware.qxr-V1-ndk_platform.so" not found: needed by /vendor/lib64/libqvrservice.so in namespace (default)
09-08 05:02:00.440 5223 5223 F linker : CANNOT LINK EXECUTABLE "/vendor/bin/hw/sxrservice": library "vendor.qti.hardware.qxr-V1-ndk_platform.so" not found: needed by main executable
09-08 05:02:05.484 5226 5226 F linker : CANNOT LINK EXECUTABLE "/vendor/bin/hw/qvrservice": library "vendor.qti.hardware.qxr-V1-ndk_platform.so" not found: needed by /vendor/lib64/libqvrservice.so in namespace (default)
09-08 05:02:05.510 5227 5227 F linker : CANNOT LINK EXECUTABLE "/vendor/bin/hw/sxrservice": library "vendor.qti.hardware.qxr-V1-ndk_platform.so" not found: needed by main executable
09-08 05:02:10.533 5232 5232 F linker : CANNOT LINK EXECUTABLE "/vendor/bin/hw/sxrservice": library "vendor.qti.hardware.qxr-V1-ndk_platform.so" not found: needed by main executable
09-08 05:02:10.536 5231 5231 F linker : CANNOT LINK EXECUTABLE "/vendor/bin/hw/qvrservice": library "vendor.qti.hardware.qxr-V1-ndk_platform.so" not found: needed by /vendor/lib64/libqvrservice.so in namespace (default)
09-08 05:02:15.576 5235 5235 F linker : CANNOT LINK EXECUTABLE "/vendor/bin/hw/qvrservice": library "vendor.qti.hardware.qxr-V1-ndk_platform.so" not found: needed by /vendor/lib64/libqvrservice.so in namespace (default)
09-08 05:02:15.629 5236 5236 F linker : CANNOT LINK EXECUTABLE "/vendor/bin/hw/sxrservice": library "vendor.qti.hardware.qxr-V1-ndk_platform.so" not found: needed by main executable
09-08 05:02:20.658 5240 5240 F linker : CANNOT LINK EXECUTABLE "/vendor/bin/hw/qvrservice": library "vendor.qti.hardware.qxr-V1-ndk_platform.so" not found: needed by /vendor/lib64/libqvrservice.so in namespace (default)
09-08 05:02:20.668 5241 5241 F linker : CANNOT LINK EXECUTABLE "/vendor/bin/hw/sxrservice": library "vendor.qti.hardware.qxr-V1-ndk_platform.so" not found: needed by main executable
09-08 05:02:25.696 5246 5246 F linker : CANNOT LINK EXECUTABLE "/vendor/bin/hw/qvrservice": library "vendor.qti.hardware.qxr-V1-ndk_platform.so" not found: needed by /vendor/lib64/libqvrservice.so in namespace (default)
09-08 05:02:25.745 5247 5247 F linker : CANNOT LINK EXECUTABLE "/vendor/bin/hw/sxrservice": library "vendor.qti.hardware.qxr-V1-ndk_platform.so" not found: needed by main executable
09-08 05:02:30.758 5250 5250 F linker : CANNOT LINK EXECUTABLE "/vendor/bin/hw/qvrservice": library "vendor.qti.hardware.qxr-V1-ndk_platform.so" not found: needed by /vendor/lib64/libqvrservice.so in namespace (default)
09-08 05:02:30.769 5251 5251 F linker : CANNOT LINK EXECUTABLE "/vendor/bin/hw/sxrservice": library "vendor.qti.hardware.qxr-V1-ndk_platform.so" not found: needed by main executable
09-08 05:02:35.815 5255 5255 F linker : CANNOT LINK EXECUTABLE "/vendor/bin/hw/qvrservice": library "vendor.qti.hardware.qxr-V1-ndk_platform.so" not found: needed by /vendor/lib64/libqvrservice.so in namespace (default)
09-08 05:02:35.869 5256 5256 F linker : CANNOT LINK EXECUTABLE "/vendor/bin/hw/sxrservice": library "vendor.qti.hardware.qxr-V1-ndk_platform.so" not found: needed by main executable
09-08 05:02:40.876 5260 5260 F linker : CANNOT LINK EXECUTABLE "/vendor/bin/hw/qvrservice": library "vendor.qti.hardware.qxr-V1-ndk_platform.so" not found: needed by /vendor/lib64/libqvrservice.so in namespace (default)
09-08 05:02:40.910 5261 5261 F linker : CANNOT LINK EXECUTABLE "/vendor/bin/hw/sxrservice": library "vendor.qti.hardware.qxr-V1-ndk_platform.so" not found: needed by main executable
09-08 05:02:45.953 5264 5264 F linker : CANNOT LINK EXECUTABLE "/vendor/bin/hw/qvrservice": library "vendor.qti.hardware.qxr-V1-ndk_platform.so" not found: needed by /vendor/lib64/libqvrservice.so in namespace (default)
09-08 05:02:45.991 5265 5265 F linker : CANNOT LINK EXECUTABLE "/vendor/bin/hw/sxrservice": library "vendor.qti.hardware.qxr-V1-ndk_platform.so" not found: needed by main executable
09-08 05:02:51.031 5270 5270 F linker : CANNOT LINK EXECUTABLE "/vendor/bin/hw/sxrservice": library "vendor.qti.hardware.qxr-V1-ndk_platform.so" not found: needed by main executable
09-08 05:02:51.032 5269 5269 F linker : CANNOT LINK EXECUTABLE "/vendor/bin/hw/qvrservice": library "vendor.qti.hardware.qxr-V1-ndk_platform.so" not found: needed by /vendor/lib64/libqvrservice.so in namespace (default)
09-08 05:02:56.091 5274 5274 F linker : CANNOT LINK EXECUTABLE "/vendor/bin/hw/qvrservice": library "vendor.qti.hardware.qxr-V1-ndk_platform.so" not found: needed by /vendor/lib64/libqvrservice.so in namespace (default)
09-08 05:02:56.093 5275 5275 F linker : CANNOT LINK EXECUTABLE "/vendor/bin/hw/sxrservice": library "vendor.qti.hardware.qxr-V1-ndk_platform.so" not found: needed by main executable
09-08 05:03:01.135 5278 5278 F linker : CANNOT LINK EXECUTABLE "/vendor/bin/hw/qvrservice": library "vendor.qti.hardware.qxr-V1-ndk_platform.so" not found: needed by /vendor/lib64/libqvrservice.so in namespace (default)
09-08 05:03:01.168 5279 5279 F linker : CANNOT LINK EXECUTABLE "/vendor/bin/hw/sxrservice": library "vendor.qti.hardware.qxr-V1-ndk_platform.so" not found: needed by main executable
09-08 05:03:06.196 5284 5284 F linker : CANNOT LINK EXECUTABLE "/vendor/bin/hw/qvrservice": library "vendor.qti.hardware.qxr-V1-ndk_platform.so" not found: needed by /vendor/lib64/libqvrservice.so in namespace (default)
09-08 05:03:06.245 5285 5285 F linker : CANNOT LINK EXECUTABLE "/vendor/bin/hw/sxrservice": library "vendor.qti.hardware.qxr-V1-ndk_platform.so" not found: needed by main executable
09-08 05:03:11.256 5289 5289 F linker : CANNOT LINK EXECUTABLE "/vendor/bin/hw/qvrservice": library "vendor.qti.hardware.qxr-V1-ndk_platform.so" not found: needed by /vendor/lib64/libqvrservice.so in namespace (default)
09-08 05:03:11.306 5290 5290 F linker : CANNOT LINK EXECUTABLE "/vendor/bin/hw/sxrservice": library "vendor.qti.hardware.qxr-V1-ndk_platform.so" not found: needed by main executable
09-08 05:03:16.335 5293 5293 F linker : CANNOT LINK EXECUTABLE "/vendor/bin/hw/qvrservice": library "vendor.qti.hardware.qxr-V1-ndk_platform.so" not found: needed by /vendor/lib64/libqvrservice.so in namespace (default)
09-08 05:03:16.335 5294 5294 F linker : CANNOT LINK EXECUTABLE "/vendor/bin/hw/sxrservice": library "vendor.qti.hardware.qxr-V1-ndk_platform.so" not found: needed by main executable
09-08 05:03:21.379 5298 5298 F linker : CANNOT LINK EXECUTABLE "/vendor/bin/hw/qvrservice": library "vendor.qti.hardware.qxr-V1-ndk_platform.so" not found: needed by /vendor/lib64/libqvrservice.so in namespace (default)
09-08 05:03:21.430 5299 5299 F linker : CANNOT LINK EXECUTABLE "/vendor/bin/hw/sxrservice": library "vendor.qti.hardware.qxr-V1-ndk_platform.so" not found: needed by main executable
09-08 05:03:25.272 1151 1865 D ActivityManager: freezing 2716 com.android.settings:CryptKeeper
09-08 05:03:25.282 1151 1865 E ActivityManager: Unable to freeze binder for 2716 com.android.settings:CryptKeeper
09-08 05:03:25.287 1151 1865 D ActivityManager: froze 2716 com.android.settings:CryptKeeper
09-08 05:03:25.287 1151 1865 I am_freeze: [2716,com.android.settings:CryptKeeper]
09-08 05:03:25.294 1151 1865 E ActivityManager: Unable to freeze binder for 2716 com.android.settings:CryptKeeper
09-08 05:03:25.295 1151 1865 I ActivityManager: Killing 2716:com.android.settings:CryptKeeper/1000 (adj 985): Unable to freeze binder interface
09-08 05:03:25.295 1151 1865 I am_kill : [0,2716,com.android.settings:CryptKeeper,985,Unable to freeze binder interface]
09-08 05:03:25.405 1151 3534 I am_proc_died: [0,2716,com.android.settings:CryptKeeper,985,19]
09-08 05:03:25.430 1151 1706 I am_pss : [2829,1000,com.android.settings,102327296,84324352,0,252043264,0,2,16]
09-08 05:03:25.447 1151 1706 I am_pss : [3088,10071,com.android.deskclock,24641536,16998400,0,151478272,0,19,13]
09-08 05:03:25.460 1151 1706 I am_pss : [3983,1000,com.qti.diagservices,6272000,4120576,0,95735808,0,10,10]
09-08 05:03:26.458 5303 5303 F linker : CANNOT LINK EXECUTABLE "/vendor/bin/hw/qvrservice": library "vendor.qti.hardware.qxr-V1-ndk_platform.so" not found: needed by /vendor/lib64/libqvrservice.so in namespace (default)
09-08 05:03:26.482 5304 5304 F linker : CANNOT LINK EXECUTABLE "/vendor/bin/hw/sxrservice": library "vendor.qti.hardware.qxr-V1-ndk_platform.so" not found: needed by main executable
09-08 05:03:30.410 1151 1865 D ActivityManager: freezing 3418 com.android.documentsui
09-08 05:03:30.417 1151 1865 E ActivityManager: Unable to freeze binder for 3418 com.android.documentsui
09-08 05:03:30.419 1151 1865 D ActivityManager: froze 3418 com.android.documentsui
09-08 05:03:30.419 1151 1865 I am_freeze: [3418,com.android.documentsui]
09-08 05:03:30.426 1151 1865 E ActivityManager: Unable to freeze binder for 3418 com.android.documentsui
09-08 05:03:30.428 1151 1865 I ActivityManager: Killing 3418:com.android.documentsui/u0a29 (adj 985): Unable to freeze binder interface
09-08 05:03:30.428 1151 1865 I am_kill : [0,3418,com.android.documentsui,985,Unable to freeze binder interface]
09-08 05:03:30.539 1151 3700 I am_proc_died: [0,3418,com.android.documentsui,985,19]
09-08 05:03:30.541 1151 3700 I am_uid_stopped: 10029
09-08 05:03:31.380 1151 1865 D ActivityManager: freezing 3491 com.android.provision
09-08 05:03:31.387 1151 1865 E ActivityManager: Unable to freeze binder for 3491 com.android.provision
09-08 05:03:31.395 1151 1865 D ActivityManager: froze 3491 com.android.provision
09-08 05:03:31.395 1151 1865 I am_freeze: [3491,com.android.provision]
09-08 05:03:31.407 1151 1865 E ActivityManager: Unable to freeze binder for 3491 com.android.provision
09-08 05:03:31.408 1151 1865 I ActivityManager: Killing 3491:com.android.provision/u0a80 (adj 975): Unable to freeze binder interface
09-08 05:03:31.409 1151 1865 I am_kill : [0,3491,com.android.provision,975,Unable to freeze binder interface]
09-08 05:03:31.494 5307 5307 F linker : CANNOT LINK EXECUTABLE "/vendor/bin/hw/qvrservice": library "vendor.qti.hardware.qxr-V1-ndk_platform.so" not found: needed by /vendor/lib64/libqvrservice.so in namespace (default)
09-08 05:03:31.510 5308 5308 F linker : CANNOT LINK EXECUTABLE "/vendor/bin/hw/sxrservice": library "vendor.qti.hardware.qxr-V1-ndk_platform.so" not found: needed by main executable
09-08 05:03:31.551 1151 1650 I am_proc_died: [0,3491,com.android.provision,975,19]
09-08 05:03:31.552 1151 1650 I am_uid_stopped: 10080
09-08 05:03:31.643 1151 1865 D ActivityManager: freezing 3439 com.android.keychain
09-08 05:03:31.651 1151 1865 E ActivityManager: Unable to freeze binder for 3439 com.android.keychain
09-08 05:03:31.654 1151 1865 D ActivityManager: froze 3439 com.android.keychain
09-08 05:03:31.654 1151 1865 I am_freeze: [3439,com.android.keychain]
09-08 05:03:31.661 1151 1865 E ActivityManager: Unable to freeze binder for 3439 com.android.keychain
09-08 05:03:31.663 1151 1865 I ActivityManager: Killing 3439:com.android.keychain/1000 (adj 975): Unable to freeze binder interface
09-08 05:03:31.663 1151 1865 I am_kill : [0,3439,com.android.keychain,975,Unable to freeze binder interface]
09-08 05:03:31.769 1151 1650 I am_proc_died: [0,3439,com.android.keychain,975,19]
09-08 05:03:32.678 1151 1865 D ActivityManager: freezing 3764 com.android.localtransport
09-08 05:03:32.685 1151 1865 E ActivityManager: Unable to freeze binder for 3764 com.android.localtransport
09-08 05:03:32.687 1151 1865 D ActivityManager: froze 3764 com.android.localtransport
09-08 05:03:32.687 1151 1865 I am_freeze: [3764,com.android.localtransport]
09-08 05:03:32.694 1151 1865 E ActivityManager: Unable to freeze binder for 3764 com.android.localtransport
09-08 05:03:32.696 1151 1865 I ActivityManager: Killing 3764:com.android.localtransport/1000 (adj 975): Unable to freeze binder interface
09-08 05:03:32.696 1151 1865 I am_kill : [0,3764,com.android.localtransport,975,Unable to freeze binder interface]
09-08 05:03:32.801 1151 3700 I am_proc_died: [0,3764,com.android.localtransport,975,19]
09-08 05:03:33.126 1151 1852 W DeviceIdleController: motion timeout went off and device isn't stationary
09-08 05:03:36.555 5313 5313 F linker : CANNOT LINK EXECUTABLE "/vendor/bin/hw/sxrservice": library "vendor.qti.hardware.qxr-V1-ndk_platform.so" not found: needed by main executable
09-08 05:03:36.559 5312 5312 F linker : CANNOT LINK EXECUTABLE "/vendor/bin/hw/qvrservice": library "vendor.qti.hardware.qxr-V1-ndk_platform.so" not found: needed by /vendor/lib64/libqvrservice.so in namespace (default)
09-08 05:03:38.050 1151 1865 D ActivityManager: freezing 3557 com.android.externalstorage
09-08 05:03:38.058 1151 1865 E ActivityManager: Unable to freeze binder for 3557 com.android.externalstorage
09-08 05:03:38.060 1151 1865 D ActivityManager: froze 3557 com.android.externalstorage
09-08 05:03:38.061 1151 1865 I am_freeze: [3557,com.android.externalstorage]
09-08 05:03:38.067 1151 1865 E ActivityManager: Unable to freeze binder for 3557 com.android.externalstorage
09-08 05:03:38.068 1151 1865 I ActivityManager: Killing 3557:com.android.externalstorage/u0a26 (adj 965): Unable to freeze binder interface
09-08 05:03:38.069 1151 1865 I am_kill : [0,3557,com.android.externalstorage,965,Unable to freeze binder interface]
09-08 05:03:38.165 1151 3691 I am_proc_died: [0,3557,com.android.externalstorage,965,19]
09-08 05:03:38.166 1151 3691 I am_uid_stopped: 10026
09-08 05:03:41.596 5316 5316 F linker : CANNOT LINK EXECUTABLE "/vendor/bin/hw/qvrservice": library "vendor.qti.hardware.qxr-V1-ndk_platform.so" not found: needed by /vendor/lib64/libqvrservice.so in namespace (default)
09-08 05:03:41.649 5317 5317 F linker : CANNOT LINK EXECUTABLE "/vendor/bin/hw/sxrservice": library "vendor.qti.hardware.qxr-V1-ndk_platform.so" not found: needed by main executable
09-08 05:03:43.942 1151 1865 D ActivityManager: freezing 3939 com.android.traceur
09-08 05:03:43.950 1151 1865 E ActivityManager: Unable to freeze binder for 3939 com.android.traceur
09-08 05:03:43.953 1151 1865 D ActivityManager: froze 3939 com.android.traceur
09-08 05:03:43.953 1151 1865 I am_freeze: [3939,com.android.traceur]
09-08 05:03:43.960 1151 1865 E ActivityManager: Unable to freeze binder for 3939 com.android.traceur
09-08 05:03:43.962 1151 1865 I ActivityManager: Killing 3939:com.android.traceur/u0a32 (adj 995): Unable to freeze binder interface
09-08 05:03:43.962 1151 1865 I am_kill : [0,3939,com.android.traceur,995,Unable to freeze binder interface]
09-08 05:03:44.072 1151 3691 I am_proc_died: [0,3939,com.android.traceur,995,19]
09-08 05:03:44.074 1151 3691 I am_uid_stopped: 10032
09-08 05:03:44.186 1151 1865 D ActivityManager: freezing 3957 com.qualcomm.qti.qmmi
09-08 05:03:44.193 1151 1865 E ActivityManager: Unable to freeze binder for 3957 com.qualcomm.qti.qmmi
09-08 05:03:44.196 1151 1865 D ActivityManager: froze 3957 com.qualcomm.qti.qmmi
09-08 05:03:44.196 1151 1865 I am_freeze: [3957,com.qualcomm.qti.qmmi]
09-08 05:03:44.204 1151 1865 E ActivityManager: Unable to freeze binder for 3957 com.qualcomm.qti.qmmi
09-08 05:03:44.205 1151 1865 I ActivityManager: Killing 3957:com.qualcomm.qti.qmmi/1000 (adj 995): Unable to freeze binder interface
09-08 05:03:44.205 1151 1865 I am_kill : [0,3957,com.qualcomm.qti.qmmi,995,Unable to freeze binder interface]
09-08 05:03:44.306 1151 3691 I am_proc_died: [0,3957,com.qualcomm.qti.qmmi,995,19]
09-08 05:03:44.847 1151 1865 D ActivityManager: freezing 4020 com.android.calendar
09-08 05:03:44.854 1151 1865 E ActivityManager: Unable to freeze binder for 4020 com.android.calendar
09-08 05:03:44.856 1151 1865 D ActivityManager: froze 4020 com.android.calendar
09-08 05:03:44.856 1151 1865 I am_freeze: [4020,com.android.calendar]
09-08 05:03:44.863 1151 1865 E ActivityManager: Unable to freeze binder for 4020 com.android.calendar
09-08 05:03:44.864 1151 1865 I ActivityManager: Killing 4020:com.android.calendar/u0a74 (adj 985): Unable to freeze binder interface
09-08 05:03:44.864 1151 1865 I am_kill : [0,4020,com.android.calendar,985,Unable to freeze binder interface]
09-08 05:03:44.959 1151 3691 I am_proc_died: [0,4020,com.android.calendar,985,19]
09-08 05:03:44.960 1151 3691 I am_uid_stopped: 10074
09-08 05:03:44.976 1151 1706 I am_pss : [3998,10063,com.qualcomm.qti.devicestatisticsservice,5618688,3661824,0,89657344,0,0,10]
09-08 05:03:45.099 1151 1865 D ActivityManager: freezing 4042 com.android.dynsystem
09-08 05:03:45.107 1151 1865 E ActivityManager: Unable to freeze binder for 4042 com.android.dynsystem
09-08 05:03:45.109 1151 1865 D ActivityManager: froze 4042 com.android.dynsystem
09-08 05:03:45.109 1151 1865 I am_freeze: [4042,com.android.dynsystem]
09-08 05:03:45.116 1151 1865 E ActivityManager: Unable to freeze binder for 4042 com.android.dynsystem
09-08 05:03:45.117 1151 1865 I ActivityManager: Killing 4042:com.android.dynsystem/1000 (adj 975): Unable to freeze binder interface
09-08 05:03:45.117 1151 1865 I am_kill : [0,4042,com.android.dynsystem,975,Unable to freeze binder interface]
09-08 05:03:45.227 1151 3691 I am_proc_died: [0,4042,com.android.dynsystem,975,19]
09-08 05:03:45.354 1151 1865 D ActivityManager: freezing 4059 com.android.dynsystem:dynsystem
09-08 05:03:45.361 1151 1865 E ActivityManager: Unable to freeze binder for 4059 com.android.dynsystem:dynsystem
09-08 05:03:45.362 1151 1865 D ActivityManager: froze 4059 com.android.dynsystem:dynsystem
09-08 05:03:45.362 1151 1865 I am_freeze: [4059,com.android.dynsystem:dynsystem]
09-08 05:03:45.369 1151 1865 E ActivityManager: Unable to freeze binder for 4059 com.android.dynsystem:dynsystem
09-08 05:03:45.370 1151 1865 I ActivityManager: Killing 4059:com.android.dynsystem:dynsystem/1000 (adj 975): Unable to freeze binder interface
09-08 05:03:45.370 1151 1865 I am_kill : [0,4059,com.android.dynsystem:dynsystem,975,Unable to freeze binder interface]
09-08 05:03:45.470 1151 3691 I am_proc_died: [0,4059,com.android.dynsystem:dynsystem,975,19]
09-08 05:03:45.492 1151 1706 I am_pss : [3088,10071,com.android.deskclock,25225216,16998400,0,151478272,0,19,13]
09-08 05:03:46.033 1151 1865 D ActivityManager: freezing 4120 com.android.onetimeinitializer
09-08 05:03:46.040 1151 1865 E ActivityManager: Unable to freeze binder for 4120 com.android.onetimeinitializer
09-08 05:03:46.044 1151 1865 D ActivityManager: froze 4120 com.android.onetimeinitializer
09-08 05:03:46.044 1151 1865 I am_freeze: [4120,com.android.onetimeinitializer]
09-08 05:03:46.051 1151 1865 E ActivityManager: Unable to freeze binder for 4120 com.android.onetimeinitializer
09-08 05:03:46.053 1151 1865 I ActivityManager: Killing 4120:com.android.onetimeinitializer/u0a60 (adj 965): Unable to freeze binder interface
09-08 05:03:46.054 1151 1865 I am_kill : [0,4120,com.android.onetimeinitializer,965,Unable to freeze binder interface]
09-08 05:03:46.174 1151 3691 I am_proc_died: [0,4120,com.android.onetimeinitializer,965,19]
09-08 05:03:46.175 1151 3691 I am_uid_stopped: 10060
09-08 05:03:46.676 5321 5321 F linker : CANNOT LINK EXECUTABLE "/vendor/bin/hw/qvrservice": library "vendor.qti.hardware.qxr-V1-ndk_platform.so" not found: needed by /vendor/lib64/libqvrservice.so in namespace (default)
09-08 05:03:46.726 5322 5322 F linker : CANNOT LINK EXECUTABLE "/vendor/bin/hw/sxrservice": library "vendor.qti.hardware.qxr-V1-ndk_platform.so" not found: needed by main executable
09-08 05:03:46.880 1151 1865 D ActivityManager: freezing 4178 com.android.phone
09-08 05:03:46.887 1151 1865 E ActivityManager: Unable to freeze binder for 4178 com.android.phone
09-08 05:03:46.889 1151 1865 D ActivityManager: froze 4178 com.android.phone
09-08 05:03:46.890 1151 1865 I am_freeze: [4178,com.android.phone]
09-08 05:03:46.896 1151 1865 E ActivityManager: Unable to freeze binder for 4178 com.android.phone
09-08 05:03:46.897 1151 1865 I ActivityManager: Killing 4178:com.android.phone/1001 (adj 955): Unable to freeze binder interface
09-08 05:03:46.898 1151 1865 I am_kill : [0,4178,com.android.phone,955,Unable to freeze binder interface]
09-08 05:03:46.989 1151 3696 I am_proc_died: [0,4178,com.android.phone,955,19]
09-08 05:03:46.990 1151 3696 I Watchdog: Interesting Java process com.android.phone died. Pid 4178
09-08 05:03:51.770 5326 5326 F linker : CANNOT LINK EXECUTABLE "/vendor/bin/hw/qvrservice": library "vendor.qti.hardware.qxr-V1-ndk_platform.so" not found: needed by /vendor/lib64/libqvrservice.so in namespace (default)
09-08 05:03:51.774 5327 5327 F linker : CANNOT LINK EXECUTABLE "/vendor/bin/hw/sxrservice": library "vendor.qti.hardware.qxr-V1-ndk_platform.so" not found: needed by main executable
09-08 05:03:51.990 1151 1865 D ActivityManager: freezing 4258 com.qualcomm.qti.qms.service.connectionsecurity
09-08 05:03:51.997 1151 1865 E ActivityManager: Unable to freeze binder for 4258 com.qualcomm.qti.qms.service.connectionsecurity
09-08 05:03:51.999 1151 1865 D ActivityManager: froze 4258 com.qualcomm.qti.qms.service.connectionsecurity
09-08 05:03:51.999 1151 1865 I am_freeze: [4258,com.qualcomm.qti.qms.service.connectionsecurity]
09-08 05:03:52.007 1151 1865 E ActivityManager: Unable to freeze binder for 4258 com.qualcomm.qti.qms.service.connectionsecurity
09-08 05:03:52.008 1151 1865 I ActivityManager: Killing 4258:com.qualcomm.qti.qms.service.connectionsecurity/u0a59 (adj 945): Unable to freeze binder interface
09-08 05:03:52.008 1151 1865 I am_kill : [0,4258,com.qualcomm.qti.qms.service.connectionsecurity,945,Unable to freeze binder interface]
09-08 05:03:52.077 1151 1865 D ActivityManager: freezing 3214 com.qualcomm.qtil.aptxui
09-08 05:03:52.084 1151 1865 E ActivityManager: Unable to freeze binder for 3214 com.qualcomm.qtil.aptxui
09-08 05:03:52.085 1151 1865 D ActivityManager: froze 3214 com.qualcomm.qtil.aptxui
09-08 05:03:52.085 1151 1865 I am_freeze: [3214,com.qualcomm.qtil.aptxui]
09-08 05:03:52.092 1151 1865 E ActivityManager: Unable to freeze binder for 3214 com.qualcomm.qtil.aptxui
09-08 05:03:52.093 1151 1865 I ActivityManager: Killing 3214:com.qualcomm.qtil.aptxui/u0a91 (adj 945): Unable to freeze binder interface
09-08 05:03:52.093 1151 1865 I am_kill : [0,3214,com.qualcomm.qtil.aptxui,945,Unable to freeze binder interface]
09-08 05:03:52.104 1151 3696 I am_proc_died: [0,4258,com.qualcomm.qti.qms.service.connectionsecurity,945,19]
09-08 05:03:52.105 1151 3696 I am_uid_stopped: 10059
09-08 05:03:52.126 1151 1706 I am_pss : [3030,10069,com.android.inputmethod.latin,28994560,21176320,0,155279360,0,7,12]
09-08 05:03:52.140 1151 1706 I am_pss : [3069,10100,android.ext.services,13879296,5926912,0,125370368,0,5,11]
09-08 05:03:52.193 1151 1865 D ActivityManager: freezing 4072 com.android.gallery3d
09-08 05:03:52.201 1151 1865 E ActivityManager: Unable to freeze binder for 4072 com.android.gallery3d
09-08 05:03:52.203 1151 1865 D ActivityManager: froze 4072 com.android.gallery3d
09-08 05:03:52.203 1151 1865 I am_freeze: [4072,com.android.gallery3d]
09-08 05:03:52.210 1151 1865 E ActivityManager: Unable to freeze binder for 4072 com.android.gallery3d
09-08 05:03:52.212 1151 1865 D ActivityManager: freezing 3716 com.android.providers.calendar
09-08 05:03:52.218 1151 1865 E ActivityManager: Unable to freeze binder for 3716 com.android.providers.calendar
09-08 05:03:52.220 1151 1865 D ActivityManager: froze 3716 com.android.providers.calendar
09-08 05:03:52.220 1151 1865 I am_freeze: [3716,com.android.providers.calendar]
09-08 05:03:52.227 1151 1865 E ActivityManager: Unable to freeze binder for 3716 com.android.providers.calendar
09-08 05:03:52.228 1151 1865 I ActivityManager: Killing 4072:com.android.gallery3d/u0a75 (adj 935): Unable to freeze binder interface
09-08 05:03:52.228 1151 1865 I am_kill : [0,4072,com.android.gallery3d,935,Unable to freeze binder interface]
09-08 05:03:52.230 1151 1865 I ActivityManager: Killing 3716:com.android.providers.calendar/u0a25 (adj 935): Unable to freeze binder interface
09-08 05:03:52.230 1151 1865 I am_kill : [0,3716,com.android.providers.calendar,935,Unable to freeze binder interface]
09-08 05:03:52.243 1151 3696 I am_proc_died: [0,3214,com.qualcomm.qtil.aptxui,945,19]
09-08 05:03:52.245 1151 3696 I am_uid_stopped: 10091
09-08 05:03:52.341 1151 3696 I am_proc_died: [0,4072,com.android.gallery3d,935,19]
09-08 05:03:52.342 1151 3696 I am_uid_stopped: 10075
09-08 05:03:52.350 1151 3696 I am_proc_died: [0,3716,com.android.providers.calendar,935,19]
09-08 05:03:52.351 1151 3696 I am_uid_stopped: 10025
09-08 05:03:56.831 5331 5331 F linker : CANNOT LINK EXECUTABLE "/vendor/bin/hw/sxrservice": library "vendor.qti.hardware.qxr-V1-ndk_platform.so" not found: needed by main executable
09-08 05:03:56.833 5330 5330 F linker : CANNOT LINK EXECUTABLE "/vendor/bin/hw/qvrservice": library "vendor.qti.hardware.qxr-V1-ndk_platform.so" not found: needed by /vendor/lib64/libqvrservice.so in namespace (default)
09-08 05:04:01.885 5335 5335 F linker : CANNOT LINK EXECUTABLE "/vendor/bin/hw/qvrservice": library "vendor.qti.hardware.qxr-V1-ndk_platform.so" not found: needed by /vendor/lib64/libqvrservice.so in namespace (default)
09-08 05:04:01.917 5336 5336 F linker : CANNOT LINK EXECUTABLE "/vendor/bin/hw/sxrservice": library "vendor.qti.hardware.qxr-V1-ndk_platform.so" not found: needed by main executable
09-08 05:04:02.512 1151 1865 D ActivityManager: freezing 4326 com.qualcomm.qti.qms.service.trustzoneaccess
09-08 05:04:02.519 1151 1865 E ActivityManager: Unable to freeze binder for 4326 com.qualcomm.qti.qms.service.trustzoneaccess
09-08 05:04:02.522 1151 1865 D ActivityManager: froze 4326 com.qualcomm.qti.qms.service.trustzoneaccess
09-08 05:04:02.522 1151 1865 I am_freeze: [4326,com.qualcomm.qti.qms.service.trustzoneaccess]
09-08 05:04:02.529 1151 1865 E ActivityManager: Unable to freeze binder for 4326 com.qualcomm.qti.qms.service.trustzoneaccess
09-08 05:04:02.531 1151 1865 I ActivityManager: Killing 4326:com.qualcomm.qti.qms.service.trustzoneaccess/u0a58 (adj 955): Unable to freeze binder interface
09-08 05:04:02.531 1151 1865 I am_kill : [0,4326,com.qualcomm.qti.qms.service.trustzoneaccess,955,Unable to freeze binder interface]
09-08 05:04:02.638 1151 1650 I am_proc_died: [0,4326,com.qualcomm.qti.qms.service.trustzoneaccess,955,19]
09-08 05:04:02.640 1151 1650 I am_uid_stopped: 10058
09-08 05:04:06.957 5340 5340 F linker : CANNOT LINK EXECUTABLE "/vendor/bin/hw/qvrservice": library "vendor.qti.hardware.qxr-V1-ndk_platform.so" not found: needed by /vendor/lib64/libqvrservice.so in namespace (default)
09-08 05:04:06.980 5341 5341 F linker : CANNOT LINK EXECUTABLE "/vendor/bin/hw/sxrservice": library "vendor.qti.hardware.qxr-V1-ndk_platform.so" not found: needed by main executable
09-08 05:04:08.166 1151 1706 I am_pss : [1151,1000,system,240116736,142561280,0,577191936,0,0,29]
09-08 05:04:08.183 1151 1706 I am_pss : [2207,1002,com.android.bluetooth,30242816,24899584,0,138731520,0,0,13]
09-08 05:04:08.197 1151 1706 I am_pss : [2549,1073,com.android.networkstack.process,17070080,13594624,0,113479680,0,0,11]
09-08 05:04:08.210 1151 1706 I am_pss : [2517,1001,.dataservices,9035776,6389760,0,96247808,0,0,10]
09-08 05:04:08.230 1151 1706 I am_pss : [2227,10087,com.android.systemui,97409024,72478720,0,268812288,0,0,16]
09-08 05:04:10.535 1151 5343 I BackgroundDexOptService: Pinning optimized code {android}
09-08 05:04:10.557 1151 1706 I am_pss : [3459,10081,com.qualcomm.location.XT,7302144,4759552,0,93777920,0,6,15]
09-08 05:04:11.733 1151 1865 D ActivityManager: freezing 3635 android.process.acore
09-08 05:04:11.740 1151 1865 E ActivityManager: Unable to freeze binder for 3635 android.process.acore
09-08 05:04:11.743 1151 1865 D ActivityManager: froze 3635 android.process.acore
09-08 05:04:11.744 1151 1865 I am_freeze: [3635,android.process.acore]
09-08 05:04:11.750 1151 1865 E ActivityManager: Unable to freeze binder for 3635 android.process.acore
09-08 05:04:11.752 1151 1865 I ActivityManager: Killing 3635:android.process.acore/u0a19 (adj 975): Unable to freeze binder interface
09-08 05:04:11.752 1151 1865 I am_kill : [0,3635,android.process.acore,975,Unable to freeze binder interface]
09-08 05:04:11.872 1151 3696 D CountryDetector: No listener is left
09-08 05:04:11.873 1151 1650 I am_proc_died: [0,3635,android.process.acore,975,19]
09-08 05:04:11.876 1151 1650 I am_uid_stopped: 10019
09-08 05:04:11.897 1151 1706 I am_pss : [3586,10033,com.android.managedprovisioning,10246144,7643136,0,96501760,0,19,13]
09-08 05:04:11.912 1151 1706 I am_pss : [2701,1000,com.qualcomm.qti.qdma,13301760,8740864,0,114102272,0,0,10]
09-08 05:04:11.924 1151 1706 I am_pss : [2645,1000,com.thundercomm.remotecontrolservice,10448896,7254016,0,102051840,0,0,10]
09-08 05:04:11.935 1151 1706 I am_pss : [2620,1068,com.android.se,6691840,4128768,0,92495872,0,0,9]
09-08 05:04:11.946 1151 1706 I am_pss : [2604,10094,com.qti.qualcomm.mstatssystemservice,6386688,3887104,0,90857472,0,0,9]
09-08 05:04:11.958 1151 1706 I am_pss : [2597,1000,vendor.qti.qesdk.sysservice,6505472,3923968,0,92356608,0,0,9]
09-08 05:04:11.970 1151 1706 I am_pss : [2535,10051,.qtidataservices,6829056,4300800,0,92184576,0,0,10]
09-08 05:04:11.985 1151 1706 I am_pss : [2471,1000,com.thundercomm.microservice,25834496,21811200,0,124338176,0,0,12]
09-08 05:04:11.999 5395 5395 F linker : CANNOT LINK EXECUTABLE "/vendor/bin/hw/qvrservice": library "vendor.qti.hardware.qxr-V1-ndk_platform.so" not found: needed by /vendor/lib64/libqvrservice.so in namespace (default)
09-08 05:04:12.012 5396 5396 F linker : CANNOT LINK EXECUTABLE "/vendor/bin/hw/sxrservice": library "vendor.qti.hardware.qxr-V1-ndk_platform.so" not found: needed by main executable
09-08 05:04:17.056 5401 5401 F linker : CANNOT LINK EXECUTABLE "/vendor/bin/hw/qvrservice": library "vendor.qti.hardware.qxr-V1-ndk_platform.so" not found: needed by /vendor/lib64/libqvrservice.so in namespace (default)
09-08 05:04:17.109 5402 5402 F linker : CANNOT LINK EXECUTABLE "/vendor/bin/hw/sxrservice": library "vendor.qti.hardware.qxr-V1-ndk_platform.so" not found: needed by main executable
09-08 05:04:22.135 5406 5406 F linker : CANNOT LINK EXECUTABLE "/vendor/bin/hw/qvrservice": library "vendor.qti.hardware.qxr-V1-ndk_platform.so" not found: needed by /vendor/lib64/libqvrservice.so in namespace (default)
09-08 05:04:22.186 5407 5407 F linker : CANNOT LINK EXECUTABLE "/vendor/bin/hw/sxrservice": library "vendor.qti.hardware.qxr-V1-ndk_platform.so" not found: needed by main executable
09-08 05:04:27.197 5410 5410 F linker : CANNOT LINK EXECUTABLE "/vendor/bin/hw/qvrservice": library "vendor.qti.hardware.qxr-V1-ndk_platform.so" not found: needed by /vendor/lib64/libqvrservice.so in namespace (default)
09-08 05:04:27.249 5411 5411 F linker : CANNOT LINK EXECUTABLE "/vendor/bin/hw/sxrservice": library "vendor.qti.hardware.qxr-V1-ndk_platform.so" not found: needed by main executable
09-08 05:04:32.277 5415 5415 F linker : CANNOT LINK EXECUTABLE "/vendor/bin/hw/qvrservice": library "vendor.qti.hardware.qxr-V1-ndk_platform.so" not found: needed by /vendor/lib64/libqvrservice.so in namespace (default)
09-08 05:04:32.330 5416 5416 F linker : CANNOT LINK EXECUTABLE "/vendor/bin/hw/sxrservice": library "vendor.qti.hardware.qxr-V1-ndk_platform.so" not found: needed by main executable
09-08 05:04:37.355 5420 5420 F linker : CANNOT LINK EXECUTABLE "/vendor/bin/hw/qvrservice": library "vendor.qti.hardware.qxr-V1-ndk_platform.so" not found: needed by /vendor/lib64/libqvrservice.so in namespace (default)
09-08 05:04:37.390 5421 5421 F linker : CANNOT LINK EXECUTABLE "/vendor/bin/hw/sxrservice": library "vendor.qti.hardware.qxr-V1-ndk_platform.so" not found: needed by main executable
09-08 05:04:42.415 5425 5425 F linker : CANNOT LINK EXECUTABLE "/vendor/bin/hw/sxrservice": library "vendor.qti.hardware.qxr-V1-ndk_platform.so" not found: needed by main executable
09-08 05:04:42.418 5424 5424 F linker : CANNOT LINK EXECUTABLE "/vendor/bin/hw/qvrservice": library "vendor.qti.hardware.qxr-V1-ndk_platform.so" not found: needed by /vendor/lib64/libqvrservice.so in namespace (default)
09-08 05:04:47.453 5429 5429 F linker : CANNOT LINK EXECUTABLE "/vendor/bin/hw/qvrservice": library "vendor.qti.hardware.qxr-V1-ndk_platform.so" not found: needed by /vendor/lib64/libqvrservice.so in namespace (default)
09-08 05:04:47.458 5430 5430 F linker : CANNOT LINK EXECUTABLE "/vendor/bin/hw/sxrservice": library "vendor.qti.hardware.qxr-V1-ndk_platform.so" not found: needed by main executable
09-08 05:04:52.492 5438 5438 F linker : CANNOT LINK EXECUTABLE "/vendor/bin/hw/sxrservice": library "vendor.qti.hardware.qxr-V1-ndk_platform.so" not found: needed by main executable
09-08 05:04:52.493 5437 5437 F linker : CANNOT LINK EXECUTABLE "/vendor/bin/hw/qvrservice": library "vendor.qti.hardware.qxr-V1-ndk_platform.so" not found: needed by /vendor/lib64/libqvrservice.so in namespace (default)
09-08 05:04:57.535 5442 5442 F linker : CANNOT LINK EXECUTABLE "/vendor/bin/hw/qvrservice": library "vendor.qti.hardware.qxr-V1-ndk_platform.so" not found: needed by /vendor/lib64/libqvrservice.so in namespace (default)
09-08 05:04:57.551 5443 5443 F linker : CANNOT LINK EXECUTABLE "/vendor/bin/hw/sxrservice": library "vendor.qti.hardware.qxr-V1-ndk_platform.so" not found: needed by main executable
09-08 05:05:02.593 5449 5449 F linker : CANNOT LINK EXECUTABLE "/vendor/bin/hw/sxrservice": library "vendor.qti.hardware.qxr-V1-ndk_platform.so" not found: needed by main executable
09-08 05:05:02.594 5448 5448 F linker : CANNOT LINK EXECUTABLE "/vendor/bin/hw/qvrservice": library "vendor.qti.hardware.qxr-V1-ndk_platform.so" not found: needed by /vendor/lib64/libqvrservice.so in namespace (default)
09-08 05:05:07.631 5453 5453 F linker : CANNOT LINK EXECUTABLE "/vendor/bin/hw/sxrservice": library "vendor.qti.hardware.qxr-V1-ndk_platform.so" not found: needed by main executable
09-08 05:05:07.632 5452 5452 F linker : CANNOT LINK EXECUTABLE "/vendor/bin/hw/qvrservice": library "vendor.qti.hardware.qxr-V1-ndk_platform.so" not found: needed by /vendor/lib64/libqvrservice.so in namespace (default)
09-08 05:05:12.671 5458 5458 F linker : CANNOT LINK EXECUTABLE "/vendor/bin/hw/sxrservice": library "vendor.qti.hardware.qxr-V1-ndk_platform.so" not found: needed by main executable
09-08 05:05:12.672 5457 5457 F linker : CANNOT LINK EXECUTABLE "/vendor/bin/hw/qvrservice": library "vendor.qti.hardware.qxr-V1-ndk_platform.so" not found: needed by /vendor/lib64/libqvrservice.so in namespace (default)
09-08 05:05:17.710 5463 5463 F linker : CANNOT LINK EXECUTABLE "/vendor/bin/hw/sxrservice": library "vendor.qti.hardware.qxr-V1-ndk_platform.so" not found: needed by main executable
09-08 05:05:17.712 5462 5462 F linker : CANNOT LINK EXECUTABLE "/vendor/bin/hw/qvrservice": library "vendor.qti.hardware.qxr-V1-ndk_platform.so" not found: needed by /vendor/lib64/libqvrservice.so in namespace (default)
09-08 05:05:22.754 5467 5467 F linker : CANNOT LINK EXECUTABLE "/vendor/bin/hw/sxrservice": library "vendor.qti.hardware.qxr-V1-ndk_platform.so" not found: needed by main executable
09-08 05:05:22.755 5466 5466 F linker : CANNOT LINK EXECUTABLE "/vendor/bin/hw/qvrservice": library "vendor.qti.hardware.qxr-V1-ndk_platform.so" not found: needed by /vendor/lib64/libqvrservice.so in namespace (default)
09-08 05:05:27.794 5472 5472 F linker : CANNOT LINK EXECUTABLE "/vendor/bin/hw/sxrservice": library "vendor.qti.hardware.qxr-V1-ndk_platform.so" not found: needed by main executable
09-08 05:05:27.796 5471 5471 F linker : CANNOT LINK EXECUTABLE "/vendor/bin/hw/qvrservice": library "vendor.qti.hardware.qxr-V1-ndk_platform.so" not found: needed by /vendor/lib64/libqvrservice.so in namespace (default)
09-08 05:05:32.837 5477 5477 F linker : CANNOT LINK EXECUTABLE "/vendor/bin/hw/qvrservice": library "vendor.qti.hardware.qxr-V1-ndk_platform.so" not found: needed by /vendor/lib64/libqvrservice.so in namespace (default)
09-08 05:05:32.858 5478 5478 F linker : CANNOT LINK EXECUTABLE "/vendor/bin/hw/sxrservice": library "vendor.qti.hardware.qxr-V1-ndk_platform.so" not found: needed by main executable
09-08 05:05:37.891 5482 5482 F linker : CANNOT LINK EXECUTABLE "/vendor/bin/hw/sxrservice": library "vendor.qti.hardware.qxr-V1-ndk_platform.so" not found: needed by main executable
09-08 05:05:37.893 5481 5481 F linker : CANNOT LINK EXECUTABLE "/vendor/bin/hw/qvrservice": library "vendor.qti.hardware.qxr-V1-ndk_platform.so" not found: needed by /vendor/lib64/libqvrservice.so in namespace (default)
09-08 05:05:42.933 5487 5487 F linker : CANNOT LINK EXECUTABLE "/vendor/bin/hw/sxrservice": library "vendor.qti.hardware.qxr-V1-ndk_platform.so" not found: needed by main executable
09-08 05:05:42.934 5486 5486 F linker : CANNOT LINK EXECUTABLE "/vendor/bin/hw/qvrservice": library "vendor.qti.hardware.qxr-V1-ndk_platform.so" not found: needed by /vendor/lib64/libqvrservice.so in namespace (default)
09-08 05:05:47.971 5492 5492 F linker : CANNOT LINK EXECUTABLE "/vendor/bin/hw/sxrservice": library "vendor.qti.hardware.qxr-V1-ndk_platform.so" not found: needed by main executable
09-08 05:05:47.972 5491 5491 F linker : CANNOT LINK EXECUTABLE "/vendor/bin/hw/qvrservice": library "vendor.qti.hardware.qxr-V1-ndk_platform.so" not found: needed by /vendor/lib64/libqvrservice.so in namespace (default)
09-08 05:05:53.011 5497 5497 F linker : CANNOT LINK EXECUTABLE "/vendor/bin/hw/sxrservice": library "vendor.qti.hardware.qxr-V1-ndk_platform.so" not found: needed by main executable
09-08 05:05:53.014 5496 5496 F linker : CANNOT LINK EXECUTABLE "/vendor/bin/hw/qvrservice": library "vendor.qti.hardware.qxr-V1-ndk_platform.so" not found: needed by /vendor/lib64/libqvrservice.so in namespace (default)
09-08 05:05:58.053 5502 5502 F linker : CANNOT LINK EXECUTABLE "/vendor/bin/hw/sxrservice": library "vendor.qti.hardware.qxr-V1-ndk_platform.so" not found: needed by main executable
09-08 05:05:58.053 5501 5501 F linker : CANNOT LINK EXECUTABLE "/vendor/bin/hw/qvrservice": library "vendor.qti.hardware.qxr-V1-ndk_platform.so" not found: needed by /vendor/lib64/libqvrservice.so in namespace (default)
