09-08 05:06:03.096 5506 5506 F linker : CANNOT LINK EXECUTABLE "/vendor/bin/hw/qvrservice": library "vendor.qti.hardware.qxr-V1-ndk_platform.so" not found: needed by /vendor/lib64/libqvrservice.so in namespace (default)
09-08 05:06:03.109 5507 5507 F linker : CANNOT LINK EXECUTABLE "/vendor/bin/hw/sxrservice": library "vendor.qti.hardware.qxr-V1-ndk_platform.so" not found: needed by main executable
09-08 05:06:08.154 5512 5512 F linker : CANNOT LINK EXECUTABLE "/vendor/bin/hw/sxrservice": library "vendor.qti.hardware.qxr-V1-ndk_platform.so" not found: needed by main executable
09-08 05:06:08.156 5511 5511 F linker : CANNOT LINK EXECUTABLE "/vendor/bin/hw/qvrservice": library "vendor.qti.hardware.qxr-V1-ndk_platform.so" not found: needed by /vendor/lib64/libqvrservice.so in namespace (default)
09-08 05:06:13.193 5517 5517 F linker : CANNOT LINK EXECUTABLE "/vendor/bin/hw/sxrservice": library "vendor.qti.hardware.qxr-V1-ndk_platform.so" not found: needed by main executable
09-08 05:06:13.197 5516 5516 F linker : CANNOT LINK EXECUTABLE "/vendor/bin/hw/qvrservice": library "vendor.qti.hardware.qxr-V1-ndk_platform.so" not found: needed by /vendor/lib64/libqvrservice.so in namespace (default)
09-08 05:06:18.232 5521 5521 F linker : CANNOT LINK EXECUTABLE "/vendor/bin/hw/sxrservice": library "vendor.qti.hardware.qxr-V1-ndk_platform.so" not found: needed by main executable
09-08 05:06:18.234 5520 5520 F linker : CANNOT LINK EXECUTABLE "/vendor/bin/hw/qvrservice": library "vendor.qti.hardware.qxr-V1-ndk_platform.so" not found: needed by /vendor/lib64/libqvrservice.so in namespace (default)
09-08 05:06:23.309 5525 5525 F linker : CANNOT LINK EXECUTABLE "/vendor/bin/hw/qvrservice": library "vendor.qti.hardware.qxr-V1-ndk_platform.so" not found: needed by /vendor/lib64/libqvrservice.so in namespace (default)
09-08 05:06:23.312 5526 5526 F linker : CANNOT LINK EXECUTABLE "/vendor/bin/hw/sxrservice": library "vendor.qti.hardware.qxr-V1-ndk_platform.so" not found: needed by main executable
09-08 05:06:23.823 1151 1865 D ActivityManager: freezing 2247 com.android.permissioncontroller
09-08 05:06:23.830 1151 1865 E ActivityManager: Unable to freeze binder for 2247 com.android.permissioncontroller
09-08 05:06:23.835 1151 1865 D ActivityManager: froze 2247 com.android.permissioncontroller
09-08 05:06:23.836 1151 1865 I am_freeze: [2247,com.android.permissioncontroller]
09-08 05:06:23.843 1151 1865 E ActivityManager: Unable to freeze binder for 2247 com.android.permissioncontroller
09-08 05:06:23.846 1151 1865 I ActivityManager: Killing 2247:com.android.permissioncontroller/u0a98 (adj 925): Unable to freeze binder interface
09-08 05:06:23.846 1151 1865 I am_kill : [0,2247,com.android.permissioncontroller,925,Unable to freeze binder interface]
09-08 05:06:23.965 1151 3694 I am_proc_died: [0,2247,com.android.permissioncontroller,925,19]
09-08 05:06:23.967 1151 3694 I am_uid_stopped: 10098
09-08 05:06:23.993 1151 1706 I am_pss : [2829,1000,com.android.settings,104882176,86843392,0,252043264,0,2,16]
09-08 05:06:24.007 1151 1706 I am_pss : [3502,10099,com.android.providers.media.module,20570112,15323136,0,127188992,0,0,12]
09-08 05:06:24.020 1151 1706 I am_pss : [3621,10023,android.process.media,11417600,8302592,0,103206912,0,19,10]
09-08 05:06:24.032 1151 1706 I am_pss : [4141,10022,com.android.packageinstaller,8287232,5701632,0,92192768,0,19,9]
09-08 05:06:24.044 1151 1706 I am_pss : [3394,10090,com.qualcomm.qti.workloadclassifier,13829120,10608640,0,105762816,0,0,10]
09-08 05:06:24.055 1151 1706 I am_pss : [3377,10092,com.qualcomm.qti.qccnetstat,7069696,4423680,0,92459008,0,0,9]
09-08 05:06:24.066 1151 1706 I am_pss : [3337,10053,.pasr,6324224,3760128,0,90292224,0,0,9]
09-08 05:06:24.077 1151 1706 I am_pss : [3360,10083,com.qualcomm.qti.services.systemhelper:systemhelper_service,7371776,4644864,0,94515200,0,0,9]
09-08 05:06:24.088 1151 1706 I am_pss : [3301,10054,ts.car.uart,7151616,4595712,0,91316224,0,0,9]
09-08 05:06:24.100 1151 1706 I am_pss : [3131,10084,com.qualcomm.location,11671552,8077312,0,105672704,0,0,10]
09-08 05:06:28.336 5531 5531 F linker : CANNOT LINK EXECUTABLE "/vendor/bin/hw/qvrservice": library "vendor.qti.hardware.qxr-V1-ndk_platform.so" not found: needed by /vendor/lib64/libqvrservice.so in namespace (default)
09-08 05:06:28.353 5532 5532 F linker : CANNOT LINK EXECUTABLE "/vendor/bin/hw/sxrservice": library "vendor.qti.hardware.qxr-V1-ndk_platform.so" not found: needed by main executable
09-08 05:06:33.378 5535 5535 F linker : CANNOT LINK EXECUTABLE "/vendor/bin/hw/qvrservice": library "vendor.qti.hardware.qxr-V1-ndk_platform.so" not found: needed by /vendor/lib64/libqvrservice.so in namespace (default)
09-08 05:06:33.391 5536 5536 F linker : CANNOT LINK EXECUTABLE "/vendor/bin/hw/sxrservice": library "vendor.qti.hardware.qxr-V1-ndk_platform.so" not found: needed by main executable
09-08 05:06:38.434 5541 5541 F linker : CANNOT LINK EXECUTABLE "/vendor/bin/hw/sxrservice": library "vendor.qti.hardware.qxr-V1-ndk_platform.so" not found: needed by main executable
09-08 05:06:38.436 5540 5540 F linker : CANNOT LINK EXECUTABLE "/vendor/bin/hw/qvrservice": library "vendor.qti.hardware.qxr-V1-ndk_platform.so" not found: needed by /vendor/lib64/libqvrservice.so in namespace (default)
09-08 05:06:43.475 5545 5545 F linker : CANNOT LINK EXECUTABLE "/vendor/bin/hw/qvrservice": library "vendor.qti.hardware.qxr-V1-ndk_platform.so" not found: needed by /vendor/lib64/libqvrservice.so in namespace (default)
09-08 05:06:43.476 5546 5546 F linker : CANNOT LINK EXECUTABLE "/vendor/bin/hw/sxrservice": library "vendor.qti.hardware.qxr-V1-ndk_platform.so" not found: needed by main executable
09-08 05:06:48.515 5551 5551 F linker : CANNOT LINK EXECUTABLE "/vendor/bin/hw/qvrservice": library "vendor.qti.hardware.qxr-V1-ndk_platform.so" not found: needed by /vendor/lib64/libqvrservice.so in namespace (default)
09-08 05:06:48.529 5552 5552 F linker : CANNOT LINK EXECUTABLE "/vendor/bin/hw/sxrservice": library "vendor.qti.hardware.qxr-V1-ndk_platform.so" not found: needed by main executable
09-08 05:06:53.571 5557 5557 F linker : CANNOT LINK EXECUTABLE "/vendor/bin/hw/sxrservice": library "vendor.qti.hardware.qxr-V1-ndk_platform.so" not found: needed by main executable
09-08 05:06:53.574 5556 5556 F linker : CANNOT LINK EXECUTABLE "/vendor/bin/hw/qvrservice": library "vendor.qti.hardware.qxr-V1-ndk_platform.so" not found: needed by /vendor/lib64/libqvrservice.so in namespace (default)
09-08 05:06:58.610 5562 5562 F linker : CANNOT LINK EXECUTABLE "/vendor/bin/hw/sxrservice": library "vendor.qti.hardware.qxr-V1-ndk_platform.so" not found: needed by main executable
09-08 05:06:58.611 5561 5561 F linker : CANNOT LINK EXECUTABLE "/vendor/bin/hw/qvrservice": library "vendor.qti.hardware.qxr-V1-ndk_platform.so" not found: needed by /vendor/lib64/libqvrservice.so in namespace (default)
09-08 05:07:03.643 5566 5566 F linker : CANNOT LINK EXECUTABLE "/vendor/bin/hw/sxrservice": library "vendor.qti.hardware.qxr-V1-ndk_platform.so" not found: needed by main executable
09-08 05:07:03.654 5565 5565 F linker : CANNOT LINK EXECUTABLE "/vendor/bin/hw/qvrservice": library "vendor.qti.hardware.qxr-V1-ndk_platform.so" not found: needed by /vendor/lib64/libqvrservice.so in namespace (default)
09-08 05:07:08.692 5570 5570 F linker : CANNOT LINK EXECUTABLE "/vendor/bin/hw/qvrservice": library "vendor.qti.hardware.qxr-V1-ndk_platform.so" not found: needed by /vendor/lib64/libqvrservice.so in namespace (default)
09-08 05:07:08.693 5571 5571 F linker : CANNOT LINK EXECUTABLE "/vendor/bin/hw/sxrservice": library "vendor.qti.hardware.qxr-V1-ndk_platform.so" not found: needed by main executable
09-08 05:07:13.733 5576 5576 F linker : CANNOT LINK EXECUTABLE "/vendor/bin/hw/sxrservice": library "vendor.qti.hardware.qxr-V1-ndk_platform.so" not found: needed by main executable
09-08 05:07:13.747 5574 5574 F linker : CANNOT LINK EXECUTABLE "/vendor/bin/hw/qvrservice": library "vendor.qti.hardware.qxr-V1-ndk_platform.so" not found: needed by /vendor/lib64/libqvrservice.so in namespace (default)
09-08 05:07:18.773 5580 5580 F linker : CANNOT LINK EXECUTABLE "/vendor/bin/hw/sxrservice": library "vendor.qti.hardware.qxr-V1-ndk_platform.so" not found: needed by main executable
09-08 05:07:18.773 5579 5579 F linker : CANNOT LINK EXECUTABLE "/vendor/bin/hw/qvrservice": library "vendor.qti.hardware.qxr-V1-ndk_platform.so" not found: needed by /vendor/lib64/libqvrservice.so in namespace (default)
09-08 05:07:21.310 1151 1865 D ActivityManager: freezing 2846 com.qualcomm.qti.qccauthmgr
09-08 05:07:21.318 1151 1865 E ActivityManager: Unable to freeze binder for 2846 com.qualcomm.qti.qccauthmgr
09-08 05:07:21.321 1151 1865 D ActivityManager: froze 2846 com.qualcomm.qti.qccauthmgr
09-08 05:07:21.321 1151 1865 I am_freeze: [2846,com.qualcomm.qti.qccauthmgr]
09-08 05:07:21.328 1151 1865 E ActivityManager: Unable to freeze binder for 2846 com.qualcomm.qti.qccauthmgr
09-08 05:07:21.330 1151 1865 I ActivityManager: Killing 2846:com.qualcomm.qti.qccauthmgr/u0a89 (adj 925): Unable to freeze binder interface
09-08 05:07:21.330 1151 1865 I am_kill : [0,2846,com.qualcomm.qti.qccauthmgr,925,Unable to freeze binder interface]
09-08 05:07:21.423 1151 5528 I am_proc_died: [0,2846,com.qualcomm.qti.qccauthmgr,925,19]
09-08 05:07:21.425 1151 5528 I am_uid_stopped: 10089
09-08 05:07:21.444 1151 1706 I am_pss : [4690,2000,com.android.shell,7138304,4341760,0,93245440,0,19,11]
09-08 05:07:23.831 5585 5585 F linker : CANNOT LINK EXECUTABLE "/vendor/bin/hw/sxrservice": library "vendor.qti.hardware.qxr-V1-ndk_platform.so" not found: needed by main executable
09-08 05:07:23.833 5584 5584 F linker : CANNOT LINK EXECUTABLE "/vendor/bin/hw/qvrservice": library "vendor.qti.hardware.qxr-V1-ndk_platform.so" not found: needed by /vendor/lib64/libqvrservice.so in namespace (default)
09-08 05:07:28.871 5590 5590 F linker : CANNOT LINK EXECUTABLE "/vendor/bin/hw/sxrservice": library "vendor.qti.hardware.qxr-V1-ndk_platform.so" not found: needed by main executable
09-08 05:07:28.871 5589 5589 F linker : CANNOT LINK EXECUTABLE "/vendor/bin/hw/qvrservice": library "vendor.qti.hardware.qxr-V1-ndk_platform.so" not found: needed by /vendor/lib64/libqvrservice.so in namespace (default)
09-08 05:07:33.911 5595 5595 F linker : CANNOT LINK EXECUTABLE "/vendor/bin/hw/sxrservice": library "vendor.qti.hardware.qxr-V1-ndk_platform.so" not found: needed by main executable
09-08 05:07:33.913 5594 5594 F linker : CANNOT LINK EXECUTABLE "/vendor/bin/hw/qvrservice": library "vendor.qti.hardware.qxr-V1-ndk_platform.so" not found: needed by /vendor/lib64/libqvrservice.so in namespace (default)
09-08 05:07:38.952 5600 5600 F linker : CANNOT LINK EXECUTABLE "/vendor/bin/hw/sxrservice": library "vendor.qti.hardware.qxr-V1-ndk_platform.so" not found: needed by main executable
09-08 05:07:38.956 5599 5599 F linker : CANNOT LINK EXECUTABLE "/vendor/bin/hw/qvrservice": library "vendor.qti.hardware.qxr-V1-ndk_platform.so" not found: needed by /vendor/lib64/libqvrservice.so in namespace (default)
09-08 05:07:43.993 5604 5604 F linker : CANNOT LINK EXECUTABLE "/vendor/bin/hw/sxrservice": library "vendor.qti.hardware.qxr-V1-ndk_platform.so" not found: needed by main executable
09-08 05:07:43.995 5603 5603 F linker : CANNOT LINK EXECUTABLE "/vendor/bin/hw/qvrservice": library "vendor.qti.hardware.qxr-V1-ndk_platform.so" not found: needed by /vendor/lib64/libqvrservice.so in namespace (default)
09-08 05:07:49.033 5609 5609 F linker : CANNOT LINK EXECUTABLE "/vendor/bin/hw/sxrservice": library "vendor.qti.hardware.qxr-V1-ndk_platform.so" not found: needed by main executable
09-08 05:07:49.036 5608 5608 F linker : CANNOT LINK EXECUTABLE "/vendor/bin/hw/qvrservice": library "vendor.qti.hardware.qxr-V1-ndk_platform.so" not found: needed by /vendor/lib64/libqvrservice.so in namespace (default)
09-08 05:07:54.076 5613 5613 F linker : CANNOT LINK EXECUTABLE "/vendor/bin/hw/qvrservice": library "vendor.qti.hardware.qxr-V1-ndk_platform.so" not found: needed by /vendor/lib64/libqvrservice.so in namespace (default)
09-08 05:07:54.100 5614 5614 F linker : CANNOT LINK EXECUTABLE "/vendor/bin/hw/sxrservice": library "vendor.qti.hardware.qxr-V1-ndk_platform.so" not found: needed by main executable
09-08 05:07:59.134 5618 5618 F linker : CANNOT LINK EXECUTABLE "/vendor/bin/hw/sxrservice": library "vendor.qti.hardware.qxr-V1-ndk_platform.so" not found: needed by main executable
09-08 05:07:59.135 5617 5617 F linker : CANNOT LINK EXECUTABLE "/vendor/bin/hw/qvrservice": library "vendor.qti.hardware.qxr-V1-ndk_platform.so" not found: needed by /vendor/lib64/libqvrservice.so in namespace (default)
09-08 05:08:04.177 5622 5622 F linker : CANNOT LINK EXECUTABLE "/vendor/bin/hw/qvrservice": library "vendor.qti.hardware.qxr-V1-ndk_platform.so" not found: needed by /vendor/lib64/libqvrservice.so in namespace (default)
09-08 05:08:04.214 5623 5623 F linker : CANNOT LINK EXECUTABLE "/vendor/bin/hw/sxrservice": library "vendor.qti.hardware.qxr-V1-ndk_platform.so" not found: needed by main executable
09-08 05:08:09.239 1151 1865 D ActivityManager: freezing 3088 com.android.deskclock
09-08 05:08:09.247 1151 1865 E ActivityManager: Unable to freeze binder for 3088 com.android.deskclock
09-08 05:08:09.250 1151 1865 D ActivityManager: froze 3088 com.android.deskclock
09-08 05:08:09.250 1151 1865 I am_freeze: [3088,com.android.deskclock]
09-08 05:08:09.250 5629 5629 F linker : CANNOT LINK EXECUTABLE "/vendor/bin/hw/sxrservice": library "vendor.qti.hardware.qxr-V1-ndk_platform.so" not found: needed by main executable
09-08 05:08:09.253 5628 5628 F linker : CANNOT LINK EXECUTABLE "/vendor/bin/hw/qvrservice": library "vendor.qti.hardware.qxr-V1-ndk_platform.so" not found: needed by /vendor/lib64/libqvrservice.so in namespace (default)
09-08 05:08:09.259 1151 1865 E ActivityManager: Unable to freeze binder for 3088 com.android.deskclock
09-08 05:08:09.260 1151 1865 I ActivityManager: Killing 3088:com.android.deskclock/u0a71 (adj 915): Unable to freeze binder interface
09-08 05:08:09.260 1151 1865 I am_kill : [0,3088,com.android.deskclock,915,Unable to freeze binder interface]
09-08 05:08:09.396 1151 5528 I am_proc_died: [0,3088,com.android.deskclock,915,19]
09-08 05:08:09.399 1151 5528 I am_uid_stopped: 10071
09-08 05:08:09.404 1151 1690 W ActivityManager: setHasOverlayUi called on unknown pid: 3088
09-08 05:08:14.291 5635 5635 F linker : CANNOT LINK EXECUTABLE "/vendor/bin/hw/sxrservice": library "vendor.qti.hardware.qxr-V1-ndk_platform.so" not found: needed by main executable
09-08 05:08:14.292 5634 5634 F linker : CANNOT LINK EXECUTABLE "/vendor/bin/hw/qvrservice": library "vendor.qti.hardware.qxr-V1-ndk_platform.so" not found: needed by /vendor/lib64/libqvrservice.so in namespace (default)
09-08 05:08:19.331 5642 5642 F linker : CANNOT LINK EXECUTABLE "/vendor/bin/hw/sxrservice": library "vendor.qti.hardware.qxr-V1-ndk_platform.so" not found: needed by main executable
09-08 05:08:19.331 5641 5641 F linker : CANNOT LINK EXECUTABLE "/vendor/bin/hw/qvrservice": library "vendor.qti.hardware.qxr-V1-ndk_platform.so" not found: needed by /vendor/lib64/libqvrservice.so in namespace (default)
09-08 05:08:21.585 1151 1733 I PowerManagerService: Napping display group (groupId=0, uid=1000)...
09-08 05:08:21.585 1151 1733 I PowerManagerService: Nap time (uid 1000)...
09-08 05:08:21.602 1151 1733 V DisplayPowerController[0]: Brightness [0.05] reason changing to: 'manual [ dim ]', previous reason: 'manual'.
09-08 05:08:21.602 1151 1733 I sysui_multi_action: [757,1696,758,6,759,2]
09-08 05:08:21.603 1151 2202 E DisplayDeviceConfig: requesting nits when no mapping exists.
09-08 05:08:21.603 1151 1733 I DreamManagerService: Entering dreamland.
09-08 05:08:21.604 1151 2202 E DisplayDeviceConfig: requesting nits when no mapping exists.
09-08 05:08:21.605 1151 1707 I am_wtf : [0,1151,system_server,-1,DisplayDeviceConfig,requesting nits when no mapping exists.]
09-08 05:08:21.608 1151 1707 I DropBoxManagerService: add tag=system_server_wtf isTagEnabled=true flags=0x2
09-08 05:08:21.611 1151 1707 I am_wtf : [0,1151,system_server,-1,DisplayDeviceConfig,requesting nits when no mapping exists.]
09-08 05:08:21.612 1151 1687 I DreamController: Starting dream: name=ComponentInfo{com.android.deskclock/com.android.deskclock.Screensaver}, isTest=false, canDoze=false, userId=0
09-08 05:08:21.612 1151 1687 I sysui_multi_action: [757,222,758,1]
09-08 05:08:21.613 1151 1707 I DropBoxManagerService: add tag=system_server_wtf isTagEnabled=true flags=0x2
09-08 05:08:21.614 1151 1687 I am_uid_running: 10071
09-08 05:08:21.614 1151 1687 D CompatibilityChangeReporter: Compat change id reported: 135634846; UID 10071; state: DISABLED
09-08 05:08:21.614 1151 1687 D CompatibilityChangeReporter: Compat change id reported: 177438394; UID 10071; state: DISABLED
09-08 05:08:21.614 1151 1687 D CompatibilityChangeReporter: Compat change id reported: 135772972; UID 10071; state: DISABLED
09-08 05:08:21.615 1151 1687 D CompatibilityChangeReporter: Compat change id reported: 135754954; UID 10071; state: DISABLED
09-08 05:08:21.615 1151 1733 I PowerManagerService: Dreaming...
09-08 05:08:21.616 1151 1687 D AutofillManagerService: Close system dialogs
09-08 05:08:21.616 1151 1708 D CompatibilityChangeReporter: Compat change id reported: 143937733; UID 10071; state: DISABLED
09-08 05:08:21.623 1151 2202 E DisplayDeviceConfig: requesting nits when no mapping exists.
09-08 05:08:21.623 1151 2202 E DisplayDeviceConfig: requesting nits when no mapping exists.
09-08 05:08:21.623 1151 1707 I am_wtf : [0,1151,system_server,-1,DisplayDeviceConfig,requesting nits when no mapping exists.]
09-08 05:08:21.626 1151 1707 I DropBoxManagerService: add tag=system_server_wtf isTagEnabled=true flags=0x2
09-08 05:08:21.639 1151 2202 E DisplayDeviceConfig: requesting nits when no mapping exists.
09-08 05:08:21.640 1151 2202 E DisplayDeviceConfig: requesting nits when no mapping exists.
09-08 05:08:21.647 1151 1707 I am_wtf : [0,1151,system_server,-1,DisplayDeviceConfig,requesting nits when no mapping exists.]
09-08 05:08:21.649 1151 1707 I DropBoxManagerService: add tag=system_server_wtf isTagEnabled=true flags=0x2
09-08 05:08:21.650 1151 1707 I am_wtf : [0,1151,system_server,-1,DisplayDeviceConfig,requesting nits when no mapping exists.]
09-08 05:08:21.652 1151 1707 I DropBoxManagerService: add tag=system_server_wtf isTagEnabled=true flags=0x2
09-08 05:08:21.656 1151 2202 E DisplayDeviceConfig: requesting nits when no mapping exists.
09-08 05:08:21.656 1151 2202 E DisplayDeviceConfig: requesting nits when no mapping exists.
09-08 05:08:21.661 1151 1707 I am_wtf : [0,1151,system_server,-1,DisplayDeviceConfig,requesting nits when no mapping exists.]
09-08 05:08:21.662 1151 1707 I am_wtf : [0,1151,system_server,-1,DisplayDeviceConfig,requesting nits when no mapping exists.]
09-08 05:08:21.663 1151 1708 I am_proc_start: [0,5645,10071,com.android.deskclock,service,{com.android.deskclock/com.android.deskclock.Screensaver}]
09-08 05:08:21.663 1151 1708 I ActivityManager: Start proc 5645:com.android.deskclock/u0a71 for service {com.android.deskclock/com.android.deskclock.Screensaver}
09-08 05:08:21.665 1151 1707 I am_wtf : [0,1151,system_server,-1,DisplayDeviceConfig,requesting nits when no mapping exists.]
09-08 05:08:21.673 1151 2202 E DisplayDeviceConfig: requesting nits when no mapping exists.
09-08 05:08:21.673 1151 2202 E DisplayDeviceConfig: requesting nits when no mapping exists.
09-08 05:08:21.673 1151 1707 I am_wtf : [0,1151,system_server,-1,DisplayDeviceConfig,requesting nits when no mapping exists.]
09-08 05:08:21.674 1151 1707 I am_wtf : [0,1151,system_server,-1,DisplayDeviceConfig,requesting nits when no mapping exists.]
09-08 05:08:21.690 1151 2202 E DisplayDeviceConfig: requesting nits when no mapping exists.
09-08 05:08:21.692 1151 2202 E DisplayDeviceConfig: requesting nits when no mapping exists.
09-08 05:08:21.692 1151 1707 I am_wtf : [0,1151,system_server,-1,DisplayDeviceConfig,requesting nits when no mapping exists.]
09-08 05:08:21.694 1151 1707 I am_wtf : [0,1151,system_server,-1,DisplayDeviceConfig,requesting nits when no mapping exists.]
09-08 05:08:21.706 1151 2202 E DisplayDeviceConfig: requesting nits when no mapping exists.
09-08 05:08:21.707 1151 2202 E DisplayDeviceConfig: requesting nits when no mapping exists.
09-08 05:08:21.707 1151 1707 I am_wtf : [0,1151,system_server,-1,DisplayDeviceConfig,requesting nits when no mapping exists.]
09-08 05:08:21.708 1151 1707 I am_wtf : [0,1151,system_server,-1,DisplayDeviceConfig,requesting nits when no mapping exists.]
09-08 05:08:21.718 1151 5528 I am_proc_bound: [0,5645,com.android.deskclock]
09-08 05:08:21.720 1151 5528 I am_uid_active: 10071
09-08 05:08:21.724 1151 2202 E DisplayDeviceConfig: requesting nits when no mapping exists.
09-08 05:08:21.725 1151 2202 E DisplayDeviceConfig: requesting nits when no mapping exists.
09-08 05:08:21.725 1151 1707 I am_wtf : [0,1151,system_server,-1,DisplayDeviceConfig,requesting nits when no mapping exists.]
09-08 05:08:21.726 1151 1707 I am_wtf : [0,1151,system_server,-1,DisplayDeviceConfig,requesting nits when no mapping exists.]
09-08 05:08:21.740 1151 2202 E DisplayDeviceConfig: requesting nits when no mapping exists.
09-08 05:08:21.741 1151 2202 E DisplayDeviceConfig: requesting nits when no mapping exists.
09-08 05:08:21.741 1151 1707 I am_wtf : [0,1151,system_server,-1,DisplayDeviceConfig,requesting nits when no mapping exists.]
09-08 05:08:21.743 1151 1707 I am_wtf : [0,1151,system_server,-1,DisplayDeviceConfig,requesting nits when no mapping exists.]
09-08 05:08:21.757 1151 2202 E DisplayDeviceConfig: requesting nits when no mapping exists.
09-08 05:08:21.757 1151 2202 E DisplayDeviceConfig: requesting nits when no mapping exists.
09-08 05:08:21.757 1151 1707 I am_wtf : [0,1151,system_server,-1,DisplayDeviceConfig,requesting nits when no mapping exists.]
09-08 05:08:21.759 1151 1707 I am_wtf : [0,1151,system_server,-1,DisplayDeviceConfig,requesting nits when no mapping exists.]
09-08 05:08:21.773 1151 2202 E DisplayDeviceConfig: requesting nits when no mapping exists.
09-08 05:08:21.774 1151 2202 E DisplayDeviceConfig: requesting nits when no mapping exists.
09-08 05:08:21.774 1151 1707 I am_wtf : [0,1151,system_server,-1,DisplayDeviceConfig,requesting nits when no mapping exists.]
09-08 05:08:21.776 1151 1707 I am_wtf : [0,1151,system_server,-1,DisplayDeviceConfig,requesting nits when no mapping exists.]
09-08 05:08:21.781 1151 5528 I ActivityTaskManager: START u0 {flg=0x10000000 pkg=com.android.deskclock cmp=com.android.deskclock/android.service.dreams.DreamActivity (has extras)} from uid 10071
09-08 05:08:21.782 1151 5528 I wm_task_created: [15,-1]
09-08 05:08:21.783 1151 5528 W ActivityTaskManager: Can't find TaskDisplayArea to determine support for multi window. Task id=15 attached=false
09-08 05:08:21.785 1151 5528 I wm_task_moved: [15,1,7]
09-08 05:08:21.785 1151 5528 I wm_task_to_front: [0,15]
09-08 05:08:21.786 1151 5528 I wm_create_task: [0,15]
09-08 05:08:21.786 1151 5528 I wm_create_activity: [0,153364975,15,com.android.deskclock/android.service.dreams.DreamActivity,NULL,NULL,NULL,276824064]
09-08 05:08:21.786 1151 5528 I wm_task_moved: [15,1,7]
09-08 05:08:21.786 1151 5528 V SplashScreenExceptionList: SplashScreen checking exception for package com.android.deskclock (target sdk:29) -> false
09-08 05:08:21.787 1151 5528 I wm_pause_activity: [0,177789610,com.android.settings/.SubSettings,userLeaving=true,pauseBackTasks]
09-08 05:08:21.788 2829 2829 I wm_on_top_resumed_lost_called: [177789610,com.android.settings.SubSettings,topStateChangedWhenResumed]
09-08 05:08:21.791 1151 2202 E DisplayDeviceConfig: requesting nits when no mapping exists.
09-08 05:08:21.792 1151 2202 E DisplayDeviceConfig: requesting nits when no mapping exists.
09-08 05:08:21.792 1151 1707 I am_wtf : [0,1151,system_server,-1,DisplayDeviceConfig,requesting nits when no mapping exists.]
09-08 05:08:21.798 2829 2829 I sysui_multi_action: [757,39,758,2,1089,613229]
09-08 05:08:21.799 2829 2829 I wm_on_paused_called: [177789610,com.android.settings.SubSettings,performPause]
09-08 05:08:21.802 1151 5632 I ActivityTaskManager: The Process com.android.deskclock Already Exists in BG. So sending its PID: 5645
09-08 05:08:21.803 1151 1707 I am_wtf : [0,1151,system_server,-1,DisplayDeviceConfig,requesting nits when no mapping exists.]
09-08 05:08:21.806 1151 5632 I wm_add_to_stopping: [0,177789610,com.android.settings/.SubSettings,makeInvisible]
09-08 05:08:21.807 1151 5632 I wm_restart_activity: [0,153364975,15,com.android.deskclock/android.service.dreams.DreamActivity]
09-08 05:08:21.808 1151 5632 I wm_set_resumed_activity: [0,com.android.deskclock/android.service.dreams.DreamActivity,minimalResumeActivityLocked]
09-08 05:08:21.809 1151 2202 E DisplayDeviceConfig: requesting nits when no mapping exists.
09-08 05:08:21.809 1151 2202 E DisplayDeviceConfig: requesting nits when no mapping exists.
09-08 05:08:21.810 1151 1707 I am_wtf : [0,1151,system_server,-1,DisplayDeviceConfig,requesting nits when no mapping exists.]
09-08 05:08:21.811 1151 1707 I am_wtf : [0,1151,system_server,-1,DisplayDeviceConfig,requesting nits when no mapping exists.]
09-08 05:08:21.814 1151 1690 I sysui_multi_action: [757,803,799,window_time_0,802,613]
09-08 05:08:21.821 5645 5645 I wm_on_create_called: [153364975,android.service.dreams.DreamActivity,performCreate]
09-08 05:08:21.822 5645 5645 I wm_on_start_called: [153364975,android.service.dreams.DreamActivity,handleStartActivity]
09-08 05:08:21.823 5645 5645 I wm_on_resume_called: [153364975,android.service.dreams.DreamActivity,RESUME_ACTIVITY]
09-08 05:08:21.825 1151 2202 E DisplayDeviceConfig: requesting nits when no mapping exists.
09-08 05:08:21.825 1151 2202 E DisplayDeviceConfig: requesting nits when no mapping exists.
09-08 05:08:21.832 1151 1707 I am_wtf : [0,1151,system_server,-1,DisplayDeviceConfig,requesting nits when no mapping exists.]
09-08 05:08:21.833 1151 1707 I am_wtf : [0,1151,system_server,-1,DisplayDeviceConfig,requesting nits when no mapping exists.]
09-08 05:08:21.840 1151 2202 E DisplayDeviceConfig: requesting nits when no mapping exists.
09-08 05:08:21.840 1151 2202 E DisplayDeviceConfig: requesting nits when no mapping exists.
09-08 05:08:21.841 1151 1707 I am_wtf : [0,1151,system_server,-1,DisplayDeviceConfig,requesting nits when no mapping exists.]
09-08 05:08:21.841 1151 1877 I input_focus: [Focus leaving a6b7d9d com.android.settings/com.android.settings.SubSettings (server),reason=NO_WINDOW]
09-08 05:08:21.842 1151 1707 I am_wtf : [0,1151,system_server,-1,DisplayDeviceConfig,requesting nits when no mapping exists.]
09-08 05:08:21.844 1151 5528 W WindowManager: Failed looking up window session=Session{3beaa3d 5645:u0a10071} callers=com.android.server.wm.WindowManagerService.windowForClientLocked:5626 com.android.server.wm.Session.insetsModified:629 android.view.IWindowSession$Stub.onTransact:1151
09-08 05:08:21.848 5645 5645 I wm_on_top_resumed_gained_called: [153364975,android.service.dreams.DreamActivity,topStateChangedWhenResumed]
09-08 05:08:21.860 1151 2202 E DisplayDeviceConfig: requesting nits when no mapping exists.
09-08 05:08:21.861 1151 2202 E DisplayDeviceConfig: requesting nits when no mapping exists.
09-08 05:08:21.861 1151 1707 I am_wtf : [0,1151,system_server,-1,DisplayDeviceConfig,requesting nits when no mapping exists.]
09-08 05:08:21.863 1151 1707 I am_wtf : [0,1151,system_server,-1,DisplayDeviceConfig,requesting nits when no mapping exists.]
09-08 05:08:21.875 1151 2202 E DisplayDeviceConfig: requesting nits when no mapping exists.
09-08 05:08:21.875 1151 2202 E DisplayDeviceConfig: requesting nits when no mapping exists.
09-08 05:08:21.876 1151 1707 I am_wtf : [0,1151,system_server,-1,DisplayDeviceConfig,requesting nits when no mapping exists.]
09-08 05:08:21.877 1151 1707 I am_wtf : [0,1151,system_server,-1,DisplayDeviceConfig,requesting nits when no mapping exists.]
09-08 05:08:21.891 1151 2202 E DisplayDeviceConfig: requesting nits when no mapping exists.
09-08 05:08:21.891 1151 1707 I am_wtf : [0,1151,system_server,-1,DisplayDeviceConfig,requesting nits when no mapping exists.]
09-08 05:08:21.891 1151 2202 E DisplayDeviceConfig: requesting nits when no mapping exists.
09-08 05:08:21.892 1151 1691 I input_focus: [Focus request 397d2c com.android.deskclock/android.service.dreams.DreamActivity,reason=UpdateInputWindows]
09-08 05:08:21.899 2227 2227 I sysui_multi_action: [757,111,758,2]
09-08 05:08:21.901 2227 2227 I sysui_multi_action: [757,111,758,2]
09-08 05:08:21.901 1151 1707 I am_wtf : [0,1151,system_server,-1,DisplayDeviceConfig,requesting nits when no mapping exists.]
09-08 05:08:21.907 1151 2202 E DisplayDeviceConfig: requesting nits when no mapping exists.
09-08 05:08:21.908 1151 2202 E DisplayDeviceConfig: requesting nits when no mapping exists.
09-08 05:08:21.909 1151 1707 I am_wtf : [0,1151,system_server,-1,DisplayDeviceConfig,requesting nits when no mapping exists.]
09-08 05:08:21.912 1151 1707 I am_wtf : [0,1151,system_server,-1,DisplayDeviceConfig,requesting nits when no mapping exists.]
09-08 05:08:21.913 1151 1707 I service_manager_stats: [100,148,659732]
09-08 05:08:21.923 2227 2227 I sysui_multi_action: [757,111,758,1]
09-08 05:08:21.924 1151 2202 E DisplayDeviceConfig: requesting nits when no mapping exists.
09-08 05:08:21.924 2227 2227 I sysui_multi_action: [757,126,758,1,759,126,927,0,928,1,1593,0]
09-08 05:08:21.925 1151 2202 E DisplayDeviceConfig: requesting nits when no mapping exists.
09-08 05:08:21.925 1151 1707 I am_wtf : [0,1151,system_server,-1,DisplayDeviceConfig,requesting nits when no mapping exists.]
09-08 05:08:21.925 2227 2227 I sysui_multi_action: [757,113,758,1,759,113,927,1,928,1,1593,0]
09-08 05:08:21.925 2227 2227 I sysui_multi_action: [757,0,758,1,759,0,927,2,928,0,1593,0]
09-08 05:08:21.926 1151 1707 I am_wtf : [0,1151,system_server,-1,DisplayDeviceConfig,requesting nits when no mapping exists.]
09-08 05:08:21.927 2227 2227 I sysui_multi_action: [757,0,758,1,759,0,927,3,928,0,1593,0]
09-08 05:08:21.927 2227 2227 I sysui_multi_action: [757,1706,758,1,759,1706,927,4,928,0,1593,0]
09-08 05:08:21.928 2227 2227 I sysui_multi_action: [757,491,758,1,759,491,927,5,928,0,1311,-1,1593,0]
09-08 05:08:21.928 2227 2227 I sysui_multi_action: [757,0,758,1,759,0,927,6,1593,0]
09-08 05:08:21.928 2227 2227 I sysui_multi_action: [757,111,758,1]
09-08 05:08:21.928 2227 2227 I sysui_multi_action: [757,126,758,1,759,126,927,0,928,1,1593,0]
09-08 05:08:21.928 2227 2227 I sysui_multi_action: [757,113,758,1,759,113,927,1,928,1,1593,0]
09-08 05:08:21.928 2227 2227 I sysui_multi_action: [757,0,758,1,759,0,927,2,928,0,1593,0]
09-08 05:08:21.928 2227 2227 I sysui_multi_action: [757,0,758,1,759,0,927,3,928,0,1593,0]
09-08 05:08:21.941 1151 2202 E DisplayDeviceConfig: requesting nits when no mapping exists.
09-08 05:08:21.941 1151 2202 E DisplayDeviceConfig: requesting nits when no mapping exists.
09-08 05:08:21.945 1151 1707 I am_wtf : [0,1151,system_server,-1,DisplayDeviceConfig,requesting nits when no mapping exists.]
09-08 05:08:21.946 1151 1707 I am_wtf : [0,1151,system_server,-1,DisplayDeviceConfig,requesting nits when no mapping exists.]
09-08 05:08:21.966 1151 2202 E DisplayDeviceConfig: requesting nits when no mapping exists.
09-08 05:08:21.967 1151 2202 E DisplayDeviceConfig: requesting nits when no mapping exists.
09-08 05:08:21.967 1151 1707 I am_wtf : [0,1151,system_server,-1,DisplayDeviceConfig,requesting nits when no mapping exists.]
09-08 05:08:21.968 1151 1707 I am_wtf : [0,1151,system_server,-1,DisplayDeviceConfig,requesting nits when no mapping exists.]
09-08 05:08:21.975 1151 2202 E DisplayDeviceConfig: requesting nits when no mapping exists.
09-08 05:08:21.975 1151 1707 I am_wtf : [0,1151,system_server,-1,DisplayDeviceConfig,requesting nits when no mapping exists.]
09-08 05:08:21.975 1151 2202 E DisplayDeviceConfig: requesting nits when no mapping exists.
09-08 05:08:21.980 1151 1707 I am_wtf : [0,1151,system_server,-1,DisplayDeviceConfig,requesting nits when no mapping exists.]
09-08 05:08:21.986 1151 1733 V DisplayPowerController[0]: Brightness [1.0] reason changing to: 'manual', previous reason: 'manual [ dim ]'.
09-08 05:08:21.986 1151 1733 I sysui_multi_action: [757,1696,758,6,759,3]
09-08 05:08:21.989 1151 1687 I sysui_multi_action: [319,198,322,186,325,959,757,761,758,8,759,2,806,com.android.deskclock,871,android.service.dreams.DreamActivity,904,com.android.deskclock,905,0,1320,4,1321,1]
09-08 05:08:21.990 1151 1687 I wm_activity_launch_time: [0,153364975,com.android.deskclock/android.service.dreams.DreamActivity,186]
09-08 05:08:22.007 1151 2202 E DisplayDeviceConfig: requesting nits when no mapping exists.
09-08 05:08:22.008 1151 2202 E DisplayDeviceConfig: requesting nits when no mapping exists.
09-08 05:08:22.009 1151 1877 I input_focus: [Focus entering 397d2c com.android.deskclock/android.service.dreams.DreamActivity (server),reason=Window became focusable. Previous reason: NOT_VISIBLE]
09-08 05:08:22.009 1151 1707 I am_wtf : [0,1151,system_server,-1,DisplayDeviceConfig,requesting nits when no mapping exists.]
09-08 05:08:22.011 1151 1707 I am_wtf : [0,1151,system_server,-1,DisplayDeviceConfig,requesting nits when no mapping exists.]
09-08 05:08:22.024 1151 2202 E DisplayDeviceConfig: requesting nits when no mapping exists.
09-08 05:08:22.024 1151 2202 E DisplayDeviceConfig: requesting nits when no mapping exists.
09-08 05:08:22.029 1151 1707 I am_wtf : [0,1151,system_server,-1,DisplayDeviceConfig,requesting nits when no mapping exists.]
09-08 05:08:22.031 1151 1707 I am_wtf : [0,1151,system_server,-1,DisplayDeviceConfig,requesting nits when no mapping exists.]
09-08 05:08:22.041 1151 2202 E DisplayDeviceConfig: requesting nits when no mapping exists.
09-08 05:08:22.042 1151 2202 E DisplayDeviceConfig: requesting nits when no mapping exists.
09-08 05:08:22.042 1151 1707 I am_wtf : [0,1151,system_server,-1,DisplayDeviceConfig,requesting nits when no mapping exists.]
09-08 05:08:22.043 1151 1707 I am_wtf : [0,1151,system_server,-1,DisplayDeviceConfig,requesting nits when no mapping exists.]
09-08 05:08:22.058 1151 2202 E DisplayDeviceConfig: requesting nits when no mapping exists.
09-08 05:08:22.059 1151 1707 I am_wtf : [0,1151,system_server,-1,DisplayDeviceConfig,requesting nits when no mapping exists.]
09-08 05:08:22.059 1151 2202 E DisplayDeviceConfig: requesting nits when no mapping exists.
09-08 05:08:22.061 1151 1707 I am_wtf : [0,1151,system_server,-1,DisplayDeviceConfig,requesting nits when no mapping exists.]
09-08 05:08:22.074 1151 2202 E DisplayDeviceConfig: requesting nits when no mapping exists.
09-08 05:08:22.076 1151 2202 E DisplayDeviceConfig: requesting nits when no mapping exists.
09-08 05:08:22.076 1151 1707 I am_wtf : [0,1151,system_server,-1,DisplayDeviceConfig,requesting nits when no mapping exists.]
09-08 05:08:22.081 1151 1707 I am_wtf : [0,1151,system_server,-1,DisplayDeviceConfig,requesting nits when no mapping exists.]
09-08 05:08:22.094 1151 2202 E DisplayDeviceConfig: requesting nits when no mapping exists.
09-08 05:08:22.095 1151 2202 E DisplayDeviceConfig: requesting nits when no mapping exists.
09-08 05:08:22.095 1151 1707 I am_wtf : [0,1151,system_server,-1,DisplayDeviceConfig,requesting nits when no mapping exists.]
09-08 05:08:22.102 1151 1707 I am_wtf : [0,1151,system_server,-1,DisplayDeviceConfig,requesting nits when no mapping exists.]
09-08 05:08:22.110 1151 2202 E DisplayDeviceConfig: requesting nits when no mapping exists.
09-08 05:08:22.110 1151 1707 I am_wtf : [0,1151,system_server,-1,DisplayDeviceConfig,requesting nits when no mapping exists.]
09-08 05:08:22.111 1151 2202 E DisplayDeviceConfig: requesting nits when no mapping exists.
09-08 05:08:22.112 1151 1707 I am_wtf : [0,1151,system_server,-1,DisplayDeviceConfig,requesting nits when no mapping exists.]
09-08 05:08:22.125 1151 2202 E DisplayDeviceConfig: requesting nits when no mapping exists.
09-08 05:08:22.126 1151 2202 E DisplayDeviceConfig: requesting nits when no mapping exists.
09-08 05:08:22.126 1151 1707 I am_wtf : [0,1151,system_server,-1,DisplayDeviceConfig,requesting nits when no mapping exists.]
09-08 05:08:22.127 1151 1707 I am_wtf : [0,1151,system_server,-1,DisplayDeviceConfig,requesting nits when no mapping exists.]
09-08 05:08:22.141 1151 2202 E DisplayDeviceConfig: requesting nits when no mapping exists.
09-08 05:08:22.142 1151 2202 E DisplayDeviceConfig: requesting nits when no mapping exists.
09-08 05:08:22.142 1151 1707 I am_wtf : [0,1151,system_server,-1,DisplayDeviceConfig,requesting nits when no mapping exists.]
09-08 05:08:22.144 1151 1707 I am_wtf : [0,1151,system_server,-1,DisplayDeviceConfig,requesting nits when no mapping exists.]
09-08 05:08:22.159 1151 2202 E DisplayDeviceConfig: requesting nits when no mapping exists.
09-08 05:08:22.160 1151 2202 E DisplayDeviceConfig: requesting nits when no mapping exists.
09-08 05:08:22.162 1151 1707 I am_wtf : [0,1151,system_server,-1,DisplayDeviceConfig,requesting nits when no mapping exists.]
09-08 05:08:22.163 1151 1707 I am_wtf : [0,1151,system_server,-1,DisplayDeviceConfig,requesting nits when no mapping exists.]
09-08 05:08:22.178 1151 2202 E DisplayDeviceConfig: requesting nits when no mapping exists.
09-08 05:08:22.178 1151 2202 E DisplayDeviceConfig: requesting nits when no mapping exists.
09-08 05:08:22.179 1151 1707 I am_wtf : [0,1151,system_server,-1,DisplayDeviceConfig,requesting nits when no mapping exists.]
09-08 05:08:22.186 1151 1707 I am_wtf : [0,1151,system_server,-1,DisplayDeviceConfig,requesting nits when no mapping exists.]
09-08 05:08:22.191 1151 2202 E DisplayDeviceConfig: requesting nits when no mapping exists.
09-08 05:08:22.192 1151 2202 E DisplayDeviceConfig: requesting nits when no mapping exists.
09-08 05:08:22.192 1151 1707 I am_wtf : [0,1151,system_server,-1,DisplayDeviceConfig,requesting nits when no mapping exists.]
09-08 05:08:22.193 1151 1707 I am_wtf : [0,1151,system_server,-1,DisplayDeviceConfig,requesting nits when no mapping exists.]
09-08 05:08:22.208 1151 2202 E DisplayDeviceConfig: requesting nits when no mapping exists.
09-08 05:08:22.208 1151 2202 E DisplayDeviceConfig: requesting nits when no mapping exists.
09-08 05:08:22.209 1151 1707 I am_wtf : [0,1151,system_server,-1,DisplayDeviceConfig,requesting nits when no mapping exists.]
09-08 05:08:22.211 1151 1707 I am_wtf : [0,1151,system_server,-1,DisplayDeviceConfig,requesting nits when no mapping exists.]
09-08 05:08:22.226 1151 2202 E DisplayDeviceConfig: requesting nits when no mapping exists.
09-08 05:08:22.228 1151 2202 E DisplayDeviceConfig: requesting nits when no mapping exists.
09-08 05:08:22.228 1151 1707 I am_wtf : [0,1151,system_server,-1,DisplayDeviceConfig,requesting nits when no mapping exists.]
09-08 05:08:22.229 1151 1707 I am_wtf : [0,1151,system_server,-1,DisplayDeviceConfig,requesting nits when no mapping exists.]
09-08 05:08:22.243 1151 2202 E DisplayDeviceConfig: requesting nits when no mapping exists.
09-08 05:08:22.244 1151 2202 E DisplayDeviceConfig: requesting nits when no mapping exists.
09-08 05:08:22.244 1151 1707 I am_wtf : [0,1151,system_server,-1,DisplayDeviceConfig,requesting nits when no mapping exists.]
09-08 05:08:22.245 1151 1707 I am_wtf : [0,1151,system_server,-1,DisplayDeviceConfig,requesting nits when no mapping exists.]
09-08 05:08:22.261 1151 2202 E DisplayDeviceConfig: requesting nits when no mapping exists.
09-08 05:08:22.262 1151 1707 I am_wtf : [0,1151,system_server,-1,DisplayDeviceConfig,requesting nits when no mapping exists.]
09-08 05:08:22.262 1151 2202 E DisplayDeviceConfig: requesting nits when no mapping exists.
09-08 05:08:22.263 1151 1707 I am_wtf : [0,1151,system_server,-1,DisplayDeviceConfig,requesting nits when no mapping exists.]
09-08 05:08:22.276 1151 2202 E DisplayDeviceConfig: requesting nits when no mapping exists.
09-08 05:08:22.276 1151 2202 E DisplayDeviceConfig: requesting nits when no mapping exists.
09-08 05:08:22.277 1151 1707 I am_wtf : [0,1151,system_server,-1,DisplayDeviceConfig,requesting nits when no mapping exists.]
09-08 05:08:22.278 1151 1707 I am_wtf : [0,1151,system_server,-1,DisplayDeviceConfig,requesting nits when no mapping exists.]
09-08 05:08:22.294 1151 2202 E DisplayDeviceConfig: requesting nits when no mapping exists.
09-08 05:08:22.295 1151 2202 E DisplayDeviceConfig: requesting nits when no mapping exists.
09-08 05:08:22.295 1151 1707 I am_wtf : [0,1151,system_server,-1,DisplayDeviceConfig,requesting nits when no mapping exists.]
09-08 05:08:22.297 1151 1707 I am_wtf : [0,1151,system_server,-1,DisplayDeviceConfig,requesting nits when no mapping exists.]
09-08 05:08:22.309 1151 2202 E DisplayDeviceConfig: requesting nits when no mapping exists.
09-08 05:08:22.309 1151 1707 I am_wtf : [0,1151,system_server,-1,DisplayDeviceConfig,requesting nits when no mapping exists.]
09-08 05:08:22.309 1151 2202 E DisplayDeviceConfig: requesting nits when no mapping exists.
09-08 05:08:22.312 1151 1707 I am_wtf : [0,1151,system_server,-1,DisplayDeviceConfig,requesting nits when no mapping exists.]
09-08 05:08:22.326 1151 2202 E DisplayDeviceConfig: requesting nits when no mapping exists.
09-08 05:08:22.326 1151 2202 E DisplayDeviceConfig: requesting nits when no mapping exists.
09-08 05:08:22.327 1151 1707 I am_wtf : [0,1151,system_server,-1,DisplayDeviceConfig,requesting nits when no mapping exists.]
09-08 05:08:22.329 1151 1707 I am_wtf : [0,1151,system_server,-1,DisplayDeviceConfig,requesting nits when no mapping exists.]
09-08 05:08:22.342 1151 2202 E DisplayDeviceConfig: requesting nits when no mapping exists.
09-08 05:08:22.343 1151 2202 E DisplayDeviceConfig: requesting nits when no mapping exists.
09-08 05:08:22.348 1151 1707 I am_wtf : [0,1151,system_server,-1,DisplayDeviceConfig,requesting nits when no mapping exists.]
09-08 05:08:22.349 1151 1707 I am_wtf : [0,1151,system_server,-1,DisplayDeviceConfig,requesting nits when no mapping exists.]
09-08 05:08:22.359 1151 2202 E DisplayDeviceConfig: requesting nits when no mapping exists.
09-08 05:08:22.359 1151 2202 E DisplayDeviceConfig: requesting nits when no mapping exists.
09-08 05:08:22.359 1151 1707 I am_wtf : [0,1151,system_server,-1,DisplayDeviceConfig,requesting nits when no mapping exists.]
09-08 05:08:22.362 1151 1707 I am_wtf : [0,1151,system_server,-1,DisplayDeviceConfig,requesting nits when no mapping exists.]
09-08 05:08:22.480 1151 1690 I wm_stop_activity: [0,177789610,com.android.settings/.SubSettings]
09-08 05:08:22.515 2829 2829 I wm_on_stop_called: [177789610,com.android.settings.SubSettings,STOP_ACTIVITY_ITEM]
09-08 05:08:24.386 5674 5674 F linker : CANNOT LINK EXECUTABLE "/vendor/bin/hw/qvrservice": library "vendor.qti.hardware.qxr-V1-ndk_platform.so" not found: needed by /vendor/lib64/libqvrservice.so in namespace (default)
09-08 05:08:24.397 5676 5676 F linker : CANNOT LINK EXECUTABLE "/vendor/bin/hw/sxrservice": library "vendor.qti.hardware.qxr-V1-ndk_platform.so" not found: needed by main executable
09-08 05:08:29.432 5680 5680 F linker : CANNOT LINK EXECUTABLE "/vendor/bin/hw/sxrservice": library "vendor.qti.hardware.qxr-V1-ndk_platform.so" not found: needed by main executable
09-08 05:08:29.434 5679 5679 F linker : CANNOT LINK EXECUTABLE "/vendor/bin/hw/qvrservice": library "vendor.qti.hardware.qxr-V1-ndk_platform.so" not found: needed by /vendor/lib64/libqvrservice.so in namespace (default)
09-08 05:08:34.474 5684 5684 F linker : CANNOT LINK EXECUTABLE "/vendor/bin/hw/qvrservice": library "vendor.qti.hardware.qxr-V1-ndk_platform.so" not found: needed by /vendor/lib64/libqvrservice.so in namespace (default)
09-08 05:08:34.488 5685 5685 F linker : CANNOT LINK EXECUTABLE "/vendor/bin/hw/sxrservice": library "vendor.qti.hardware.qxr-V1-ndk_platform.so" not found: needed by main executable
09-08 05:08:39.533 5689 5689 F linker : CANNOT LINK EXECUTABLE "/vendor/bin/hw/sxrservice": library "vendor.qti.hardware.qxr-V1-ndk_platform.so" not found: needed by main executable
09-08 05:08:39.536 5688 5688 F linker : CANNOT LINK EXECUTABLE "/vendor/bin/hw/qvrservice": library "vendor.qti.hardware.qxr-V1-ndk_platform.so" not found: needed by /vendor/lib64/libqvrservice.so in namespace (default)
09-08 05:08:44.571 5694 5694 F linker : CANNOT LINK EXECUTABLE "/vendor/bin/hw/sxrservice": library "vendor.qti.hardware.qxr-V1-ndk_platform.so" not found: needed by main executable
09-08 05:08:44.573 5693 5693 F linker : CANNOT LINK EXECUTABLE "/vendor/bin/hw/qvrservice": library "vendor.qti.hardware.qxr-V1-ndk_platform.so" not found: needed by /vendor/lib64/libqvrservice.so in namespace (default)
09-08 05:08:49.616 5698 5698 F linker : CANNOT LINK EXECUTABLE "/vendor/bin/hw/qvrservice": library "vendor.qti.hardware.qxr-V1-ndk_platform.so" not found: needed by /vendor/lib64/libqvrservice.so in namespace (default)
09-08 05:08:49.617 5699 5699 F linker : CANNOT LINK EXECUTABLE "/vendor/bin/hw/sxrservice": library "vendor.qti.hardware.qxr-V1-ndk_platform.so" not found: needed by main executable
09-08 05:08:54.652 5703 5703 F linker : CANNOT LINK EXECUTABLE "/vendor/bin/hw/sxrservice": library "vendor.qti.hardware.qxr-V1-ndk_platform.so" not found: needed by main executable
09-08 05:08:54.656 5702 5702 F linker : CANNOT LINK EXECUTABLE "/vendor/bin/hw/qvrservice": library "vendor.qti.hardware.qxr-V1-ndk_platform.so" not found: needed by /vendor/lib64/libqvrservice.so in namespace (default)
09-08 05:08:59.696 5707 5707 F linker : CANNOT LINK EXECUTABLE "/vendor/bin/hw/qvrservice": library "vendor.qti.hardware.qxr-V1-ndk_platform.so" not found: needed by /vendor/lib64/libqvrservice.so in namespace (default)
09-08 05:08:59.711 5708 5708 F linker : CANNOT LINK EXECUTABLE "/vendor/bin/hw/sxrservice": library "vendor.qti.hardware.qxr-V1-ndk_platform.so" not found: needed by main executable
09-08 05:09:04.751 5712 5712 F linker : CANNOT LINK EXECUTABLE "/vendor/bin/hw/qvrservice": library "vendor.qti.hardware.qxr-V1-ndk_platform.so" not found: needed by /vendor/lib64/libqvrservice.so in namespace (default)
09-08 05:09:04.751 5713 5713 F linker : CANNOT LINK EXECUTABLE "/vendor/bin/hw/sxrservice": library "vendor.qti.hardware.qxr-V1-ndk_platform.so" not found: needed by main executable
09-08 05:09:09.792 5717 5717 F linker : CANNOT LINK EXECUTABLE "/vendor/bin/hw/sxrservice": library "vendor.qti.hardware.qxr-V1-ndk_platform.so" not found: needed by main executable
09-08 05:09:09.793 5716 5716 F linker : CANNOT LINK EXECUTABLE "/vendor/bin/hw/qvrservice": library "vendor.qti.hardware.qxr-V1-ndk_platform.so" not found: needed by /vendor/lib64/libqvrservice.so in namespace (default)
09-08 05:09:14.772 1151 1687 D UsbDeviceManager: Clear notification
09-08 05:09:14.773 1151 1151 I sysui_multi_action: [757,128,758,5,759,8,793,554935,794,0,795,554935,796,32,806,android,857,USB,858,1,947,0,1500,554730,1688,1]
09-08 05:09:14.773 1151 1151 I notification_canceled: [-1|android|32|null|1000,8,554935,554935,0,-1,-1,NULL]
09-08 05:09:14.774 1151 1151 I sysui_multi_action: [757,128,758,5,759,8,793,554932,794,551220,795,554932,796,26,806,android,857,DEVELOPER_IMPORTANT,858,4,947,0,1500,554721,1688,1]
09-08 05:09:14.774 1151 1151 I notification_canceled: [-1|android|26|null|1000,8,554932,554932,551220,-1,-1,NULL]
09-08 05:09:14.804 1151 1706 I am_pss : [5645,10071,com.android.deskclock,53710848,46428160,0,167149568,0,2,14]
09-08 05:09:14.814 5732 5732 F linker : CANNOT LINK EXECUTABLE "/vendor/bin/hw/sxrservice": library "vendor.qti.hardware.qxr-V1-ndk_platform.so" not found: needed by main executable
09-08 05:09:14.827 5731 5731 F linker : CANNOT LINK EXECUTABLE "/vendor/bin/hw/qvrservice": library "vendor.qti.hardware.qxr-V1-ndk_platform.so" not found: needed by /vendor/lib64/libqvrservice.so in namespace (default)
09-08 05:09:19.875 5737 5737 F linker : CANNOT LINK EXECUTABLE "/vendor/bin/hw/sxrservice": library "vendor.qti.hardware.qxr-V1-ndk_platform.so" not found: needed by main executable
09-08 05:09:19.875 5736 5736 F linker : CANNOT LINK EXECUTABLE "/vendor/bin/hw/qvrservice": library "vendor.qti.hardware.qxr-V1-ndk_platform.so" not found: needed by /vendor/lib64/libqvrservice.so in namespace (default)
09-08 05:09:21.269 1151 2162 I storage_state: [41217664-9172-527a-b3d5-edabb50a7d69,0,0,46887469056,48316284928]
09-08 05:09:24.931 5740 5740 F linker : CANNOT LINK EXECUTABLE "/vendor/bin/hw/qvrservice": library "vendor.qti.hardware.qxr-V1-ndk_platform.so" not found: needed by /vendor/lib64/libqvrservice.so in namespace (default)
09-08 05:09:24.932 5741 5741 F linker : CANNOT LINK EXECUTABLE "/vendor/bin/hw/sxrservice": library "vendor.qti.hardware.qxr-V1-ndk_platform.so" not found: needed by main executable
09-08 05:09:29.971 5745 5745 F linker : CANNOT LINK EXECUTABLE "/vendor/bin/hw/qvrservice": library "vendor.qti.hardware.qxr-V1-ndk_platform.so" not found: needed by /vendor/lib64/libqvrservice.so in namespace (default)
09-08 05:09:29.971 5746 5746 F linker : CANNOT LINK EXECUTABLE "/vendor/bin/hw/sxrservice": library "vendor.qti.hardware.qxr-V1-ndk_platform.so" not found: needed by main executable
09-08 05:09:35.013 5750 5750 F linker : CANNOT LINK EXECUTABLE "/vendor/bin/hw/sxrservice": library "vendor.qti.hardware.qxr-V1-ndk_platform.so" not found: needed by main executable
09-08 05:09:35.014 5749 5749 F linker : CANNOT LINK EXECUTABLE "/vendor/bin/hw/qvrservice": library "vendor.qti.hardware.qxr-V1-ndk_platform.so" not found: needed by /vendor/lib64/libqvrservice.so in namespace (default)
09-08 05:09:40.053 5755 5755 F linker : CANNOT LINK EXECUTABLE "/vendor/bin/hw/sxrservice": library "vendor.qti.hardware.qxr-V1-ndk_platform.so" not found: needed by main executable
09-08 05:09:40.055 5754 5754 F linker : CANNOT LINK EXECUTABLE "/vendor/bin/hw/qvrservice": library "vendor.qti.hardware.qxr-V1-ndk_platform.so" not found: needed by /vendor/lib64/libqvrservice.so in namespace (default)
