01-01 08:40:08.550 0 0 D mv2112_update_link: 3.0x8109(100M): 0x0
01-01 08:40:08.556 0 0 D mv2112_update_link: link 0x0
01-01 08:40:08.565 0 0 D mv2112_read_status: autoneg is disabled
09-08 05:32:18.542 1151 2144 I netstats_mobile_sample: [0,0,0,0,0,0,0,0,0,0,0,0,1662586338542]
09-08 05:32:18.543 1151 2144 I netstats_wifi_sample: [457137897,316961,6292279,155198,457137897,316961,6292279,155198,457315879,318756,6267315,155020,1662586338542]
01-01 08:40:09.597 0 0 D : mv2112_read_status
01-01 08:40:09.601 0 0 D mv2112_update_link: 3.0x901(1G): 0x80
01-01 08:40:09.612 0 0 D mv2112_update_link: 3.0x8109(100M): 0x0
01-01 08:40:09.617 0 0 D mv2112_update_link: link 0x0
01-01 08:40:09.621 0 0 D mv2112_read_status: autoneg is disabled
01-01 08:40:10.653 0 0 D : mv2112_read_status
01-01 08:40:10.656 0 0 D mv2112_update_link: 3.0x901(1G): 0x80
01-01 08:40:10.665 0 0 D mv2112_update_link: 3.0x8109(100M): 0x0
01-01 08:40:10.672 0 0 D mv2112_update_link: link 0x0
01-01 08:40:10.676 0 0 D mv2112_read_status: autoneg is disabled
01-01 08:40:11.709 0 0 D : mv2112_read_status
01-01 08:40:11.712 0 0 D mv2112_update_link: 3.0x901(1G): 0x80
01-01 08:40:11.733 0 0 D mv2112_update_link: 3.0x8109(100M): 0x0
01-01 08:40:11.738 0 0 D mv2112_update_link: link 0x0
01-01 08:40:11.742 0 0 D mv2112_read_status: autoneg is disabled
01-01 08:40:12.508 0 0 I init : starting service 'qvrd_vndr'...
01-01 08:40:12.515 0 0 I init : Created socket '/dev/socket/qvrservice_vndr', mode 660, user 1000, group 1000
01-01 08:40:12.525 0 0 I init : Created socket '/dev/socket/qvrservice_vndr_camera', mode 660, user 1000, group 1000
01-01 08:40:12.556 0 0 I init : starting service 'sxrd'...
01-01 08:40:12.580 0 0 I init : starting service 'vendor.light-hal-2-0'...
09-08 05:32:22.317 7062 7062 F linker : CANNOT LINK EXECUTABLE "/vendor/bin/hw/qvrservice": library "vendor.qti.hardware.qxr-V1-ndk_platform.so" not found: needed by /vendor/lib64/libqvrservice.so in namespace (default)
01-01 08:40:12.598 0 0 I init : Service 'qvrd_vndr' (pid 7062) exited with status 1
01-01 08:40:12.605 0 0 I init : Sending signal 9 to service 'qvrd_vndr' (pid 7062) process group...
01-01 08:40:12.614 0 0 I libprocessgroup: Successfully killed process cgroup uid 1000 pid 7062 in 0ms
09-08 05:32:22.342 7063 7063 F linker : CANNOT LINK EXECUTABLE "/vendor/bin/hw/sxrservice": library "vendor.qti.hardware.qxr-V1-ndk_platform.so" not found: needed by main executable
01-01 08:40:12.624 0 0 I init : Service 'sxrd' (pid 7063) exited with status 1
01-01 08:40:12.631 0 0 I init : Sending signal 9 to service 'sxrd' (pid 7063) process group...
01-01 08:40:12.765 0 0 D : mv2112_read_status
01-01 08:40:12.768 0 0 D mv2112_update_link: 3.0x901(1G): 0x80
01-01 08:40:12.774 0 0 D mv2112_update_link: 3.0x8109(100M): 0x0
01-01 08:40:12.779 0 0 D mv2112_update_link: link 0x0
01-01 08:40:12.783 0 0 D mv2112_read_status: autoneg is disabled
01-01 08:40:13.789 0 0 D : mv2112_read_status
01-01 08:40:13.793 0 0 D mv2112_update_link: 3.0x901(1G): 0x80
01-01 08:40:13.798 0 0 D mv2112_update_link: 3.0x8109(100M): 0x0
01-01 08:40:13.803 0 0 D mv2112_update_link: link 0x0
01-01 08:40:13.808 0 0 D mv2112_read_status: autoneg is disabled
01-01 08:40:14.813 0 0 D : mv2112_read_status
01-01 08:40:14.817 0 0 D mv2112_update_link: 3.0x901(1G): 0x80
01-01 08:40:14.824 0 0 D mv2112_update_link: 3.0x8109(100M): 0x0
01-01 08:40:14.830 0 0 D mv2112_update_link: link 0x0
01-01 08:40:14.834 0 0 D mv2112_read_status: autoneg is disabled
09-08 05:32:25.478 1151 2144 I netstats_mobile_sample: [0,0,0,0,0,0,0,0,0,0,0,0,1662586345478]
09-08 05:32:25.478 1151 2144 I netstats_wifi_sample: [459562317,318602,6326547,156049,459562317,318602,6326547,156049,459740263,320396,6301583,155871,1662586345478]
01-01 08:40:15.837 0 0 D : mv2112_read_status
01-01 08:40:15.840 0 0 D mv2112_update_link: 3.0x901(1G): 0x80
01-01 08:40:15.853 0 0 D mv2112_update_link: 3.0x8109(100M): 0x0
01-01 08:40:15.865 0 0 D mv2112_update_link: link 0x0
01-01 08:40:15.869 0 0 D mv2112_read_status: autoneg is disabled
01-01 08:40:16.893 0 0 D : mv2112_read_status
01-01 08:40:16.896 0 0 D mv2112_update_link: 3.0x901(1G): 0x80
01-01 08:40:16.902 0 0 D mv2112_update_link: 3.0x8109(100M): 0x0
01-01 08:40:16.908 0 0 D mv2112_update_link: link 0x0
01-01 08:40:16.912 0 0 D mv2112_read_status: autoneg is disabled
01-01 08:40:17.556 0 0 I init : starting service 'qvrd_vndr'...
01-01 08:40:17.563 0 0 I init : Created socket '/dev/socket/qvrservice_vndr', mode 660, user 1000, group 1000
01-01 08:40:17.573 0 0 I init : Created socket '/dev/socket/qvrservice_vndr_camera', mode 660, user 1000, group 1000
01-01 08:40:17.601 0 0 I init : starting service 'sxrd'...
01-01 08:40:17.622 0 0 I init : starting service 'vendor.light-hal-2-0'...
09-08 05:32:27.375 7067 7067 F linker : CANNOT LINK EXECUTABLE "/vendor/bin/hw/sxrservice": library "vendor.qti.hardware.qxr-V1-ndk_platform.so" not found: needed by main executable
09-08 05:32:27.375 7066 7066 F linker : CANNOT LINK EXECUTABLE "/vendor/bin/hw/qvrservice": library "vendor.qti.hardware.qxr-V1-ndk_platform.so" not found: needed by /vendor/lib64/libqvrservice.so in namespace (default)
01-01 08:40:17.655 0 0 I init : Service 'qvrd_vndr' (pid 7066) exited with status 1
01-01 08:40:17.661 0 0 I init : Sending signal 9 to service 'qvrd_vndr' (pid 7066) process group...
01-01 08:40:17.670 0 0 I libprocessgroup: Successfully killed process cgroup uid 1000 pid 7066 in 0ms
01-01 08:40:17.680 0 0 I init : Service 'sxrd' (pid 7067) exited with status 1
01-01 08:40:17.686 0 0 I init : Sending signal 9 to service 'sxrd' (pid 7067) process group...
01-01 08:40:17.917 0 0 D : mv2112_read_status
01-01 08:40:17.921 0 0 D mv2112_update_link: 3.0x901(1G): 0x80
01-01 08:40:17.927 0 0 D mv2112_update_link: 3.0x8109(100M): 0x0
01-01 08:40:17.933 0 0 D mv2112_update_link: link 0x0
01-01 08:40:17.938 0 0 D mv2112_read_status: autoneg is disabled
01-01 08:40:18.941 0 0 D : mv2112_read_status
01-01 08:40:18.944 0 0 D mv2112_update_link: 3.0x901(1G): 0x80
01-01 08:40:18.950 0 0 D mv2112_update_link: 3.0x8109(100M): 0x0
01-01 08:40:18.955 0 0 D mv2112_update_link: link 0x0
01-01 08:40:18.959 0 0 D mv2112_read_status: autoneg is disabled
01-01 08:40:19.965 0 0 D : mv2112_read_status
01-01 08:40:19.969 0 0 D mv2112_update_link: 3.0x901(1G): 0x80
01-01 08:40:19.974 0 0 D mv2112_update_link: 3.0x8109(100M): 0x0
01-01 08:40:19.979 0 0 D mv2112_update_link: link 0x0
01-01 08:40:19.984 0 0 D mv2112_read_status: autoneg is disabled
01-01 08:40:20.989 0 0 D : mv2112_read_status
01-01 08:40:20.992 0 0 D mv2112_update_link: 3.0x901(1G): 0x80
01-01 08:40:20.998 0 0 D mv2112_update_link: 3.0x8109(100M): 0x0
01-01 08:40:21.004 0 0 D mv2112_update_link: link 0x0
01-01 08:40:21.008 0 0 D mv2112_read_status: autoneg is disabled
01-01 08:40:22.013 0 0 D : mv2112_read_status
01-01 08:40:22.016 0 0 D mv2112_update_link: 3.0x901(1G): 0x80
01-01 08:40:22.023 0 0 D mv2112_update_link: 3.0x8109(100M): 0x0
01-01 08:40:22.028 0 0 D mv2112_update_link: link 0x0
01-01 08:40:22.033 0 0 D mv2112_read_status: autoneg is disabled
09-08 05:32:32.221 1151 2144 I netstats_mobile_sample: [0,0,0,0,0,0,0,0,0,0,0,0,1662586352221]
09-08 05:32:32.221 1151 2144 I netstats_wifi_sample: [462033422,320320,6360155,156882,462033422,320320,6360155,156882,462208139,322111,6335111,156702,1662586352221]
01-01 08:40:22.600 0 0 I init : starting service 'qvrd_vndr'...
01-01 08:40:22.607 0 0 I init : Created socket '/dev/socket/qvrservice_vndr', mode 660, user 1000, group 1000
01-01 08:40:22.618 0 0 I init : Created socket '/dev/socket/qvrservice_vndr_camera', mode 660, user 1000, group 1000
01-01 08:40:22.645 0 0 I init : starting service 'sxrd'...
01-01 08:40:22.663 0 0 I init : starting service 'vendor.light-hal-2-0'...
09-08 05:32:32.413 7072 7072 F linker : CANNOT LINK EXECUTABLE "/vendor/bin/hw/sxrservice": library "vendor.qti.hardware.qxr-V1-ndk_platform.so" not found: needed by main executable
09-08 05:32:32.413 7071 7071 F linker : CANNOT LINK EXECUTABLE "/vendor/bin/hw/qvrservice": library "vendor.qti.hardware.qxr-V1-ndk_platform.so" not found: needed by /vendor/lib64/libqvrservice.so in namespace (default)
01-01 08:40:22.691 0 0 I init : Service 'sxrd' (pid 7072) exited with status 1
01-01 08:40:22.698 0 0 I init : Sending signal 9 to service 'sxrd' (pid 7072) process group...
01-01 08:40:22.706 0 0 I libprocessgroup: Successfully killed process cgroup uid 1000 pid 7072 in 0ms
01-01 08:40:22.716 0 0 I init : Service 'qvrd_vndr' (pid 7071) exited with status 1
01-01 08:40:22.723 0 0 I init : Sending signal 9 to service 'qvrd_vndr' (pid 7071) process group...
01-01 08:40:23.037 0 0 D : mv2112_read_status
01-01 08:40:23.040 0 0 D mv2112_update_link: 3.0x901(1G): 0x80
01-01 08:40:23.046 0 0 D mv2112_update_link: 3.0x8109(100M): 0x0
01-01 08:40:23.061 0 0 D mv2112_update_link: link 0x0
01-01 08:40:23.065 0 0 D mv2112_read_status: autoneg is disabled
01-01 08:40:24.093 0 0 D : mv2112_read_status
01-01 08:40:24.097 0 0 D mv2112_update_link: 3.0x901(1G): 0x80
01-01 08:40:24.102 0 0 D mv2112_update_link: 3.0x8109(100M): 0x0
01-01 08:40:24.108 0 0 D mv2112_update_link: link 0x0
01-01 08:40:24.112 0 0 D mv2112_read_status: autoneg is disabled
01-01 08:40:25.117 0 0 D : mv2112_read_status
01-01 08:40:25.121 0 0 D mv2112_update_link: 3.0x901(1G): 0x80
01-01 08:40:25.126 0 0 D mv2112_update_link: 3.0x8109(100M): 0x0
01-01 08:40:25.132 0 0 D mv2112_update_link: link 0x0
01-01 08:40:25.136 0 0 D mv2112_read_status: autoneg is disabled
01-01 08:40:26.141 0 0 D : mv2112_read_status
01-01 08:40:26.144 0 0 D mv2112_update_link: 3.0x901(1G): 0x80
01-01 08:40:26.150 0 0 D mv2112_update_link: 3.0x8109(100M): 0x0
01-01 08:40:26.156 0 0 D mv2112_update_link: link 0x0
01-01 08:40:26.160 0 0 D mv2112_read_status: autoneg is disabled
01-01 08:40:27.165 0 0 D : mv2112_read_status
01-01 08:40:27.168 0 0 D mv2112_update_link: 3.0x901(1G): 0x80
01-01 08:40:27.175 0 0 D mv2112_update_link: 3.0x8109(100M): 0x0
01-01 08:40:27.182 0 0 D mv2112_update_link: link 0x0
01-01 08:40:27.186 0 0 D mv2112_read_status: autoneg is disabled
01-01 08:40:27.297 0 0 I [schedu][0xad978c63c][05:32:37.019568] wlan: [4436:I:WMA] [05:32:36.527000] [ROAM_TRIGGER]: VDEV[0] Reason: "PER"
01-01 08:40:27.313 0 0 I [schedu][0xad97d7678][05:32:37.035569] wlan: [4436:I:WMA] [05:32:36.527000] [ROAM_SCAN]: VDEV[0] Scan_type: PARTIAL {5200 5280 }
01-01 08:40:27.326 0 0 I [schedu][0xad9815795][05:32:37.048811] wlan: [4436:I:WMA] ============================================================================================================================
01-01 08:40:27.344 0 0 I [schedu][0xad9869865][05:32:37.066742] wlan: [4436:I:WMA] AP BSSID TSTAMP CH TY ETP RSSI/SCR CU%/SCR TOT_SCR BL_RSN BL_SRC BL_TSTAMP BL_TIMEOUT(ms)
01-01 08:40:27.363 0 0 I [schedu][0xad98c28a2][05:32:37.085731] wlan: [4436:I:WMA] ============================================================================================================================
01-01 08:40:27.381 0 0 I [schedu][0xad99161f0][05:32:37.103561] wlan: [4436:I:WMA] 04:d9:f5:fb:09:94 [05:32:36.528000] 5280 P_AP 0 37/0 0/0 4586 0 0 [00:00:00.000000] 0
01-01 08:40:27.398 0 0 I [schedu][0xad996789c][05:32:37.120930] wlan: [4436:I:WMA] [05:32:37.012000] [ROAM_RESULT]: VDEV[0] FAILED Reason: NO AP FOUND
01-01 08:40:27.644 0 0 I init : starting service 'qvrd_vndr'...
01-01 08:40:27.651 0 0 I init : Created socket '/dev/socket/qvrservice_vndr', mode 660, user 1000, group 1000
01-01 08:40:27.664 0 0 I init : Created socket '/dev/socket/qvrservice_vndr_camera', mode 660, user 1000, group 1000
01-01 08:40:27.694 0 0 I init : starting service 'sxrd'...
09-08 05:32:37.443 7077 7077 F linker : CANNOT LINK EXECUTABLE "/vendor/bin/hw/sxrservice": library "vendor.qti.hardware.qxr-V1-ndk_platform.so" not found: needed by main executable
01-01 08:40:27.714 0 0 I init : starting service 'vendor.light-hal-2-0'...
09-08 05:32:37.456 7075 7075 F linker : CANNOT LINK EXECUTABLE "/vendor/bin/hw/qvrservice": library "vendor.qti.hardware.qxr-V1-ndk_platform.so" not found: needed by /vendor/lib64/libqvrservice.so in namespace (default)
01-01 08:40:27.732 0 0 I init : Service 'sxrd' (pid 7077) exited with status 1
01-01 08:40:27.738 0 0 I init : Sending signal 9 to service 'sxrd' (pid 7077) process group...
01-01 08:40:27.746 0 0 I libprocessgroup: Successfully killed process cgroup uid 1000 pid 7077 in 0ms
01-01 08:40:27.756 0 0 I init : Service 'qvrd_vndr' (pid 7075) exited with status 1
01-01 08:40:27.763 0 0 I init : Sending signal 9 to service 'qvrd_vndr' (pid 7075) process group...
01-01 08:40:28.189 0 0 D : mv2112_read_status
01-01 08:40:28.192 0 0 D mv2112_update_link: 3.0x901(1G): 0x80
01-01 08:40:28.198 0 0 D mv2112_update_link: 3.0x8109(100M): 0x0
01-01 08:40:28.203 0 0 D mv2112_update_link: link 0x0
01-01 08:40:28.207 0 0 D mv2112_read_status: autoneg is disabled
09-08 05:32:38.370 1151 2144 I netstats_mobile_sample: [0,0,0,0,0,0,0,0,0,0,0,0,1662586358370]
09-08 05:32:38.371 1151 2144 I netstats_wifi_sample: [464481910,322029,6392715,157690,464481910,322029,6392715,157690,464659627,323822,6367711,157511,1662586358370]
01-01 08:40:29.213 0 0 D : mv2112_read_status
01-01 08:40:29.216 0 0 D mv2112_update_link: 3.0x901(1G): 0x80
01-01 08:40:29.222 0 0 D mv2112_update_link: 3.0x8109(100M): 0x0
01-01 08:40:29.227 0 0 D mv2112_update_link: link 0x0
01-01 08:40:29.231 0 0 D mv2112_read_status: autoneg is disabled
01-01 08:40:30.237 0 0 D : mv2112_read_status
01-01 08:40:30.241 0 0 D mv2112_update_link: 3.0x901(1G): 0x80
01-01 08:40:30.246 0 0 D mv2112_update_link: 3.0x8109(100M): 0x0
01-01 08:40:30.252 0 0 D mv2112_update_link: link 0x0
01-01 08:40:30.256 0 0 D mv2112_read_status: autoneg is disabled
01-01 08:40:30.771 0 0 I [schedu][0xadd72725d][05:32:40.493224] wlan: [4436:I:WMA] [05:32:37.080000] [ROAM_TRIGGER]: VDEV[0] Reason: "PER" Sub-Reason: FULL SCAN
01-01 08:40:30.785 0 0 I [schedu][0xadd7689c8][05:32:40.507189] wlan: [4436:I:WMA] [05:32:37.080000] [ROAM_SCAN]: VDEV[0] Scan_type: FULL
01-01 08:40:30.805 0 0 I [schedu][0xadd7c7c15][05:32:40.527484] wlan: [4436:I:WMA] ============================================================================================================================
01-01 08:40:30.823 0 0 I [schedu][0xadd81d9f9][05:32:40.545803] wlan: [4436:I:WMA] AP BSSID TSTAMP CH TY ETP RSSI/SCR CU%/SCR TOT_SCR BL_RSN BL_SRC BL_TSTAMP BL_TIMEOUT(ms)
01-01 08:40:30.841 0 0 I [schedu][0xadd8723be][05:32:40.563852] wlan: [4436:I:WMA] ============================================================================================================================
01-01 08:40:30.859 0 0 I [schedu][0xadd8c6cac][05:32:40.581891] wlan: [4436:I:WMA] 04:d9:f5:fb:09:94 [05:32:37.080000] 5280 P_AP 0 37/0 0/0 4586 0 0 [00:00:00.000000] 0
01-01 08:40:30.877 0 0 I [schedu][0xadd918fac][05:32:40.599424] wlan: [4436:I:WMA] [05:32:40.489000] [ROAM_RESULT]: VDEV[0] FAILED Reason: NO AP FOUND
01-01 08:40:31.261 0 0 D : mv2112_read_status
01-01 08:40:31.264 0 0 D mv2112_update_link: 3.0x901(1G): 0x80
01-01 08:40:31.270 0 0 D mv2112_update_link: 3.0x8109(100M): 0x0
01-01 08:40:31.275 0 0 D mv2112_update_link: link 0x0
01-01 08:40:31.279 0 0 D mv2112_read_status: autoneg is disabled
01-01 08:40:32.285 0 0 D : mv2112_read_status
01-01 08:40:32.288 0 0 D mv2112_update_link: 3.0x901(1G): 0x80
01-01 08:40:32.295 0 0 D mv2112_update_link: 3.0x8109(100M): 0x0
01-01 08:40:32.301 0 0 D mv2112_update_link: link 0x0
01-01 08:40:32.306 0 0 D mv2112_read_status: autoneg is disabled
01-01 08:40:32.691 0 0 I init : starting service 'qvrd_vndr'...
01-01 08:40:32.697 0 0 I init : Created socket '/dev/socket/qvrservice_vndr', mode 660, user 1000, group 1000
01-01 08:40:32.708 0 0 I init : Created socket '/dev/socket/qvrservice_vndr_camera', mode 660, user 1000, group 1000
01-01 08:40:32.738 0 0 I init : starting service 'sxrd'...
01-01 08:40:32.760 0 0 I init : starting service 'vendor.light-hal-2-0'...
09-08 05:32:42.513 7081 7081 F linker : CANNOT LINK EXECUTABLE "/vendor/bin/hw/sxrservice": library "vendor.qti.hardware.qxr-V1-ndk_platform.so" not found: needed by main executable
09-08 05:32:42.518 7080 7080 F linker : CANNOT LINK EXECUTABLE "/vendor/bin/hw/qvrservice": library "vendor.qti.hardware.qxr-V1-ndk_platform.so" not found: needed by /vendor/lib64/libqvrservice.so in namespace (default)
01-01 08:40:32.793 0 0 I init : Service 'sxrd' (pid 7081) exited with status 1
01-01 08:40:32.800 0 0 I init : Sending signal 9 to service 'sxrd' (pid 7081) process group...
01-01 08:40:32.808 0 0 I libprocessgroup: Successfully killed process cgroup uid 1000 pid 7081 in 0ms
01-01 08:40:32.817 0 0 I init : Service 'qvrd_vndr' (pid 7080) exited with status 1
01-01 08:40:32.824 0 0 I init : Sending signal 9 to service 'qvrd_vndr' (pid 7080) process group...
01-01 08:40:33.309 0 0 D : mv2112_read_status
01-01 08:40:33.312 0 0 D mv2112_update_link: 3.0x901(1G): 0x80
01-01 08:40:33.318 0 0 D mv2112_update_link: 3.0x8109(100M): 0x0
01-01 08:40:33.323 0 0 D mv2112_update_link: link 0x0
01-01 08:40:33.327 0 0 D mv2112_read_status: autoneg is disabled
09-08 05:32:43.472 1151 2144 I netstats_mobile_sample: [0,0,0,0,0,0,0,0,0,0,0,0,1662586363472]
09-08 05:32:43.473 1151 2144 I netstats_wifi_sample: [466879786,323687,6424587,158482,466879786,323687,6424587,158482,467057467,325479,6399543,158302,1662586363472]
01-01 08:40:34.333 0 0 D : mv2112_read_status
01-01 08:40:34.336 0 0 D mv2112_update_link: 3.0x901(1G): 0x80
01-01 08:40:34.347 0 0 D mv2112_update_link: 3.0x8109(100M): 0x0
01-01 08:40:34.352 0 0 D mv2112_update_link: link 0x0
01-01 08:40:34.357 0 0 D mv2112_read_status: autoneg is disabled
01-01 08:40:35.389 0 0 D : mv2112_read_status
01-01 08:40:35.392 0 0 D mv2112_update_link: 3.0x901(1G): 0x80
01-01 08:40:35.398 0 0 D mv2112_update_link: 3.0x8109(100M): 0x0
01-01 08:40:35.404 0 0 D mv2112_update_link: link 0x0
01-01 08:40:35.408 0 0 D mv2112_read_status: autoneg is disabled
01-01 08:40:36.413 0 0 D : mv2112_read_status
01-01 08:40:36.417 0 0 D mv2112_update_link: 3.0x901(1G): 0x80
01-01 08:40:36.423 0 0 D mv2112_update_link: 3.0x8109(100M): 0x0
01-01 08:40:36.428 0 0 D mv2112_update_link: link 0x0
01-01 08:40:36.433 0 0 D mv2112_read_status: autoneg is disabled
01-01 08:40:37.437 0 0 D : mv2112_read_status
01-01 08:40:37.440 0 0 D mv2112_update_link: 3.0x901(1G): 0x80
01-01 08:40:37.455 0 0 D mv2112_update_link: 3.0x8109(100M): 0x0
01-01 08:40:37.460 0 0 D mv2112_update_link: link 0x0
01-01 08:40:37.474 0 0 D mv2112_read_status: autoneg is disabled
01-01 08:40:37.737 0 0 I init : starting service 'qvrd_vndr'...
01-01 08:40:37.743 0 0 I init : Created socket '/dev/socket/qvrservice_vndr', mode 660, user 1000, group 1000
01-01 08:40:37.753 0 0 I init : Created socket '/dev/socket/qvrservice_vndr_camera', mode 660, user 1000, group 1000
01-01 08:40:37.781 0 0 I init : starting service 'sxrd'...
01-01 08:40:37.799 0 0 I init : starting service 'vendor.light-hal-2-0'...
09-08 05:32:47.535 7086 7086 F linker : CANNOT LINK EXECUTABLE "/vendor/bin/hw/qvrservice": library "vendor.qti.hardware.qxr-V1-ndk_platform.so" not found: needed by /vendor/lib64/libqvrservice.so in namespace (default)
09-08 05:32:47.555 7087 7087 F linker : CANNOT LINK EXECUTABLE "/vendor/bin/hw/sxrservice": library "vendor.qti.hardware.qxr-V1-ndk_platform.so" not found: needed by main executable
01-01 08:40:37.820 0 0 I init : Service 'qvrd_vndr' (pid 7086) exited with status 1
01-01 08:40:37.826 0 0 I init : Sending signal 9 to service 'qvrd_vndr' (pid 7086) process group...
01-01 08:40:37.835 0 0 I libprocessgroup: Successfully killed process cgroup uid 1000 pid 7086 in 0ms
01-01 08:40:37.846 0 0 I init : Service 'sxrd' (pid 7087) exited with status 1
01-01 08:40:37.852 0 0 I init : Sending signal 9 to service 'sxrd' (pid 7087) process group...
01-01 08:40:38.493 0 0 D : mv2112_read_status
01-01 08:40:38.496 0 0 D mv2112_update_link: 3.0x901(1G): 0x80
01-01 08:40:38.501 0 0 D mv2112_update_link: 3.0x8109(100M): 0x0
01-01 08:40:38.507 0 0 D mv2112_update_link: link 0x0
01-01 08:40:38.511 0 0 D mv2112_read_status: autoneg is disabled
01-01 08:40:39.517 0 0 D : mv2112_read_status
01-01 08:40:39.520 0 0 D mv2112_update_link: 3.0x901(1G): 0x80
01-01 08:40:39.526 0 0 D mv2112_update_link: 3.0x8109(100M): 0x0
01-01 08:40:39.532 0 0 D mv2112_update_link: link 0x0
01-01 08:40:39.536 0 0 D mv2112_read_status: autoneg is disabled
01-01 08:40:40.541 0 0 D : mv2112_read_status
01-01 08:40:40.544 0 0 D mv2112_update_link: 3.0x901(1G): 0x80
01-01 08:40:40.552 0 0 D mv2112_update_link: 3.0x8109(100M): 0x0
01-01 08:40:40.558 0 0 D mv2112_update_link: link 0x0
01-01 08:40:40.562 0 0 D mv2112_read_status: autoneg is disabled
09-08 05:32:51.018 1151 2144 I netstats_mobile_sample: [0,0,0,0,0,0,0,0,0,0,0,0,1662586371017]
09-08 05:32:51.018 1151 2144 I netstats_wifi_sample: [469332150,325367,6458971,159335,469327650,325364,6458931,159334,469492463,327147,6433623,159148,1662586371017]
01-01 08:40:41.565 0 0 D : mv2112_read_status
01-01 08:40:41.568 0 0 D mv2112_update_link: 3.0x901(1G): 0x80
01-01 08:40:41.574 0 0 D mv2112_update_link: 3.0x8109(100M): 0x0
01-01 08:40:41.589 0 0 D mv2112_update_link: link 0x0
01-01 08:40:41.593 0 0 D mv2112_read_status: autoneg is disabled
01-01 08:40:42.621 0 0 D : mv2112_read_status
01-01 08:40:42.625 0 0 D mv2112_update_link: 3.0x901(1G): 0x80
01-01 08:40:42.630 0 0 D mv2112_update_link: 3.0x8109(100M): 0x0
01-01 08:40:42.653 0 0 D mv2112_update_link: link 0x0
01-01 08:40:42.657 0 0 D mv2112_read_status: autoneg is disabled
01-01 08:40:42.781 0 0 I init : starting service 'qvrd_vndr'...
01-01 08:40:42.787 0 0 I init : Created socket '/dev/socket/qvrservice_vndr', mode 660, user 1000, group 1000
01-01 08:40:42.798 0 0 I init : Created socket '/dev/socket/qvrservice_vndr_camera', mode 660, user 1000, group 1000
01-01 08:40:42.824 0 0 I init : starting service 'sxrd'...
01-01 08:40:42.843 0 0 I init : starting service 'vendor.light-hal-2-0'...
09-08 05:32:52.592 7091 7091 F linker : CANNOT LINK EXECUTABLE "/vendor/bin/hw/sxrservice": library "vendor.qti.hardware.qxr-V1-ndk_platform.so" not found: needed by main executable
09-08 05:32:52.594 7090 7090 F linker : CANNOT LINK EXECUTABLE "/vendor/bin/hw/qvrservice": library "vendor.qti.hardware.qxr-V1-ndk_platform.so" not found: needed by /vendor/lib64/libqvrservice.so in namespace (default)
01-01 08:40:42.872 0 0 I init : Service 'sxrd' (pid 7091) exited with status 1
01-01 08:40:42.878 0 0 I init : Sending signal 9 to service 'sxrd' (pid 7091) process group...
01-01 08:40:42.887 0 0 I libprocessgroup: Successfully killed process cgroup uid 1000 pid 7091 in 0ms
01-01 08:40:42.898 0 0 I init : Service 'qvrd_vndr' (pid 7090) exited with status 1
01-01 08:40:42.904 0 0 I init : Sending signal 9 to service 'qvrd_vndr' (pid 7090) process group...
01-01 08:40:43.677 0 0 D : mv2112_read_status
01-01 08:40:43.681 0 0 D mv2112_update_link: 3.0x901(1G): 0x80
01-01 08:40:43.686 0 0 D mv2112_update_link: 3.0x8109(100M): 0x0
01-01 08:40:43.691 0 0 D mv2112_update_link: link 0x0
01-01 08:40:43.696 0 0 D mv2112_read_status: autoneg is disabled
01-01 08:40:44.701 0 0 D : mv2112_read_status
01-01 08:40:44.704 0 0 D mv2112_update_link: 3.0x901(1G): 0x80
01-01 08:40:44.710 0 0 D mv2112_update_link: 3.0x8109(100M): 0x0
01-01 08:40:44.729 0 0 D mv2112_update_link: link 0x0
01-01 08:40:44.733 0 0 D mv2112_read_status: autoneg is disabled
01-01 08:40:45.757 0 0 D : mv2112_read_status
01-01 08:40:45.760 0 0 D mv2112_update_link: 3.0x901(1G): 0x80
01-01 08:40:45.766 0 0 D mv2112_update_link: 3.0x8109(100M): 0x0
01-01 08:40:45.771 0 0 D mv2112_update_link: link 0x0
01-01 08:40:45.775 0 0 D mv2112_read_status: autoneg is disabled
01-01 08:40:46.781 0 0 D : mv2112_read_status
01-01 08:40:46.784 0 0 D mv2112_update_link: 3.0x901(1G): 0x80
01-01 08:40:46.790 0 0 D mv2112_update_link: 3.0x8109(100M): 0x0
01-01 08:40:46.795 0 0 D mv2112_update_link: link 0x0
01-01 08:40:46.800 0 0 D mv2112_read_status: autoneg is disabled
01-01 08:40:47.805 0 0 D : mv2112_read_status
01-01 08:40:47.809 0 0 D mv2112_update_link: 3.0x901(1G): 0x80
01-01 08:40:47.824 0 0 I init : starting service 'qvrd_vndr'...
01-01 08:40:47.829 0 0 D mv2112_update_link: 3.0x8109(100M): 0x0
01-01 08:40:47.831 0 0 I init : Created socket '/dev/socket/qvrservice_vndr', mode 660, user 1000, group 1000
01-01 08:40:47.835 0 0 D mv2112_update_link: link 0x0
01-01 08:40:47.845 0 0 I init : Created socket '/dev/socket/qvrservice_vndr_camera', mode 660, user 1000, group 1000
01-01 08:40:47.848 0 0 D mv2112_read_status: autoneg is disabled
01-01 08:40:47.875 0 0 I init : starting service 'sxrd'...
09-08 05:32:57.606 7095 7095 F linker : CANNOT LINK EXECUTABLE "/vendor/bin/hw/qvrservice": library "vendor.qti.hardware.qxr-V1-ndk_platform.so" not found: needed by /vendor/lib64/libqvrservice.so in namespace (default)
01-01 08:40:47.892 0 0 I init : Service 'qvrd_vndr' (pid 7095) exited with status 1
01-01 08:40:47.899 0 0 I init : Sending signal 9 to service 'qvrd_vndr' (pid 7095) process group...
01-01 08:40:47.907 0 0 I libprocessgroup: Successfully killed process cgroup uid 1000 pid 7095 in 0ms
09-08 05:32:57.650 7096 7096 F linker : CANNOT LINK EXECUTABLE "/vendor/bin/hw/sxrservice": library "vendor.qti.hardware.qxr-V1-ndk_platform.so" not found: needed by main executable
01-01 08:40:47.924 0 0 I init : starting service 'vendor.light-hal-2-0'...
01-01 08:40:47.946 0 0 I init : Service 'sxrd' (pid 7096) exited with status 1
01-01 08:40:47.952 0 0 I init : Sending signal 9 to service 'sxrd' (pid 7096) process group...
01-01 08:40:48.861 0 0 D : mv2112_read_status
01-01 08:40:48.864 0 0 D mv2112_update_link: 3.0x901(1G): 0x80
01-01 08:40:48.870 0 0 D mv2112_update_link: 3.0x8109(100M): 0x0
01-01 08:40:48.876 0 0 D mv2112_update_link: link 0x0
01-01 08:40:48.880 0 0 D mv2112_read_status: autoneg is disabled
09-08 05:32:59.468 1151 2144 I netstats_mobile_sample: [0,0,0,0,0,0,0,0,0,0,0,0,1662586379468]
09-08 05:32:59.469 1151 2144 I netstats_wifi_sample: [471719050,326972,6492563,160170,471719050,326972,6492563,160170,471896731,328764,6467519,159990,1662586379468]
01-01 08:40:49.885 0 0 D : mv2112_read_status
01-01 08:40:49.890 0 0 D mv2112_update_link: 3.0x901(1G): 0x80
01-01 08:40:49.899 0 0 D mv2112_update_link: 3.0x8109(100M): 0x0
01-01 08:40:49.912 0 0 D mv2112_update_link: link 0x0
01-01 08:40:49.916 0 0 D mv2112_read_status: autoneg is disabled
01-01 08:40:50.941 0 0 D : mv2112_read_status
01-01 08:40:50.944 0 0 D mv2112_update_link: 3.0x901(1G): 0x80
01-01 08:40:50.950 0 0 D mv2112_update_link: 3.0x8109(100M): 0x0
01-01 08:40:50.965 0 0 D mv2112_update_link: link 0x0
01-01 08:40:50.969 0 0 D mv2112_read_status: autoneg is disabled
01-01 08:40:51.997 0 0 D : mv2112_read_status
01-01 08:40:52.000 0 0 D mv2112_update_link: 3.0x901(1G): 0x80
01-01 08:40:52.006 0 0 D mv2112_update_link: 3.0x8109(100M): 0x0
01-01 08:40:52.011 0 0 D mv2112_update_link: link 0x0
01-01 08:40:52.015 0 0 D mv2112_read_status: autoneg is disabled
01-01 08:40:52.874 0 0 I init : starting service 'qvrd_vndr'...
01-01 08:40:52.880 0 0 I init : Created socket '/dev/socket/qvrservice_vndr', mode 660, user 1000, group 1000
01-01 08:40:52.891 0 0 I init : Created socket '/dev/socket/qvrservice_vndr_camera', mode 660, user 1000, group 1000
01-01 08:40:52.921 0 0 I init : starting service 'sxrd'...
01-01 08:40:52.941 0 0 I init : starting service 'vendor.light-hal-2-0'...
09-08 05:33:02.678 7100 7100 F linker : CANNOT LINK EXECUTABLE "/vendor/bin/hw/qvrservice": library "vendor.qti.hardware.qxr-V1-ndk_platform.so" not found: needed by /vendor/lib64/libqvrservice.so in namespace (default)
01-01 08:40:52.959 0 0 I init : Service 'qvrd_vndr' (pid 7100) exited with status 1
01-01 08:40:52.966 0 0 I init : Sending signal 9 to service 'qvrd_vndr' (pid 7100) process group...
09-08 05:33:02.692 7101 7101 F linker : CANNOT LINK EXECUTABLE "/vendor/bin/hw/sxrservice": library "vendor.qti.hardware.qxr-V1-ndk_platform.so" not found: needed by main executable
01-01 08:40:52.974 0 0 I libprocessgroup: Successfully killed process cgroup uid 1000 pid 7100 in 0ms
01-01 08:40:52.986 0 0 I init : Service 'sxrd' (pid 7101) exited with status 1
01-01 08:40:52.993 0 0 I init : Sending signal 9 to service 'sxrd' (pid 7101) process group...
01-01 08:40:53.022 0 0 D : mv2112_read_status
01-01 08:40:53.026 0 0 D mv2112_update_link: 3.0x901(1G): 0x80
01-01 08:40:53.032 0 0 D mv2112_update_link: 3.0x8109(100M): 0x0
01-01 08:40:53.037 0 0 D mv2112_update_link: link 0x0
01-01 08:40:53.042 0 0 D mv2112_read_status: autoneg is disabled
01-01 08:40:54.045 0 0 D : mv2112_read_status
01-01 08:40:54.048 0 0 D mv2112_update_link: 3.0x901(1G): 0x80
01-01 08:40:54.058 0 0 D mv2112_update_link: 3.0x8109(100M): 0x0
01-01 08:40:54.065 0 0 D mv2112_update_link: link 0x0
01-01 08:40:54.069 0 0 D mv2112_read_status: autoneg is disabled
01-01 08:40:55.101 0 0 D : mv2112_read_status
01-01 08:40:55.104 0 0 D mv2112_update_link: 3.0x901(1G): 0x80
01-01 08:40:55.110 0 0 D mv2112_update_link: 3.0x8109(100M): 0x0
01-01 08:40:55.115 0 0 D mv2112_update_link: link 0x0
01-01 08:40:55.119 0 0 D mv2112_read_status: autoneg is disabled
09-08 05:33:05.099 1151 2144 I netstats_mobile_sample: [0,0,0,0,0,0,0,0,0,0,0,0,1662586385099]
09-08 05:33:05.100 1151 2144 I netstats_wifi_sample: [474175054,328728,6524231,160956,474175054,328728,6524231,160956,474352699,330519,6499187,160776,1662586385099]
01-01 08:40:56.125 0 0 D : mv2112_read_status
01-01 08:40:56.129 0 0 D mv2112_update_link: 3.0x901(1G): 0x80
01-01 08:40:56.134 0 0 D mv2112_update_link: 3.0x8109(100M): 0x0
01-01 08:40:56.140 0 0 D mv2112_update_link: link 0x0
01-01 08:40:56.145 0 0 D mv2112_read_status: autoneg is disabled
01-01 08:40:57.149 0 0 D : mv2112_read_status
01-01 08:40:57.152 0 0 D mv2112_update_link: 3.0x901(1G): 0x80
01-01 08:40:57.157 0 0 D mv2112_update_link: 3.0x8109(100M): 0x0
01-01 08:40:57.163 0 0 D mv2112_update_link: link 0x0
01-01 08:40:57.167 0 0 D mv2112_read_status: autoneg is disabled
01-01 08:40:57.919 0 0 I init : starting service 'qvrd_vndr'...
01-01 08:40:57.926 0 0 I init : Created socket '/dev/socket/qvrservice_vndr', mode 660, user 1000, group 1000
01-01 08:40:57.937 0 0 I init : Created socket '/dev/socket/qvrservice_vndr_camera', mode 660, user 1000, group 1000
01-01 08:40:57.963 0 0 I init : starting service 'sxrd'...
01-01 08:40:57.983 0 0 I init : starting service 'vendor.light-hal-2-0'...
09-08 05:33:07.731 7105 7105 F linker : CANNOT LINK EXECUTABLE "/vendor/bin/hw/sxrservice": library "vendor.qti.hardware.qxr-V1-ndk_platform.so" not found: needed by main executable
09-08 05:33:07.732 7104 7104 F linker : CANNOT LINK EXECUTABLE "/vendor/bin/hw/qvrservice": library "vendor.qti.hardware.qxr-V1-ndk_platform.so" not found: needed by /vendor/lib64/libqvrservice.so in namespace (default)
01-01 08:40:58.010 0 0 I init : Service 'sxrd' (pid 7105) exited with status 1
01-01 08:40:58.016 0 0 I init : Sending signal 9 to service 'sxrd' (pid 7105) process group...
01-01 08:40:58.025 0 0 I libprocessgroup: Successfully killed process cgroup uid 1000 pid 7105 in 0ms
01-01 08:40:58.034 0 0 I init : Service 'qvrd_vndr' (pid 7104) exited with status 1
01-01 08:40:58.041 0 0 I init : Sending signal 9 to service 'qvrd_vndr' (pid 7104) process group...
01-01 08:40:58.173 0 0 D : mv2112_read_status
01-01 08:40:58.176 0 0 D mv2112_update_link: 3.0x901(1G): 0x80
01-01 08:40:58.184 0 0 D mv2112_update_link: 3.0x8109(100M): 0x0
01-01 08:40:58.190 0 0 D mv2112_update_link: link 0x0
01-01 08:40:58.194 0 0 D mv2112_read_status: autoneg is disabled
01-01 08:40:59.229 0 0 D : mv2112_read_status
01-01 08:40:59.233 0 0 D mv2112_update_link: 3.0x901(1G): 0x80
01-01 08:40:59.239 0 0 D mv2112_update_link: 3.0x8109(100M): 0x0
01-01 08:40:59.245 0 0 D mv2112_update_link: link 0x0
01-01 08:40:59.249 0 0 D mv2112_read_status: autoneg is disabled
01-01 08:41:00.253 0 0 D : mv2112_read_status
01-01 08:41:00.257 0 0 D mv2112_update_link: 3.0x901(1G): 0x80
01-01 08:41:00.262 0 0 D mv2112_update_link: 3.0x8109(100M): 0x0
01-01 08:41:00.268 0 0 D mv2112_update_link: link 0x0
01-01 08:41:00.272 0 0 D mv2112_read_status: autoneg is disabled
01-01 08:41:01.277 0 0 D : mv2112_read_status
01-01 08:41:01.289 0 0 D mv2112_update_link: 3.0x901(1G): 0x80
01-01 08:41:01.300 0 0 D mv2112_update_link: 3.0x8109(100M): 0x0
01-01 08:41:01.305 0 0 D mv2112_update_link: link 0x0
01-01 08:41:01.309 0 0 D mv2112_read_status: autoneg is disabled
09-08 05:33:11.465 1151 2144 I netstats_mobile_sample: [0,0,0,0,0,0,0,0,0,0,0,0,1662586391465]
09-08 05:33:11.465 1151 2144 I netstats_wifi_sample: [476848986,330530,6561791,161889,476848986,330530,6561791,161889,477026631,332321,6536707,161708,1662586391465]
09-08 05:33:11.617 1151 1706 I UsageStatsService: User[0] Flushing usage stats to disk
01-01 08:41:02.333 0 0 D : mv2112_read_status
01-01 08:41:02.336 0 0 D mv2112_update_link: 3.0x901(1G): 0x80
01-01 08:41:02.342 0 0 D mv2112_update_link: 3.0x8109(100M): 0x0
01-01 08:41:02.347 0 0 D mv2112_update_link: link 0x0
01-01 08:41:02.351 0 0 D mv2112_read_status: autoneg is disabled
01-01 08:41:02.963 0 0 I init : starting service 'qvrd_vndr'...
01-01 08:41:02.970 0 0 I init : Created socket '/dev/socket/qvrservice_vndr', mode 660, user 1000, group 1000
01-01 08:41:02.980 0 0 I init : Created socket '/dev/socket/qvrservice_vndr_camera', mode 660, user 1000, group 1000
01-01 08:41:03.007 0 0 I init : starting service 'sxrd'...
01-01 08:41:03.026 0 0 I init : starting service 'vendor.light-hal-2-0'...
09-08 05:33:12.772 7110 7110 F linker : CANNOT LINK EXECUTABLE "/vendor/bin/hw/sxrservice": library "vendor.qti.hardware.qxr-V1-ndk_platform.so" not found: needed by main executable
09-08 05:33:12.774 7109 7109 F linker : CANNOT LINK EXECUTABLE "/vendor/bin/hw/qvrservice": library "vendor.qti.hardware.qxr-V1-ndk_platform.so" not found: needed by /vendor/lib64/libqvrservice.so in namespace (default)
01-01 08:41:03.052 0 0 I init : Service 'sxrd' (pid 7110) exited with status 1
01-01 08:41:03.058 0 0 I init : Sending signal 9 to service 'sxrd' (pid 7110) process group...
01-01 08:41:03.066 0 0 I libprocessgroup: Successfully killed process cgroup uid 1000 pid 7110 in 0ms
01-01 08:41:03.077 0 0 I init : Service 'qvrd_vndr' (pid 7109) exited with status 1
01-01 08:41:03.083 0 0 I init : Sending signal 9 to service 'qvrd_vndr' (pid 7109) process group...
01-01 08:41:03.357 0 0 D : mv2112_read_status
01-01 08:41:03.361 0 0 D mv2112_update_link: 3.0x901(1G): 0x80
01-01 08:41:03.370 0 0 D mv2112_update_link: 3.0x8109(100M): 0x0
01-01 08:41:03.375 0 0 D mv2112_update_link: link 0x0
01-01 08:41:03.380 0 0 D mv2112_read_status: autoneg is disabled
01-01 08:41:04.413 0 0 D : mv2112_read_status
01-01 08:41:04.416 0 0 D mv2112_update_link: 3.0x901(1G): 0x80
01-01 08:41:04.423 0 0 D mv2112_update_link: 3.0x8109(100M): 0x0
01-01 08:41:04.429 0 0 D mv2112_update_link: link 0x0
01-01 08:41:04.433 0 0 D mv2112_read_status: autoneg is disabled
01-01 08:41:05.437 0 0 D : mv2112_read_status
01-01 08:41:05.440 0 0 D mv2112_update_link: 3.0x901(1G): 0x80
01-01 08:41:05.446 0 0 D mv2112_update_link: 3.0x8109(100M): 0x0
01-01 08:41:05.452 0 0 D mv2112_update_link: link 0x0
01-01 08:41:05.456 0 0 D mv2112_read_status: autoneg is disabled
01-01 08:41:06.461 0 0 D : mv2112_read_status
01-01 08:41:06.464 0 0 D mv2112_update_link: 3.0x901(1G): 0x80
01-01 08:41:06.470 0 0 D mv2112_update_link: 3.0x8109(100M): 0x0
01-01 08:41:06.475 0 0 D mv2112_update_link: link 0x0
01-01 08:41:06.479 0 0 D mv2112_read_status: autoneg is disabled
01-01 08:41:07.485 0 0 D : mv2112_read_status
01-01 08:41:07.489 0 0 D mv2112_update_link: 3.0x901(1G): 0x80
01-01 08:41:07.494 0 0 D mv2112_update_link: 3.0x8109(100M): 0x0
01-01 08:41:07.500 0 0 D mv2112_update_link: link 0x0
01-01 08:41:07.504 0 0 D mv2112_read_status: autoneg is disabled
09-08 05:33:17.474 1151 2144 I netstats_mobile_sample: [0,0,0,0,0,0,0,0,0,0,0,0,1662586397474]
09-08 05:33:17.474 1151 2144 I netstats_wifi_sample: [479288150,332216,6595523,162726,479288150,332216,6595523,162726,479465795,334007,6570439,162545,1662586397474]
01-01 08:41:08.007 0 0 I init : starting service 'qvrd_vndr'...
01-01 08:41:08.017 0 0 I init : Created socket '/dev/socket/qvrservice_vndr', mode 660, user 1000, group 1000
01-01 08:41:08.029 0 0 I init : Created socket '/dev/socket/qvrservice_vndr_camera', mode 660, user 1000, group 1000
01-01 08:41:08.083 0 0 I init : starting service 'sxrd'...
01-01 08:41:08.107 0 0 I init : starting service 'vendor.light-hal-2-0'...
09-08 05:33:17.839 7114 7114 F linker : CANNOT LINK EXECUTABLE "/vendor/bin/hw/qvrservice": library "vendor.qti.hardware.qxr-V1-ndk_platform.so" not found: needed by /vendor/lib64/libqvrservice.so in namespace (default)
01-01 08:41:08.129 0 0 I init : Service 'qvrd_vndr' (pid 7114) exited with status 1
01-01 08:41:08.136 0 0 I init : Sending signal 9 to service 'qvrd_vndr' (pid 7114) process group...
01-01 08:41:08.144 0 0 I libprocessgroup: Successfully killed process cgroup uid 1000 pid 7114 in 0ms
09-08 05:33:17.871 7115 7115 F linker : CANNOT LINK EXECUTABLE "/vendor/bin/hw/sxrservice": library "vendor.qti.hardware.qxr-V1-ndk_platform.so" not found: needed by main executable
01-01 08:41:08.154 0 0 I init : Service 'sxrd' (pid 7115) exited with status 1
01-01 08:41:08.160 0 0 I init : Sending signal 9 to service 'sxrd' (pid 7115) process group...
01-01 08:41:08.509 0 0 D : mv2112_read_status
01-01 08:41:08.512 0 0 D mv2112_update_link: 3.0x901(1G): 0x80
01-01 08:41:08.519 0 0 D mv2112_update_link: 3.0x8109(100M): 0x0
01-01 08:41:08.524 0 0 D mv2112_update_link: link 0x0
01-01 08:41:08.530 0 0 D mv2112_read_status: autoneg is disabled
01-01 08:41:09.533 0 0 D : mv2112_read_status
01-01 08:41:09.537 0 0 D mv2112_update_link: 3.0x901(1G): 0x80
01-01 08:41:09.544 0 0 D mv2112_update_link: 3.0x8109(100M): 0x0
01-01 08:41:09.551 0 0 D mv2112_update_link: link 0x0
01-01 08:41:09.555 0 0 D mv2112_read_status: autoneg is disabled
01-01 08:41:10.589 0 0 D : mv2112_read_status
01-01 08:41:10.592 0 0 D mv2112_update_link: 3.0x901(1G): 0x80
01-01 08:41:10.599 0 0 D mv2112_update_link: 3.0x8109(100M): 0x0
01-01 08:41:10.604 0 0 D mv2112_update_link: link 0x0
01-01 08:41:10.609 0 0 D mv2112_read_status: autoneg is disabled
01-01 08:41:11.613 0 0 D : mv2112_read_status
01-01 08:41:11.616 0 0 D mv2112_update_link: 3.0x901(1G): 0x80
01-01 08:41:11.622 0 0 D mv2112_update_link: 3.0x8109(100M): 0x0
01-01 08:41:11.627 0 0 D mv2112_update_link: link 0x0
01-01 08:41:11.631 0 0 D mv2112_read_status: autoneg is disabled
01-01 08:41:12.637 0 0 D : mv2112_read_status
01-01 08:41:12.640 0 0 D mv2112_update_link: 3.0x901(1G): 0x80
01-01 08:41:12.648 0 0 D mv2112_update_link: 3.0x8109(100M): 0x0
01-01 08:41:12.655 0 0 D mv2112_update_link: link 0x0
01-01 08:41:12.659 0 0 D mv2112_read_status: autoneg is disabled
01-01 08:41:13.077 0 0 I init : starting service 'qvrd_vndr'...
01-01 08:41:13.084 0 0 I init : Created socket '/dev/socket/qvrservice_vndr', mode 660, user 1000, group 1000
01-01 08:41:13.095 0 0 I init : Created socket '/dev/socket/qvrservice_vndr_camera', mode 660, user 1000, group 1000
01-01 08:41:13.123 0 0 I init : starting service 'sxrd'...
01-01 08:41:13.143 0 0 I init : starting service 'vendor.light-hal-2-0'...
09-08 05:33:22.893 7120 7120 F linker : CANNOT LINK EXECUTABLE "/vendor/bin/hw/sxrservice": library "vendor.qti.hardware.qxr-V1-ndk_platform.so" not found: needed by main executable
09-08 05:33:22.894 7119 7119 F linker : CANNOT LINK EXECUTABLE "/vendor/bin/hw/qvrservice": library "vendor.qti.hardware.qxr-V1-ndk_platform.so" not found: needed by /vendor/lib64/libqvrservice.so in namespace (default)
01-01 08:41:13.173 0 0 I init : Service 'sxrd' (pid 7120) exited with status 1
01-01 08:41:13.180 0 0 I init : Sending signal 9 to service 'sxrd' (pid 7120) process group...
01-01 08:41:13.187 0 0 I libprocessgroup: Successfully killed process cgroup uid 1000 pid 7120 in 0ms
01-01 08:41:13.198 0 0 I init : Service 'qvrd_vndr' (pid 7119) exited with status 1
01-01 08:41:13.205 0 0 I init : Sending signal 9 to service 'qvrd_vndr' (pid 7119) process group...
01-01 08:41:13.693 0 0 D : mv2112_read_status
01-01 08:41:13.696 0 0 D mv2112_update_link: 3.0x901(1G): 0x80
01-01 08:41:13.702 0 0 D mv2112_update_link: 3.0x8109(100M): 0x0
01-01 08:41:13.707 0 0 D mv2112_update_link: link 0x0
01-01 08:41:13.712 0 0 D mv2112_read_status: autoneg is disabled
09-08 05:33:23.457 1151 2144 I netstats_mobile_sample: [0,0,0,0,0,0,0,0,0,0,0,0,1662586403457]
09-08 05:33:23.457 1151 2144 I netstats_wifi_sample: [481713826,333891,6628763,163551,481713826,333891,6628763,163551,481891435,335681,6603679,163370,1662586403457]
01-01 08:41:14.717 0 0 D : mv2112_read_status
01-01 08:41:14.721 0 0 D mv2112_update_link: 3.0x901(1G): 0x80
01-01 08:41:14.733 0 0 D mv2112_update_link: 3.0x8109(100M): 0x0
01-01 08:41:14.745 0 0 D mv2112_update_link: link 0x0
01-01 08:41:14.749 0 0 D mv2112_read_status: autoneg is disabled
01-01 08:41:15.773 0 0 D : mv2112_read_status
01-01 08:41:15.776 0 0 D mv2112_update_link: 3.0x901(1G): 0x80
01-01 08:41:15.782 0 0 D mv2112_update_link: 3.0x8109(100M): 0x0
01-01 08:41:15.787 0 0 D mv2112_update_link: link 0x0
01-01 08:41:15.792 0 0 D mv2112_read_status: autoneg is disabled
01-01 08:41:16.797 0 0 D : mv2112_read_status
01-01 08:41:16.800 0 0 D mv2112_update_link: 3.0x901(1G): 0x80
01-01 08:41:16.806 0 0 D mv2112_update_link: 3.0x8109(100M): 0x0
01-01 08:41:16.812 0 0 D mv2112_update_link: link 0x0
01-01 08:41:16.816 0 0 D mv2112_read_status: autoneg is disabled
01-01 08:41:17.821 0 0 D : mv2112_read_status
01-01 08:41:17.824 0 0 D mv2112_update_link: 3.0x901(1G): 0x80
01-01 08:41:17.829 0 0 D mv2112_update_link: 3.0x8109(100M): 0x0
01-01 08:41:17.835 0 0 D mv2112_update_link: link 0x0
01-01 08:41:17.839 0 0 D mv2112_read_status: autoneg is disabled
01-01 08:41:18.118 0 0 I init : starting service 'qvrd_vndr'...
01-01 08:41:18.124 0 0 I init : Created socket '/dev/socket/qvrservice_vndr', mode 660, user 1000, group 1000
01-01 08:41:18.133 0 0 I init : Created socket '/dev/socket/qvrservice_vndr_camera', mode 660, user 1000, group 1000
01-01 08:41:18.159 0 0 I init : starting service 'sxrd'...
01-01 08:41:18.176 0 0 I init : starting service 'vendor.light-hal-2-0'...
09-08 05:33:27.930 7125 7125 F linker : CANNOT LINK EXECUTABLE "/vendor/bin/hw/sxrservice": library "vendor.qti.hardware.qxr-V1-ndk_platform.so" not found: needed by main executable
09-08 05:33:27.933 7124 7124 F linker : CANNOT LINK EXECUTABLE "/vendor/bin/hw/qvrservice": library "vendor.qti.hardware.qxr-V1-ndk_platform.so" not found: needed by /vendor/lib64/libqvrservice.so in namespace (default)
01-01 08:41:18.209 0 0 I init : Service 'sxrd' (pid 7125) exited with status 1
01-01 08:41:18.215 0 0 I init : Sending signal 9 to service 'sxrd' (pid 7125) process group...
01-01 08:41:18.223 0 0 I libprocessgroup: Successfully killed process cgroup uid 1000 pid 7125 in 0ms
01-01 08:41:18.233 0 0 I init : Service 'qvrd_vndr' (pid 7124) exited with status 1
01-01 08:41:18.239 0 0 I init : Sending signal 9 to service 'qvrd_vndr' (pid 7124) process group...
01-01 08:41:18.845 0 0 D : mv2112_read_status
01-01 08:41:18.849 0 0 D mv2112_update_link: 3.0x901(1G): 0x80
01-01 08:41:18.854 0 0 D mv2112_update_link: 3.0x8109(100M): 0x0
01-01 08:41:18.860 0 0 D mv2112_update_link: link 0x0
01-01 08:41:18.864 0 0 D mv2112_read_status: autoneg is disabled
01-01 08:41:19.869 0 0 D : mv2112_read_status
01-01 08:41:19.872 0 0 D mv2112_update_link: 3.0x901(1G): 0x80
01-01 08:41:19.878 0 0 D mv2112_update_link: 3.0x8109(100M): 0x0
01-01 08:41:19.883 0 0 D mv2112_update_link: link 0x0
01-01 08:41:19.887 0 0 D mv2112_read_status: autoneg is disabled
01-01 08:41:20.893 0 0 D : mv2112_read_status
01-01 08:41:20.896 0 0 D mv2112_update_link: 3.0x901(1G): 0x80
01-01 08:41:20.903 0 0 D mv2112_update_link: 3.0x8109(100M): 0x0
01-01 08:41:20.908 0 0 D mv2112_update_link: link 0x0
01-01 08:41:20.912 0 0 D mv2112_read_status: autoneg is disabled
09-08 05:33:31.468 1151 2144 I netstats_mobile_sample: [0,0,0,0,0,0,0,0,0,0,0,0,1662586411467]
09-08 05:33:31.468 1151 2144 I netstats_wifi_sample: [484140670,335544,6662699,164394,484140670,335544,6662699,164394,484318279,337334,6637575,164212,1662586411467]
01-01 08:41:21.917 0 0 D : mv2112_read_status
01-01 08:41:21.920 0 0 D mv2112_update_link: 3.0x901(1G): 0x80
01-01 08:41:21.926 0 0 D mv2112_update_link: 3.0x8109(100M): 0x0
01-01 08:41:21.931 0 0 D mv2112_update_link: link 0x0
01-01 08:41:21.936 0 0 D mv2112_read_status: autoneg is disabled
01-01 08:41:22.941 0 0 D : mv2112_read_status
01-01 08:41:22.944 0 0 D mv2112_update_link: 3.0x901(1G): 0x80
01-01 08:41:22.951 0 0 D mv2112_update_link: 3.0x8109(100M): 0x0
01-01 08:41:22.956 0 0 D mv2112_update_link: link 0x0
01-01 08:41:22.961 0 0 D mv2112_read_status: autoneg is disabled
01-01 08:41:23.157 0 0 I init : starting service 'qvrd_vndr'...
01-01 08:41:23.164 0 0 I init : Created socket '/dev/socket/qvrservice_vndr', mode 660, user 1000, group 1000
01-01 08:41:23.174 0 0 I init : Created socket '/dev/socket/qvrservice_vndr_camera', mode 660, user 1000, group 1000
01-01 08:41:23.202 0 0 I init : starting service 'sxrd'...
01-01 08:41:23.222 0 0 I init : starting service 'vendor.light-hal-2-0'...
09-08 05:33:32.972 7130 7130 F linker : CANNOT LINK EXECUTABLE "/vendor/bin/hw/sxrservice": library "vendor.qti.hardware.qxr-V1-ndk_platform.so" not found: needed by main executable
09-08 05:33:32.974 7129 7129 F linker : CANNOT LINK EXECUTABLE "/vendor/bin/hw/qvrservice": library "vendor.qti.hardware.qxr-V1-ndk_platform.so" not found: needed by /vendor/lib64/libqvrservice.so in namespace (default)
01-01 08:41:23.252 0 0 I init : Service 'sxrd' (pid 7130) exited with status 1
01-01 08:41:23.258 0 0 I init : Sending signal 9 to service 'sxrd' (pid 7130) process group...
01-01 08:41:23.266 0 0 I libprocessgroup: Successfully killed process cgroup uid 1000 pid 7130 in 0ms
01-01 08:41:23.278 0 0 I init : Service 'qvrd_vndr' (pid 7129) exited with status 1
01-01 08:41:23.284 0 0 I init : Sending signal 9 to service 'qvrd_vndr' (pid 7129) process group...
01-01 08:41:23.965 0 0 D : mv2112_read_status
01-01 08:41:23.968 0 0 D mv2112_update_link: 3.0x901(1G): 0x80
01-01 08:41:23.982 0 0 D mv2112_update_link: 3.0x8109(100M): 0x0
01-01 08:41:23.993 0 0 D mv2112_update_link: link 0x0
01-01 08:41:23.997 0 0 D mv2112_read_status: autoneg is disabled
01-01 08:41:25.021 0 0 D : mv2112_read_status
01-01 08:41:25.024 0 0 D mv2112_update_link: 3.0x901(1G): 0x80
01-01 08:41:25.030 0 0 D mv2112_update_link: 3.0x8109(100M): 0x0
01-01 08:41:25.035 0 0 D mv2112_update_link: link 0x0
01-01 08:41:25.039 0 0 D mv2112_read_status: autoneg is disabled
01-01 08:41:26.045 0 0 D : mv2112_read_status
01-01 08:41:26.049 0 0 D mv2112_update_link: 3.0x901(1G): 0x80
01-01 08:41:26.054 0 0 D mv2112_update_link: 3.0x8109(100M): 0x0
01-01 08:41:26.060 0 0 D mv2112_update_link: link 0x0
01-01 08:41:26.073 0 0 D mv2112_read_status: autoneg is disabled
01-01 08:41:27.101 0 0 D : mv2112_read_status
01-01 08:41:27.105 0 0 D mv2112_update_link: 3.0x901(1G): 0x80
01-01 08:41:27.110 0 0 D mv2112_update_link: 3.0x8109(100M): 0x0
01-01 08:41:27.115 0 0 D mv2112_update_link: link 0x0
01-01 08:41:27.120 0 0 D mv2112_read_status: autoneg is disabled
01-01 08:41:28.126 0 0 D : mv2112_read_status
01-01 08:41:28.138 0 0 D mv2112_update_link: 3.0x901(1G): 0x80
01-01 08:41:28.144 0 0 D mv2112_update_link: 3.0x8109(100M): 0x0
01-01 08:41:28.149 0 0 D mv2112_update_link: link 0x0
01-01 08:41:28.153 0 0 D mv2112_read_status: autoneg is disabled
01-01 08:41:28.202 0 0 I init : starting service 'qvrd_vndr'...
01-01 08:41:28.208 0 0 I init : Created socket '/dev/socket/qvrservice_vndr', mode 660, user 1000, group 1000
01-01 08:41:28.218 0 0 I init : Created socket '/dev/socket/qvrservice_vndr_camera', mode 660, user 1000, group 1000
01-01 08:41:28.245 0 0 I init : starting service 'sxrd'...
01-01 08:41:28.266 0 0 I init : starting service 'vendor.light-hal-2-0'...
09-08 05:33:38.012 7134 7134 F linker : CANNOT LINK EXECUTABLE "/vendor/bin/hw/sxrservice": library "vendor.qti.hardware.qxr-V1-ndk_platform.so" not found: needed by main executable
09-08 05:33:38.013 7133 7133 F linker : CANNOT LINK EXECUTABLE "/vendor/bin/hw/qvrservice": library "vendor.qti.hardware.qxr-V1-ndk_platform.so" not found: needed by /vendor/lib64/libqvrservice.so in namespace (default)
01-01 08:41:28.291 0 0 I init : Service 'sxrd' (pid 7134) exited with status 1
01-01 08:41:28.298 0 0 I init : Sending signal 9 to service 'sxrd' (pid 7134) process group...
01-01 08:41:28.306 0 0 I libprocessgroup: Successfully killed process cgroup uid 1000 pid 7134 in 0ms
01-01 08:41:28.316 0 0 I init : Service 'qvrd_vndr' (pid 7133) exited with status 1
01-01 08:41:28.323 0 0 I init : Sending signal 9 to service 'qvrd_vndr' (pid 7133) process group...
09-08 05:33:38.101 1151 2144 I netstats_mobile_sample: [0,0,0,0,0,0,0,0,0,0,0,0,1662586418101]
09-08 05:33:38.101 1151 2144 I netstats_wifi_sample: [486811066,337413,6698895,165292,486808066,337411,6698855,165291,486967675,339189,6673491,165103,1662586418101]
01-01 08:41:29.181 0 0 D : mv2112_read_status
01-01 08:41:29.184 0 0 D mv2112_update_link: 3.0x901(1G): 0x80
01-01 08:41:29.190 0 0 D mv2112_update_link: 3.0x8109(100M): 0x0
01-01 08:41:29.195 0 0 D mv2112_update_link: link 0x0
01-01 08:41:29.199 0 0 D mv2112_read_status: autoneg is disabled
01-01 08:41:30.205 0 0 D : mv2112_read_status
01-01 08:41:30.208 0 0 D mv2112_update_link: 3.0x901(1G): 0x80
01-01 08:41:30.214 0 0 D mv2112_update_link: 3.0x8109(100M): 0x0
01-01 08:41:30.219 0 0 D mv2112_update_link: link 0x0
01-01 08:41:30.223 0 0 D mv2112_read_status: autoneg is disabled
01-01 08:41:31.229 0 0 D : mv2112_read_status
01-01 08:41:31.232 0 0 D mv2112_update_link: 3.0x901(1G): 0x80
01-01 08:41:31.238 0 0 D mv2112_update_link: 3.0x8109(100M): 0x0
