09-08 04:53:26.635 1151 1690 D ActivityManagerTiming: OnBootPhase_1000_com.android.server.telecom.TelecomLoaderService took to complete: 0ms
09-08 04:53:26.635 1151 1690 I ActivityManagerTiming: OnBootPhase_1000_com.android.server.accounts.AccountManagerService$Lifecycle
09-08 04:53:26.636 1151 1690 D ActivityManagerTiming: OnBootPhase_1000_com.android.server.accounts.AccountManagerService$Lifecycle took to complete: 0ms
09-08 04:53:26.636 1151 1690 I ActivityManagerTiming: OnBootPhase_1000_com.android.server.content.ContentService$Lifecycle
09-08 04:53:26.636 1151 1690 D ActivityManagerTiming: OnBootPhase_1000_com.android.server.content.ContentService$Lifecycle took to complete: 0ms
09-08 04:53:26.636 1151 1690 I ActivityManagerTiming: OnBootPhase_1000_com.android.server.DropBoxManagerService
09-08 04:53:26.636 1151 1690 D ActivityManagerTiming: OnBootPhase_1000_com.android.server.DropBoxManagerService took to complete: 0ms
09-08 04:53:26.636 1151 1690 I ActivityManagerTiming: OnBootPhase_1000_com.android.role.RoleService
09-08 04:53:26.636 1151 1690 D ActivityManagerTiming: OnBootPhase_1000_com.android.role.RoleService took to complete: 0ms
09-08 04:53:26.636 1151 1690 I ActivityManagerTiming: OnBootPhase_1000_com.android.server.vibrator.VibratorManagerService$Lifecycle
09-08 04:53:26.636 1151 1690 D ActivityManagerTiming: OnBootPhase_1000_com.android.server.vibrator.VibratorManagerService$Lifecycle took to complete: 0ms
09-08 04:53:26.636 1151 1690 I ActivityManagerTiming: OnBootPhase_1000_com.android.server.alarm.AlarmManagerService
09-08 04:53:26.636 1151 1690 D ActivityManagerTiming: OnBootPhase_1000_com.android.server.alarm.AlarmManagerService took to complete: 0ms
09-08 04:53:26.636 1151 1690 I ActivityManagerTiming: OnBootPhase_1000_com.android.server.devicestate.DeviceStateManagerService
09-08 04:53:26.637 1151 1690 D ActivityManagerTiming: OnBootPhase_1000_com.android.server.devicestate.DeviceStateManagerService took to complete: 0ms
09-08 04:53:26.637 1151 1690 I ActivityManagerTiming: OnBootPhase_1000_com.android.server.camera.CameraServiceProxy
09-08 04:53:26.639 1151 1690 D ActivityManagerTiming: OnBootPhase_1000_com.android.server.camera.CameraServiceProxy took to complete: 2ms
09-08 04:53:26.639 1151 1690 I ActivityManagerTiming: OnBootPhase_1000_com.android.server.BluetoothService
09-08 04:53:26.639 1151 1690 D ActivityManagerTiming: OnBootPhase_1000_com.android.server.BluetoothService took to complete: 0ms
09-08 04:53:26.639 1151 1690 I ActivityManagerTiming: OnBootPhase_1000_com.android.server.connectivity.IpConnectivityMetrics
09-08 04:53:26.640 1151 1690 D ActivityManagerTiming: OnBootPhase_1000_com.android.server.connectivity.IpConnectivityMetrics took to complete: 0ms
09-08 04:53:26.640 1151 1690 I ActivityManagerTiming: OnBootPhase_1000_com.android.server.net.watchlist.NetworkWatchlistService$Lifecycle
09-08 04:53:26.640 1151 1690 D ActivityManagerTiming: OnBootPhase_1000_com.android.server.net.watchlist.NetworkWatchlistService$Lifecycle took to complete: 0ms
09-08 04:53:26.640 1151 1690 I ActivityManagerTiming: OnBootPhase_1000_com.android.server.PinnerService
09-08 04:53:26.640 1151 1690 D ActivityManagerTiming: OnBootPhase_1000_com.android.server.PinnerService took to complete: 0ms
09-08 04:53:26.640 1151 1690 I ActivityManagerTiming: OnBootPhase_1000_com.google.android.startop.iorap.IorapForwardingService
09-08 04:53:26.644 1151 1690 D ActivityManagerTiming: OnBootPhase_1000_com.google.android.startop.iorap.IorapForwardingService took to complete: 3ms
09-08 04:53:26.644 1151 1690 I ActivityManagerTiming: OnBootPhase_1000_com.android.server.ActivityTriggerService
09-08 04:53:26.645 1151 1690 D ActivityManagerTiming: OnBootPhase_1000_com.android.server.ActivityTriggerService took to complete: 0ms
09-08 04:53:26.645 1151 1690 I ActivityManagerTiming: OnBootPhase_1000_com.android.server.integrity.AppIntegrityManagerService
09-08 04:53:26.645 1151 1690 D ActivityManagerTiming: OnBootPhase_1000_com.android.server.integrity.AppIntegrityManagerService took to complete: 0ms
09-08 04:53:26.645 1151 1690 I ActivityManagerTiming: OnBootPhase_1000_com.android.server.inputmethod.InputMethodManagerService$Lifecycle
09-08 04:53:26.645 1151 1690 D ActivityManagerTiming: OnBootPhase_1000_com.android.server.inputmethod.InputMethodManagerService$Lifecycle took to complete: 0ms
09-08 04:53:26.645 1151 1690 I ActivityManagerTiming: OnBootPhase_1000_com.android.server.accessibility.AccessibilityManagerService$Lifecycle
09-08 04:53:26.645 1151 1690 D ActivityManagerTiming: OnBootPhase_1000_com.android.server.accessibility.AccessibilityManagerService$Lifecycle took to complete: 0ms
09-08 04:53:26.645 1151 1690 I ActivityManagerTiming: OnBootPhase_1000_com.android.server.StorageManagerService$Lifecycle
09-08 04:53:26.645 1151 1690 D ActivityManagerTiming: OnBootPhase_1000_com.android.server.StorageManagerService$Lifecycle took to complete: 0ms
09-08 04:53:26.645 1151 1690 I ActivityManagerTiming: OnBootPhase_1000_com.android.server.usage.StorageStatsService$Lifecycle
09-08 04:53:26.645 1151 1690 D ActivityManagerTiming: OnBootPhase_1000_com.android.server.usage.StorageStatsService$Lifecycle took to complete: 0ms
09-08 04:53:26.645 1151 1690 I ActivityManagerTiming: OnBootPhase_1000_com.android.server.UiModeManagerService
09-08 04:53:26.645 1151 1690 D ActivityManagerTiming: OnBootPhase_1000_com.android.server.UiModeManagerService took to complete: 0ms
09-08 04:53:26.646 1151 1690 I ActivityManagerTiming: OnBootPhase_1000_com.android.server.locksettings.LockSettingsService$Lifecycle
09-08 04:53:26.646 1151 1690 D ActivityManagerTiming: OnBootPhase_1000_com.android.server.locksettings.LockSettingsService$Lifecycle took to complete: 0ms
09-08 04:53:26.646 1151 1690 I ActivityManagerTiming: OnBootPhase_1000_com.android.server.PersistentDataBlockService
09-08 04:53:26.646 1151 1690 D ActivityManagerTiming: OnBootPhase_1000_com.android.server.PersistentDataBlockService took to complete: 0ms
09-08 04:53:26.646 1151 1690 I ActivityManagerTiming: OnBootPhase_1000_com.android.server.testharness.TestHarnessModeService
09-08 04:53:26.646 1151 1890 D StorageManagerService: Thinking about init, mBootCompleted=true, mDaemonConnected=true
09-08 04:53:26.646 1151 1890 D StorageManagerService: Thinking about reset, mBootCompleted=true, mDaemonConnected=true
09-08 04:53:26.646 1151 1690 D TestHarnessModeService: Completing Test Harness Mode setup.
09-08 04:53:26.646 1151 1890 I StorageSessionController: Started resetting external storage service...
09-08 04:53:26.646 1151 1890 I StorageSessionController: Finished resetting external storage service
09-08 04:53:26.646 1151 1890 I StorageManagerService: Resetting vold...
09-08 04:53:26.648 1151 1890 I StorageManagerService: Reset vold
09-08 04:53:26.648 563 563 I vold : onUserAdded: 0
09-08 04:53:26.661 1151 1837 I am_proc_bound: [0,3030,com.android.inputmethod.latin]
09-08 04:53:26.665 1151 1837 D CompatibilityChangeReporter: Compat change id reported: 168419799; UID 10069; state: DISABLED
09-08 04:53:26.669 1151 1837 I am_uid_active: 10069
09-08 04:53:26.672 1151 1690 D ActivityManagerTiming: OnBootPhase_1000_com.android.server.testharness.TestHarnessModeService took to complete: 25ms
09-08 04:53:26.672 1151 1690 I ActivityManagerTiming: OnBootPhase_1000_com.android.server.oemlock.OemLockService
09-08 04:53:26.672 1151 1690 D ActivityManagerTiming: OnBootPhase_1000_com.android.server.oemlock.OemLockService took to complete: 0ms
09-08 04:53:26.672 1151 1690 I ActivityManagerTiming: OnBootPhase_1000_com.android.server.DeviceIdleController
09-08 04:53:26.672 1151 1690 D ActivityManagerTiming: OnBootPhase_1000_com.android.server.DeviceIdleController took to complete: 0ms
09-08 04:53:26.672 1151 1690 I ActivityManagerTiming: OnBootPhase_1000_com.android.server.devicepolicy.DevicePolicyManagerService$Lifecycle
09-08 04:53:26.672 1151 1690 D ActivityManagerTiming: OnBootPhase_1000_com.android.server.devicepolicy.DevicePolicyManagerService$Lifecycle took to complete: 0ms
09-08 04:53:26.672 1151 1690 I ActivityManagerTiming: OnBootPhase_1000_com.android.server.texttospeech.TextToSpeechManagerService
09-08 04:53:26.672 1151 1690 D ActivityManagerTiming: OnBootPhase_1000_com.android.server.texttospeech.TextToSpeechManagerService took to complete: 0ms
09-08 04:53:26.672 1151 1690 I ActivityManagerTiming: OnBootPhase_1000_com.android.server.speech.SpeechRecognitionManagerService
09-08 04:53:26.672 1151 1690 D ActivityManagerTiming: OnBootPhase_1000_com.android.server.speech.SpeechRecognitionManagerService took to complete: 0ms
09-08 04:53:26.672 1151 1690 I ActivityManagerTiming: OnBootPhase_1000_com.android.server.searchui.SearchUiManagerService
09-08 04:53:26.673 1151 1690 D ActivityManagerTiming: OnBootPhase_1000_com.android.server.searchui.SearchUiManagerService took to complete: 0ms
09-08 04:53:26.673 1151 1690 I ActivityManagerTiming: OnBootPhase_1000_com.android.server.smartspace.SmartspaceManagerService
09-08 04:53:26.673 1151 1690 D ActivityManagerTiming: OnBootPhase_1000_com.android.server.smartspace.SmartspaceManagerService took to complete: 0ms
09-08 04:53:26.673 1151 1690 I ActivityManagerTiming: OnBootPhase_1000_com.android.server.graphics.fonts.FontManagerService$Lifecycle
09-08 04:53:26.673 1151 1690 D ActivityManagerTiming: OnBootPhase_1000_com.android.server.graphics.fonts.FontManagerService$Lifecycle took to complete: 0ms
09-08 04:53:26.673 1151 1690 I ActivityManagerTiming: OnBootPhase_1000_com.android.server.textservices.TextServicesManagerService$Lifecycle
09-08 04:53:26.673 1151 1690 D ActivityManagerTiming: OnBootPhase_1000_com.android.server.textservices.TextServicesManagerService$Lifecycle took to complete: 0ms
09-08 04:53:26.673 1151 1690 I ActivityManagerTiming: OnBootPhase_1000_com.android.server.textclassifier.TextClassificationManagerService$Lifecycle
09-08 04:53:26.673 1151 1690 D ActivityManagerTiming: OnBootPhase_1000_com.android.server.textclassifier.TextClassificationManagerService$Lifecycle took to complete: 0ms
09-08 04:53:26.673 1151 1690 I ActivityManagerTiming: OnBootPhase_1000_com.android.server.NetworkScoreService$Lifecycle
09-08 04:53:26.674 1151 1690 D ActivityManagerTiming: OnBootPhase_1000_com.android.server.NetworkScoreService$Lifecycle took to complete: 0ms
09-08 04:53:26.674 1151 1690 I ActivityManagerTiming: OnBootPhase_1000_com.android.server.wifi.WifiService
09-08 04:53:26.674 1151 1690 D ActivityManagerTiming: OnBootPhase_1000_com.android.server.wifi.WifiService took to complete: 1ms
09-08 04:53:26.674 1151 1690 I ActivityManagerTiming: OnBootPhase_1000_com.android.server.wifi.scanner.WifiScanningService
09-08 04:53:26.675 1151 1690 D ActivityManagerTiming: OnBootPhase_1000_com.android.server.wifi.scanner.WifiScanningService took to complete: 0ms
09-08 04:53:26.675 1151 1690 I ActivityManagerTiming: OnBootPhase_1000_com.android.server.wifi.rtt.RttService
09-08 04:53:26.675 1151 1690 D ActivityManagerTiming: OnBootPhase_1000_com.android.server.wifi.rtt.RttService took to complete: 0ms
09-08 04:53:26.675 1151 1690 I ActivityManagerTiming: OnBootPhase_1000_com.android.server.wifi.aware.WifiAwareService
09-08 04:53:26.675 1151 1690 D ActivityManagerTiming: OnBootPhase_1000_com.android.server.wifi.aware.WifiAwareService took to complete: 0ms
09-08 04:53:26.675 1151 1690 I ActivityManagerTiming: OnBootPhase_1000_com.android.server.wifi.p2p.WifiP2pService
09-08 04:53:26.675 1151 1690 D ActivityManagerTiming: OnBootPhase_1000_com.android.server.wifi.p2p.WifiP2pService took to complete: 0ms
09-08 04:53:26.676 1151 1690 I ActivityManagerTiming: OnBootPhase_1000_com.android.server.ethernet.EthernetService
09-08 04:53:26.676 1151 1690 D ActivityManagerTiming: OnBootPhase_1000_com.android.server.ethernet.EthernetService took to complete: 0ms
09-08 04:53:26.676 1151 1690 I ActivityManagerTiming: OnBootPhase_1000_com.android.server.ConnectivityServiceInitializer
09-08 04:53:26.676 1151 1690 D ActivityManagerTiming: OnBootPhase_1000_com.android.server.ConnectivityServiceInitializer took to complete: 0ms
09-08 04:53:26.676 1151 1690 I ActivityManagerTiming: OnBootPhase_1000_com.android.server.notification.NotificationManagerService
09-08 04:53:26.676 1151 1690 D ActivityManagerTiming: OnBootPhase_1000_com.android.server.notification.NotificationManagerService took to complete: 0ms
09-08 04:53:26.676 1151 1690 I ActivityManagerTiming: OnBootPhase_1000_com.android.server.storage.DeviceStorageMonitorService
09-08 04:53:26.676 1151 1690 D ActivityManagerTiming: OnBootPhase_1000_com.android.server.storage.DeviceStorageMonitorService took to complete: 0ms
09-08 04:53:26.676 1151 1690 I ActivityManagerTiming: OnBootPhase_1000_com.android.server.location.LocationManagerService$Lifecycle
09-08 04:53:26.676 1151 1690 D ActivityManagerTiming: OnBootPhase_1000_com.android.server.location.LocationManagerService$Lifecycle took to complete: 0ms
09-08 04:53:26.676 1151 1690 I ActivityManagerTiming: OnBootPhase_1000_com.android.server.timedetector.TimeDetectorService$Lifecycle
09-08 04:53:26.676 1151 1690 D ActivityManagerTiming: OnBootPhase_1000_com.android.server.timedetector.TimeDetectorService$Lifecycle took to complete: 0ms
09-08 04:53:26.677 1151 1690 I ActivityManagerTiming: OnBootPhase_1000_com.android.server.timezonedetector.TimeZoneDetectorService$Lifecycle
09-08 04:53:26.677 1151 1690 D ActivityManagerTiming: OnBootPhase_1000_com.android.server.timezonedetector.TimeZoneDetectorService$Lifecycle took to complete: 0ms
09-08 04:53:26.677 1151 1690 I ActivityManagerTiming: OnBootPhase_1000_com.android.server.timezonedetector.location.LocationTimeZoneManagerService$Lifecycle
09-08 04:53:26.677 1151 1690 D ActivityManagerTiming: OnBootPhase_1000_com.android.server.timezonedetector.location.LocationTimeZoneManagerService$Lifecycle took to complete: 0ms
09-08 04:53:26.677 1151 1690 I ActivityManagerTiming: OnBootPhase_1000_com.android.server.search.SearchManagerService$Lifecycle
09-08 04:53:26.677 1151 1690 D ActivityManagerTiming: OnBootPhase_1000_com.android.server.search.SearchManagerService$Lifecycle took to complete: 0ms
09-08 04:53:26.677 1151 1690 I ActivityManagerTiming: OnBootPhase_1000_com.android.server.wallpaper.WallpaperManagerService$Lifecycle
09-08 04:53:26.677 1151 1690 D ActivityManagerTiming: OnBootPhase_1000_com.android.server.wallpaper.WallpaperManagerService$Lifecycle took to complete: 0ms
09-08 04:53:26.677 1151 1690 I ActivityManagerTiming: OnBootPhase_1000_com.android.server.audio.AudioService$Lifecycle
09-08 04:53:26.677 1151 1690 D ActivityManagerTiming: OnBootPhase_1000_com.android.server.audio.AudioService$Lifecycle took to complete: 0ms
09-08 04:53:26.678 1151 1690 I ActivityManagerTiming: OnBootPhase_1000_com.android.server.soundtrigger_middleware.SoundTriggerMiddlewareService$Lifecycle
09-08 04:53:26.678 1151 1690 D ActivityManagerTiming: OnBootPhase_1000_com.android.server.soundtrigger_middleware.SoundTriggerMiddlewareService$Lifecycle took to complete: 0ms
09-08 04:53:26.678 1151 1690 I ActivityManagerTiming: OnBootPhase_1000_com.android.server.DockObserver
09-08 04:53:26.678 1151 1690 D ActivityManagerTiming: OnBootPhase_1000_com.android.server.DockObserver took to complete: 0ms
09-08 04:53:26.678 1151 1690 I ActivityManagerTiming: OnBootPhase_1000_com.android.server.midi.MidiService$Lifecycle
09-08 04:53:26.678 1151 1690 D ActivityManagerTiming: OnBootPhase_1000_com.android.server.midi.MidiService$Lifecycle took to complete: 0ms
09-08 04:53:26.678 1151 1690 I ActivityManagerTiming: OnBootPhase_1000_com.android.server.adb.AdbService$Lifecycle
09-08 04:53:26.683 1151 1690 D ActivityManagerTiming: OnBootPhase_1000_com.android.server.adb.AdbService$Lifecycle took to complete: 1ms
09-08 04:53:26.683 1151 1690 I ActivityManagerTiming: OnBootPhase_1000_com.android.server.usb.UsbService$Lifecycle
09-08 04:53:26.684 1151 1690 D ActivityManagerTiming: OnBootPhase_1000_com.android.server.usb.UsbService$Lifecycle took to complete: 0ms
09-08 04:53:26.684 1151 1690 I ActivityManagerTiming: OnBootPhase_1000_com.android.server.twilight.TwilightService
09-08 04:53:26.688 1151 1151 I notification_enqueue: [1000,1151,android,26,NULL,-1,Notification(channel=DEVELOPER_IMPORTANT shortcut=null contentView=null vibrate=null sound=null tick defaults=0x0 flags=0x2 color=0x00000000 vis=PUBLIC),0]
09-08 04:53:26.688 1151 1151 I sysui_multi_action: [757,1501,758,1,793,1,794,0,795,1,796,26,806,android,857,DEVELOPER_IMPORTANT,858,4,947,0,1500,0]
09-08 04:53:26.688 1151 1151 I sysui_multi_action: [757,804,799,note_interruptive,801,0,802,1]
09-08 04:53:26.689 1151 1690 D ActivityManagerTiming: OnBootPhase_1000_com.android.server.twilight.TwilightService took to complete: 5ms
09-08 04:53:26.689 1151 1690 I ActivityManagerTiming: OnBootPhase_1000_com.android.server.display.color.ColorDisplayService
09-08 04:53:26.689 1151 1690 D ActivityManagerTiming: OnBootPhase_1000_com.android.server.display.color.ColorDisplayService took to complete: 0ms
09-08 04:53:26.689 1151 1690 I ActivityManagerTiming: OnBootPhase_1000_com.android.server.job.JobSchedulerService
09-08 04:53:26.689 1151 1690 D ActivityManagerTiming: OnBootPhase_1000_com.android.server.job.JobSchedulerService took to complete: 0ms
09-08 04:53:26.689 1151 1690 I ActivityManagerTiming: OnBootPhase_1000_com.android.server.soundtrigger.SoundTriggerService
09-08 04:53:26.690 1151 1690 D SoundTriggerService: onBootPhase: 1000 : false
09-08 04:53:26.690 1151 1690 D ActivityManagerTiming: OnBootPhase_1000_com.android.server.soundtrigger.SoundTriggerService took to complete: 0ms
09-08 04:53:26.690 1151 1690 I ActivityManagerTiming: OnBootPhase_1000_com.android.server.trust.TrustManagerService
09-08 04:53:26.691 1151 1151 W NotificationHistory: Attempted to add notif for locked/gone/disabled user 0
09-08 04:53:26.703 1151 1690 D ActivityManagerTiming: OnBootPhase_1000_com.android.server.trust.TrustManagerService took to complete: 13ms
09-08 04:53:26.704 1151 1690 I ActivityManagerTiming: OnBootPhase_1000_com.android.server.backup.BackupManagerService$Lifecycle
09-08 04:53:26.704 1151 1690 D ActivityManagerTiming: OnBootPhase_1000_com.android.server.backup.BackupManagerService$Lifecycle took to complete: 0ms
09-08 04:53:26.704 1151 1690 I ActivityManagerTiming: OnBootPhase_1000_com.android.server.appwidget.AppWidgetService
09-08 04:53:26.704 1151 1690 D ActivityManagerTiming: OnBootPhase_1000_com.android.server.appwidget.AppWidgetService took to complete: 0ms
09-08 04:53:26.704 1151 1690 I ActivityManagerTiming: OnBootPhase_1000_com.android.server.voiceinteraction.VoiceInteractionManagerService
09-08 04:53:26.705 1151 1690 D ActivityManagerTiming: OnBootPhase_1000_com.android.server.voiceinteraction.VoiceInteractionManagerService took to complete: 0ms
09-08 04:53:26.705 1151 1690 I ActivityManagerTiming: OnBootPhase_1000_com.android.server.apphibernation.AppHibernationService
09-08 04:53:26.705 1151 1689 I commit_sys_config_file: [notification-policy,6313]
09-08 04:53:26.707 1151 1690 D ActivityManagerTiming: OnBootPhase_1000_com.android.server.apphibernation.AppHibernationService took to complete: 2ms
09-08 04:53:26.708 1151 1690 I ActivityManagerTiming: OnBootPhase_1000_com.android.server.GestureLauncherService
09-08 04:53:26.708 1151 1690 D ActivityManagerTiming: OnBootPhase_1000_com.android.server.GestureLauncherService took to complete: 0ms
09-08 04:53:26.708 1151 1690 I ActivityManagerTiming: OnBootPhase_1000_com.android.server.SensorNotificationService
09-08 04:53:26.710 1151 3059 I HibernationStateDiskStore: No hibernation file on disk for file /data/system/hibernation/states
09-08 04:53:26.714 1151 1690 D CompatibilityChangeReporter: Compat change id reported: 168936375; UID 1000; state: ENABLED
09-08 04:53:26.714 1151 1690 D CompatibilityChangeReporter: Compat change id reported: 168936375; UID 1000; state: DISABLED
09-08 04:53:26.717 1151 1690 D CompatibilityChangeReporter: Compat change id reported: 73144566; UID 1000; state: ENABLED
09-08 04:53:26.718 1151 1690 D CompatibilityChangeReporter: Compat change id reported: 73144566; UID 1000; state: DISABLED
09-08 04:53:26.719 1151 1690 D ActivityManagerTiming: OnBootPhase_1000_com.android.server.SensorNotificationService took to complete: 10ms
09-08 04:53:26.719 1151 1690 I ActivityManagerTiming: OnBootPhase_1000_com.android.server.emergency.EmergencyAffordanceService
09-08 04:53:26.719 1151 1690 D ActivityManagerTiming: OnBootPhase_1000_com.android.server.emergency.EmergencyAffordanceService took to complete: 0ms
09-08 04:53:26.719 1151 1690 I ActivityManagerTiming: OnBootPhase_1000_com.android.server.blob.BlobStoreManagerService
09-08 04:53:26.720 1151 1690 D ActivityManagerTiming: OnBootPhase_1000_com.android.server.blob.BlobStoreManagerService took to complete: 1ms
09-08 04:53:26.720 1151 1690 I ActivityManagerTiming: OnBootPhase_1000_com.android.server.dreams.DreamManagerService
09-08 04:53:26.720 1151 1690 D ActivityManagerTiming: OnBootPhase_1000_com.android.server.dreams.DreamManagerService took to complete: 0ms
09-08 04:53:26.720 1151 1690 I ActivityManagerTiming: OnBootPhase_1000_com.android.server.companion.CompanionDeviceManagerService
09-08 04:53:26.720 1151 1690 D ActivityManagerTiming: OnBootPhase_1000_com.android.server.companion.CompanionDeviceManagerService took to complete: 0ms
09-08 04:53:26.720 1151 1690 I ActivityManagerTiming: OnBootPhase_1000_com.android.server.restrictions.RestrictionsManagerService
09-08 04:53:26.720 1151 1690 D ActivityManagerTiming: OnBootPhase_1000_com.android.server.restrictions.RestrictionsManagerService took to complete: 0ms
09-08 04:53:26.720 1151 1690 I ActivityManagerTiming: OnBootPhase_1000_com.android.server.media.MediaSessionService
09-08 04:53:26.723 1151 1690 D ActivityManagerTiming: OnBootPhase_1000_com.android.server.media.MediaSessionService took to complete: 3ms
09-08 04:53:26.723 1151 1690 I ActivityManagerTiming: OnBootPhase_1000_com.android.server.media.MediaResourceMonitorService
09-08 04:53:26.723 1151 1690 D ActivityManagerTiming: OnBootPhase_1000_com.android.server.media.MediaResourceMonitorService took to complete: 0ms
09-08 04:53:26.723 1151 1690 I ActivityManagerTiming: OnBootPhase_1000_com.android.server.biometrics.sensors.fingerprint.FingerprintService
09-08 04:53:26.723 1151 1690 D ActivityManagerTiming: OnBootPhase_1000_com.android.server.biometrics.sensors.fingerprint.FingerprintService took to complete: 0ms
09-08 04:53:26.723 1151 1690 I ActivityManagerTiming: OnBootPhase_1000_com.android.server.biometrics.BiometricService
09-08 04:53:26.723 1151 1690 D ActivityManagerTiming: OnBootPhase_1000_com.android.server.biometrics.BiometricService took to complete: 0ms
09-08 04:53:26.724 1151 1690 I ActivityManagerTiming: OnBootPhase_1000_com.android.server.biometrics.AuthService
09-08 04:53:26.724 1151 1690 D ActivityManagerTiming: OnBootPhase_1000_com.android.server.biometrics.AuthService took to complete: 0ms
09-08 04:53:26.724 1151 1690 I ActivityManagerTiming: OnBootPhase_1000_com.android.server.pm.ShortcutService$Lifecycle
09-08 04:53:26.724 1151 1690 D ActivityManagerTiming: OnBootPhase_1000_com.android.server.pm.ShortcutService$Lifecycle took to complete: 0ms
09-08 04:53:26.724 1151 1690 I ActivityManagerTiming: OnBootPhase_1000_com.android.server.pm.LauncherAppsService
09-08 04:53:26.724 1151 1690 D ActivityManagerTiming: OnBootPhase_1000_com.android.server.pm.LauncherAppsService took to complete: 0ms
09-08 04:53:26.724 1151 1690 I ActivityManagerTiming: OnBootPhase_1000_com.android.server.pm.CrossProfileAppsService
09-08 04:53:26.724 1151 1690 D ActivityManagerTiming: OnBootPhase_1000_com.android.server.pm.CrossProfileAppsService took to complete: 0ms
09-08 04:53:26.724 1151 1690 I ActivityManagerTiming: OnBootPhase_1000_com.android.server.people.PeopleService
09-08 04:53:26.724 1151 1690 D ActivityManagerTiming: OnBootPhase_1000_com.android.server.people.PeopleService took to complete: 0ms
09-08 04:53:26.724 1151 1690 I ActivityManagerTiming: OnBootPhase_1000_com.android.server.media.metrics.MediaMetricsManagerService
09-08 04:53:26.724 1151 1690 D ActivityManagerTiming: OnBootPhase_1000_com.android.server.media.metrics.MediaMetricsManagerService took to complete: 0ms
09-08 04:53:26.724 1151 1690 I ActivityManagerTiming: OnBootPhase_1000_com.android.server.media.projection.MediaProjectionManagerService
09-08 04:53:26.724 1151 1690 D ActivityManagerTiming: OnBootPhase_1000_com.android.server.media.projection.MediaProjectionManagerService took to complete: 0ms
09-08 04:53:26.724 1151 1690 I ActivityManagerTiming: OnBootPhase_1000_com.android.server.slice.SliceManagerService$Lifecycle
09-08 04:53:26.725 1151 1690 D ActivityManagerTiming: OnBootPhase_1000_com.android.server.slice.SliceManagerService$Lifecycle took to complete: 0ms
09-08 04:53:26.725 1151 1690 I ActivityManagerTiming: OnBootPhase_1000_com.android.server.stats.StatsCompanion$Lifecycle
09-08 04:53:26.725 1151 1690 D ActivityManagerTiming: OnBootPhase_1000_com.android.server.stats.StatsCompanion$Lifecycle took to complete: 1ms
09-08 04:53:26.725 1151 1690 I ActivityManagerTiming: OnBootPhase_1000_com.android.server.scheduling.RebootReadinessManagerService$Lifecycle
09-08 04:53:26.725 1151 1690 D ActivityManagerTiming: OnBootPhase_1000_com.android.server.scheduling.RebootReadinessManagerService$Lifecycle took to complete: 0ms
09-08 04:53:26.725 1151 1690 I ActivityManagerTiming: OnBootPhase_1000_com.android.server.stats.pull.StatsPullAtomService
09-08 04:53:26.725 1151 1690 D ActivityManagerTiming: OnBootPhase_1000_com.android.server.stats.pull.StatsPullAtomService took to complete: 0ms
09-08 04:53:26.725 1151 1690 I ActivityManagerTiming: OnBootPhase_1000_com.android.server.incident.IncidentCompanionService
09-08 04:53:26.726 1151 1690 D ActivityManagerTiming: OnBootPhase_1000_com.android.server.incident.IncidentCompanionService took to complete: 0ms
09-08 04:53:26.726 1151 1690 I ActivityManagerTiming: OnBootPhase_1000_com.android.server.MmsServiceBroker
09-08 04:53:26.726 1151 1690 D ActivityManagerTiming: OnBootPhase_1000_com.android.server.MmsServiceBroker took to complete: 0ms
09-08 04:53:26.726 1151 1690 I ActivityManagerTiming: OnBootPhase_1000_com.android.server.autofill.AutofillManagerService
09-08 04:53:26.726 1151 1690 D ActivityManagerTiming: OnBootPhase_1000_com.android.server.autofill.AutofillManagerService took to complete: 0ms
09-08 04:53:26.726 1151 1690 I ActivityManagerTiming: OnBootPhase_1000_com.android.server.clipboard.ClipboardService
09-08 04:53:26.726 1151 1690 D ActivityManagerTiming: OnBootPhase_1000_com.android.server.clipboard.ClipboardService took to complete: 0ms
09-08 04:53:26.726 1151 1690 I ActivityManagerTiming: OnBootPhase_1000_com.android.server.appbinding.AppBindingService$Lifecycle
09-08 04:53:26.726 1151 1690 D ActivityManagerTiming: OnBootPhase_1000_com.android.server.appbinding.AppBindingService$Lifecycle took to complete: 0ms
09-08 04:53:26.726 1151 1690 I ActivityManagerTiming: OnBootPhase_1000_com.android.server.tracing.TracingServiceProxy
09-08 04:53:26.726 1151 1690 D ActivityManagerTiming: OnBootPhase_1000_com.android.server.tracing.TracingServiceProxy took to complete: 0ms
09-08 04:53:26.726 1151 1690 I ActivityManagerTiming: OnBootPhase_1000_com.android.server.policy.PermissionPolicyService
09-08 04:53:26.727 1151 1690 D ActivityManagerTiming: OnBootPhase_1000_com.android.server.policy.PermissionPolicyService took to complete: 0ms
09-08 04:53:26.727 1151 1690 I ActivityManagerTiming: OnBootPhase_1000_com.android.server.pm.StagingManager$Lifecycle
09-08 04:53:26.727 1151 1690 D ActivityManagerTiming: OnBootPhase_1000_com.android.server.pm.StagingManager$Lifecycle took to complete: 0ms
09-08 04:53:26.727 1151 1690 I ActivityManagerTiming: OnBootPhase_1000_com.android.server.app.GameManagerService$Lifecycle
09-08 04:53:26.727 1151 1690 D GameManagerService: onBootCompleted
09-08 04:53:26.727 1151 1690 D ActivityManagerTiming: OnBootPhase_1000_com.android.server.app.GameManagerService$Lifecycle took to complete: 0ms
09-08 04:53:26.727 1151 1690 I ActivityManagerTiming: OnBootPhase_1000_com.android.server.appsearch.AppSearchManagerService
09-08 04:53:26.729 1151 1690 D ActivityManagerTiming: OnBootPhase_1000_com.android.server.appsearch.AppSearchManagerService took to complete: 2ms
09-08 04:53:26.729 1151 1690 I ActivityManagerTiming: OnBootPhase_1000_com.android.server.media.MediaCommunicationService
09-08 04:53:26.730 1151 1690 D ActivityManagerTiming: OnBootPhase_1000_com.android.server.media.MediaCommunicationService took to complete: 0ms
09-08 04:53:26.730 1151 1690 D ActivityManagerTiming: OnBootPhase_1000 took to complete: 113ms
09-08 04:53:26.730 1151 1690 D ActivityManagerTiming: TotalBootTime took to complete: 20651ms
09-08 04:53:26.730 1151 1690 D SystemServerInitThreadPool: Shutdown requested
09-08 04:53:26.730 1151 1690 I SystemServerTiming: WaitInitThreadPoolShutdown
09-08 04:53:26.735 1151 1690 D SystemServerInitThreadPool: Shutdown successful
09-08 04:53:26.735 1151 1690 D SystemServerTiming: WaitInitThreadPoolShutdown took to complete: 5ms
09-08 04:53:26.736 1151 1690 D CompatibilityChangeReporter: Compat change id reported: 135634846; UID 10100; state: DISABLED
09-08 04:53:26.736 1151 1690 D CompatibilityChangeReporter: Compat change id reported: 177438394; UID 10100; state: DISABLED
09-08 04:53:26.736 1151 1690 D CompatibilityChangeReporter: Compat change id reported: 135772972; UID 10100; state: DISABLED
09-08 04:53:26.737 1151 1690 D CompatibilityChangeReporter: Compat change id reported: 135754954; UID 10100; state: ENABLED
09-08 04:53:26.737 1151 1708 D CompatibilityChangeReporter: Compat change id reported: 143937733; UID 10100; state: ENABLED
09-08 04:53:26.737 1151 1708 W ActivityManager: android.ext.services inode == 0 (b/152760674)
09-08 04:53:26.743 1151 1690 I uc_finish_user_boot: 0
09-08 04:53:26.743 1151 1690 I ActivityManager: User 0 state changed from BOOTING to RUNNING_LOCKED
09-08 04:53:26.743 1151 1690 I am_user_state_changed: [0,1]
09-08 04:53:26.743 1151 1690 W ActivityManager: UserLifecycleEvent 4 received without an active userJourneySession.
09-08 04:53:26.774 1151 1690 I uc_send_user_broadcast: [0,android.intent.action.LOCKED_BOOT_COMPLETED]
09-08 04:53:26.775 1151 1690 I uc_finish_user_unlocking: 0
09-08 04:53:26.775 1151 1690 W ActivityManager: UserLifecycleEvent 5 received without an active userJourneySession.
09-08 04:53:26.775 1151 1690 D ActivityManager: Started unlocking user 0
09-08 04:53:26.775 1151 1690 D ActivityManager: Unlocking user 0 progress 0
09-08 04:53:26.776 1151 1690 D ActivityManager: Unlocking user 0 progress 5
09-08 04:53:26.777 563 563 D vold : fscrypt_prepare_user_storage for volume null, user 0, serial 0, flags 2
09-08 04:53:26.777 1151 1690 D ActivityManagerTiming: FinishBooting took to complete: 497ms
09-08 04:53:26.777 563 563 D vold : Preparing: /data/system_ce/0
09-08 04:53:26.777 1151 1151 I notification_enqueue: [1000,1151,android,55,NULL,-1,Notification(channel=DEVELOPER shortcut=null contentView=null vibrate=null sound=null tick defaults=0x0 flags=0x2 color=0x00000000 vis=PUBLIC),0]
09-08 04:53:26.778 563 563 D vold : Preparing: /data/misc_ce/0
09-08 04:53:26.778 1151 1151 I sysui_multi_action: [757,1501,758,1,793,1,794,0,795,1,796,55,806,android,857,DEVELOPER,858,2,947,0,1500,0]
09-08 04:53:26.778 563 563 D vold : Preparing: /data/vendor_ce/0
09-08 04:53:26.778 1151 1151 I sysui_multi_action: [757,804,799,note_interruptive,801,0,802,1]
09-08 04:53:26.778 563 563 D vold : Preparing: /data/media/0
09-08 04:53:26.779 563 563 D vold : Preparing: /data/data
09-08 04:53:26.779 563 563 I vold : Encryption policy of /data/system_ce/0 set to a17470459b5589cc25d8f7dcc89103b9 v2 modes 1/4 flags 0xa
09-08 04:53:26.779 563 563 I vold : Encryption policy of /data/misc_ce/0 set to a17470459b5589cc25d8f7dcc89103b9 v2 modes 1/4 flags 0xa
09-08 04:53:26.779 563 563 I vold : Encryption policy of /data/vendor_ce/0 set to a17470459b5589cc25d8f7dcc89103b9 v2 modes 1/4 flags 0xa
09-08 04:53:26.780 563 563 I vold : Encryption policy of /data/media/0 set to a17470459b5589cc25d8f7dcc89103b9 v2 modes 1/4 flags 0xa
09-08 04:53:26.780 563 563 I vold : Encryption policy of /data/data set to a17470459b5589cc25d8f7dcc89103b9 v2 modes 1/4 flags 0xa
09-08 04:53:26.780 563 563 D vold : Starting restorecon of /data/system_ce/0
09-08 04:53:26.780 1151 1707 I am_uid_running: 10071
09-08 04:53:26.780 1151 1151 W NotificationHistory: Attempted to add notif for locked/gone/disabled user 0
09-08 04:53:26.784 1151 1707 D CompatibilityChangeReporter: Compat change id reported: 135634846; UID 10071; state: DISABLED
09-08 04:53:26.784 1151 1707 D CompatibilityChangeReporter: Compat change id reported: 177438394; UID 10071; state: DISABLED
09-08 04:53:26.784 1151 1707 D CompatibilityChangeReporter: Compat change id reported: 135772972; UID 10071; state: DISABLED
09-08 04:53:26.785 1151 1707 D CompatibilityChangeReporter: Compat change id reported: 135754954; UID 10071; state: DISABLED
09-08 04:53:26.785 1151 1689 I DropBoxManagerService: add tag=system_server_strictmode isTagEnabled=true flags=0x2
09-08 04:53:26.787 1151 1689 I DropBoxManagerService: add tag=system_server_strictmode isTagEnabled=true flags=0x2
09-08 04:53:26.788 1151 1689 I DropBoxManagerService: add tag=system_server_strictmode isTagEnabled=true flags=0x2
09-08 04:53:26.795 1151 1689 I DropBoxManagerService: add tag=system_server_strictmode isTagEnabled=true flags=0x2
09-08 04:53:26.796 563 563 D vold : Finished restorecon of /data/system_ce/0
09-08 04:53:26.796 563 563 D vold : Starting restorecon of /data/vendor_ce/0
09-08 04:53:26.818 1151 1837 I commit_sys_config_file: [input-subtypes,43]
09-08 04:53:26.820 563 563 D vold : Finished restorecon of /data/vendor_ce/0
09-08 04:53:26.820 563 563 D vold : Starting restorecon of /data/misc_ce/0
09-08 04:53:26.826 563 563 D vold : Finished restorecon of /data/misc_ce/0
09-08 04:53:26.826 563 563 D vold : /system/bin/vold_prepare_subdirs
09-08 04:53:26.826 563 563 D vold : prepare
09-08 04:53:26.826 563 563 D vold :
09-08 04:53:26.826 563 563 D vold : 0
09-08 04:53:26.826 563 563 D vold : 2
09-08 04:53:26.828 1151 1708 W ActivityManager: Slow operation: 93ms so far, now at startProcess: returned from zygote!
09-08 04:53:26.829 1151 1708 W ActivityManager: Slow operation: 94ms so far, now at startProcess: done updating battery stats
09-08 04:53:26.829 1151 1708 I am_proc_start: [0,3069,10100,android.ext.services,on-hold,]
09-08 04:53:26.829 1151 1708 W ActivityManager: Slow operation: 94ms so far, now at startProcess: building log message
09-08 04:53:26.829 1151 1708 I ActivityManager: Start proc 3069:android.ext.services/u0a100 for on-hold
09-08 04:53:26.829 1151 1708 W ActivityManager: Slow operation: 94ms so far, now at startProcess: starting to update pids map
09-08 04:53:26.829 1151 1708 W ActivityManager: Slow operation: 94ms so far, now at startProcess: done updating pids map
09-08 04:53:26.830 1151 1708 D CompatibilityChangeReporter: Compat change id reported: 143937733; UID 10071; state: DISABLED
09-08 04:53:26.830 1151 1708 W ActivityManager: com.android.deskclock inode == 0 (b/152760674)
09-08 04:53:26.839 1151 1861 I commit_sys_config_file: [settings-0-0,20]
09-08 04:53:26.900 3030 3072 W ActivityThread: Failed to find provider info for user_dictionary (user not unlocked)
09-08 04:53:26.904 1151 1861 I commit_sys_config_file: [settings-2-0,40]
09-08 04:53:26.953 1151 1708 W ActivityManager: Slow operation: 173ms so far, now at startProcess: returned from zygote!
09-08 04:53:26.955 1151 2314 I am_proc_bound: [0,3069,android.ext.services]
09-08 04:53:26.961 1151 1837 W ActivityTaskManager: Current config: {1.0 ?mcc?mnc [zh_CN] ldltr sw680dp w1586dp h608dp 240dpi lrg long hdr land finger -keyb/h/h -nav/h winConfig={ mBounds=Rect(0, 0 - 2380, 1020) mAppBounds=Rect(0, 0 - 2380, 948) mMaxBounds=Rect(0, 0 - 2380, 1020) mWindowingMode=fullscreen mDisplayWindowingMode=fullscreen mActivityType=undefined mAlwaysOnTop=undefined mRotation=ROTATION_0} s.10 fontWeightAdjustment=0} unchanged for IME proc com.android.inputmethod.latin
09-08 04:53:26.962 1151 1837 W ActivityTaskManager: Current config: {1.0 ?mcc?mnc [zh_CN] ldltr sw680dp w1586dp h608dp 240dpi lrg long hdr land finger -keyb/h/h -nav/h winConfig={ mBounds=Rect(0, 0 - 2380, 1020) mAppBounds=Rect(0, 0 - 2380, 948) mMaxBounds=Rect(0, 0 - 2380, 1020) mWindowingMode=fullscreen mDisplayWindowingMode=fullscreen mActivityType=undefined mAlwaysOnTop=undefined mRotation=ROTATION_0} s.10 fontWeightAdjustment=0} unchanged for IME proc com.android.inputmethod.latin
09-08 04:53:26.965 1151 2314 D CompatibilityChangeReporter: Compat change id reported: 168419799; UID 10100; state: DISABLED
09-08 04:53:26.974 1151 2314 I am_uid_active: 10100
09-08 04:53:27.006 1151 2314 W ActivityManager: Slow operation: 52ms so far, now at attachApplicationLocked: after mServices.attachApplicationLocked
09-08 04:53:27.011 1151 1708 W ActivityManager: Slow operation: 231ms so far, now at startProcess: done updating battery stats
09-08 04:53:27.011 1151 1708 I am_proc_start: [0,3088,10071,com.android.deskclock,broadcast,{com.android.deskclock/com.android.deskclock.AlarmInitReceiver}]
09-08 04:53:27.011 1151 1708 W ActivityManager: Slow operation: 231ms so far, now at startProcess: building log message
09-08 04:53:27.011 1151 1708 I ActivityManager: Start proc 3088:com.android.deskclock/u0a71 for broadcast {com.android.deskclock/com.android.deskclock.AlarmInitReceiver}
09-08 04:53:27.011 1151 1708 W ActivityManager: Slow operation: 231ms so far, now at startProcess: starting to update pids map
09-08 04:53:27.012 1151 1708 W ActivityManager: Slow operation: 232ms so far, now at startProcess: done updating pids map
09-08 04:53:27.028 1151 1687 V UserDataPreparer: Found /data/user/0 with serial number 0
09-08 04:53:27.029 1151 1687 V UserDataPreparer: Found /data/system_ce/0 with serial number -1
09-08 04:53:27.029 1151 1687 D UserDataPreparer: Serial number missing on /data/system_ce/0; assuming current is valid
09-08 04:53:27.059 1151 1687 D UserDataPreparer: Setting property: sys.user.0.ce_available=true
09-08 04:53:27.062 1151 1687 V PackageManager: reconcileAppsData for null u0 0x2 migrateAppData=true
09-08 04:53:27.112 1151 2345 W UsageStatsService: Failed to query usage stats for locked user 0
09-08 04:53:27.137 1151 1151 V NotificationAssistants: 0 notification assistant service connected: ComponentInfo{android.ext.services/android.ext.services.notification.Assistant}
09-08 04:53:27.150 1151 1151 I ExplicitHealthCheckController: Explicit health check service is connected ComponentInfo{android.ext.services/android.ext.services.watchdog.ExplicitHealthCheckServiceImpl}
09-08 04:53:27.150 1151 1151 I ExplicitHealthCheckController: Service initialized, syncing requests
09-08 04:53:27.150 1151 1151 I PackageWatchdog: Syncing health check requests for packages: {}
09-08 04:53:27.151 1151 1151 D ExplicitHealthCheckController: Getting health check supported packages
09-08 04:53:27.152 1151 3056 W AdbDebuggingManager: Read failed with count -1
09-08 04:53:27.158 1151 2314 I ExplicitHealthCheckController: Explicit health check supported packages [PackageConfig{com.android.networkstack, 86400000}]
09-08 04:53:27.158 1151 2314 D PackageWatchdog: Received supported packages [PackageConfig{com.android.networkstack, 86400000}]
09-08 04:53:27.158 1151 2314 D ExplicitHealthCheckController: Getting health check requested packages
09-08 04:53:27.166 1151 3011 I ExplicitHealthCheckController: Explicit health check requested packages []
09-08 04:53:27.166 1151 3011 I ExplicitHealthCheckController: No more health check requests, unbinding...
09-08 04:53:27.170 1151 1837 I am_proc_bound: [0,3088,com.android.deskclock]
09-08 04:53:27.170 1151 3011 I ExplicitHealthCheckController: Explicit health check service is unbound
09-08 04:53:27.171 1151 1837 D CompatibilityChangeReporter: Compat change id reported: 168419799; UID 10071; state: DISABLED
09-08 04:53:27.175 1151 1837 I am_uid_active: 10071
09-08 04:53:27.543 1151 2314 I am_uid_running: 10084
09-08 04:53:27.543 1151 2314 D CompatibilityChangeReporter: Compat change id reported: 135634846; UID 10084; state: DISABLED
09-08 04:53:27.543 1151 2314 D CompatibilityChangeReporter: Compat change id reported: 177438394; UID 10084; state: DISABLED
09-08 04:53:27.544 1151 2314 D CompatibilityChangeReporter: Compat change id reported: 135772972; UID 10084; state: DISABLED
09-08 04:53:27.544 1151 2314 D CompatibilityChangeReporter: Compat change id reported: 135754954; UID 10084; state: ENABLED
09-08 04:53:27.545 1151 1708 D CompatibilityChangeReporter: Compat change id reported: 143937733; UID 10084; state: ENABLED
09-08 04:53:27.545 1151 1708 W ActivityManager: com.qualcomm.location inode == 0 (b/152760674)
09-08 04:53:27.630 1151 1708 W ActivityManager: Slow operation: 87ms so far, now at startProcess: returned from zygote!
09-08 04:53:27.631 1151 1708 W ActivityManager: Slow operation: 88ms so far, now at startProcess: done updating battery stats
09-08 04:53:27.631 1151 1708 I am_proc_start: [0,3131,10084,com.qualcomm.location,broadcast,{com.qualcomm.location/com.qualcomm.location.LocationServiceReceiver}]
09-08 04:53:27.631 1151 1708 W ActivityManager: Slow operation: 88ms so far, now at startProcess: building log message
09-08 04:53:27.631 1151 1708 I ActivityManager: Start proc 3131:com.qualcomm.location/u0a84 for broadcast {com.qualcomm.location/com.qualcomm.location.LocationServiceReceiver}
09-08 04:53:27.631 1151 1708 W ActivityManager: Slow operation: 88ms so far, now at startProcess: starting to update pids map
09-08 04:53:27.631 1151 1708 W ActivityManager: Slow operation: 88ms so far, now at startProcess: done updating pids map
09-08 04:53:28.085 1151 2317 I am_proc_bound: [0,3131,com.qualcomm.location]
09-08 04:53:28.089 1151 2317 D CompatibilityChangeReporter: Compat change id reported: 168419799; UID 10084; state: DISABLED
09-08 04:53:28.095 1151 2317 I am_uid_active: 10084
09-08 04:53:28.112 1151 1689 I commit_sys_config_file: [jobs,47]
09-08 04:53:28.147 3131 3131 I auditd : type=1400 audit(0.0:113): avc: denied { search } for comm="alcomm.location" name="data" dev="dm-10" ino=107 scontext=u:r:vendor_location_app:s0 tcontext=u:object_r:system_data_file:s0:c512,c768 tclass=dir permissive=0 app=com.qualcomm.location
09-08 04:53:28.147 3131 3131 I auditd : type=1400 audit(0.0:114): avc: denied { search } for comm="alcomm.location" name="data" dev="dm-10" ino=107 scontext=u:r:vendor_location_app:s0 tcontext=u:object_r:system_data_file:s0:c512,c768 tclass=dir permissive=0 app=com.qualcomm.location
09-08 04:53:28.163 3131 3131 I auditd : type=1400 audit(0.0:115): avc: denied { search } for comm="alcomm.location" name="data" dev="dm-10" ino=107 scontext=u:r:vendor_location_app:s0 tcontext=u:object_r:system_data_file:s0:c512,c768 tclass=dir permissive=0 app=com.qualcomm.location
09-08 04:53:28.163 3131 3131 I auditd : type=1400 audit(0.0:116): avc: denied { search } for comm="alcomm.location" name="data" dev="dm-10" ino=107 scontext=u:r:vendor_location_app:s0 tcontext=u:object_r:system_data_file:s0:c512,c768 tclass=dir permissive=0 app=com.qualcomm.location
09-08 04:53:28.215 3131 3131 I auditd : type=1400 audit(0.0:117): avc: denied { search } for comm="alcomm.location" name="data" dev="dm-10" ino=107 scontext=u:r:vendor_location_app:s0 tcontext=u:object_r:system_data_file:s0:c512,c768 tclass=dir permissive=0 app=com.qualcomm.location
09-08 04:53:28.215 3131 3131 I auditd : type=1400 audit(0.0:118): avc: denied { search } for comm="alcomm.location" name="data" dev="dm-10" ino=107 scontext=u:r:vendor_location_app:s0 tcontext=u:object_r:system_data_file:s0:c512,c768 tclass=dir permissive=0 app=com.qualcomm.location
09-08 04:53:28.239 3131 3131 I auditd : type=1400 audit(0.0:119): avc: denied { search } for comm="alcomm.location" name="data" dev="dm-10" ino=107 scontext=u:r:vendor_location_app:s0 tcontext=u:object_r:system_data_file:s0:c512,c768 tclass=dir permissive=0 app=com.qualcomm.location
09-08 04:53:28.239 3131 3131 I auditd : type=1400 audit(0.0:120): avc: denied { search } for comm="alcomm.location" name="data" dev="dm-10" ino=107 scontext=u:r:vendor_location_app:s0 tcontext=u:object_r:system_data_file:s0:c512,c768 tclass=dir permissive=0 app=com.qualcomm.location
09-08 04:53:28.271 3131 3131 I auditd : type=1400 audit(0.0:121): avc: denied { search } for comm="alcomm.location" name="data" dev="dm-10" ino=107 scontext=u:r:vendor_location_app:s0 tcontext=u:object_r:system_data_file:s0:c512,c768 tclass=dir permissive=0 app=com.qualcomm.location
09-08 04:53:28.456 2701 2701 W ContextImpl: Calling a method in the system process without a qualified user: android.app.ContextImpl.startService:1816 android.content.ContextWrapper.startService:774 android.content.ContextWrapper.startService:774 com.qualcomm.qti.qdma.app.BootReceiver.onBootReceived:115 com.qualcomm.qti.innodme.InnoBootReceiver.onReceive:22
09-08 04:53:28.494 1151 3011 D TelephonyRegistry: listen oscl: mHasNotifySubscriptionInfoChangedOccurred==false no callback
09-08 04:53:28.509 1151 3011 I am_uid_running: 10091
09-08 04:53:28.510 1151 3011 D CompatibilityChangeReporter: Compat change id reported: 135634846; UID 10091; state: DISABLED
09-08 04:53:28.511 1151 3011 D CompatibilityChangeReporter: Compat change id reported: 177438394; UID 10091; state: DISABLED
09-08 04:53:28.512 1151 3011 D CompatibilityChangeReporter: Compat change id reported: 135772972; UID 10091; state: DISABLED
09-08 04:53:28.512 1151 3011 D CompatibilityChangeReporter: Compat change id reported: 135754954; UID 10091; state: ENABLED
09-08 04:53:28.513 1151 1708 D CompatibilityChangeReporter: Compat change id reported: 143937733; UID 10091; state: ENABLED
09-08 04:53:28.514 1151 1708 W ActivityManager: com.qualcomm.qtil.aptxui inode == 0 (b/152760674)
09-08 04:53:28.514 2701 3206 W ContextImpl: Calling a method in the system process without a qualified user: android.app.ContextImpl.startService:1816 android.content.ContextWrapper.startService:774 com.qualcomm.qti.qdma.util.PeriodicCI.run:477 com.qualcomm.qti.qdma.util.PeriodicCI.start:390 com.qualcomm.qti.qdma.app.ActiveCareService$ProcessSessionRequest.run:457
09-08 04:53:28.545 1151 1837 I service_manager_slow: [11,platform_compat]
09-08 04:53:28.546 1151 1837 D CompatibilityChangeReporter: Compat change id reported: 182478738; UID 1001; state: DISABLED
09-08 04:53:28.594 1151 1708 W ActivityManager: Slow operation: 85ms so far, now at startProcess: returned from zygote!
09-08 04:53:28.595 1151 1708 W ActivityManager: Slow operation: 85ms so far, now at startProcess: done updating battery stats
09-08 04:53:28.595 1151 1708 I am_proc_start: [0,3214,10091,com.qualcomm.qtil.aptxui,broadcast,{com.qualcomm.qtil.aptxui/com.qualcomm.qtil.aptxui.aptxuiBootReceiver}]
09-08 04:53:28.595 1151 1708 W ActivityManager: Slow operation: 86ms so far, now at startProcess: building log message
09-08 04:53:28.595 1151 1708 I ActivityManager: Start proc 3214:com.qualcomm.qtil.aptxui/u0a91 for broadcast {com.qualcomm.qtil.aptxui/com.qualcomm.qtil.aptxui.aptxuiBootReceiver}
09-08 04:53:28.595 1151 1708 W ActivityManager: Slow operation: 86ms so far, now at startProcess: starting to update pids map
09-08 04:53:28.595 1151 1708 W ActivityManager: Slow operation: 86ms so far, now at startProcess: done updating pids map
09-08 04:53:28.702 1151 2314 I am_proc_bound: [0,3214,com.qualcomm.qtil.aptxui]
09-08 04:53:28.703 1151 2314 D CompatibilityChangeReporter: Compat change id reported: 168419799; UID 10091; state: DISABLED
09-08 04:53:28.706 1151 2314 I am_uid_active: 10091
09-08 04:53:28.851 1151 1837 D CompatibilityChangeReporter: Compat change id reported: 168419799; UID 10051; state: DISABLED
09-08 04:53:28.871 1151 1837 D CompatibilityChangeReporter: Compat change id reported: 168419799; UID 1000; state: DISABLED
09-08 04:53:28.875 2597 2597 W ContextImpl: Calling a method in the system process without a qualified user: android.app.ContextImpl.startService:1816 android.content.ContextWrapper.startService:774 android.content.ContextWrapper.startService:774 vendor.qti.qesdk.sysservice.QesdkSysReceiver.onReceive:42 android.app.ActivityThread.handleReceiver:4309
09-08 04:53:28.974 1151 1687 V PackageManager: reconcileAppsData finished 138 packages
09-08 04:53:28.975 1151 1687 I ActivityManager: User 0 state changed from RUNNING_LOCKED to RUNNING_UNLOCKING
09-08 04:53:28.976 1151 1687 I am_user_state_changed: [0,2]
09-08 04:53:28.983 1151 1687 D ActivityManager: Unlocking user 0 progress 20
09-08 04:53:28.983 1151 1707 I ssm_user_unlocking: 0
09-08 04:53:28.983 1151 1687 W Looper : Slow dispatch took 2207ms android.fg h=android.os.Handler c=com.android.server.am.UserController$$ExternalSyntheticLambda3@f05ef4c m=0
09-08 04:53:28.984 1151 1687 W Looper : Slow delivery took 2207ms android.fg h=android.os.Handler c=com.android.server.am.UserController$$ExternalSyntheticLambda1@556f4aa m=0
09-08 04:53:28.984 1151 1707 I SystemServerTimingAsync: ssm.UnlockingUser-0
09-08 04:53:28.984 1151 1707 I SystemServiceManager: Calling onUnlockingUser 0
09-08 04:53:28.984 1151 1707 I SystemServerTimingAsync: ssm.onUnlockingUser-0_com.android.server.security.FileIntegrityService
09-08 04:53:28.984 1151 1707 D SystemServerTimingAsync: ssm.onUnlockingUser-0_com.android.server.security.FileIntegrityService took to complete: 0ms
09-08 04:53:28.984 1151 1707 I SystemServerTimingAsync: ssm.onUnlockingUser-0_com.android.server.pm.Installer
09-08 04:53:28.984 1151 1707 D SystemServerTimingAsync: ssm.onUnlockingUser-0_com.android.server.pm.Installer took to complete: 0ms
09-08 04:53:28.984 1151 1707 I SystemServerTimingAsync: ssm.onUnlockingUser-0_com.android.server.os.DeviceIdentifiersPolicyService
