09-08 04:53:46.029 1151 1708 I am_proc_start: [0,4141,10022,com.android.packageinstaller,broadcast,{com.android.packageinstaller/com.android.packageinstaller.TemporaryFileManager}]
09-08 04:53:46.029 1151 1708 I ActivityManager: Start proc 4141:com.android.packageinstaller/u0a22 for broadcast {com.android.packageinstaller/com.android.packageinstaller.TemporaryFileManager}
09-08 04:53:46.095 1151 3694 I am_proc_bound: [0,4141,com.android.packageinstaller]
09-08 04:53:46.097 1151 3694 D CompatibilityChangeReporter: Compat change id reported: 168419799; UID 10022; state: DISABLED
09-08 04:53:46.103 1151 3694 I am_uid_active: 10022
09-08 04:53:46.256 1151 3701 D CompatibilityChangeReporter: Compat change id reported: 168419799; UID 10025; state: DISABLED
09-08 04:53:46.284 1151 3696 D CompatibilityChangeReporter: Compat change id reported: 171306433; UID 10025; state: ENABLED
09-08 04:53:46.317 1151 3696 D CompatibilityChangeReporter: Compat change id reported: 168419799; UID 1000; state: DISABLED
09-08 04:53:46.344 1151 3694 I am_uid_running: 2000
09-08 04:53:46.344 1151 3694 I ActivityManager: com.android.shell is exempt from freezer
09-08 04:53:46.345 1151 3694 D CompatibilityChangeReporter: Compat change id reported: 135634846; UID 2000; state: DISABLED
09-08 04:53:46.346 1151 3694 D CompatibilityChangeReporter: Compat change id reported: 177438394; UID 2000; state: DISABLED
09-08 04:53:46.347 1151 3694 D CompatibilityChangeReporter: Compat change id reported: 135772972; UID 2000; state: DISABLED
09-08 04:53:46.348 1151 3694 D CompatibilityChangeReporter: Compat change id reported: 135754954; UID 2000; state: ENABLED
09-08 04:53:46.400 1151 1708 W ActivityManager: Slow operation: 56ms so far, now at startProcess: returned from zygote!
09-08 04:53:46.401 1151 1708 W ActivityManager: Slow operation: 57ms so far, now at startProcess: done updating battery stats
09-08 04:53:46.401 1151 1708 I am_proc_start: [0,4160,2000,com.android.shell,broadcast,{com.android.shell/com.android.shell.HeapDumpReceiver}]
09-08 04:53:46.401 1151 1708 W ActivityManager: Slow operation: 57ms so far, now at startProcess: building log message
09-08 04:53:46.401 1151 1708 I ActivityManager: Start proc 4160:com.android.shell/2000 for broadcast {com.android.shell/com.android.shell.HeapDumpReceiver}
09-08 04:53:46.401 1151 1708 W ActivityManager: Slow operation: 57ms so far, now at startProcess: starting to update pids map
09-08 04:53:46.401 1151 1708 W ActivityManager: Slow operation: 57ms so far, now at startProcess: done updating pids map
09-08 04:53:46.458 1151 3694 I am_proc_bound: [0,4160,com.android.shell]
09-08 04:53:46.460 1151 3694 D CompatibilityChangeReporter: Compat change id reported: 168419799; UID 2000; state: DISABLED
09-08 04:53:46.465 1151 3694 I am_uid_active: 2000
09-08 04:53:46.575 1151 3696 D CompatibilityChangeReporter: Compat change id reported: 135634846; UID 1001; state: DISABLED
09-08 04:53:46.575 1151 3696 D CompatibilityChangeReporter: Compat change id reported: 177438394; UID 1001; state: DISABLED
09-08 04:53:46.575 1151 3696 D CompatibilityChangeReporter: Compat change id reported: 135772972; UID 1001; state: DISABLED
09-08 04:53:46.576 1151 3696 D CompatibilityChangeReporter: Compat change id reported: 135754954; UID 1001; state: ENABLED
09-08 04:53:46.617 1151 1708 I am_proc_start: [0,4178,1001,com.android.phone,broadcast,{com.android.stk/com.android.stk.BootCompletedReceiver}]
09-08 04:53:46.617 1151 1708 I Watchdog: Interesting Java process com.android.phone started. Pid 4178
09-08 04:53:46.617 1151 1708 I ActivityManager: Start proc 4178:com.android.phone/1001 for broadcast {com.android.stk/com.android.stk.BootCompletedReceiver}
09-08 04:53:46.670 1151 3696 I am_proc_bound: [0,4178,com.android.phone]
09-08 04:53:46.820 4178 4178 D CAT : BootCompletedReceiver: [ACTION_BOOT_COMPLETED]
09-08 04:53:46.822 1151 3696 I am_uid_running: 10077
09-08 04:53:46.823 1151 3696 D CompatibilityChangeReporter: Compat change id reported: 135634846; UID 10077; state: DISABLED
09-08 04:53:46.823 4178 4178 D CAT : StkAppService: onCreate()+
09-08 04:53:46.824 4178 4178 D CAT : StkAppService: simCount: 1
09-08 04:53:46.824 1151 3696 D CompatibilityChangeReporter: Compat change id reported: 177438394; UID 10077; state: DISABLED
09-08 04:53:46.824 4178 4178 D CAT : StkAppService: slotId: 0
09-08 04:53:46.825 1151 3696 D CompatibilityChangeReporter: Compat change id reported: 135772972; UID 10077; state: DISABLED
09-08 04:53:46.825 1151 3696 D CompatibilityChangeReporter: Compat change id reported: 135754954; UID 10077; state: ENABLED
09-08 04:53:46.826 4178 4178 D CAT : StkAppService: onStart sim id: 0, op: 5, *****
09-08 04:53:46.826 4178 4178 D CAT : StkAppService: mStkService is: -1
09-08 04:53:46.826 1151 1708 D CompatibilityChangeReporter: Compat change id reported: 143937733; UID 10077; state: ENABLED
09-08 04:53:46.838 1151 3694 D PackageManager: Instant App installer not found with android.intent.action.INSTALL_INSTANT_APP_PACKAGE
09-08 04:53:46.838 1151 3694 D PackageManager: Clear ephemeral installer activity
09-08 04:53:46.838 4178 4178 D CAT : StkAppInstaller: SIM Toolkit is disabled
09-08 04:53:46.842 4178 4178 D CAT : StkAppService: onDestroy()
09-08 04:53:46.873 1151 1708 W ActivityManager: Slow operation: 51ms so far, now at startProcess: returned from zygote!
09-08 04:53:46.874 1151 1708 W ActivityManager: Slow operation: 51ms so far, now at startProcess: done updating battery stats
09-08 04:53:46.874 1151 1708 I am_proc_start: [0,4197,10077,com.qti.ltebc,broadcast,{com.qti.ltebc/com.qualcomm.ltebc.LTEBroadcastBootReceiver}]
09-08 04:53:46.874 1151 1708 W ActivityManager: Slow operation: 52ms so far, now at startProcess: building log message
09-08 04:53:46.874 1151 1708 I ActivityManager: Start proc 4197:com.qti.ltebc/u0a77 for broadcast {com.qti.ltebc/com.qualcomm.ltebc.LTEBroadcastBootReceiver}
09-08 04:53:46.874 1151 1708 W ActivityManager: Slow operation: 52ms so far, now at startProcess: starting to update pids map
09-08 04:53:46.874 1151 1708 W ActivityManager: Slow operation: 52ms so far, now at startProcess: done updating pids map
09-08 04:53:46.929 1151 3694 I am_proc_bound: [0,4197,com.qti.ltebc]
09-08 04:53:46.932 1151 3694 D CompatibilityChangeReporter: Compat change id reported: 168419799; UID 10077; state: DISABLED
09-08 04:53:46.937 1151 3694 I am_uid_active: 10077
09-08 04:53:48.091 1151 1687 D CompanionDeviceManagerService: onPackageModified(packageName = com.android.stk)
09-08 04:53:48.114 1151 1151 I Telecom : DefaultDialerCache: Refreshing default dialer for user 0: now null: DDC.oR@ABw
09-08 04:53:48.119 1151 1151 I Telecom : DefaultDialerCache: Refreshing default dialer for user 0: now null: DDC.oR@AB0
09-08 04:53:48.120 1151 1687 D CompanionDeviceManagerService: onPackageModified(packageName = com.android.calendar)
09-08 04:53:48.127 1151 1151 I Telecom : DefaultDialerCache: Refreshing default dialer for user 0: now null: DDC.oR@AB4
09-08 04:53:48.128 1151 1687 D CompanionDeviceManagerService: onPackageModified(packageName = com.android.gallery3d)
09-08 04:53:48.141 1151 1687 D CompanionDeviceManagerService: onPackageModified(packageName = com.android.inputmethod.latin)
09-08 04:53:48.142 1151 1151 I Telecom : DefaultDialerCache: Refreshing default dialer for user 0: now null: DDC.oR@AB8
09-08 04:53:48.152 1151 1687 D CompanionDeviceManagerService: onPackageModified(packageName = com.android.settings)
09-08 04:53:48.158 1151 1151 I Telecom : DefaultDialerCache: Refreshing default dialer for user 0: now null: DDC.oR@ACA
09-08 04:53:48.163 1151 1706 W VoiceInteractionManager: no available voice recognition services found for user 0
09-08 04:53:48.173 1151 1687 D CompanionDeviceManagerService: onPackageModified(packageName = com.android.traceur)
09-08 04:53:48.180 1151 1151 I Telecom : DefaultDialerCache: Refreshing default dialer for user 0: now null: DDC.oR@ACE
09-08 04:53:48.194 1151 1706 W VoiceInteractionManager: no available voice recognition services found for user 0
09-08 04:53:48.253 1151 1689 I commit_sys_config_file: [jobs,5]
09-08 04:53:48.258 1151 1706 W VoiceInteractionManager: no available voice recognition services found for user 0
09-08 04:53:48.306 1151 1706 W VoiceInteractionManager: no available voice recognition services found for user 0
09-08 04:53:48.323 1151 1706 W VoiceInteractionManager: no available voice recognition services found for user 0
09-08 04:53:48.332 1151 1706 W VoiceInteractionManager: no available voice recognition services found for user 0
09-08 04:53:48.334 1151 1689 I DropBoxManagerService: add tag=system_server_strictmode isTagEnabled=true flags=0x2
09-08 04:53:48.514 1151 1861 I commit_sys_config_file: [settings-2-0,11]
09-08 04:53:49.250 1151 1706 I am_pss : [2247,10098,com.android.permissioncontroller,16303104,13836288,0,107925504,0,6,14]
09-08 04:53:49.268 1151 1706 I am_pss : [3030,10069,com.android.inputmethod.latin,13110272,8511488,0,114159616,0,7,13]
09-08 04:53:49.285 1151 1706 I am_pss : [3088,10071,com.android.deskclock,10480640,7213056,0,105127936,0,19,13]
09-08 04:53:49.301 1151 1706 I am_pss : [3069,10100,android.ext.services,13143040,5808128,0,124915712,0,5,12]
09-08 04:53:49.319 1151 1706 I am_pss : [3214,10091,com.qualcomm.qtil.aptxui,7290880,5677056,0,91344896,0,19,12]
09-08 04:53:49.337 1151 1706 I am_pss : [2716,1000,com.android.settings:CryptKeeper,12626944,4788224,0,117542912,0,19,13]
09-08 04:53:49.937 4249 4249 F linker : CANNOT LINK EXECUTABLE "/vendor/bin/hw/sxrservice": library "vendor.qti.hardware.qxr-V1-ndk_platform.so" not found: needed by main executable
09-08 04:53:49.944 4248 4248 F linker : CANNOT LINK EXECUTABLE "/vendor/bin/hw/qvrservice": library "vendor.qti.hardware.qxr-V1-ndk_platform.so" not found: needed by /vendor/lib64/libqvrservice.so in namespace (default)
09-08 04:53:50.327 1151 1706 I am_pss : [3459,10081,com.qualcomm.location.XT,6454272,4689920,0,93446144,0,6,14]
09-08 04:53:50.936 1151 2165 I volume_changed: [3,5,3,15,AS.AudioService]
09-08 04:53:51.164 1151 1861 I commit_sys_config_file: [settings-0-0,9]
09-08 04:53:51.358 1151 1706 I sysui_multi_action: [757,1717,758,1,759,0]
09-08 04:53:51.359 1151 1706 I sysui_multi_action: [757,1717,758,2,759,0]
09-08 04:53:51.360 1151 1706 I sysui_multi_action: [757,1717,758,3,759,0]
09-08 04:53:51.671 1151 1861 I commit_sys_config_file: [settings-1-0,17]
09-08 04:53:51.680 1151 2317 D CompatibilityChangeReporter: Compat change id reported: 171306433; UID 10077; state: ENABLED
09-08 04:53:51.681 1151 3697 D CompatibilityChangeReporter: Compat change id reported: 168419799; UID 10053; state: DISABLED
09-08 04:53:51.690 1151 1706 I am_pss : [3586,10033,com.android.managedprovisioning,9349120,7610368,0,96186368,0,19,13]
09-08 04:53:51.697 1151 2317 D CompatibilityChangeReporter: Compat change id reported: 168419799; UID 10094; state: DISABLED
09-08 04:53:51.706 1151 2317 D CompatibilityChangeReporter: Compat change id reported: 168419799; UID 10084; state: DISABLED
09-08 04:53:51.716 1151 1706 I am_pss : [3557,10026,com.android.externalstorage,5824512,4026368,0,93515776,0,19,12]
09-08 04:53:51.724 1151 2317 D CompatibilityChangeReporter: Compat change id reported: 168419799; UID 10081; state: DISABLED
09-08 04:53:51.733 1151 1706 I am_pss : [3439,1000,com.android.keychain,8416256,6688768,0,94449664,0,19,12]
09-08 04:53:51.742 1151 3697 D CompatibilityChangeReporter: Compat change id reported: 168419799; UID 10089; state: DISABLED
09-08 04:53:51.749 1151 1706 I am_pss : [3491,10080,com.android.provision,7361536,4632576,0,101298176,0,19,12]
09-08 04:53:51.756 1151 1837 I service_manager_stats: [100,226,20379]
09-08 04:53:51.756 1151 1837 D CompatibilityChangeReporter: Compat change id reported: 168419799; UID 10092; state: DISABLED
09-08 04:53:51.766 1151 1706 I am_pss : [3418,10029,com.android.documentsui,14406656,11599872,0,111456256,0,19,13]
09-08 04:53:51.766 1151 1837 I am_uid_running: 10059
09-08 04:53:51.768 1151 1837 D CompatibilityChangeReporter: Compat change id reported: 135634846; UID 10059; state: DISABLED
09-08 04:53:51.769 1151 1708 D CompatibilityChangeReporter: Compat change id reported: 143937733; UID 10059; state: DISABLED
09-08 04:53:51.781 1151 1706 I am_pss : [3716,10025,com.android.providers.calendar,7286784,5230592,0,98058240,0,19,12]
09-08 04:53:51.806 1151 1708 I am_proc_start: [0,4258,10059,com.qualcomm.qti.qms.service.connectionsecurity,broadcast,{com.qualcomm.qti.qms.service.connectionsecurity/com.qualcomm.qti.qms.service.connectionsecurity.ConnSecBroadcastReceiver}]
09-08 04:53:51.806 1151 1708 I ActivityManager: Start proc 4258:com.qualcomm.qti.qms.service.connectionsecurity/u0a59 for broadcast {com.qualcomm.qti.qms.service.connectionsecurity/com.qualcomm.qti.qms.service.connectionsecurity.ConnSecBroadcastReceiver}
09-08 04:53:51.883 1151 1837 I am_proc_bound: [0,4258,com.qualcomm.qti.qms.service.connectionsecurity]
09-08 04:53:51.885 1151 1837 D CompatibilityChangeReporter: Compat change id reported: 168419799; UID 10059; state: DISABLED
09-08 04:53:51.892 1151 1837 I am_uid_active: 10059
09-08 04:53:51.896 1151 3697 I ActivityManager: Process com.qti.ltebc (pid 4197) has died: cch+5 CEM
09-08 04:53:51.897 1151 3697 I am_proc_died: [0,4197,com.qti.ltebc,905,19]
09-08 04:53:51.899 1151 3697 I am_uid_stopped: 10077
09-08 04:53:51.933 1151 1706 I am_pss : [2846,10089,com.qualcomm.qti.qccauthmgr,6430720,4472832,0,95989760,0,19,12]
09-08 04:53:51.989 1151 3697 D CompatibilityChangeReporter: Compat change id reported: 168419799; UID 1001; state: DISABLED
09-08 04:53:52.006 1151 3697 D CompatibilityChangeReporter: Compat change id reported: 168419799; UID 10090; state: DISABLED
09-08 04:53:52.026 1151 1837 D CompatibilityChangeReporter: Compat change id reported: 168419799; UID 10091; state: DISABLED
09-08 04:53:52.052 1151 1837 I ActivityManager: Finished processing BOOT_COMPLETED for u0
09-08 04:53:52.055 1151 1837 D CompatibilityChangeReporter: Compat change id reported: 168419799; UID 10075; state: DISABLED
09-08 04:53:52.949 1151 1861 I commit_sys_config_file: [settings-2-0,9]
09-08 04:53:52.960 1151 1861 I commit_sys_config_file: [settings-1-0,9]
09-08 04:53:53.905 1151 1754 I commit_sys_config_file: [package-user-0,9]
09-08 04:53:55.020 4290 4290 F linker : CANNOT LINK EXECUTABLE "/vendor/bin/hw/qvrservice": library "vendor.qti.hardware.qxr-V1-ndk_platform.so" not found: needed by /vendor/lib64/libqvrservice.so in namespace (default)
09-08 04:53:55.034 4292 4292 F linker : CANNOT LINK EXECUTABLE "/vendor/bin/hw/sxrservice": library "vendor.qti.hardware.qxr-V1-ndk_platform.so" not found: needed by main executable
09-08 04:53:56.687 1151 1707 I am_uid_running: 10077
09-08 04:53:56.689 1151 1707 D CompatibilityChangeReporter: Compat change id reported: 135634846; UID 10077; state: DISABLED
09-08 04:53:56.690 1151 1707 D CompatibilityChangeReporter: Compat change id reported: 177438394; UID 10077; state: DISABLED
09-08 04:53:56.690 1151 1707 D CompatibilityChangeReporter: Compat change id reported: 135772972; UID 10077; state: DISABLED
09-08 04:53:56.691 1151 1707 D CompatibilityChangeReporter: Compat change id reported: 135754954; UID 10077; state: ENABLED
09-08 04:53:56.693 1151 1708 D CompatibilityChangeReporter: Compat change id reported: 143937733; UID 10077; state: ENABLED
09-08 04:53:56.755 1151 1708 W ActivityManager: Slow operation: 66ms so far, now at startProcess: returned from zygote!
09-08 04:53:56.755 1151 1708 W ActivityManager: Slow operation: 67ms so far, now at startProcess: done updating battery stats
09-08 04:53:56.755 1151 1708 I am_proc_start: [0,4295,10077,com.qti.ltebc,broadcast,{com.qti.ltebc/com.qualcomm.ltebc.LTEBroadcastAlarmReceiver}]
09-08 04:53:56.756 1151 1708 W ActivityManager: Slow operation: 67ms so far, now at startProcess: building log message
09-08 04:53:56.756 1151 1708 I ActivityManager: Start proc 4295:com.qti.ltebc/u0a77 for broadcast {com.qti.ltebc/com.qualcomm.ltebc.LTEBroadcastAlarmReceiver}
09-08 04:53:56.756 1151 1708 W ActivityManager: Slow operation: 67ms so far, now at startProcess: starting to update pids map
09-08 04:53:56.756 1151 1708 W ActivityManager: Slow operation: 68ms so far, now at startProcess: done updating pids map
09-08 04:53:56.810 1151 2317 I am_proc_bound: [0,4295,com.qti.ltebc]
09-08 04:53:56.811 1151 2317 D CompatibilityChangeReporter: Compat change id reported: 168419799; UID 10077; state: DISABLED
09-08 04:53:56.817 1151 2317 D CompatibilityChangeReporter: Compat change id reported: 181136395; UID 1000; state: DISABLED
09-08 04:53:56.818 1151 2317 D CompatibilityChangeReporter: Compat change id reported: 174042936; UID 1000; state: DISABLED
09-08 04:53:56.820 1151 2317 I am_uid_active: 10077
09-08 04:53:58.252 1151 2317 W OverlayManager: service 'idmap' died
09-08 04:53:59.554 1151 1707 I ActivityManager: Waited long enough for: ServiceRecord{3bf7134 u0 com.qti.diagservices/.QTIDiagServices}
09-08 04:54:00.033 4317 4317 F linker : CANNOT LINK EXECUTABLE "/vendor/bin/hw/sxrservice": library "vendor.qti.hardware.qxr-V1-ndk_platform.so" not found: needed by main executable
09-08 04:54:00.041 4316 4316 F linker : CANNOT LINK EXECUTABLE "/vendor/bin/hw/qvrservice": library "vendor.qti.hardware.qxr-V1-ndk_platform.so" not found: needed by /vendor/lib64/libqvrservice.so in namespace (default)
09-08 04:54:02.210 1151 1837 I am_uid_running: 10058
09-08 04:54:02.211 1151 1837 D CompatibilityChangeReporter: Compat change id reported: 135634846; UID 10058; state: DISABLED
09-08 04:54:02.211 1151 1837 D CompatibilityChangeReporter: Compat change id reported: 177438394; UID 10058; state: DISABLED
09-08 04:54:02.211 1151 1837 D CompatibilityChangeReporter: Compat change id reported: 135772972; UID 10058; state: DISABLED
09-08 04:54:02.212 1151 1837 D CompatibilityChangeReporter: Compat change id reported: 135754954; UID 10058; state: DISABLED
09-08 04:54:02.213 1151 1708 D CompatibilityChangeReporter: Compat change id reported: 143937733; UID 10058; state: DISABLED
09-08 04:54:02.256 1151 1708 I am_proc_start: [0,4326,10058,com.qualcomm.qti.qms.service.trustzoneaccess,service,{com.qualcomm.qti.qms.service.trustzoneaccess/com.qualcomm.qti.qms.service.trustzoneaccess.TZAccessService}]
09-08 04:54:02.256 1151 1708 I ActivityManager: Start proc 4326:com.qualcomm.qti.qms.service.trustzoneaccess/u0a58 for service {com.qualcomm.qti.qms.service.trustzoneaccess/com.qualcomm.qti.qms.service.trustzoneaccess.TZAccessService}
09-08 04:54:02.333 1151 1837 I am_proc_bound: [0,4326,com.qualcomm.qti.qms.service.trustzoneaccess]
09-08 04:54:02.336 1151 1837 D CompatibilityChangeReporter: Compat change id reported: 168419799; UID 10058; state: DISABLED
09-08 04:54:02.678 1151 2317 I ActivityManager: Process com.qti.ltebc (pid 4295) has died: cch+5 CEM
09-08 04:54:02.681 1151 2317 I am_proc_died: [0,4295,com.qti.ltebc,905,19]
09-08 04:54:02.683 1151 2317 I am_uid_stopped: 10077
09-08 04:54:02.713 1151 1706 I am_pss : [2754,10082,com.android.launcher3,77871104,62652416,0,213610496,0,5,20]
09-08 04:54:02.732 1151 1706 I am_pss : [3502,10099,com.android.providers.media.module,19883008,15876096,0,126144512,0,0,15]
09-08 04:54:02.748 1151 1706 I am_pss : [3764,1000,com.android.localtransport,5438464,3751936,0,91467776,0,19,13]
09-08 04:54:02.765 1151 1706 I am_pss : [3394,10090,com.qualcomm.qti.workloadclassifier,12910592,10567680,0,105316352,0,0,13]
09-08 04:54:02.780 1151 1706 I am_pss : [3377,10092,com.qualcomm.qti.qccnetstat,6089728,4382720,0,91947008,0,0,12]
09-08 04:54:02.794 1151 1706 I am_pss : [3337,10053,.pasr,5330944,3706880,0,89710592,0,0,11]
09-08 04:54:02.810 1151 1706 I am_pss : [3360,10083,com.qualcomm.qti.services.systemhelper:systemhelper_service,6386688,4599808,0,94072832,0,0,12]
09-08 04:54:02.826 1151 1706 I am_pss : [3301,10054,ts.car.uart,6164480,4542464,0,90800128,0,0,12]
09-08 04:54:02.841 1151 1706 I am_pss : [3131,10084,com.qualcomm.location,9937920,7585792,0,101957632,0,0,13]
09-08 04:54:02.861 1151 1706 I am_pss : [2207,1002,com.android.bluetooth,28387328,23973888,0,135507968,0,0,16]
09-08 04:54:02.878 1151 1706 I am_pss : [2701,1000,com.qualcomm.qti.qdma,10164224,7151616,0,107008000,0,0,13]
09-08 04:54:02.894 1151 1706 I am_pss : [2645,1000,com.thundercomm.remotecontrolservice,9236480,6955008,0,101306368,0,0,12]
09-08 04:54:02.911 1151 1706 I am_pss : [2620,1068,com.android.se,5782528,4087808,0,92049408,0,0,12]
09-08 04:54:02.927 1151 1706 I am_pss : [2604,10094,com.qti.qualcomm.mstatssystemservice,5478400,3842048,0,90345472,0,0,12]
09-08 04:54:02.942 1151 1706 I am_pss : [2597,1000,vendor.qti.qesdk.sysservice,5582848,3874816,0,91844608,0,0,12]
09-08 04:54:02.958 1151 1706 I am_pss : [2549,1073,com.android.networkstack.process,10824704,8441856,0,105029632,0,0,12]
09-08 04:54:02.973 1151 1706 I am_pss : [2535,10051,.qtidataservices,5921792,4255744,0,91828224,0,0,11]
09-08 04:54:02.987 1151 1706 I am_pss : [2517,1001,.dataservices,7758848,5980160,0,94466048,0,0,11]
09-08 04:54:03.005 1151 1706 I am_pss : [2471,1000,com.thundercomm.microservice,18172928,15278080,0,116129792,0,0,14]
09-08 04:54:03.031 1151 1706 I am_pss : [2227,10087,com.android.systemui,102342656,72830976,0,281313280,0,0,21]
09-08 04:54:03.069 1151 1706 I am_pss : [1151,1000,system,204383232,109531136,0,531140608,0,0,33]
09-08 04:54:03.265 1151 1837 I dvm_lock_sample: [system_server,0,Binder:1151_3,7,ActivityManagerService.java,12158,void com.android.server.am.ActivityManagerService.serviceDoneExecuting(android.os.IBinder, int, int, int),-,12128,boolean com.android.server.am.ActivityManagerService.unbindService(android.app.IServiceConnection),1]
09-08 04:54:04.219 1151 1706 I am_pss : [3957,1000,com.qualcomm.qti.qmmi,7137280,5451776,0,92483584,0,19,19]
09-08 04:54:04.237 1151 1706 I am_pss : [3939,10032,com.android.traceur,9212928,6213632,0,96591872,0,19,14]
09-08 04:54:04.880 1151 1706 I am_pss : [4020,10074,com.android.calendar,7519232,5619712,0,96317440,0,19,20]
09-08 04:54:04.901 1151 1706 I am_pss : [3983,1000,com.qti.diagservices,6204416,4075520,0,95420416,0,10,13]
09-08 04:54:05.106 1151 1706 I am_pss : [4042,1000,com.android.dynsystem,5466112,3764224,0,90365952,0,19,12]
09-08 04:54:05.108 4366 4366 F linker : CANNOT LINK EXECUTABLE "/vendor/bin/hw/qvrservice": library "vendor.qti.hardware.qxr-V1-ndk_platform.so" not found: needed by /vendor/lib64/libqvrservice.so in namespace (default)
09-08 04:54:05.113 4367 4367 F linker : CANNOT LINK EXECUTABLE "/vendor/bin/hw/sxrservice": library "vendor.qti.hardware.qxr-V1-ndk_platform.so" not found: needed by main executable
09-08 04:54:05.448 1151 1706 I am_pss : [4059,1000,com.android.dynsystem:dynsystem,5732352,3887104,0,91238400,0,19,20]
09-08 04:54:06.031 1151 1706 I am_pss : [4120,10060,com.android.onetimeinitializer,5169152,3530752,0,89976832,0,19,23]
09-08 04:54:06.250 1151 1706 I am_pss : [4141,10022,com.android.packageinstaller,7289856,5648384,0,91676672,0,19,13]
09-08 04:54:10.159 4372 4372 F linker : CANNOT LINK EXECUTABLE "/vendor/bin/hw/qvrservice": library "vendor.qti.hardware.qxr-V1-ndk_platform.so" not found: needed by /vendor/lib64/libqvrservice.so in namespace (default)
09-08 04:54:10.173 4373 4373 F linker : CANNOT LINK EXECUTABLE "/vendor/bin/hw/sxrservice": library "vendor.qti.hardware.qxr-V1-ndk_platform.so" not found: needed by main executable
09-08 04:54:10.473 1151 1706 I am_pss : [3459,10081,com.qualcomm.location.XT,6475776,4718592,0,93462528,0,6,16]
09-08 04:54:10.490 1151 2144 I netstats_mobile_sample: [0,0,0,0,0,0,0,0,0,0,0,0,1662584050490]
09-08 04:54:10.491 1151 2144 I netstats_wifi_sample: [0,0,0,0,0,0,0,0,0,0,0,0,1662584050490]
09-08 04:54:11.719 1151 1706 I am_pss : [3214,10091,com.qualcomm.qtil.aptxui,7380992,5763072,0,91738112,0,19,18]
09-08 04:54:11.737 1151 1706 I am_pss : [4178,1001,com.android.phone,7790592,5767168,0,93401088,0,19,13]
09-08 04:54:11.752 1151 1706 I am_pss : [4160,2000,com.android.shell,5848064,4218880,0,90873856,0,19,11]
09-08 04:54:11.768 1151 1706 I am_pss : [3621,10023,android.process.media,10603520,8503296,0,103120896,0,19,12]
09-08 04:54:11.783 1151 1706 I am_pss : [3586,10033,com.android.managedprovisioning,9338880,7610368,0,96186368,0,19,11]
09-08 04:54:11.799 1151 1706 I am_pss : [3635,10019,android.process.acore,14219264,10465280,0,118800384,0,19,13]
09-08 04:54:11.814 1151 1706 I am_pss : [3557,10026,com.android.externalstorage,5817344,4026368,0,93515776,0,19,11]
09-08 04:54:11.829 1151 1706 I am_pss : [3439,1000,com.android.keychain,8395776,6688768,0,94449664,0,19,11]
09-08 04:54:11.843 1151 1706 I am_pss : [3491,10080,com.android.provision,7334912,4632576,0,101298176,0,19,12]
09-08 04:54:11.859 1151 1706 I am_pss : [3418,10029,com.android.documentsui,14573568,11812864,0,111669248,0,19,13]
09-08 04:54:12.010 1151 1706 I am_pss : [4258,10059,com.qualcomm.qti.qms.service.connectionsecurity,23738368,5230592,0,77606912,0,19,13]
09-08 04:54:12.028 1151 1706 I am_pss : [2846,10089,com.qualcomm.qti.qccauthmgr,6384640,4472832,0,95989760,0,19,13]
09-08 04:54:15.200 4379 4379 F linker : CANNOT LINK EXECUTABLE "/vendor/bin/hw/qvrservice": library "vendor.qti.hardware.qxr-V1-ndk_platform.so" not found: needed by /vendor/lib64/libqvrservice.so in namespace (default)
09-08 04:54:15.252 4380 4380 F linker : CANNOT LINK EXECUTABLE "/vendor/bin/hw/sxrservice": library "vendor.qti.hardware.qxr-V1-ndk_platform.so" not found: needed by main executable
09-08 04:54:17.064 1151 1151 I force_gc: mem
09-08 04:54:20.259 4385 4385 F linker : CANNOT LINK EXECUTABLE "/vendor/bin/hw/sxrservice": library "vendor.qti.hardware.qxr-V1-ndk_platform.so" not found: needed by main executable
09-08 04:54:20.260 4384 4384 F linker : CANNOT LINK EXECUTABLE "/vendor/bin/hw/qvrservice": library "vendor.qti.hardware.qxr-V1-ndk_platform.so" not found: needed by /vendor/lib64/libqvrservice.so in namespace (default)
09-08 04:54:25.280 4388 4388 F linker : CANNOT LINK EXECUTABLE "/vendor/bin/hw/qvrservice": library "vendor.qti.hardware.qxr-V1-ndk_platform.so" not found: needed by /vendor/lib64/libqvrservice.so in namespace (default)
09-08 04:54:25.293 4389 4389 F linker : CANNOT LINK EXECUTABLE "/vendor/bin/hw/sxrservice": library "vendor.qti.hardware.qxr-V1-ndk_platform.so" not found: needed by main executable
09-08 04:54:30.359 4396 4396 F linker : CANNOT LINK EXECUTABLE "/vendor/bin/hw/sxrservice": library "vendor.qti.hardware.qxr-V1-ndk_platform.so" not found: needed by main executable
09-08 04:54:30.360 4395 4395 F linker : CANNOT LINK EXECUTABLE "/vendor/bin/hw/qvrservice": library "vendor.qti.hardware.qxr-V1-ndk_platform.so" not found: needed by /vendor/lib64/libqvrservice.so in namespace (default)
09-08 04:54:30.998 1151 1706 I am_pss : [2754,10082,com.android.launcher3,77830144,62619648,0,213577728,0,5,25]
09-08 04:54:31.324 1151 1707 I am_uid_idle: 10080
09-08 04:54:33.256 1151 1733 V DisplayPowerController[0]: Brightness [0.05] reason changing to: 'manual [ dim ]', previous reason: 'manual'.
09-08 04:54:33.256 1151 1733 I sysui_multi_action: [757,1696,758,6,759,2]
09-08 04:54:33.258 1151 2202 E DisplayDeviceConfig: requesting nits when no mapping exists.
09-08 04:54:33.260 1151 2202 E DisplayDeviceConfig: requesting nits when no mapping exists.
09-08 04:54:33.260 1151 1707 I am_wtf : [0,1151,system_server,-1,DisplayDeviceConfig,requesting nits when no mapping exists.]
09-08 04:54:33.267 1151 1707 I DropBoxManagerService: add tag=system_server_wtf isTagEnabled=true flags=0x2
09-08 04:54:33.274 1151 1707 I am_wtf : [0,1151,system_server,-1,DisplayDeviceConfig,requesting nits when no mapping exists.]
09-08 04:54:33.278 1151 1707 I DropBoxManagerService: add tag=system_server_wtf isTagEnabled=true flags=0x2
09-08 04:54:35.386 4400 4400 F linker : CANNOT LINK EXECUTABLE "/vendor/bin/hw/qvrservice": library "vendor.qti.hardware.qxr-V1-ndk_platform.so" not found: needed by /vendor/lib64/libqvrservice.so in namespace (default)
09-08 04:54:35.391 4401 4401 F linker : CANNOT LINK EXECUTABLE "/vendor/bin/hw/sxrservice": library "vendor.qti.hardware.qxr-V1-ndk_platform.so" not found: needed by main executable
09-08 04:54:40.213 1151 1877 I input_interaction: Interaction with: a01f8a8 com.android.settings/com.android.settings.Settings (server), edge-swipe (server), swipe-up (server), PointerEventDispatcher0 (server),
09-08 04:54:40.223 1151 1733 V DisplayPowerController[0]: Brightness [1.0] reason changing to: 'manual', previous reason: 'manual [ dim ]'.
09-08 04:54:40.223 1151 1733 I sysui_multi_action: [757,1696,758,6,759,3]
09-08 04:54:40.232 1151 1151 I service_manager_slow: [14,phone]
09-08 04:54:40.237 1151 2202 E DisplayDeviceConfig: requesting nits when no mapping exists.
09-08 04:54:40.237 1151 2202 E DisplayDeviceConfig: requesting nits when no mapping exists.
09-08 04:54:40.238 1151 1707 I am_wtf : [0,1151,system_server,-1,DisplayDeviceConfig,requesting nits when no mapping exists.]
09-08 04:54:40.242 1151 1707 I DropBoxManagerService: add tag=system_server_wtf isTagEnabled=true flags=0x2
09-08 04:54:40.246 1151 1707 I am_wtf : [0,1151,system_server,-1,DisplayDeviceConfig,requesting nits when no mapping exists.]
09-08 04:54:40.250 1151 1707 I DropBoxManagerService: add tag=system_server_wtf isTagEnabled=true flags=0x2
09-08 04:54:40.250 1151 2202 E DisplayDeviceConfig: requesting nits when no mapping exists.
09-08 04:54:40.251 1151 2202 E DisplayDeviceConfig: requesting nits when no mapping exists.
09-08 04:54:40.253 1151 1707 I am_wtf : [0,1151,system_server,-1,DisplayDeviceConfig,requesting nits when no mapping exists.]
09-08 04:54:40.256 1151 1707 I DropBoxManagerService: add tag=system_server_wtf isTagEnabled=true flags=0x2
09-08 04:54:40.259 1151 1707 I am_wtf : [0,1151,system_server,-1,DisplayDeviceConfig,requesting nits when no mapping exists.]
09-08 04:54:40.267 1151 2202 E DisplayDeviceConfig: requesting nits when no mapping exists.
09-08 04:54:40.268 1151 2202 E DisplayDeviceConfig: requesting nits when no mapping exists.
09-08 04:54:40.268 1151 1707 I am_wtf : [0,1151,system_server,-1,DisplayDeviceConfig,requesting nits when no mapping exists.]
09-08 04:54:40.269 1151 1707 I am_wtf : [0,1151,system_server,-1,DisplayDeviceConfig,requesting nits when no mapping exists.]
09-08 04:54:40.284 1151 2202 E DisplayDeviceConfig: requesting nits when no mapping exists.
09-08 04:54:40.284 1151 2202 E DisplayDeviceConfig: requesting nits when no mapping exists.
09-08 04:54:40.284 1151 1707 I am_wtf : [0,1151,system_server,-1,DisplayDeviceConfig,requesting nits when no mapping exists.]
09-08 04:54:40.289 1151 1707 I am_wtf : [0,1151,system_server,-1,DisplayDeviceConfig,requesting nits when no mapping exists.]
09-08 04:54:40.300 1151 2202 E DisplayDeviceConfig: requesting nits when no mapping exists.
09-08 04:54:40.301 1151 2202 E DisplayDeviceConfig: requesting nits when no mapping exists.
09-08 04:54:40.301 1151 1707 I am_wtf : [0,1151,system_server,-1,DisplayDeviceConfig,requesting nits when no mapping exists.]
09-08 04:54:40.302 1151 1707 I am_wtf : [0,1151,system_server,-1,DisplayDeviceConfig,requesting nits when no mapping exists.]
09-08 04:54:40.317 1151 2202 E DisplayDeviceConfig: requesting nits when no mapping exists.
09-08 04:54:40.318 1151 2202 E DisplayDeviceConfig: requesting nits when no mapping exists.
09-08 04:54:40.318 1151 1707 I am_wtf : [0,1151,system_server,-1,DisplayDeviceConfig,requesting nits when no mapping exists.]
09-08 04:54:40.321 1151 1707 I am_wtf : [0,1151,system_server,-1,DisplayDeviceConfig,requesting nits when no mapping exists.]
09-08 04:54:40.340 1151 2202 E DisplayDeviceConfig: requesting nits when no mapping exists.
09-08 04:54:40.341 1151 2202 E DisplayDeviceConfig: requesting nits when no mapping exists.
09-08 04:54:40.341 1151 1707 I am_wtf : [0,1151,system_server,-1,DisplayDeviceConfig,requesting nits when no mapping exists.]
09-08 04:54:40.343 1151 1707 I am_wtf : [0,1151,system_server,-1,DisplayDeviceConfig,requesting nits when no mapping exists.]
09-08 04:54:40.368 1151 2202 E DisplayDeviceConfig: requesting nits when no mapping exists.
09-08 04:54:40.369 1151 2202 E DisplayDeviceConfig: requesting nits when no mapping exists.
09-08 04:54:40.369 1151 1707 I am_wtf : [0,1151,system_server,-1,DisplayDeviceConfig,requesting nits when no mapping exists.]
09-08 04:54:40.371 1151 1707 I am_wtf : [0,1151,system_server,-1,DisplayDeviceConfig,requesting nits when no mapping exists.]
09-08 04:54:40.384 1151 2202 E DisplayDeviceConfig: requesting nits when no mapping exists.
09-08 04:54:40.384 1151 2202 E DisplayDeviceConfig: requesting nits when no mapping exists.
09-08 04:54:40.385 1151 1707 I am_wtf : [0,1151,system_server,-1,DisplayDeviceConfig,requesting nits when no mapping exists.]
09-08 04:54:40.389 1151 1707 I am_wtf : [0,1151,system_server,-1,DisplayDeviceConfig,requesting nits when no mapping exists.]
09-08 04:54:40.404 1151 2202 E DisplayDeviceConfig: requesting nits when no mapping exists.
09-08 04:54:40.404 1151 2202 E DisplayDeviceConfig: requesting nits when no mapping exists.
09-08 04:54:40.404 1151 1707 I am_wtf : [0,1151,system_server,-1,DisplayDeviceConfig,requesting nits when no mapping exists.]
09-08 04:54:40.411 1151 1707 I am_wtf : [0,1151,system_server,-1,DisplayDeviceConfig,requesting nits when no mapping exists.]
09-08 04:54:40.418 1151 2202 E DisplayDeviceConfig: requesting nits when no mapping exists.
09-08 04:54:40.418 1151 2202 E DisplayDeviceConfig: requesting nits when no mapping exists.
09-08 04:54:40.418 1151 1707 I am_wtf : [0,1151,system_server,-1,DisplayDeviceConfig,requesting nits when no mapping exists.]
09-08 04:54:40.420 1151 1707 I am_wtf : [0,1151,system_server,-1,DisplayDeviceConfig,requesting nits when no mapping exists.]
09-08 04:54:40.422 4406 4406 F linker : CANNOT LINK EXECUTABLE "/vendor/bin/hw/sxrservice": library "vendor.qti.hardware.qxr-V1-ndk_platform.so" not found: needed by main executable
09-08 04:54:40.424 4404 4404 F linker : CANNOT LINK EXECUTABLE "/vendor/bin/hw/qvrservice": library "vendor.qti.hardware.qxr-V1-ndk_platform.so" not found: needed by /vendor/lib64/libqvrservice.so in namespace (default)
09-08 04:54:40.435 1151 2202 E DisplayDeviceConfig: requesting nits when no mapping exists.
09-08 04:54:40.436 1151 1707 I am_wtf : [0,1151,system_server,-1,DisplayDeviceConfig,requesting nits when no mapping exists.]
09-08 04:54:40.436 1151 2202 E DisplayDeviceConfig: requesting nits when no mapping exists.
09-08 04:54:40.438 1151 1707 I am_wtf : [0,1151,system_server,-1,DisplayDeviceConfig,requesting nits when no mapping exists.]
09-08 04:54:40.452 1151 2202 E DisplayDeviceConfig: requesting nits when no mapping exists.
09-08 04:54:40.453 1151 2202 E DisplayDeviceConfig: requesting nits when no mapping exists.
09-08 04:54:40.453 1151 1707 I am_wtf : [0,1151,system_server,-1,DisplayDeviceConfig,requesting nits when no mapping exists.]
09-08 04:54:40.454 1151 1707 I am_wtf : [0,1151,system_server,-1,DisplayDeviceConfig,requesting nits when no mapping exists.]
09-08 04:54:40.462 2829 2829 I sysui_multi_action: [757,830,758,4,833,0,854,top_level_network,1089,0]
09-08 04:54:40.466 1151 3697 I ActivityTaskManager: START u0 {act=android.intent.action.MAIN cmp=com.android.settings/.SubSettings (has extras)} from uid 1000
09-08 04:54:40.472 1151 2202 E DisplayDeviceConfig: requesting nits when no mapping exists.
09-08 04:54:40.472 1151 2202 E DisplayDeviceConfig: requesting nits when no mapping exists.
09-08 04:54:40.473 1151 1707 I am_wtf : [0,1151,system_server,-1,DisplayDeviceConfig,requesting nits when no mapping exists.]
09-08 04:54:40.488 1151 3697 I service_manager_slow: [15,platform_compat]
09-08 04:54:40.488 1151 3697 D CompatibilityChangeReporter: Compat change id reported: 174042980; UID 1000; state: DISABLED
09-08 04:54:40.491 1151 3697 I wm_task_moved: [11,1,6]
09-08 04:54:40.491 1151 3697 I wm_set_resumed_activity: [0,com.android.settings/.Settings,positionChildAt]
09-08 04:54:40.491 1151 3697 I wm_create_activity: [0,207802789,11,com.android.settings/.SubSettings,android.intent.action.MAIN,NULL,NULL,0]
09-08 04:54:40.494 1151 1707 I am_wtf : [0,1151,system_server,-1,DisplayDeviceConfig,requesting nits when no mapping exists.]
09-08 04:54:40.500 1151 3697 I wm_pause_activity: [0,199618255,com.android.settings/.Settings,userLeaving=true,resumeTopActivityInnerLocked]
09-08 04:54:40.501 1151 2202 E DisplayDeviceConfig: requesting nits when no mapping exists.
09-08 04:54:40.501 1151 2202 E DisplayDeviceConfig: requesting nits when no mapping exists.
09-08 04:54:40.501 1151 1707 I am_wtf : [0,1151,system_server,-1,DisplayDeviceConfig,requesting nits when no mapping exists.]
09-08 04:54:40.504 1151 1691 I dvm_lock_sample: [system_server,1,android.anim,30,InputMonitor.java,144,void com.android.server.wm.InputMonitor$UpdateInputWindows.run(),TaskSnapshotCache.java,68,android.window.TaskSnapshot com.android.server.wm.TaskSnapshotCache.getSnapshot(int, int, boolean, boolean),6]
09-08 04:54:40.511 1151 1707 I am_wtf : [0,1151,system_server,-1,DisplayDeviceConfig,requesting nits when no mapping exists.]
09-08 04:54:40.513 2829 2829 I wm_on_top_resumed_lost_called: [199618255,com.android.settings.Settings,topStateChangedWhenResumed]
09-08 04:54:40.516 2829 2829 I sysui_multi_action: [757,35,758,2,1089,60045]
09-08 04:54:40.516 2829 2829 I wm_on_paused_called: [199618255,com.android.settings.Settings,performPause]
09-08 04:54:40.517 1151 2202 E DisplayDeviceConfig: requesting nits when no mapping exists.
09-08 04:54:40.520 1151 3697 I ActivityTaskManager: The Process com.android.settings Already Exists in BG. So sending its PID: 2829
09-08 04:54:40.521 1151 3697 W ActivityTaskManager: Tried to set launchTime (0) < mLastActivityLaunchTime (77831)
09-08 04:54:40.521 1151 3697 I wm_add_to_stopping: [0,199618255,com.android.settings/.Settings,makeInvisible]
09-08 04:54:40.522 1151 2202 E DisplayDeviceConfig: requesting nits when no mapping exists.
09-08 04:54:40.522 1151 1707 I am_wtf : [0,1151,system_server,-1,DisplayDeviceConfig,requesting nits when no mapping exists.]
09-08 04:54:40.522 1151 3697 I wm_restart_activity: [0,207802789,11,com.android.settings/.SubSettings]
09-08 04:54:40.523 1151 3697 I wm_set_resumed_activity: [0,com.android.settings/.SubSettings,minimalResumeActivityLocked]
09-08 04:54:40.527 1151 1707 I am_wtf : [0,1151,system_server,-1,DisplayDeviceConfig,requesting nits when no mapping exists.]
09-08 04:54:40.531 1151 1690 I sysui_multi_action: [757,803,799,window_time_0,802,61]
09-08 04:54:40.553 1151 2202 E DisplayDeviceConfig: requesting nits when no mapping exists.
09-08 04:54:40.553 1151 1877 I input_focus: [Focus leaving a01f8a8 com.android.settings/com.android.settings.Settings (server),reason=NO_WINDOW]
09-08 04:54:40.553 1151 2202 E DisplayDeviceConfig: requesting nits when no mapping exists.
09-08 04:54:40.553 1151 1707 I am_wtf : [0,1151,system_server,-1,DisplayDeviceConfig,requesting nits when no mapping exists.]
09-08 04:54:40.555 1151 1707 I am_wtf : [0,1151,system_server,-1,DisplayDeviceConfig,requesting nits when no mapping exists.]
09-08 04:54:40.566 1151 2202 E DisplayDeviceConfig: requesting nits when no mapping exists.
09-08 04:54:40.566 1151 2202 E DisplayDeviceConfig: requesting nits when no mapping exists.
09-08 04:54:40.567 1151 1707 I am_wtf : [0,1151,system_server,-1,DisplayDeviceConfig,requesting nits when no mapping exists.]
09-08 04:54:40.570 1151 1707 I am_wtf : [0,1151,system_server,-1,DisplayDeviceConfig,requesting nits when no mapping exists.]
09-08 04:54:40.579 1151 1706 I am_pss : [2829,1000,com.android.settings,78971904,61562880,0,219881472,0,2,20]
09-08 04:54:40.584 1151 2202 E DisplayDeviceConfig: requesting nits when no mapping exists.
09-08 04:54:40.585 1151 2202 E DisplayDeviceConfig: requesting nits when no mapping exists.
09-08 04:54:40.585 1151 1707 I am_wtf : [0,1151,system_server,-1,DisplayDeviceConfig,requesting nits when no mapping exists.]
09-08 04:54:40.588 1151 1707 I am_wtf : [0,1151,system_server,-1,DisplayDeviceConfig,requesting nits when no mapping exists.]
09-08 04:54:40.594 1151 1706 I am_pss : [4326,10058,com.qualcomm.qti.qms.service.trustzoneaccess,5604352,3809280,0,91488256,0,19,12]
09-08 04:54:40.601 1151 2202 E DisplayDeviceConfig: requesting nits when no mapping exists.
09-08 04:54:40.602 1151 2202 E DisplayDeviceConfig: requesting nits when no mapping exists.
09-08 04:54:40.602 1151 1707 I am_wtf : [0,1151,system_server,-1,DisplayDeviceConfig,requesting nits when no mapping exists.]
09-08 04:54:40.608 1151 1707 I am_wtf : [0,1151,system_server,-1,DisplayDeviceConfig,requesting nits when no mapping exists.]
09-08 04:54:40.619 1151 2202 E DisplayDeviceConfig: requesting nits when no mapping exists.
09-08 04:54:40.619 1151 2202 E DisplayDeviceConfig: requesting nits when no mapping exists.
09-08 04:54:40.620 1151 1707 I am_wtf : [0,1151,system_server,-1,DisplayDeviceConfig,requesting nits when no mapping exists.]
09-08 04:54:40.626 1151 1707 I am_wtf : [0,1151,system_server,-1,DisplayDeviceConfig,requesting nits when no mapping exists.]
09-08 04:54:40.634 1151 2202 E DisplayDeviceConfig: requesting nits when no mapping exists.
09-08 04:54:40.634 1151 2202 E DisplayDeviceConfig: requesting nits when no mapping exists.
09-08 04:54:40.635 1151 1707 I am_wtf : [0,1151,system_server,-1,DisplayDeviceConfig,requesting nits when no mapping exists.]
09-08 04:54:40.636 1151 1707 I am_wtf : [0,1151,system_server,-1,DisplayDeviceConfig,requesting nits when no mapping exists.]
09-08 04:54:40.647 1151 1706 I am_pss : [3502,10099,com.android.providers.media.module,20155392,16162816,0,126455808,0,0,15]
09-08 04:54:40.649 2829 2829 W CarrierConfigManager: Error getting config for subId -1 ICarrierConfigLoader is null
09-08 04:54:40.651 1151 2202 E DisplayDeviceConfig: requesting nits when no mapping exists.
09-08 04:54:40.651 1151 2202 E DisplayDeviceConfig: requesting nits when no mapping exists.
09-08 04:54:40.651 1151 1707 I am_wtf : [0,1151,system_server,-1,DisplayDeviceConfig,requesting nits when no mapping exists.]
09-08 04:54:40.653 1151 1707 I am_wtf : [0,1151,system_server,-1,DisplayDeviceConfig,requesting nits when no mapping exists.]
09-08 04:54:40.656 1151 3701 E UserRestrictionsUtils: Unknown restriction queried by uid 1000 (com.android.location.fused et al): null
09-08 04:54:40.664 1151 1706 I am_pss : [4072,10075,com.android.gallery3d,8497152,6606848,0,95481856,0,19,12]
09-08 04:54:40.667 1151 2202 E DisplayDeviceConfig: requesting nits when no mapping exists.
09-08 04:54:40.668 1151 2202 E DisplayDeviceConfig: requesting nits when no mapping exists.
09-08 04:54:40.668 1151 1707 I am_wtf : [0,1151,system_server,-1,DisplayDeviceConfig,requesting nits when no mapping exists.]
09-08 04:54:40.670 1151 1707 I am_wtf : [0,1151,system_server,-1,DisplayDeviceConfig,requesting nits when no mapping exists.]
09-08 04:54:40.684 1151 2202 E DisplayDeviceConfig: requesting nits when no mapping exists.
09-08 04:54:40.684 1151 2202 E DisplayDeviceConfig: requesting nits when no mapping exists.
09-08 04:54:40.684 1151 1707 I am_wtf : [0,1151,system_server,-1,DisplayDeviceConfig,requesting nits when no mapping exists.]
09-08 04:54:40.686 1151 1706 I am_pss : [4258,10059,com.qualcomm.qti.qms.service.connectionsecurity,23736320,5230592,0,77606912,0,19,12]
09-08 04:54:40.687 1151 1707 I am_wtf : [0,1151,system_server,-1,DisplayDeviceConfig,requesting nits when no mapping exists.]
09-08 04:54:40.691 2829 2829 I wm_on_create_called: [207802789,com.android.settings.SubSettings,performCreate]
09-08 04:54:40.703 1151 2202 E DisplayDeviceConfig: requesting nits when no mapping exists.
09-08 04:54:40.704 1151 2202 E DisplayDeviceConfig: requesting nits when no mapping exists.
09-08 04:54:40.704 1151 1707 I am_wtf : [0,1151,system_server,-1,DisplayDeviceConfig,requesting nits when no mapping exists.]
09-08 04:54:40.709 1151 1706 I am_pss : [4178,1001,com.android.phone,7791616,5767168,0,93401088,0,19,12]
09-08 04:54:40.711 1151 1707 I am_wtf : [0,1151,system_server,-1,DisplayDeviceConfig,requesting nits when no mapping exists.]
09-08 04:54:40.717 1151 2202 E DisplayDeviceConfig: requesting nits when no mapping exists.
09-08 04:54:40.718 1151 2202 E DisplayDeviceConfig: requesting nits when no mapping exists.
09-08 04:54:40.720 2829 2829 I wm_on_start_called: [207802789,com.android.settings.SubSettings,handleStartActivity]
09-08 04:54:40.721 1151 1707 I am_wtf : [0,1151,system_server,-1,DisplayDeviceConfig,requesting nits when no mapping exists.]
09-08 04:54:40.721 2829 2829 I snet_event_log: [120484087,-1,]
09-08 04:54:40.724 2829 2829 I wm_on_resume_called: [207802789,com.android.settings.SubSettings,RESUME_ACTIVITY]
09-08 04:54:40.724 1151 1707 I am_wtf : [0,1151,system_server,-1,DisplayDeviceConfig,requesting nits when no mapping exists.]
09-08 04:54:40.728 1151 3701 D PackageManager: Instant App installer not found with android.intent.action.INSTALL_INSTANT_APP_PACKAGE
09-08 04:54:40.728 1151 3701 D PackageManager: Clear ephemeral installer activity
09-08 04:54:40.729 1151 1706 I am_pss : [4160,2000,com.android.shell,5849088,4218880,0,90873856,0,19,12]
09-08 04:54:40.730 1151 3697 D PackageManager: Instant App installer not found with android.intent.action.INSTALL_INSTANT_APP_PACKAGE
09-08 04:54:40.730 1151 3697 D PackageManager: Clear ephemeral installer activity
09-08 04:54:40.731 1151 3697 D PackageManager: Instant App installer not found with android.intent.action.INSTALL_INSTANT_APP_PACKAGE
09-08 04:54:40.731 1151 3697 D PackageManager: Clear ephemeral installer activity
09-08 04:54:40.733 1151 3701 D PackageManager: Instant App installer not found with android.intent.action.INSTALL_INSTANT_APP_PACKAGE
09-08 04:54:40.733 1151 3701 D PackageManager: Clear ephemeral installer activity
09-08 04:54:40.734 1151 3697 D PackageManager: Instant App installer not found with android.intent.action.INSTALL_INSTANT_APP_PACKAGE
09-08 04:54:40.734 1151 3697 D PackageManager: Clear ephemeral installer activity
09-08 04:54:40.736 1151 2202 E DisplayDeviceConfig: requesting nits when no mapping exists.
09-08 04:54:40.736 1151 2202 E DisplayDeviceConfig: requesting nits when no mapping exists.
09-08 04:54:40.736 1151 1707 I am_wtf : [0,1151,system_server,-1,DisplayDeviceConfig,requesting nits when no mapping exists.]
09-08 04:54:40.737 1151 1707 I am_wtf : [0,1151,system_server,-1,DisplayDeviceConfig,requesting nits when no mapping exists.]
09-08 04:54:40.739 1151 3697 D PackageManager: Instant App installer not found with android.intent.action.INSTALL_INSTANT_APP_PACKAGE
09-08 04:54:40.739 1151 3697 D PackageManager: Clear ephemeral installer activity
09-08 04:54:40.740 2829 2829 I sysui_multi_action: [757,746,758,1,833,35,1089,131]
09-08 04:54:40.742 1151 3697 D PackageManager: Instant App installer not found with android.intent.action.INSTALL_INSTANT_APP_PACKAGE
09-08 04:54:40.742 1151 3697 D PackageManager: Clear ephemeral installer activity
09-08 04:54:40.743 1151 3701 D TelephonyRegistry: listen oscl: mHasNotifySubscriptionInfoChangedOccurred==false no callback
09-08 04:54:40.745 1151 1706 I am_pss : [3621,10023,android.process.media,10354688,8257536,0,102875136,0,19,12]
09-08 04:54:40.746 1151 3697 D PackageManager: Instant App installer not found with android.intent.action.INSTALL_INSTANT_APP_PACKAGE
09-08 04:54:40.746 1151 3697 D PackageManager: Clear ephemeral installer activity
09-08 04:54:40.751 1151 3701 D TelephonyRegistry: listen oscl: mHasNotifySubscriptionInfoChangedOccurred==false no callback
09-08 04:54:40.751 1151 2202 E DisplayDeviceConfig: requesting nits when no mapping exists.
09-08 04:54:40.752 1151 1707 I am_wtf : [0,1151,system_server,-1,DisplayDeviceConfig,requesting nits when no mapping exists.]
09-08 04:54:40.752 1151 2202 E DisplayDeviceConfig: requesting nits when no mapping exists.
09-08 04:54:40.753 1151 1707 I am_wtf : [0,1151,system_server,-1,DisplayDeviceConfig,requesting nits when no mapping exists.]
09-08 04:54:40.762 1151 1706 I am_pss : [4141,10022,com.android.packageinstaller,7289856,5648384,0,91676672,0,19,11]
09-08 04:54:40.767 2829 2829 I sysui_multi_action: [757,1729,758,4,854,isParalleledControllers:false,1089,158]
09-08 04:54:40.773 2829 2829 I wm_on_top_resumed_gained_called: [207802789,com.android.settings.SubSettings,topStateChangedWhenResumed]
09-08 04:54:40.777 1151 2202 E DisplayDeviceConfig: requesting nits when no mapping exists.
09-08 04:54:40.777 1151 2202 E DisplayDeviceConfig: requesting nits when no mapping exists.
09-08 04:54:40.777 1151 1707 I am_wtf : [0,1151,system_server,-1,DisplayDeviceConfig,requesting nits when no mapping exists.]
09-08 04:54:40.780 1151 1707 I am_wtf : [0,1151,system_server,-1,DisplayDeviceConfig,requesting nits when no mapping exists.]
09-08 04:54:40.781 1151 1706 I am_pss : [4120,10060,com.android.onetimeinitializer,5170176,3530752,0,89976832,0,19,11]
09-08 04:54:40.789 1151 2202 E DisplayDeviceConfig: requesting nits when no mapping exists.
09-08 04:54:40.789 1151 2202 E DisplayDeviceConfig: requesting nits when no mapping exists.
09-08 04:54:40.789 1151 1707 I am_wtf : [0,1151,system_server,-1,DisplayDeviceConfig,requesting nits when no mapping exists.]
09-08 04:54:40.795 1151 1707 I am_wtf : [0,1151,system_server,-1,DisplayDeviceConfig,requesting nits when no mapping exists.]
09-08 04:54:40.798 1151 1706 I am_pss : [4059,1000,com.android.dynsystem:dynsystem,5732352,3887104,0,91238400,0,19,11]
09-08 04:54:40.801 1151 2202 E DisplayDeviceConfig: requesting nits when no mapping exists.
09-08 04:54:40.801 1151 2202 E DisplayDeviceConfig: requesting nits when no mapping exists.
09-08 04:54:40.801 1151 1707 I am_wtf : [0,1151,system_server,-1,DisplayDeviceConfig,requesting nits when no mapping exists.]
09-08 04:54:40.803 1151 1707 I am_wtf : [0,1151,system_server,-1,DisplayDeviceConfig,requesting nits when no mapping exists.]
