01-01 08:01:01.061 1151 1151 I SettingsState: at com.android.internal.os.RuntimeInit$MethodAndArgsCaller.run(RuntimeInit.java:548)
01-01 08:01:01.061 1151 1151 I SettingsState: at com.android.internal.os.ZygoteInit.main(ZygoteInit.java:987)
01-01 08:01:01.061 1151 1151 I SettingsState: ancestor directory /data/system/users/0 exists
01-01 08:01:01.062 1151 1151 I SettingsState: ancestor directory /data/system/users/0 permissions: r: true w: true x: true
01-01 08:01:01.062 1151 1151 I SettingsState: ancestor's parent directory /data/system/users permissions: r: true w: true x: true
01-01 08:01:01.069 1151 1151 D SettingsProvider: Generated and saved new ANDROID_ID [e234c9f0e082fa3e] for user 0
01-01 08:01:01.072 1151 1151 I commit_sys_config_file: [settings-2-0,2]
01-01 08:01:01.073 1151 1151 W SettingsState: No settings state /data/system/users/0/settings_global.xml
01-01 08:01:01.074 1151 1151 I SettingsState: directory info for directory/file /data/system/users/0/settings_global.xml with stacktrace
01-01 08:01:01.074 1151 1151 I SettingsState: java.lang.Exception
01-01 08:01:01.074 1151 1151 I SettingsState: at com.android.providers.settings.SettingsState.logSettingsDirectoryInformation(SettingsState.java:877)
01-01 08:01:01.074 1151 1151 I SettingsState: at com.android.providers.settings.SettingsState.readStateSyncLocked(SettingsState.java:1008)
01-01 08:01:01.074 1151 1151 I SettingsState: at com.android.providers.settings.SettingsState.(SettingsState.java:283)
01-01 08:01:01.074 1151 1151 I SettingsState: at com.android.providers.settings.SettingsProvider$SettingsRegistry.ensureSettingsStateLocked(SettingsProvider.java:2883)
01-01 08:01:01.074 1151 1151 I SettingsState: at com.android.providers.settings.SettingsProvider$SettingsRegistry.migrateLegacySettingsForUserLocked(SettingsProvider.java:3270)
01-01 08:01:01.074 1151 1151 I SettingsState: at com.android.providers.settings.SettingsProvider$SettingsRegistry.migrateAllLegacySettingsIfNeededLocked(SettingsProvider.java:3216)
01-01 08:01:01.074 1151 1151 I SettingsState: at com.android.providers.settings.SettingsProvider$SettingsRegistry.access$000(SettingsProvider.java:2666)
01-01 08:01:01.074 1151 1151 I SettingsState: at com.android.providers.settings.SettingsProvider.onCreate(SettingsProvider.java:395)
01-01 08:01:01.074 1151 1151 I SettingsState: at android.content.ContentProvider.attachInfo(ContentProvider.java:2404)
01-01 08:01:01.074 1151 1151 I SettingsState: at android.content.ContentProvider.attachInfo(ContentProvider.java:2374)
01-01 08:01:01.074 1151 1151 I SettingsState: at android.app.ActivityThread.installProvider(ActivityThread.java:7463)
01-01 08:01:01.074 1151 1151 I SettingsState: at android.app.ActivityThread.installContentProviders(ActivityThread.java:6980)
01-01 08:01:01.074 1151 1151 I SettingsState: at android.app.ActivityThread.installSystemProviders(ActivityThread.java:7650)
01-01 08:01:01.074 1151 1151 I SettingsState: at com.android.server.am.ContentProviderHelper.installSystemProviders(ContentProviderHelper.java:1247)
01-01 08:01:01.074 1151 1151 I SettingsState: at com.android.server.SystemServer.startOtherServices(SystemServer.java:1440)
01-01 08:01:01.074 1151 1151 I SettingsState: at com.android.server.SystemServer.run(SystemServer.java:884)
01-01 08:01:01.074 1151 1151 I SettingsState: at com.android.server.SystemServer.main(SystemServer.java:615)
01-01 08:01:01.074 1151 1151 I SettingsState: at java.lang.reflect.Method.invoke(Native Method)
01-01 08:01:01.074 1151 1151 I SettingsState: at com.android.internal.os.RuntimeInit$MethodAndArgsCaller.run(RuntimeInit.java:548)
01-01 08:01:01.074 1151 1151 I SettingsState: at com.android.internal.os.ZygoteInit.main(ZygoteInit.java:987)
01-01 08:01:01.074 1151 1151 I SettingsState: ancestor directory /data/system/users/0 exists
01-01 08:01:01.075 1151 1151 I SettingsState: ancestor directory /data/system/users/0 permissions: r: true w: true x: true
01-01 08:01:01.075 1151 1151 I SettingsState: ancestor's parent directory /data/system/users permissions: r: true w: true x: true
01-01 08:01:01.082 1151 1858 D SystemServerInitThreadPool: Finished executing SchedulingPolicyService.
01-01 08:01:01.082 1151 1858 D SystemServerTimingAsync: InitThreadPoolExec:SchedulingPolicyService. took to complete: 178ms
01-01 08:01:01.088 1151 1151 I commit_sys_config_file: [settings-0-0,4]
01-01 08:01:01.094 1151 1151 D SettingsProvider: Setting [] as Autofill Service for user 0
01-01 08:01:01.097 1151 1151 I commit_sys_config_file: [settings-0-0,3]
01-01 08:01:01.098 1151 1151 I commit_sys_config_file: [settings-2-0,1]
01-01 08:01:01.102 1151 1151 I commit_sys_config_file: [settings-1-0,3]
01-01 08:01:01.128 1151 1151 I commit_sys_config_file: [overlays,321]
01-01 08:01:01.134 1151 1687 W ActivityTaskManager: Skip updateConfiguration because mWindowManager isn't set
01-01 08:01:01.139 1151 1151 W SettingsState: No settings state /data/system/users/0/settings_config.xml
01-01 08:01:01.140 1151 1151 I SettingsState: directory info for directory/file /data/system/users/0/settings_config.xml with stacktrace
01-01 08:01:01.140 1151 1151 I SettingsState: java.lang.Exception
01-01 08:01:01.140 1151 1151 I SettingsState: at com.android.providers.settings.SettingsState.logSettingsDirectoryInformation(SettingsState.java:877)
01-01 08:01:01.140 1151 1151 I SettingsState: at com.android.providers.settings.SettingsState.readStateSyncLocked(SettingsState.java:1008)
01-01 08:01:01.140 1151 1151 I SettingsState: at com.android.providers.settings.SettingsState.(SettingsState.java:283)
01-01 08:01:01.140 1151 1151 I SettingsState: at com.android.providers.settings.SettingsProvider$SettingsRegistry.ensureSettingsStateLocked(SettingsProvider.java:2883)
01-01 08:01:01.140 1151 1151 I SettingsState: at com.android.providers.settings.SettingsProvider$SettingsRegistry.ensureSettingsForUserLocked(SettingsProvider.java:2848)
01-01 08:01:01.140 1151 1151 I SettingsState: at com.android.providers.settings.SettingsProvider$SettingsRegistry.peekSettingsStateLocked(SettingsProvider.java:3191)
01-01 08:01:01.140 1151 1151 I SettingsState: at com.android.providers.settings.SettingsProvider$SettingsRegistry.getSettingsNamesLocked(SettingsProvider.java:2813)
01-01 08:01:01.140 1151 1151 I SettingsState: at com.android.providers.settings.SettingsProvider$SettingsRegistry.syncSsaidTableOnStartLocked(SettingsProvider.java:2796)
01-01 08:01:01.140 1151 1151 I SettingsState: at com.android.providers.settings.SettingsProvider$SettingsRegistry.access$100(SettingsProvider.java:2666)
01-01 08:01:01.140 1151 1151 I SettingsState: at com.android.providers.settings.SettingsProvider.onCreate(SettingsProvider.java:396)
01-01 08:01:01.140 1151 1151 I SettingsState: at android.content.ContentProvider.attachInfo(ContentProvider.java:2404)
01-01 08:01:01.140 1151 1151 I SettingsState: at android.content.ContentProvider.attachInfo(ContentProvider.java:2374)
01-01 08:01:01.140 1151 1151 I SettingsState: at android.app.ActivityThread.installProvider(ActivityThread.java:7463)
01-01 08:01:01.140 1151 1151 I SettingsState: at android.app.ActivityThread.installContentProviders(ActivityThread.java:6980)
01-01 08:01:01.140 1151 1151 I SettingsState: at android.app.ActivityThread.installSystemProviders(ActivityThread.java:7650)
01-01 08:01:01.140 1151 1151 I SettingsState: at com.android.server.am.ContentProviderHelper.installSystemProviders(ContentProviderHelper.java:1247)
01-01 08:01:01.140 1151 1151 I SettingsState: at com.android.server.SystemServer.startOtherServices(SystemServer.java:1440)
01-01 08:01:01.140 1151 1151 I SettingsState: at com.android.server.SystemServer.run(SystemServer.java:884)
01-01 08:01:01.140 1151 1151 I SettingsState: at com.android.server.SystemServer.main(SystemServer.java:615)
01-01 08:01:01.140 1151 1151 I SettingsState: at java.lang.reflect.Method.invoke(Native Method)
01-01 08:01:01.140 1151 1151 I SettingsState: at com.android.internal.os.RuntimeInit$MethodAndArgsCaller.run(RuntimeInit.java:548)
01-01 08:01:01.140 1151 1151 I SettingsState: at com.android.internal.os.ZygoteInit.main(ZygoteInit.java:987)
01-01 08:01:01.140 1151 1151 I SettingsState: ancestor directory /data/system/users/0 exists
01-01 08:01:01.141 1151 1151 I SettingsState: ancestor directory /data/system/users/0 permissions: r: true w: true x: true
01-01 08:01:01.141 1151 1151 I SettingsState: ancestor's parent directory /data/system/users permissions: r: true w: true x: true
01-01 08:01:01.141 1151 1151 W SettingsState: No settings state /data/system/users/0/settings_ssaid.xml
01-01 08:01:01.142 1151 1151 I SettingsState: directory info for directory/file /data/system/users/0/settings_ssaid.xml with stacktrace
01-01 08:01:01.142 1151 1151 I SettingsState: java.lang.Exception
01-01 08:01:01.142 1151 1151 I SettingsState: at com.android.providers.settings.SettingsState.logSettingsDirectoryInformation(SettingsState.java:877)
01-01 08:01:01.142 1151 1151 I SettingsState: at com.android.providers.settings.SettingsState.readStateSyncLocked(SettingsState.java:1008)
01-01 08:01:01.142 1151 1151 I SettingsState: at com.android.providers.settings.SettingsState.(SettingsState.java:283)
01-01 08:01:01.142 1151 1151 I SettingsState: at com.android.providers.settings.SettingsProvider$SettingsRegistry.ensureSettingsStateLocked(SettingsProvider.java:2883)
01-01 08:01:01.142 1151 1151 I SettingsState: at com.android.providers.settings.SettingsProvider$SettingsRegistry.ensureSettingsForUserLocked(SettingsProvider.java:2871)
01-01 08:01:01.142 1151 1151 I SettingsState: at com.android.providers.settings.SettingsProvider$SettingsRegistry.peekSettingsStateLocked(SettingsProvider.java:3191)
01-01 08:01:01.142 1151 1151 I SettingsState: at com.android.providers.settings.SettingsProvider$SettingsRegistry.getSettingsNamesLocked(SettingsProvider.java:2813)
01-01 08:01:01.142 1151 1151 I SettingsState: at com.android.providers.settings.SettingsProvider$SettingsRegistry.syncSsaidTableOnStartLocked(SettingsProvider.java:2796)
01-01 08:01:01.142 1151 1151 I SettingsState: at com.android.providers.settings.SettingsProvider$SettingsRegistry.access$100(SettingsProvider.java:2666)
01-01 08:01:01.142 1151 1151 I SettingsState: at com.android.providers.settings.SettingsProvider.onCreate(SettingsProvider.java:396)
01-01 08:01:01.142 1151 1151 I SettingsState: at android.content.ContentProvider.attachInfo(ContentProvider.java:2404)
01-01 08:01:01.142 1151 1151 I SettingsState: at android.content.ContentProvider.attachInfo(ContentProvider.java:2374)
01-01 08:01:01.142 1151 1151 I SettingsState: at android.app.ActivityThread.installProvider(ActivityThread.java:7463)
01-01 08:01:01.142 1151 1151 I SettingsState: at android.app.ActivityThread.installContentProviders(ActivityThread.java:6980)
01-01 08:01:01.142 1151 1151 I SettingsState: at android.app.ActivityThread.installSystemProviders(ActivityThread.java:7650)
01-01 08:01:01.142 1151 1151 I SettingsState: at com.android.server.am.ContentProviderHelper.installSystemProviders(ContentProviderHelper.java:1247)
01-01 08:01:01.142 1151 1151 I SettingsState: at com.android.server.SystemServer.startOtherServices(SystemServer.java:1440)
01-01 08:01:01.142 1151 1151 I SettingsState: at com.android.server.SystemServer.run(SystemServer.java:884)
01-01 08:01:01.142 1151 1151 I SettingsState: at com.android.server.SystemServer.main(SystemServer.java:615)
01-01 08:01:01.142 1151 1151 I SettingsState: at java.lang.reflect.Method.invoke(Native Method)
01-01 08:01:01.142 1151 1151 I SettingsState: at com.android.internal.os.RuntimeInit$MethodAndArgsCaller.run(RuntimeInit.java:548)
01-01 08:01:01.142 1151 1151 I SettingsState: at com.android.internal.os.ZygoteInit.main(ZygoteInit.java:987)
01-01 08:01:01.142 1151 1151 I SettingsState: ancestor directory /data/system/users/0 exists
01-01 08:01:01.142 1151 1151 I SettingsState: ancestor directory /data/system/users/0 permissions: r: true w: true x: true
01-01 08:01:01.143 1151 1151 I SettingsState: ancestor's parent directory /data/system/users permissions: r: true w: true x: true
01-01 08:01:01.183 1151 1707 D ActivityManager: Freezer enabled
01-01 08:01:01.184 1151 1707 D ActivityManager: freezer override set to false
01-01 08:01:01.194 1151 1151 D SystemServerTiming: InstallSystemProviders took to complete: 271ms
01-01 08:01:01.194 1151 1151 I SystemServerTiming: StartDropBoxManager
01-01 08:01:01.194 1151 1151 I SystemServiceManager: Starting com.android.server.DropBoxManagerService
01-01 08:01:01.196 1151 1151 D SystemServerTiming: StartDropBoxManager took to complete: 2ms
01-01 08:01:01.196 1151 1151 I SystemServerTiming: StartRoleManagerService
01-01 08:01:01.197 1151 1151 I SystemServiceManager: Starting com.android.role.RoleService
01-01 08:01:01.210 1151 1151 D SystemServerTiming: StartRoleManagerService took to complete: 14ms
01-01 08:01:01.210 1151 1151 I SystemServerTiming: StartVibratorManagerService
01-01 08:01:01.210 1151 1151 I SystemServiceManager: Starting com.android.server.vibrator.VibratorManagerService$Lifecycle
01-01 08:01:01.231 1151 1151 D SystemServerTiming: StartVibratorManagerService took to complete: 21ms
01-01 08:01:01.231 1151 1151 I SystemServerTiming: StartDynamicSystemService
01-01 08:01:01.233 1151 1151 D SystemServerTiming: StartDynamicSystemService took to complete: 1ms
01-01 08:01:01.233 1151 1151 I SystemServerTiming: StartConsumerIrService
01-01 08:01:01.238 1151 1151 D SystemServerTiming: StartConsumerIrService took to complete: 6ms
01-01 08:01:01.239 1151 1151 I SystemServerTiming: StartAlarmManagerService
01-01 08:01:01.239 1151 1151 I SystemServiceManager: Starting com.android.server.alarm.AlarmManagerService
01-01 08:01:01.269 1151 1151 I AlarmManager: Current time only 61269, advancing to build time 1662583991000
09-08 04:53:11.003 1151 1151 D SystemServerTiming: StartAlarmManagerService took to complete: 34ms
09-08 04:53:11.003 1151 1151 I SystemServerTiming: StartInputManagerService
09-08 04:53:11.004 1151 1151 I InputManager: Initializing input manager, mUseDevInputEventForAudioJack=true
09-08 04:53:11.029 1151 1151 D SystemServerTiming: StartInputManagerService took to complete: 25ms
09-08 04:53:11.029 1151 1151 I SystemServerTiming: DeviceStateManagerService
09-08 04:53:11.029 1151 1151 I SystemServiceManager: Starting com.android.server.devicestate.DeviceStateManagerService
09-08 04:53:11.038 1151 1151 D SystemServerTiming: DeviceStateManagerService took to complete: 9ms
09-08 04:53:11.039 1151 1151 I SystemServerTiming: StartCameraServiceProxy
09-08 04:53:11.039 1151 1151 I SystemServiceManager: Starting com.android.server.camera.CameraServiceProxy
09-08 04:53:11.042 1151 1861 I commit_sys_config_file: [settings-0-0,4]
09-08 04:53:11.043 1151 1151 D SystemServerTiming: StartCameraServiceProxy took to complete: 5ms
09-08 04:53:11.043 1151 1151 I SystemServerTiming: StartWindowManagerService
09-08 04:53:11.043 1151 1151 I SystemServiceManager: Starting phase 200
09-08 04:53:11.043 1151 1151 I SystemServerTiming: OnBootPhase_200
09-08 04:53:11.043 1151 1151 I SystemServerTiming: OnBootPhase_200_com.android.server.security.FileIntegrityService
09-08 04:53:11.043 1151 1151 D SystemServerTiming: OnBootPhase_200_com.android.server.security.FileIntegrityService took to complete: 0ms
09-08 04:53:11.043 1151 1151 I SystemServerTiming: OnBootPhase_200_com.android.server.pm.Installer
09-08 04:53:11.043 1151 1151 D SystemServerTiming: OnBootPhase_200_com.android.server.pm.Installer took to complete: 0ms
09-08 04:53:11.044 1151 1151 I SystemServerTiming: OnBootPhase_200_com.android.server.os.DeviceIdentifiersPolicyService
09-08 04:53:11.044 1151 1151 D SystemServerTiming: OnBootPhase_200_com.android.server.os.DeviceIdentifiersPolicyService took to complete: 0ms
09-08 04:53:11.044 1151 1151 I SystemServerTiming: OnBootPhase_200_com.android.server.uri.UriGrantsManagerService$Lifecycle
09-08 04:53:11.044 1151 1151 D SystemServerTiming: OnBootPhase_200_com.android.server.uri.UriGrantsManagerService$Lifecycle took to complete: 0ms
09-08 04:53:11.044 1151 1151 I SystemServerTiming: OnBootPhase_200_com.android.server.powerstats.PowerStatsService
09-08 04:53:11.044 1151 1151 D SystemServerTiming: OnBootPhase_200_com.android.server.powerstats.PowerStatsService took to complete: 0ms
09-08 04:53:11.044 1151 1151 I SystemServerTiming: OnBootPhase_200_com.android.server.wm.ActivityTaskManagerService$Lifecycle
09-08 04:53:11.044 1151 1151 D SystemServerTiming: OnBootPhase_200_com.android.server.wm.ActivityTaskManagerService$Lifecycle took to complete: 0ms
09-08 04:53:11.044 1151 1151 I SystemServerTiming: OnBootPhase_200_com.android.server.am.ActivityManagerService$Lifecycle
09-08 04:53:11.044 1151 1151 D SystemServerTiming: OnBootPhase_200_com.android.server.am.ActivityManagerService$Lifecycle took to complete: 0ms
09-08 04:53:11.044 1151 1151 I SystemServerTiming: OnBootPhase_200_com.android.server.pm.DataLoaderManagerService
09-08 04:53:11.044 1151 1151 D SystemServerTiming: OnBootPhase_200_com.android.server.pm.DataLoaderManagerService took to complete: 0ms
09-08 04:53:11.044 1151 1151 I SystemServerTiming: OnBootPhase_200_com.android.server.power.PowerManagerService
09-08 04:53:11.044 1151 1151 D SystemServerTiming: OnBootPhase_200_com.android.server.power.PowerManagerService took to complete: 0ms
09-08 04:53:11.044 1151 1151 I SystemServerTiming: OnBootPhase_200_com.android.server.power.ThermalManagerService
09-08 04:53:11.044 1151 1151 D SystemServerTiming: OnBootPhase_200_com.android.server.power.ThermalManagerService took to complete: 0ms
09-08 04:53:11.045 1151 1151 I SystemServerTiming: OnBootPhase_200_com.android.server.power.hint.HintManagerService
09-08 04:53:11.045 1151 1151 D SystemServerTiming: OnBootPhase_200_com.android.server.power.hint.HintManagerService took to complete: 0ms
09-08 04:53:11.045 1151 1151 I SystemServerTiming: OnBootPhase_200_com.android.server.recoverysystem.RecoverySystemService$Lifecycle
09-08 04:53:11.045 1151 1151 D SystemServerTiming: OnBootPhase_200_com.android.server.recoverysystem.RecoverySystemService$Lifecycle took to complete: 0ms
09-08 04:53:11.045 1151 1861 I commit_sys_config_file: [settings-2-0,3]
09-08 04:53:11.045 1151 1151 I SystemServerTiming: OnBootPhase_200_com.android.server.lights.LightsService
09-08 04:53:11.045 1151 1151 D SystemServerTiming: OnBootPhase_200_com.android.server.lights.LightsService took to complete: 0ms
09-08 04:53:11.045 1151 1151 I SystemServerTiming: OnBootPhase_200_com.android.server.display.DisplayManagerService
09-08 04:53:11.045 1151 1151 D SystemServerTiming: OnBootPhase_200_com.android.server.display.DisplayManagerService took to complete: 0ms
09-08 04:53:11.046 1151 1151 I SystemServerTiming: OnBootPhase_200_com.android.server.pm.verify.domain.DomainVerificationService
09-08 04:53:11.046 1151 1151 D SystemServerTiming: OnBootPhase_200_com.android.server.pm.verify.domain.DomainVerificationService took to complete: 0ms
09-08 04:53:11.046 1151 1151 I SystemServerTiming: OnBootPhase_200_com.android.server.pm.PackageInstallerService$Lifecycle
09-08 04:53:11.046 1151 1151 D SystemServerTiming: OnBootPhase_200_com.android.server.pm.PackageInstallerService$Lifecycle took to complete: 0ms
09-08 04:53:11.046 1151 1151 I SystemServerTiming: OnBootPhase_200_com.android.server.pm.UserManagerService$LifeCycle
09-08 04:53:11.046 1151 1151 D SystemServerTiming: OnBootPhase_200_com.android.server.pm.UserManagerService$LifeCycle took to complete: 0ms
09-08 04:53:11.046 1151 1151 I SystemServerTiming: OnBootPhase_200_com.android.server.om.OverlayManagerService
09-08 04:53:11.046 1151 1151 D SystemServerTiming: OnBootPhase_200_com.android.server.om.OverlayManagerService took to complete: 0ms
09-08 04:53:11.046 1151 1151 I SystemServerTiming: OnBootPhase_200_com.android.server.SensorPrivacyService
09-08 04:53:11.046 1151 1151 D SystemServerTiming: OnBootPhase_200_com.android.server.SensorPrivacyService took to complete: 0ms
09-08 04:53:11.046 1151 1151 I SystemServerTiming: OnBootPhase_200_com.android.server.sensors.SensorService
09-08 04:53:11.046 1151 1151 D SystemServerTiming: OnBootPhase_200_com.android.server.sensors.SensorService took to complete: 0ms
09-08 04:53:11.046 1151 1151 I SystemServerTiming: OnBootPhase_200_com.android.server.SystemConfigService
09-08 04:53:11.046 1151 1151 D SystemServerTiming: OnBootPhase_200_com.android.server.SystemConfigService took to complete: 0ms
09-08 04:53:11.047 1151 1151 I SystemServerTiming: OnBootPhase_200_com.android.server.BatteryService
09-08 04:53:11.047 1151 1151 D SystemServerTiming: OnBootPhase_200_com.android.server.BatteryService took to complete: 0ms
09-08 04:53:11.047 1151 1151 I SystemServerTiming: OnBootPhase_200_com.android.server.usage.UsageStatsService
09-08 04:53:11.047 1151 1151 D SystemServerTiming: OnBootPhase_200_com.android.server.usage.UsageStatsService took to complete: 0ms
09-08 04:53:11.047 1151 1151 I SystemServerTiming: OnBootPhase_200_com.android.server.webkit.WebViewUpdateService
09-08 04:53:11.047 1151 1151 D SystemServerTiming: OnBootPhase_200_com.android.server.webkit.WebViewUpdateService took to complete: 0ms
09-08 04:53:11.047 1151 1151 I SystemServerTiming: OnBootPhase_200_com.android.server.CachedDeviceStateService
09-08 04:53:11.047 1151 1151 D SystemServerTiming: OnBootPhase_200_com.android.server.CachedDeviceStateService took to complete: 0ms
09-08 04:53:11.047 1151 1151 I SystemServerTiming: OnBootPhase_200_com.android.server.BinderCallsStatsService$LifeCycle
09-08 04:53:11.047 1151 1151 D SystemServerTiming: OnBootPhase_200_com.android.server.BinderCallsStatsService$LifeCycle took to complete: 0ms
09-08 04:53:11.047 1151 1151 I SystemServerTiming: OnBootPhase_200_com.android.server.LooperStatsService$Lifecycle
09-08 04:53:11.047 1151 1151 D SystemServerTiming: OnBootPhase_200_com.android.server.LooperStatsService$Lifecycle took to complete: 0ms
09-08 04:53:11.047 1151 1151 I SystemServerTiming: OnBootPhase_200_com.android.server.rollback.RollbackManagerService
09-08 04:53:11.048 1151 1151 D SystemServerTiming: OnBootPhase_200_com.android.server.rollback.RollbackManagerService took to complete: 0ms
09-08 04:53:11.048 1151 1151 I SystemServerTiming: OnBootPhase_200_com.android.server.os.NativeTombstoneManagerService
09-08 04:53:11.048 1151 1861 I commit_sys_config_file: [settings-1-0,2]
09-08 04:53:11.048 1151 1151 D SystemServerTiming: OnBootPhase_200_com.android.server.os.NativeTombstoneManagerService took to complete: 0ms
09-08 04:53:11.048 1151 1151 I SystemServerTiming: OnBootPhase_200_com.android.server.os.BugreportManagerService
09-08 04:53:11.048 1151 1151 D SystemServerTiming: OnBootPhase_200_com.android.server.os.BugreportManagerService took to complete: 0ms
09-08 04:53:11.048 1151 1151 I SystemServerTiming: OnBootPhase_200_com.android.server.gpu.GpuService
09-08 04:53:11.048 1151 1151 D SystemServerTiming: OnBootPhase_200_com.android.server.gpu.GpuService took to complete: 0ms
09-08 04:53:11.048 1151 1151 I SystemServerTiming: OnBootPhase_200_com.android.server.security.KeyChainSystemService
09-08 04:53:11.048 1151 1151 D SystemServerTiming: OnBootPhase_200_com.android.server.security.KeyChainSystemService took to complete: 0ms
09-08 04:53:11.048 1151 1151 I SystemServerTiming: OnBootPhase_200_com.android.server.telecom.TelecomLoaderService
09-08 04:53:11.048 1151 1151 D SystemServerTiming: OnBootPhase_200_com.android.server.telecom.TelecomLoaderService took to complete: 0ms
09-08 04:53:11.048 1151 1151 I SystemServerTiming: OnBootPhase_200_com.android.server.accounts.AccountManagerService$Lifecycle
09-08 04:53:11.048 1151 1151 D SystemServerTiming: OnBootPhase_200_com.android.server.accounts.AccountManagerService$Lifecycle took to complete: 0ms
09-08 04:53:11.048 1151 1151 I SystemServerTiming: OnBootPhase_200_com.android.server.content.ContentService$Lifecycle
09-08 04:53:11.048 1151 1151 D SystemServerTiming: OnBootPhase_200_com.android.server.content.ContentService$Lifecycle took to complete: 0ms
09-08 04:53:11.049 1151 1151 I SystemServerTiming: OnBootPhase_200_com.android.server.DropBoxManagerService
09-08 04:53:11.049 1151 1151 D SystemServerTiming: OnBootPhase_200_com.android.server.DropBoxManagerService took to complete: 0ms
09-08 04:53:11.049 1151 1151 I SystemServerTiming: OnBootPhase_200_com.android.role.RoleService
09-08 04:53:11.049 1151 1151 D SystemServerTiming: OnBootPhase_200_com.android.role.RoleService took to complete: 0ms
09-08 04:53:11.049 1151 1151 I SystemServerTiming: OnBootPhase_200_com.android.server.vibrator.VibratorManagerService$Lifecycle
09-08 04:53:11.049 1151 1151 D SystemServerTiming: OnBootPhase_200_com.android.server.vibrator.VibratorManagerService$Lifecycle took to complete: 0ms
09-08 04:53:11.049 1151 1151 I SystemServerTiming: OnBootPhase_200_com.android.server.alarm.AlarmManagerService
09-08 04:53:11.049 1151 1151 D SystemServerTiming: OnBootPhase_200_com.android.server.alarm.AlarmManagerService took to complete: 0ms
09-08 04:53:11.049 1151 1151 I SystemServerTiming: OnBootPhase_200_com.android.server.devicestate.DeviceStateManagerService
09-08 04:53:11.049 1151 1151 D SystemServerTiming: OnBootPhase_200_com.android.server.devicestate.DeviceStateManagerService took to complete: 0ms
09-08 04:53:11.049 1151 1151 I SystemServerTiming: OnBootPhase_200_com.android.server.camera.CameraServiceProxy
09-08 04:53:11.049 1151 1151 D SystemServerTiming: OnBootPhase_200_com.android.server.camera.CameraServiceProxy took to complete: 0ms
09-08 04:53:11.049 1151 1151 D SystemServerTiming: OnBootPhase_200 took to complete: 6ms
09-08 04:53:11.051 1151 1151 I WindowManager: No existing display settings, starting empty
09-08 04:53:11.053 1151 1151 I WindowManager: No existing display settings, starting empty
09-08 04:53:11.071 1151 1151 D SystemServerTiming: StartWindowManagerService took to complete: 28ms
09-08 04:53:11.072 1151 1151 I SystemServerTiming: SetWindowManagerService
09-08 04:53:11.108 1151 1861 I commit_sys_config_file: [settings-4-0,3]
09-08 04:53:11.156 1151 1151 I ActivityTaskManager: Loaded persisted task ids for user 0
09-08 04:53:11.159 1151 1151 I wm_task_created: [1,-1]
09-08 04:53:11.161 1151 1151 D SystemServerTiming: SetWindowManagerService took to complete: 90ms
09-08 04:53:11.161 1151 1151 I SystemServerTiming: WindowManagerServiceOnInitReady
09-08 04:53:11.181 1151 1690 I sysui_multi_action: [757,1594,758,4,759,0,806,NULL]
09-08 04:53:11.194 1151 1151 D SystemServerTiming: WindowManagerServiceOnInitReady took to complete: 32ms
09-08 04:53:11.194 1151 1151 I SystemServerTiming: StartInputManager
09-08 04:53:11.194 1151 1151 I InputManager: Starting input manager
09-08 04:53:11.196 1151 1876 I SystemServerTimingAsync: InitThreadPoolExec:StartHidlServices
09-08 04:53:11.196 1151 1876 D SystemServerInitThreadPool: Started executing StartHidlServices
09-08 04:53:11.197 1151 1876 I SystemServerTimingAsync: StartHidlServices
09-08 04:53:11.200 1151 1151 D SystemServerTiming: StartInputManager took to complete: 6ms
09-08 04:53:11.200 1151 1151 I SystemServerTiming: DisplayManagerWindowManagerAndInputReady
09-08 04:53:11.201 1151 1151 D SystemServerTiming: DisplayManagerWindowManagerAndInputReady took to complete: 0ms
09-08 04:53:11.201 1151 1151 I SystemServerTiming: StartBluetoothService
09-08 04:53:11.201 1151 1690 I LogicalDisplayMapper: Requesting Transition to state: 0
09-08 04:53:11.201 1151 1151 I SystemServiceManager: Starting com.android.server.BluetoothService
09-08 04:53:11.201 1151 1690 I LogicalDisplayMapper: Applying layout: [{addr: {port=129, model=0x40446d3026322d}, dispId: 0(ON)}], Previous layout: [{addr: {port=129, model=0x40446d3026322d}, dispId: 0(ON)}]
09-08 04:53:11.204 1151 1151 D BluetoothManagerService: Loading stored name and address
09-08 04:53:11.204 1151 1151 D BluetoothManagerService: Stored bluetooth Name=null,Address=null
09-08 04:53:11.205 1151 1151 D BluetoothManagerService: Bluetooth persisted state: 1
09-08 04:53:11.205 1151 1151 D BluetoothManagerService: Startup: Bluetooth persisted state is ON.
09-08 04:53:11.205 1151 1151 D BluetoothManagerService: Detected SystemUiUid: 10087
09-08 04:53:11.205 1151 1151 D SystemServerTiming: StartBluetoothService took to complete: 5ms
09-08 04:53:11.205 1151 1151 I SystemServerTiming: IpConnectivityMetrics
09-08 04:53:11.205 1151 1151 I SystemServiceManager: Starting com.android.server.connectivity.IpConnectivityMetrics
09-08 04:53:11.206 1151 1151 D SystemServerTiming: IpConnectivityMetrics took to complete: 1ms
09-08 04:53:11.206 1151 1151 I SystemServerTiming: NetworkWatchlistService
09-08 04:53:11.206 1151 1151 I SystemServiceManager: Starting com.android.server.net.watchlist.NetworkWatchlistService$Lifecycle
09-08 04:53:11.211 1151 1151 I auditd : type=1400 audit(0.0:110): avc: denied { read } for comm="InputReader" name="virtualkeys.cyttsp7_mt" dev="sysfs" ino=73371 scontext=u:r:system_server:s0 tcontext=u:object_r:sysfs:s0 tclass=file permissive=0
09-08 04:53:11.231 1151 1151 I commit_sys_config_file: [net-watchlist,1]
09-08 04:53:11.233 1151 1876 D SystemServerTimingAsync: StartHidlServices took to complete: 36ms
09-08 04:53:11.233 1151 1876 D SystemServerInitThreadPool: Finished executing StartHidlServices
09-08 04:53:11.233 1151 1876 D SystemServerTimingAsync: InitThreadPoolExec:StartHidlServices took to complete: 36ms
09-08 04:53:11.234 1151 1882 I WatchlistLoggingHandler: Start aggregating watchlist records.
09-08 04:53:11.235 1151 1151 D SystemServerTiming: NetworkWatchlistService took to complete: 29ms
09-08 04:53:11.235 1151 1151 I SystemServerTiming: PinnerService
09-08 04:53:11.236 1151 1151 I SystemServiceManager: Starting com.android.server.PinnerService
09-08 04:53:11.236 1151 1151 V HistoricalRegistry: Interaction before persistence initialized
09-08 04:53:11.238 1151 1151 D SystemServerTiming: PinnerService took to complete: 3ms
09-08 04:53:11.238 1151 1151 I SystemServerTiming: IorapForwardingService
09-08 04:53:11.238 1151 1151 I SystemServiceManager: Starting com.google.android.startop.iorap.IorapForwardingService
09-08 04:53:11.238 1151 1706 D PinnerService: pinRangeStream: null
09-08 04:53:11.240 1151 1151 D SystemServerTiming: IorapForwardingService took to complete: 1ms
09-08 04:53:11.240 1151 1151 I SystemServiceManager: Starting com.android.server.ActivityTriggerService
09-08 04:53:11.240 1151 1151 I ActivityTriggerService: Starting ActivityTriggerService
09-08 04:53:11.280 1151 1706 D PinnerService: pinRangeStream: null
09-08 04:53:11.281 1151 1706 D PinnerService: pinRangeStream: null
09-08 04:53:11.283 1151 1151 I SystemServerTiming: SignedConfigService
09-08 04:53:11.285 1151 1706 D PinnerService: pinRangeStream: null
09-08 04:53:11.286 1151 1151 D SystemServerTiming: SignedConfigService took to complete: 1ms
09-08 04:53:11.286 1151 1151 I SystemServerTiming: AppIntegrityService
09-08 04:53:11.286 1151 1151 I SystemServiceManager: Starting com.android.server.integrity.AppIntegrityManagerService
09-08 04:53:11.318 1151 1151 D SystemServerTiming: AppIntegrityService took to complete: 31ms
09-08 04:53:11.359 1151 1151 I WindowManager: SAFE MODE not enabled
09-08 04:53:11.359 1151 1151 I SystemServerTiming: StartInputMethodManagerLifecycle
09-08 04:53:11.359 1151 1151 I SystemServiceManager: Starting com.android.server.inputmethod.InputMethodManagerService$Lifecycle
09-08 04:53:11.371 1151 1151 D SystemServerTiming: StartInputMethodManagerLifecycle took to complete: 11ms
09-08 04:53:11.371 1151 1151 I SystemServerTiming: StartAccessibilityManagerService
09-08 04:53:11.371 1151 1151 I SystemServiceManager: Starting com.android.server.accessibility.AccessibilityManagerService$Lifecycle
09-08 04:53:11.378 1151 1151 D SystemServerTiming: StartAccessibilityManagerService took to complete: 7ms
09-08 04:53:11.378 1151 1151 I SystemServerTiming: MakeDisplayReady
09-08 04:53:11.384 1151 1151 I configuration_changed: 536894968
09-08 04:53:11.384 1151 1151 I ActivityTaskManager: Config changes=20005df8 {1.0 ?mcc?mnc [zh_CN] ldltr sw680dp w1586dp h608dp 240dpi lrg long land ?uimode ?night -touch -keyb/h/h -nav/h winConfig={ mBounds=Rect(0, 0 - 2380, 1020) mAppBounds=Rect(0, 0 - 2380, 948) mMaxBounds=Rect(0, 0 - 2380, 1020) mWindowingMode=fullscreen mDisplayWindowingMode=fullscreen mActivityType=undefined mAlwaysOnTop=undefined mRotation=ROTATION_0} s.2 ?fontWeightAdjustment}
09-08 04:53:11.386 1151 1151 I WindowManager: Override config changes=60007dfc {1.0 ?mcc?mnc [zh_CN] ldltr sw680dp w1586dp h608dp 240dpi lrg long land ?uimode ?night -touch -keyb/h/h -nav/h winConfig={ mBounds=Rect(0, 0 - 2380, 1020) mAppBounds=Rect(0, 0 - 2380, 948) mMaxBounds=Rect(0, 0 - 2380, 1020) mWindowingMode=fullscreen mDisplayWindowingMode=fullscreen mActivityType=undefined mAlwaysOnTop=undefined mRotation=ROTATION_0} s.2 ?fontWeightAdjustment} for displayId=0
09-08 04:53:11.387 1151 1151 I sysui_multi_action: [757,1659,758,4,759,2,1660,0]
09-08 04:53:11.399 1151 1151 I configuration_changed: 8
09-08 04:53:11.400 1151 1151 I ActivityTaskManager: Config changes=8 {1.0 ?mcc?mnc [zh_CN] ldltr sw680dp w1586dp h608dp 240dpi lrg long land ?uimode ?night finger -keyb/h/h -nav/h winConfig={ mBounds=Rect(0, 0 - 2380, 1020) mAppBounds=Rect(0, 0 - 2380, 948) mMaxBounds=Rect(0, 0 - 2380, 1020) mWindowingMode=fullscreen mDisplayWindowingMode=fullscreen mActivityType=undefined mAlwaysOnTop=undefined mRotation=ROTATION_0} s.4 ?fontWeightAdjustment}
09-08 04:53:11.401 1151 1151 I WindowManager: Override config changes=8 {1.0 ?mcc?mnc [zh_CN] ldltr sw680dp w1586dp h608dp 240dpi lrg long land ?uimode ?night finger -keyb/h/h -nav/h winConfig={ mBounds=Rect(0, 0 - 2380, 1020) mAppBounds=Rect(0, 0 - 2380, 948) mMaxBounds=Rect(0, 0 - 2380, 1020) mWindowingMode=fullscreen mDisplayWindowingMode=fullscreen mActivityType=undefined mAlwaysOnTop=undefined mRotation=ROTATION_0} s.4 ?fontWeightAdjustment} for displayId=0
09-08 04:53:11.409 1151 1151 D SystemServerTiming: MakeDisplayReady took to complete: 31ms
09-08 04:53:11.409 1151 1151 I SystemServerTiming: StartStorageManagerService
09-08 04:53:11.409 1151 1151 I SystemServiceManager: Starting com.android.server.StorageManagerService$Lifecycle
09-08 04:53:11.426 1151 1890 D StorageManagerService: Thinking about init, mBootCompleted=false, mDaemonConnected=true
09-08 04:53:11.426 1151 1890 D StorageManagerService: Thinking about reset, mBootCompleted=false, mDaemonConnected=true
09-08 04:53:11.428 1151 1151 D StorageManagerService: CE storage for users [0] is already unlocked
09-08 04:53:11.430 1151 1890 D StorageManagerService: Thinking about init, mBootCompleted=false, mDaemonConnected=true
09-08 04:53:11.430 1151 1890 D StorageManagerService: Thinking about reset, mBootCompleted=false, mDaemonConnected=true
09-08 04:53:11.431 1151 1151 D SystemServerTiming: StartStorageManagerService took to complete: 22ms
09-08 04:53:11.431 1151 1151 I SystemServerTiming: StartStorageStatsService
09-08 04:53:11.431 1151 1151 I SystemServiceManager: Starting com.android.server.usage.StorageStatsService$Lifecycle
09-08 04:53:11.438 1151 1861 I commit_sys_config_file: [settings-0-0,2]
09-08 04:53:11.442 1151 1151 D SystemServerTiming: StartStorageStatsService took to complete: 11ms
09-08 04:53:11.442 1151 1151 I SystemServerTiming: StartUiModeManager
09-08 04:53:11.442 1151 1151 I SystemServiceManager: Starting com.android.server.UiModeManagerService
09-08 04:53:11.444 1151 1893 I SystemServerTimingAsync: InitThreadPoolExec:UiModeManager.onStart
09-08 04:53:11.444 1151 1893 D SystemServerInitThreadPool: Started executing UiModeManager.onStart
09-08 04:53:11.444 1151 1151 D SystemServerTiming: StartUiModeManager took to complete: 2ms
09-08 04:53:11.444 1151 1151 I SystemServerTiming: UpdatePackagesIfNeeded
09-08 04:53:11.444 1151 1151 I Watchdog: Pausing HandlerChecker: main thread for reason: dexopt. Pause count: 1
09-08 04:53:11.456 1151 1706 D PinnerService: pinRangeStream: null
09-08 04:53:11.456 1151 1706 D PinnerService: pinRangeStream: null
09-08 04:53:11.457 1151 1893 D SystemServerInitThreadPool: Finished executing UiModeManager.onStart
09-08 04:53:11.457 1151 1893 D SystemServerTimingAsync: InitThreadPoolExec:UiModeManager.onStart took to complete: 13ms
09-08 04:53:11.460 1151 1706 D PinnerService: pinRangeStream: null
09-08 04:53:11.466 1151 1689 I am_uid_running: 10100
09-08 04:53:11.484 1234 1234 W iorapd : Readahead disabled by system property
09-08 04:53:11.492 1234 1234 W iorapd : Reconnect to package manager service: 1 times
09-08 04:53:11.496 1151 1835 D SystemServerTimingAsync: AppDataPrepare took to complete: 1248ms
09-08 04:53:11.496 1151 1835 I PackageManager: Deferred reconcileAppsData finished 111 packages
09-08 04:53:11.496 1151 1835 D SystemServerInitThreadPool: Finished executing prepareAppData
09-08 04:53:11.496 1151 1835 D SystemServerTimingAsync: InitThreadPoolExec:prepareAppData took to complete: 1257ms
09-08 04:53:11.571 1895 1895 D iorap.prefetcherd: Installing minijail
09-08 04:53:11.573 1895 1895 W iorap.prefetcherd: No seccomp filter defined for this architecture.
09-08 04:53:11.589 1151 1706 D PinnerService: pinRangeStream: null
09-08 04:53:11.649 1151 1706 D PinnerService: pinRangeStream: null
09-08 04:53:11.650 1151 1706 D PinnerService: pinRangeStream: null
09-08 04:53:11.694 1151 1706 D PinnerService: pinRangeStream: null
09-08 04:53:11.696 1151 1706 D PinnerService: pinRangeStream: null
09-08 04:53:11.697 1151 1706 E PinnerService: Could not pin file /system/lib64/libsurfaceflinger.so
09-08 04:53:11.697 1151 1706 E PinnerService: android.system.ErrnoException: open failed: ENOENT (No such file or directory)
09-08 04:53:11.697 1151 1706 E PinnerService: at libcore.io.Linux.open(Native Method)
09-08 04:53:11.697 1151 1706 E PinnerService: at libcore.io.ForwardingOs.open(ForwardingOs.java:567)
09-08 04:53:11.697 1151 1706 E PinnerService: at libcore.io.BlockGuardOs.open(BlockGuardOs.java:273)
09-08 04:53:11.697 1151 1706 E PinnerService: at android.system.Os.open(Os.java:501)
09-08 04:53:11.697 1151 1706 E PinnerService: at com.android.server.PinnerService.pinFileRanges(PinnerService.java:939)
09-08 04:53:11.697 1151 1706 E PinnerService: at com.android.server.PinnerService.pinFile(PinnerService.java:814)
09-08 04:53:11.697 1151 1706 E PinnerService: at com.android.server.PinnerService.handlePinOnStart(PinnerService.java:273)
09-08 04:53:11.697 1151 1706 E PinnerService: at com.android.server.PinnerService.access$1600(PinnerService.java:91)
09-08 04:53:11.697 1151 1706 E PinnerService: at com.android.server.PinnerService$PinnerHandler.handleMessage(PinnerService.java:1183)
09-08 04:53:11.697 1151 1706 E PinnerService: at android.os.Handler.dispatchMessage(Handler.java:106)
09-08 04:53:11.697 1151 1706 E PinnerService: at android.os.Looper.loopOnce(Looper.java:201)
09-08 04:53:11.697 1151 1706 E PinnerService: at android.os.Looper.loop(Looper.java:288)
09-08 04:53:11.697 1151 1706 E PinnerService: at android.os.HandlerThread.run(HandlerThread.java:67)
09-08 04:53:11.697 1151 1706 E PinnerService: Failed to pin file = /system/lib64/libsurfaceflinger.so
09-08 04:53:12.091 696 696 D ZygoteInitTiming_lazy: PreloadClasses took to complete: 1380ms
09-08 04:53:12.128 696 696 D ZygoteInitTiming_lazy: CacheNonBootClasspathClassLoaders took to complete: 36ms
09-08 04:53:12.169 696 696 D ZygoteInitTiming_lazy: PreloadResources took to complete: 41ms
09-08 04:53:12.496 1234 1234 I iorapd : iorapd (the prefetchening) readied up
09-08 04:53:12.520 1151 1857 D SystemServerTimingAsync: SecondaryZygotePreload took to complete: 1890ms
09-08 04:53:12.520 1151 1857 D SystemServerInitThreadPool: Finished executing SecondaryZygotePreload
09-08 04:53:12.520 1151 1857 D SystemServerTimingAsync: InitThreadPoolExec:SecondaryZygotePreload took to complete: 1890ms
09-08 04:53:13.243 1151 1689 W BackgroundDexOptService: SysProp pm.dexopt.downgrade_after_inactive_days not set
09-08 04:53:14.267 1151 1882 I WatchlistLoggingHandler: Milliseconds spent on tryAggregateRecords(): 3033
09-08 04:53:14.268 1151 1689 I DropBoxManagerService: add tag=system_server_strictmode isTagEnabled=true flags=0x2
09-08 04:53:14.276 1151 1689 I DropBoxManagerService: add tag=system_server_strictmode isTagEnabled=true flags=0x2
09-08 04:53:14.277 1151 1689 I DropBoxManagerService: add tag=system_server_strictmode isTagEnabled=true flags=0x2
09-08 04:53:14.278 1151 1689 I DropBoxManagerService: add tag=system_server_strictmode isTagEnabled=true flags=0x2
09-08 04:53:14.279 1151 1689 I DropBoxManagerService: add tag=system_server_strictmode isTagEnabled=true flags=0x2
09-08 04:53:14.280 1151 1689 I DropBoxManagerService: add tag=system_server_strictmode isTagEnabled=true flags=0x2
09-08 04:53:14.282 1151 1689 I DropBoxManagerService: add tag=system_server_strictmode isTagEnabled=true flags=0x2
09-08 04:53:14.283 1151 1689 I DropBoxManagerService: add tag=system_server_strictmode isTagEnabled=true flags=0x2
09-08 04:53:14.284 1151 1689 I DropBoxManagerService: add tag=system_server_strictmode isTagEnabled=true flags=0x2
09-08 04:53:14.285 1151 1689 I DropBoxManagerService: add tag=system_server_strictmode isTagEnabled=true flags=0x2
09-08 04:53:14.698 1960 1960 F linker : CANNOT LINK EXECUTABLE "/vendor/bin/hw/qvrservice": library "vendor.qti.hardware.qxr-V1-ndk_platform.so" not found: needed by /vendor/lib64/libqvrservice.so in namespace (default)
09-08 04:53:14.760 1961 1961 F linker : CANNOT LINK EXECUTABLE "/vendor/bin/hw/sxrservice": library "vendor.qti.hardware.qxr-V1-ndk_platform.so" not found: needed by main executable
09-08 04:53:19.713 2137 2137 F linker : CANNOT LINK EXECUTABLE "/vendor/bin/hw/qvrservice": library "vendor.qti.hardware.qxr-V1-ndk_platform.so" not found: needed by /vendor/lib64/libqvrservice.so in namespace (default)
09-08 04:53:19.739 2138 2138 F linker : CANNOT LINK EXECUTABLE "/vendor/bin/hw/sxrservice": library "vendor.qti.hardware.qxr-V1-ndk_platform.so" not found: needed by main executable
09-08 04:53:19.779 1151 1151 I sysui_multi_action: [757,804,799,opt_dialog_num_dexopted,801,21,802,1]
09-08 04:53:19.779 1151 1151 I sysui_multi_action: [757,804,799,opt_dialog_num_skipped,801,117,802,1]
09-08 04:53:19.780 1151 1151 I sysui_multi_action: [757,804,799,opt_dialog_num_failed,801,0,802,1]
09-08 04:53:19.780 1151 1151 I sysui_multi_action: [757,804,799,opt_dialog_num_total,801,124,802,1]
09-08 04:53:19.781 1151 1151 I sysui_multi_action: [757,804,799,opt_dialog_time_s,801,8,802,1]
09-08 04:53:19.781 1151 1151 I Watchdog: Resuming HandlerChecker: main thread for reason: dexopt. Pause count: 0
09-08 04:53:19.781 1151 1151 D SystemServerTiming: UpdatePackagesIfNeeded took to complete: 8337ms
09-08 04:53:19.781 1151 1151 I SystemServerTiming: PerformFstrimIfNeeded
09-08 04:53:19.782 1151 1151 I service_manager_stats: [117,129,10940]
09-08 04:53:19.782 1151 1151 W PackageManager: No disk maintenance in 1662583999782; running immediately
09-08 04:53:19.782 1151 1151 D SystemServerTiming: PerformFstrimIfNeeded took to complete: 1ms
09-08 04:53:19.782 1151 1151 I SystemServerTiming: StartLockSettingsService
09-08 04:53:19.782 1151 1890 I StorageManagerService: Running fstrim idle maintenance
09-08 04:53:19.782 1151 1151 I SystemServiceManager: Starting com.android.server.locksettings.LockSettingsService$Lifecycle
09-08 04:53:19.785 563 2140 D vold : Starting trim of /metadata
09-08 04:53:19.791 563 2140 I vold : Trimmed 11862016 bytes on /metadata in 5ms
09-08 04:53:19.791 563 2140 D vold : Starting trim of /data
09-08 04:53:19.792 563 2140 I vold : Trimmed 0 bytes on /data in 0ms
09-08 04:53:19.792 563 2140 D vold : Starting trim of /mnt/vendor/persist
09-08 04:53:19.792 1151 1838 I DropBoxManagerService: add tag=storage_trim isTagEnabled=true flags=0x2
09-08 04:53:19.793 1151 1838 I DropBoxManagerService: add tag=storage_trim isTagEnabled=true flags=0x2
09-08 04:53:19.794 1151 1151 D SystemServerTiming: StartLockSettingsService took to complete: 12ms
09-08 04:53:19.794 1151 1151 I SystemServerTiming: StartPersistentDataBlock
09-08 04:53:19.794 1151 1151 I SystemServiceManager: Starting com.android.server.PersistentDataBlockService
09-08 04:53:19.795 1151 1151 D SystemServerTiming: StartPersistentDataBlock took to complete: 1ms
09-08 04:53:19.796 1151 1151 I SystemServerTiming: StartTestHarnessMode
09-08 04:53:19.796 1151 1151 I SystemServiceManager: Starting com.android.server.testharness.TestHarnessModeService
09-08 04:53:19.796 1151 2142 I SystemServerTimingAsync: InitThreadPoolExec:PersistentDataBlockService.onStart
09-08 04:53:19.796 1151 2142 D SystemServerInitThreadPool: Started executing PersistentDataBlockService.onStart
09-08 04:53:19.797 1151 1151 D SystemServerTiming: StartTestHarnessMode took to complete: 1ms
09-08 04:53:19.797 1151 1151 I SystemServerTiming: StartOemLockService
09-08 04:53:19.797 1151 1151 I SystemServiceManager: Starting com.android.server.oemlock.OemLockService
09-08 04:53:19.791 563 563 I auditd : type=1400 audit(0.0:111): avc: denied { read } for comm="Binder:563_2" name="spunvm" dev="tmpfs" ino=40490 scontext=u:r:vold:s0 tcontext=u:object_r:vendor_spunvm_file:s0 tclass=dir permissive=0
09-08 04:53:19.798 563 2140 I vold : Trimmed 28020736 bytes on /mnt/vendor/persist in 5ms
09-08 04:53:19.798 563 2140 D vold : Starting trim of /mnt/vendor/spunvm
09-08 04:53:19.798 1151 1838 I DropBoxManagerService: add tag=storage_trim isTagEnabled=true flags=0x2
09-08 04:53:19.798 563 2140 W vold : Failed to open /mnt/vendor/spunvm: Permission denied
09-08 04:53:19.798 1151 1151 I OemLock : OemLock HAL not present on device
09-08 04:53:19.798 1151 1151 I OemLock : Using persistent data block based lock
09-08 04:53:19.799 1151 1151 D SystemServerTiming: StartOemLockService took to complete: 1ms
09-08 04:53:19.799 1151 1151 I SystemServerTiming: StartDeviceIdleController
09-08 04:53:19.799 1151 1151 I SystemServiceManager: Starting com.android.server.DeviceIdleController
09-08 04:53:19.799 1151 2142 E PersistentDataBlockService: not able to find package com.google.android.gms
09-08 04:53:19.799 1151 2142 E PersistentDataBlockService: android.content.pm.PackageManager$NameNotFoundException: com.google.android.gms
09-08 04:53:19.799 1151 2142 E PersistentDataBlockService: at android.app.ApplicationPackageManager.getPackageUidAsUser(ApplicationPackageManager.java:364)
09-08 04:53:19.799 1151 2142 E PersistentDataBlockService: at com.android.server.PersistentDataBlockService.getAllowedUid(PersistentDataBlockService.java:162)
09-08 04:53:19.799 1151 2142 E PersistentDataBlockService: at com.android.server.PersistentDataBlockService.lambda$onStart$0$PersistentDataBlockService(PersistentDataBlockService.java:176)
09-08 04:53:19.799 1151 2142 E PersistentDataBlockService: at com.android.server.PersistentDataBlockService$$ExternalSyntheticLambda0.run(Unknown Source:2)
09-08 04:53:19.799 1151 2142 E PersistentDataBlockService: at com.android.server.SystemServerInitThreadPool.lambda$submitTask$0$SystemServerInitThreadPool(SystemServerInitThreadPool.java:105)
09-08 04:53:19.799 1151 2142 E PersistentDataBlockService: at com.android.server.SystemServerInitThreadPool$$ExternalSyntheticLambda0.run(Unknown Source:6)
09-08 04:53:19.799 1151 2142 E PersistentDataBlockService: at java.util.concurrent.Executors$RunnableAdapter.call(Executors.java:462)
09-08 04:53:19.799 1151 2142 E PersistentDataBlockService: at java.util.concurrent.FutureTask.run(FutureTask.java:266)
09-08 04:53:19.799 1151 2142 E PersistentDataBlockService: at java.util.concurrent.ThreadPoolExecutor.runWorker(ThreadPoolExecutor.java:1167)
09-08 04:53:19.799 1151 2142 E PersistentDataBlockService: at java.util.concurrent.ThreadPoolExecutor$Worker.run(ThreadPoolExecutor.java:641)
09-08 04:53:19.799 1151 2142 E PersistentDataBlockService: at com.android.internal.util.ConcurrentUtils$1$1.run(ConcurrentUtils.java:65)
09-08 04:53:19.801 1151 1151 D SystemServerTiming: StartDeviceIdleController took to complete: 2ms
09-08 04:53:19.801 1151 1151 I SystemServerTiming: StartDevicePolicyManager
09-08 04:53:19.801 1151 1151 I SystemServiceManager: Starting com.android.server.devicepolicy.DevicePolicyManagerService$Lifecycle
09-08 04:53:19.803 1151 1151 D SystemServerTiming: StartDevicePolicyManager took to complete: 2ms
09-08 04:53:19.803 1151 1151 I SystemServerTiming: StartStatusBarManagerService
09-08 04:53:19.804 1151 1151 D SystemServerTiming: StartStatusBarManagerService took to complete: 1ms
09-08 04:53:19.804 1151 1151 D SystemServer: MusicRecognitionManagerService not defined by OEM or disabled by flag
09-08 04:53:19.804 1151 1151 D SystemServer: ContentCaptureService disabled because resource is not overlaid
09-08 04:53:19.804 1151 1151 D SystemServer: AttentionService is not configured on this device
09-08 04:53:19.804 1151 1151 D SystemServer: RotationResolverService is not configured on this device
09-08 04:53:19.804 1151 1151 D SystemServer: SystemCaptionsManagerService disabled because resource is not overlaid
09-08 04:53:19.804 1151 1151 I SystemServerTiming: StartTextToSpeechManagerService
09-08 04:53:19.805 1151 1151 I SystemServiceManager: Starting com.android.server.texttospeech.TextToSpeechManagerService
09-08 04:53:19.805 1151 1151 D SystemServerTiming: StartTextToSpeechManagerService took to complete: 1ms
09-08 04:53:19.805 1151 1151 I SystemServerTiming: StartSpeechRecognitionManagerService
09-08 04:53:19.805 1151 1151 I SystemServiceManager: Starting com.android.server.speech.SpeechRecognitionManagerService
09-08 04:53:19.806 1151 1151 D SystemServerTiming: StartSpeechRecognitionManagerService took to complete: 1ms
09-08 04:53:19.806 1151 1151 D SystemServer: AppPredictionService not defined by OEM
09-08 04:53:19.806 1151 1151 D SystemServer: ContentSuggestionsService not defined by OEM
09-08 04:53:19.806 1151 1151 I SystemServerTiming: StartSearchUiService
