01-01 08:44:19.878 0 0 I init : Sending signal 9 to service 'sxrd' (pid 7299) process group...
01-01 08:44:19.887 0 0 I libprocessgroup: Successfully killed process cgroup uid 1000 pid 7299 in 0ms
01-01 08:44:19.897 0 0 I init : Service 'qvrd_vndr' (pid 7298) exited with status 1
01-01 08:44:19.904 0 0 I init : Sending signal 9 to service 'qvrd_vndr' (pid 7298) process group...
01-01 08:44:19.997 0 0 D : mv2112_read_status
01-01 08:44:20.000 0 0 D mv2112_update_link: 3.0x901(1G): 0x80
01-01 08:44:20.007 0 0 D mv2112_update_link: 3.0x8109(100M): 0x0
01-01 08:44:20.014 0 0 D mv2112_update_link: link 0x0
01-01 08:44:20.018 0 0 D mv2112_read_status: autoneg is disabled
01-01 08:44:21.021 0 0 D : mv2112_read_status
01-01 08:44:21.024 0 0 D mv2112_update_link: 3.0x901(1G): 0x80
01-01 08:44:21.031 0 0 D mv2112_update_link: 3.0x8109(100M): 0x0
01-01 08:44:21.036 0 0 D mv2112_update_link: link 0x0
01-01 08:44:21.040 0 0 D mv2112_read_status: autoneg is disabled
01-01 08:44:22.045 0 0 D : mv2112_read_status
01-01 08:44:22.050 0 0 D mv2112_update_link: 3.0x901(1G): 0x80
01-01 08:44:22.065 0 0 D mv2112_update_link: 3.0x8109(100M): 0x0
01-01 08:44:22.071 0 0 D mv2112_update_link: link 0x0
01-01 08:44:22.075 0 0 D mv2112_read_status: autoneg is disabled
09-08 05:36:31.828 1151 2144 I netstats_mobile_sample: [0,0,0,0,0,0,0,0,0,0,0,0,1662586591828]
09-08 05:36:31.828 1151 2144 I netstats_wifi_sample: [576238811,402886,12360062,198709,576235811,402884,12360022,198708,576379980,404641,12333835,198504,1662586591828]
01-01 08:44:23.101 0 0 D : mv2112_read_status
01-01 08:44:23.104 0 0 D mv2112_update_link: 3.0x901(1G): 0x80
01-01 08:44:23.111 0 0 D mv2112_update_link: 3.0x8109(100M): 0x0
01-01 08:44:23.116 0 0 D mv2112_update_link: link 0x0
01-01 08:44:23.122 0 0 D mv2112_read_status: autoneg is disabled
01-01 08:44:24.125 0 0 D : mv2112_read_status
01-01 08:44:24.128 0 0 D mv2112_update_link: 3.0x901(1G): 0x80
01-01 08:44:24.135 0 0 D mv2112_update_link: 3.0x8109(100M): 0x0
01-01 08:44:24.141 0 0 D mv2112_update_link: link 0x0
01-01 08:44:24.146 0 0 D mv2112_read_status: autoneg is disabled
01-01 08:44:24.820 0 0 I init : starting service 'qvrd_vndr'...
01-01 08:44:24.827 0 0 I init : Created socket '/dev/socket/qvrservice_vndr', mode 660, user 1000, group 1000
01-01 08:44:24.838 0 0 I init : Created socket '/dev/socket/qvrservice_vndr_camera', mode 660, user 1000, group 1000
01-01 08:44:24.866 0 0 I init : starting service 'sxrd'...
01-01 08:44:24.885 0 0 I init : starting service 'vendor.light-hal-2-0'...
09-08 05:36:34.633 7304 7304 F linker : CANNOT LINK EXECUTABLE "/vendor/bin/hw/sxrservice": library "vendor.qti.hardware.qxr-V1-ndk_platform.so" not found: needed by main executable
09-08 05:36:34.635 7303 7303 F linker : CANNOT LINK EXECUTABLE "/vendor/bin/hw/qvrservice": library "vendor.qti.hardware.qxr-V1-ndk_platform.so" not found: needed by /vendor/lib64/libqvrservice.so in namespace (default)
01-01 08:44:24.912 0 0 I init : Service 'sxrd' (pid 7304) exited with status 1
01-01 08:44:24.919 0 0 I init : Sending signal 9 to service 'sxrd' (pid 7304) process group...
01-01 08:44:24.927 0 0 I libprocessgroup: Successfully killed process cgroup uid 1000 pid 7304 in 0ms
01-01 08:44:24.937 0 0 I init : Service 'qvrd_vndr' (pid 7303) exited with status 1
01-01 08:44:24.944 0 0 I init : Sending signal 9 to service 'qvrd_vndr' (pid 7303) process group...
01-01 08:44:25.149 0 0 D : mv2112_read_status
01-01 08:44:25.152 0 0 D mv2112_update_link: 3.0x901(1G): 0x80
01-01 08:44:25.158 0 0 D mv2112_update_link: 3.0x8109(100M): 0x0
01-01 08:44:25.164 0 0 D mv2112_update_link: link 0x0
01-01 08:44:25.168 0 0 D mv2112_read_status: autoneg is disabled
09-08 05:36:35.877 1151 2144 I netstats_mobile_sample: [0,0,0,0,0,0,0,0,0,0,0,0,1662586595876]
09-08 05:36:35.877 1151 2144 I netstats_wifi_sample: [579289179,405069,12410202,199712,579283091,405064,12410162,199711,579420704,406810,12384120,199509,1662586595876]
01-01 08:44:26.173 0 0 D : mv2112_read_status
01-01 08:44:26.176 0 0 D mv2112_update_link: 3.0x901(1G): 0x80
01-01 08:44:26.183 0 0 D mv2112_update_link: 3.0x8109(100M): 0x0
01-01 08:44:26.188 0 0 D mv2112_update_link: link 0x0
01-01 08:44:26.192 0 0 D mv2112_read_status: autoneg is disabled
01-01 08:44:27.197 0 0 D : mv2112_read_status
01-01 08:44:27.200 0 0 D mv2112_update_link: 3.0x901(1G): 0x80
01-01 08:44:27.217 0 0 D mv2112_update_link: 3.0x8109(100M): 0x0
01-01 08:44:27.229 0 0 D mv2112_update_link: link 0x0
01-01 08:44:27.233 0 0 D mv2112_read_status: autoneg is disabled
01-01 08:44:28.253 0 0 D : mv2112_read_status
01-01 08:44:28.257 0 0 D mv2112_update_link: 3.0x901(1G): 0x80
01-01 08:44:28.277 0 0 D mv2112_update_link: 3.0x8109(100M): 0x0
01-01 08:44:28.289 0 0 D mv2112_update_link: link 0x0
01-01 08:44:28.293 0 0 D mv2112_read_status: autoneg is disabled
09-08 05:36:38.844 1151 2144 I service_manager_stats: [100,100,107534]
09-08 05:36:38.889 1151 2144 I netstats_mobile_sample: [0,0,0,0,0,0,0,0,0,0,0,0,1662586598889]
09-08 05:36:38.889 1151 2144 I netstats_wifi_sample: [582304135,407414,12455465,200628,582301135,407412,12455425,200627,582433420,409163,12429199,200420,1662586598889]
01-01 08:44:29.309 0 0 D : mv2112_read_status
01-01 08:44:29.312 0 0 D mv2112_update_link: 3.0x901(1G): 0x80
01-01 08:44:29.319 0 0 D mv2112_update_link: 3.0x8109(100M): 0x0
01-01 08:44:29.324 0 0 D mv2112_update_link: link 0x0
01-01 08:44:29.330 0 0 D mv2112_read_status: autoneg is disabled
01-01 08:44:29.865 0 0 I init : starting service 'qvrd_vndr'...
01-01 08:44:29.873 0 0 I init : Created socket '/dev/socket/qvrservice_vndr', mode 660, user 1000, group 1000
01-01 08:44:29.885 0 0 I init : Created socket '/dev/socket/qvrservice_vndr_camera', mode 660, user 1000, group 1000
01-01 08:44:29.915 0 0 I init : starting service 'sxrd'...
01-01 08:44:29.933 0 0 I init : starting service 'vendor.light-hal-2-0'...
09-08 05:36:39.674 7307 7307 F linker : CANNOT LINK EXECUTABLE "/vendor/bin/hw/qvrservice": library "vendor.qti.hardware.qxr-V1-ndk_platform.so" not found: needed by /vendor/lib64/libqvrservice.so in namespace (default)
09-08 05:36:39.689 7308 7308 F linker : CANNOT LINK EXECUTABLE "/vendor/bin/hw/sxrservice": library "vendor.qti.hardware.qxr-V1-ndk_platform.so" not found: needed by main executable
01-01 08:44:29.953 0 0 I init : Service 'qvrd_vndr' (pid 7307) exited with status 1
01-01 08:44:29.961 0 0 I init : Sending signal 9 to service 'qvrd_vndr' (pid 7307) process group...
01-01 08:44:29.969 0 0 I libprocessgroup: Successfully killed process cgroup uid 1000 pid 7307 in 0ms
01-01 08:44:29.979 0 0 I init : Service 'sxrd' (pid 7308) exited with status 1
01-01 08:44:29.986 0 0 I init : Sending signal 9 to service 'sxrd' (pid 7308) process group...
01-01 08:44:30.333 0 0 D : mv2112_read_status
01-01 08:44:30.336 0 0 D mv2112_update_link: 3.0x901(1G): 0x80
01-01 08:44:30.343 0 0 D mv2112_update_link: 3.0x8109(100M): 0x0
01-01 08:44:30.350 0 0 D mv2112_update_link: link 0x0
01-01 08:44:30.354 0 0 D mv2112_read_status: autoneg is disabled
01-01 08:44:31.357 0 0 D : mv2112_read_status
01-01 08:44:31.361 0 0 D mv2112_update_link: 3.0x901(1G): 0x80
01-01 08:44:31.366 0 0 D mv2112_update_link: 3.0x8109(100M): 0x0
01-01 08:44:31.371 0 0 D mv2112_update_link: link 0x0
01-01 08:44:31.376 0 0 D mv2112_read_status: autoneg is disabled
01-01 08:44:32.381 0 0 D : mv2112_read_status
01-01 08:44:32.384 0 0 D mv2112_update_link: 3.0x901(1G): 0x80
01-01 08:44:32.390 0 0 D mv2112_update_link: 3.0x8109(100M): 0x0
01-01 08:44:32.395 0 0 D mv2112_update_link: link 0x0
01-01 08:44:32.399 0 0 D mv2112_read_status: autoneg is disabled
09-08 05:36:42.551 1151 2144 I netstats_mobile_sample: [0,0,0,0,0,0,0,0,0,0,0,0,1662586602551]
09-08 05:36:42.551 1151 2144 I netstats_wifi_sample: [585089679,409386,12503904,201569,585086679,409384,12503864,201568,585233928,411144,12477980,201367,1662586602551]
01-01 08:44:33.405 0 0 D : mv2112_read_status
01-01 08:44:33.409 0 0 D mv2112_update_link: 3.0x901(1G): 0x80
01-01 08:44:33.414 0 0 D mv2112_update_link: 3.0x8109(100M): 0x0
01-01 08:44:33.421 0 0 D mv2112_update_link: link 0x0
01-01 08:44:33.426 0 0 D mv2112_read_status: autoneg is disabled
01-01 08:44:34.429 0 0 D : mv2112_read_status
01-01 08:44:34.432 0 0 D mv2112_update_link: 3.0x901(1G): 0x80
01-01 08:44:34.438 0 0 D mv2112_update_link: 3.0x8109(100M): 0x0
01-01 08:44:34.444 0 0 D mv2112_update_link: link 0x0
01-01 08:44:34.448 0 0 D mv2112_read_status: autoneg is disabled
01-01 08:44:34.914 0 0 I init : starting service 'qvrd_vndr'...
01-01 08:44:34.920 0 0 I init : Created socket '/dev/socket/qvrservice_vndr', mode 660, user 1000, group 1000
01-01 08:44:34.931 0 0 I init : Created socket '/dev/socket/qvrservice_vndr_camera', mode 660, user 1000, group 1000
01-01 08:44:34.960 0 0 I init : starting service 'sxrd'...
01-01 08:44:34.979 0 0 I init : starting service 'vendor.light-hal-2-0'...
09-08 05:36:44.733 7313 7313 F linker : CANNOT LINK EXECUTABLE "/vendor/bin/hw/qvrservice": library "vendor.qti.hardware.qxr-V1-ndk_platform.so" not found: needed by /vendor/lib64/libqvrservice.so in namespace (default)
09-08 05:36:44.734 7314 7314 F linker : CANNOT LINK EXECUTABLE "/vendor/bin/hw/sxrservice": library "vendor.qti.hardware.qxr-V1-ndk_platform.so" not found: needed by main executable
01-01 08:44:35.013 0 0 I init : Service 'qvrd_vndr' (pid 7313) exited with status 1
01-01 08:44:35.019 0 0 I init : Sending signal 9 to service 'qvrd_vndr' (pid 7313) process group...
01-01 08:44:35.028 0 0 I libprocessgroup: Successfully killed process cgroup uid 1000 pid 7313 in 0ms
01-01 08:44:35.039 0 0 I init : Service 'sxrd' (pid 7314) exited with status 1
01-01 08:44:35.046 0 0 I init : Sending signal 9 to service 'sxrd' (pid 7314) process group...
01-01 08:44:35.453 0 0 D : mv2112_read_status
01-01 08:44:35.460 0 0 D mv2112_update_link: 3.0x901(1G): 0x80
01-01 08:44:35.473 0 0 D mv2112_update_link: 3.0x8109(100M): 0x0
01-01 08:44:35.478 0 0 D mv2112_update_link: link 0x0
01-01 08:44:35.482 0 0 D mv2112_read_status: autoneg is disabled
01-01 08:44:36.509 0 0 D : mv2112_read_status
01-01 08:44:36.512 0 0 D mv2112_update_link: 3.0x901(1G): 0x80
01-01 08:44:36.518 0 0 D mv2112_update_link: 3.0x8109(100M): 0x0
01-01 08:44:36.524 0 0 D mv2112_update_link: link 0x0
01-01 08:44:36.528 0 0 D mv2112_read_status: autoneg is disabled
09-08 05:36:46.303 1151 2144 I netstats_mobile_sample: [0,0,0,0,0,0,0,0,0,0,0,0,1662586606303]
09-08 05:36:46.303 1151 2144 I netstats_wifi_sample: [588112483,411536,12560480,202580,588112483,411536,12560480,202580,588289732,413316,12534996,202389,1662586606303]
01-01 08:44:37.533 0 0 D : mv2112_read_status
01-01 08:44:37.536 0 0 D mv2112_update_link: 3.0x901(1G): 0x80
01-01 08:44:37.546 0 0 D mv2112_update_link: 3.0x8109(100M): 0x0
01-01 08:44:37.551 0 0 D mv2112_update_link: link 0x0
01-01 08:44:37.555 0 0 D mv2112_read_status: autoneg is disabled
01-01 08:44:38.592 0 0 D : mv2112_read_status
01-01 08:44:38.599 0 0 D mv2112_update_link: 3.0x901(1G): 0x80
01-01 08:44:38.606 0 0 D mv2112_update_link: 3.0x8109(100M): 0x0
01-01 08:44:38.611 0 0 D mv2112_update_link: link 0x0
01-01 08:44:38.615 0 0 D mv2112_read_status: autoneg is disabled
01-01 08:44:39.645 0 0 D : mv2112_read_status
01-01 08:44:39.648 0 0 D mv2112_update_link: 3.0x901(1G): 0x80
01-01 08:44:39.655 0 0 D mv2112_update_link: 3.0x8109(100M): 0x0
01-01 08:44:39.661 0 0 D mv2112_update_link: link 0x0
01-01 08:44:39.665 0 0 D mv2112_read_status: autoneg is disabled
01-01 08:44:39.959 0 0 I init : starting service 'qvrd_vndr'...
01-01 08:44:39.967 0 0 I init : Created socket '/dev/socket/qvrservice_vndr', mode 660, user 1000, group 1000
01-01 08:44:39.978 0 0 I init : Created socket '/dev/socket/qvrservice_vndr_camera', mode 660, user 1000, group 1000
01-01 08:44:40.009 0 0 I init : starting service 'sxrd'...
01-01 08:44:40.027 0 0 I init : starting service 'vendor.light-hal-2-0'...
09-08 05:36:49.759 7319 7319 F linker : CANNOT LINK EXECUTABLE "/vendor/bin/hw/sxrservice": library "vendor.qti.hardware.qxr-V1-ndk_platform.so" not found: needed by main executable
09-08 05:36:49.760 7318 7318 F linker : CANNOT LINK EXECUTABLE "/vendor/bin/hw/qvrservice": library "vendor.qti.hardware.qxr-V1-ndk_platform.so" not found: needed by /vendor/lib64/libqvrservice.so in namespace (default)
09-08 05:36:49.770 1151 2144 I netstats_mobile_sample: [0,0,0,0,0,0,0,0,0,0,0,0,1662586609769]
09-08 05:36:49.770 1151 2144 I netstats_wifi_sample: [591073527,413641,12608971,203559,591073527,413641,12608971,203559,591250776,415421,12583447,203367,1662586609769]
01-01 08:44:40.046 0 0 I init : Service 'qvrd_vndr' (pid 7318) exited with status 1
01-01 08:44:40.053 0 0 I init : Sending signal 9 to service 'qvrd_vndr' (pid 7318) process group...
01-01 08:44:40.061 0 0 I libprocessgroup: Successfully killed process cgroup uid 1000 pid 7318 in 0ms
01-01 08:44:40.071 0 0 I init : Service 'sxrd' (pid 7319) exited with status 1
01-01 08:44:40.078 0 0 I init : Sending signal 9 to service 'sxrd' (pid 7319) process group...
01-01 08:44:40.669 0 0 D : mv2112_read_status
01-01 08:44:40.672 0 0 D mv2112_update_link: 3.0x901(1G): 0x80
01-01 08:44:40.678 0 0 D mv2112_update_link: 3.0x8109(100M): 0x0
01-01 08:44:40.687 0 0 D mv2112_update_link: link 0x0
01-01 08:44:40.691 0 0 D mv2112_read_status: autoneg is disabled
01-01 08:44:41.693 0 0 D : mv2112_read_status
01-01 08:44:41.696 0 0 D mv2112_update_link: 3.0x901(1G): 0x80
01-01 08:44:41.702 0 0 D mv2112_update_link: 3.0x8109(100M): 0x0
01-01 08:44:41.707 0 0 D mv2112_update_link: link 0x0
01-01 08:44:41.711 0 0 D mv2112_read_status: autoneg is disabled
01-01 08:44:42.717 0 0 D : mv2112_read_status
01-01 08:44:42.720 0 0 D mv2112_update_link: 3.0x901(1G): 0x80
01-01 08:44:42.728 0 0 D mv2112_update_link: 3.0x8109(100M): 0x0
01-01 08:44:42.733 0 0 D mv2112_update_link: link 0x0
01-01 08:44:42.737 0 0 D mv2112_read_status: autoneg is disabled
01-01 08:44:43.741 0 0 D : mv2112_read_status
01-01 08:44:43.744 0 0 D mv2112_update_link: 3.0x901(1G): 0x80
01-01 08:44:43.750 0 0 D mv2112_update_link: 3.0x8109(100M): 0x0
01-01 08:44:43.769 0 0 D mv2112_update_link: link 0x0
01-01 08:44:43.773 0 0 D mv2112_read_status: autoneg is disabled
09-08 05:36:53.669 1151 2144 I netstats_mobile_sample: [0,0,0,0,0,0,0,0,0,0,0,0,1662586613669]
09-08 05:36:53.669 1151 2144 I netstats_wifi_sample: [594032103,415742,12662358,204554,594032103,415742,12662358,204554,594209352,417522,12636834,204362,1662586613669]
01-01 08:44:44.797 0 0 D : mv2112_read_status
01-01 08:44:44.800 0 0 D mv2112_update_link: 3.0x901(1G): 0x80
01-01 08:44:44.807 0 0 D mv2112_update_link: 3.0x8109(100M): 0x0
01-01 08:44:44.812 0 0 D mv2112_update_link: link 0x0
01-01 08:44:44.816 0 0 D mv2112_read_status: autoneg is disabled
01-01 08:44:45.008 0 0 I init : starting service 'qvrd_vndr'...
01-01 08:44:45.015 0 0 I init : Created socket '/dev/socket/qvrservice_vndr', mode 660, user 1000, group 1000
01-01 08:44:45.025 0 0 I init : Created socket '/dev/socket/qvrservice_vndr_camera', mode 660, user 1000, group 1000
01-01 08:44:45.056 0 0 I init : starting service 'sxrd'...
01-01 08:44:45.075 0 0 I init : starting service 'vendor.light-hal-2-0'...
09-08 05:36:54.830 7323 7323 F linker : CANNOT LINK EXECUTABLE "/vendor/bin/hw/sxrservice": library "vendor.qti.hardware.qxr-V1-ndk_platform.so" not found: needed by main executable
09-08 05:36:54.833 7322 7322 F linker : CANNOT LINK EXECUTABLE "/vendor/bin/hw/qvrservice": library "vendor.qti.hardware.qxr-V1-ndk_platform.so" not found: needed by /vendor/lib64/libqvrservice.so in namespace (default)
01-01 08:44:45.109 0 0 I init : Service 'sxrd' (pid 7323) exited with status 1
01-01 08:44:45.116 0 0 I init : Sending signal 9 to service 'sxrd' (pid 7323) process group...
01-01 08:44:45.123 0 0 I libprocessgroup: Successfully killed process cgroup uid 1000 pid 7323 in 0ms
01-01 08:44:45.133 0 0 I init : Service 'qvrd_vndr' (pid 7322) exited with status 1
01-01 08:44:45.140 0 0 I init : Sending signal 9 to service 'qvrd_vndr' (pid 7322) process group...
01-01 08:44:45.821 0 0 D : mv2112_read_status
01-01 08:44:45.824 0 0 D mv2112_update_link: 3.0x901(1G): 0x80
01-01 08:44:45.830 0 0 D mv2112_update_link: 3.0x8109(100M): 0x0
01-01 08:44:45.836 0 0 D mv2112_update_link: link 0x0
01-01 08:44:45.841 0 0 D mv2112_read_status: autoneg is disabled
01-01 08:44:46.845 0 0 D : mv2112_read_status
01-01 08:44:46.848 0 0 D mv2112_update_link: 3.0x901(1G): 0x80
01-01 08:44:46.854 0 0 D mv2112_update_link: 3.0x8109(100M): 0x0
01-01 08:44:46.859 0 0 D mv2112_update_link: link 0x0
01-01 08:44:46.864 0 0 D mv2112_read_status: autoneg is disabled
09-08 05:36:57.053 1151 2144 I netstats_mobile_sample: [0,0,0,0,0,0,0,0,0,0,0,0,1662586617053]
09-08 05:36:57.053 1151 2144 I netstats_wifi_sample: [597008399,417908,12715338,205517,597008399,417908,12715338,205517,597185648,419688,12689814,205325,1662586617053]
01-01 08:44:47.869 0 0 D : mv2112_read_status
01-01 08:44:47.873 0 0 D mv2112_update_link: 3.0x901(1G): 0x80
01-01 08:44:47.886 0 0 D mv2112_update_link: 3.0x8109(100M): 0x0
01-01 08:44:47.892 0 0 D mv2112_update_link: link 0x0
01-01 08:44:47.896 0 0 D mv2112_read_status: autoneg is disabled
01-01 08:44:48.925 0 0 D : mv2112_read_status
01-01 08:44:48.929 0 0 D mv2112_update_link: 3.0x901(1G): 0x80
01-01 08:44:48.936 0 0 D mv2112_update_link: 3.0x8109(100M): 0x0
01-01 08:44:48.942 0 0 D mv2112_update_link: link 0x0
01-01 08:44:48.946 0 0 D mv2112_read_status: autoneg is disabled
01-01 08:44:49.949 0 0 D : mv2112_read_status
01-01 08:44:49.953 0 0 D mv2112_update_link: 3.0x901(1G): 0x80
01-01 08:44:49.959 0 0 D mv2112_update_link: 3.0x8109(100M): 0x0
01-01 08:44:49.966 0 0 D mv2112_update_link: link 0x0
01-01 08:44:49.971 0 0 D mv2112_read_status: autoneg is disabled
01-01 08:44:50.055 0 0 I init : starting service 'qvrd_vndr'...
01-01 08:44:50.061 0 0 I init : Created socket '/dev/socket/qvrservice_vndr', mode 660, user 1000, group 1000
01-01 08:44:50.071 0 0 I init : Created socket '/dev/socket/qvrservice_vndr_camera', mode 660, user 1000, group 1000
01-01 08:44:50.098 0 0 I init : starting service 'sxrd'...
01-01 08:44:50.121 0 0 I init : starting service 'vendor.light-hal-2-0'...
09-08 05:36:59.859 7327 7327 F linker : CANNOT LINK EXECUTABLE "/vendor/bin/hw/qvrservice": library "vendor.qti.hardware.qxr-V1-ndk_platform.so" not found: needed by /vendor/lib64/libqvrservice.so in namespace (default)
09-08 05:36:59.871 7328 7328 F linker : CANNOT LINK EXECUTABLE "/vendor/bin/hw/sxrservice": library "vendor.qti.hardware.qxr-V1-ndk_platform.so" not found: needed by main executable
01-01 08:44:50.142 0 0 I init : Service 'qvrd_vndr' (pid 7327) exited with status 1
01-01 08:44:50.149 0 0 I init : Sending signal 9 to service 'qvrd_vndr' (pid 7327) process group...
01-01 08:44:50.157 0 0 I libprocessgroup: Successfully killed process cgroup uid 1000 pid 7327 in 0ms
01-01 08:44:50.169 0 0 I init : Service 'sxrd' (pid 7328) exited with status 1
01-01 08:44:50.175 0 0 I init : Sending signal 9 to service 'sxrd' (pid 7328) process group...
09-08 05:37:00.258 1151 2144 I netstats_mobile_sample: [0,0,0,0,0,0,0,0,0,0,0,0,1662586620258]
09-08 05:37:00.258 1151 2144 I netstats_wifi_sample: [599701287,419873,12764822,206376,599701287,419873,12764822,206376,599878536,421653,12739298,206184,1662586620258]
01-01 08:44:50.973 0 0 D : mv2112_read_status
01-01 08:44:50.976 0 0 D mv2112_update_link: 3.0x901(1G): 0x80
01-01 08:44:50.982 0 0 D mv2112_update_link: 3.0x8109(100M): 0x0
01-01 08:44:50.987 0 0 D mv2112_update_link: link 0x0
01-01 08:44:50.992 0 0 D mv2112_read_status: autoneg is disabled
01-01 08:44:51.997 0 0 D : mv2112_read_status
01-01 08:44:52.000 0 0 D mv2112_update_link: 3.0x901(1G): 0x80
01-01 08:44:52.005 0 0 D mv2112_update_link: 3.0x8109(100M): 0x0
01-01 08:44:52.011 0 0 D mv2112_update_link: link 0x0
01-01 08:44:52.015 0 0 D mv2112_read_status: autoneg is disabled
01-01 08:44:53.021 0 0 D : mv2112_read_status
01-01 08:44:53.024 0 0 D mv2112_update_link: 3.0x901(1G): 0x80
01-01 08:44:53.032 0 0 D mv2112_update_link: 3.0x8109(100M): 0x0
01-01 08:44:53.041 0 0 D mv2112_update_link: link 0x0
01-01 08:44:53.046 0 0 D mv2112_read_status: autoneg is disabled
01-01 08:44:54.077 0 0 D : mv2112_read_status
01-01 08:44:54.080 0 0 D mv2112_update_link: 3.0x901(1G): 0x80
01-01 08:44:54.087 0 0 D mv2112_update_link: 3.0x8109(100M): 0x0
01-01 08:44:54.093 0 0 D mv2112_update_link: link 0x0
01-01 08:44:54.097 0 0 D mv2112_read_status: autoneg is disabled
09-08 05:37:04.767 1151 2144 I netstats_mobile_sample: [0,0,0,0,0,0,0,0,0,0,0,0,1662586624767]
09-08 05:37:04.767 1151 2144 I netstats_wifi_sample: [602488031,421851,12814704,207318,602482031,421847,12814624,207316,602635244,423610,12788740,207115,1662586624767]
01-01 08:44:55.098 0 0 I init : starting service 'qvrd_vndr'...
01-01 08:44:55.101 0 0 D : mv2112_read_status
01-01 08:44:55.105 0 0 I init : Created socket '/dev/socket/qvrservice_vndr', mode 660, user 1000, group 1000
01-01 08:44:55.107 0 0 D mv2112_update_link: 3.0x901(1G): 0x80
01-01 08:44:55.122 0 0 I init : Created socket '/dev/socket/qvrservice_vndr_camera', mode 660, user 1000, group 1000
01-01 08:44:55.137 0 0 D mv2112_update_link: 3.0x8109(100M): 0x0
01-01 08:44:55.143 0 0 D mv2112_update_link: link 0x0
01-01 08:44:55.147 0 0 D mv2112_read_status: autoneg is disabled
01-01 08:44:55.149 0 0 I init : starting service 'sxrd'...
01-01 08:44:55.168 0 0 I init : starting service 'vendor.light-hal-2-0'...
09-08 05:37:04.897 7333 7333 F linker : CANNOT LINK EXECUTABLE "/vendor/bin/hw/qvrservice": library "vendor.qti.hardware.qxr-V1-ndk_platform.so" not found: needed by /vendor/lib64/libqvrservice.so in namespace (default)
01-01 08:44:55.189 0 0 I init : Service 'qvrd_vndr' (pid 7333) exited with status 1
01-01 08:44:55.196 0 0 I init : Sending signal 9 to service 'qvrd_vndr' (pid 7333) process group...
01-01 08:44:55.204 0 0 I libprocessgroup: Successfully killed process cgroup uid 1000 pid 7333 in 0ms
09-08 05:37:04.929 7334 7334 F linker : CANNOT LINK EXECUTABLE "/vendor/bin/hw/sxrservice": library "vendor.qti.hardware.qxr-V1-ndk_platform.so" not found: needed by main executable
01-01 08:44:55.214 0 0 I init : Service 'sxrd' (pid 7334) exited with status 1
01-01 08:44:55.220 0 0 I init : Sending signal 9 to service 'sxrd' (pid 7334) process group...
01-01 08:44:56.157 0 0 D : mv2112_read_status
01-01 08:44:56.160 0 0 D mv2112_update_link: 3.0x901(1G): 0x80
01-01 08:44:56.166 0 0 D mv2112_update_link: 3.0x8109(100M): 0x0
01-01 08:44:56.172 0 0 D mv2112_update_link: link 0x0
01-01 08:44:56.176 0 0 D mv2112_read_status: autoneg is disabled
01-01 08:44:57.181 0 0 D : mv2112_read_status
01-01 08:44:57.184 0 0 D mv2112_update_link: 3.0x901(1G): 0x80
01-01 08:44:57.190 0 0 D mv2112_update_link: 3.0x8109(100M): 0x0
01-01 08:44:57.197 0 0 D mv2112_update_link: link 0x0
01-01 08:44:57.201 0 0 D mv2112_read_status: autoneg is disabled
01-01 08:44:58.205 0 0 D : mv2112_read_status
01-01 08:44:58.208 0 0 D mv2112_update_link: 3.0x901(1G): 0x80
01-01 08:44:58.214 0 0 D mv2112_update_link: 3.0x8109(100M): 0x0
01-01 08:44:58.219 0 0 D mv2112_update_link: link 0x0
01-01 08:44:58.223 0 0 D mv2112_read_status: autoneg is disabled
09-08 05:37:08.573 1151 2144 I netstats_mobile_sample: [0,0,0,0,0,0,0,0,0,0,0,0,1662586628573]
09-08 05:37:08.573 1151 2144 I netstats_wifi_sample: [605308167,423861,12864941,208252,605302167,423857,12864861,208250,605437380,425608,12838737,208043,1662586628573]
01-01 08:44:59.229 0 0 D : mv2112_read_status
01-01 08:44:59.233 0 0 D mv2112_update_link: 3.0x901(1G): 0x80
01-01 08:44:59.249 0 0 D mv2112_update_link: 3.0x8109(100M): 0x0
01-01 08:44:59.261 0 0 D mv2112_update_link: link 0x0
01-01 08:44:59.265 0 0 D mv2112_read_status: autoneg is disabled
01-01 08:45:00.149 0 0 I init : starting service 'qvrd_vndr'...
01-01 08:45:00.156 0 0 I init : Created socket '/dev/socket/qvrservice_vndr', mode 660, user 1000, group 1000
01-01 08:45:00.167 0 0 I init : Created socket '/dev/socket/qvrservice_vndr_camera', mode 660, user 1000, group 1000
01-01 08:45:00.200 0 0 I init : starting service 'sxrd'...
01-01 08:45:00.221 0 0 I init : starting service 'vendor.light-hal-2-0'...
09-08 05:37:09.968 7337 7337 F linker : CANNOT LINK EXECUTABLE "/vendor/bin/hw/qvrservice": library "vendor.qti.hardware.qxr-V1-ndk_platform.so" not found: needed by /vendor/lib64/libqvrservice.so in namespace (default)
09-08 05:37:09.970 7338 7338 F linker : CANNOT LINK EXECUTABLE "/vendor/bin/hw/sxrservice": library "vendor.qti.hardware.qxr-V1-ndk_platform.so" not found: needed by main executable
01-01 08:45:00.247 0 0 I init : Service 'qvrd_vndr' (pid 7337) exited with status 1
01-01 08:45:00.254 0 0 I init : Sending signal 9 to service 'qvrd_vndr' (pid 7337) process group...
01-01 08:45:00.262 0 0 I libprocessgroup: Successfully killed process cgroup uid 1000 pid 7337 in 0ms
01-01 08:45:00.272 0 0 I init : Service 'sxrd' (pid 7338) exited with status 1
01-01 08:45:00.278 0 0 I init : Sending signal 9 to service 'sxrd' (pid 7338) process group...
01-01 08:45:00.285 0 0 D : mv2112_read_status
01-01 08:45:00.290 0 0 D mv2112_update_link: 3.0x901(1G): 0x80
01-01 08:45:00.301 0 0 D mv2112_update_link: 3.0x8109(100M): 0x0
01-01 08:45:00.307 0 0 D mv2112_update_link: link 0x0
01-01 08:45:00.311 0 0 D mv2112_read_status: autoneg is disabled
01-01 08:45:01.341 0 0 D : mv2112_read_status
01-01 08:45:01.344 0 0 D mv2112_update_link: 3.0x901(1G): 0x80
01-01 08:45:01.351 0 0 D mv2112_update_link: 3.0x8109(100M): 0x0
01-01 08:45:01.361 0 0 D mv2112_update_link: link 0x0
01-01 08:45:01.365 0 0 D mv2112_read_status: autoneg is disabled
01-01 08:45:02.397 0 0 D : mv2112_read_status
01-01 08:45:02.401 0 0 D mv2112_update_link: 3.0x901(1G): 0x80
01-01 08:45:02.408 0 0 D mv2112_update_link: 3.0x8109(100M): 0x0
01-01 08:45:02.413 0 0 D mv2112_update_link: link 0x0
01-01 08:45:02.418 0 0 D mv2112_read_status: autoneg is disabled
09-08 05:37:12.197 1151 2144 I netstats_mobile_sample: [0,0,0,0,0,0,0,0,0,0,0,0,1662586632197]
09-08 05:37:12.197 1151 2144 I netstats_wifi_sample: [608177211,425928,12915455,209207,608174211,425926,12915415,209206,608330424,427691,12889571,209006,1662586632197]
01-01 08:45:03.421 0 0 D : mv2112_read_status
01-01 08:45:03.425 0 0 D mv2112_update_link: 3.0x901(1G): 0x80
01-01 08:45:03.437 0 0 D mv2112_update_link: 3.0x8109(100M): 0x0
01-01 08:45:03.445 0 0 D mv2112_update_link: link 0x0
01-01 08:45:03.450 0 0 D mv2112_read_status: autoneg is disabled
01-01 08:45:04.477 0 0 D : mv2112_read_status
01-01 08:45:04.480 0 0 D mv2112_update_link: 3.0x901(1G): 0x80
01-01 08:45:04.486 0 0 D mv2112_update_link: 3.0x8109(100M): 0x0
01-01 08:45:04.491 0 0 D mv2112_update_link: link 0x0
01-01 08:45:04.496 0 0 D mv2112_read_status: autoneg is disabled
01-01 08:45:05.198 0 0 I init : starting service 'qvrd_vndr'...
01-01 08:45:05.204 0 0 I init : Created socket '/dev/socket/qvrservice_vndr', mode 660, user 1000, group 1000
01-01 08:45:05.214 0 0 I init : Created socket '/dev/socket/qvrservice_vndr_camera', mode 660, user 1000, group 1000
01-01 08:45:05.239 0 0 I init : starting service 'sxrd'...
01-01 08:45:05.260 0 0 I init : starting service 'vendor.light-hal-2-0'...
09-08 05:37:15.010 7342 7342 F linker : CANNOT LINK EXECUTABLE "/vendor/bin/hw/qvrservice": library "vendor.qti.hardware.qxr-V1-ndk_platform.so" not found: needed by /vendor/lib64/libqvrservice.so in namespace (default)
09-08 05:37:15.011 7343 7343 F linker : CANNOT LINK EXECUTABLE "/vendor/bin/hw/sxrservice": library "vendor.qti.hardware.qxr-V1-ndk_platform.so" not found: needed by main executable
01-01 08:45:05.289 0 0 I init : Service 'qvrd_vndr' (pid 7342) exited with status 1
01-01 08:45:05.296 0 0 I init : Sending signal 9 to service 'qvrd_vndr' (pid 7342) process group...
01-01 08:45:05.304 0 0 I libprocessgroup: Successfully killed process cgroup uid 1000 pid 7342 in 0ms
01-01 08:45:05.314 0 0 I init : Service 'sxrd' (pid 7343) exited with status 1
01-01 08:45:05.320 0 0 I init : Sending signal 9 to service 'sxrd' (pid 7343) process group...
01-01 08:45:05.501 0 0 D : mv2112_read_status
01-01 08:45:05.504 0 0 D mv2112_update_link: 3.0x901(1G): 0x80
01-01 08:45:05.514 0 0 D mv2112_update_link: 3.0x8109(100M): 0x0
01-01 08:45:05.519 0 0 D mv2112_update_link: link 0x0
01-01 08:45:05.523 0 0 D mv2112_read_status: autoneg is disabled
09-08 05:37:16.000 1151 2144 I netstats_mobile_sample: [0,0,0,0,0,0,0,0,0,0,0,0,1662586635999]
09-08 05:37:16.000 1151 2144 I netstats_wifi_sample: [611343103,428208,12976508,210244,611343103,428208,12976508,210244,611520316,429987,12950944,210051,1662586635999]
01-01 08:45:06.557 0 0 D : mv2112_read_status
01-01 08:45:06.561 0 0 D mv2112_update_link: 3.0x901(1G): 0x80
01-01 08:45:06.568 0 0 D mv2112_update_link: 3.0x8109(100M): 0x0
01-01 08:45:06.573 0 0 D mv2112_update_link: link 0x0
01-01 08:45:06.579 0 0 D mv2112_read_status: autoneg is disabled
01-01 08:45:07.581 0 0 D : mv2112_read_status
01-01 08:45:07.584 0 0 D mv2112_update_link: 3.0x901(1G): 0x80
01-01 08:45:07.590 0 0 D mv2112_update_link: 3.0x8109(100M): 0x0
01-01 08:45:07.596 0 0 D mv2112_update_link: link 0x0
01-01 08:45:07.601 0 0 D mv2112_read_status: autoneg is disabled
01-01 08:45:08.605 0 0 D : mv2112_read_status
01-01 08:45:08.608 0 0 D mv2112_update_link: 3.0x901(1G): 0x80
01-01 08:45:08.615 0 0 D mv2112_update_link: 3.0x8109(100M): 0x0
01-01 08:45:08.620 0 0 D mv2112_update_link: link 0x0
01-01 08:45:08.633 0 0 D mv2112_read_status: autoneg is disabled
01-01 08:45:09.661 0 0 D : mv2112_read_status
01-01 08:45:09.664 0 0 D mv2112_update_link: 3.0x901(1G): 0x80
01-01 08:45:09.670 0 0 D mv2112_update_link: 3.0x8109(100M): 0x0
01-01 08:45:09.675 0 0 D mv2112_update_link: link 0x0
01-01 08:45:09.679 0 0 D mv2112_read_status: autoneg is disabled
01-01 08:45:10.240 0 0 I init : starting service 'qvrd_vndr'...
01-01 08:45:10.247 0 0 I init : Created socket '/dev/socket/qvrservice_vndr', mode 660, user 1000, group 1000
01-01 08:45:10.257 0 0 I init : Created socket '/dev/socket/qvrservice_vndr_camera', mode 660, user 1000, group 1000
01-01 08:45:10.284 0 0 I init : starting service 'sxrd'...
01-01 08:45:10.303 0 0 I init : starting service 'vendor.light-hal-2-0'...
09-08 05:37:20.052 7347 7347 F linker : CANNOT LINK EXECUTABLE "/vendor/bin/hw/qvrservice": library "vendor.qti.hardware.qxr-V1-ndk_platform.so" not found: needed by /vendor/lib64/libqvrservice.so in namespace (default)
09-08 05:37:20.056 7348 7348 F linker : CANNOT LINK EXECUTABLE "/vendor/bin/hw/sxrservice": library "vendor.qti.hardware.qxr-V1-ndk_platform.so" not found: needed by main executable
01-01 08:45:10.331 0 0 I init : Service 'qvrd_vndr' (pid 7347) exited with status 1
01-01 08:45:10.338 0 0 I init : Sending signal 9 to service 'qvrd_vndr' (pid 7347) process group...
01-01 08:45:10.346 0 0 I libprocessgroup: Successfully killed process cgroup uid 1000 pid 7347 in 0ms
01-01 08:45:10.357 0 0 I init : Service 'sxrd' (pid 7348) exited with status 1
01-01 08:45:10.363 0 0 I init : Sending signal 9 to service 'sxrd' (pid 7348) process group...
09-08 05:37:20.189 1151 2144 I netstats_mobile_sample: [0,0,0,0,0,0,0,0,0,0,0,0,1662586640189]
09-08 05:37:20.189 1151 2144 I netstats_wifi_sample: [614559699,430548,13030182,211295,614553611,430543,13030142,211294,614691760,432295,13004058,211088,1662586640189]
01-01 08:45:10.685 0 0 D : mv2112_read_status
01-01 08:45:10.688 0 0 D mv2112_update_link: 3.0x901(1G): 0x80
01-01 08:45:10.695 0 0 D mv2112_update_link: 3.0x8109(100M): 0x0
01-01 08:45:10.700 0 0 D mv2112_update_link: link 0x0
01-01 08:45:10.704 0 0 D mv2112_read_status: autoneg is disabled
01-01 08:45:11.709 0 0 D : mv2112_read_status
01-01 08:45:11.712 0 0 D mv2112_update_link: 3.0x901(1G): 0x80
01-01 08:45:11.719 0 0 D mv2112_update_link: 3.0x8109(100M): 0x0
01-01 08:45:11.724 0 0 D mv2112_update_link: link 0x0
01-01 08:45:11.729 0 0 D mv2112_read_status: autoneg is disabled
01-01 08:45:12.733 0 0 D : mv2112_read_status
01-01 08:45:12.737 0 0 D mv2112_update_link: 3.0x901(1G): 0x80
01-01 08:45:12.742 0 0 D mv2112_update_link: 3.0x8109(100M): 0x0
01-01 08:45:12.747 0 0 D mv2112_update_link: link 0x0
01-01 08:45:12.752 0 0 D mv2112_read_status: autoneg is disabled
09-08 05:37:23.452 1151 2162 I storage_state: [41217664-9172-527a-b3d5-edabb50a7d69,0,0,46490685440,48316284928]
01-01 08:45:13.757 0 0 D : mv2112_read_status
01-01 08:45:13.760 0 0 D mv2112_update_link: 3.0x901(1G): 0x80
01-01 08:45:13.767 0 0 D mv2112_update_link: 3.0x8109(100M): 0x0
01-01 08:45:13.773 0 0 D mv2112_update_link: link 0x0
01-01 08:45:13.777 0 0 D mv2112_read_status: autoneg is disabled
09-08 05:37:23.877 1151 2144 I netstats_mobile_sample: [0,0,0,0,0,0,0,0,0,0,0,0,1662586643877]
09-08 05:37:23.877 1151 2144 I netstats_wifi_sample: [617781195,432876,13084362,212349,617772195,432870,13084282,212347,617904372,434618,13058118,212139,1662586643877]
01-01 08:45:14.781 0 0 D : mv2112_read_status
01-01 08:45:14.784 0 0 D mv2112_update_link: 3.0x901(1G): 0x80
01-01 08:45:14.792 0 0 D mv2112_update_link: 3.0x8109(100M): 0x0
01-01 08:45:14.799 0 0 D mv2112_update_link: link 0x0
01-01 08:45:14.803 0 0 D mv2112_read_status: autoneg is disabled
01-01 08:45:15.282 0 0 I init : starting service 'qvrd_vndr'...
01-01 08:45:15.289 0 0 I init : Created socket '/dev/socket/qvrservice_vndr', mode 660, user 1000, group 1000
01-01 08:45:15.300 0 0 I init : Created socket '/dev/socket/qvrservice_vndr_camera', mode 660, user 1000, group 1000
01-01 08:45:15.329 0 0 I init : starting service 'sxrd'...
01-01 08:45:15.350 0 0 I init : starting service 'vendor.light-hal-2-0'...
09-08 05:37:25.092 7352 7352 F linker : CANNOT LINK EXECUTABLE "/vendor/bin/hw/qvrservice": library "vendor.qti.hardware.qxr-V1-ndk_platform.so" not found: needed by /vendor/lib64/libqvrservice.so in namespace (default)
09-08 05:37:25.094 7353 7353 F linker : CANNOT LINK EXECUTABLE "/vendor/bin/hw/sxrservice": library "vendor.qti.hardware.qxr-V1-ndk_platform.so" not found: needed by main executable
01-01 08:45:15.371 0 0 I init : Service 'qvrd_vndr' (pid 7352) exited with status 1
01-01 08:45:15.378 0 0 I init : Sending signal 9 to service 'qvrd_vndr' (pid 7352) process group...
01-01 08:45:15.386 0 0 I libprocessgroup: Successfully killed process cgroup uid 1000 pid 7352 in 0ms
01-01 08:45:15.399 0 0 I init : Service 'sxrd' (pid 7353) exited with status 1
01-01 08:45:15.405 0 0 I init : Sending signal 9 to service 'sxrd' (pid 7353) process group...
01-01 08:45:15.837 0 0 D : mv2112_read_status
01-01 08:45:15.841 0 0 D mv2112_update_link: 3.0x901(1G): 0x80
01-01 08:45:15.853 0 0 D mv2112_update_link: 3.0x8109(100M): 0x0
01-01 08:45:15.860 0 0 D mv2112_update_link: link 0x0
01-01 08:45:15.864 0 0 D mv2112_read_status: autoneg is disabled
01-01 08:45:16.893 0 0 D : mv2112_read_status
01-01 08:45:16.896 0 0 D mv2112_update_link: 3.0x901(1G): 0x80
01-01 08:45:16.903 0 0 D mv2112_update_link: 3.0x8109(100M): 0x0
01-01 08:45:16.908 0 0 D mv2112_update_link: link 0x0
01-01 08:45:16.912 0 0 D mv2112_read_status: autoneg is disabled
09-08 05:37:27.576 1151 2144 I netstats_mobile_sample: [0,0,0,0,0,0,0,0,0,0,0,0,1662586647576]
09-08 05:37:27.577 1151 2144 I netstats_wifi_sample: [620811583,435043,13142525,213361,620811583,435043,13142525,213361,620988760,436821,13116678,213166,1662586647576]
01-01 08:45:17.917 0 0 D : mv2112_read_status
01-01 08:45:17.920 0 0 D mv2112_update_link: 3.0x901(1G): 0x80
01-01 08:45:17.928 0 0 D mv2112_update_link: 3.0x8109(100M): 0x0
01-01 08:45:17.933 0 0 D mv2112_update_link: link 0x0
01-01 08:45:17.940 0 0 D mv2112_read_status: autoneg is disabled
01-01 08:45:18.973 0 0 D : mv2112_read_status
01-01 08:45:18.976 0 0 D mv2112_update_link: 3.0x901(1G): 0x80
01-01 08:45:18.982 0 0 D mv2112_update_link: 3.0x8109(100M): 0x0
01-01 08:45:18.989 0 0 D mv2112_update_link: link 0x0
01-01 08:45:18.993 0 0 D mv2112_read_status: autoneg is disabled
01-01 08:45:19.997 0 0 D : mv2112_read_status
01-01 08:45:20.001 0 0 D mv2112_update_link: 3.0x901(1G): 0x80
01-01 08:45:20.006 0 0 D mv2112_update_link: 3.0x8109(100M): 0x0
01-01 08:45:20.011 0 0 D mv2112_update_link: link 0x0
01-01 08:45:20.016 0 0 D mv2112_read_status: autoneg is disabled
01-01 08:45:20.326 0 0 I init : starting service 'qvrd_vndr'...
01-01 08:45:20.334 0 0 I init : Created socket '/dev/socket/qvrservice_vndr', mode 660, user 1000, group 1000
01-01 08:45:20.345 0 0 I init : Created socket '/dev/socket/qvrservice_vndr_camera', mode 660, user 1000, group 1000
01-01 08:45:20.374 0 0 I init : starting service 'sxrd'...
01-01 08:45:20.396 0 0 I init : starting service 'vendor.light-hal-2-0'...
09-08 05:37:30.134 7357 7357 F linker : CANNOT LINK EXECUTABLE "/vendor/bin/hw/qvrservice": library "vendor.qti.hardware.qxr-V1-ndk_platform.so" not found: needed by /vendor/lib64/libqvrservice.so in namespace (default)
09-08 05:37:30.150 7358 7358 F linker : CANNOT LINK EXECUTABLE "/vendor/bin/hw/sxrservice": library "vendor.qti.hardware.qxr-V1-ndk_platform.so" not found: needed by main executable
01-01 08:45:20.419 0 0 I init : Service 'qvrd_vndr' (pid 7357) exited with status 1
01-01 08:45:20.427 0 0 I init : Sending signal 9 to service 'qvrd_vndr' (pid 7357) process group...
01-01 08:45:20.435 0 0 I libprocessgroup: Successfully killed process cgroup uid 1000 pid 7357 in 0ms
01-01 08:45:20.445 0 0 I init : Service 'sxrd' (pid 7358) exited with status 1
01-01 08:45:20.452 0 0 I init : Sending signal 9 to service 'sxrd' (pid 7358) process group...
01-01 08:45:21.021 0 0 D : mv2112_read_status
01-01 08:45:21.024 0 0 D mv2112_update_link: 3.0x901(1G): 0x80
01-01 08:45:21.030 0 0 D mv2112_update_link: 3.0x8109(100M): 0x0
01-01 08:45:21.035 0 0 D mv2112_update_link: link 0x0
01-01 08:45:21.039 0 0 D mv2112_read_status: autoneg is disabled
09-08 05:37:30.905 1151 2144 I netstats_mobile_sample: [0,0,0,0,0,0,0,0,0,0,0,0,1662586650905]
09-08 05:37:30.905 1151 2144 I netstats_wifi_sample: [623513848,436986,13192431,214264,623513848,436986,13192431,214264,623691025,438764,13166827,214070,1662586650905]
01-01 08:45:22.045 0 0 D : mv2112_read_status
01-01 08:45:22.049 0 0 D mv2112_update_link: 3.0x901(1G): 0x80
01-01 08:45:22.054 0 0 D mv2112_update_link: 3.0x8109(100M): 0x0
01-01 08:45:22.060 0 0 D mv2112_update_link: link 0x0
01-01 08:45:22.065 0 0 D mv2112_read_status: autoneg is disabled
01-01 08:45:23.069 0 0 D : mv2112_read_status
01-01 08:45:23.072 0 0 D mv2112_update_link: 3.0x901(1G): 0x80
01-01 08:45:23.084 0 0 D mv2112_update_link: 3.0x8109(100M): 0x0
01-01 08:45:23.089 0 0 D mv2112_update_link: link 0x0
01-01 08:45:23.093 0 0 D mv2112_read_status: autoneg is disabled
01-01 08:45:24.125 0 0 D : mv2112_read_status
01-01 08:45:24.128 0 0 D mv2112_update_link: 3.0x901(1G): 0x80
01-01 08:45:24.134 0 0 D mv2112_update_link: 3.0x8109(100M): 0x0
01-01 08:45:24.139 0 0 D mv2112_update_link: link 0x0
01-01 08:45:24.144 0 0 D mv2112_read_status: autoneg is disabled
01-01 08:45:25.149 0 0 D : mv2112_read_status
01-01 08:45:25.153 0 0 D mv2112_update_link: 3.0x901(1G): 0x80
01-01 08:45:25.158 0 0 D mv2112_update_link: 3.0x8109(100M): 0x0
01-01 08:45:25.181 0 0 D mv2112_update_link: link 0x0
01-01 08:45:25.185 0 0 D mv2112_read_status: autoneg is disabled
01-01 08:45:25.373 0 0 I init : starting service 'qvrd_vndr'...
01-01 08:45:25.380 0 0 I init : Created socket '/dev/socket/qvrservice_vndr', mode 660, user 1000, group 1000
01-01 08:45:25.390 0 0 I init : Created socket '/dev/socket/qvrservice_vndr_camera', mode 660, user 1000, group 1000
01-01 08:45:25.419 0 0 I init : starting service 'sxrd'...
01-01 08:45:25.440 0 0 I init : starting service 'vendor.light-hal-2-0'...
09-08 05:37:35.196 7362 7362 F linker : CANNOT LINK EXECUTABLE "/vendor/bin/hw/sxrservice": library "vendor.qti.hardware.qxr-V1-ndk_platform.so" not found: needed by main executable
09-08 05:37:35.197 7361 7361 F linker : CANNOT LINK EXECUTABLE "/vendor/bin/hw/qvrservice": library "vendor.qti.hardware.qxr-V1-ndk_platform.so" not found: needed by /vendor/lib64/libqvrservice.so in namespace (default)
01-01 08:45:25.476 0 0 I init : Service 'sxrd' (pid 7362) exited with status 1
01-01 08:45:25.482 0 0 I init : Sending signal 9 to service 'sxrd' (pid 7362) process group...
01-01 08:45:25.490 0 0 I libprocessgroup: Successfully killed process cgroup uid 1000 pid 7362 in 0ms
01-01 08:45:25.500 0 0 I init : Service 'qvrd_vndr' (pid 7361) exited with status 1
01-01 08:45:25.507 0 0 I init : Sending signal 9 to service 'qvrd_vndr' (pid 7361) process group...
01-01 08:45:26.205 0 0 D : mv2112_read_status
01-01 08:45:26.209 0 0 D mv2112_update_link: 3.0x901(1G): 0x80
01-01 08:45:26.215 0 0 D mv2112_update_link: 3.0x8109(100M): 0x0
01-01 08:45:26.222 0 0 D mv2112_update_link: link 0x0
01-01 08:45:26.226 0 0 D mv2112_read_status: autoneg is disabled
01-01 08:45:27.229 0 0 D : mv2112_read_status
01-01 08:45:27.233 0 0 D mv2112_update_link: 3.0x901(1G): 0x80
01-01 08:45:27.239 0 0 D mv2112_update_link: 3.0x8109(100M): 0x0
01-01 08:45:27.245 0 0 D mv2112_update_link: link 0x0
01-01 08:45:27.249 0 0 D mv2112_read_status: autoneg is disabled
09-08 05:37:37.023 1151 2144 I netstats_mobile_sample: [0,0,0,0,0,0,0,0,0,0,0,0,1662586657023]
09-08 05:37:37.023 1151 2144 I netstats_wifi_sample: [625952596,438664,13225351,215081,625952596,438664,13225351,215081,626129773,440442,13199747,214887,1662586657023]
01-01 08:45:28.253 0 0 D : mv2112_read_status
01-01 08:45:28.257 0 0 D mv2112_update_link: 3.0x901(1G): 0x80
01-01 08:45:28.268 0 0 D mv2112_update_link: 3.0x8109(100M): 0x0
01-01 08:45:28.274 0 0 D mv2112_update_link: link 0x0
01-01 08:45:28.278 0 0 D mv2112_read_status: autoneg is disabled
01-01 08:45:29.309 0 0 D : mv2112_read_status
01-01 08:45:29.312 0 0 D mv2112_update_link: 3.0x901(1G): 0x80
01-01 08:45:29.329 0 0 D mv2112_update_link: 3.0x8109(100M): 0x0
01-01 08:45:29.341 0 0 D mv2112_update_link: link 0x0
01-01 08:45:29.345 0 0 D mv2112_read_status: autoneg is disabled
01-01 08:45:30.365 0 0 D : mv2112_read_status
01-01 08:45:30.368 0 0 D mv2112_update_link: 3.0x901(1G): 0x80
01-01 08:45:30.385 0 0 D mv2112_update_link: 3.0x8109(100M): 0x0
01-01 08:45:30.390 0 0 D mv2112_update_link: link 0x0
01-01 08:45:30.394 0 0 D mv2112_read_status: autoneg is disabled
01-01 08:45:30.418 0 0 I init : starting service 'qvrd_vndr'...
01-01 08:45:30.424 0 0 I init : Created socket '/dev/socket/qvrservice_vndr', mode 660, user 1000, group 1000
01-01 08:45:30.434 0 0 I init : Created socket '/dev/socket/qvrservice_vndr_camera', mode 660, user 1000, group 1000
01-01 08:45:30.466 0 0 I init : starting service 'sxrd'...
01-01 08:45:30.489 0 0 I init : starting service 'vendor.light-hal-2-0'...
09-08 05:37:40.232 7367 7367 F linker : CANNOT LINK EXECUTABLE "/vendor/bin/hw/sxrservice": library "vendor.qti.hardware.qxr-V1-ndk_platform.so" not found: needed by main executable
09-08 05:37:40.232 7366 7366 F linker : CANNOT LINK EXECUTABLE "/vendor/bin/hw/qvrservice": library "vendor.qti.hardware.qxr-V1-ndk_platform.so" not found: needed by /vendor/lib64/libqvrservice.so in namespace (default)
01-01 08:45:30.511 0 0 I init : Service 'sxrd' (pid 7367) exited with status 1
01-01 08:45:30.517 0 0 I init : Sending signal 9 to service 'sxrd' (pid 7367) process group...
01-01 08:45:30.525 0 0 I libprocessgroup: Successfully killed process cgroup uid 1000 pid 7367 in 0ms
01-01 08:45:30.535 0 0 I init : Service 'qvrd_vndr' (pid 7366) exited with status 1
01-01 08:45:30.542 0 0 I init : Sending signal 9 to service 'qvrd_vndr' (pid 7366) process group...
01-01 08:45:31.421 0 0 D : mv2112_read_status
01-01 08:45:31.424 0 0 D mv2112_update_link: 3.0x901(1G): 0x80
01-01 08:45:31.431 0 0 D mv2112_update_link: 3.0x8109(100M): 0x0
01-01 08:45:31.437 0 0 D mv2112_update_link: link 0x0
01-01 08:45:31.442 0 0 D mv2112_read_status: autoneg is disabled
01-01 08:45:32.445 0 0 D : mv2112_read_status
01-01 08:45:32.448 0 0 D mv2112_update_link: 3.0x901(1G): 0x80
01-01 08:45:32.455 0 0 D mv2112_update_link: 3.0x8109(100M): 0x0
01-01 08:45:32.461 0 0 D mv2112_update_link: link 0x0
01-01 08:45:32.466 0 0 D mv2112_read_status: autoneg is disabled
01-01 08:45:33.469 0 0 D : mv2112_read_status
01-01 08:45:33.472 0 0 D mv2112_update_link: 3.0x901(1G): 0x80
01-01 08:45:33.478 0 0 D mv2112_update_link: 3.0x8109(100M): 0x0
01-01 08:45:33.484 0 0 D mv2112_update_link: link 0x0
01-01 08:45:33.488 0 0 D mv2112_read_status: autoneg is disabled
09-08 05:37:43.582 1151 2144 I netstats_mobile_sample: [0,0,0,0,0,0,0,0,0,0,0,0,1662586663582]
09-08 05:37:43.582 1151 2144 I netstats_wifi_sample: [628369128,440350,13257699,215884,628369128,440350,13257699,215884,628546269,442127,13232095,215690,1662586663582]
01-01 08:45:34.493 0 0 D : mv2112_read_status
01-01 08:45:34.496 0 0 D mv2112_update_link: 3.0x901(1G): 0x80
01-01 08:45:34.514 0 0 D mv2112_update_link: 3.0x8109(100M): 0x0
01-01 08:45:34.520 0 0 D mv2112_update_link: link 0x0
01-01 08:45:34.524 0 0 D mv2112_read_status: autoneg is disabled
01-01 08:45:35.463 0 0 I init : starting service 'qvrd_vndr'...
01-01 08:45:35.470 0 0 I init : Created socket '/dev/socket/qvrservice_vndr', mode 660, user 1000, group 1000
01-01 08:45:35.480 0 0 I init : Created socket '/dev/socket/qvrservice_vndr_camera', mode 660, user 1000, group 1000
01-01 08:45:35.507 0 0 I init : starting service 'sxrd'...
01-01 08:45:35.527 0 0 I init : starting service 'vendor.light-hal-2-0'...
09-08 05:37:45.274 7372 7372 F linker : CANNOT LINK EXECUTABLE "/vendor/bin/hw/sxrservice": library "vendor.qti.hardware.qxr-V1-ndk_platform.so" not found: needed by main executable
09-08 05:37:45.275 7371 7371 F linker : CANNOT LINK EXECUTABLE "/vendor/bin/hw/qvrservice": library "vendor.qti.hardware.qxr-V1-ndk_platform.so" not found: needed by /vendor/lib64/libqvrservice.so in namespace (default)
01-01 08:45:35.550 0 0 D : mv2112_read_status
01-01 08:45:35.553 0 0 I init : Service 'sxrd' (pid 7372) exited with status 1
01-01 08:45:35.554 0 0 D mv2112_update_link: 3.0x901(1G): 0x80
01-01 08:45:35.560 0 0 I init : Sending signal 9 to service 'sxrd' (pid 7372) process group...
01-01 08:45:35.560 0 0 I libprocessgroup: Successfully killed process cgroup uid 1000 pid 7372 in 0ms
01-01 08:45:35.577 0 0 D mv2112_update_link: 3.0x8109(100M): 0x0
01-01 08:45:35.583 0 0 I init : Service 'qvrd_vndr' (pid 7371) exited with status 1
01-01 08:45:35.586 0 0 D mv2112_update_link: link 0x0
01-01 08:45:35.592 0 0 I init : Sending signal 9 to service 'qvrd_vndr' (pid 7371) process group...
01-01 08:45:35.605 0 0 D mv2112_read_status: autoneg is disabled
01-01 08:45:36.637 0 0 D : mv2112_read_status
01-01 08:45:36.640 0 0 D mv2112_update_link: 3.0x901(1G): 0x80
01-01 08:45:36.646 0 0 D mv2112_update_link: 3.0x8109(100M): 0x0
01-01 08:45:36.651 0 0 D mv2112_update_link: link 0x0
01-01 08:45:36.655 0 0 D mv2112_read_status: autoneg is disabled
01-01 08:45:37.661 0 0 D : mv2112_read_status
01-01 08:45:37.664 0 0 D mv2112_update_link: 3.0x901(1G): 0x80
01-01 08:45:37.670 0 0 D mv2112_update_link: 3.0x8109(100M): 0x0
01-01 08:45:37.675 0 0 D mv2112_update_link: link 0x0
01-01 08:45:37.679 0 0 D mv2112_read_status: autoneg is disabled
01-01 08:45:38.685 0 0 D : mv2112_read_status
01-01 08:45:38.688 0 0 D mv2112_update_link: 3.0x901(1G): 0x80
01-01 08:45:38.705 0 0 D mv2112_update_link: 3.0x8109(100M): 0x0
01-01 08:45:38.710 0 0 D mv2112_update_link: link 0x0
01-01 08:45:38.714 0 0 D mv2112_read_status: autoneg is disabled
01-01 08:45:39.741 0 0 D : mv2112_read_status
01-01 08:45:39.745 0 0 D mv2112_update_link: 3.0x901(1G): 0x80
01-01 08:45:39.751 0 0 D mv2112_update_link: 3.0x8109(100M): 0x0
01-01 08:45:39.758 0 0 D mv2112_update_link: link 0x0
01-01 08:45:39.762 0 0 D mv2112_read_status: autoneg is disabled
01-01 08:45:40.506 0 0 I init : starting service 'qvrd_vndr'...
01-01 08:45:40.514 0 0 I init : Created socket '/dev/socket/qvrservice_vndr', mode 660, user 1000, group 1000
01-01 08:45:40.525 0 0 I init : Created socket '/dev/socket/qvrservice_vndr_camera', mode 660, user 1000, group 1000
01-01 08:45:40.552 0 0 I init : starting service 'sxrd'...
01-01 08:45:40.570 0 0 I init : starting service 'vendor.light-hal-2-0'...
09-08 05:37:50.313 7377 7377 F linker : CANNOT LINK EXECUTABLE "/vendor/bin/hw/sxrservice": library "vendor.qti.hardware.qxr-V1-ndk_platform.so" not found: needed by main executable
09-08 05:37:50.316 7376 7376 F linker : CANNOT LINK EXECUTABLE "/vendor/bin/hw/qvrservice": library "vendor.qti.hardware.qxr-V1-ndk_platform.so" not found: needed by /vendor/lib64/libqvrservice.so in namespace (default)
01-01 08:45:40.592 0 0 I init : Service 'sxrd' (pid 7377) exited with status 1
01-01 08:45:40.598 0 0 I init : Sending signal 9 to service 'sxrd' (pid 7377) process group...
01-01 08:45:40.606 0 0 I libprocessgroup: Successfully killed process cgroup uid 1000 pid 7377 in 0ms
01-01 08:45:40.618 0 0 I init : Service 'qvrd_vndr' (pid 7376) exited with status 1
01-01 08:45:40.625 0 0 I init : Sending signal 9 to service 'qvrd_vndr' (pid 7376) process group...
01-01 08:45:40.765 0 0 D : mv2112_read_status
01-01 08:45:40.769 0 0 D mv2112_update_link: 3.0x901(1G): 0x80
01-01 08:45:40.774 0 0 D mv2112_update_link: 3.0x8109(100M): 0x0
01-01 08:45:40.780 0 0 D mv2112_update_link: link 0x0
01-01 08:45:40.784 0 0 D mv2112_read_status: autoneg is disabled
01-01 08:45:41.789 0 0 D : mv2112_read_status
01-01 08:45:41.792 0 0 D mv2112_update_link: 3.0x901(1G): 0x80
01-01 08:45:41.798 0 0 D mv2112_update_link: 3.0x8109(100M): 0x0
01-01 08:45:41.803 0 0 D mv2112_update_link: link 0x0
01-01 08:45:41.807 0 0 D mv2112_read_status: autoneg is disabled
09-08 05:37:51.586 1151 2144 I netstats_mobile_sample: [0,0,0,0,0,0,0,0,0,0,0,0,1662586671586]
09-08 05:37:51.587 1151 2144 I netstats_wifi_sample: [630815504,442018,13291911,216733,630815504,442018,13291911,216733,630992645,443795,13266267,216538,1662586671586]
01-01 08:45:42.813 0 0 D : mv2112_read_status
01-01 08:45:42.817 0 0 D mv2112_update_link: 3.0x901(1G): 0x80
