01-01 08:34:28.928 0 0 D mv2112_update_link: 3.0x901(1G): 0x80
01-01 08:34:28.935 0 0 D mv2112_update_link: 3.0x8109(100M): 0x0
01-01 08:34:28.940 0 0 D mv2112_update_link: link 0x0
01-01 08:34:28.946 0 0 D mv2112_read_status: autoneg is disabled
01-01 08:34:29.377 0 0 I init : starting service 'qvrd_vndr'...
01-01 08:34:29.383 0 0 I init : Created socket '/dev/socket/qvrservice_vndr', mode 660, user 1000, group 1000
01-01 08:34:29.394 0 0 I init : Created socket '/dev/socket/qvrservice_vndr_camera', mode 660, user 1000, group 1000
01-01 08:34:29.422 0 0 I init : starting service 'sxrd'...
01-01 08:34:29.442 0 0 I init : starting service 'vendor.light-hal-2-0'...
09-08 05:26:39.192 6740 6740 F linker : CANNOT LINK EXECUTABLE "/vendor/bin/hw/sxrservice": library "vendor.qti.hardware.qxr-V1-ndk_platform.so" not found: needed by main executable
09-08 05:26:39.193 6739 6739 F linker : CANNOT LINK EXECUTABLE "/vendor/bin/hw/qvrservice": library "vendor.qti.hardware.qxr-V1-ndk_platform.so" not found: needed by /vendor/lib64/libqvrservice.so in namespace (default)
01-01 08:34:29.471 0 0 I init : Service 'sxrd' (pid 6740) exited with status 1
01-01 08:34:29.477 0 0 I init : Sending signal 9 to service 'sxrd' (pid 6740) process group...
01-01 08:34:29.485 0 0 I libprocessgroup: Successfully killed process cgroup uid 1000 pid 6740 in 0ms
01-01 08:34:29.494 0 0 I init : Service 'qvrd_vndr' (pid 6739) exited with status 1
01-01 08:34:29.501 0 0 I init : Sending signal 9 to service 'qvrd_vndr' (pid 6739) process group...
01-01 08:34:29.949 0 0 D : mv2112_read_status
01-01 08:34:29.953 0 0 D mv2112_update_link: 3.0x901(1G): 0x80
01-01 08:34:29.960 0 0 D mv2112_update_link: 3.0x8109(100M): 0x0
01-01 08:34:29.966 0 0 D mv2112_update_link: link 0x0
01-01 08:34:29.971 0 0 D mv2112_read_status: autoneg is disabled
01-01 08:34:31.005 0 0 D : mv2112_read_status
01-01 08:34:31.008 0 0 D mv2112_update_link: 3.0x901(1G): 0x80
01-01 08:34:31.016 0 0 D mv2112_update_link: 3.0x8109(100M): 0x0
01-01 08:34:31.022 0 0 D mv2112_update_link: link 0x0
01-01 08:34:31.027 0 0 D mv2112_read_status: autoneg is disabled
09-08 05:26:41.070 1151 2144 I netstats_mobile_sample: [0,0,0,0,0,0,0,0,0,0,0,0,1662586001070]
09-08 05:26:41.070 1151 2144 I netstats_wifi_sample: [331773153,229909,4587899,112935,331773153,229909,4587899,112935,331948747,231719,4563575,112773,1662586001070]
01-01 08:34:32.029 0 0 D : mv2112_read_status
01-01 08:34:32.033 0 0 D mv2112_update_link: 3.0x901(1G): 0x80
01-01 08:34:32.038 0 0 D mv2112_update_link: 3.0x8109(100M): 0x0
01-01 08:34:32.043 0 0 D mv2112_update_link: link 0x0
01-01 08:34:32.048 0 0 D mv2112_read_status: autoneg is disabled
01-01 08:34:33.053 0 0 D : mv2112_read_status
01-01 08:34:33.056 0 0 D mv2112_update_link: 3.0x901(1G): 0x80
01-01 08:34:33.072 0 0 D mv2112_update_link: 3.0x8109(100M): 0x0
01-01 08:34:33.077 0 0 D mv2112_update_link: link 0x0
01-01 08:34:33.091 0 0 D mv2112_read_status: autoneg is disabled
01-01 08:34:34.109 0 0 D : mv2112_read_status
01-01 08:34:34.112 0 0 D mv2112_update_link: 3.0x901(1G): 0x80
01-01 08:34:34.118 0 0 D mv2112_update_link: 3.0x8109(100M): 0x0
01-01 08:34:34.132 0 0 D mv2112_update_link: link 0x0
01-01 08:34:34.136 0 0 D mv2112_read_status: autoneg is disabled
01-01 08:34:34.421 0 0 I init : starting service 'qvrd_vndr'...
01-01 08:34:34.427 0 0 I init : Created socket '/dev/socket/qvrservice_vndr', mode 660, user 1000, group 1000
01-01 08:34:34.438 0 0 I init : Created socket '/dev/socket/qvrservice_vndr_camera', mode 660, user 1000, group 1000
01-01 08:34:34.464 0 0 I init : starting service 'sxrd'...
01-01 08:34:34.483 0 0 I init : starting service 'vendor.light-hal-2-0'...
09-08 05:26:44.222 6744 6744 F linker : CANNOT LINK EXECUTABLE "/vendor/bin/hw/qvrservice": library "vendor.qti.hardware.qxr-V1-ndk_platform.so" not found: needed by /vendor/lib64/libqvrservice.so in namespace (default)
01-01 08:34:34.501 0 0 I init : Service 'qvrd_vndr' (pid 6744) exited with status 1
01-01 08:34:34.508 0 0 I init : Sending signal 9 to service 'qvrd_vndr' (pid 6744) process group...
01-01 08:34:34.516 0 0 I libprocessgroup: Successfully killed process cgroup uid 1000 pid 6744 in 0ms
09-08 05:26:44.239 6745 6745 F linker : CANNOT LINK EXECUTABLE "/vendor/bin/hw/sxrservice": library "vendor.qti.hardware.qxr-V1-ndk_platform.so" not found: needed by main executable
01-01 08:34:34.526 0 0 I init : Service 'sxrd' (pid 6745) exited with status 1
01-01 08:34:34.532 0 0 I init : Sending signal 9 to service 'sxrd' (pid 6745) process group...
01-01 08:34:35.165 0 0 D : mv2112_read_status
01-01 08:34:35.169 0 0 D mv2112_update_link: 3.0x901(1G): 0x80
01-01 08:34:35.174 0 0 D mv2112_update_link: 3.0x8109(100M): 0x0
01-01 08:34:35.180 0 0 D mv2112_update_link: link 0x0
01-01 08:34:35.184 0 0 D mv2112_read_status: autoneg is disabled
01-01 08:34:36.189 0 0 D : mv2112_read_status
01-01 08:34:36.192 0 0 D mv2112_update_link: 3.0x901(1G): 0x80
01-01 08:34:36.199 0 0 D mv2112_update_link: 3.0x8109(100M): 0x0
01-01 08:34:36.204 0 0 D mv2112_update_link: link 0x0
01-01 08:34:36.208 0 0 D mv2112_read_status: autoneg is disabled
01-01 08:34:37.213 0 0 D : mv2112_read_status
01-01 08:34:37.217 0 0 D mv2112_update_link: 3.0x901(1G): 0x80
01-01 08:34:37.223 0 0 D mv2112_update_link: 3.0x8109(100M): 0x0
01-01 08:34:37.228 0 0 D mv2112_update_link: link 0x0
01-01 08:34:37.232 0 0 D mv2112_read_status: autoneg is disabled
09-08 05:26:47.071 1151 2144 I netstats_mobile_sample: [0,0,0,0,0,0,0,0,0,0,0,0,1662586007071]
09-08 05:26:47.071 1151 2144 I netstats_wifi_sample: [334181773,231626,4620351,113740,334181773,231626,4620351,113740,334358831,233436,4595987,113577,1662586007071]
01-01 08:34:38.237 0 0 D : mv2112_read_status
01-01 08:34:38.240 0 0 D mv2112_update_link: 3.0x901(1G): 0x80
01-01 08:34:38.247 0 0 D mv2112_update_link: 3.0x8109(100M): 0x0
01-01 08:34:38.252 0 0 D mv2112_update_link: link 0x0
01-01 08:34:38.257 0 0 D mv2112_read_status: autoneg is disabled
01-01 08:34:39.261 0 0 D : mv2112_read_status
01-01 08:34:39.264 0 0 D mv2112_update_link: 3.0x901(1G): 0x80
01-01 08:34:39.271 0 0 D mv2112_update_link: 3.0x8109(100M): 0x0
01-01 08:34:39.278 0 0 D mv2112_update_link: link 0x0
01-01 08:34:39.282 0 0 D mv2112_read_status: autoneg is disabled
01-01 08:34:39.463 0 0 I init : starting service 'qvrd_vndr'...
01-01 08:34:39.470 0 0 I init : Created socket '/dev/socket/qvrservice_vndr', mode 660, user 1000, group 1000
01-01 08:34:39.480 0 0 I init : Created socket '/dev/socket/qvrservice_vndr_camera', mode 660, user 1000, group 1000
01-01 08:34:39.507 0 0 I init : starting service 'sxrd'...
01-01 08:34:39.525 0 0 I init : starting service 'vendor.light-hal-2-0'...
09-08 05:26:49.273 6749 6749 F linker : CANNOT LINK EXECUTABLE "/vendor/bin/hw/sxrservice": library "vendor.qti.hardware.qxr-V1-ndk_platform.so" not found: needed by main executable
09-08 05:26:49.273 6748 6748 F linker : CANNOT LINK EXECUTABLE "/vendor/bin/hw/qvrservice": library "vendor.qti.hardware.qxr-V1-ndk_platform.so" not found: needed by /vendor/lib64/libqvrservice.so in namespace (default)
01-01 08:34:39.553 0 0 I init : Service 'qvrd_vndr' (pid 6748) exited with status 1
01-01 08:34:39.559 0 0 I init : Sending signal 9 to service 'qvrd_vndr' (pid 6748) process group...
01-01 08:34:39.568 0 0 I libprocessgroup: Successfully killed process cgroup uid 1000 pid 6748 in 0ms
01-01 08:34:39.579 0 0 I init : Service 'sxrd' (pid 6749) exited with status 1
01-01 08:34:39.585 0 0 I init : Sending signal 9 to service 'sxrd' (pid 6749) process group...
01-01 08:34:40.285 0 0 D : mv2112_read_status
01-01 08:34:40.288 0 0 D mv2112_update_link: 3.0x901(1G): 0x80
01-01 08:34:40.294 0 0 D mv2112_update_link: 3.0x8109(100M): 0x0
01-01 08:34:40.301 0 0 D mv2112_update_link: link 0x0
01-01 08:34:40.305 0 0 D mv2112_read_status: autoneg is disabled
01-01 08:34:41.309 0 0 D : mv2112_read_status
01-01 08:34:41.312 0 0 D mv2112_update_link: 3.0x901(1G): 0x80
01-01 08:34:41.318 0 0 D mv2112_update_link: 3.0x8109(100M): 0x0
01-01 08:34:41.323 0 0 D mv2112_update_link: link 0x0
01-01 08:34:41.328 0 0 D mv2112_read_status: autoneg is disabled
01-01 08:34:42.333 0 0 D : mv2112_read_status
01-01 08:34:42.336 0 0 D mv2112_update_link: 3.0x901(1G): 0x80
01-01 08:34:42.342 0 0 D mv2112_update_link: 3.0x8109(100M): 0x0
01-01 08:34:42.347 0 0 D mv2112_update_link: link 0x0
01-01 08:34:42.351 0 0 D mv2112_read_status: autoneg is disabled
01-01 08:34:43.357 0 0 D : mv2112_read_status
01-01 08:34:43.361 0 0 D mv2112_update_link: 3.0x901(1G): 0x80
01-01 08:34:43.366 0 0 D mv2112_update_link: 3.0x8109(100M): 0x0
01-01 08:34:43.372 0 0 D mv2112_update_link: link 0x0
01-01 08:34:43.376 0 0 D mv2112_read_status: autoneg is disabled
09-08 05:26:53.486 1151 2144 I netstats_mobile_sample: [0,0,0,0,0,0,0,0,0,0,0,0,1662586013486]
09-08 05:26:53.486 1151 2144 I netstats_wifi_sample: [336847669,233481,4656203,114630,336847669,233481,4656203,114630,337026227,235292,4631879,114468,1662586013486]
01-01 08:34:44.381 0 0 D : mv2112_read_status
01-01 08:34:44.386 0 0 D mv2112_update_link: 3.0x901(1G): 0x80
01-01 08:34:44.391 0 0 D mv2112_update_link: 3.0x8109(100M): 0x0
01-01 08:34:44.396 0 0 D mv2112_update_link: link 0x0
01-01 08:34:44.401 0 0 D mv2112_read_status: autoneg is disabled
01-01 08:34:44.507 0 0 I init : starting service 'qvrd_vndr'...
01-01 08:34:44.514 0 0 I init : Created socket '/dev/socket/qvrservice_vndr', mode 660, user 1000, group 1000
01-01 08:34:44.525 0 0 I init : Created socket '/dev/socket/qvrservice_vndr_camera', mode 660, user 1000, group 1000
01-01 08:34:44.551 0 0 I init : starting service 'sxrd'...
01-01 08:34:44.567 0 0 I init : starting service 'vendor.light-hal-2-0'...
09-08 05:26:54.313 6753 6753 F linker : CANNOT LINK EXECUTABLE "/vendor/bin/hw/qvrservice": library "vendor.qti.hardware.qxr-V1-ndk_platform.so" not found: needed by /vendor/lib64/libqvrservice.so in namespace (default)
09-08 05:26:54.314 6754 6754 F linker : CANNOT LINK EXECUTABLE "/vendor/bin/hw/sxrservice": library "vendor.qti.hardware.qxr-V1-ndk_platform.so" not found: needed by main executable
01-01 08:34:44.593 0 0 I init : Service 'qvrd_vndr' (pid 6753) exited with status 1
01-01 08:34:44.599 0 0 I init : Sending signal 9 to service 'qvrd_vndr' (pid 6753) process group...
01-01 08:34:44.608 0 0 I libprocessgroup: Successfully killed process cgroup uid 1000 pid 6753 in 0ms
01-01 08:34:44.619 0 0 I init : Service 'sxrd' (pid 6754) exited with status 1
01-01 08:34:44.625 0 0 I init : Sending signal 9 to service 'sxrd' (pid 6754) process group...
01-01 08:34:45.405 0 0 D : mv2112_read_status
01-01 08:34:45.408 0 0 D mv2112_update_link: 3.0x901(1G): 0x80
01-01 08:34:45.414 0 0 D mv2112_update_link: 3.0x8109(100M): 0x0
01-01 08:34:45.419 0 0 D mv2112_update_link: link 0x0
01-01 08:34:45.423 0 0 D mv2112_read_status: autoneg is disabled
01-01 08:34:46.429 0 0 D : mv2112_read_status
01-01 08:34:46.434 0 0 D mv2112_update_link: 3.0x901(1G): 0x80
01-01 08:34:46.440 0 0 D mv2112_update_link: 3.0x8109(100M): 0x0
01-01 08:34:46.445 0 0 D mv2112_update_link: link 0x0
01-01 08:34:46.449 0 0 D mv2112_read_status: autoneg is disabled
01-01 08:34:47.453 0 0 D : mv2112_read_status
01-01 08:34:47.457 0 0 D mv2112_update_link: 3.0x901(1G): 0x80
01-01 08:34:47.464 0 0 D mv2112_update_link: 3.0x8109(100M): 0x0
01-01 08:34:47.477 0 0 D mv2112_update_link: link 0x0
01-01 08:34:47.481 0 0 D mv2112_read_status: autoneg is disabled
01-01 08:34:48.512 0 0 D : mv2112_read_status
01-01 08:34:48.516 0 0 D mv2112_update_link: 3.0x901(1G): 0x80
01-01 08:34:48.522 0 0 D mv2112_update_link: 3.0x8109(100M): 0x0
01-01 08:34:48.528 0 0 D mv2112_update_link: link 0x0
01-01 08:34:48.532 0 0 D mv2112_read_status: autoneg is disabled
09-08 05:26:59.025 1151 2144 I netstats_mobile_sample: [0,0,0,0,0,0,0,0,0,0,0,0,1662586019024]
09-08 05:26:59.025 1151 2144 I netstats_wifi_sample: [339319541,235267,4687867,115415,339319541,235267,4687867,115415,339498099,237078,4663543,115253,1662586019024]
01-01 08:34:49.551 0 0 I init : starting service 'qvrd_vndr'...
01-01 08:34:49.558 0 0 I init : Created socket '/dev/socket/qvrservice_vndr', mode 660, user 1000, group 1000
01-01 08:34:49.565 0 0 D : mv2112_read_status
01-01 08:34:49.568 0 0 I init : Created socket '/dev/socket/qvrservice_vndr_camera', mode 660, user 1000, group 1000
01-01 08:34:49.570 0 0 D mv2112_update_link: 3.0x901(1G): 0x80
01-01 08:34:49.585 0 0 D mv2112_update_link: 3.0x8109(100M): 0x0
01-01 08:34:49.591 0 0 D mv2112_update_link: link 0x0
01-01 08:34:49.596 0 0 D mv2112_read_status: autoneg is disabled
01-01 08:34:49.598 0 0 I init : starting service 'sxrd'...
09-08 05:26:59.341 6757 6757 F linker : CANNOT LINK EXECUTABLE "/vendor/bin/hw/qvrservice": library "vendor.qti.hardware.qxr-V1-ndk_platform.so" not found: needed by /vendor/lib64/libqvrservice.so in namespace (default)
01-01 08:34:49.623 0 0 I init : Service 'qvrd_vndr' (pid 6757) exited with status 1
01-01 08:34:49.630 0 0 I init : Sending signal 9 to service 'qvrd_vndr' (pid 6757) process group...
01-01 08:34:49.638 0 0 I libprocessgroup: Successfully killed process cgroup uid 1000 pid 6757 in 0ms
09-08 05:26:59.373 6758 6758 F linker : CANNOT LINK EXECUTABLE "/vendor/bin/hw/sxrservice": library "vendor.qti.hardware.qxr-V1-ndk_platform.so" not found: needed by main executable
01-01 08:34:49.652 0 0 I init : starting service 'vendor.light-hal-2-0'...
01-01 08:34:49.672 0 0 I init : Service 'sxrd' (pid 6758) exited with status 1
01-01 08:34:49.678 0 0 I init : Sending signal 9 to service 'sxrd' (pid 6758) process group...
01-01 08:34:50.621 0 0 D : mv2112_read_status
01-01 08:34:50.626 0 0 D mv2112_update_link: 3.0x901(1G): 0x80
01-01 08:34:50.632 0 0 D mv2112_update_link: 3.0x8109(100M): 0x0
01-01 08:34:50.638 0 0 D mv2112_update_link: link 0x0
01-01 08:34:50.643 0 0 D mv2112_read_status: autoneg is disabled
01-01 08:34:51.645 0 0 D : mv2112_read_status
01-01 08:34:51.648 0 0 D mv2112_update_link: 3.0x901(1G): 0x80
01-01 08:34:51.659 0 0 D mv2112_update_link: 3.0x8109(100M): 0x0
01-01 08:34:51.673 0 0 D mv2112_update_link: link 0x0
01-01 08:34:51.677 0 0 D mv2112_read_status: autoneg is disabled
01-01 08:34:52.701 0 0 D : mv2112_read_status
01-01 08:34:52.704 0 0 D mv2112_update_link: 3.0x901(1G): 0x80
01-01 08:34:52.711 0 0 D mv2112_update_link: 3.0x8109(100M): 0x0
01-01 08:34:52.717 0 0 D mv2112_update_link: link 0x0
01-01 08:34:52.722 0 0 D mv2112_read_status: autoneg is disabled
01-01 08:34:53.725 0 0 D : mv2112_read_status
01-01 08:34:53.728 0 0 D mv2112_update_link: 3.0x901(1G): 0x80
01-01 08:34:53.734 0 0 D mv2112_update_link: 3.0x8109(100M): 0x0
01-01 08:34:53.753 0 0 D mv2112_update_link: link 0x0
01-01 08:34:53.757 0 0 D mv2112_read_status: autoneg is disabled
01-01 08:34:54.601 0 0 I init : starting service 'qvrd_vndr'...
01-01 08:34:54.613 0 0 I init : Created socket '/dev/socket/qvrservice_vndr', mode 660, user 1000, group 1000
01-01 08:34:54.626 0 0 I init : Created socket '/dev/socket/qvrservice_vndr_camera', mode 660, user 1000, group 1000
01-01 08:34:54.680 0 0 I init : starting service 'sxrd'...
01-01 08:34:54.702 0 0 I init : starting service 'vendor.light-hal-2-0'...
09-08 05:27:04.437 6762 6762 F linker : CANNOT LINK EXECUTABLE "/vendor/bin/hw/qvrservice": library "vendor.qti.hardware.qxr-V1-ndk_platform.so" not found: needed by /vendor/lib64/libqvrservice.so in namespace (default)
01-01 08:34:54.725 0 0 I init : Service 'qvrd_vndr' (pid 6762) exited with status 1
01-01 08:34:54.732 0 0 I init : Sending signal 9 to service 'qvrd_vndr' (pid 6762) process group...
01-01 08:34:54.741 0 0 I libprocessgroup: Successfully killed process cgroup uid 1000 pid 6762 in 0ms
09-08 05:27:04.465 6763 6763 F linker : CANNOT LINK EXECUTABLE "/vendor/bin/hw/sxrservice": library "vendor.qti.hardware.qxr-V1-ndk_platform.so" not found: needed by main executable
01-01 08:34:54.751 0 0 I init : Service 'sxrd' (pid 6763) exited with status 1
01-01 08:34:54.757 0 0 I init : Sending signal 9 to service 'sxrd' (pid 6763) process group...
01-01 08:34:54.781 0 0 D : mv2112_read_status
01-01 08:34:54.784 0 0 D mv2112_update_link: 3.0x901(1G): 0x80
01-01 08:34:54.791 0 0 D mv2112_update_link: 3.0x8109(100M): 0x0
01-01 08:34:54.796 0 0 D mv2112_update_link: link 0x0
01-01 08:34:54.801 0 0 D mv2112_read_status: autoneg is disabled
09-08 05:27:05.016 1151 2144 I netstats_mobile_sample: [0,0,0,0,0,0,0,0,0,0,0,0,1662586025016]
09-08 05:27:05.017 1151 2144 I netstats_wifi_sample: [341851389,237066,4720839,116233,341851389,237066,4720839,116233,342026911,238874,4696475,116070,1662586025016]
01-01 08:34:55.805 0 0 D : mv2112_read_status
01-01 08:34:55.808 0 0 D mv2112_update_link: 3.0x901(1G): 0x80
01-01 08:34:55.821 0 0 D mv2112_update_link: 3.0x8109(100M): 0x0
01-01 08:34:55.833 0 0 D mv2112_update_link: link 0x0
01-01 08:34:55.845 0 0 D mv2112_read_status: autoneg is disabled
01-01 08:34:56.861 0 0 D : mv2112_read_status
01-01 08:34:56.864 0 0 D mv2112_update_link: 3.0x901(1G): 0x80
01-01 08:34:56.871 0 0 D mv2112_update_link: 3.0x8109(100M): 0x0
01-01 08:34:56.876 0 0 D mv2112_update_link: link 0x0
01-01 08:34:56.882 0 0 D mv2112_read_status: autoneg is disabled
01-01 08:34:57.885 0 0 D : mv2112_read_status
01-01 08:34:57.889 0 0 D mv2112_update_link: 3.0x901(1G): 0x80
01-01 08:34:57.894 0 0 D mv2112_update_link: 3.0x8109(100M): 0x0
01-01 08:34:57.899 0 0 D mv2112_update_link: link 0x0
01-01 08:34:57.904 0 0 D mv2112_read_status: autoneg is disabled
01-01 08:34:58.588 0 0 I [schedu][0x9614b54b2][05:27:08.310641] wlan: [4436:I:WMA] [05:27:08.011000] [ROAM_TRIGGER]: VDEV[0] Reason: "PER"
01-01 08:34:58.600 0 0 I [schedu][0x9614effaa][05:27:08.323161] wlan: [4436:I:WMA] [05:27:08.011000] [ROAM_SCAN]: VDEV[0] Scan_type: PARTIAL {5200 5280 }
01-01 08:34:58.614 0 0 I [schedu][0x96152f3e3][05:27:08.336656] wlan: [4436:I:WMA] ============================================================================================================================
01-01 08:34:58.632 0 0 I [schedu][0x961583181][05:27:08.354543] wlan: [4436:I:WMA] AP BSSID TSTAMP CH TY ETP RSSI/SCR CU%/SCR TOT_SCR BL_RSN BL_SRC BL_TSTAMP BL_TIMEOUT(ms)
01-01 08:34:58.650 0 0 I [schedu][0x9615d9a94][05:27:08.373010] wlan: [4436:I:WMA] ============================================================================================================================
01-01 08:34:58.668 0 0 I [schedu][0x96162d2d0][05:27:08.390826] wlan: [4436:I:WMA] 04:d9:f5:fb:09:94 [05:27:08.011000] 5280 P_AP 0 37/0 0/0 4586 0 0 [00:00:00.000000] 0
01-01 08:34:58.685 0 0 I [schedu][0x96167e891][05:27:08.408183] wlan: [4436:I:WMA] [05:27:08.306000] [ROAM_RESULT]: VDEV[0] FAILED Reason: NO AP FOUND
01-01 08:34:58.909 0 0 D : mv2112_read_status
01-01 08:34:58.912 0 0 D mv2112_update_link: 3.0x901(1G): 0x80
01-01 08:34:58.922 0 0 D mv2112_update_link: 3.0x8109(100M): 0x0
01-01 08:34:58.930 0 0 D mv2112_update_link: link 0x0
01-01 08:34:58.934 0 0 D mv2112_read_status: autoneg is disabled
01-01 08:34:59.676 0 0 I init : starting service 'qvrd_vndr'...
01-01 08:34:59.682 0 0 I init : Created socket '/dev/socket/qvrservice_vndr', mode 660, user 1000, group 1000
01-01 08:34:59.693 0 0 I init : Created socket '/dev/socket/qvrservice_vndr_camera', mode 660, user 1000, group 1000
01-01 08:34:59.722 0 0 I init : starting service 'sxrd'...
01-01 08:34:59.745 0 0 I init : starting service 'vendor.light-hal-2-0'...
09-08 05:27:09.492 6769 6769 F linker : CANNOT LINK EXECUTABLE "/vendor/bin/hw/sxrservice": library "vendor.qti.hardware.qxr-V1-ndk_platform.so" not found: needed by main executable
09-08 05:27:09.493 6768 6768 F linker : CANNOT LINK EXECUTABLE "/vendor/bin/hw/qvrservice": library "vendor.qti.hardware.qxr-V1-ndk_platform.so" not found: needed by /vendor/lib64/libqvrservice.so in namespace (default)
01-01 08:34:59.772 0 0 I init : Service 'sxrd' (pid 6769) exited with status 1
01-01 08:34:59.778 0 0 I init : Sending signal 9 to service 'sxrd' (pid 6769) process group...
01-01 08:34:59.786 0 0 I libprocessgroup: Successfully killed process cgroup uid 1000 pid 6769 in 0ms
01-01 08:34:59.795 0 0 I init : Service 'qvrd_vndr' (pid 6768) exited with status 1
01-01 08:34:59.802 0 0 I init : Sending signal 9 to service 'qvrd_vndr' (pid 6768) process group...
01-01 08:34:59.965 0 0 D : mv2112_read_status
01-01 08:34:59.969 0 0 D mv2112_update_link: 3.0x901(1G): 0x80
01-01 08:34:59.975 0 0 D mv2112_update_link: 3.0x8109(100M): 0x0
01-01 08:34:59.980 0 0 D mv2112_update_link: link 0x0
01-01 08:34:59.985 0 0 D mv2112_read_status: autoneg is disabled
01-01 08:35:00.989 0 0 D : mv2112_read_status
01-01 08:35:00.992 0 0 D mv2112_update_link: 3.0x901(1G): 0x80
01-01 08:35:00.998 0 0 D mv2112_update_link: 3.0x8109(100M): 0x0
01-01 08:35:01.003 0 0 D mv2112_update_link: link 0x0
01-01 08:35:01.007 0 0 D mv2112_read_status: autoneg is disabled
01-01 08:35:01.949 0 0 I [schedu][0x965240fac][05:27:11.671855] wlan: [4436:I:WMA] [05:27:08.374000] [ROAM_TRIGGER]: VDEV[0] Reason: "PER" Sub-Reason: FULL SCAN
01-01 08:35:01.963 0 0 I [schedu][0x965282841][05:27:11.685835] wlan: [4436:I:WMA] [05:27:08.374000] [ROAM_SCAN]: VDEV[0] Scan_type: FULL
01-01 08:35:01.975 0 0 I [schedu][0x9652ba865][05:27:11.697782] wlan: [4436:I:WMA] ============================================================================================================================
01-01 08:35:01.993 0 0 I [schedu][0x96530ea65][05:27:11.715728] wlan: [4436:I:WMA] AP BSSID TSTAMP CH TY ETP RSSI/SCR CU%/SCR TOT_SCR BL_RSN BL_SRC BL_TSTAMP BL_TIMEOUT(ms)
01-01 08:35:02.012 0 0 I [schedu][0x96536888a][05:27:11.734903] wlan: [4436:I:WMA] ============================================================================================================================
01-01 08:35:02.013 0 0 D : mv2112_read_status
01-01 08:35:02.030 0 0 I [schedu][0x9653bc44c][05:27:11.752766] wlan: [4436:I:WMA] 04:d9:f5:fb:09:94 [05:27:08.374000] 5280 P_AP 0 37/0 0/0 4586 0 0 [00:00:00.000000] 0
01-01 08:35:02.030 0 0 I [schedu][0x9653bc7d1][05:27:11.752813] wlan: [4436:I:WMA] [05:27:11.666000] [ROAM_RESULT]: VDEV[0] FAILED Reason: NO AP FOUND
01-01 08:35:02.034 0 0 D mv2112_update_link: 3.0x901(1G): 0x80
01-01 08:35:02.069 0 0 D mv2112_update_link: 3.0x8109(100M): 0x0
01-01 08:35:02.075 0 0 D mv2112_update_link: link 0x0
01-01 08:35:02.079 0 0 D mv2112_read_status: autoneg is disabled
09-08 05:27:11.828 1151 2144 I netstats_mobile_sample: [0,0,0,0,0,0,0,0,0,0,0,0,1662586031828]
09-08 05:27:11.828 1151 2144 I netstats_wifi_sample: [344446685,238856,4756439,117117,344446685,238856,4756439,117117,344625207,240666,4732075,116954,1662586031828]
01-01 08:35:03.101 0 0 D : mv2112_read_status
01-01 08:35:03.105 0 0 D mv2112_update_link: 3.0x901(1G): 0x80
01-01 08:35:03.110 0 0 D mv2112_update_link: 3.0x8109(100M): 0x0
01-01 08:35:03.116 0 0 D mv2112_update_link: link 0x0
01-01 08:35:03.120 0 0 D mv2112_read_status: autoneg is disabled
01-01 08:35:04.130 0 0 D : mv2112_read_status
01-01 08:35:04.134 0 0 D mv2112_update_link: 3.0x901(1G): 0x80
01-01 08:35:04.139 0 0 D mv2112_update_link: 3.0x8109(100M): 0x0
01-01 08:35:04.144 0 0 D mv2112_update_link: link 0x0
01-01 08:35:04.149 0 0 D mv2112_read_status: autoneg is disabled
01-01 08:35:04.721 0 0 I init : starting service 'qvrd_vndr'...
01-01 08:35:04.728 0 0 I init : Created socket '/dev/socket/qvrservice_vndr', mode 660, user 1000, group 1000
01-01 08:35:04.738 0 0 I init : Created socket '/dev/socket/qvrservice_vndr_camera', mode 660, user 1000, group 1000
01-01 08:35:04.766 0 0 I init : starting service 'sxrd'...
01-01 08:35:04.786 0 0 I init : starting service 'vendor.light-hal-2-0'...
09-08 05:27:14.532 6773 6773 F linker : CANNOT LINK EXECUTABLE "/vendor/bin/hw/sxrservice": library "vendor.qti.hardware.qxr-V1-ndk_platform.so" not found: needed by main executable
09-08 05:27:14.534 6772 6772 F linker : CANNOT LINK EXECUTABLE "/vendor/bin/hw/qvrservice": library "vendor.qti.hardware.qxr-V1-ndk_platform.so" not found: needed by /vendor/lib64/libqvrservice.so in namespace (default)
01-01 08:35:04.812 0 0 I init : Service 'sxrd' (pid 6773) exited with status 1
01-01 08:35:04.818 0 0 I init : Sending signal 9 to service 'sxrd' (pid 6773) process group...
01-01 08:35:04.826 0 0 I libprocessgroup: Successfully killed process cgroup uid 1000 pid 6773 in 0ms
01-01 08:35:04.838 0 0 I init : Service 'qvrd_vndr' (pid 6772) exited with status 1
01-01 08:35:04.845 0 0 I init : Sending signal 9 to service 'qvrd_vndr' (pid 6772) process group...
01-01 08:35:05.181 0 0 D : mv2112_read_status
01-01 08:35:05.184 0 0 D mv2112_update_link: 3.0x901(1G): 0x80
01-01 08:35:05.190 0 0 D mv2112_update_link: 3.0x8109(100M): 0x0
01-01 08:35:05.196 0 0 D mv2112_update_link: link 0x0
01-01 08:35:05.200 0 0 D mv2112_read_status: autoneg is disabled
01-01 08:35:06.205 0 0 D : mv2112_read_status
01-01 08:35:06.209 0 0 D mv2112_update_link: 3.0x901(1G): 0x80
01-01 08:35:06.214 0 0 D mv2112_update_link: 3.0x8109(100M): 0x0
01-01 08:35:06.219 0 0 D mv2112_update_link: link 0x0
01-01 08:35:06.224 0 0 D mv2112_read_status: autoneg is disabled
01-01 08:35:07.229 0 0 D : mv2112_read_status
01-01 08:35:07.233 0 0 D mv2112_update_link: 3.0x901(1G): 0x80
01-01 08:35:07.245 0 0 D mv2112_update_link: 3.0x8109(100M): 0x0
01-01 08:35:07.250 0 0 D mv2112_update_link: link 0x0
01-01 08:35:07.254 0 0 D mv2112_read_status: autoneg is disabled
01-01 08:35:08.285 0 0 D : mv2112_read_status
01-01 08:35:08.289 0 0 D mv2112_update_link: 3.0x901(1G): 0x80
01-01 08:35:08.295 0 0 D mv2112_update_link: 3.0x8109(100M): 0x0
01-01 08:35:08.300 0 0 D mv2112_update_link: link 0x0
01-01 08:35:08.304 0 0 D mv2112_read_status: autoneg is disabled
09-08 05:27:18.323 1151 2144 I netstats_mobile_sample: [0,0,0,0,0,0,0,0,0,0,0,0,1662586038323]
09-08 05:27:18.323 1151 2144 I netstats_wifi_sample: [346857437,240524,4789159,117929,346857437,240524,4789159,117929,347035959,242334,4764795,117766,1662586038323]
01-01 08:35:09.309 0 0 D : mv2112_read_status
01-01 08:35:09.312 0 0 D mv2112_update_link: 3.0x901(1G): 0x80
01-01 08:35:09.318 0 0 D mv2112_update_link: 3.0x8109(100M): 0x0
01-01 08:35:09.333 0 0 D mv2112_update_link: link 0x0
01-01 08:35:09.345 0 0 D mv2112_read_status: autoneg is disabled
01-01 08:35:09.765 0 0 I init : starting service 'qvrd_vndr'...
01-01 08:35:09.772 0 0 I init : Created socket '/dev/socket/qvrservice_vndr', mode 660, user 1000, group 1000
01-01 08:35:09.783 0 0 I init : Created socket '/dev/socket/qvrservice_vndr_camera', mode 660, user 1000, group 1000
01-01 08:35:09.810 0 0 I init : starting service 'sxrd'...
01-01 08:35:09.828 0 0 I init : starting service 'vendor.light-hal-2-0'...
09-08 05:27:19.574 6778 6778 F linker : CANNOT LINK EXECUTABLE "/vendor/bin/hw/sxrservice": library "vendor.qti.hardware.qxr-V1-ndk_platform.so" not found: needed by main executable
09-08 05:27:19.574 6777 6777 F linker : CANNOT LINK EXECUTABLE "/vendor/bin/hw/qvrservice": library "vendor.qti.hardware.qxr-V1-ndk_platform.so" not found: needed by /vendor/lib64/libqvrservice.so in namespace (default)
01-01 08:35:09.854 0 0 I init : Service 'qvrd_vndr' (pid 6777) exited with status 1
01-01 08:35:09.860 0 0 I init : Sending signal 9 to service 'qvrd_vndr' (pid 6777) process group...
01-01 08:35:09.869 0 0 I libprocessgroup: Successfully killed process cgroup uid 1000 pid 6777 in 0ms
01-01 08:35:09.879 0 0 I init : Service 'sxrd' (pid 6778) exited with status 1
01-01 08:35:09.885 0 0 I init : Sending signal 9 to service 'sxrd' (pid 6778) process group...
01-01 08:35:10.365 0 0 D : mv2112_read_status
01-01 08:35:10.369 0 0 D mv2112_update_link: 3.0x901(1G): 0x80
01-01 08:35:10.374 0 0 D mv2112_update_link: 3.0x8109(100M): 0x0
01-01 08:35:10.379 0 0 D mv2112_update_link: link 0x0
01-01 08:35:10.384 0 0 D mv2112_read_status: autoneg is disabled
01-01 08:35:11.389 0 0 D : mv2112_read_status
01-01 08:35:11.392 0 0 D mv2112_update_link: 3.0x901(1G): 0x80
01-01 08:35:11.398 0 0 D mv2112_update_link: 3.0x8109(100M): 0x0
01-01 08:35:11.404 0 0 D mv2112_update_link: link 0x0
01-01 08:35:11.409 0 0 D mv2112_read_status: autoneg is disabled
01-01 08:35:12.413 0 0 D : mv2112_read_status
01-01 08:35:12.416 0 0 D mv2112_update_link: 3.0x901(1G): 0x80
01-01 08:35:12.422 0 0 D mv2112_update_link: 3.0x8109(100M): 0x0
01-01 08:35:12.427 0 0 D mv2112_update_link: link 0x0
01-01 08:35:12.432 0 0 D mv2112_read_status: autoneg is disabled
01-01 08:35:13.437 0 0 D : mv2112_read_status
01-01 08:35:13.440 0 0 D mv2112_update_link: 3.0x901(1G): 0x80
01-01 08:35:13.446 0 0 D mv2112_update_link: 3.0x8109(100M): 0x0
01-01 08:35:13.451 0 0 D mv2112_update_link: link 0x0
01-01 08:35:13.455 0 0 D mv2112_read_status: autoneg is disabled
01-01 08:35:14.461 0 0 D : mv2112_read_status
01-01 08:35:14.464 0 0 D mv2112_update_link: 3.0x901(1G): 0x80
01-01 08:35:14.470 0 0 D mv2112_update_link: 3.0x8109(100M): 0x0
01-01 08:35:14.489 0 0 D mv2112_update_link: link 0x0
01-01 08:35:14.493 0 0 D mv2112_read_status: autoneg is disabled
09-08 05:27:24.294 1151 2144 I netstats_mobile_sample: [0,0,0,0,0,0,0,0,0,0,0,0,1662586044294]
09-08 05:27:24.294 1151 2144 I netstats_wifi_sample: [349286825,242194,4822387,118754,349286825,242194,4822387,118754,349465311,244003,4797983,118590,1662586044294]
01-01 08:35:14.809 0 0 I init : starting service 'qvrd_vndr'...
01-01 08:35:14.816 0 0 I init : Created socket '/dev/socket/qvrservice_vndr', mode 660, user 1000, group 1000
01-01 08:35:14.826 0 0 I init : Created socket '/dev/socket/qvrservice_vndr_camera', mode 660, user 1000, group 1000
01-01 08:35:14.856 0 0 I init : starting service 'sxrd'...
01-01 08:35:14.881 0 0 I init : starting service 'vendor.light-hal-2-0'...
09-08 05:27:24.617 6782 6782 F linker : CANNOT LINK EXECUTABLE "/vendor/bin/hw/qvrservice": library "vendor.qti.hardware.qxr-V1-ndk_platform.so" not found: needed by /vendor/lib64/libqvrservice.so in namespace (default)
09-08 05:27:24.632 6783 6783 F linker : CANNOT LINK EXECUTABLE "/vendor/bin/hw/sxrservice": library "vendor.qti.hardware.qxr-V1-ndk_platform.so" not found: needed by main executable
01-01 08:35:14.901 0 0 I init : Service 'qvrd_vndr' (pid 6782) exited with status 1
01-01 08:35:14.908 0 0 I init : Sending signal 9 to service 'qvrd_vndr' (pid 6782) process group...
01-01 08:35:14.916 0 0 I libprocessgroup: Successfully killed process cgroup uid 1000 pid 6782 in 0ms
01-01 08:35:14.929 0 0 I init : Service 'sxrd' (pid 6783) exited with status 1
01-01 08:35:14.935 0 0 I init : Sending signal 9 to service 'sxrd' (pid 6783) process group...
01-01 08:35:15.517 0 0 D : mv2112_read_status
01-01 08:35:15.521 0 0 D mv2112_update_link: 3.0x901(1G): 0x80
01-01 08:35:15.526 0 0 D mv2112_update_link: 3.0x8109(100M): 0x0
01-01 08:35:15.532 0 0 D mv2112_update_link: link 0x0
01-01 08:35:15.536 0 0 D mv2112_read_status: autoneg is disabled
01-01 08:35:16.541 0 0 D : mv2112_read_status
01-01 08:35:16.544 0 0 D mv2112_update_link: 3.0x901(1G): 0x80
01-01 08:35:16.550 0 0 D mv2112_update_link: 3.0x8109(100M): 0x0
01-01 08:35:16.556 0 0 D mv2112_update_link: link 0x0
01-01 08:35:16.560 0 0 D mv2112_read_status: autoneg is disabled
01-01 08:35:17.565 0 0 D : mv2112_read_status
01-01 08:35:17.569 0 0 D mv2112_update_link: 3.0x901(1G): 0x80
01-01 08:35:17.575 0 0 D mv2112_update_link: 3.0x8109(100M): 0x0
01-01 08:35:17.580 0 0 D mv2112_update_link: link 0x0
01-01 08:35:17.585 0 0 D mv2112_read_status: autoneg is disabled
01-01 08:35:18.589 0 0 D : mv2112_read_status
01-01 08:35:18.592 0 0 D mv2112_update_link: 3.0x901(1G): 0x80
01-01 08:35:18.598 0 0 D mv2112_update_link: 3.0x8109(100M): 0x0
01-01 08:35:18.603 0 0 D mv2112_update_link: link 0x0
01-01 08:35:18.607 0 0 D mv2112_read_status: autoneg is disabled
01-01 08:35:19.613 0 0 D : mv2112_read_status
01-01 08:35:19.616 0 0 D mv2112_update_link: 3.0x901(1G): 0x80
01-01 08:35:19.622 0 0 D mv2112_update_link: 3.0x8109(100M): 0x0
01-01 08:35:19.641 0 0 D mv2112_update_link: link 0x0
01-01 08:35:19.645 0 0 D mv2112_read_status: autoneg is disabled
01-01 08:35:19.856 0 0 I init : starting service 'qvrd_vndr'...
01-01 08:35:19.863 0 0 I init : Created socket '/dev/socket/qvrservice_vndr', mode 660, user 1000, group 1000
01-01 08:35:19.874 0 0 I init : Created socket '/dev/socket/qvrservice_vndr_camera', mode 660, user 1000, group 1000
01-01 08:35:19.902 0 0 I init : starting service 'sxrd'...
01-01 08:35:19.922 0 0 I init : starting service 'vendor.light-hal-2-0'...
09-08 05:27:29.672 6787 6787 F linker : CANNOT LINK EXECUTABLE "/vendor/bin/hw/qvrservice": library "vendor.qti.hardware.qxr-V1-ndk_platform.so" not found: needed by /vendor/lib64/libqvrservice.so in namespace (default)
09-08 05:27:29.675 6788 6788 F linker : CANNOT LINK EXECUTABLE "/vendor/bin/hw/sxrservice": library "vendor.qti.hardware.qxr-V1-ndk_platform.so" not found: needed by main executable
01-01 08:35:19.951 0 0 I init : Service 'qvrd_vndr' (pid 6787) exited with status 1
01-01 08:35:19.958 0 0 I init : Sending signal 9 to service 'qvrd_vndr' (pid 6787) process group...
01-01 08:35:19.966 0 0 I libprocessgroup: Successfully killed process cgroup uid 1000 pid 6787 in 0ms
01-01 08:35:19.977 0 0 I init : Service 'sxrd' (pid 6788) exited with status 1
01-01 08:35:19.983 0 0 I init : Sending signal 9 to service 'sxrd' (pid 6788) process group...
01-01 08:35:20.669 0 0 D : mv2112_read_status
01-01 08:35:20.672 0 0 D mv2112_update_link: 3.0x901(1G): 0x80
01-01 08:35:20.688 0 0 D mv2112_update_link: 3.0x8109(100M): 0x0
01-01 08:35:20.693 0 0 D mv2112_update_link: link 0x0
01-01 08:35:20.698 0 0 D mv2112_read_status: autoneg is disabled
09-08 05:27:31.076 1151 2144 I netstats_mobile_sample: [0,0,0,0,0,0,0,0,0,0,0,0,1662586051076]
09-08 05:27:31.076 1151 2144 I netstats_wifi_sample: [351754313,243925,4855759,119582,351754313,243925,4855759,119582,351929799,245732,4831315,119417,1662586051076]
01-01 08:35:21.729 0 0 D : mv2112_read_status
01-01 08:35:21.732 0 0 D mv2112_update_link: 3.0x901(1G): 0x80
01-01 08:35:21.740 0 0 D mv2112_update_link: 3.0x8109(100M): 0x0
01-01 08:35:21.745 0 0 D mv2112_update_link: link 0x0
01-01 08:35:21.749 0 0 D mv2112_read_status: autoneg is disabled
01-01 08:35:22.781 0 0 D : mv2112_read_status
01-01 08:35:22.784 0 0 D mv2112_update_link: 3.0x901(1G): 0x80
01-01 08:35:22.790 0 0 D mv2112_update_link: 3.0x8109(100M): 0x0
01-01 08:35:22.795 0 0 D mv2112_update_link: link 0x0
01-01 08:35:22.800 0 0 D mv2112_read_status: autoneg is disabled
01-01 08:35:23.805 0 0 D : mv2112_read_status
01-01 08:35:23.808 0 0 D mv2112_update_link: 3.0x901(1G): 0x80
01-01 08:35:23.822 0 0 D mv2112_update_link: 3.0x8109(100M): 0x0
01-01 08:35:23.828 0 0 D mv2112_update_link: link 0x0
01-01 08:35:23.832 0 0 D mv2112_read_status: autoneg is disabled
01-01 08:35:24.861 0 0 D : mv2112_read_status
01-01 08:35:24.864 0 0 D mv2112_update_link: 3.0x901(1G): 0x80
01-01 08:35:24.870 0 0 D mv2112_update_link: 3.0x8109(100M): 0x0
01-01 08:35:24.893 0 0 D mv2112_update_link: link 0x0
01-01 08:35:24.897 0 0 D mv2112_read_status: autoneg is disabled
01-01 08:35:24.900 0 0 I init : starting service 'qvrd_vndr'...
01-01 08:35:24.909 0 0 I init : Created socket '/dev/socket/qvrservice_vndr', mode 660, user 1000, group 1000
01-01 08:35:24.919 0 0 I init : Created socket '/dev/socket/qvrservice_vndr_camera', mode 660, user 1000, group 1000
01-01 08:35:24.946 0 0 I init : starting service 'sxrd'...
01-01 08:35:24.966 0 0 I init : starting service 'vendor.light-hal-2-0'...
09-08 05:27:34.713 6793 6793 F linker : CANNOT LINK EXECUTABLE "/vendor/bin/hw/sxrservice": library "vendor.qti.hardware.qxr-V1-ndk_platform.so" not found: needed by main executable
09-08 05:27:34.716 6792 6792 F linker : CANNOT LINK EXECUTABLE "/vendor/bin/hw/qvrservice": library "vendor.qti.hardware.qxr-V1-ndk_platform.so" not found: needed by /vendor/lib64/libqvrservice.so in namespace (default)
01-01 08:35:24.993 0 0 I init : Service 'sxrd' (pid 6793) exited with status 1
01-01 08:35:24.999 0 0 I init : Sending signal 9 to service 'sxrd' (pid 6793) process group...
01-01 08:35:25.007 0 0 I libprocessgroup: Successfully killed process cgroup uid 1000 pid 6793 in 0ms
01-01 08:35:25.018 0 0 I init : Service 'qvrd_vndr' (pid 6792) exited with status 1
01-01 08:35:25.025 0 0 I init : Sending signal 9 to service 'qvrd_vndr' (pid 6792) process group...
01-01 08:35:25.917 0 0 D : mv2112_read_status
01-01 08:35:25.921 0 0 D mv2112_update_link: 3.0x901(1G): 0x80
01-01 08:35:25.926 0 0 D mv2112_update_link: 3.0x8109(100M): 0x0
01-01 08:35:25.932 0 0 D mv2112_update_link: link 0x0
01-01 08:35:25.936 0 0 D mv2112_read_status: autoneg is disabled
01-01 08:35:26.941 0 0 D : mv2112_read_status
01-01 08:35:26.944 0 0 D mv2112_update_link: 3.0x901(1G): 0x80
01-01 08:35:26.950 0 0 D mv2112_update_link: 3.0x8109(100M): 0x0
01-01 08:35:26.955 0 0 D mv2112_update_link: link 0x0
01-01 08:35:26.960 0 0 D mv2112_read_status: autoneg is disabled
01-01 08:35:27.965 0 0 D : mv2112_read_status
01-01 08:35:27.969 0 0 D mv2112_update_link: 3.0x901(1G): 0x80
01-01 08:35:27.974 0 0 D mv2112_update_link: 3.0x8109(100M): 0x0
01-01 08:35:27.980 0 0 D mv2112_update_link: link 0x0
01-01 08:35:27.984 0 0 D mv2112_read_status: autoneg is disabled
01-01 08:35:28.989 0 0 D : mv2112_read_status
01-01 08:35:28.992 0 0 D mv2112_update_link: 3.0x901(1G): 0x80
01-01 08:35:28.998 0 0 D mv2112_update_link: 3.0x8109(100M): 0x0
01-01 08:35:29.003 0 0 D mv2112_update_link: link 0x0
01-01 08:35:29.007 0 0 D mv2112_read_status: autoneg is disabled
09-08 05:27:39.362 1151 2144 I netstats_mobile_sample: [0,0,0,0,0,0,0,0,0,0,0,0,1662586059362]
09-08 05:27:39.362 1151 2144 I netstats_wifi_sample: [354174941,245591,4889171,120411,354171941,245589,4889079,120409,354328559,247383,4864331,120237,1662586059362]
01-01 08:35:29.945 0 0 I init : starting service 'qvrd_vndr'...
01-01 08:35:29.952 0 0 I init : Created socket '/dev/socket/qvrservice_vndr', mode 660, user 1000, group 1000
01-01 08:35:29.963 0 0 I init : Created socket '/dev/socket/qvrservice_vndr_camera', mode 660, user 1000, group 1000
01-01 08:35:29.991 0 0 I init : starting service 'sxrd'...
01-01 08:35:30.009 0 0 I init : starting service 'vendor.light-hal-2-0'...
01-01 08:35:30.013 0 0 D : mv2112_read_status
01-01 08:35:30.025 0 0 D mv2112_update_link: 3.0x901(1G): 0x80
09-08 05:27:39.753 6798 6798 F linker : CANNOT LINK EXECUTABLE "/vendor/bin/hw/sxrservice": library "vendor.qti.hardware.qxr-V1-ndk_platform.so" not found: needed by main executable
09-08 05:27:39.755 6797 6797 F linker : CANNOT LINK EXECUTABLE "/vendor/bin/hw/qvrservice": library "vendor.qti.hardware.qxr-V1-ndk_platform.so" not found: needed by /vendor/lib64/libqvrservice.so in namespace (default)
01-01 08:35:30.031 0 0 D mv2112_update_link: 3.0x8109(100M): 0x0
01-01 08:35:30.032 0 0 I init : Service 'sxrd' (pid 6798) exited with status 1
01-01 08:35:30.042 0 0 I init : Sending signal 9 to service 'sxrd' (pid 6798) process group...
01-01 08:35:30.045 0 0 D mv2112_update_link: link 0x0
01-01 08:35:30.050 0 0 I libprocessgroup: Successfully killed process cgroup uid 1000 pid 6798 in 0ms
01-01 08:35:30.054 0 0 D mv2112_read_status: autoneg is disabled
01-01 08:35:30.063 0 0 I init : Service 'qvrd_vndr' (pid 6797) exited with status 1
01-01 08:35:30.074 0 0 I init : Sending signal 9 to service 'qvrd_vndr' (pid 6797) process group...
01-01 08:35:31.069 0 0 D : mv2112_read_status
01-01 08:35:31.072 0 0 D mv2112_update_link: 3.0x901(1G): 0x80
01-01 08:35:31.078 0 0 D mv2112_update_link: 3.0x8109(100M): 0x0
01-01 08:35:31.083 0 0 D mv2112_update_link: link 0x0
01-01 08:35:31.087 0 0 D mv2112_read_status: autoneg is disabled
01-01 08:35:32.093 0 0 D : mv2112_read_status
01-01 08:35:32.097 0 0 D mv2112_update_link: 3.0x901(1G): 0x80
01-01 08:35:32.102 0 0 D mv2112_update_link: 3.0x8109(100M): 0x0
01-01 08:35:32.108 0 0 D mv2112_update_link: link 0x0
01-01 08:35:32.112 0 0 D mv2112_read_status: autoneg is disabled
01-01 08:35:33.117 0 0 D : mv2112_read_status
01-01 08:35:33.120 0 0 D mv2112_update_link: 3.0x901(1G): 0x80
01-01 08:35:33.127 0 0 D mv2112_update_link: 3.0x8109(100M): 0x0
01-01 08:35:33.132 0 0 D mv2112_update_link: link 0x0
01-01 08:35:33.137 0 0 D mv2112_read_status: autoneg is disabled
01-01 08:35:34.141 0 0 D : mv2112_read_status
01-01 08:35:34.145 0 0 D mv2112_update_link: 3.0x901(1G): 0x80
01-01 08:35:34.150 0 0 D mv2112_update_link: 3.0x8109(100M): 0x0
01-01 08:35:34.155 0 0 D mv2112_update_link: link 0x0
01-01 08:35:34.160 0 0 D mv2112_read_status: autoneg is disabled
01-01 08:35:34.990 0 0 I init : starting service 'qvrd_vndr'...
01-01 08:35:34.996 0 0 I init : Created socket '/dev/socket/qvrservice_vndr', mode 660, user 1000, group 1000
01-01 08:35:35.007 0 0 I init : Created socket '/dev/socket/qvrservice_vndr_camera', mode 660, user 1000, group 1000
01-01 08:35:35.036 0 0 I init : starting service 'sxrd'...
01-01 08:35:35.057 0 0 I init : starting service 'vendor.light-hal-2-0'...
09-08 05:27:44.812 6802 6802 F linker : CANNOT LINK EXECUTABLE "/vendor/bin/hw/sxrservice": library "vendor.qti.hardware.qxr-V1-ndk_platform.so" not found: needed by main executable
09-08 05:27:44.814 6801 6801 F linker : CANNOT LINK EXECUTABLE "/vendor/bin/hw/qvrservice": library "vendor.qti.hardware.qxr-V1-ndk_platform.so" not found: needed by /vendor/lib64/libqvrservice.so in namespace (default)
01-01 08:35:35.092 0 0 I init : Service 'sxrd' (pid 6802) exited with status 1
01-01 08:35:35.098 0 0 I init : Sending signal 9 to service 'sxrd' (pid 6802) process group...
01-01 08:35:35.106 0 0 I libprocessgroup: Successfully killed process cgroup uid 1000 pid 6802 in 0ms
01-01 08:35:35.116 0 0 I init : Service 'qvrd_vndr' (pid 6801) exited with status 1
01-01 08:35:35.123 0 0 I init : Sending signal 9 to service 'qvrd_vndr' (pid 6801) process group...
01-01 08:35:35.165 0 0 D : mv2112_read_status
01-01 08:35:35.168 0 0 D mv2112_update_link: 3.0x901(1G): 0x80
01-01 08:35:35.174 0 0 D mv2112_update_link: 3.0x8109(100M): 0x0
01-01 08:35:35.179 0 0 D mv2112_update_link: link 0x0
01-01 08:35:35.184 0 0 D mv2112_read_status: autoneg is disabled
01-01 08:35:36.189 0 0 D : mv2112_read_status
01-01 08:35:36.192 0 0 D mv2112_update_link: 3.0x901(1G): 0x80
01-01 08:35:36.199 0 0 D mv2112_update_link: 3.0x8109(100M): 0x0
01-01 08:35:36.204 0 0 D mv2112_update_link: link 0x0
01-01 08:35:36.208 0 0 D mv2112_read_status: autoneg is disabled
09-08 05:27:46.149 1151 2144 I netstats_mobile_sample: [0,0,0,0,0,0,0,0,0,0,0,0,1662586066148]
09-08 05:27:46.149 1151 2144 I netstats_wifi_sample: [356826009,247438,4924371,121285,356826009,247438,4924371,121285,357001459,249244,4899927,121120,1662586066148]
01-01 08:35:37.245 0 0 D : mv2112_read_status
01-01 08:35:37.248 0 0 D mv2112_update_link: 3.0x901(1G): 0x80
01-01 08:35:37.255 0 0 D mv2112_update_link: 3.0x8109(100M): 0x0
01-01 08:35:37.261 0 0 D mv2112_update_link: link 0x0
01-01 08:35:37.266 0 0 D mv2112_read_status: autoneg is disabled
01-01 08:35:38.269 0 0 D : mv2112_read_status
01-01 08:35:38.272 0 0 D mv2112_update_link: 3.0x901(1G): 0x80
01-01 08:35:38.278 0 0 D mv2112_update_link: 3.0x8109(100M): 0x0
01-01 08:35:38.297 0 0 D mv2112_update_link: link 0x0
01-01 08:35:38.301 0 0 D mv2112_read_status: autoneg is disabled
01-01 08:35:39.328 0 0 D : mv2112_read_status
01-01 08:35:39.332 0 0 D mv2112_update_link: 3.0x901(1G): 0x80
01-01 08:35:39.337 0 0 D mv2112_update_link: 3.0x8109(100M): 0x0
01-01 08:35:39.343 0 0 D mv2112_update_link: link 0x0
01-01 08:35:39.347 0 0 D mv2112_read_status: autoneg is disabled
01-01 08:35:40.035 0 0 I init : starting service 'qvrd_vndr'...
01-01 08:35:40.041 0 0 I init : Created socket '/dev/socket/qvrservice_vndr', mode 660, user 1000, group 1000
01-01 08:35:40.052 0 0 I init : Created socket '/dev/socket/qvrservice_vndr_camera', mode 660, user 1000, group 1000
01-01 08:35:40.082 0 0 I init : starting service 'sxrd'...
01-01 08:35:40.105 0 0 I init : starting service 'vendor.light-hal-2-0'...
09-08 05:27:49.853 6806 6806 F linker : CANNOT LINK EXECUTABLE "/vendor/bin/hw/qvrservice": library "vendor.qti.hardware.qxr-V1-ndk_platform.so" not found: needed by /vendor/lib64/libqvrservice.so in namespace (default)
09-08 05:27:49.854 6807 6807 F linker : CANNOT LINK EXECUTABLE "/vendor/bin/hw/sxrservice": library "vendor.qti.hardware.qxr-V1-ndk_platform.so" not found: needed by main executable
01-01 08:35:40.133 0 0 I init : Service 'qvrd_vndr' (pid 6806) exited with status 1
01-01 08:35:40.140 0 0 I init : Sending signal 9 to service 'qvrd_vndr' (pid 6806) process group...
01-01 08:35:40.148 0 0 I libprocessgroup: Successfully killed process cgroup uid 1000 pid 6806 in 0ms
01-01 08:35:40.158 0 0 I init : Service 'sxrd' (pid 6807) exited with status 1
01-01 08:35:40.165 0 0 I init : Sending signal 9 to service 'sxrd' (pid 6807) process group...
01-01 08:35:40.381 0 0 D : mv2112_read_status
01-01 08:35:40.385 0 0 D mv2112_update_link: 3.0x901(1G): 0x80
01-01 08:35:40.391 0 0 D mv2112_update_link: 3.0x8109(100M): 0x0
01-01 08:35:40.396 0 0 D mv2112_update_link: link 0x0
01-01 08:35:40.401 0 0 D mv2112_read_status: autoneg is disabled
01-01 08:35:41.405 0 0 D : mv2112_read_status
01-01 08:35:41.408 0 0 D mv2112_update_link: 3.0x901(1G): 0x80
01-01 08:35:41.415 0 0 D mv2112_update_link: 3.0x8109(100M): 0x0
01-01 08:35:41.420 0 0 D mv2112_update_link: link 0x0
01-01 08:35:41.425 0 0 D mv2112_read_status: autoneg is disabled
01-01 08:35:42.429 0 0 D : mv2112_read_status
01-01 08:35:42.432 0 0 D mv2112_update_link: 3.0x901(1G): 0x80
01-01 08:35:42.446 0 0 D mv2112_update_link: 3.0x8109(100M): 0x0
01-01 08:35:42.451 0 0 D mv2112_update_link: link 0x0
01-01 08:35:42.455 0 0 D mv2112_read_status: autoneg is disabled
01-01 08:35:43.485 0 0 D : mv2112_read_status
01-01 08:35:43.489 0 0 D mv2112_update_link: 3.0x901(1G): 0x80
01-01 08:35:43.494 0 0 D mv2112_update_link: 3.0x8109(100M): 0x0
01-01 08:35:43.513 0 0 D mv2112_update_link: link 0x0
01-01 08:35:43.517 0 0 D mv2112_read_status: autoneg is disabled
09-08 05:27:54.057 1151 2144 I netstats_mobile_sample: [0,0,0,0,0,0,0,0,0,0,0,0,1662586074057]
09-08 05:27:54.057 1151 2144 I netstats_wifi_sample: [359309533,249135,4958691,122137,359309533,249135,4958691,122137,359484983,250941,4934207,121971,1662586074057]
01-01 08:35:44.541 0 0 D : mv2112_read_status
01-01 08:35:44.544 0 0 D mv2112_update_link: 3.0x901(1G): 0x80
01-01 08:35:44.550 0 0 D mv2112_update_link: 3.0x8109(100M): 0x0
01-01 08:35:44.556 0 0 D mv2112_update_link: link 0x0
01-01 08:35:44.560 0 0 D mv2112_read_status: autoneg is disabled
01-01 08:35:45.081 0 0 I init : starting service 'qvrd_vndr'...
01-01 08:35:45.089 0 0 I init : Created socket '/dev/socket/qvrservice_vndr', mode 660, user 1000, group 1000
01-01 08:35:45.100 0 0 I init : Created socket '/dev/socket/qvrservice_vndr_camera', mode 660, user 1000, group 1000
01-01 08:35:45.127 0 0 I init : starting service 'sxrd'...
01-01 08:35:45.146 0 0 I init : starting service 'vendor.light-hal-2-0'...
09-08 05:27:54.877 6811 6811 F linker : CANNOT LINK EXECUTABLE "/vendor/bin/hw/qvrservice": library "vendor.qti.hardware.qxr-V1-ndk_platform.so" not found: needed by /vendor/lib64/libqvrservice.so in namespace (default)
01-01 08:35:45.165 0 0 I init : Service 'qvrd_vndr' (pid 6811) exited with status 1
01-01 08:35:45.172 0 0 I init : Sending signal 9 to service 'qvrd_vndr' (pid 6811) process group...
09-08 05:27:54.908 6812 6812 F linker : CANNOT LINK EXECUTABLE "/vendor/bin/hw/sxrservice": library "vendor.qti.hardware.qxr-V1-ndk_platform.so" not found: needed by main executable
01-01 08:35:45.180 0 0 I libprocessgroup: Successfully killed process cgroup uid 1000 pid 6811 in 0ms
01-01 08:35:45.190 0 0 I init : Service 'sxrd' (pid 6812) exited with status 1
01-01 08:35:45.196 0 0 I init : Sending signal 9 to service 'sxrd' (pid 6812) process group...
01-01 08:35:45.565 0 0 D : mv2112_read_status
01-01 08:35:45.569 0 0 D mv2112_update_link: 3.0x901(1G): 0x80
01-01 08:35:45.574 0 0 D mv2112_update_link: 3.0x8109(100M): 0x0
01-01 08:35:45.597 0 0 D mv2112_update_link: link 0x0
01-01 08:35:45.601 0 0 D mv2112_read_status: autoneg is disabled
01-01 08:35:46.621 0 0 D : mv2112_read_status
01-01 08:35:46.624 0 0 D mv2112_update_link: 3.0x901(1G): 0x80
01-01 08:35:46.630 0 0 D mv2112_update_link: 3.0x8109(100M): 0x0
01-01 08:35:46.649 0 0 D mv2112_update_link: link 0x0
01-01 08:35:46.653 0 0 D mv2112_read_status: autoneg is disabled
01-01 08:35:47.677 0 0 D : mv2112_read_status
01-01 08:35:47.680 0 0 D mv2112_update_link: 3.0x901(1G): 0x80
01-01 08:35:47.686 0 0 D mv2112_update_link: 3.0x8109(100M): 0x0
01-01 08:35:47.691 0 0 D mv2112_update_link: link 0x0
01-01 08:35:47.695 0 0 D mv2112_read_status: autoneg is disabled
01-01 08:35:48.701 0 0 D : mv2112_read_status
01-01 08:35:48.704 0 0 D mv2112_update_link: 3.0x901(1G): 0x80
01-01 08:35:48.710 0 0 D mv2112_update_link: 3.0x8109(100M): 0x0
01-01 08:35:48.716 0 0 D mv2112_update_link: link 0x0
01-01 08:35:48.721 0 0 D mv2112_read_status: autoneg is disabled
01-01 08:35:49.725 0 0 D : mv2112_read_status
01-01 08:35:49.728 0 0 D mv2112_update_link: 3.0x901(1G): 0x80
01-01 08:35:49.735 0 0 D mv2112_update_link: 3.0x8109(100M): 0x0
01-01 08:35:49.742 0 0 D mv2112_update_link: link 0x0
01-01 08:35:49.746 0 0 D mv2112_read_status: autoneg is disabled
01-01 08:35:50.127 0 0 I init : starting service 'qvrd_vndr'...
01-01 08:35:50.134 0 0 I init : Created socket '/dev/socket/qvrservice_vndr', mode 660, user 1000, group 1000
01-01 08:35:50.144 0 0 I init : Created socket '/dev/socket/qvrservice_vndr_camera', mode 660, user 1000, group 1000
01-01 08:35:50.172 0 0 I init : starting service 'sxrd'...
09-08 05:27:59.918 6816 6816 F linker : CANNOT LINK EXECUTABLE "/vendor/bin/hw/sxrservice": library "vendor.qti.hardware.qxr-V1-ndk_platform.so" not found: needed by main executable
01-01 08:35:50.194 0 0 I init : starting service 'vendor.light-hal-2-0'...
