09-08 05:09:45.093 5760 5760 F linker : CANNOT LINK EXECUTABLE "/vendor/bin/hw/sxrservice": library "vendor.qti.hardware.qxr-V1-ndk_platform.so" not found: needed by main executable
09-08 05:09:45.096 5759 5759 F linker : CANNOT LINK EXECUTABLE "/vendor/bin/hw/qvrservice": library "vendor.qti.hardware.qxr-V1-ndk_platform.so" not found: needed by /vendor/lib64/libqvrservice.so in namespace (default)
09-08 05:09:50.151 5763 5763 F linker : CANNOT LINK EXECUTABLE "/vendor/bin/hw/qvrservice": library "vendor.qti.hardware.qxr-V1-ndk_platform.so" not found: needed by /vendor/lib64/libqvrservice.so in namespace (default)
09-08 05:09:50.151 5764 5764 F linker : CANNOT LINK EXECUTABLE "/vendor/bin/hw/sxrservice": library "vendor.qti.hardware.qxr-V1-ndk_platform.so" not found: needed by main executable
09-08 05:09:55.194 5770 5770 F linker : CANNOT LINK EXECUTABLE "/vendor/bin/hw/sxrservice": library "vendor.qti.hardware.qxr-V1-ndk_platform.so" not found: needed by main executable
09-08 05:09:55.194 5769 5769 F linker : CANNOT LINK EXECUTABLE "/vendor/bin/hw/qvrservice": library "vendor.qti.hardware.qxr-V1-ndk_platform.so" not found: needed by /vendor/lib64/libqvrservice.so in namespace (default)
09-08 05:10:00.234 5775 5775 F linker : CANNOT LINK EXECUTABLE "/vendor/bin/hw/qvrservice": library "vendor.qti.hardware.qxr-V1-ndk_platform.so" not found: needed by /vendor/lib64/libqvrservice.so in namespace (default)
09-08 05:10:00.237 5776 5776 F linker : CANNOT LINK EXECUTABLE "/vendor/bin/hw/sxrservice": library "vendor.qti.hardware.qxr-V1-ndk_platform.so" not found: needed by main executable
09-08 05:10:04.899 1151 3056 W AdbDebuggingManager: Read failed with count -1
09-08 05:10:04.901 1151 3056 E AdbDebuggingManager: Caught an exception opening the socket: java.io.IOException: Connection refused
09-08 05:10:05.313 5791 5791 F linker : CANNOT LINK EXECUTABLE "/vendor/bin/hw/qvrservice": library "vendor.qti.hardware.qxr-V1-ndk_platform.so" not found: needed by /vendor/lib64/libqvrservice.so in namespace (default)
09-08 05:10:05.316 5792 5792 F linker : CANNOT LINK EXECUTABLE "/vendor/bin/hw/sxrservice": library "vendor.qti.hardware.qxr-V1-ndk_platform.so" not found: needed by main executable
09-08 05:10:10.354 5798 5798 F linker : CANNOT LINK EXECUTABLE "/vendor/bin/hw/sxrservice": library "vendor.qti.hardware.qxr-V1-ndk_platform.so" not found: needed by main executable
09-08 05:10:10.357 5797 5797 F linker : CANNOT LINK EXECUTABLE "/vendor/bin/hw/qvrservice": library "vendor.qti.hardware.qxr-V1-ndk_platform.so" not found: needed by /vendor/lib64/libqvrservice.so in namespace (default)
09-08 05:10:15.396 5805 5805 F linker : CANNOT LINK EXECUTABLE "/vendor/bin/hw/qvrservice": library "vendor.qti.hardware.qxr-V1-ndk_platform.so" not found: needed by /vendor/lib64/libqvrservice.so in namespace (default)
09-08 05:10:15.398 5806 5806 F linker : CANNOT LINK EXECUTABLE "/vendor/bin/hw/sxrservice": library "vendor.qti.hardware.qxr-V1-ndk_platform.so" not found: needed by main executable
09-08 05:10:20.432 5810 5810 F linker : CANNOT LINK EXECUTABLE "/vendor/bin/hw/sxrservice": library "vendor.qti.hardware.qxr-V1-ndk_platform.so" not found: needed by main executable
09-08 05:10:20.436 5809 5809 F linker : CANNOT LINK EXECUTABLE "/vendor/bin/hw/qvrservice": library "vendor.qti.hardware.qxr-V1-ndk_platform.so" not found: needed by /vendor/lib64/libqvrservice.so in namespace (default)
09-08 05:10:25.490 5816 5816 F linker : CANNOT LINK EXECUTABLE "/vendor/bin/hw/sxrservice": library "vendor.qti.hardware.qxr-V1-ndk_platform.so" not found: needed by main executable
09-08 05:10:25.490 5815 5815 F linker : CANNOT LINK EXECUTABLE "/vendor/bin/hw/qvrservice": library "vendor.qti.hardware.qxr-V1-ndk_platform.so" not found: needed by /vendor/lib64/libqvrservice.so in namespace (default)
09-08 05:10:30.531 5822 5822 F linker : CANNOT LINK EXECUTABLE "/vendor/bin/hw/sxrservice": library "vendor.qti.hardware.qxr-V1-ndk_platform.so" not found: needed by main executable
09-08 05:10:30.534 5821 5821 F linker : CANNOT LINK EXECUTABLE "/vendor/bin/hw/qvrservice": library "vendor.qti.hardware.qxr-V1-ndk_platform.so" not found: needed by /vendor/lib64/libqvrservice.so in namespace (default)
09-08 05:10:33.799 1151 2144 I netstats_mobile_sample: [0,0,0,0,0,0,0,0,0,0,0,0,1662585033799]
09-08 05:10:33.800 1151 2144 I netstats_wifi_sample: [2034006,2268,75492,1025,2034006,2268,75492,1025,2197657,3980,55540,918,1662585033799]
09-08 05:10:35.559 5825 5825 F linker : CANNOT LINK EXECUTABLE "/vendor/bin/hw/qvrservice": library "vendor.qti.hardware.qxr-V1-ndk_platform.so" not found: needed by /vendor/lib64/libqvrservice.so in namespace (default)
09-08 05:10:35.577 5826 5826 F linker : CANNOT LINK EXECUTABLE "/vendor/bin/hw/sxrservice": library "vendor.qti.hardware.qxr-V1-ndk_platform.so" not found: needed by main executable
09-08 05:10:40.135 1151 2144 I netstats_mobile_sample: [0,0,0,0,0,0,0,0,0,0,0,0,1662585040135]
09-08 05:10:40.136 1151 2144 I netstats_wifi_sample: [4489658,4037,108604,1810,4489658,4037,108604,1810,4650073,5752,87768,1699,1662585040135]
09-08 05:10:40.630 5831 5831 F linker : CANNOT LINK EXECUTABLE "/vendor/bin/hw/sxrservice": library "vendor.qti.hardware.qxr-V1-ndk_platform.so" not found: needed by main executable
09-08 05:10:40.632 5830 5830 F linker : CANNOT LINK EXECUTABLE "/vendor/bin/hw/qvrservice": library "vendor.qti.hardware.qxr-V1-ndk_platform.so" not found: needed by /vendor/lib64/libqvrservice.so in namespace (default)
09-08 05:10:45.674 5835 5835 F linker : CANNOT LINK EXECUTABLE "/vendor/bin/hw/sxrservice": library "vendor.qti.hardware.qxr-V1-ndk_platform.so" not found: needed by main executable
09-08 05:10:45.675 5834 5834 F linker : CANNOT LINK EXECUTABLE "/vendor/bin/hw/qvrservice": library "vendor.qti.hardware.qxr-V1-ndk_platform.so" not found: needed by /vendor/lib64/libqvrservice.so in namespace (default)
09-08 05:10:47.017 1151 2144 I netstats_mobile_sample: [0,0,0,0,0,0,0,0,0,0,0,0,1662585047017]
09-08 05:10:47.017 1151 2144 I netstats_wifi_sample: [6888094,5723,141248,2621,6888094,5723,141248,2621,7054473,7441,120452,2511,1662585047017]
09-08 05:10:50.713 5842 5842 F linker : CANNOT LINK EXECUTABLE "/vendor/bin/hw/sxrservice": library "vendor.qti.hardware.qxr-V1-ndk_platform.so" not found: needed by main executable
09-08 05:10:50.714 5841 5841 F linker : CANNOT LINK EXECUTABLE "/vendor/bin/hw/qvrservice": library "vendor.qti.hardware.qxr-V1-ndk_platform.so" not found: needed by /vendor/lib64/libqvrservice.so in namespace (default)
09-08 05:10:53.537 1151 2144 I netstats_mobile_sample: [0,0,0,0,0,0,0,0,0,0,0,0,1662585053537]
09-08 05:10:53.537 1151 2144 I netstats_wifi_sample: [9356090,7401,175460,3470,9356090,7401,175460,3470,9519469,9117,154624,3359,1662585053537]
09-08 05:10:55.757 5846 5846 F linker : CANNOT LINK EXECUTABLE "/vendor/bin/hw/qvrservice": library "vendor.qti.hardware.qxr-V1-ndk_platform.so" not found: needed by /vendor/lib64/libqvrservice.so in namespace (default)
09-08 05:10:55.771 5847 5847 F linker : CANNOT LINK EXECUTABLE "/vendor/bin/hw/sxrservice": library "vendor.qti.hardware.qxr-V1-ndk_platform.so" not found: needed by main executable
09-08 05:10:59.996 1151 2144 I netstats_mobile_sample: [0,0,0,0,0,0,0,0,0,0,0,0,1662585059996]
09-08 05:10:59.996 1151 2144 I netstats_wifi_sample: [11769438,9075,208104,4281,11769438,9075,208104,4281,11935817,10793,187308,4171,1662585059996]
09-08 05:11:00.814 5850 5850 F linker : CANNOT LINK EXECUTABLE "/vendor/bin/hw/qvrservice": library "vendor.qti.hardware.qxr-V1-ndk_platform.so" not found: needed by /vendor/lib64/libqvrservice.so in namespace (default)
09-08 05:11:00.818 5851 5851 F linker : CANNOT LINK EXECUTABLE "/vendor/bin/hw/sxrservice": library "vendor.qti.hardware.qxr-V1-ndk_platform.so" not found: needed by main executable
09-08 05:11:05.676 1151 2144 I netstats_mobile_sample: [0,0,0,0,0,0,0,0,0,0,0,0,1662585065676]
09-08 05:11:05.677 1151 2144 I netstats_wifi_sample: [13968886,10604,237852,5018,13968886,10604,237852,5018,14132229,12319,217016,4907,1662585065676]
09-08 05:11:05.832 5857 5857 F linker : CANNOT LINK EXECUTABLE "/vendor/bin/hw/sxrservice": library "vendor.qti.hardware.qxr-V1-ndk_platform.so" not found: needed by main executable
09-08 05:11:05.855 5856 5856 F linker : CANNOT LINK EXECUTABLE "/vendor/bin/hw/qvrservice": library "vendor.qti.hardware.qxr-V1-ndk_platform.so" not found: needed by /vendor/lib64/libqvrservice.so in namespace (default)
09-08 05:11:10.894 5862 5862 F linker : CANNOT LINK EXECUTABLE "/vendor/bin/hw/sxrservice": library "vendor.qti.hardware.qxr-V1-ndk_platform.so" not found: needed by main executable
09-08 05:11:10.895 5861 5861 F linker : CANNOT LINK EXECUTABLE "/vendor/bin/hw/qvrservice": library "vendor.qti.hardware.qxr-V1-ndk_platform.so" not found: needed by /vendor/lib64/libqvrservice.so in namespace (default)
09-08 05:11:12.376 1151 2144 I netstats_mobile_sample: [0,0,0,0,0,0,0,0,0,0,0,0,1662585072375]
09-08 05:11:12.376 1151 2144 I netstats_wifi_sample: [16350458,12207,273012,5856,16350458,12207,273012,5856,16519565,13931,251372,5743,1662585072375]
09-08 05:11:15.949 5865 5865 F linker : CANNOT LINK EXECUTABLE "/vendor/bin/hw/qvrservice": library "vendor.qti.hardware.qxr-V1-ndk_platform.so" not found: needed by /vendor/lib64/libqvrservice.so in namespace (default)
09-08 05:11:15.951 5866 5866 F linker : CANNOT LINK EXECUTABLE "/vendor/bin/hw/sxrservice": library "vendor.qti.hardware.qxr-V1-ndk_platform.so" not found: needed by main executable
09-08 05:11:17.993 1151 2144 I netstats_mobile_sample: [0,0,0,0,0,0,0,0,0,0,0,0,1662585077993]
09-08 05:11:17.993 1151 2144 I netstats_wifi_sample: [18769586,13892,305400,6660,18769586,13892,305400,6660,18938693,15616,283760,6547,1662585077993]
09-08 05:11:20.993 5871 5871 F linker : CANNOT LINK EXECUTABLE "/vendor/bin/hw/sxrservice": library "vendor.qti.hardware.qxr-V1-ndk_platform.so" not found: needed by main executable
09-08 05:11:20.995 5870 5870 F linker : CANNOT LINK EXECUTABLE "/vendor/bin/hw/qvrservice": library "vendor.qti.hardware.qxr-V1-ndk_platform.so" not found: needed by /vendor/lib64/libqvrservice.so in namespace (default)
09-08 05:11:24.223 1151 2144 I netstats_mobile_sample: [0,0,0,0,0,0,0,0,0,0,0,0,1662585084223]
09-08 05:11:24.224 1151 2144 I netstats_wifi_sample: [21210318,15559,338868,7491,21210318,15559,338868,7491,21379389,17282,317228,7378,1662585084223]
09-08 05:11:26.034 5876 5876 F linker : CANNOT LINK EXECUTABLE "/vendor/bin/hw/sxrservice": library "vendor.qti.hardware.qxr-V1-ndk_platform.so" not found: needed by main executable
09-08 05:11:26.035 5875 5875 F linker : CANNOT LINK EXECUTABLE "/vendor/bin/hw/qvrservice": library "vendor.qti.hardware.qxr-V1-ndk_platform.so" not found: needed by /vendor/lib64/libqvrservice.so in namespace (default)
09-08 05:11:30.399 1151 2144 I netstats_mobile_sample: [0,0,0,0,0,0,0,0,0,0,0,0,1662585090399]
09-08 05:11:30.399 1151 2144 I netstats_wifi_sample: [23642706,17230,371924,8312,23638206,17227,371804,8309,23807277,18950,350164,8196,1662585090399]
09-08 05:11:31.077 5880 5880 F linker : CANNOT LINK EXECUTABLE "/vendor/bin/hw/sxrservice": library "vendor.qti.hardware.qxr-V1-ndk_platform.so" not found: needed by main executable
09-08 05:11:31.078 5879 5879 F linker : CANNOT LINK EXECUTABLE "/vendor/bin/hw/qvrservice": library "vendor.qti.hardware.qxr-V1-ndk_platform.so" not found: needed by /vendor/lib64/libqvrservice.so in namespace (default)
09-08 05:11:36.117 5884 5884 F linker : CANNOT LINK EXECUTABLE "/vendor/bin/hw/qvrservice": library "vendor.qti.hardware.qxr-V1-ndk_platform.so" not found: needed by /vendor/lib64/libqvrservice.so in namespace (default)
09-08 05:11:36.143 5885 5885 F linker : CANNOT LINK EXECUTABLE "/vendor/bin/hw/sxrservice": library "vendor.qti.hardware.qxr-V1-ndk_platform.so" not found: needed by main executable
09-08 05:11:37.599 1151 2144 I netstats_mobile_sample: [0,0,0,0,0,0,0,0,0,0,0,0,1662585097599]
09-08 05:11:37.600 1151 2144 I netstats_wifi_sample: [25826506,18722,402180,9063,25826506,18722,402180,9063,25992577,20443,380460,8948,1662585097599]
09-08 05:11:41.174 5890 5890 F linker : CANNOT LINK EXECUTABLE "/vendor/bin/hw/sxrservice": library "vendor.qti.hardware.qxr-V1-ndk_platform.so" not found: needed by main executable
09-08 05:11:41.176 5889 5889 F linker : CANNOT LINK EXECUTABLE "/vendor/bin/hw/qvrservice": library "vendor.qti.hardware.qxr-V1-ndk_platform.so" not found: needed by /vendor/lib64/libqvrservice.so in namespace (default)
09-08 05:11:44.873 1151 2144 I netstats_mobile_sample: [0,0,0,0,0,0,0,0,0,0,0,0,1662585104873]
09-08 05:11:44.873 1151 2144 I netstats_wifi_sample: [28209202,20330,435452,9890,28209202,20330,435452,9890,28378237,22052,413772,9776,1662585104873]
09-08 05:11:44.878 1151 2145 I service_manager_stats: [100,139,202965]
09-08 05:11:46.213 5893 5893 F linker : CANNOT LINK EXECUTABLE "/vendor/bin/hw/qvrservice": library "vendor.qti.hardware.qxr-V1-ndk_platform.so" not found: needed by /vendor/lib64/libqvrservice.so in namespace (default)
09-08 05:11:46.213 5894 5894 F linker : CANNOT LINK EXECUTABLE "/vendor/bin/hw/sxrservice": library "vendor.qti.hardware.qxr-V1-ndk_platform.so" not found: needed by main executable
09-08 05:11:50.856 1151 2144 I netstats_mobile_sample: [0,0,0,0,0,0,0,0,0,0,0,0,1662585110856]
09-08 05:11:50.857 1151 2144 I netstats_wifi_sample: [30649866,21997,469428,10734,30649866,21997,469428,10734,30818901,23719,447708,10619,1662585110856]
09-08 05:11:51.253 5899 5899 F linker : CANNOT LINK EXECUTABLE "/vendor/bin/hw/sxrservice": library "vendor.qti.hardware.qxr-V1-ndk_platform.so" not found: needed by main executable
09-08 05:11:51.255 5898 5898 F linker : CANNOT LINK EXECUTABLE "/vendor/bin/hw/qvrservice": library "vendor.qti.hardware.qxr-V1-ndk_platform.so" not found: needed by /vendor/lib64/libqvrservice.so in namespace (default)
09-08 05:11:56.309 5902 5902 F linker : CANNOT LINK EXECUTABLE "/vendor/bin/hw/qvrservice": library "vendor.qti.hardware.qxr-V1-ndk_platform.so" not found: needed by /vendor/lib64/libqvrservice.so in namespace (default)
09-08 05:11:56.311 5903 5903 F linker : CANNOT LINK EXECUTABLE "/vendor/bin/hw/sxrservice": library "vendor.qti.hardware.qxr-V1-ndk_platform.so" not found: needed by main executable
09-08 05:11:57.190 1151 2144 I netstats_mobile_sample: [0,0,0,0,0,0,0,0,0,0,0,0,1662585117190]
09-08 05:11:57.190 1151 2144 I netstats_wifi_sample: [33078966,23683,502496,11555,33078966,23683,502496,11555,33248001,25405,480776,11440,1662585117190]
09-08 05:12:01.352 5907 5907 F linker : CANNOT LINK EXECUTABLE "/vendor/bin/hw/qvrservice": library "vendor.qti.hardware.qxr-V1-ndk_platform.so" not found: needed by /vendor/lib64/libqvrservice.so in namespace (default)
09-08 05:12:01.355 5908 5908 F linker : CANNOT LINK EXECUTABLE "/vendor/bin/hw/sxrservice": library "vendor.qti.hardware.qxr-V1-ndk_platform.so" not found: needed by main executable
09-08 05:12:03.229 1151 2144 I netstats_mobile_sample: [0,0,0,0,0,0,0,0,0,0,0,0,1662585123228]
09-08 05:12:03.229 1151 2144 I netstats_wifi_sample: [35510682,25363,535884,12384,35510682,25363,535884,12384,35679681,27084,514164,12269,1662585123228]
09-08 05:12:06.390 5913 5913 F linker : CANNOT LINK EXECUTABLE "/vendor/bin/hw/sxrservice": library "vendor.qti.hardware.qxr-V1-ndk_platform.so" not found: needed by main executable
09-08 05:12:06.396 5912 5912 F linker : CANNOT LINK EXECUTABLE "/vendor/bin/hw/qvrservice": library "vendor.qti.hardware.qxr-V1-ndk_platform.so" not found: needed by /vendor/lib64/libqvrservice.so in namespace (default)
09-08 05:12:10.596 1151 2144 I netstats_mobile_sample: [0,0,0,0,0,0,0,0,0,0,0,0,1662585130596]
09-08 05:12:10.596 1151 2144 I netstats_wifi_sample: [37958534,27020,570964,13255,37958534,27020,570964,13255,38124533,28739,549164,13138,1662585130596]
09-08 05:12:11.436 5916 5916 F linker : CANNOT LINK EXECUTABLE "/vendor/bin/hw/qvrservice": library "vendor.qti.hardware.qxr-V1-ndk_platform.so" not found: needed by /vendor/lib64/libqvrservice.so in namespace (default)
09-08 05:12:11.449 5917 5917 F linker : CANNOT LINK EXECUTABLE "/vendor/bin/hw/sxrservice": library "vendor.qti.hardware.qxr-V1-ndk_platform.so" not found: needed by main executable
09-08 05:12:16.472 5922 5922 F linker : CANNOT LINK EXECUTABLE "/vendor/bin/hw/sxrservice": library "vendor.qti.hardware.qxr-V1-ndk_platform.so" not found: needed by main executable
09-08 05:12:16.475 5921 5921 F linker : CANNOT LINK EXECUTABLE "/vendor/bin/hw/qvrservice": library "vendor.qti.hardware.qxr-V1-ndk_platform.so" not found: needed by /vendor/lib64/libqvrservice.so in namespace (default)
09-08 05:12:16.645 1151 2144 I netstats_mobile_sample: [0,0,0,0,0,0,0,0,0,0,0,0,1662585136645]
09-08 05:12:16.646 1151 2144 I netstats_wifi_sample: [40392222,28717,604788,14059,40392222,28717,604788,14059,40560985,30443,582184,13940,1662585136645]
09-08 05:12:21.518 1151 2162 I storage_state: [41217664-9172-527a-b3d5-edabb50a7d69,0,0,46800736256,48316284928]
09-08 05:12:21.530 5927 5927 F linker : CANNOT LINK EXECUTABLE "/vendor/bin/hw/qvrservice": library "vendor.qti.hardware.qxr-V1-ndk_platform.so" not found: needed by /vendor/lib64/libqvrservice.so in namespace (default)
09-08 05:12:21.531 5928 5928 F linker : CANNOT LINK EXECUTABLE "/vendor/bin/hw/sxrservice": library "vendor.qti.hardware.qxr-V1-ndk_platform.so" not found: needed by main executable
09-08 05:12:22.067 1151 2144 I netstats_mobile_sample: [0,0,0,0,0,0,0,0,0,0,0,0,1662585142067]
09-08 05:12:22.068 1151 2144 I netstats_wifi_sample: [42794406,30372,636580,14849,42794406,30372,636580,14849,42966133,32099,614016,14731,1662585142067]
09-08 05:12:26.572 5932 5932 F linker : CANNOT LINK EXECUTABLE "/vendor/bin/hw/sxrservice": library "vendor.qti.hardware.qxr-V1-ndk_platform.so" not found: needed by main executable
09-08 05:12:26.573 5931 5931 F linker : CANNOT LINK EXECUTABLE "/vendor/bin/hw/qvrservice": library "vendor.qti.hardware.qxr-V1-ndk_platform.so" not found: needed by /vendor/lib64/libqvrservice.so in namespace (default)
09-08 05:12:29.912 1151 2144 I netstats_mobile_sample: [0,0,0,0,0,0,0,0,0,0,0,0,1662585149912]
09-08 05:12:29.912 1151 2144 I netstats_wifi_sample: [45226622,32039,670420,15689,45226622,32039,670420,15689,45387849,33759,647696,15567,1662585149912]
09-08 05:12:31.614 5937 5937 F linker : CANNOT LINK EXECUTABLE "/vendor/bin/hw/sxrservice": library "vendor.qti.hardware.qxr-V1-ndk_platform.so" not found: needed by main executable
09-08 05:12:31.615 5936 5936 F linker : CANNOT LINK EXECUTABLE "/vendor/bin/hw/qvrservice": library "vendor.qti.hardware.qxr-V1-ndk_platform.so" not found: needed by /vendor/lib64/libqvrservice.so in namespace (default)
09-08 05:12:36.640 5941 5941 F linker : CANNOT LINK EXECUTABLE "/vendor/bin/hw/qvrservice": library "vendor.qti.hardware.qxr-V1-ndk_platform.so" not found: needed by /vendor/lib64/libqvrservice.so in namespace (default)
09-08 05:12:36.654 5942 5942 F linker : CANNOT LINK EXECUTABLE "/vendor/bin/hw/sxrservice": library "vendor.qti.hardware.qxr-V1-ndk_platform.so" not found: needed by main executable
09-08 05:12:37.332 1151 2144 I netstats_mobile_sample: [0,0,0,0,0,0,0,0,0,0,0,0,1662585157332]
09-08 05:12:37.333 1151 2144 I netstats_wifi_sample: [47660262,33689,705276,16555,47660262,33689,705276,16555,47831989,35416,682672,16436,1662585157332]
09-08 05:12:41.694 5946 5946 F linker : CANNOT LINK EXECUTABLE "/vendor/bin/hw/sxrservice": library "vendor.qti.hardware.qxr-V1-ndk_platform.so" not found: needed by main executable
09-08 05:12:41.696 5945 5945 F linker : CANNOT LINK EXECUTABLE "/vendor/bin/hw/qvrservice": library "vendor.qti.hardware.qxr-V1-ndk_platform.so" not found: needed by /vendor/lib64/libqvrservice.so in namespace (default)
09-08 05:12:42.638 1151 2144 I netstats_mobile_sample: [0,0,0,0,0,0,0,0,0,0,0,0,1662585162637]
09-08 05:12:42.638 1151 2144 I netstats_wifi_sample: [50105118,35363,738876,17389,50105118,35363,738876,17389,50273809,37087,716192,17268,1662585162637]
09-08 05:12:46.751 5950 5950 F linker : CANNOT LINK EXECUTABLE "/vendor/bin/hw/qvrservice": library "vendor.qti.hardware.qxr-V1-ndk_platform.so" not found: needed by /vendor/lib64/libqvrservice.so in namespace (default)
09-08 05:12:46.752 5951 5951 F linker : CANNOT LINK EXECUTABLE "/vendor/bin/hw/sxrservice": library "vendor.qti.hardware.qxr-V1-ndk_platform.so" not found: needed by main executable
09-08 05:12:50.620 1151 2144 I netstats_mobile_sample: [0,0,0,0,0,0,0,0,0,0,0,0,1662585170620]
09-08 05:12:50.620 1151 2144 I netstats_wifi_sample: [52527622,36997,773372,18246,52527622,36997,773372,18246,52696313,38721,750688,18125,1662585170620]
09-08 05:12:51.790 5956 5956 F linker : CANNOT LINK EXECUTABLE "/vendor/bin/hw/sxrservice": library "vendor.qti.hardware.qxr-V1-ndk_platform.so" not found: needed by main executable
09-08 05:12:51.794 5955 5955 F linker : CANNOT LINK EXECUTABLE "/vendor/bin/hw/qvrservice": library "vendor.qti.hardware.qxr-V1-ndk_platform.so" not found: needed by /vendor/lib64/libqvrservice.so in namespace (default)
09-08 05:12:56.833 5960 5960 F linker : CANNOT LINK EXECUTABLE "/vendor/bin/hw/sxrservice": library "vendor.qti.hardware.qxr-V1-ndk_platform.so" not found: needed by main executable
09-08 05:12:56.833 5959 5959 F linker : CANNOT LINK EXECUTABLE "/vendor/bin/hw/qvrservice": library "vendor.qti.hardware.qxr-V1-ndk_platform.so" not found: needed by /vendor/lib64/libqvrservice.so in namespace (default)
09-08 05:12:57.902 1151 2144 I netstats_mobile_sample: [0,0,0,0,0,0,0,0,0,0,0,0,1662585177902]
09-08 05:12:57.902 1151 2144 I netstats_wifi_sample: [54934794,38645,806776,19076,54934794,38645,806776,19076,55106485,40371,784132,18956,1662585177902]
09-08 05:13:01.874 5964 5964 F linker : CANNOT LINK EXECUTABLE "/vendor/bin/hw/qvrservice": library "vendor.qti.hardware.qxr-V1-ndk_platform.so" not found: needed by /vendor/lib64/libqvrservice.so in namespace (default)
09-08 05:13:01.877 5965 5965 F linker : CANNOT LINK EXECUTABLE "/vendor/bin/hw/sxrservice": library "vendor.qti.hardware.qxr-V1-ndk_platform.so" not found: needed by main executable
09-08 05:13:03.046 1151 2144 I netstats_mobile_sample: [0,0,0,0,0,0,0,0,0,0,0,0,1662585183046]
09-08 05:13:03.047 1151 2144 I netstats_wifi_sample: [57370838,40401,838136,19854,57370838,40401,838136,19854,57542493,42126,815452,19733,1662585183046]
09-08 05:13:06.913 5969 5969 F linker : CANNOT LINK EXECUTABLE "/vendor/bin/hw/sxrservice": library "vendor.qti.hardware.qxr-V1-ndk_platform.so" not found: needed by main executable
09-08 05:13:06.914 5968 5968 F linker : CANNOT LINK EXECUTABLE "/vendor/bin/hw/qvrservice": library "vendor.qti.hardware.qxr-V1-ndk_platform.so" not found: needed by /vendor/lib64/libqvrservice.so in namespace (default)
09-08 05:13:09.852 1151 2144 I netstats_mobile_sample: [0,0,0,0,0,0,0,0,0,0,0,0,1662585189852]
09-08 05:13:09.852 1151 2144 I netstats_wifi_sample: [59804590,42106,870484,20657,59804590,42106,870484,20657,59976245,43831,847760,20535,1662585189852]
09-08 05:13:11.483 1151 1706 I UsageStatsService: User[0] Flushing usage stats to disk
09-08 05:13:11.955 5974 5974 F linker : CANNOT LINK EXECUTABLE "/vendor/bin/hw/sxrservice": library "vendor.qti.hardware.qxr-V1-ndk_platform.so" not found: needed by main executable
09-08 05:13:11.957 5973 5973 F linker : CANNOT LINK EXECUTABLE "/vendor/bin/hw/qvrservice": library "vendor.qti.hardware.qxr-V1-ndk_platform.so" not found: needed by /vendor/lib64/libqvrservice.so in namespace (default)
09-08 05:13:17.009 5978 5978 F linker : CANNOT LINK EXECUTABLE "/vendor/bin/hw/qvrservice": library "vendor.qti.hardware.qxr-V1-ndk_platform.so" not found: needed by /vendor/lib64/libqvrservice.so in namespace (default)
09-08 05:13:17.011 5979 5979 F linker : CANNOT LINK EXECUTABLE "/vendor/bin/hw/sxrservice": library "vendor.qti.hardware.qxr-V1-ndk_platform.so" not found: needed by main executable
09-08 05:13:17.891 1151 2144 I netstats_mobile_sample: [0,0,0,0,0,0,0,0,0,0,0,0,1662585197891]
09-08 05:13:17.892 1151 2144 I netstats_wifi_sample: [62220570,43765,903472,21476,62220570,43765,903472,21476,62392225,45490,880788,21355,1662585197891]
09-08 05:13:22.037 5982 5982 F linker : CANNOT LINK EXECUTABLE "/vendor/bin/hw/qvrservice": library "vendor.qti.hardware.qxr-V1-ndk_platform.so" not found: needed by /vendor/lib64/libqvrservice.so in namespace (default)
09-08 05:13:22.062 5983 5983 F linker : CANNOT LINK EXECUTABLE "/vendor/bin/hw/sxrservice": library "vendor.qti.hardware.qxr-V1-ndk_platform.so" not found: needed by main executable
09-08 05:13:24.926 1151 2144 I netstats_mobile_sample: [0,0,0,0,0,0,0,0,0,0,0,0,1662585204926]
09-08 05:13:24.927 1151 2144 I netstats_wifi_sample: [64472886,45297,935208,22264,64472886,45297,935208,22264,64623505,47007,912244,22136,1662585204926]
09-08 05:13:27.094 5988 5988 F linker : CANNOT LINK EXECUTABLE "/vendor/bin/hw/sxrservice": library "vendor.qti.hardware.qxr-V1-ndk_platform.so" not found: needed by main executable
09-08 05:13:27.096 5987 5987 F linker : CANNOT LINK EXECUTABLE "/vendor/bin/hw/qvrservice": library "vendor.qti.hardware.qxr-V1-ndk_platform.so" not found: needed by /vendor/lib64/libqvrservice.so in namespace (default)
09-08 05:13:31.364 1151 2144 I netstats_mobile_sample: [0,0,0,0,0,0,0,0,0,0,0,0,1662585211364]
09-08 05:13:31.364 1151 2144 I netstats_wifi_sample: [67100546,47137,970796,23148,67100546,47137,970796,23148,67272165,48861,948072,23026,1662585211364]
09-08 05:13:32.134 5993 5993 F linker : CANNOT LINK EXECUTABLE "/vendor/bin/hw/sxrservice": library "vendor.qti.hardware.qxr-V1-ndk_platform.so" not found: needed by main executable
09-08 05:13:32.135 5992 5992 F linker : CANNOT LINK EXECUTABLE "/vendor/bin/hw/qvrservice": library "vendor.qti.hardware.qxr-V1-ndk_platform.so" not found: needed by /vendor/lib64/libqvrservice.so in namespace (default)
09-08 05:13:37.168 5997 5997 F linker : CANNOT LINK EXECUTABLE "/vendor/bin/hw/sxrservice": library "vendor.qti.hardware.qxr-V1-ndk_platform.so" not found: needed by main executable
09-08 05:13:37.176 5996 5996 F linker : CANNOT LINK EXECUTABLE "/vendor/bin/hw/qvrservice": library "vendor.qti.hardware.qxr-V1-ndk_platform.so" not found: needed by /vendor/lib64/libqvrservice.so in namespace (default)
09-08 05:13:39.653 1151 2144 I netstats_mobile_sample: [0,0,0,0,0,0,0,0,0,0,0,0,1662585219653]
09-08 05:13:39.653 1151 2144 I netstats_wifi_sample: [69542094,48786,1005408,24007,69542094,48786,1005408,24007,69710713,50508,982644,23884,1662585219653]
09-08 05:13:42.234 6002 6002 F linker : CANNOT LINK EXECUTABLE "/vendor/bin/hw/sxrservice": library "vendor.qti.hardware.qxr-V1-ndk_platform.so" not found: needed by main executable
09-08 05:13:42.236 6001 6001 F linker : CANNOT LINK EXECUTABLE "/vendor/bin/hw/qvrservice": library "vendor.qti.hardware.qxr-V1-ndk_platform.so" not found: needed by /vendor/lib64/libqvrservice.so in namespace (default)
09-08 05:13:46.500 1151 2144 I netstats_mobile_sample: [0,0,0,0,0,0,0,0,0,0,0,0,1662585226500]
09-08 05:13:46.500 1151 2144 I netstats_wifi_sample: [71959242,50474,1037892,24814,71959242,50474,1037892,24814,72130825,52197,1015168,24692,1662585226500]
09-08 05:13:47.274 6007 6007 F linker : CANNOT LINK EXECUTABLE "/vendor/bin/hw/sxrservice": library "vendor.qti.hardware.qxr-V1-ndk_platform.so" not found: needed by main executable
09-08 05:13:47.275 6006 6006 F linker : CANNOT LINK EXECUTABLE "/vendor/bin/hw/qvrservice": library "vendor.qti.hardware.qxr-V1-ndk_platform.so" not found: needed by /vendor/lib64/libqvrservice.so in namespace (default)
09-08 05:13:52.315 6011 6011 F linker : CANNOT LINK EXECUTABLE "/vendor/bin/hw/sxrservice": library "vendor.qti.hardware.qxr-V1-ndk_platform.so" not found: needed by main executable
09-08 05:13:52.317 6010 6010 F linker : CANNOT LINK EXECUTABLE "/vendor/bin/hw/qvrservice": library "vendor.qti.hardware.qxr-V1-ndk_platform.so" not found: needed by /vendor/lib64/libqvrservice.so in namespace (default)
09-08 05:13:53.606 1151 2144 I netstats_mobile_sample: [0,0,0,0,0,0,0,0,0,0,0,0,1662585233606]
09-08 05:13:53.607 1151 2144 I netstats_wifi_sample: [74392998,52114,1072852,25682,74392998,52114,1072852,25682,74561581,53835,1050048,25558,1662585233606]
09-08 05:13:57.358 6015 6015 F linker : CANNOT LINK EXECUTABLE "/vendor/bin/hw/qvrservice": library "vendor.qti.hardware.qxr-V1-ndk_platform.so" not found: needed by /vendor/lib64/libqvrservice.so in namespace (default)
09-08 05:13:57.371 6016 6016 F linker : CANNOT LINK EXECUTABLE "/vendor/bin/hw/sxrservice": library "vendor.qti.hardware.qxr-V1-ndk_platform.so" not found: needed by main executable
09-08 05:13:59.663 1151 2144 I netstats_mobile_sample: [0,0,0,0,0,0,0,0,0,0,0,0,1662585239663]
09-08 05:13:59.663 1151 2144 I netstats_wifi_sample: [76841394,53847,1105440,26491,76841394,53847,1105440,26491,77009977,55568,1082636,26367,1662585239663]
09-08 05:14:02.398 6020 6020 F linker : CANNOT LINK EXECUTABLE "/vendor/bin/hw/qvrservice": library "vendor.qti.hardware.qxr-V1-ndk_platform.so" not found: needed by /vendor/lib64/libqvrservice.so in namespace (default)
09-08 05:14:02.413 6021 6021 F linker : CANNOT LINK EXECUTABLE "/vendor/bin/hw/sxrservice": library "vendor.qti.hardware.qxr-V1-ndk_platform.so" not found: needed by main executable
09-08 05:14:06.930 1151 2144 I netstats_mobile_sample: [0,0,0,0,0,0,0,0,0,0,0,0,1662585246930]
09-08 05:14:06.930 1151 2144 I netstats_wifi_sample: [79224906,55484,1138232,27306,79224906,55484,1138232,27306,79396453,57206,1115428,27182,1662585246930]
09-08 05:14:07.453 6025 6025 F linker : CANNOT LINK EXECUTABLE "/vendor/bin/hw/sxrservice": library "vendor.qti.hardware.qxr-V1-ndk_platform.so" not found: needed by main executable
09-08 05:14:07.453 6024 6024 F linker : CANNOT LINK EXECUTABLE "/vendor/bin/hw/qvrservice": library "vendor.qti.hardware.qxr-V1-ndk_platform.so" not found: needed by /vendor/lib64/libqvrservice.so in namespace (default)
09-08 05:14:12.492 6030 6030 F linker : CANNOT LINK EXECUTABLE "/vendor/bin/hw/sxrservice": library "vendor.qti.hardware.qxr-V1-ndk_platform.so" not found: needed by main executable
09-08 05:14:12.493 6029 6029 F linker : CANNOT LINK EXECUTABLE "/vendor/bin/hw/qvrservice": library "vendor.qti.hardware.qxr-V1-ndk_platform.so" not found: needed by /vendor/lib64/libqvrservice.so in namespace (default)
09-08 05:14:14.780 1151 2144 I netstats_mobile_sample: [0,0,0,0,0,0,0,0,0,0,0,0,1662585254780]
09-08 05:14:14.780 1151 2144 I netstats_wifi_sample: [81654418,57154,1171700,28137,81654418,57154,1171700,28137,81824465,58875,1148856,28012,1662585254780]
09-08 05:14:17.534 6033 6033 F linker : CANNOT LINK EXECUTABLE "/vendor/bin/hw/qvrservice": library "vendor.qti.hardware.qxr-V1-ndk_platform.so" not found: needed by /vendor/lib64/libqvrservice.so in namespace (default)
09-08 05:14:17.550 6034 6034 F linker : CANNOT LINK EXECUTABLE "/vendor/bin/hw/sxrservice": library "vendor.qti.hardware.qxr-V1-ndk_platform.so" not found: needed by main executable
09-08 05:14:22.246 1151 2144 I netstats_mobile_sample: [0,0,0,0,0,0,0,0,0,0,0,0,1662585262246]
09-08 05:14:22.246 1151 2144 I netstats_wifi_sample: [84085326,58844,1205328,28972,84085326,58844,1205328,28972,84256837,60565,1182484,28847,1662585262246]
09-08 05:14:22.594 6039 6039 F linker : CANNOT LINK EXECUTABLE "/vendor/bin/hw/sxrservice": library "vendor.qti.hardware.qxr-V1-ndk_platform.so" not found: needed by main executable
09-08 05:14:22.595 6038 6038 F linker : CANNOT LINK EXECUTABLE "/vendor/bin/hw/qvrservice": library "vendor.qti.hardware.qxr-V1-ndk_platform.so" not found: needed by /vendor/lib64/libqvrservice.so in namespace (default)
09-08 05:14:27.634 6044 6044 F linker : CANNOT LINK EXECUTABLE "/vendor/bin/hw/sxrservice": library "vendor.qti.hardware.qxr-V1-ndk_platform.so" not found: needed by main executable
09-08 05:14:27.637 6043 6043 F linker : CANNOT LINK EXECUTABLE "/vendor/bin/hw/qvrservice": library "vendor.qti.hardware.qxr-V1-ndk_platform.so" not found: needed by /vendor/lib64/libqvrservice.so in namespace (default)
09-08 05:14:28.896 1151 2144 I netstats_mobile_sample: [0,0,0,0,0,0,0,0,0,0,0,0,1662585268896]
09-08 05:14:28.897 1151 2144 I netstats_wifi_sample: [86529446,60519,1239384,29818,86529446,60519,1239384,29818,86700957,62240,1216540,29693,1662585268896]
09-08 05:14:32.648 6048 6048 F linker : CANNOT LINK EXECUTABLE "/vendor/bin/hw/sxrservice": library "vendor.qti.hardware.qxr-V1-ndk_platform.so" not found: needed by main executable
09-08 05:14:32.674 6047 6047 F linker : CANNOT LINK EXECUTABLE "/vendor/bin/hw/qvrservice": library "vendor.qti.hardware.qxr-V1-ndk_platform.so" not found: needed by /vendor/lib64/libqvrservice.so in namespace (default)
09-08 05:14:36.332 1151 2144 I netstats_mobile_sample: [0,0,0,0,0,0,0,0,0,0,0,0,1662585276332]
09-08 05:14:36.332 1151 2144 I netstats_wifi_sample: [88962166,62195,1272960,30652,88962166,62195,1272960,30652,89133677,63916,1250076,30526,1662585276332]
09-08 05:14:36.339 1151 2145 I service_manager_stats: [100,108,171461]
09-08 05:14:37.698 6052 6052 F linker : CANNOT LINK EXECUTABLE "/vendor/bin/hw/qvrservice": library "vendor.qti.hardware.qxr-V1-ndk_platform.so" not found: needed by /vendor/lib64/libqvrservice.so in namespace (default)
09-08 05:14:37.716 6053 6053 F linker : CANNOT LINK EXECUTABLE "/vendor/bin/hw/sxrservice": library "vendor.qti.hardware.qxr-V1-ndk_platform.so" not found: needed by main executable
09-08 05:14:42.472 1151 2144 I netstats_mobile_sample: [0,0,0,0,0,0,0,0,0,0,0,0,1662585282472]
09-08 05:14:42.473 1151 2144 I netstats_wifi_sample: [91643506,64078,1308452,31533,91643506,64078,1308452,31533,91814981,65798,1285608,31408,1662585282472]
09-08 05:14:42.750 6058 6058 F linker : CANNOT LINK EXECUTABLE "/vendor/bin/hw/sxrservice": library "vendor.qti.hardware.qxr-V1-ndk_platform.so" not found: needed by main executable
09-08 05:14:42.755 6057 6057 F linker : CANNOT LINK EXECUTABLE "/vendor/bin/hw/qvrservice": library "vendor.qti.hardware.qxr-V1-ndk_platform.so" not found: needed by /vendor/lib64/libqvrservice.so in namespace (default)
09-08 05:14:47.799 6061 6061 F linker : CANNOT LINK EXECUTABLE "/vendor/bin/hw/qvrservice": library "vendor.qti.hardware.qxr-V1-ndk_platform.so" not found: needed by /vendor/lib64/libqvrservice.so in namespace (default)
09-08 05:14:47.824 6062 6062 F linker : CANNOT LINK EXECUTABLE "/vendor/bin/hw/sxrservice": library "vendor.qti.hardware.qxr-V1-ndk_platform.so" not found: needed by main executable
09-08 05:14:50.907 1151 2144 I service_manager_slow: [10,alarm]
09-08 05:14:50.944 1151 2144 I netstats_mobile_sample: [0,0,0,0,0,0,0,0,0,0,0,0,1662585290944]
09-08 05:14:50.945 1151 2144 I netstats_wifi_sample: [94070678,65718,1342800,32386,94070678,65718,1342800,32386,94242153,67438,1319916,32260,1662585290944]
09-08 05:14:52.854 6067 6067 F linker : CANNOT LINK EXECUTABLE "/vendor/bin/hw/qvrservice": library "vendor.qti.hardware.qxr-V1-ndk_platform.so" not found: needed by /vendor/lib64/libqvrservice.so in namespace (default)
09-08 05:14:52.855 6068 6068 F linker : CANNOT LINK EXECUTABLE "/vendor/bin/hw/sxrservice": library "vendor.qti.hardware.qxr-V1-ndk_platform.so" not found: needed by main executable
09-08 05:14:57.668 1151 2144 I netstats_mobile_sample: [0,0,0,0,0,0,0,0,0,0,0,0,1662585297668]
09-08 05:14:57.668 1151 2144 I netstats_wifi_sample: [96535402,67409,1376452,33221,96535402,67409,1376452,33221,96703877,69127,1353528,33094,1662585297668]
09-08 05:14:57.871 6073 6073 F linker : CANNOT LINK EXECUTABLE "/vendor/bin/hw/sxrservice": library "vendor.qti.hardware.qxr-V1-ndk_platform.so" not found: needed by main executable
09-08 05:14:57.877 6072 6072 F linker : CANNOT LINK EXECUTABLE "/vendor/bin/hw/qvrservice": library "vendor.qti.hardware.qxr-V1-ndk_platform.so" not found: needed by /vendor/lib64/libqvrservice.so in namespace (default)
09-08 05:15:02.929 6077 6077 F linker : CANNOT LINK EXECUTABLE "/vendor/bin/hw/sxrservice": library "vendor.qti.hardware.qxr-V1-ndk_platform.so" not found: needed by main executable
09-08 05:15:02.934 6076 6076 F linker : CANNOT LINK EXECUTABLE "/vendor/bin/hw/qvrservice": library "vendor.qti.hardware.qxr-V1-ndk_platform.so" not found: needed by /vendor/lib64/libqvrservice.so in namespace (default)
09-08 05:15:04.560 1151 2144 I netstats_mobile_sample: [0,0,0,0,0,0,0,0,0,0,0,0,1662585304560]
09-08 05:15:04.560 1151 2144 I netstats_wifi_sample: [98729222,68949,1405684,33947,98723222,68945,1405604,33945,98864661,70644,1382320,33809,1662585304560]
09-08 05:15:07.974 6082 6082 F linker : CANNOT LINK EXECUTABLE "/vendor/bin/hw/sxrservice": library "vendor.qti.hardware.qxr-V1-ndk_platform.so" not found: needed by main executable
09-08 05:15:07.974 6081 6081 F linker : CANNOT LINK EXECUTABLE "/vendor/bin/hw/qvrservice": library "vendor.qti.hardware.qxr-V1-ndk_platform.so" not found: needed by /vendor/lib64/libqvrservice.so in namespace (default)
09-08 05:15:12.130 1151 2144 I netstats_mobile_sample: [0,0,0,0,0,0,0,0,0,0,0,0,1662585312130]
09-08 05:15:12.130 1151 2144 I netstats_wifi_sample: [101374830,70803,1441192,34829,101374830,70803,1441192,34829,101546269,72522,1418268,34702,1662585312130]
09-08 05:15:13.031 6086 6086 F linker : CANNOT LINK EXECUTABLE "/vendor/bin/hw/qvrservice": library "vendor.qti.hardware.qxr-V1-ndk_platform.so" not found: needed by /vendor/lib64/libqvrservice.so in namespace (default)
09-08 05:15:13.034 6087 6087 F linker : CANNOT LINK EXECUTABLE "/vendor/bin/hw/sxrservice": library "vendor.qti.hardware.qxr-V1-ndk_platform.so" not found: needed by main executable
09-08 05:15:18.075 6091 6091 F linker : CANNOT LINK EXECUTABLE "/vendor/bin/hw/sxrservice": library "vendor.qti.hardware.qxr-V1-ndk_platform.so" not found: needed by main executable
09-08 05:15:18.077 6090 6090 F linker : CANNOT LINK EXECUTABLE "/vendor/bin/hw/qvrservice": library "vendor.qti.hardware.qxr-V1-ndk_platform.so" not found: needed by /vendor/lib64/libqvrservice.so in namespace (default)
09-08 05:15:18.612 1151 2144 I netstats_mobile_sample: [0,0,0,0,0,0,0,0,0,0,0,0,1662585318612]
09-08 05:15:18.612 1151 2144 I netstats_wifi_sample: [103614614,72356,1471808,35589,103608614,72352,1471728,35587,103741053,74045,1448284,35447,1662585318612]
09-08 05:15:23.112 6096 6096 F linker : CANNOT LINK EXECUTABLE "/vendor/bin/hw/sxrservice": library "vendor.qti.hardware.qxr-V1-ndk_platform.so" not found: needed by main executable
09-08 05:15:23.115 6095 6095 F linker : CANNOT LINK EXECUTABLE "/vendor/bin/hw/qvrservice": library "vendor.qti.hardware.qxr-V1-ndk_platform.so" not found: needed by /vendor/lib64/libqvrservice.so in namespace (default)
09-08 05:15:25.605 1151 2144 I netstats_mobile_sample: [0,0,0,0,0,0,0,0,0,0,0,0,1662585325605]
09-08 05:15:25.605 1151 2144 I netstats_wifi_sample: [106239566,74133,1508608,36503,106239566,74133,1508608,36503,106405601,75847,1485540,36373,1662585325605]
09-08 05:15:28.169 6099 6099 F linker : CANNOT LINK EXECUTABLE "/vendor/bin/hw/qvrservice": library "vendor.qti.hardware.qxr-V1-ndk_platform.so" not found: needed by /vendor/lib64/libqvrservice.so in namespace (default)
09-08 05:15:28.170 6100 6100 F linker : CANNOT LINK EXECUTABLE "/vendor/bin/hw/sxrservice": library "vendor.qti.hardware.qxr-V1-ndk_platform.so" not found: needed by main executable
09-08 05:15:31.700 1151 2144 I netstats_mobile_sample: [0,0,0,0,0,0,0,0,0,0,0,0,1662585331699]
09-08 05:15:31.700 1151 2144 I netstats_wifi_sample: [108519598,75702,1540092,37285,108519598,75702,1540092,37285,108688001,77418,1517088,37156,1662585331699]
09-08 05:15:33.212 6105 6105 F linker : CANNOT LINK EXECUTABLE "/vendor/bin/hw/qvrservice": library "vendor.qti.hardware.qxr-V1-ndk_platform.so" not found: needed by /vendor/lib64/libqvrservice.so in namespace (default)
09-08 05:15:33.212 6106 6106 F linker : CANNOT LINK EXECUTABLE "/vendor/bin/hw/sxrservice": library "vendor.qti.hardware.qxr-V1-ndk_platform.so" not found: needed by main executable
09-08 05:15:38.253 6111 6111 F linker : CANNOT LINK EXECUTABLE "/vendor/bin/hw/sxrservice": library "vendor.qti.hardware.qxr-V1-ndk_platform.so" not found: needed by main executable
09-08 05:15:38.256 6110 6110 F linker : CANNOT LINK EXECUTABLE "/vendor/bin/hw/qvrservice": library "vendor.qti.hardware.qxr-V1-ndk_platform.so" not found: needed by /vendor/lib64/libqvrservice.so in namespace (default)
09-08 05:15:38.848 1151 2144 I netstats_mobile_sample: [0,0,0,0,0,0,0,0,0,0,0,0,1662585338848]
09-08 05:15:38.849 1151 2144 I netstats_wifi_sample: [111075874,77464,1574388,38137,111075874,77464,1574388,38137,111247277,79182,1551424,38009,1662585338848]
09-08 05:15:43.297 6114 6114 F linker : CANNOT LINK EXECUTABLE "/vendor/bin/hw/qvrservice": library "vendor.qti.hardware.qxr-V1-ndk_platform.so" not found: needed by /vendor/lib64/libqvrservice.so in namespace (default)
09-08 05:15:43.323 6115 6115 F linker : CANNOT LINK EXECUTABLE "/vendor/bin/hw/sxrservice": library "vendor.qti.hardware.qxr-V1-ndk_platform.so" not found: needed by main executable
09-08 05:15:44.930 1151 2144 I netstats_mobile_sample: [0,0,0,0,0,0,0,0,0,0,0,0,1662585344930]
09-08 05:15:44.930 1151 2144 I netstats_wifi_sample: [113520498,79163,1607548,38960,113520498,79163,1607548,38960,113691865,80880,1584584,38832,1662585344930]
09-08 05:15:48.353 6120 6120 F linker : CANNOT LINK EXECUTABLE "/vendor/bin/hw/sxrservice": library "vendor.qti.hardware.qxr-V1-ndk_platform.so" not found: needed by main executable
09-08 05:15:48.356 6119 6119 F linker : CANNOT LINK EXECUTABLE "/vendor/bin/hw/qvrservice": library "vendor.qti.hardware.qxr-V1-ndk_platform.so" not found: needed by /vendor/lib64/libqvrservice.so in namespace (default)
09-08 05:15:50.886 1151 2144 I netstats_mobile_sample: [0,0,0,0,0,0,0,0,0,0,0,0,1662585350886]
09-08 05:15:50.887 1151 2144 I netstats_wifi_sample: [115951646,80818,1641324,39799,115951646,80818,1641324,39799,116112513,82528,1618200,39667,1662585350886]
09-08 05:15:53.394 6125 6125 F linker : CANNOT LINK EXECUTABLE "/vendor/bin/hw/sxrservice": library "vendor.qti.hardware.qxr-V1-ndk_platform.so" not found: needed by main executable
09-08 05:15:53.395 6124 6124 F linker : CANNOT LINK EXECUTABLE "/vendor/bin/hw/qvrservice": library "vendor.qti.hardware.qxr-V1-ndk_platform.so" not found: needed by /vendor/lib64/libqvrservice.so in namespace (default)
09-08 05:15:58.367 1151 2144 I netstats_mobile_sample: [0,0,0,0,0,0,0,0,0,0,0,0,1662585358366]
09-08 05:15:58.367 1151 2144 I netstats_wifi_sample: [118378626,82512,1674500,40623,118378626,82512,1674500,40623,118549993,84229,1651496,40494,1662585358366]
09-08 05:15:58.419 6128 6128 F linker : CANNOT LINK EXECUTABLE "/vendor/bin/hw/qvrservice": library "vendor.qti.hardware.qxr-V1-ndk_platform.so" not found: needed by /vendor/lib64/libqvrservice.so in namespace (default)
09-08 05:15:58.433 6129 6129 F linker : CANNOT LINK EXECUTABLE "/vendor/bin/hw/sxrservice": library "vendor.qti.hardware.qxr-V1-ndk_platform.so" not found: needed by main executable
09-08 05:16:03.474 6134 6134 F linker : CANNOT LINK EXECUTABLE "/vendor/bin/hw/qvrservice": library "vendor.qti.hardware.qxr-V1-ndk_platform.so" not found: needed by /vendor/lib64/libqvrservice.so in namespace (default)
09-08 05:16:03.490 6135 6135 F linker : CANNOT LINK EXECUTABLE "/vendor/bin/hw/sxrservice": library "vendor.qti.hardware.qxr-V1-ndk_platform.so" not found: needed by main executable
09-08 05:16:04.189 1151 2144 I netstats_mobile_sample: [0,0,0,0,0,0,0,0,0,0,0,0,1662585364189]
09-08 05:16:04.189 1151 2144 I netstats_wifi_sample: [120812250,84202,1707620,41445,120812250,84202,1707620,41445,120983581,85918,1684616,41316,1662585364189]
09-08 05:16:08.518 6139 6139 F linker : CANNOT LINK EXECUTABLE "/vendor/bin/hw/qvrservice": library "vendor.qti.hardware.qxr-V1-ndk_platform.so" not found: needed by /vendor/lib64/libqvrservice.so in namespace (default)
09-08 05:16:08.550 6140 6140 F linker : CANNOT LINK EXECUTABLE "/vendor/bin/hw/sxrservice": library "vendor.qti.hardware.qxr-V1-ndk_platform.so" not found: needed by main executable
09-08 05:16:10.512 1151 2144 I netstats_mobile_sample: [0,0,0,0,0,0,0,0,0,0,0,0,1662585370512]
09-08 05:16:10.513 1151 2144 I netstats_wifi_sample: [123247226,85888,1740916,42272,123247226,85888,1740916,42272,123418557,87604,1717872,42142,1662585370512]
09-08 05:16:13.595 6144 6144 F linker : CANNOT LINK EXECUTABLE "/vendor/bin/hw/sxrservice": library "vendor.qti.hardware.qxr-V1-ndk_platform.so" not found: needed by main executable
09-08 05:16:13.595 6143 6143 F linker : CANNOT LINK EXECUTABLE "/vendor/bin/hw/qvrservice": library "vendor.qti.hardware.qxr-V1-ndk_platform.so" not found: needed by /vendor/lib64/libqvrservice.so in namespace (default)
09-08 05:16:17.806 1151 2144 I netstats_mobile_sample: [0,0,0,0,0,0,0,0,0,0,0,0,1662585377806]
09-08 05:16:17.806 1151 2144 I netstats_wifi_sample: [125529822,87443,1773316,43076,125529822,87443,1773316,43076,125698153,89157,1750232,42945,1662585377806]
09-08 05:16:18.617 6148 6148 F linker : CANNOT LINK EXECUTABLE "/vendor/bin/hw/qvrservice": library "vendor.qti.hardware.qxr-V1-ndk_platform.so" not found: needed by /vendor/lib64/libqvrservice.so in namespace (default)
09-08 05:16:18.629 6149 6149 F linker : CANNOT LINK EXECUTABLE "/vendor/bin/hw/sxrservice": library "vendor.qti.hardware.qxr-V1-ndk_platform.so" not found: needed by main executable
09-08 05:16:21.788 1151 2162 I storage_state: [41217664-9172-527a-b3d5-edabb50a7d69,0,0,46732124160,48316284928]
09-08 05:16:23.522 1151 2144 I netstats_mobile_sample: [0,0,0,0,0,0,0,0,0,0,0,0,1662585383522]
09-08 05:16:23.523 1151 2144 I netstats_wifi_sample: [128087194,89205,1807796,43932,128087194,89205,1807796,43932,128258489,90920,1784752,43802,1662585383522]
09-08 05:16:23.656 6153 6153 F linker : CANNOT LINK EXECUTABLE "/vendor/bin/hw/qvrservice": library "vendor.qti.hardware.qxr-V1-ndk_platform.so" not found: needed by /vendor/lib64/libqvrservice.so in namespace (default)
09-08 05:16:23.680 6154 6154 F linker : CANNOT LINK EXECUTABLE "/vendor/bin/hw/sxrservice": library "vendor.qti.hardware.qxr-V1-ndk_platform.so" not found: needed by main executable
09-08 05:16:28.714 6158 6158 F linker : CANNOT LINK EXECUTABLE "/vendor/bin/hw/qvrservice": library "vendor.qti.hardware.qxr-V1-ndk_platform.so" not found: needed by /vendor/lib64/libqvrservice.so in namespace (default)
09-08 05:16:28.717 6159 6159 F linker : CANNOT LINK EXECUTABLE "/vendor/bin/hw/sxrservice": library "vendor.qti.hardware.qxr-V1-ndk_platform.so" not found: needed by main executable
09-08 05:16:29.720 1151 2144 I netstats_mobile_sample: [0,0,0,0,0,0,0,0,0,0,0,0,1662585389720]
09-08 05:16:29.721 1151 2144 I netstats_wifi_sample: [130567530,90915,1841728,44774,130564530,90913,1841688,44773,130732825,92626,1818564,44641,1662585389720]
09-08 05:16:33.753 6165 6165 F linker : CANNOT LINK EXECUTABLE "/vendor/bin/hw/sxrservice": library "vendor.qti.hardware.qxr-V1-ndk_platform.so" not found: needed by main executable
09-08 05:16:33.755 6164 6164 F linker : CANNOT LINK EXECUTABLE "/vendor/bin/hw/qvrservice": library "vendor.qti.hardware.qxr-V1-ndk_platform.so" not found: needed by /vendor/lib64/libqvrservice.so in namespace (default)
09-08 05:16:36.936 1151 2144 I netstats_mobile_sample: [0,0,0,0,0,0,0,0,0,0,0,0,1662585396936]
09-08 05:16:36.936 1151 2144 I netstats_wifi_sample: [132945962,92561,1874120,45579,132945962,92561,1874120,45579,133117257,94276,1851036,45448,1662585396936]
09-08 05:16:38.777 6168 6168 F linker : CANNOT LINK EXECUTABLE "/vendor/bin/hw/qvrservice": library "vendor.qti.hardware.qxr-V1-ndk_platform.so" not found: needed by /vendor/lib64/libqvrservice.so in namespace (default)
09-08 05:16:38.794 6169 6169 F linker : CANNOT LINK EXECUTABLE "/vendor/bin/hw/sxrservice": library "vendor.qti.hardware.qxr-V1-ndk_platform.so" not found: needed by main executable
09-08 05:16:43.727 1151 2144 I netstats_mobile_sample: [0,0,0,0,0,0,0,0,0,0,0,0,1662585403727]
09-08 05:16:43.727 1151 2144 I netstats_wifi_sample: [135414118,94261,1908372,46429,135414118,94261,1908372,46429,135579377,95971,1885208,46296,1662585403727]
09-08 05:16:43.854 6174 6174 F linker : CANNOT LINK EXECUTABLE "/vendor/bin/hw/sxrservice": library "vendor.qti.hardware.qxr-V1-ndk_platform.so" not found: needed by main executable
09-08 05:16:43.856 6173 6173 F linker : CANNOT LINK EXECUTABLE "/vendor/bin/hw/qvrservice": library "vendor.qti.hardware.qxr-V1-ndk_platform.so" not found: needed by /vendor/lib64/libqvrservice.so in namespace (default)
09-08 05:16:48.893 6180 6180 F linker : CANNOT LINK EXECUTABLE "/vendor/bin/hw/sxrservice": library "vendor.qti.hardware.qxr-V1-ndk_platform.so" not found: needed by main executable
09-08 05:16:48.894 6179 6179 F linker : CANNOT LINK EXECUTABLE "/vendor/bin/hw/qvrservice": library "vendor.qti.hardware.qxr-V1-ndk_platform.so" not found: needed by /vendor/lib64/libqvrservice.so in namespace (default)
09-08 05:16:51.072 1151 2144 I netstats_mobile_sample: [0,0,0,0,0,0,0,0,0,0,0,0,1662585411072]
09-08 05:16:51.073 1151 2144 I netstats_wifi_sample: [137816642,95902,1941188,47244,137806142,95895,1940948,47238,137977401,97609,1917824,47106,1662585411072]
09-08 05:16:53.933 6184 6184 F linker : CANNOT LINK EXECUTABLE "/vendor/bin/hw/sxrservice": library "vendor.qti.hardware.qxr-V1-ndk_platform.so" not found: needed by main executable
09-08 05:16:53.936 6183 6183 F linker : CANNOT LINK EXECUTABLE "/vendor/bin/hw/qvrservice": library "vendor.qti.hardware.qxr-V1-ndk_platform.so" not found: needed by /vendor/lib64/libqvrservice.so in namespace (default)
09-08 05:16:57.741 1151 2144 I netstats_mobile_sample: [0,0,0,0,0,0,0,0,0,0,0,0,1662585417741]
09-08 05:16:57.742 1151 2144 I netstats_wifi_sample: [140346454,97665,1975788,48103,140346454,97665,1975788,48103,140514713,99377,1952624,47970,1662585417741]
09-08 05:16:58.978 6188 6188 F linker : CANNOT LINK EXECUTABLE "/vendor/bin/hw/qvrservice": library "vendor.qti.hardware.qxr-V1-ndk_platform.so" not found: needed by /vendor/lib64/libqvrservice.so in namespace (default)
