09-08 05:29:25.696 6894 6894 F linker : CANNOT LINK EXECUTABLE "/vendor/bin/hw/qvrservice": library "vendor.qti.hardware.qxr-V1-ndk_platform.so" not found: needed by /vendor/lib64/libqvrservice.so in namespace (default)
01-01 08:37:15.972 0 0 I init : Service 'sxrd' (pid 6895) exited with status 1
01-01 08:37:15.978 0 0 I init : Sending signal 9 to service 'sxrd' (pid 6895) process group...
01-01 08:37:15.986 0 0 I libprocessgroup: Successfully killed process cgroup uid 1000 pid 6895 in 0ms
01-01 08:37:15.997 0 0 I init : Service 'qvrd_vndr' (pid 6894) exited with status 1
01-01 08:37:16.003 0 0 I init : Sending signal 9 to service 'qvrd_vndr' (pid 6894) process group...
01-01 08:37:16.765 0 0 D : mv2112_read_status
01-01 08:37:16.769 0 0 D mv2112_update_link: 3.0x901(1G): 0x80
01-01 08:37:16.774 0 0 D mv2112_update_link: 3.0x8109(100M): 0x0
01-01 08:37:16.779 0 0 D mv2112_update_link: link 0x0
01-01 08:37:16.784 0 0 D mv2112_read_status: autoneg is disabled
01-01 08:37:17.789 0 0 D : mv2112_read_status
01-01 08:37:17.792 0 0 D mv2112_update_link: 3.0x901(1G): 0x80
01-01 08:37:17.805 0 0 D mv2112_update_link: 3.0x8109(100M): 0x0
01-01 08:37:17.813 0 0 D mv2112_update_link: link 0x0
01-01 08:37:17.817 0 0 D mv2112_read_status: autoneg is disabled
01-01 08:37:18.845 0 0 D : mv2112_read_status
01-01 08:37:18.849 0 0 D mv2112_update_link: 3.0x901(1G): 0x80
01-01 08:37:18.854 0 0 D mv2112_update_link: 3.0x8109(100M): 0x0
01-01 08:37:18.860 0 0 D mv2112_update_link: link 0x0
01-01 08:37:18.864 0 0 D mv2112_read_status: autoneg is disabled
01-01 08:37:19.869 0 0 D : mv2112_read_status
01-01 08:37:19.872 0 0 D mv2112_update_link: 3.0x901(1G): 0x80
01-01 08:37:19.878 0 0 D mv2112_update_link: 3.0x8109(100M): 0x0
01-01 08:37:19.884 0 0 D mv2112_update_link: link 0x0
01-01 08:37:19.888 0 0 D mv2112_read_status: autoneg is disabled
01-01 08:37:20.893 0 0 D : mv2112_read_status
01-01 08:37:20.896 0 0 D mv2112_update_link: 3.0x901(1G): 0x80
01-01 08:37:20.903 0 0 D mv2112_update_link: 3.0x8109(100M): 0x0
01-01 08:37:20.909 0 0 D mv2112_update_link: link 0x0
01-01 08:37:20.913 0 0 D mv2112_read_status: autoneg is disabled
01-01 08:37:20.921 0 0 I init : starting service 'qvrd_vndr'...
01-01 08:37:20.928 0 0 I init : Created socket '/dev/socket/qvrservice_vndr', mode 660, user 1000, group 1000
01-01 08:37:20.939 0 0 I init : Created socket '/dev/socket/qvrservice_vndr_camera', mode 660, user 1000, group 1000
01-01 08:37:20.966 0 0 I init : starting service 'sxrd'...
01-01 08:37:20.985 0 0 I init : starting service 'vendor.light-hal-2-0'...
09-08 05:29:30.731 6900 6900 F linker : CANNOT LINK EXECUTABLE "/vendor/bin/hw/sxrservice": library "vendor.qti.hardware.qxr-V1-ndk_platform.so" not found: needed by main executable
09-08 05:29:30.732 6899 6899 F linker : CANNOT LINK EXECUTABLE "/vendor/bin/hw/qvrservice": library "vendor.qti.hardware.qxr-V1-ndk_platform.so" not found: needed by /vendor/lib64/libqvrservice.so in namespace (default)
01-01 08:37:21.010 0 0 I init : Service 'sxrd' (pid 6900) exited with status 1
01-01 08:37:21.016 0 0 I init : Sending signal 9 to service 'sxrd' (pid 6900) process group...
01-01 08:37:21.024 0 0 I libprocessgroup: Successfully killed process cgroup uid 1000 pid 6900 in 0ms
01-01 08:37:21.034 0 0 I init : Service 'qvrd_vndr' (pid 6899) exited with status 1
01-01 08:37:21.040 0 0 I init : Sending signal 9 to service 'qvrd_vndr' (pid 6899) process group...
09-08 05:29:31.377 1151 2144 I netstats_mobile_sample: [0,0,0,0,0,0,0,0,0,0,0,0,1662586171376]
09-08 05:29:31.377 1151 2144 I netstats_wifi_sample: [396059349,274636,5461647,134584,396059349,274636,5461647,134584,396237619,276439,5437003,134414,1662586171376]
01-01 08:37:21.917 0 0 D : mv2112_read_status
01-01 08:37:21.920 0 0 D mv2112_update_link: 3.0x901(1G): 0x80
01-01 08:37:21.926 0 0 D mv2112_update_link: 3.0x8109(100M): 0x0
01-01 08:37:21.932 0 0 D mv2112_update_link: link 0x0
01-01 08:37:21.937 0 0 D mv2112_read_status: autoneg is disabled
01-01 08:37:22.941 0 0 D : mv2112_read_status
01-01 08:37:22.944 0 0 D mv2112_update_link: 3.0x901(1G): 0x80
01-01 08:37:22.950 0 0 D mv2112_update_link: 3.0x8109(100M): 0x0
01-01 08:37:22.956 0 0 D mv2112_update_link: link 0x0
01-01 08:37:22.960 0 0 D mv2112_read_status: autoneg is disabled
01-01 08:37:23.965 0 0 D : mv2112_read_status
01-01 08:37:23.968 0 0 D mv2112_update_link: 3.0x901(1G): 0x80
01-01 08:37:23.974 0 0 D mv2112_update_link: 3.0x8109(100M): 0x0
01-01 08:37:23.993 0 0 D mv2112_update_link: link 0x0
01-01 08:37:23.997 0 0 D mv2112_read_status: autoneg is disabled
01-01 08:37:25.021 0 0 D : mv2112_read_status
01-01 08:37:25.024 0 0 D mv2112_update_link: 3.0x901(1G): 0x80
01-01 08:37:25.029 0 0 D mv2112_update_link: 3.0x8109(100M): 0x0
01-01 08:37:25.035 0 0 D mv2112_update_link: link 0x0
01-01 08:37:25.039 0 0 D mv2112_read_status: autoneg is disabled
01-01 08:37:25.964 0 0 I init : starting service 'qvrd_vndr'...
01-01 08:37:25.971 0 0 I init : Created socket '/dev/socket/qvrservice_vndr', mode 660, user 1000, group 1000
01-01 08:37:25.982 0 0 I init : Created socket '/dev/socket/qvrservice_vndr_camera', mode 660, user 1000, group 1000
01-01 08:37:26.009 0 0 I init : starting service 'sxrd'...
01-01 08:37:26.026 0 0 I init : starting service 'vendor.light-hal-2-0'...
09-08 05:29:35.775 6904 6904 F linker : CANNOT LINK EXECUTABLE "/vendor/bin/hw/sxrservice": library "vendor.qti.hardware.qxr-V1-ndk_platform.so" not found: needed by main executable
01-01 08:37:26.045 0 0 D : mv2112_read_status
09-08 05:29:35.776 6903 6903 F linker : CANNOT LINK EXECUTABLE "/vendor/bin/hw/qvrservice": library "vendor.qti.hardware.qxr-V1-ndk_platform.so" not found: needed by /vendor/lib64/libqvrservice.so in namespace (default)
01-01 08:37:26.048 0 0 D mv2112_update_link: 3.0x901(1G): 0x80
01-01 08:37:26.054 0 0 D mv2112_update_link: 3.0x8109(100M): 0x0
01-01 08:37:26.055 0 0 I init : Service 'sxrd' (pid 6904) exited with status 1
01-01 08:37:26.060 0 0 D mv2112_update_link: link 0x0
01-01 08:37:26.066 0 0 I init : Sending signal 9 to service 'sxrd' (pid 6904) process group...
01-01 08:37:26.066 0 0 I libprocessgroup: Successfully killed process cgroup uid 1000 pid 6904 in 0ms
01-01 08:37:26.070 0 0 D mv2112_read_status: autoneg is disabled
01-01 08:37:26.079 0 0 I init : Service 'qvrd_vndr' (pid 6903) exited with status 1
01-01 08:37:26.097 0 0 I init : Sending signal 9 to service 'qvrd_vndr' (pid 6903) process group...
01-01 08:37:27.101 0 0 D : mv2112_read_status
01-01 08:37:27.104 0 0 D mv2112_update_link: 3.0x901(1G): 0x80
01-01 08:37:27.111 0 0 D mv2112_update_link: 3.0x8109(100M): 0x0
01-01 08:37:27.116 0 0 D mv2112_update_link: link 0x0
01-01 08:37:27.121 0 0 D mv2112_read_status: autoneg is disabled
01-01 08:37:28.125 0 0 D : mv2112_read_status
01-01 08:37:28.129 0 0 D mv2112_update_link: 3.0x901(1G): 0x80
01-01 08:37:28.136 0 0 D mv2112_update_link: 3.0x8109(100M): 0x0
01-01 08:37:28.141 0 0 D mv2112_update_link: link 0x0
01-01 08:37:28.145 0 0 D mv2112_read_status: autoneg is disabled
09-08 05:29:38.134 1151 2144 I netstats_mobile_sample: [0,0,0,0,0,0,0,0,0,0,0,0,1662586178134]
09-08 05:29:38.134 1151 2144 I netstats_wifi_sample: [398530773,276341,5495591,135426,398530773,276341,5495591,135426,398706043,278142,5470907,135255,1662586178134]
01-01 08:37:29.149 0 0 D : mv2112_read_status
01-01 08:37:29.152 0 0 D mv2112_update_link: 3.0x901(1G): 0x80
01-01 08:37:29.160 0 0 D mv2112_update_link: 3.0x8109(100M): 0x0
01-01 08:37:29.165 0 0 D mv2112_update_link: link 0x0
01-01 08:37:29.169 0 0 D mv2112_read_status: autoneg is disabled
01-01 08:37:30.173 0 0 D : mv2112_read_status
01-01 08:37:30.177 0 0 D mv2112_update_link: 3.0x901(1G): 0x80
01-01 08:37:30.193 0 0 D mv2112_update_link: 3.0x8109(100M): 0x0
01-01 08:37:30.205 0 0 D mv2112_update_link: link 0x0
01-01 08:37:30.209 0 0 D mv2112_read_status: autoneg is disabled
01-01 08:37:31.009 0 0 I init : starting service 'qvrd_vndr'...
01-01 08:37:31.015 0 0 I init : Created socket '/dev/socket/qvrservice_vndr', mode 660, user 1000, group 1000
01-01 08:37:31.027 0 0 I init : Created socket '/dev/socket/qvrservice_vndr_camera', mode 660, user 1000, group 1000
01-01 08:37:31.058 0 0 I init : starting service 'sxrd'...
01-01 08:37:31.079 0 0 I init : starting service 'vendor.light-hal-2-0'...
09-08 05:29:40.834 6908 6908 F linker : CANNOT LINK EXECUTABLE "/vendor/bin/hw/qvrservice": library "vendor.qti.hardware.qxr-V1-ndk_platform.so" not found: needed by /vendor/lib64/libqvrservice.so in namespace (default)
09-08 05:29:40.835 6909 6909 F linker : CANNOT LINK EXECUTABLE "/vendor/bin/hw/sxrservice": library "vendor.qti.hardware.qxr-V1-ndk_platform.so" not found: needed by main executable
01-01 08:37:31.114 0 0 I init : Service 'qvrd_vndr' (pid 6908) exited with status 1
01-01 08:37:31.121 0 0 I init : Sending signal 9 to service 'qvrd_vndr' (pid 6908) process group...
01-01 08:37:31.129 0 0 I libprocessgroup: Successfully killed process cgroup uid 1000 pid 6908 in 0ms
01-01 08:37:31.142 0 0 I init : Service 'sxrd' (pid 6909) exited with status 1
01-01 08:37:31.148 0 0 I init : Sending signal 9 to service 'sxrd' (pid 6909) process group...
01-01 08:37:31.229 0 0 D : mv2112_read_status
01-01 08:37:31.233 0 0 D mv2112_update_link: 3.0x901(1G): 0x80
01-01 08:37:31.239 0 0 D mv2112_update_link: 3.0x8109(100M): 0x0
01-01 08:37:31.252 0 0 D mv2112_update_link: link 0x0
01-01 08:37:31.257 0 0 D mv2112_read_status: autoneg is disabled
01-01 08:37:32.285 0 0 D : mv2112_read_status
01-01 08:37:32.288 0 0 D mv2112_update_link: 3.0x901(1G): 0x80
01-01 08:37:32.305 0 0 D mv2112_update_link: 3.0x8109(100M): 0x0
01-01 08:37:32.310 0 0 D mv2112_update_link: link 0x0
01-01 08:37:32.314 0 0 D mv2112_read_status: autoneg is disabled
01-01 08:37:33.341 0 0 D : mv2112_read_status
01-01 08:37:33.344 0 0 D mv2112_update_link: 3.0x901(1G): 0x80
01-01 08:37:33.350 0 0 D mv2112_update_link: 3.0x8109(100M): 0x0
01-01 08:37:33.355 0 0 D mv2112_update_link: link 0x0
01-01 08:37:33.359 0 0 D mv2112_read_status: autoneg is disabled
01-01 08:37:34.365 0 0 D : mv2112_read_status
01-01 08:37:34.368 0 0 D mv2112_update_link: 3.0x901(1G): 0x80
01-01 08:37:34.381 0 0 D mv2112_update_link: 3.0x8109(100M): 0x0
01-01 08:37:34.388 0 0 D mv2112_update_link: link 0x0
01-01 08:37:34.392 0 0 D mv2112_read_status: autoneg is disabled
09-08 05:29:44.188 1151 2144 I netstats_mobile_sample: [0,0,0,0,0,0,0,0,0,0,0,0,1662586184188]
09-08 05:29:44.188 1151 2144 I netstats_wifi_sample: [400699613,277834,5525899,136178,400699613,277834,5525899,136178,400874847,279634,5501215,136007,1662586184188]
01-01 08:37:35.421 0 0 D : mv2112_read_status
01-01 08:37:35.424 0 0 D mv2112_update_link: 3.0x901(1G): 0x80
01-01 08:37:35.430 0 0 D mv2112_update_link: 3.0x8109(100M): 0x0
01-01 08:37:35.435 0 0 D mv2112_update_link: link 0x0
01-01 08:37:35.439 0 0 D mv2112_read_status: autoneg is disabled
01-01 08:37:36.057 0 0 I init : starting service 'qvrd_vndr'...
01-01 08:37:36.062 0 0 I init : Created socket '/dev/socket/qvrservice_vndr', mode 660, user 1000, group 1000
01-01 08:37:36.072 0 0 I init : Created socket '/dev/socket/qvrservice_vndr_camera', mode 660, user 1000, group 1000
01-01 08:37:36.101 0 0 I init : starting service 'sxrd'...
01-01 08:37:36.123 0 0 I init : starting service 'vendor.light-hal-2-0'...
09-08 05:29:45.888 6914 6914 F linker : CANNOT LINK EXECUTABLE "/vendor/bin/hw/sxrservice": library "vendor.qti.hardware.qxr-V1-ndk_platform.so" not found: needed by main executable
09-08 05:29:45.891 6913 6913 F linker : CANNOT LINK EXECUTABLE "/vendor/bin/hw/qvrservice": library "vendor.qti.hardware.qxr-V1-ndk_platform.so" not found: needed by /vendor/lib64/libqvrservice.so in namespace (default)
01-01 08:37:36.167 0 0 I init : Service 'sxrd' (pid 6914) exited with status 1
01-01 08:37:36.174 0 0 I init : Sending signal 9 to service 'sxrd' (pid 6914) process group...
01-01 08:37:36.182 0 0 I libprocessgroup: Successfully killed process cgroup uid 1000 pid 6914 in 0ms
01-01 08:37:36.192 0 0 I init : Service 'qvrd_vndr' (pid 6913) exited with status 1
01-01 08:37:36.198 0 0 I init : Sending signal 9 to service 'qvrd_vndr' (pid 6913) process group...
01-01 08:37:36.445 0 0 D : mv2112_read_status
01-01 08:37:36.448 0 0 D mv2112_update_link: 3.0x901(1G): 0x80
01-01 08:37:36.454 0 0 D mv2112_update_link: 3.0x8109(100M): 0x0
01-01 08:37:36.460 0 0 D mv2112_update_link: link 0x0
01-01 08:37:36.465 0 0 D mv2112_read_status: autoneg is disabled
01-01 08:37:37.469 0 0 D : mv2112_read_status
01-01 08:37:37.472 0 0 D mv2112_update_link: 3.0x901(1G): 0x80
01-01 08:37:37.478 0 0 D mv2112_update_link: 3.0x8109(100M): 0x0
01-01 08:37:37.483 0 0 D mv2112_update_link: link 0x0
01-01 08:37:37.487 0 0 D mv2112_read_status: autoneg is disabled
01-01 08:37:38.493 0 0 D : mv2112_read_status
01-01 08:37:38.496 0 0 D mv2112_update_link: 3.0x901(1G): 0x80
01-01 08:37:38.502 0 0 D mv2112_update_link: 3.0x8109(100M): 0x0
01-01 08:37:38.521 0 0 D mv2112_update_link: link 0x0
01-01 08:37:38.525 0 0 D mv2112_read_status: autoneg is disabled
01-01 08:37:39.549 0 0 D : mv2112_read_status
01-01 08:37:39.553 0 0 D mv2112_update_link: 3.0x901(1G): 0x80
01-01 08:37:39.569 0 0 D mv2112_update_link: 3.0x8109(100M): 0x0
01-01 08:37:39.581 0 0 D mv2112_update_link: link 0x0
01-01 08:37:39.585 0 0 D mv2112_read_status: autoneg is disabled
01-01 08:37:40.605 0 0 D : mv2112_read_status
01-01 08:37:40.609 0 0 D mv2112_update_link: 3.0x901(1G): 0x80
01-01 08:37:40.614 0 0 D mv2112_update_link: 3.0x8109(100M): 0x0
01-01 08:37:40.641 0 0 D mv2112_update_link: link 0x0
01-01 08:37:40.645 0 0 D mv2112_read_status: autoneg is disabled
09-08 05:29:50.796 1151 2144 I netstats_mobile_sample: [0,0,0,0,0,0,0,0,0,0,0,0,1662586190796]
09-08 05:29:50.797 1151 2144 I netstats_wifi_sample: [403083845,279462,5558835,136996,403083845,279462,5558835,136996,403235079,281246,5533791,136816,1662586190796]
01-01 08:37:41.099 0 0 I init : starting service 'qvrd_vndr'...
01-01 08:37:41.106 0 0 I init : Created socket '/dev/socket/qvrservice_vndr', mode 660, user 1000, group 1000
01-01 08:37:41.116 0 0 I init : Created socket '/dev/socket/qvrservice_vndr_camera', mode 660, user 1000, group 1000
01-01 08:37:41.142 0 0 I init : starting service 'sxrd'...
01-01 08:37:41.161 0 0 I init : starting service 'vendor.light-hal-2-0'...
09-08 05:29:50.913 6917 6917 F linker : CANNOT LINK EXECUTABLE "/vendor/bin/hw/qvrservice": library "vendor.qti.hardware.qxr-V1-ndk_platform.so" not found: needed by /vendor/lib64/libqvrservice.so in namespace (default)
09-08 05:29:50.914 6918 6918 F linker : CANNOT LINK EXECUTABLE "/vendor/bin/hw/sxrservice": library "vendor.qti.hardware.qxr-V1-ndk_platform.so" not found: needed by main executable
01-01 08:37:41.193 0 0 I init : Service 'qvrd_vndr' (pid 6917) exited with status 1
01-01 08:37:41.200 0 0 I init : Sending signal 9 to service 'qvrd_vndr' (pid 6917) process group...
01-01 08:37:41.208 0 0 I libprocessgroup: Successfully killed process cgroup uid 1000 pid 6917 in 0ms
01-01 08:37:41.220 0 0 I init : Service 'sxrd' (pid 6918) exited with status 1
01-01 08:37:41.226 0 0 I init : Sending signal 9 to service 'sxrd' (pid 6918) process group...
01-01 08:37:41.661 0 0 D : mv2112_read_status
01-01 08:37:41.664 0 0 D mv2112_update_link: 3.0x901(1G): 0x80
01-01 08:37:41.673 0 0 D mv2112_update_link: 3.0x8109(100M): 0x0
01-01 08:37:41.678 0 0 D mv2112_update_link: link 0x0
01-01 08:37:41.682 0 0 D mv2112_read_status: autoneg is disabled
01-01 08:37:42.685 0 0 D : mv2112_read_status
01-01 08:37:42.688 0 0 D mv2112_update_link: 3.0x901(1G): 0x80
01-01 08:37:42.695 0 0 D mv2112_update_link: 3.0x8109(100M): 0x0
01-01 08:37:42.700 0 0 D mv2112_update_link: link 0x0
01-01 08:37:42.705 0 0 D mv2112_read_status: autoneg is disabled
01-01 08:37:43.709 0 0 D : mv2112_read_status
01-01 08:37:43.712 0 0 D mv2112_update_link: 3.0x901(1G): 0x80
01-01 08:37:43.718 0 0 D mv2112_update_link: 3.0x8109(100M): 0x0
01-01 08:37:43.723 0 0 D mv2112_update_link: link 0x0
01-01 08:37:43.738 0 0 D mv2112_read_status: autoneg is disabled
01-01 08:37:44.765 0 0 D : mv2112_read_status
01-01 08:37:44.768 0 0 D mv2112_update_link: 3.0x901(1G): 0x80
01-01 08:37:44.774 0 0 D mv2112_update_link: 3.0x8109(100M): 0x0
01-01 08:37:44.781 0 0 D mv2112_update_link: link 0x0
01-01 08:37:44.785 0 0 D mv2112_read_status: autoneg is disabled
01-01 08:37:45.789 0 0 D : mv2112_read_status
01-01 08:37:45.793 0 0 D mv2112_update_link: 3.0x901(1G): 0x80
01-01 08:37:45.807 0 0 D mv2112_update_link: 3.0x8109(100M): 0x0
01-01 08:37:45.817 0 0 D mv2112_update_link: link 0x0
01-01 08:37:45.821 0 0 D mv2112_read_status: autoneg is disabled
01-01 08:37:46.141 0 0 I init : starting service 'qvrd_vndr'...
01-01 08:37:46.148 0 0 I init : Created socket '/dev/socket/qvrservice_vndr', mode 660, user 1000, group 1000
01-01 08:37:46.158 0 0 I init : Created socket '/dev/socket/qvrservice_vndr_camera', mode 660, user 1000, group 1000
01-01 08:37:46.183 0 0 I init : starting service 'sxrd'...
01-01 08:37:46.202 0 0 I init : starting service 'vendor.light-hal-2-0'...
09-08 05:29:55.951 6923 6923 F linker : CANNOT LINK EXECUTABLE "/vendor/bin/hw/sxrservice": library "vendor.qti.hardware.qxr-V1-ndk_platform.so" not found: needed by main executable
09-08 05:29:55.952 6922 6922 F linker : CANNOT LINK EXECUTABLE "/vendor/bin/hw/qvrservice": library "vendor.qti.hardware.qxr-V1-ndk_platform.so" not found: needed by /vendor/lib64/libqvrservice.so in namespace (default)
01-01 08:37:46.230 0 0 I init : Service 'sxrd' (pid 6923) exited with status 1
01-01 08:37:46.236 0 0 I init : Sending signal 9 to service 'sxrd' (pid 6923) process group...
01-01 08:37:46.244 0 0 I libprocessgroup: Successfully killed process cgroup uid 1000 pid 6923 in 0ms
01-01 08:37:46.254 0 0 I init : Service 'qvrd_vndr' (pid 6922) exited with status 1
01-01 08:37:46.260 0 0 I init : Sending signal 9 to service 'qvrd_vndr' (pid 6922) process group...
01-01 08:37:46.845 0 0 D : mv2112_read_status
01-01 08:37:46.848 0 0 D mv2112_update_link: 3.0x901(1G): 0x80
01-01 08:37:46.855 0 0 D mv2112_update_link: 3.0x8109(100M): 0x0
01-01 08:37:46.860 0 0 D mv2112_update_link: link 0x0
01-01 08:37:46.865 0 0 D mv2112_read_status: autoneg is disabled
09-08 05:29:56.846 1151 2144 I netstats_mobile_sample: [0,0,0,0,0,0,0,0,0,0,0,0,1662586196846]
09-08 05:29:56.847 1151 2144 I netstats_wifi_sample: [405534693,281169,5591611,137810,405534693,281169,5591611,137810,405712927,282971,5566927,137639,1662586196846]
01-01 08:37:47.870 0 0 D : mv2112_read_status
01-01 08:37:47.874 0 0 D mv2112_update_link: 3.0x901(1G): 0x80
01-01 08:37:47.879 0 0 D mv2112_update_link: 3.0x8109(100M): 0x0
01-01 08:37:47.886 0 0 D mv2112_update_link: link 0x0
01-01 08:37:47.890 0 0 D mv2112_read_status: autoneg is disabled
01-01 08:37:48.893 0 0 D : mv2112_read_status
01-01 08:37:48.896 0 0 D mv2112_update_link: 3.0x901(1G): 0x80
01-01 08:37:48.917 0 0 D mv2112_update_link: 3.0x8109(100M): 0x0
01-01 08:37:48.924 0 0 D mv2112_update_link: link 0x0
01-01 08:37:48.928 0 0 D mv2112_read_status: autoneg is disabled
01-01 08:37:49.950 0 0 D : mv2112_read_status
01-01 08:37:49.954 0 0 D mv2112_update_link: 3.0x901(1G): 0x80
01-01 08:37:49.960 0 0 D mv2112_update_link: 3.0x8109(100M): 0x0
01-01 08:37:49.965 0 0 D mv2112_update_link: link 0x0
01-01 08:37:49.970 0 0 D mv2112_read_status: autoneg is disabled
01-01 08:37:50.973 0 0 D : mv2112_read_status
01-01 08:37:50.976 0 0 D mv2112_update_link: 3.0x901(1G): 0x80
01-01 08:37:50.982 0 0 D mv2112_update_link: 3.0x8109(100M): 0x0
01-01 08:37:51.001 0 0 D mv2112_update_link: link 0x0
01-01 08:37:51.005 0 0 D mv2112_read_status: autoneg is disabled
01-01 08:37:51.184 0 0 I init : starting service 'qvrd_vndr'...
01-01 08:37:51.190 0 0 I init : Created socket '/dev/socket/qvrservice_vndr', mode 660, user 1000, group 1000
01-01 08:37:51.201 0 0 I init : Created socket '/dev/socket/qvrservice_vndr_camera', mode 660, user 1000, group 1000
01-01 08:37:51.228 0 0 I init : starting service 'sxrd'...
01-01 08:37:51.255 0 0 I init : starting service 'vendor.light-hal-2-0'...
09-08 05:30:00.994 6927 6927 F linker : CANNOT LINK EXECUTABLE "/vendor/bin/hw/qvrservice": library "vendor.qti.hardware.qxr-V1-ndk_platform.so" not found: needed by /vendor/lib64/libqvrservice.so in namespace (default)
09-08 05:30:00.995 6928 6928 F linker : CANNOT LINK EXECUTABLE "/vendor/bin/hw/sxrservice": library "vendor.qti.hardware.qxr-V1-ndk_platform.so" not found: needed by main executable
01-01 08:37:51.276 0 0 I init : Service 'qvrd_vndr' (pid 6927) exited with status 1
01-01 08:37:51.282 0 0 I init : Sending signal 9 to service 'qvrd_vndr' (pid 6927) process group...
01-01 08:37:51.291 0 0 I libprocessgroup: Successfully killed process cgroup uid 1000 pid 6927 in 0ms
01-01 08:37:51.301 0 0 I init : Service 'sxrd' (pid 6928) exited with status 1
01-01 08:37:51.308 0 0 I init : Sending signal 9 to service 'sxrd' (pid 6928) process group...
01-01 08:37:52.039 0 0 D : mv2112_read_status
01-01 08:37:52.043 0 0 D mv2112_update_link: 3.0x901(1G): 0x80
01-01 08:37:52.048 0 0 D mv2112_update_link: 3.0x8109(100M): 0x0
01-01 08:37:52.053 0 0 D mv2112_update_link: link 0x0
01-01 08:37:52.058 0 0 D mv2112_read_status: autoneg is disabled
09-08 05:30:02.651 1151 2144 I netstats_mobile_sample: [0,0,0,0,0,0,0,0,0,0,0,0,1662586202651]
09-08 05:30:02.652 1151 2144 I netstats_wifi_sample: [407860701,282770,5624303,138621,407853201,282765,5624223,138619,408005899,284549,5599179,138439,1662586202651]
01-01 08:37:53.088 0 0 D : mv2112_read_status
01-01 08:37:53.093 0 0 D mv2112_update_link: 3.0x901(1G): 0x80
01-01 08:37:53.102 0 0 D mv2112_update_link: 3.0x8109(100M): 0x0
01-01 08:37:53.108 0 0 D mv2112_update_link: link 0x0
01-01 08:37:53.112 0 0 D mv2112_read_status: autoneg is disabled
01-01 08:37:54.141 0 0 D : mv2112_read_status
01-01 08:37:54.144 0 0 D mv2112_update_link: 3.0x901(1G): 0x80
01-01 08:37:54.149 0 0 D mv2112_update_link: 3.0x8109(100M): 0x0
01-01 08:37:54.155 0 0 D mv2112_update_link: link 0x0
01-01 08:37:54.159 0 0 D mv2112_read_status: autoneg is disabled
01-01 08:37:55.165 0 0 D : mv2112_read_status
01-01 08:37:55.168 0 0 D mv2112_update_link: 3.0x901(1G): 0x80
01-01 08:37:55.174 0 0 D mv2112_update_link: 3.0x8109(100M): 0x0
01-01 08:37:55.180 0 0 D mv2112_update_link: link 0x0
01-01 08:37:55.184 0 0 D mv2112_read_status: autoneg is disabled
01-01 08:37:56.189 0 0 D : mv2112_read_status
01-01 08:37:56.192 0 0 D mv2112_update_link: 3.0x901(1G): 0x80
01-01 08:37:56.205 0 0 D mv2112_update_link: 3.0x8109(100M): 0x0
01-01 08:37:56.210 0 0 D mv2112_update_link: link 0x0
01-01 08:37:56.214 0 0 D mv2112_read_status: autoneg is disabled
01-01 08:37:56.227 0 0 I init : starting service 'qvrd_vndr'...
01-01 08:37:56.233 0 0 I init : Created socket '/dev/socket/qvrservice_vndr', mode 660, user 1000, group 1000
01-01 08:37:56.242 0 0 I init : Created socket '/dev/socket/qvrservice_vndr_camera', mode 660, user 1000, group 1000
01-01 08:37:56.268 0 0 I init : starting service 'sxrd'...
01-01 08:37:56.290 0 0 I init : starting service 'vendor.light-hal-2-0'...
09-08 05:30:06.033 6933 6933 F linker : CANNOT LINK EXECUTABLE "/vendor/bin/hw/sxrservice": library "vendor.qti.hardware.qxr-V1-ndk_platform.so" not found: needed by main executable
09-08 05:30:06.036 6932 6932 F linker : CANNOT LINK EXECUTABLE "/vendor/bin/hw/qvrservice": library "vendor.qti.hardware.qxr-V1-ndk_platform.so" not found: needed by /vendor/lib64/libqvrservice.so in namespace (default)
01-01 08:37:56.312 0 0 I init : Service 'sxrd' (pid 6933) exited with status 1
01-01 08:37:56.318 0 0 I init : Sending signal 9 to service 'sxrd' (pid 6933) process group...
01-01 08:37:56.326 0 0 I libprocessgroup: Successfully killed process cgroup uid 1000 pid 6933 in 0ms
01-01 08:37:56.338 0 0 I init : Service 'qvrd_vndr' (pid 6932) exited with status 1
01-01 08:37:56.345 0 0 I init : Sending signal 9 to service 'qvrd_vndr' (pid 6932) process group...
01-01 08:37:57.245 0 0 D : mv2112_read_status
01-01 08:37:57.249 0 0 D mv2112_update_link: 3.0x901(1G): 0x80
01-01 08:37:57.254 0 0 D mv2112_update_link: 3.0x8109(100M): 0x0
01-01 08:37:57.259 0 0 D mv2112_update_link: link 0x0
01-01 08:37:57.263 0 0 D mv2112_read_status: autoneg is disabled
01-01 08:37:58.269 0 0 D : mv2112_read_status
01-01 08:37:58.272 0 0 D mv2112_update_link: 3.0x901(1G): 0x80
01-01 08:37:58.278 0 0 D mv2112_update_link: 3.0x8109(100M): 0x0
01-01 08:37:58.283 0 0 D mv2112_update_link: link 0x0
01-01 08:37:58.288 0 0 D mv2112_read_status: autoneg is disabled
09-08 05:30:08.995 1151 2144 I netstats_mobile_sample: [0,0,0,0,0,0,0,0,0,0,0,0,1662586208995]
09-08 05:30:08.995 1151 2144 I netstats_wifi_sample: [410131645,284372,5654931,139381,410131645,284372,5654931,139381,410309843,286173,5630207,139209,1662586208995]
01-01 08:37:59.293 0 0 D : mv2112_read_status
01-01 08:37:59.296 0 0 D mv2112_update_link: 3.0x901(1G): 0x80
01-01 08:37:59.302 0 0 D mv2112_update_link: 3.0x8109(100M): 0x0
01-01 08:37:59.308 0 0 D mv2112_update_link: link 0x0
01-01 08:37:59.312 0 0 D mv2112_read_status: autoneg is disabled
01-01 08:38:00.317 0 0 D : mv2112_read_status
01-01 08:38:00.320 0 0 D mv2112_update_link: 3.0x901(1G): 0x80
01-01 08:38:00.326 0 0 D mv2112_update_link: 3.0x8109(100M): 0x0
01-01 08:38:00.331 0 0 D mv2112_update_link: link 0x0
01-01 08:38:00.335 0 0 D mv2112_read_status: autoneg is disabled
01-01 08:38:01.268 0 0 I init : starting service 'qvrd_vndr'...
01-01 08:38:01.275 0 0 I init : Created socket '/dev/socket/qvrservice_vndr', mode 660, user 1000, group 1000
01-01 08:38:01.286 0 0 I init : Created socket '/dev/socket/qvrservice_vndr_camera', mode 660, user 1000, group 1000
01-01 08:38:01.320 0 0 I init : starting service 'sxrd'...
01-01 08:38:01.341 0 0 D : mv2112_read_status
01-01 08:38:01.342 0 0 I init : starting service 'vendor.light-hal-2-0'...
01-01 08:38:01.344 0 0 D mv2112_update_link: 3.0x901(1G): 0x80
09-08 05:30:11.092 6937 6937 F linker : CANNOT LINK EXECUTABLE "/vendor/bin/hw/qvrservice": library "vendor.qti.hardware.qxr-V1-ndk_platform.so" not found: needed by /vendor/lib64/libqvrservice.so in namespace (default)
01-01 08:38:01.365 0 0 D mv2112_update_link: 3.0x8109(100M): 0x0
01-01 08:38:01.370 0 0 D mv2112_update_link: link 0x0
01-01 08:38:01.371 0 0 I init : Service 'qvrd_vndr' (pid 6937) exited with status 1
01-01 08:38:01.374 0 0 D mv2112_read_status: autoneg is disabled
09-08 05:30:11.096 6938 6938 F linker : CANNOT LINK EXECUTABLE "/vendor/bin/hw/sxrservice": library "vendor.qti.hardware.qxr-V1-ndk_platform.so" not found: needed by main executable
01-01 08:38:01.387 0 0 I init : Sending signal 9 to service 'qvrd_vndr' (pid 6937) process group...
01-01 08:38:01.396 0 0 I libprocessgroup: Successfully killed process cgroup uid 1000 pid 6937 in 0ms
01-01 08:38:01.407 0 0 I init : Service 'sxrd' (pid 6938) exited with status 1
01-01 08:38:01.413 0 0 I init : Sending signal 9 to service 'sxrd' (pid 6938) process group...
01-01 08:38:02.397 0 0 D : mv2112_read_status
01-01 08:38:02.400 0 0 D mv2112_update_link: 3.0x901(1G): 0x80
01-01 08:38:02.406 0 0 D mv2112_update_link: 3.0x8109(100M): 0x0
01-01 08:38:02.412 0 0 D mv2112_update_link: link 0x0
01-01 08:38:02.417 0 0 D mv2112_read_status: autoneg is disabled
01-01 08:38:03.421 0 0 D : mv2112_read_status
01-01 08:38:03.424 0 0 D mv2112_update_link: 3.0x901(1G): 0x80
01-01 08:38:03.431 0 0 D mv2112_update_link: 3.0x8109(100M): 0x0
01-01 08:38:03.436 0 0 D mv2112_update_link: link 0x0
01-01 08:38:03.441 0 0 D mv2112_read_status: autoneg is disabled
01-01 08:38:04.445 0 0 D : mv2112_read_status
01-01 08:38:04.448 0 0 D mv2112_update_link: 3.0x901(1G): 0x80
01-01 08:38:04.454 0 0 D mv2112_update_link: 3.0x8109(100M): 0x0
01-01 08:38:04.460 0 0 D mv2112_update_link: link 0x0
01-01 08:38:04.465 0 0 D mv2112_read_status: autoneg is disabled
01-01 08:38:05.469 0 0 D : mv2112_read_status
01-01 08:38:05.472 0 0 D mv2112_update_link: 3.0x901(1G): 0x80
01-01 08:38:05.478 0 0 D mv2112_update_link: 3.0x8109(100M): 0x0
01-01 08:38:05.493 0 0 D mv2112_update_link: link 0x0
01-01 08:38:05.505 0 0 D mv2112_read_status: autoneg is disabled
09-08 05:30:15.436 1151 2144 I netstats_mobile_sample: [0,0,0,0,0,0,0,0,0,0,0,0,1662586215435]
09-08 05:30:15.436 1151 2144 I netstats_wifi_sample: [412558917,286047,5687463,140188,412558917,286047,5687463,140188,412737115,287848,5662739,140016,1662586215435]
01-01 08:38:06.317 0 0 I init : starting service 'qvrd_vndr'...
01-01 08:38:06.322 0 0 I init : Created socket '/dev/socket/qvrservice_vndr', mode 660, user 1000, group 1000
01-01 08:38:06.332 0 0 I init : Created socket '/dev/socket/qvrservice_vndr_camera', mode 660, user 1000, group 1000
01-01 08:38:06.357 0 0 I init : starting service 'sxrd'...
01-01 08:38:06.374 0 0 I init : starting service 'vendor.light-hal-2-0'...
09-08 05:30:16.121 6941 6941 F linker : CANNOT LINK EXECUTABLE "/vendor/bin/hw/qvrservice": library "vendor.qti.hardware.qxr-V1-ndk_platform.so" not found: needed by /vendor/lib64/libqvrservice.so in namespace (default)
09-08 05:30:16.129 6942 6942 F linker : CANNOT LINK EXECUTABLE "/vendor/bin/hw/sxrservice": library "vendor.qti.hardware.qxr-V1-ndk_platform.so" not found: needed by main executable
01-01 08:38:06.400 0 0 I init : Service 'qvrd_vndr' (pid 6941) exited with status 1
01-01 08:38:06.407 0 0 I init : Sending signal 9 to service 'qvrd_vndr' (pid 6941) process group...
01-01 08:38:06.415 0 0 I libprocessgroup: Successfully killed process cgroup uid 1000 pid 6941 in 0ms
01-01 08:38:06.426 0 0 I init : Service 'sxrd' (pid 6942) exited with status 1
01-01 08:38:06.432 0 0 I init : Sending signal 9 to service 'sxrd' (pid 6942) process group...
01-01 08:38:06.525 0 0 D : mv2112_read_status
01-01 08:38:06.528 0 0 D mv2112_update_link: 3.0x901(1G): 0x80
01-01 08:38:06.534 0 0 D mv2112_update_link: 3.0x8109(100M): 0x0
01-01 08:38:06.540 0 0 D mv2112_update_link: link 0x0
01-01 08:38:06.545 0 0 D mv2112_read_status: autoneg is disabled
01-01 08:38:07.549 0 0 D : mv2112_read_status
01-01 08:38:07.552 0 0 D mv2112_update_link: 3.0x901(1G): 0x80
01-01 08:38:07.559 0 0 D mv2112_update_link: 3.0x8109(100M): 0x0
01-01 08:38:07.564 0 0 D mv2112_update_link: link 0x0
01-01 08:38:07.568 0 0 D mv2112_read_status: autoneg is disabled
01-01 08:38:08.573 0 0 D : mv2112_read_status
01-01 08:38:08.577 0 0 D mv2112_update_link: 3.0x901(1G): 0x80
01-01 08:38:08.583 0 0 D mv2112_update_link: 3.0x8109(100M): 0x0
01-01 08:38:08.588 0 0 D mv2112_update_link: link 0x0
01-01 08:38:08.592 0 0 D mv2112_read_status: autoneg is disabled
01-01 08:38:09.597 0 0 D : mv2112_read_status
01-01 08:38:09.600 0 0 D mv2112_update_link: 3.0x901(1G): 0x80
01-01 08:38:09.606 0 0 D mv2112_update_link: 3.0x8109(100M): 0x0
01-01 08:38:09.612 0 0 D mv2112_update_link: link 0x0
01-01 08:38:09.616 0 0 D mv2112_read_status: autoneg is disabled
01-01 08:38:10.621 0 0 D : mv2112_read_status
01-01 08:38:10.624 0 0 D mv2112_update_link: 3.0x901(1G): 0x80
01-01 08:38:10.630 0 0 D mv2112_update_link: 3.0x8109(100M): 0x0
01-01 08:38:10.636 0 0 D mv2112_update_link: link 0x0
01-01 08:38:10.640 0 0 D mv2112_read_status: autoneg is disabled
01-01 08:38:11.356 0 0 I init : starting service 'qvrd_vndr'...
01-01 08:38:11.363 0 0 I init : Created socket '/dev/socket/qvrservice_vndr', mode 660, user 1000, group 1000
01-01 08:38:11.373 0 0 I init : Created socket '/dev/socket/qvrservice_vndr_camera', mode 660, user 1000, group 1000
01-01 08:38:11.401 0 0 I init : starting service 'sxrd'...
01-01 08:38:11.419 0 0 I init : starting service 'vendor.light-hal-2-0'...
09-08 05:30:21.175 6946 6946 F linker : CANNOT LINK EXECUTABLE "/vendor/bin/hw/qvrservice": library "vendor.qti.hardware.qxr-V1-ndk_platform.so" not found: needed by /vendor/lib64/libqvrservice.so in namespace (default)
09-08 05:30:21.175 6947 6947 F linker : CANNOT LINK EXECUTABLE "/vendor/bin/hw/sxrservice": library "vendor.qti.hardware.qxr-V1-ndk_platform.so" not found: needed by main executable
01-01 08:38:11.455 0 0 I init : Service 'qvrd_vndr' (pid 6946) exited with status 1
01-01 08:38:11.462 0 0 I init : Sending signal 9 to service 'qvrd_vndr' (pid 6946) process group...
01-01 08:38:11.470 0 0 I libprocessgroup: Successfully killed process cgroup uid 1000 pid 6946 in 0ms
01-01 08:38:11.483 0 0 I init : Service 'sxrd' (pid 6947) exited with status 1
01-01 08:38:11.489 0 0 I init : Sending signal 9 to service 'sxrd' (pid 6947) process group...
01-01 08:38:11.645 0 0 D : mv2112_read_status
01-01 08:38:11.649 0 0 D mv2112_update_link: 3.0x901(1G): 0x80
01-01 08:38:11.667 0 0 D mv2112_update_link: 3.0x8109(100M): 0x0
01-01 08:38:11.672 0 0 D mv2112_update_link: link 0x0
01-01 08:38:11.676 0 0 D mv2112_read_status: autoneg is disabled
01-01 08:38:12.701 0 0 D : mv2112_read_status
01-01 08:38:12.705 0 0 D mv2112_update_link: 3.0x901(1G): 0x80
01-01 08:38:12.717 0 0 D mv2112_update_link: 3.0x8109(100M): 0x0
01-01 08:38:12.725 0 0 D mv2112_update_link: link 0x0
01-01 08:38:12.729 0 0 D mv2112_read_status: autoneg is disabled
09-08 05:30:22.542 1151 2144 I netstats_mobile_sample: [0,0,0,0,0,0,0,0,0,0,0,0,1662586222541]
09-08 05:30:22.542 1151 2144 I netstats_wifi_sample: [414975529,287715,5720451,141007,414975529,287715,5720451,141007,415153691,289515,5695647,140833,1662586222541]
09-08 05:30:22.937 1151 2162 I storage_state: [41217664-9172-527a-b3d5-edabb50a7d69,0,0,46704529408,48316284928]
01-01 08:38:13.757 0 0 D : mv2112_read_status
01-01 08:38:13.760 0 0 D mv2112_update_link: 3.0x901(1G): 0x80
01-01 08:38:13.766 0 0 D mv2112_update_link: 3.0x8109(100M): 0x0
01-01 08:38:13.771 0 0 D mv2112_update_link: link 0x0
01-01 08:38:13.776 0 0 D mv2112_read_status: autoneg is disabled
01-01 08:38:14.781 0 0 D : mv2112_read_status
01-01 08:38:14.784 0 0 D mv2112_update_link: 3.0x901(1G): 0x80
01-01 08:38:14.790 0 0 D mv2112_update_link: 3.0x8109(100M): 0x0
01-01 08:38:14.795 0 0 D mv2112_update_link: link 0x0
01-01 08:38:14.799 0 0 D mv2112_read_status: autoneg is disabled
01-01 08:38:15.805 0 0 D : mv2112_read_status
01-01 08:38:15.808 0 0 D mv2112_update_link: 3.0x901(1G): 0x80
01-01 08:38:15.815 0 0 D mv2112_update_link: 3.0x8109(100M): 0x0
01-01 08:38:15.820 0 0 D mv2112_update_link: link 0x0
01-01 08:38:15.826 0 0 D mv2112_read_status: autoneg is disabled
01-01 08:38:16.400 0 0 I init : starting service 'qvrd_vndr'...
01-01 08:38:16.407 0 0 I init : Created socket '/dev/socket/qvrservice_vndr', mode 660, user 1000, group 1000
01-01 08:38:16.418 0 0 I init : Created socket '/dev/socket/qvrservice_vndr_camera', mode 660, user 1000, group 1000
01-01 08:38:16.446 0 0 I init : starting service 'sxrd'...
01-01 08:38:16.466 0 0 I init : starting service 'vendor.light-hal-2-0'...
09-08 05:30:26.213 6952 6952 F linker : CANNOT LINK EXECUTABLE "/vendor/bin/hw/qvrservice": library "vendor.qti.hardware.qxr-V1-ndk_platform.so" not found: needed by /vendor/lib64/libqvrservice.so in namespace (default)
09-08 05:30:26.214 6953 6953 F linker : CANNOT LINK EXECUTABLE "/vendor/bin/hw/sxrservice": library "vendor.qti.hardware.qxr-V1-ndk_platform.so" not found: needed by main executable
01-01 08:38:16.493 0 0 I init : Service 'qvrd_vndr' (pid 6952) exited with status 1
01-01 08:38:16.500 0 0 I init : Sending signal 9 to service 'qvrd_vndr' (pid 6952) process group...
01-01 08:38:16.509 0 0 I libprocessgroup: Successfully killed process cgroup uid 1000 pid 6952 in 0ms
01-01 08:38:16.521 0 0 I init : Service 'sxrd' (pid 6953) exited with status 1
01-01 08:38:16.527 0 0 I init : Sending signal 9 to service 'sxrd' (pid 6953) process group...
01-01 08:38:16.829 0 0 D : mv2112_read_status
01-01 08:38:16.833 0 0 D mv2112_update_link: 3.0x901(1G): 0x80
01-01 08:38:16.838 0 0 D mv2112_update_link: 3.0x8109(100M): 0x0
01-01 08:38:16.844 0 0 D mv2112_update_link: link 0x0
01-01 08:38:16.848 0 0 D mv2112_read_status: autoneg is disabled
01-01 08:38:17.853 0 0 D : mv2112_read_status
01-01 08:38:17.856 0 0 D mv2112_update_link: 3.0x901(1G): 0x80
01-01 08:38:17.863 0 0 D mv2112_update_link: 3.0x8109(100M): 0x0
01-01 08:38:17.868 0 0 D mv2112_update_link: link 0x0
01-01 08:38:17.872 0 0 D mv2112_read_status: autoneg is disabled
01-01 08:38:18.877 0 0 D : mv2112_read_status
01-01 08:38:18.880 0 0 D mv2112_update_link: 3.0x901(1G): 0x80
01-01 08:38:18.886 0 0 D mv2112_update_link: 3.0x8109(100M): 0x0
01-01 08:38:18.905 0 0 D mv2112_update_link: link 0x0
01-01 08:38:18.909 0 0 D mv2112_read_status: autoneg is disabled
09-08 05:30:29.059 1151 2144 I netstats_mobile_sample: [0,0,0,0,0,0,0,0,0,0,0,0,1662586229059]
09-08 05:30:29.060 1151 2144 I netstats_wifi_sample: [417226209,289278,5750423,141750,417218709,289273,5750343,141748,417353371,291044,5724979,141560,1662586229059]
01-01 08:38:19.933 0 0 D : mv2112_read_status
01-01 08:38:19.936 0 0 D mv2112_update_link: 3.0x901(1G): 0x80
01-01 08:38:19.942 0 0 D mv2112_update_link: 3.0x8109(100M): 0x0
01-01 08:38:19.948 0 0 D mv2112_update_link: link 0x0
01-01 08:38:19.952 0 0 D mv2112_read_status: autoneg is disabled
01-01 08:38:20.957 0 0 D : mv2112_read_status
01-01 08:38:20.960 0 0 D mv2112_update_link: 3.0x901(1G): 0x80
01-01 08:38:20.966 0 0 D mv2112_update_link: 3.0x8109(100M): 0x0
01-01 08:38:20.971 0 0 D mv2112_update_link: link 0x0
01-01 08:38:20.976 0 0 D mv2112_read_status: autoneg is disabled
01-01 08:38:21.444 0 0 I init : starting service 'qvrd_vndr'...
01-01 08:38:21.451 0 0 I init : Created socket '/dev/socket/qvrservice_vndr', mode 660, user 1000, group 1000
01-01 08:38:21.462 0 0 I init : Created socket '/dev/socket/qvrservice_vndr_camera', mode 660, user 1000, group 1000
01-01 08:38:21.490 0 0 I init : starting service 'sxrd'...
01-01 08:38:21.508 0 0 I init : starting service 'vendor.light-hal-2-0'...
09-08 05:30:31.254 6957 6957 F linker : CANNOT LINK EXECUTABLE "/vendor/bin/hw/sxrservice": library "vendor.qti.hardware.qxr-V1-ndk_platform.so" not found: needed by main executable
09-08 05:30:31.257 6956 6956 F linker : CANNOT LINK EXECUTABLE "/vendor/bin/hw/qvrservice": library "vendor.qti.hardware.qxr-V1-ndk_platform.so" not found: needed by /vendor/lib64/libqvrservice.so in namespace (default)
01-01 08:38:21.534 0 0 I init : Service 'sxrd' (pid 6957) exited with status 1
01-01 08:38:21.540 0 0 I init : Sending signal 9 to service 'sxrd' (pid 6957) process group...
01-01 08:38:21.548 0 0 I libprocessgroup: Successfully killed process cgroup uid 1000 pid 6957 in 0ms
01-01 08:38:21.560 0 0 I init : Service 'qvrd_vndr' (pid 6956) exited with status 1
01-01 08:38:21.566 0 0 I init : Sending signal 9 to service 'qvrd_vndr' (pid 6956) process group...
01-01 08:38:21.981 0 0 D : mv2112_read_status
01-01 08:38:21.985 0 0 D mv2112_update_link: 3.0x901(1G): 0x80
01-01 08:38:21.992 0 0 D mv2112_update_link: 3.0x8109(100M): 0x0
01-01 08:38:21.997 0 0 D mv2112_update_link: link 0x0
01-01 08:38:22.001 0 0 D mv2112_read_status: autoneg is disabled
01-01 08:38:23.005 0 0 D : mv2112_read_status
01-01 08:38:23.009 0 0 D mv2112_update_link: 3.0x901(1G): 0x80
01-01 08:38:23.015 0 0 D mv2112_update_link: 3.0x8109(100M): 0x0
01-01 08:38:23.036 0 0 D mv2112_update_link: link 0x0
01-01 08:38:23.040 0 0 D mv2112_read_status: autoneg is disabled
01-01 08:38:24.061 0 0 D : mv2112_read_status
01-01 08:38:24.065 0 0 D mv2112_update_link: 3.0x901(1G): 0x80
01-01 08:38:24.081 0 0 D mv2112_update_link: 3.0x8109(100M): 0x0
01-01 08:38:24.088 0 0 D mv2112_update_link: link 0x0
01-01 08:38:24.092 0 0 D mv2112_read_status: autoneg is disabled
01-01 08:38:25.117 0 0 D : mv2112_read_status
01-01 08:38:25.120 0 0 D mv2112_update_link: 3.0x901(1G): 0x80
01-01 08:38:25.126 0 0 D mv2112_update_link: 3.0x8109(100M): 0x0
01-01 08:38:25.131 0 0 D mv2112_update_link: link 0x0
01-01 08:38:25.135 0 0 D mv2112_read_status: autoneg is disabled
09-08 05:30:35.164 1151 2144 I netstats_mobile_sample: [0,0,0,0,0,0,0,0,0,0,0,0,1662586235163]
09-08 05:30:35.164 1151 2144 I netstats_wifi_sample: [419831077,291082,5785851,142630,419826577,291079,5785811,142629,419977739,292861,5760647,142446,1662586235163]
01-01 08:38:26.141 0 0 D : mv2112_read_status
01-01 08:38:26.145 0 0 D mv2112_update_link: 3.0x901(1G): 0x80
01-01 08:38:26.150 0 0 D mv2112_update_link: 3.0x8109(100M): 0x0
01-01 08:38:26.156 0 0 D mv2112_update_link: link 0x0
01-01 08:38:26.161 0 0 D mv2112_read_status: autoneg is disabled
01-01 08:38:26.489 0 0 I init : starting service 'qvrd_vndr'...
01-01 08:38:26.495 0 0 I init : Created socket '/dev/socket/qvrservice_vndr', mode 660, user 1000, group 1000
01-01 08:38:26.506 0 0 I init : Created socket '/dev/socket/qvrservice_vndr_camera', mode 660, user 1000, group 1000
01-01 08:38:26.536 0 0 I init : starting service 'sxrd'...
09-08 05:30:36.273 6961 6961 F linker : CANNOT LINK EXECUTABLE "/vendor/bin/hw/qvrservice": library "vendor.qti.hardware.qxr-V1-ndk_platform.so" not found: needed by /vendor/lib64/libqvrservice.so in namespace (default)
01-01 08:38:26.555 0 0 I init : Service 'qvrd_vndr' (pid 6961) exited with status 1
01-01 08:38:26.561 0 0 I init : Sending signal 9 to service 'qvrd_vndr' (pid 6961) process group...
01-01 08:38:26.570 0 0 I libprocessgroup: Successfully killed process cgroup uid 1000 pid 6961 in 0ms
01-01 08:38:26.580 0 0 I init : starting service 'vendor.light-hal-2-0'...
09-08 05:30:36.309 6962 6962 F linker : CANNOT LINK EXECUTABLE "/vendor/bin/hw/sxrservice": library "vendor.qti.hardware.qxr-V1-ndk_platform.so" not found: needed by main executable
01-01 08:38:26.596 0 0 I init : Service 'sxrd' (pid 6962) exited with status 1
01-01 08:38:26.603 0 0 I init : Sending signal 9 to service 'sxrd' (pid 6962) process group...
01-01 08:38:27.165 0 0 D : mv2112_read_status
01-01 08:38:27.168 0 0 D mv2112_update_link: 3.0x901(1G): 0x80
01-01 08:38:27.175 0 0 D mv2112_update_link: 3.0x8109(100M): 0x0
01-01 08:38:27.180 0 0 D mv2112_update_link: link 0x0
01-01 08:38:27.186 0 0 D mv2112_read_status: autoneg is disabled
01-01 08:38:28.189 0 0 D : mv2112_read_status
01-01 08:38:28.193 0 0 D mv2112_update_link: 3.0x901(1G): 0x80
01-01 08:38:28.198 0 0 D mv2112_update_link: 3.0x8109(100M): 0x0
01-01 08:38:28.204 0 0 D mv2112_update_link: link 0x0
01-01 08:38:28.208 0 0 D mv2112_read_status: autoneg is disabled
01-01 08:38:29.213 0 0 D : mv2112_read_status
01-01 08:38:29.216 0 0 D mv2112_update_link: 3.0x901(1G): 0x80
01-01 08:38:29.222 0 0 D mv2112_update_link: 3.0x8109(100M): 0x0
01-01 08:38:29.227 0 0 D mv2112_update_link: link 0x0
01-01 08:38:29.232 0 0 D mv2112_read_status: autoneg is disabled
01-01 08:38:30.237 0 0 D : mv2112_read_status
01-01 08:38:30.241 0 0 D mv2112_update_link: 3.0x901(1G): 0x80
01-01 08:38:30.252 0 0 D mv2112_update_link: 3.0x8109(100M): 0x0
01-01 08:38:30.258 0 0 D mv2112_update_link: link 0x0
01-01 08:38:30.262 0 0 D mv2112_read_status: autoneg is disabled
01-01 08:38:31.293 0 0 D : mv2112_read_status
01-01 08:38:31.297 0 0 D mv2112_update_link: 3.0x901(1G): 0x80
01-01 08:38:31.303 0 0 D mv2112_update_link: 3.0x8109(100M): 0x0
01-01 08:38:31.308 0 0 D mv2112_update_link: link 0x0
01-01 08:38:31.312 0 0 D mv2112_read_status: autoneg is disabled
01-01 08:38:31.537 0 0 I init : starting service 'qvrd_vndr'...
01-01 08:38:31.544 0 0 I init : Created socket '/dev/socket/qvrservice_vndr', mode 660, user 1000, group 1000
01-01 08:38:31.555 0 0 I init : Created socket '/dev/socket/qvrservice_vndr_camera', mode 660, user 1000, group 1000
01-01 08:38:31.583 0 0 I init : starting service 'sxrd'...
01-01 08:38:31.603 0 0 I init : starting service 'vendor.light-hal-2-0'...
09-08 05:30:41.350 6967 6967 F linker : CANNOT LINK EXECUTABLE "/vendor/bin/hw/sxrservice": library "vendor.qti.hardware.qxr-V1-ndk_platform.so" not found: needed by main executable
09-08 05:30:41.352 6966 6966 F linker : CANNOT LINK EXECUTABLE "/vendor/bin/hw/qvrservice": library "vendor.qti.hardware.qxr-V1-ndk_platform.so" not found: needed by /vendor/lib64/libqvrservice.so in namespace (default)
01-01 08:38:31.629 0 0 I init : Service 'sxrd' (pid 6967) exited with status 1
01-01 08:38:31.635 0 0 I init : Sending signal 9 to service 'sxrd' (pid 6967) process group...
01-01 08:38:31.643 0 0 I libprocessgroup: Successfully killed process cgroup uid 1000 pid 6967 in 0ms
01-01 08:38:31.653 0 0 I init : Service 'qvrd_vndr' (pid 6966) exited with status 1
01-01 08:38:31.660 0 0 I init : Sending signal 9 to service 'qvrd_vndr' (pid 6966) process group...
09-08 05:30:41.393 1151 2144 I netstats_mobile_sample: [0,0,0,0,0,0,0,0,0,0,0,0,1662586241393]
09-08 05:30:41.393 1151 2144 I netstats_wifi_sample: [422293553,292811,5818795,143447,422293553,292811,5818795,143447,422471715,294611,5793991,143273,1662586241393]
01-01 08:38:32.317 0 0 D : mv2112_read_status
01-01 08:38:32.320 0 0 D mv2112_update_link: 3.0x901(1G): 0x80
01-01 08:38:32.327 0 0 D mv2112_update_link: 3.0x8109(100M): 0x0
01-01 08:38:32.332 0 0 D mv2112_update_link: link 0x0
01-01 08:38:32.336 0 0 D mv2112_read_status: autoneg is disabled
01-01 08:38:33.341 0 0 D : mv2112_read_status
01-01 08:38:33.344 0 0 D mv2112_update_link: 3.0x901(1G): 0x80
01-01 08:38:33.351 0 0 D mv2112_update_link: 3.0x8109(100M): 0x0
01-01 08:38:33.357 0 0 D mv2112_update_link: link 0x0
01-01 08:38:33.361 0 0 D mv2112_read_status: autoneg is disabled
01-01 08:38:34.365 0 0 D : mv2112_read_status
01-01 08:38:34.369 0 0 D mv2112_update_link: 3.0x901(1G): 0x80
01-01 08:38:34.375 0 0 D mv2112_update_link: 3.0x8109(100M): 0x0
01-01 08:38:34.382 0 0 D mv2112_update_link: link 0x0
01-01 08:38:34.386 0 0 D mv2112_read_status: autoneg is disabled
01-01 08:38:35.389 0 0 D : mv2112_read_status
01-01 08:38:35.392 0 0 D mv2112_update_link: 3.0x901(1G): 0x80
01-01 08:38:35.397 0 0 D mv2112_update_link: 3.0x8109(100M): 0x0
01-01 08:38:35.413 0 0 D mv2112_update_link: link 0x0
01-01 08:38:35.417 0 0 D mv2112_read_status: autoneg is disabled
01-01 08:38:36.445 0 0 D : mv2112_read_status
01-01 08:38:36.448 0 0 D mv2112_update_link: 3.0x901(1G): 0x80
01-01 08:38:36.453 0 0 D mv2112_update_link: 3.0x8109(100M): 0x0
01-01 08:38:36.458 0 0 D mv2112_update_link: link 0x0
01-01 08:38:36.463 0 0 D mv2112_read_status: autoneg is disabled
01-01 08:38:36.582 0 0 I init : starting service 'qvrd_vndr'...
01-01 08:38:36.589 0 0 I init : Created socket '/dev/socket/qvrservice_vndr', mode 660, user 1000, group 1000
01-01 08:38:36.601 0 0 I init : Created socket '/dev/socket/qvrservice_vndr_camera', mode 660, user 1000, group 1000
01-01 08:38:36.633 0 0 I init : starting service 'sxrd'...
09-08 05:30:46.379 6970 6970 F linker : CANNOT LINK EXECUTABLE "/vendor/bin/hw/qvrservice": library "vendor.qti.hardware.qxr-V1-ndk_platform.so" not found: needed by /vendor/lib64/libqvrservice.so in namespace (default)
01-01 08:38:36.651 0 0 I init : starting service 'vendor.light-hal-2-0'...
09-08 05:30:46.394 6971 6971 F linker : CANNOT LINK EXECUTABLE "/vendor/bin/hw/sxrservice": library "vendor.qti.hardware.qxr-V1-ndk_platform.so" not found: needed by main executable
01-01 08:38:36.670 0 0 I init : Service 'qvrd_vndr' (pid 6970) exited with status 1
01-01 08:38:36.677 0 0 I init : Sending signal 9 to service 'qvrd_vndr' (pid 6970) process group...
01-01 08:38:36.685 0 0 I libprocessgroup: Successfully killed process cgroup uid 1000 pid 6970 in 0ms
01-01 08:38:36.695 0 0 I init : Service 'sxrd' (pid 6971) exited with status 1
01-01 08:38:36.701 0 0 I init : Sending signal 9 to service 'sxrd' (pid 6971) process group...
01-01 08:38:37.469 0 0 D : mv2112_read_status
01-01 08:38:37.473 0 0 D mv2112_update_link: 3.0x901(1G): 0x80
01-01 08:38:37.485 0 0 D mv2112_update_link: 3.0x8109(100M): 0x0
01-01 08:38:37.493 0 0 D mv2112_update_link: link 0x0
01-01 08:38:37.497 0 0 D mv2112_read_status: autoneg is disabled
09-08 05:30:47.442 1151 2144 I netstats_mobile_sample: [0,0,0,0,0,0,0,0,0,0,0,0,1662586247441]
09-08 05:30:47.442 1151 2144 I netstats_wifi_sample: [424713961,294508,5851059,144247,424713961,294508,5851059,144247,424892087,296307,5826295,144074,1662586247441]
01-01 08:38:38.525 0 0 D : mv2112_read_status
01-01 08:38:38.528 0 0 D mv2112_update_link: 3.0x901(1G): 0x80
01-01 08:38:38.534 0 0 D mv2112_update_link: 3.0x8109(100M): 0x0
01-01 08:38:38.540 0 0 D mv2112_update_link: link 0x0
01-01 08:38:38.544 0 0 D mv2112_read_status: autoneg is disabled
01-01 08:38:39.549 0 0 D : mv2112_read_status
01-01 08:38:39.552 0 0 D mv2112_update_link: 3.0x901(1G): 0x80
01-01 08:38:39.559 0 0 D mv2112_update_link: 3.0x8109(100M): 0x0
01-01 08:38:39.564 0 0 D mv2112_update_link: link 0x0
01-01 08:38:39.568 0 0 D mv2112_read_status: autoneg is disabled
01-01 08:38:40.573 0 0 D : mv2112_read_status
01-01 08:38:40.577 0 0 D mv2112_update_link: 3.0x901(1G): 0x80
01-01 08:38:40.582 0 0 D mv2112_update_link: 3.0x8109(100M): 0x0
01-01 08:38:40.587 0 0 D mv2112_update_link: link 0x0
01-01 08:38:40.592 0 0 D mv2112_read_status: autoneg is disabled
01-01 08:38:41.597 0 0 D : mv2112_read_status
01-01 08:38:41.601 0 0 D mv2112_update_link: 3.0x901(1G): 0x80
01-01 08:38:41.606 0 0 D mv2112_update_link: 3.0x8109(100M): 0x0
01-01 08:38:41.611 0 0 D mv2112_update_link: link 0x0
01-01 08:38:41.616 0 0 D mv2112_read_status: autoneg is disabled
01-01 08:38:41.629 0 0 I init : starting service 'qvrd_vndr'...
01-01 08:38:41.635 0 0 I init : Created socket '/dev/socket/qvrservice_vndr', mode 660, user 1000, group 1000
01-01 08:38:41.644 0 0 I init : Created socket '/dev/socket/qvrservice_vndr_camera', mode 660, user 1000, group 1000
01-01 08:38:41.669 0 0 I init : starting service 'sxrd'...
01-01 08:38:41.688 0 0 I init : starting service 'vendor.light-hal-2-0'...
09-08 05:30:51.420 6975 6975 F linker : CANNOT LINK EXECUTABLE "/vendor/bin/hw/qvrservice": library "vendor.qti.hardware.qxr-V1-ndk_platform.so" not found: needed by /vendor/lib64/libqvrservice.so in namespace (default)
01-01 08:38:41.707 0 0 I init : Service 'qvrd_vndr' (pid 6975) exited with status 1
01-01 08:38:41.714 0 0 I init : Sending signal 9 to service 'qvrd_vndr' (pid 6975) process group...
