--------- beginning of events
01-01 08:00:41.974 517 517 I snet_event_log: [121035042,-1,]
01-01 08:00:41.981 517 517 I auditd : SELinux: Loaded service_contexts from:
01-01 08:00:41.981 517 517 I auditd : /system/etc/selinux/plat_service_contexts
01-01 08:00:41.981 517 517 I auditd : /system_ext/etc/selinux/system_ext_service_contexts
01-01 08:00:41.981 517 517 I auditd : /product/etc/selinux/product_service_contexts
01-01 08:00:41.982 517 517 I auditd : /vendor/etc/selinux/vendor_service_contexts
01-01 08:00:04.167 515 515 I auditd : type=2000 audit(0.0:1): state=initialized audit_enabled=0 res=1
01-01 08:00:41.997 519 519 I snet_event_log: [121035042,-1,]
01-01 08:00:39.239 515 515 I auditd : type=1403 audit(0.0:2): auid=4294967295 ses=4294967295 lsm=selinux res=1
01-01 08:00:39.243 515 515 I auditd : type=1404 audit(0.0:3): enforcing=1 old_enforcing=0 auid=4294967295 ses=4294967295 enabled=1 old-enabled=1 lsm=selinux res=1
01-01 08:00:39.631 1 1 I auditd : type=1107 audit(0.0:4): uid=0 auid=4294967295 ses=4294967295 subj=u:r:init:s0 msg='avc: denied { read } for property=persist.debug.trace pid=0 uid=0 gid=0 scontext=u:r:vendor_init:s0 tcontext=u:object_r:persist_debug_prop:s0 tclass=file permissive=0'
01-01 08:00:40.607 1 1 I auditd : type=1400 audit(0.0:5): avc: denied { mounton } for comm="init" path="/sys/kernel/tracing" dev="tracefs" ino=1 scontext=u:r:init:s0 tcontext=u:object_r:debugfs_tracing_debug:s0 tclass=dir permissive=0 --------- beginning of system
01-01 08:00:42.696 561 575 I QISL : QSEE Interrupt Service Listener Thread is started
01-01 08:00:42.698 561 575 I QISL : QSEE Interrupt Service Listener was activated successfully
01-01 08:00:42.700 561 561 D SPL : Call QSEECom_register_listener()
01-01 08:00:42.700 561 561 D SPL : Registered listener sucessfully!
01-01 08:00:42.700 561 561 D SPL : pipe read-fd [32] write-fd [33]
01-01 08:00:42.701 561 561 D SPL : Create thread
01-01 08:00:42.701 561 561 D SPL : Thread created sucessfully.
01-01 08:00:42.702 561 577 D SPL : spl_dispatch() started
01-01 08:00:42.702 561 577 D SPL : ==== Wait For Request ======
01-01 08:00:42.707 563 563 I vold : Vold 3.0 (the awakening) firing up
01-01 08:00:42.708 563 563 D vold : Detected support for: ext4 f2fs vfat
01-01 08:00:42.714 563 563 D vold : Found unmanaged dm device named system_ext_a
01-01 08:00:42.714 563 563 D vold : Found unmanaged dm device named odm_a
01-01 08:00:42.714 563 563 D vold : Found unmanaged dm device named system_a
01-01 08:00:42.714 563 563 D vold : Found unmanaged dm device named vendor-verity
01-01 08:00:42.714 563 563 D vold : Found unmanaged dm device named vendor_a
01-01 08:00:42.714 563 563 D vold : Found unmanaged dm device named system_ext-verity
01-01 08:00:42.714 563 563 D vold : Found unmanaged dm device named odm-verity
01-01 08:00:42.714 563 563 D vold : Found unmanaged dm device named product-verity
01-01 08:00:42.714 563 563 D vold : Found unmanaged dm device named system-verity
01-01 08:00:42.714 563 563 D vold : Found unmanaged dm device named product_a
01-01 08:00:42.717 563 563 I vold : [libfs_mgr]dt_fstab: Skip disabled entry for partition vendor
01-01 08:00:42.738 563 563 D vold : VoldNativeService::start() completed OK
01-01 08:00:42.747 576 576 I auditd : type=1400 audit(0.0:6): avc: denied { kill } for comm="e2fsck" capability=5 scontext=u:r:fsck:s0 tcontext=u:r:fsck:s0 tclass=capability permissive=0
01-01 08:00:42.855 586 586 I auditd : type=1400 audit(0.0:7): avc: denied { read write } for comm="fsck_msdos" name="sde51" dev="tmpfs" ino=6571 scontext=u:r:fsck:s0 tcontext=u:object_r:block_device:s0 tclass=blk_file permissive=0
01-01 08:00:42.859 586 586 I auditd : type=1400 audit(0.0:8): avc: denied { read } for comm="fsck_msdos" name="sde51" dev="tmpfs" ino=6571 scontext=u:r:fsck:s0 tcontext=u:object_r:block_device:s0 tclass=blk_file permissive=0
01-01 08:00:42.859 586 586 I auditd : type=1400 audit(0.0:9): avc: denied { kill } for comm="fsck_msdos" capability=5 scontext=u:r:fsck:s0 tcontext=u:r:fsck:s0 tclass=capability permissive=0
01-01 08:00:43.196 591 591 D spdaemon: Firmware Name [spss2p].
01-01 08:00:43.196 591 591 D spdaemon: Prod FW.
01-01 08:00:43.196 591 591 D spdaemon: firmware_type [p].
01-01 08:00:43.196 591 591 D spdaemon: open() file [/sys/devices/soc0/machine] Failed, ret =-1.
01-01 08:00:43.196 591 591 D spdaemon: soc_type 1048576
01-01 08:00:43.197 591 591 E iardb : [iar_db_get_iar_state] failed to open file /mnt/vendor/spunvm/iar_db/iar_state.bin [13] [Permission denied]
01-01 08:00:43.197 591 591 D iarlib : [iar_get_state] Can't get iar_state, return DISABLED
01-01 08:00:43.197 591 591 I spdaemon: IAR is not activated
01-01 08:00:43.197 591 591 D spdaemon: ------ going to start SP From kernel ------
01-01 08:00:43.197 591 591 I spcomlib: [spcom_restart_sp_subsystem] restart_sp starts
01-01 08:00:43.197 591 591 D spcomlib: [spcom_restart_sp_subsystem] restart_sp - Send PIL request [1]
01-01 08:00:43.218 591 591 D spcomlib: [spcom_restart_sp_subsystem] restart_sp - Restart SP command ok.
01-01 08:00:43.218 591 591 D spcomlib: [spcom_signal_event] event [0] [pil_called] EVENT_STATUS_SIGNALED
01-01 08:00:43.218 591 591 I spcomlib: [spcom_reset_all_app_loaded_prop] start reset all spcomlib apploaded props.
01-01 08:00:44.447 630 630 I auditd : type=1400 audit(0.0:10): avc: denied { kill } for comm="vdc" capability=5 scontext=u:r:vdc:s0 tcontext=u:r:vdc:s0 tclass=capability permissive=0
01-01 08:00:44.542 563 563 D vold : fscrypt_mount_metadata_encrypted: /data encrypt: 0 format: 0 with null
01-01 08:00:44.543 563 563 D vold : metadata_key_dir/key: /metadata/vold/metadata_encryption/key
01-01 08:00:44.544 563 563 D vold : Key exists, using: /metadata/vold/metadata_encryption/key
01-01 08:00:44.550 595 595 I auditd : SELinux: Loaded keystore2_key_contexts from:
01-01 08:00:44.550 595 595 I auditd : /system/etc/selinux/plat_keystore2_key_contexts
01-01 08:00:44.567 563 563 D vold : Mounting metadata-encrypted filesystem:/data
01-01 08:00:44.572 563 563 I vold : [libfs_mgr]Running /system/bin/fsck.f2fs -a -c 10000 --debug-cache /dev/block/dm-10
01-01 08:00:44.675 633 633 I auditd : type=1400 audit(0.0:11): avc: denied { kill } for comm="fsck.f2fs" capability=5 scontext=u:r:fsck:s0 tcontext=u:r:fsck:s0 tclass=capability permissive=0
01-01 08:00:44.990 563 563 I vold : [libfs_mgr]__mount(source=/dev/block/dm-10,target=/data,type=f2fs)=0: Success
01-01 08:00:44.991 563 563 D vold : Mounted /data
01-01 08:00:44.991 563 583 D vold : Disk at 252:10 changed
01-01 08:00:44.987 631 631 I auditd : type=1400 audit(0.0:12): avc: denied { kill } for comm="vdc" capability=5 scontext=u:r:vdc:s0 tcontext=u:r:vdc:s0 tclass=capability permissive=0
01-01 08:00:45.064 563 563 I Checkpoint: cp_prepareCheckpoint called
01-01 08:00:45.087 638 640 D spcomlib: [spcom_register_service] spcom_register_service() name [sp_keymaster_ssr] pid [533133528240]
01-01 08:00:45.087 638 640 D spcomlib: [spcom_open] ch [sp_keymaster_ssr] doesn't exist, create it.
01-01 08:00:45.087 638 640 D spcomlib: [spcom_create_channel] Create Channel [sp_keymaster_ssr].
01-01 08:00:45.102 638 640 D spcomlib: [add_ssr_cb] ssr cb added!
01-01 08:00:45.102 638 640 D spcomlib: [start_ssr_thread] ch [spcom] ready!
01-01 08:00:45.102 638 640 D spcomlib: [start_ssr_thread] main pthread self_id [0x213c0cb0].
01-01 08:00:45.102 638 640 D spcomlib: [start_ssr_thread] pthread_create() ret [0] thread-id [0x202c2cb0].
01-01 08:00:45.103 638 640 D spcomlib: [start_ssr_thread] Wait for SSR thread to run.
01-01 08:00:45.103 638 643 D spcomlib: [notify_ssr_thread] SSR pthread self_id [0x202c2cb0].
01-01 08:00:45.103 638 640 D spcomlib: [start_ssr_thread] pthread_cond_wait() ret [0].
01-01 08:00:45.103 638 640 D spcomlib: [start_ssr_thread] done.
01-01 08:00:45.103 638 640 D spcomlib: [add_ch] add ch [sp_keymaster_ssr].
01-01 08:00:45.103 638 640 D spcomlib: [spcom_register_service] spcom_register_service() name [sp_keymaster_ssr] pid [533133528240] done
01-01 08:00:45.108 563 563 I vold : fscrypt_initialize_systemwide_keys
01-01 08:00:45.108 563 563 I vold : Creating new key in /data/unencrypted/key
01-01 08:00:45.108 563 563 D vold : Generating wrapped storage key
01-01 08:00:45.112 563 563 E vold : keystore2 Keystore generateKey returned service specific error: -67
01-01 08:00:45.112 563 563 W vold : Failed to generate rollback-resistant key. This is expected if keymaster doesn't support rollback resistance. Falling back to non-rollback-resistant key.
01-01 08:00:45.119 563 563 D vold : Generating "key storage" key
01-01 08:00:45.121 563 563 E vold : keystore2 Keystore generateKey returned service specific error: -67
01-01 08:00:45.121 563 563 W vold : Failed to generate rollback-resistant key. This is expected if keymaster doesn't support rollback resistance. Falling back to non-rollback-resistant key.
01-01 08:00:45.129 563 563 D vold : Created key: /data/unencrypted/key
01-01 08:00:45.136 563 563 D vold : Installed fscrypt key with ref fcb0fade9c2d31b8900dc7546be9b7a4 to /data
01-01 08:00:45.136 563 563 D vold : Added fscrypt-provisioning key for fcb0fade9c2d31b8900dc7546be9b7a4 to session keyring
01-01 08:00:45.137 563 563 I vold : Wrote system DE key reference to:/data/unencrypted/ref
01-01 08:00:45.137 563 563 D vold : Generating wrapped storage key
01-01 08:00:45.139 563 563 E vold : keystore2 Keystore generateKey returned service specific error: -67
01-01 08:00:45.139 563 563 W vold : Failed to generate rollback-resistant key. This is expected if keymaster doesn't support rollback resistance. Falling back to non-rollback-resistant key.
01-01 08:00:45.147 563 563 D vold : Installed fscrypt key with ref f2591f5418adb241f61f774a4a44b2a1 to /data
01-01 08:00:45.147 563 563 D vold : Added fscrypt-provisioning key for f2591f5418adb241f61f774a4a44b2a1 to session keyring
01-01 08:00:45.147 563 563 I vold : Wrote per boot key reference to:/data/unencrypted/per_boot_ref
01-01 08:00:45.219 563 563 I incfs : Initial API level of the device: 30
01-01 08:00:45.219 563 563 I incfs : ro.incremental.enable: 1
01-01 08:00:45.219 563 563 I incfs : isFsAvailable: true
01-01 08:00:45.219 563 563 I incfs : isFsAvailable: true
01-01 08:00:45.219 563 563 I incfs : IncFs_Features: v1
01-01 08:00:45.257 563 563 E vold : keystore2 Keystore earlyBootEnded returned service specific error: -68
01-01 08:00:45.476 563 563 D vold : fscrypt_init_user0
01-01 08:00:45.476 563 563 D vold : Preparing: /data/misc/vold/user_keys
01-01 08:00:45.477 563 563 D vold : Preparing: /data/misc/vold/user_keys/ce
01-01 08:00:45.477 563 563 D vold : Preparing: /data/misc/vold/user_keys/de
01-01 08:00:45.477 563 563 D vold : Generating wrapped storage key
01-01 08:00:45.480 563 563 E vold : keystore2 Keystore generateKey returned service specific error: -67
01-01 08:00:45.480 563 563 W vold : Failed to generate rollback-resistant key. This is expected if keymaster doesn't support rollback resistance. Falling back to non-rollback-resistant key.
01-01 08:00:45.484 563 563 D vold : Generating wrapped storage key
01-01 08:00:45.486 563 563 E vold : keystore2 Keystore generateKey returned service specific error: -67
01-01 08:00:45.486 563 563 W vold : Failed to generate rollback-resistant key. This is expected if keymaster doesn't support rollback resistance. Falling back to non-rollback-resistant key.
01-01 08:00:45.490 563 563 D vold : Preparing: /data/misc/vold/user_keys/ce/0
01-01 08:00:45.492 563 563 D vold : Generating "key storage" key
01-01 08:00:45.494 563 563 E vold : keystore2 Keystore generateKey returned service specific error: -67
01-01 08:00:45.494 563 563 W vold : Failed to generate rollback-resistant key. This is expected if keymaster doesn't support rollback resistance. Falling back to non-rollback-resistant key.
01-01 08:00:45.503 563 563 D vold : Created key: /data/misc/vold/user_keys/ce/0/current
01-01 08:00:45.506 563 563 D vold : Generating "key storage" key
01-01 08:00:45.507 563 563 E vold : keystore2 Keystore generateKey returned service specific error: -67
01-01 08:00:45.507 563 563 W vold : Failed to generate rollback-resistant key. This is expected if keymaster doesn't support rollback resistance. Falling back to non-rollback-resistant key.
01-01 08:00:45.517 563 563 D vold : Created key: /data/misc/vold/user_keys/de/0
01-01 08:00:45.523 563 563 D vold : Installed fscrypt key with ref 06164dd222f9177c66961b1a1cc3fc9a to /data
01-01 08:00:45.523 563 563 D vold : Added fscrypt-provisioning key for 06164dd222f9177c66961b1a1cc3fc9a to session keyring
01-01 08:00:45.529 563 563 D vold : Installed fscrypt key with ref a17470459b5589cc25d8f7dcc89103b9 to /data
01-01 08:00:45.529 563 563 D vold : Added fscrypt-provisioning key for a17470459b5589cc25d8f7dcc89103b9 to session keyring
01-01 08:00:45.529 563 563 D vold : Created keys for user 0
01-01 08:00:45.541 563 563 D vold : Installed fscrypt key with ref 06164dd222f9177c66961b1a1cc3fc9a to /data
01-01 08:00:45.541 563 563 D vold : Added fscrypt-provisioning key for 06164dd222f9177c66961b1a1cc3fc9a to session keyring
01-01 08:00:45.541 563 563 D vold : Installed de key for user 0
01-01 08:00:45.541 563 563 D vold : fscrypt_prepare_user_storage for volume null, user 0, serial 0, flags 1
01-01 08:00:45.541 563 563 D vold : Preparing: /data/system/users/0
01-01 08:00:45.541 563 563 D vold : Preparing: /data/misc/profiles/cur/0
01-01 08:00:45.542 563 563 D vold : Preparing: /data/system_de/0
01-01 08:00:45.542 563 563 D vold : Preparing: /data/misc_de/0
01-01 08:00:45.542 563 563 D vold : Preparing: /data/vendor_de/0
01-01 08:00:45.542 563 563 D vold : Preparing: /data/user_de/0
01-01 08:00:45.542 563 563 I vold : Encryption policy of /data/system_de/0 set to 06164dd222f9177c66961b1a1cc3fc9a v2 modes 1/4 flags 0xa
01-01 08:00:45.542 563 563 I vold : Encryption policy of /data/misc_de/0 set to 06164dd222f9177c66961b1a1cc3fc9a v2 modes 1/4 flags 0xa
01-01 08:00:45.543 563 563 I vold : Encryption policy of /data/vendor_de/0 set to 06164dd222f9177c66961b1a1cc3fc9a v2 modes 1/4 flags 0xa
01-01 08:00:45.543 563 563 I vold : Encryption policy of /data/user_de/0 set to 06164dd222f9177c66961b1a1cc3fc9a v2 modes 1/4 flags 0xa
01-01 08:00:45.543 563 563 D vold : /system/bin/vold_prepare_subdirs
01-01 08:00:45.543 563 563 D vold : prepare
01-01 08:00:45.543 563 563 D vold :
01-01 08:00:45.543 563 563 D vold : 0
01-01 08:00:45.543 563 563 D vold : 1
01-01 08:00:45.597 563 563 D vold : Detected support for FS_IOC_ADD_ENCRYPTION_KEY
01-01 08:00:45.598 563 563 D vold : Installing fscrypt-provisioning key for a17470459b5589cc25d8f7dcc89103b9 back into /data fs-keyring
01-01 08:00:45.603 1 1 I auditd : type=1400 audit(0.0:13): avc: denied { getattr } for comm="init" path="/data/nativetest" dev="dm-10" ino=7 scontext=u:r:init:s0 tcontext=u:object_r:nativetest_data_file:s0 tclass=dir permissive=0 bug=b/77873135
01-01 08:00:45.603 1 1 I auditd : type=1400 audit(0.0:14): avc: denied { getattr } for comm="init" path="/data/nativetest64" dev="dm-10" ino=8 scontext=u:r:init:s0 tcontext=u:object_r:nativetest_data_file:s0 tclass=dir permissive=0 bug=b/77873135
01-01 08:00:46.230 688 688 I liblog : 9
01-01 08:00:46.230 688 688 I liblog : 5
01-01 08:00:46.230 688 688 I liblog : 8
01-01 08:00:46.230 688 688 I liblog : 142
01-01 08:00:46.230 688 688 I liblog : 6
01-01 08:00:46.230 688 688 I liblog : 5
01-01 08:00:46.231 688 688 I liblog : 5
01-01 08:00:46.231 688 688 I liblog : 9
01-01 08:00:46.231 688 688 I liblog : 3
01-01 08:00:46.231 688 688 I liblog : 5
01-01 08:00:46.231 688 688 I liblog : 5
01-01 08:00:46.231 688 688 I liblog : 20
01-01 08:00:46.231 688 688 I liblog : 19
01-01 08:00:46.231 688 688 I liblog : 5
01-01 08:00:46.231 688 688 I liblog : 15
01-01 08:00:46.231 688 688 I liblog : 5
01-01 08:00:46.231 688 688 I liblog : 4
01-01 08:00:46.231 688 688 I liblog : 5
01-01 08:00:46.231 688 688 I liblog : 5
01-01 08:00:46.232 688 688 I liblog : 20
01-01 08:00:46.239 688 688 I liblog : 2
01-01 08:00:46.243 688 688 I liblog : 13
01-01 08:00:46.243 688 688 I liblog : 10
01-01 08:00:46.244 688 688 I liblog : 4
01-01 08:00:46.244 688 688 I liblog : 24
01-01 08:00:46.244 688 688 I liblog : 10
01-01 08:00:46.244 688 688 I liblog : 6
01-01 08:00:46.244 688 688 I liblog : 5
01-01 08:00:46.244 688 688 I liblog : 6
01-01 08:00:46.244 688 688 I liblog : 5
01-01 08:00:46.244 688 688 I liblog : 5
01-01 08:00:46.244 688 688 I liblog : 6
01-01 08:00:46.244 688 688 I liblog : 6
01-01 08:00:46.244 688 688 I liblog : 14
01-01 08:00:46.244 688 688 I liblog : 5
01-01 08:00:46.244 688 688 I liblog : 5
01-01 08:00:46.244 688 688 I liblog : 32
01-01 08:00:46.256 688 688 I liblog : 52
01-01 08:00:47.646 694 694 I boot_progress_start: 34889
01-01 08:00:48.330 694 694 I snet_event_log: [200284993,-1,]
01-01 08:00:48.330 696 696 I snet_event_log: [200284993,-1,]
01-01 08:00:48.594 694 694 I boot_progress_preload_start: 35837
01-01 08:00:48.673 696 696 D Zygote32Timing: PostZygoteInitGC took to complete: 50ms
01-01 08:00:48.673 696 696 D Zygote32Timing: ZygoteInit took to complete: 62ms
01-01 08:00:48.736 694 694 D Zygote64Timing: BeginPreload took to complete: 143ms
01-01 08:00:49.354 964 964 I android.hardware.wifi@1.0-service: Wifi Hal is booting up...
01-01 08:00:49.364 964 964 I HidlServiceManagement: Registered android.hardware.wifi@1.4::IWifi/default (start delay of 287ms)
01-01 08:00:49.928 1028 1028 I irsc_util: Starting irsc tool
01-01 08:00:49.933 1028 1028 I irsc_util: Num of entries:298
01-01 08:00:49.933 1028 1028 I irsc_util: Ending irsc tool
01-01 08:00:50.471 484 484 I auditd : type=1400 audit(0.0:15): avc: denied { setattr } for comm="init" name="rawdump" dev="tmpfs" ino=6518 scontext=u:r:vendor_init:s0 tcontext=u:object_r:block_device:s0 tclass=lnk_file permissive=0
01-01 08:00:50.475 484 484 I auditd : type=1400 audit(0.0:16): avc: denied { setattr } for comm="init" name="rawdump" dev="tmpfs" ino=6518 scontext=u:r:vendor_init:s0 tcontext=u:object_r:block_device:s0 tclass=lnk_file permissive=0
01-01 08:00:50.575 1 1 I auditd : type=1107 audit(0.0:17): uid=0 auid=4294967295 ses=4294967295 subj=u:r:init:s0 msg='avc: denied { set } for property=ctl.start$console pid=1098 uid=0 gid=0 scontext=u:r:vendor_qti_init_shell:s0 tcontext=u:object_r:ctl_start_prop:s0 tclass=property_service permissive=0'
01-01 08:00:50.697 694 694 D Zygote64Timing: PreloadClasses took to complete: 1961ms
01-01 08:00:50.716 517 517 I auditd : avc: denied { find } for pid=1066 uid=1000 name=vendor.qti.hardware.display.config.IDisplayConfig/default scontext=u:r:surfaceflinger:s0 tcontext=u:object_r:default_android_service:s0 tclass=service_manager permissive=0
01-01 08:00:50.727 517 517 I auditd : avc: denied { find } for pid=1066 uid=1000 name=vendor.qti.hardware.display.config.IDisplayConfig/default scontext=u:r:surfaceflinger:s0 tcontext=u:object_r:default_android_service:s0 tclass=service_manager permissive=0
01-01 08:00:50.732 694 694 D Zygote64Timing: CacheNonBootClasspathClassLoaders took to complete: 34ms
01-01 08:00:50.778 694 694 D Zygote64Timing: PreloadResources took to complete: 46ms
01-01 08:00:51.091 694 694 I boot_progress_preload_end: 38334
01-01 08:00:51.091 694 694 D Zygote64Timing: ZygotePreload took to complete: 2497ms
01-01 08:00:51.190 694 694 D Zygote64Timing: PostZygoteInitGC took to complete: 99ms
01-01 08:00:51.190 694 694 D Zygote64Timing: ZygoteInit took to complete: 2616ms
01-01 08:00:51.995 1120 1120 I auditd : type=1400 audit(0.0:18): avc: denied { write } for comm="init.qcom.usb.s" name="uvc.0" dev="configfs" ino=45339 scontext=u:r:vendor_qti_init_shell:s0 tcontext=u:object_r:configfs:s0 tclass=dir permissive=0
01-01 08:00:51.999 1120 1120 I auditd : type=1400 audit(0.0:19): avc: denied { write } for comm="init.qcom.usb.s" name="uvc.0" dev="configfs" ino=45339 scontext=u:r:vendor_qti_init_shell:s0 tcontext=u:object_r:configfs:s0 tclass=dir permissive=0
01-01 08:00:52.027 1194 1194 I auditd : type=1400 audit(0.0:20): avc: denied { write } for comm="mkdir" name="header" dev="configfs" ino=45341 scontext=u:r:vendor_qti_init_shell:s0 tcontext=u:object_r:configfs:s0 tclass=dir permissive=0
01-01 08:00:52.063 1195 1195 I auditd : type=1400 audit(0.0:21): avc: denied { write } for comm="ln" name="fs" dev="configfs" ino=45350 scontext=u:r:vendor_qti_init_shell:s0 tcontext=u:object_r:configfs:s0 tclass=dir permissive=0
01-01 08:00:52.107 1196 1196 I auditd : type=1400 audit(0.0:22): avc: denied { write } for comm="ln" name="ss" dev="configfs" ino=45351 scontext=u:r:vendor_qti_init_shell:s0 tcontext=u:object_r:configfs:s0 tclass=dir permissive=0
01-01 08:00:52.139 1197 1197 I auditd : type=1400 audit(0.0:23): avc: denied { write } for comm="mkdir" name="uncompressed" dev="configfs" ino=45354 scontext=u:r:vendor_qti_init_shell:s0 tcontext=u:object_r:configfs:s0 tclass=dir permissive=0
01-01 08:00:52.171 1198 1198 I auditd : type=1400 audit(0.0:24): avc: denied { write } for comm="mkdir" name="uncompressed" dev="configfs" ino=45354 scontext=u:r:vendor_qti_init_shell:s0 tcontext=u:object_r:configfs:s0 tclass=dir permissive=0
01-01 08:00:52.211 1199 1199 I auditd : type=1400 audit(0.0:25): avc: denied { write } for comm="mkdir" name="mjpeg" dev="configfs" ino=45355 scontext=u:r:vendor_qti_init_shell:s0 tcontext=u:object_r:configfs:s0 tclass=dir permissive=0
01-01 08:00:52.255 1201 1201 I auditd : type=1400 audit(0.0:26): avc: denied { write } for comm="mkdir" name="mjpeg" dev="configfs" ino=45355 scontext=u:r:vendor_qti_init_shell:s0 tcontext=u:object_r:configfs:s0 tclass=dir permissive=0
01-01 08:00:52.287 1202 1202 I auditd : type=1400 audit(0.0:27): avc: denied { write } for comm="mkdir" name="h264" dev="configfs" ino=45356 scontext=u:r:vendor_qti_init_shell:s0 tcontext=u:object_r:configfs:s0 tclass=dir permissive=0
01-01 08:00:52.327 1203 1203 I auditd : type=1400 audit(0.0:28): avc: denied { write } for comm="mkdir" name="h264" dev="configfs" ino=45356 scontext=u:r:vendor_qti_init_shell:s0 tcontext=u:object_r:configfs:s0 tclass=dir permissive=0
01-01 08:00:52.359 1204 1204 I auditd : type=1400 audit(0.0:29): avc: denied { write } for comm="mkdir" name="header" dev="configfs" ino=45353 scontext=u:r:vendor_qti_init_shell:s0 tcontext=u:object_r:configfs:s0 tclass=dir permissive=0
01-01 08:00:52.395 1205 1205 I auditd : type=1400 audit(0.0:30): avc: denied { write } for comm="ln" name="header" dev="configfs" ino=45353 scontext=u:r:vendor_qti_init_shell:s0 tcontext=u:object_r:configfs:s0 tclass=dir permissive=0
01-01 08:00:52.419 1209 1209 I auditd : type=1400 audit(0.0:31): avc: denied { write } for comm="ln" name="header" dev="configfs" ino=45353 scontext=u:r:vendor_qti_init_shell:s0 tcontext=u:object_r:configfs:s0 tclass=dir permissive=0
01-01 08:00:52.451 1210 1210 I auditd : type=1400 audit(0.0:32): avc: denied { write } for comm="ln" name="header" dev="configfs" ino=45353 scontext=u:r:vendor_qti_init_shell:s0 tcontext=u:object_r:configfs:s0 tclass=dir permissive=0
01-01 08:00:52.467 1211 1211 I auditd : type=1400 audit(0.0:33): avc: denied { write } for comm="ln" name="fs" dev="configfs" ino=45360 scontext=u:r:vendor_qti_init_shell:s0 tcontext=u:object_r:configfs:s0 tclass=dir permissive=0
01-01 08:00:52.499 1212 1212 I auditd : type=1400 audit(0.0:34): avc: denied { write } for comm="ln" name="hs" dev="configfs" ino=45361 scontext=u:r:vendor_qti_init_shell:s0 tcontext=u:object_r:configfs:s0 tclass=dir permissive=0
01-01 08:00:52.523 1213 1213 I auditd : type=1400 audit(0.0:35): avc: denied { write } for comm="ln" name="ss" dev="configfs" ino=45362 scontext=u:r:vendor_qti_init_shell:s0 tcontext=u:object_r:configfs:s0 tclass=dir permissive=0
01-01 08:00:52.592 1215 1215 I gsid : no DSU: No such file or directory
01-01 08:00:53.045 1234 1234 I iorapd : iorapd (the prefetchening) firing up
01-01 08:00:53.047 1234 1234 E iorapd : SQLite error (14): cannot open file at line 39583 of [bcd014c473]
01-01 08:00:53.047 1234 1234 E iorapd : SQLite error (14): os_unix.c:39583: (2) open(/data/misc/iorapd/sqlite.db) -
01-01 08:00:53.073 1234 1234 I iorapd : Reinitialized database at '/data/misc/iorapd/sqlite.db'
01-01 08:00:53.074 1234 1234 W iorapd : Reconnect to package manager service: 1 times
01-01 08:00:53.303 1272 1272 I installd: installd firing up
01-01 08:00:53.304 1272 1272 D installd: Assuming that device has multi-user storage layout; upgrade no longer supported
01-01 08:00:53.304 1272 1272 D installd: Upgrading to /data/misc/user directories
01-01 08:00:53.607 1290 1290 I wificond: wificond is starting up...
01-01 08:00:53.640 1290 1290 I HidlServiceManagement: Registered android.system.wifi.keystore@1.0::IKeystore/default
01-01 08:00:53.796 1320 1320 I imsrcsd : Uce Service HAL is starting up...
01-01 08:00:53.852 1320 1320 I imsrcsd : Uce Service HAL loading imsrcsbaseimpl
01-01 08:00:54.323 1320 1320 I imsrcsd : Starting Service for First Time imsbaseimpl
01-01 08:00:54.330 1320 1320 I imsrcsd : Interface com.qualcomm.qti.uceservice@2.3::IUceService com.qualcomm.qti.uceservice is found in manifest
01-01 08:00:54.332 1320 1320 I HidlServiceManagement: Registered com.qualcomm.qti.uceservice@2.3::IUceService/com.qualcomm.qti.uceservice (start delay of 745ms)
01-01 08:00:54.333 1320 1320 I imsrcsd : Interface com.qualcomm.qti.imscmservice@2.2::IImsCmService qti.ims.connectionmanagerservice is found in manifest
01-01 08:00:54.334 1320 1320 I HidlServiceManagement: Registered com.qualcomm.qti.imscmservice@2.2::IImsCmService/qti.ims.connectionmanagerservice (start delay of 747ms)
01-01 08:00:54.336 1320 1320 I imsrcsd : Interface vendor.qti.ims.factory@1.1::IImsFactory default is not found in manifest
01-01 08:00:54.337 1320 1320 I imsrcsd : Interface vendor.qti.ims.factory@1.0::IImsFactory default is found in manifest
01-01 08:00:54.338 1320 1320 I HidlServiceManagement: Registered vendor.qti.ims.factory@1.0::IImsFactory/default (start delay of 752ms)
01-01 08:00:54.340 1320 1320 I imsrcsd : Interface vendor.qti.ims.callinfo@1.0::IService default is found in manifest
01-01 08:00:54.385 1320 1320 I HidlServiceManagement: Registered vendor.qti.ims.callinfo@1.0::IService/default (start delay of 798ms)
01-01 08:00:54.385 1320 1320 I imsrcsd : ImsRcsBaseImpl ImsCallInfo After Registering Service
01-01 08:00:54.568 1287 1287 W HidlServiceManagement: Waited one second for android.hardware.health@2.0::IHealth/default
01-01 08:00:54.979 1444 1444 I auditd : type=1400 audit(0.0:36): avc: denied { read } for comm="tzlog" name="qsee_log" dev="debugfs" ino=19494 scontext=u:r:np_thundercomm_tlog:s0 tcontext=u:object_r:debugfs:s0 tclass=file permissive=0
01-01 08:00:54.983 1444 1444 I auditd : type=1400 audit(0.0:37): avc: denied { read } for comm="tzlog" name="log" dev="debugfs" ino=19493 scontext=u:r:np_thundercomm_tlog:s0 tcontext=u:object_r:debugfs:s0 tclass=file permissive=0 --------- beginning of crash
01-01 08:00:55.097 1485 1485 F linker : CANNOT LINK EXECUTABLE "/vendor/bin/hw/sxrservice": library "vendor.qti.hardware.qxr-V1-ndk_platform.so" not found: needed by main executable
01-01 08:00:55.103 1481 1481 F linker : CANNOT LINK EXECUTABLE "/vendor/bin/hw/qvrservice": library "vendor.qti.hardware.qxr-V1-ndk_platform.so" not found: needed by /vendor/lib64/libqvrservice.so in namespace (default)
01-01 08:00:55.154 1489 1489 I TLOC : [main ]"TLOC DAEMON main thread"
01-01 08:00:55.155 1489 1489 D TLOC : [TLOCDaemon ]"---------- TLOC Daemon Starts ----------"
01-01 08:00:55.155 1489 1489 D TLOC : [TLOCChannel]"The channel was initialized successfully for TLOCD"
01-01 08:00:55.156 1489 1489 D TLOC : [TLOCChannel]"The channel was initialized successfully for TLOCL"
01-01 08:00:55.156 1489 1489 D TLOC : [TLOCChannel]"The channel was initialized successfully for MODEM"
01-01 08:00:55.156 1489 1489 D TLOC : [TLOCChannel]"TLOCChannel was initialized successfully"
01-01 08:00:55.156 1489 1489 D TLOC : [TLOCChannel] "TLOCChannel is already initialized"
01-01 08:00:55.585 1287 1287 W HidlServiceManagement: Waited one second for android.hardware.health@2.0::IHealth/default
01-01 08:00:55.784 1140 1149 D BootAnimation: BootAnimationShownTiming start time: 43027ms
01-01 08:00:55.841 830 878 I liblog : 29
01-01 08:00:56.349 1151 1151 I SystemServerTiming: InitBeforeStartServices
01-01 08:00:56.358 1151 1151 I system_server_start: [1,43591,43591]
01-01 08:00:56.358 1151 1151 I SystemServer: Entered the Android system server!
01-01 08:00:56.358 1151 1151 I boot_progress_system_run: 43602
01-01 08:00:56.455 866 866 I auditd : type=1400 audit(0.0:38): avc: denied { read } for comm="android.hardwar" name="type" dev="sysfs" ino=74207 scontext=u:r:hal_health_default:s0 tcontext=u:object_r:sysfs:s0 tclass=file permissive=0
01-01 08:00:56.499 1287 1287 W storaged: health: invalid battery status
01-01 08:00:56.781 1151 1151 I SystemServerInitThreadPool: Creating instance with 8 threads
01-01 08:00:57.131 1671 1671 I auditd : type=1400 audit(0.0:39): avc: denied { read } for comm="hvdcp_opti" name="devices" dev="sysfs" ino=52698 scontext=u:r:vendor_hvdcp:s0 tcontext=u:object_r:sysfs:s0 tclass=dir permissive=0
01-01 08:00:57.674 1151 1151 D SystemServerTiming: InitBeforeStartServices took to complete: 1325ms
01-01 08:00:57.675 1151 1151 I SystemServerTiming: StartServices
01-01 08:00:57.675 1151 1151 I SystemServerTiming: startBootstrapServices
01-01 08:00:57.675 1151 1151 I SystemServerTiming: StartWatchdog
01-01 08:00:57.707 1151 1151 D SystemServerTiming: StartWatchdog took to complete: 33ms
01-01 08:00:57.707 1151 1151 I SystemServer: Reading configuration...
01-01 08:00:57.707 1151 1151 I SystemServerTiming: ReadingSystemConfig
01-01 08:00:57.708 1151 1151 D SystemServerTiming: ReadingSystemConfig took to complete: 0ms
01-01 08:00:57.708 1151 1151 I SystemServerTiming: PlatformCompat
01-01 08:00:57.709 1151 1695 I SystemServerTimingAsync: InitThreadPoolExec:ReadingSystemConfig
01-01 08:00:57.709 1151 1695 D SystemServerInitThreadPool: Started executing ReadingSystemConfig
01-01 08:00:57.715 1151 1151 D CompatConfig: Found a config file: /system/etc/compatconfig/documents-ui-compat-config.xml
01-01 08:00:57.720 1151 1151 D CompatConfig: Adding: com.android.server.compat.config.Change@2ccb56e
01-01 08:00:57.720 1151 1695 I SystemConfig: Reading permissions from /system/etc/sysconfig/hiddenapi-package-whitelist.xml
01-01 08:00:57.723 1151 1151 D CompatConfig: Found a config file: /system/etc/compatconfig/calendar-provider-compat-config.xml
01-01 08:00:57.725 1151 1151 D CompatConfig: Adding: com.android.server.compat.config.Change@db336a5
01-01 08:00:57.726 1151 1695 I SystemConfig: Reading permissions from /system/etc/sysconfig/framework-sysconfig.xml
01-01 08:00:57.727 1151 1151 D CompatConfig: Found a config file: /system/etc/compatconfig/icu4j-platform-compat-config.xml
01-01 08:00:57.729 1151 1151 D CompatConfig: Adding: com.android.server.compat.config.Change@16bf688
01-01 08:00:57.730 1151 1695 I SystemConfig: Reading permissions from /system/etc/sysconfig/preinstalled-packages-com.android.providers.media.module.xml
01-01 08:00:57.732 1151 1151 D CompatConfig: Found a config file: /system/etc/compatconfig/framework-platform-compat-config.xml
01-01 08:00:57.735 1151 1151 D CompatConfig: Adding: com.android.server.compat.config.Change@1cd5607
01-01 08:00:57.736 1151 1151 D CompatConfig: Adding: com.android.server.compat.config.Change@50df334
01-01 08:00:57.736 1151 1695 I SystemConfig: Reading permissions from /system/etc/sysconfig/qti_whitelist.xml
01-01 08:00:57.737 1151 1151 D CompatConfig: Adding: com.android.server.compat.config.Change@9ca1ed2
01-01 08:00:57.739 1151 1151 D CompatConfig: Adding: com.android.server.compat.config.Change@8df4ba3
01-01 08:00:57.740 1151 1151 D CompatConfig: Adding: com.android.server.compat.config.Change@3310ea0
01-01 08:00:57.741 1151 1151 D CompatConfig: Adding: com.android.server.compat.config.Change@e182a59
01-01 08:00:57.742 1151 1151 D CompatConfig: Adding: com.android.server.compat.config.Change@707561e
01-01 08:00:57.742 1151 1151 D CompatConfig: Adding: com.android.server.compat.config.Change@390feff
01-01 08:00:57.743 1151 1151 D CompatConfig: Adding: com.android.server.compat.config.Change@aa874cc
01-01 08:00:57.745 1151 1695 I SystemConfig: Reading permissions from /system/etc/sysconfig/preinstalled-packages-platform-full-base.xml
01-01 08:00:57.746 1151 1151 D CompatConfig: Adding: com.android.server.compat.config.Change@a4eb62a
01-01 08:00:57.746 1151 1151 D CompatConfig: Adding: com.android.server.compat.config.Change@d808c1b
01-01 08:00:57.747 1151 1695 I SystemConfig: Reading permissions from /system/etc/sysconfig/preinstalled-packages-platform.xml
01-01 08:00:57.748 1151 1151 D CompatConfig: Adding: com.android.server.compat.config.Change@f3cb91
01-01 08:00:57.750 1151 1151 D CompatConfig: Adding: com.android.server.compat.config.Change@2fa0af6
01-01 08:00:57.751 1151 1695 I SystemConfig: Reading permissions from /system/etc/permissions/privapp-permissions-platform.xml
01-01 08:00:57.752 1151 1151 D CompatConfig: Adding: com.android.server.compat.config.Change@2ae9164
01-01 08:00:57.756 1151 1151 D CompatConfig: Adding: com.android.server.compat.config.Change@bf88fcd
01-01 08:00:57.762 1151 1151 D CompatConfig: Adding: com.android.server.compat.config.Change@d0a6393
01-01 08:00:57.762 1151 1695 I SystemConfig: Reading permissions from /system/etc/permissions/android.test.runner.xml
01-01 08:00:57.764 1151 1151 D CompatConfig: Adding: com.android.server.compat.config.Change@e755fd0
01-01 08:00:57.766 1151 1151 D CompatConfig: Adding: com.android.server.compat.config.Change@60b5bc9
01-01 08:00:57.766 1151 1695 I SystemConfig: Reading permissions from /system/etc/permissions/privapp-permissions-qti.xml
01-01 08:00:57.767 1151 1151 D CompatConfig: Adding: com.android.server.compat.config.Change@aeda5ef
01-01 08:00:57.769 1151 1151 D CompatConfig: Adding: com.android.server.compat.config.Change@598a8fc
01-01 08:00:57.770 1151 1695 I SystemConfig: Reading permissions from /system/etc/permissions/com.android.networkstack.tethering.xml
01-01 08:00:57.774 1151 1151 D CompatConfig: Adding: com.android.server.compat.config.Change@b18b20b
01-01 08:00:57.775 1151 1695 I SystemConfig: Reading permissions from /system/etc/permissions/com.android.future.usb.accessory.xml
01-01 08:00:57.776 1151 1695 I SystemConfig: Reading permissions from /system/etc/permissions/android.software.webview.xml
01-01 08:00:57.777 1151 1151 D CompatConfig: Adding: com.android.server.compat.config.Change@d0dbb01
01-01 08:00:57.778 1151 1151 D CompatConfig: Adding: com.android.server.compat.config.Change@1991da6
01-01 08:00:57.779 1151 1151 D CompatConfig: Adding: com.android.server.compat.config.Change@68b1b94
01-01 08:00:57.780 1151 1695 I SystemConfig: Reading permissions from /system/etc/permissions/uimremoteclient.xml
01-01 08:00:57.780 1151 1151 D CompatConfig: Adding: com.android.server.compat.config.Change@41a063d
01-01 08:00:57.781 1151 1151 D CompatConfig: Adding: com.android.server.compat.config.Change@d296e32
01-01 08:00:57.782 1151 1695 I SystemConfig: Reading permissions from /system/etc/permissions/com.android.nfc_extras.xml
01-01 08:00:57.782 1151 1151 D CompatConfig: Adding: com.android.server.compat.config.Change@5c85d00
01-01 08:00:57.784 1151 1151 D CompatConfig: Adding: com.android.server.compat.config.Change@a5c939
01-01 08:00:57.784 1151 1695 I SystemConfig: Reading permissions from /system/etc/permissions/com.android.mediadrm.signer.xml
01-01 08:00:57.785 1151 1151 D CompatConfig: Adding: com.android.server.compat.config.Change@af9e8df
01-01 08:00:57.785 1151 1151 D CompatConfig: Adding: com.android.server.compat.config.Change@cd6492c
01-01 08:00:57.786 1151 1695 I SystemConfig: Reading permissions from /system/etc/permissions/android.test.base.xml
01-01 08:00:57.787 1151 1151 D CompatConfig: Adding: com.android.server.compat.config.Change@59c918a
01-01 08:00:57.787 1151 1151 D CompatConfig: Adding: com.android.server.compat.config.Change@2be33fb
01-01 08:00:57.788 1151 1151 D CompatConfig: Adding: com.android.server.compat.config.Change@df4cc18
01-01 08:00:57.789 1151 1695 I SystemConfig: Reading permissions from /system/etc/permissions/android.test.mock.xml
01-01 08:00:57.789 1151 1151 D CompatConfig: Adding: com.android.server.compat.config.Change@73a3c56
01-01 08:00:57.789 1151 1695 I SystemConfig: Reading permissions from /system/etc/permissions/javax.obex.xml
01-01 08:00:57.791 1151 1151 D CompatConfig: Adding: com.android.server.compat.config.Change@d7691c4
01-01 08:00:57.792 1151 1151 D CompatConfig: Adding: com.android.server.compat.config.Change@d7df8ad
01-01 08:00:57.792 1151 1695 I SystemConfig: Reading permissions from /system/etc/permissions/android.software.live_wallpaper.xml
01-01 08:00:57.793 1151 1151 D CompatConfig: Adding: com.android.server.compat.config.Change@b992773
01-01 08:00:57.794 1151 1695 I SystemConfig: Reading permissions from /system/etc/permissions/com.android.location.provider.xml
01-01 08:00:57.794 1151 1151 D CompatConfig: Adding: com.android.server.compat.config.Change@42e72a9
01-01 08:00:57.795 1151 1695 I SystemConfig: Reading permissions from /system/etc/permissions/com.android.media.remotedisplay.xml
01-01 08:00:57.797 1151 1151 D CompatConfig: Adding: com.android.server.compat.config.Change@cd4c7cf
01-01 08:00:57.798 1151 1151 D CompatConfig: Adding: com.android.server.compat.config.Change@494555c
01-01 08:00:57.798 1151 1695 I SystemConfig: Reading permissions from /system/etc/permissions/android.software.freeform_window_management.xml
01-01 08:00:57.799 1151 1151 D CompatConfig: Adding: com.android.server.compat.config.Change@c44713a
01-01 08:00:57.800 1151 1695 I SystemConfig: Reading permissions from /system/etc/permissions/org.apache.http.legacy.xml
01-01 08:00:57.801 1151 1151 D CompatConfig: Adding: com.android.server.compat.config.Change@2bf6b48
01-01 08:00:57.802 1151 1695 I SystemConfig: Reading permissions from /system/etc/permissions/com.android.documentsui.xml
01-01 08:00:57.802 1151 1151 D CompatConfig: Adding: com.android.server.compat.config.Change@e786706
01-01 08:00:57.804 1151 1151 D CompatConfig: Adding: com.android.server.compat.config.Change@d4be1c7
01-01 08:00:57.804 1151 1695 I SystemConfig: Reading permissions from /system/etc/permissions/uimremoteserver.xml
01-01 08:00:57.806 1151 1151 D CompatConfig: Adding: com.android.server.compat.config.Change@bbb671d
01-01 08:00:57.807 1151 1695 I SystemConfig: Reading permissions from /system/etc/permissions/com.thundercomm.mcuupgrade.xml
01-01 08:00:57.808 1151 1695 I SystemConfig: Reading permissions from /system/etc/permissions/com.android.networkstack.xml
01-01 08:00:57.808 1151 1151 D CompatConfig: Adding: com.android.server.compat.config.Change@b665b60
01-01 08:00:57.809 1151 1695 I SystemConfig: Reading permissions from /system/etc/permissions/platform.xml
01-01 08:00:57.811 1151 1151 D CompatConfig: Adding: com.android.server.compat.config.Change@68f50de
01-01 08:00:57.814 1151 1151 D CompatConfig: Adding: com.android.server.compat.config.Change@f5d42bf
01-01 08:00:57.815 1151 1151 D CompatConfig: Adding: com.android.server.compat.config.Change@3c5cd8c
01-01 08:00:57.817 1151 1151 D CompatConfig: Adding: com.android.server.compat.config.Change@6215cd5
01-01 08:00:57.818 1151 1695 I SystemConfig: Reading permissions from /vendor/etc/permissions/android.hardware.wifi.xml
01-01 08:00:57.819 1151 1151 D CompatConfig: Adding: com.android.server.compat.config.Change@22d4bdb
01-01 08:00:57.821 1151 1151 D CompatConfig: Adding: com.android.server.compat.config.Change@c83678
01-01 08:00:57.822 1151 1151 D CompatConfig: Adding: com.android.server.compat.config.Change@ea7f151
01-01 08:00:57.822 1151 1695 I SystemConfig: Reading permissions from /vendor/etc/permissions/android.software.ipsec_tunnels.xml
01-01 08:00:57.823 1151 1151 D CompatConfig: Adding: com.android.server.compat.config.Change@52acab7
01-01 08:00:57.824 1151 1151 D CompatConfig: Adding: com.android.server.compat.config.Change@d864224
01-01 08:00:57.824 1151 1695 I SystemConfig: Reading permissions from /vendor/etc/permissions/vendor.qti.hardware.factory.xml
01-01 08:00:57.826 1151 1151 D CompatConfig: Adding: com.android.server.compat.config.Change@67edf42
01-01 08:00:57.826 1151 1695 I SystemConfig: Reading permissions from /vendor/etc/permissions/android.hardware.light.xml
01-01 08:00:57.827 1151 1151 D CompatConfig: Adding: com.android.server.compat.config.Change@bf75c90
01-01 08:00:57.828 1151 1695 I SystemConfig: Reading permissions from /vendor/etc/permissions/android.hardware.bluetooth.xml
01-01 08:00:57.828 1151 1151 D CompatConfig: Adding: com.android.server.compat.config.Change@d1fad8e
01-01 08:00:57.829 1151 1151 D CompatConfig: Found a config file: /system/etc/compatconfig/services-platform-compat-config.xml
01-01 08:00:57.830 1151 1695 I SystemConfig: Reading permissions from /vendor/etc/permissions/android.hardware.usb.host.xml
01-01 08:00:57.831 1151 1151 D CompatConfig: Adding: com.android.server.compat.config.Change@342545
01-01 08:00:57.831 1151 1695 I SystemConfig: Reading permissions from /vendor/etc/permissions/android.hardware.sensor.gyroscope.xml
01-01 08:00:57.832 1151 1151 D CompatConfig: Adding: com.android.server.compat.config.Change@754e1cb
01-01 08:00:57.833 1151 1151 D CompatConfig: Adding: com.android.server.compat.config.Change@9f22da8
01-01 08:00:57.834 1151 1695 I SystemConfig: Reading permissions from /vendor/etc/permissions/android.software.vulkan.deqp.level.xml
01-01 08:00:57.834 1151 1151 D CompatConfig: Adding: com.android.server.compat.config.Change@bf7e066
01-01 08:00:57.835 1151 1151 D CompatConfig: Adding: com.android.server.compat.config.Change@3cdcfa7
01-01 08:00:57.837 1151 1695 I SystemConfig: Reading permissions from /vendor/etc/permissions/android.hardware.fingerprint.xml
01-01 08:00:57.838 1151 1151 D CompatConfig: Adding: com.android.server.compat.config.Change@7deb7fd
01-01 08:00:57.839 1151 1695 I SystemConfig: Reading permissions from /vendor/etc/permissions/android.hardware.sensor.barometer.xml
01-01 08:00:57.842 1151 1151 D CompatConfig: Adding: com.android.server.compat.config.Change@fdbf43
01-01 08:00:57.844 1151 1695 I SystemConfig: Reading permissions from /vendor/etc/permissions/android.hardware.sensor.ambient_temperature.xml
01-01 08:00:57.845 1151 1151 D CompatConfig: Adding: com.android.server.compat.config.Change@f63d6f9
01-01 08:00:57.846 1151 1151 D CompatConfig: Adding: com.android.server.compat.config.Change@698963e
01-01 08:00:57.847 1151 1695 I SystemConfig: Reading permissions from /vendor/etc/permissions/android.hardware.audio.low_latency.xml
01-01 08:00:57.848 1151 1151 D CompatConfig: Adding: com.android.server.compat.config.Change@20f01ec
01-01 08:00:57.850 1151 1695 I SystemConfig: Reading permissions from /vendor/etc/permissions/vendor-qti-hardware-sensorscalibrate.xml
01-01 08:00:57.852 1151 1151 D CompatConfig: Adding: com.android.server.compat.config.Change@283d84a
01-01 08:00:57.855 1151 1695 I SystemConfig: Reading permissions from /vendor/etc/permissions/android.hardware.wifi.passpoint.xml
01-01 08:00:57.857 1151 1151 D CompatConfig: Adding: com.android.server.compat.config.Change@ee050d8
01-01 08:00:57.858 1151 1695 I SystemConfig: Reading permissions from /vendor/etc/permissions/android.hardware.bluetooth_le.xml
01-01 08:00:57.859 1151 1151 D CompatConfig: Adding: com.android.server.compat.config.Change@72f2f16
01-01 08:00:57.860 1151 1695 I SystemConfig: Reading permissions from /vendor/etc/permissions/android.hardware.usb.accessory.xml
01-01 08:00:57.862 1151 1151 D CompatConfig: Adding: com.android.server.compat.config.Change@75a284
01-01 08:00:57.865 1151 1151 D CompatConfig: Adding: com.android.server.compat.config.Change@fb29a6d
01-01 08:00:57.866 1151 1151 D CompatConfig: Adding: com.android.server.compat.config.Change@76726a2
01-01 08:00:57.866 1151 1695 I SystemConfig: Reading permissions from /vendor/etc/permissions/android.hardware.sensor.relative_humidity.xml
01-01 08:00:57.867 1151 1151 D CompatConfig: Adding: com.android.server.compat.config.Change@ec62f0
01-01 08:00:57.868 1151 1151 D CompatConfig: Adding: com.android.server.compat.config.Change@6b7069
01-01 08:00:57.872 1151 1695 I SystemConfig: Reading permissions from /vendor/etc/permissions/android.hardware.audio.pro.xml
01-01 08:00:57.872 1151 1151 D CompatConfig: Adding: com.android.server.compat.config.Change@5fe5b8f
01-01 08:00:57.873 1151 1151 D CompatConfig: Adding: com.android.server.compat.config.Change@cccbe1c
01-01 08:00:57.874 1151 1695 I SystemConfig: Reading permissions from /vendor/etc/permissions/android.hardware.touchscreen.multitouch.jazzhand.xml
01-01 08:00:57.878 1151 1695 I SystemConfig: Reading permissions from /vendor/etc/permissions/android.hardware.wifi.aware.xml
01-01 08:00:57.880 1151 1151 D CompatConfig: Adding: com.android.server.compat.config.Change@30f21ab
01-01 08:00:57.882 1151 1151 D CompatConfig: Adding: com.android.server.compat.config.Change@ef5a008
01-01 08:00:57.883 1151 1695 I SystemConfig: Reading permissions from /vendor/etc/permissions/android.hardware.sensor.accelerometer.xml
01-01 08:00:57.883 1151 1151 D CompatConfig: Adding: com.android.server.compat.config.Change@def89c6
01-01 08:00:57.884 1151 1151 D CompatConfig: Adding: com.android.server.compat.config.Change@1c2d87
01-01 08:00:57.885 1151 1151 D CompatConfig: Adding: com.android.server.compat.config.Change@f48b4b4
01-01 08:00:57.886 1151 1695 I SystemConfig: Reading permissions from /vendor/etc/permissions/android.hardware.wifi.rtt.xml
01-01 08:00:57.887 1151 1151 D CompatConfig: Adding: com.android.server.compat.config.Change@74a7c52
01-01 08:00:57.889 1151 1151 D CompatConfig: Adding: com.android.server.compat.config.Change@6041b23
01-01 08:00:57.889 1151 1695 I SystemConfig: Reading permissions from /vendor/etc/permissions/android.hardware.wifi.direct.xml
01-01 08:00:57.890 1151 1151 D CompatConfig: Adding: com.android.server.compat.config.Change@60445d9
01-01 08:00:57.891 1151 1151 D CompatConfig: Adding: com.android.server.compat.config.Change@bf00b9e
01-01 08:00:57.891 1151 1695 I SystemConfig: Reading permissions from /vendor/etc/permissions/android.hardware.vulkan.version-1_1.xml
01-01 08:00:57.892 1151 1151 D CompatConfig: Adding: com.android.server.compat.config.Change@649e64c
01-01 08:00:57.893 1151 1151 D CompatConfig: Adding: com.android.server.compat.config.Change@c6a6695
01-01 08:00:57.894 1151 1151 D CompatConfig: Adding: com.android.server.compat.config.Change@cd43aa
01-01 08:00:57.899 1151 1695 I SystemConfig: Reading permissions from /vendor/etc/permissions/android.hardware.sensor.compass.xml
01-01 08:00:57.900 1151 1151 D CompatConfig: Adding: com.android.server.compat.config.Change@8551b38
01-01 08:00:57.901 1151 1151 D CompatConfig: Adding: com.android.server.compat.config.Change@fd7d711
01-01 08:00:57.902 1151 1695 I SystemConfig: Reading permissions from /vendor/etc/permissions/qti_fingerprint_interface.xml
01-01 08:00:57.902 1151 1151 D CompatConfig: Adding: com.android.server.compat.config.Change@5858677
01-01 08:00:57.903 1151 1151 D CompatConfig: Adding: com.android.server.compat.config.Change@fdcb2e4
01-01 08:00:57.904 1151 1151 D CompatConfig: Adding: com.android.server.compat.config.Change@fd1d34d
01-01 08:00:57.905 1151 1695 I SystemConfig: Reading permissions from /vendor/etc/permissions/android.hardware.sensor.hifi_sensors.xml
01-01 08:00:57.905 1151 1151 D CompatConfig: Adding: com.android.server.compat.config.Change@ac21313
01-01 08:00:57.906 1151 1151 D CompatConfig: Adding: com.android.server.compat.config.Change@a241950
01-01 08:00:57.907 1151 1695 I SystemConfig: Reading permissions from /vendor/etc/permissions/android.software.midi.xml
01-01 08:00:57.908 1151 1151 D CompatConfig: Adding: com.android.server.compat.config.Change@884984e
01-01 08:00:57.910 1151 1695 I SystemConfig: Reading permissions from /vendor/etc/permissions/handheld_core_hardware.xml
01-01 08:00:57.910 1151 1151 D CompatConfig: Adding: com.android.server.compat.config.Change@3397a7c
01-01 08:00:57.913 1151 1151 D CompatConfig: Adding: com.android.server.compat.config.Change@ab31f05
01-01 08:00:57.915 1151 1695 I SystemConfig: Reading permissions from /vendor/etc/permissions/android.software.verified_boot.xml
01-01 08:00:57.918 1151 1695 I SystemConfig: Reading permissions from /vendor/etc/permissions/android.hardware.se.omapi.uicc.xml
01-01 08:00:57.920 1151 1151 D CompatConfig: Adding: com.android.server.compat.config.Change@7e1c268
01-01 08:00:57.921 1151 1695 I SystemConfig: Reading permissions from /vendor/etc/permissions/android.hardware.location.gps.xml
01-01 08:00:57.923 1151 1151 D CompatConfig: Adding: com.android.server.compat.config.Change@4376326
01-01 08:00:57.924 1151 1695 I SystemConfig: Reading permissions from /vendor/etc/permissions/android.software.device_id_attestation.xml
01-01 08:00:57.925 1151 1151 D CompatConfig: Adding: com.android.server.compat.config.Change@a449d14
01-01 08:00:57.926 1151 1151 D CompatConfig: Adding: com.android.server.compat.config.Change@88b29bd
01-01 08:00:57.927 1151 1695 I SystemConfig: Reading permissions from /vendor/etc/permissions/android.hardware.opengles.aep.xml
01-01 08:00:57.927 1151 1151 D CompatConfig: Adding: com.android.server.compat.config.Change@fa5e703
01-01 08:00:57.929 1151 1151 D CompatConfig: Adding: com.android.server.compat.config.Change@5587680
01-01 08:00:57.930 1151 1695 I SystemConfig: Reading permissions from /vendor/etc/permissions/android.hardware.vulkan.compute-0.xml
01-01 08:00:57.932 1151 1695 I SystemConfig: Reading permissions from /vendor/etc/permissions/android.hardware.vulkan.level-1.xml
01-01 08:00:57.933 1151 1151 D CompatConfig: Adding: com.android.server.compat.config.Change@215f05f
01-01 08:00:57.934 1151 1151 D CompatConfig: Adding: com.android.server.compat.config.Change@b0e7aac
