09-08 04:53:22.320 1151 1151 V StorageManagerService: Package com.android.captiveportallogin does not have legacy storage
09-08 04:53:22.320 1151 1151 V StorageManagerService: Package com.android.internal.systemui.navbar.gestural_narrow_back does not have legacy storage
09-08 04:53:22.320 1151 1151 V StorageManagerService: Package com.android.cellbroadcastreceiver.overlay.common does not have legacy storage
09-08 04:53:22.320 1151 1151 V StorageManagerService: Package com.qualcomm.qti.sensors.qsensortest does not have legacy storage
09-08 04:53:22.321 1151 1151 D SystemServerTiming: ssm.onStartUser-0_com.android.server.StorageManagerService$Lifecycle took to complete: 26ms
09-08 04:53:22.321 1151 1151 I SystemServerTiming: ssm.onStartUser-0_com.android.server.usage.StorageStatsService$Lifecycle
09-08 04:53:22.321 1151 1151 D SystemServerTiming: ssm.onStartUser-0_com.android.server.usage.StorageStatsService$Lifecycle took to complete: 0ms
09-08 04:53:22.321 1151 1151 I SystemServerTiming: ssm.onStartUser-0_com.android.server.UiModeManagerService
09-08 04:53:22.321 1151 1151 D SystemServerTiming: ssm.onStartUser-0_com.android.server.UiModeManagerService took to complete: 0ms
09-08 04:53:22.321 1151 1151 I SystemServerTiming: ssm.onStartUser-0_com.android.server.locksettings.LockSettingsService$Lifecycle
09-08 04:53:22.321 1151 1151 D SystemServerTiming: ssm.onStartUser-0_com.android.server.locksettings.LockSettingsService$Lifecycle took to complete: 0ms
09-08 04:53:22.321 1151 1151 I SystemServerTiming: ssm.onStartUser-0_com.android.server.PersistentDataBlockService
09-08 04:53:22.321 1151 1151 D SystemServerTiming: ssm.onStartUser-0_com.android.server.PersistentDataBlockService took to complete: 0ms
09-08 04:53:22.321 1151 1151 I SystemServerTiming: ssm.onStartUser-0_com.android.server.testharness.TestHarnessModeService
09-08 04:53:22.321 1151 1151 D SystemServerTiming: ssm.onStartUser-0_com.android.server.testharness.TestHarnessModeService took to complete: 0ms
09-08 04:53:22.321 1151 1151 I SystemServerTiming: ssm.onStartUser-0_com.android.server.oemlock.OemLockService
09-08 04:53:22.321 1151 1151 D SystemServerTiming: ssm.onStartUser-0_com.android.server.oemlock.OemLockService took to complete: 0ms
09-08 04:53:22.322 1151 1151 I SystemServerTiming: ssm.onStartUser-0_com.android.server.DeviceIdleController
09-08 04:53:22.322 1151 1151 D SystemServerTiming: ssm.onStartUser-0_com.android.server.DeviceIdleController took to complete: 0ms
09-08 04:53:22.322 1151 1151 I SystemServerTiming: ssm.onStartUser-0_com.android.server.devicepolicy.DevicePolicyManagerService$Lifecycle
09-08 04:53:22.322 1151 1151 D SystemServerTiming: ssm.onStartUser-0_com.android.server.devicepolicy.DevicePolicyManagerService$Lifecycle took to complete: 0ms
09-08 04:53:22.322 1151 1151 I SystemServerTiming: ssm.onStartUser-0_com.android.server.texttospeech.TextToSpeechManagerService
09-08 04:53:22.322 1151 1151 D SystemServerTiming: ssm.onStartUser-0_com.android.server.texttospeech.TextToSpeechManagerService took to complete: 0ms
09-08 04:53:22.322 1151 1151 I SystemServerTiming: ssm.onStartUser-0_com.android.server.speech.SpeechRecognitionManagerService
09-08 04:53:22.322 1151 1151 D SystemServerTiming: ssm.onStartUser-0_com.android.server.speech.SpeechRecognitionManagerService took to complete: 0ms
09-08 04:53:22.322 1151 1151 I SystemServerTiming: ssm.onStartUser-0_com.android.server.searchui.SearchUiManagerService
09-08 04:53:22.322 1151 1151 D SystemServerTiming: ssm.onStartUser-0_com.android.server.searchui.SearchUiManagerService took to complete: 0ms
09-08 04:53:22.322 1151 1151 I SystemServerTiming: ssm.onStartUser-0_com.android.server.smartspace.SmartspaceManagerService
09-08 04:53:22.323 1151 1151 D SystemServerTiming: ssm.onStartUser-0_com.android.server.smartspace.SmartspaceManagerService took to complete: 0ms
09-08 04:53:22.323 1151 1151 I SystemServerTiming: ssm.onStartUser-0_com.android.server.graphics.fonts.FontManagerService$Lifecycle
09-08 04:53:22.323 1151 1151 D SystemServerTiming: ssm.onStartUser-0_com.android.server.graphics.fonts.FontManagerService$Lifecycle took to complete: 0ms
09-08 04:53:22.323 1151 1151 I SystemServerTiming: ssm.onStartUser-0_com.android.server.textservices.TextServicesManagerService$Lifecycle
09-08 04:53:22.323 1151 1151 D SystemServerTiming: ssm.onStartUser-0_com.android.server.textservices.TextServicesManagerService$Lifecycle took to complete: 0ms
09-08 04:53:22.323 1151 1151 I SystemServerTiming: ssm.onStartUser-0_com.android.server.textclassifier.TextClassificationManagerService$Lifecycle
09-08 04:53:22.324 1151 1151 D SystemServerTiming: ssm.onStartUser-0_com.android.server.textclassifier.TextClassificationManagerService$Lifecycle took to complete: 1ms
09-08 04:53:22.324 1151 1151 I SystemServerTiming: ssm.onStartUser-0_com.android.server.NetworkScoreService$Lifecycle
09-08 04:53:22.324 1151 1151 D SystemServerTiming: ssm.onStartUser-0_com.android.server.NetworkScoreService$Lifecycle took to complete: 0ms
09-08 04:53:22.324 1151 1151 I SystemServerTiming: ssm.onStartUser-0_com.android.server.wifi.WifiService
09-08 04:53:22.324 1151 1151 D SystemServerTiming: ssm.onStartUser-0_com.android.server.wifi.WifiService took to complete: 0ms
09-08 04:53:22.325 1151 1151 I SystemServerTiming: ssm.onStartUser-0_com.android.server.wifi.scanner.WifiScanningService
09-08 04:53:22.325 1151 1151 D SystemServerTiming: ssm.onStartUser-0_com.android.server.wifi.scanner.WifiScanningService took to complete: 0ms
09-08 04:53:22.325 1151 1151 I SystemServerTiming: ssm.onStartUser-0_com.android.server.wifi.rtt.RttService
09-08 04:53:22.325 1151 1151 D SystemServerTiming: ssm.onStartUser-0_com.android.server.wifi.rtt.RttService took to complete: 0ms
09-08 04:53:22.325 1151 1151 I SystemServerTiming: ssm.onStartUser-0_com.android.server.wifi.aware.WifiAwareService
09-08 04:53:22.325 1151 1151 D SystemServerTiming: ssm.onStartUser-0_com.android.server.wifi.aware.WifiAwareService took to complete: 0ms
09-08 04:53:22.325 1151 1151 I SystemServerTiming: ssm.onStartUser-0_com.android.server.wifi.p2p.WifiP2pService
09-08 04:53:22.325 1151 1151 D SystemServerTiming: ssm.onStartUser-0_com.android.server.wifi.p2p.WifiP2pService took to complete: 0ms
09-08 04:53:22.325 1151 1151 I SystemServerTiming: ssm.onStartUser-0_com.android.server.ethernet.EthernetService
09-08 04:53:22.325 1151 1151 D SystemServerTiming: ssm.onStartUser-0_com.android.server.ethernet.EthernetService took to complete: 0ms
09-08 04:53:22.325 1151 1151 I SystemServerTiming: ssm.onStartUser-0_com.android.server.ConnectivityServiceInitializer
09-08 04:53:22.325 1151 1151 D SystemServerTiming: ssm.onStartUser-0_com.android.server.ConnectivityServiceInitializer took to complete: 0ms
09-08 04:53:22.325 1151 1151 I SystemServerTiming: ssm.onStartUser-0_com.android.server.notification.NotificationManagerService
09-08 04:53:22.325 1151 1151 D SystemServerTiming: ssm.onStartUser-0_com.android.server.notification.NotificationManagerService took to complete: 0ms
09-08 04:53:22.326 1151 1151 I SystemServerTiming: ssm.onStartUser-0_com.android.server.storage.DeviceStorageMonitorService
09-08 04:53:22.326 1151 1151 D SystemServerTiming: ssm.onStartUser-0_com.android.server.storage.DeviceStorageMonitorService took to complete: 0ms
09-08 04:53:22.326 1151 1151 I SystemServerTiming: ssm.onStartUser-0_com.android.server.location.LocationManagerService$Lifecycle
09-08 04:53:22.326 1151 1151 D SystemServerTiming: ssm.onStartUser-0_com.android.server.location.LocationManagerService$Lifecycle took to complete: 0ms
09-08 04:53:22.326 1151 1151 I SystemServerTiming: ssm.onStartUser-0_com.android.server.timedetector.TimeDetectorService$Lifecycle
09-08 04:53:22.326 1151 1151 D SystemServerTiming: ssm.onStartUser-0_com.android.server.timedetector.TimeDetectorService$Lifecycle took to complete: 0ms
09-08 04:53:22.327 1151 1151 I SystemServerTiming: ssm.onStartUser-0_com.android.server.timezonedetector.TimeZoneDetectorService$Lifecycle
09-08 04:53:22.327 1151 1151 D SystemServerTiming: ssm.onStartUser-0_com.android.server.timezonedetector.TimeZoneDetectorService$Lifecycle took to complete: 0ms
09-08 04:53:22.327 1151 1151 I SystemServerTiming: ssm.onStartUser-0_com.android.server.timezonedetector.location.LocationTimeZoneManagerService$Lifecycle
09-08 04:53:22.327 1151 1151 D SystemServerTiming: ssm.onStartUser-0_com.android.server.timezonedetector.location.LocationTimeZoneManagerService$Lifecycle took to complete: 0ms
09-08 04:53:22.327 1151 1151 I SystemServerTiming: ssm.onStartUser-0_com.android.server.search.SearchManagerService$Lifecycle
09-08 04:53:22.327 1151 1151 D SystemServerTiming: ssm.onStartUser-0_com.android.server.search.SearchManagerService$Lifecycle took to complete: 0ms
09-08 04:53:22.327 1151 1151 I SystemServerTiming: ssm.onStartUser-0_com.android.server.wallpaper.WallpaperManagerService$Lifecycle
09-08 04:53:22.327 1151 1151 D SystemServerTiming: ssm.onStartUser-0_com.android.server.wallpaper.WallpaperManagerService$Lifecycle took to complete: 0ms
09-08 04:53:22.327 1151 1151 I SystemServerTiming: ssm.onStartUser-0_com.android.server.audio.AudioService$Lifecycle
09-08 04:53:22.327 1151 1151 D SystemServerTiming: ssm.onStartUser-0_com.android.server.audio.AudioService$Lifecycle took to complete: 0ms
09-08 04:53:22.328 1151 1151 I SystemServerTiming: ssm.onStartUser-0_com.android.server.soundtrigger_middleware.SoundTriggerMiddlewareService$Lifecycle
09-08 04:53:22.328 1151 1151 D SystemServerTiming: ssm.onStartUser-0_com.android.server.soundtrigger_middleware.SoundTriggerMiddlewareService$Lifecycle took to complete: 0ms
09-08 04:53:22.328 1151 1151 I SystemServerTiming: ssm.onStartUser-0_com.android.server.DockObserver
09-08 04:53:22.328 1151 1151 D SystemServerTiming: ssm.onStartUser-0_com.android.server.DockObserver took to complete: 0ms
09-08 04:53:22.328 1151 1151 I SystemServerTiming: ssm.onStartUser-0_com.android.server.midi.MidiService$Lifecycle
09-08 04:53:22.328 1151 1151 D SystemServerTiming: ssm.onStartUser-0_com.android.server.midi.MidiService$Lifecycle took to complete: 0ms
09-08 04:53:22.328 1151 1151 I SystemServerTiming: ssm.onStartUser-0_com.android.server.adb.AdbService$Lifecycle
09-08 04:53:22.328 1151 1151 D SystemServerTiming: ssm.onStartUser-0_com.android.server.adb.AdbService$Lifecycle took to complete: 0ms
09-08 04:53:22.328 1151 1151 I SystemServerTiming: ssm.onStartUser-0_com.android.server.usb.UsbService$Lifecycle
09-08 04:53:22.328 1151 1151 D SystemServerTiming: ssm.onStartUser-0_com.android.server.usb.UsbService$Lifecycle took to complete: 0ms
09-08 04:53:22.328 1151 1151 I SystemServerTiming: ssm.onStartUser-0_com.android.server.twilight.TwilightService
09-08 04:53:22.328 1151 1151 D SystemServerTiming: ssm.onStartUser-0_com.android.server.twilight.TwilightService took to complete: 0ms
09-08 04:53:22.329 1151 1151 I SystemServerTiming: ssm.onStartUser-0_com.android.server.display.color.ColorDisplayService
09-08 04:53:22.329 1151 1151 D SystemServerTiming: ssm.onStartUser-0_com.android.server.display.color.ColorDisplayService took to complete: 0ms
09-08 04:53:22.329 1151 1151 I SystemServerTiming: ssm.onStartUser-0_com.android.server.job.JobSchedulerService
09-08 04:53:22.329 1151 1151 D SystemServerTiming: ssm.onStartUser-0_com.android.server.job.JobSchedulerService took to complete: 0ms
09-08 04:53:22.329 1151 1151 I SystemServerTiming: ssm.onStartUser-0_com.android.server.soundtrigger.SoundTriggerService
09-08 04:53:22.329 1151 1151 D SystemServerTiming: ssm.onStartUser-0_com.android.server.soundtrigger.SoundTriggerService took to complete: 0ms
09-08 04:53:22.329 1151 1151 I SystemServerTiming: ssm.onStartUser-0_com.android.server.trust.TrustManagerService
09-08 04:53:22.329 1151 1151 D SystemServerTiming: ssm.onStartUser-0_com.android.server.trust.TrustManagerService took to complete: 0ms
09-08 04:53:22.329 1151 1151 I SystemServerTiming: ssm.onStartUser-0_com.android.server.backup.BackupManagerService$Lifecycle
09-08 04:53:22.329 1151 1151 D SystemServerTiming: ssm.onStartUser-0_com.android.server.backup.BackupManagerService$Lifecycle took to complete: 0ms
09-08 04:53:22.330 1151 1151 I SystemServerTiming: ssm.onStartUser-0_com.android.server.appwidget.AppWidgetService
09-08 04:53:22.330 1151 1151 D SystemServerTiming: ssm.onStartUser-0_com.android.server.appwidget.AppWidgetService took to complete: 0ms
09-08 04:53:22.330 1151 1151 I SystemServerTiming: ssm.onStartUser-0_com.android.server.voiceinteraction.VoiceInteractionManagerService
09-08 04:53:22.330 1151 1151 W VoiceInteractionManager: no available voice recognition services found for user 0
09-08 04:53:22.330 1151 1151 D SystemServerTiming: ssm.onStartUser-0_com.android.server.voiceinteraction.VoiceInteractionManagerService took to complete: 0ms
09-08 04:53:22.330 1151 1151 I SystemServerTiming: ssm.onStartUser-0_com.android.server.apphibernation.AppHibernationService
09-08 04:53:22.330 1151 1151 D SystemServerTiming: ssm.onStartUser-0_com.android.server.apphibernation.AppHibernationService took to complete: 0ms
09-08 04:53:22.330 1151 1151 I SystemServerTiming: ssm.onStartUser-0_com.android.server.GestureLauncherService
09-08 04:53:22.330 1151 1151 D SystemServerTiming: ssm.onStartUser-0_com.android.server.GestureLauncherService took to complete: 0ms
09-08 04:53:22.331 1151 1151 I SystemServerTiming: ssm.onStartUser-0_com.android.server.SensorNotificationService
09-08 04:53:22.331 1151 1151 D SystemServerTiming: ssm.onStartUser-0_com.android.server.SensorNotificationService took to complete: 0ms
09-08 04:53:22.331 1151 1151 I SystemServerTiming: ssm.onStartUser-0_com.android.server.emergency.EmergencyAffordanceService
09-08 04:53:22.331 1151 1151 D SystemServerTiming: ssm.onStartUser-0_com.android.server.emergency.EmergencyAffordanceService took to complete: 0ms
09-08 04:53:22.331 1151 1151 I SystemServerTiming: ssm.onStartUser-0_com.android.server.blob.BlobStoreManagerService
09-08 04:53:22.331 1151 1151 D SystemServerTiming: ssm.onStartUser-0_com.android.server.blob.BlobStoreManagerService took to complete: 0ms
09-08 04:53:22.331 1151 1151 I SystemServerTiming: ssm.onStartUser-0_com.android.server.dreams.DreamManagerService
09-08 04:53:22.331 1151 1151 D SystemServerTiming: ssm.onStartUser-0_com.android.server.dreams.DreamManagerService took to complete: 0ms
09-08 04:53:22.331 1151 1151 I SystemServerTiming: ssm.onStartUser-0_com.android.server.companion.CompanionDeviceManagerService
09-08 04:53:22.331 1151 1151 D SystemServerTiming: ssm.onStartUser-0_com.android.server.companion.CompanionDeviceManagerService took to complete: 0ms
09-08 04:53:22.331 1151 1151 I SystemServerTiming: ssm.onStartUser-0_com.android.server.restrictions.RestrictionsManagerService
09-08 04:53:22.331 1151 1151 D SystemServerTiming: ssm.onStartUser-0_com.android.server.restrictions.RestrictionsManagerService took to complete: 0ms
09-08 04:53:22.331 1151 1151 I SystemServerTiming: ssm.onStartUser-0_com.android.server.media.MediaSessionService
09-08 04:53:22.332 1151 1151 D SystemServerTiming: ssm.onStartUser-0_com.android.server.media.MediaSessionService took to complete: 0ms
09-08 04:53:22.332 1151 1151 I SystemServerTiming: ssm.onStartUser-0_com.android.server.media.MediaResourceMonitorService
09-08 04:53:22.332 1151 1151 D SystemServerTiming: ssm.onStartUser-0_com.android.server.media.MediaResourceMonitorService took to complete: 0ms
09-08 04:53:22.332 1151 1151 I SystemServerTiming: ssm.onStartUser-0_com.android.server.biometrics.sensors.fingerprint.FingerprintService
09-08 04:53:22.332 1151 1151 D SystemServerTiming: ssm.onStartUser-0_com.android.server.biometrics.sensors.fingerprint.FingerprintService took to complete: 0ms
09-08 04:53:22.332 1151 1151 I SystemServerTiming: ssm.onStartUser-0_com.android.server.biometrics.BiometricService
09-08 04:53:22.332 1151 1151 D SystemServerTiming: ssm.onStartUser-0_com.android.server.biometrics.BiometricService took to complete: 0ms
09-08 04:53:22.332 1151 1151 I SystemServerTiming: ssm.onStartUser-0_com.android.server.biometrics.AuthService
09-08 04:53:22.332 1151 1151 D SystemServerTiming: ssm.onStartUser-0_com.android.server.biometrics.AuthService took to complete: 0ms
09-08 04:53:22.333 1151 1151 I SystemServerTiming: ssm.onStartUser-0_com.android.server.pm.ShortcutService$Lifecycle
09-08 04:53:22.333 1151 1151 D SystemServerTiming: ssm.onStartUser-0_com.android.server.pm.ShortcutService$Lifecycle took to complete: 0ms
09-08 04:53:22.333 1151 1151 I SystemServerTiming: ssm.onStartUser-0_com.android.server.pm.LauncherAppsService
09-08 04:53:22.333 1151 1151 D SystemServerTiming: ssm.onStartUser-0_com.android.server.pm.LauncherAppsService took to complete: 0ms
09-08 04:53:22.333 1151 1151 I SystemServerTiming: ssm.onStartUser-0_com.android.server.pm.CrossProfileAppsService
09-08 04:53:22.333 1151 1151 D SystemServerTiming: ssm.onStartUser-0_com.android.server.pm.CrossProfileAppsService took to complete: 0ms
09-08 04:53:22.333 1151 1151 I SystemServerTiming: ssm.onStartUser-0_com.android.server.people.PeopleService
09-08 04:53:22.333 1151 1151 D SystemServerTiming: ssm.onStartUser-0_com.android.server.people.PeopleService took to complete: 0ms
09-08 04:53:22.333 1151 1151 I SystemServerTiming: ssm.onStartUser-0_com.android.server.media.metrics.MediaMetricsManagerService
09-08 04:53:22.333 1151 1151 D SystemServerTiming: ssm.onStartUser-0_com.android.server.media.metrics.MediaMetricsManagerService took to complete: 0ms
09-08 04:53:22.333 1151 1151 I SystemServerTiming: ssm.onStartUser-0_com.android.server.media.projection.MediaProjectionManagerService
09-08 04:53:22.334 1151 1151 D SystemServerTiming: ssm.onStartUser-0_com.android.server.media.projection.MediaProjectionManagerService took to complete: 0ms
09-08 04:53:22.334 1151 1151 I SystemServerTiming: ssm.onStartUser-0_com.android.server.slice.SliceManagerService$Lifecycle
09-08 04:53:22.334 1151 1151 D SystemServerTiming: ssm.onStartUser-0_com.android.server.slice.SliceManagerService$Lifecycle took to complete: 1ms
09-08 04:53:22.334 1151 1151 I SystemServerTiming: ssm.onStartUser-0_com.android.server.stats.StatsCompanion$Lifecycle
09-08 04:53:22.334 1151 1151 D SystemServerTiming: ssm.onStartUser-0_com.android.server.stats.StatsCompanion$Lifecycle took to complete: 0ms
09-08 04:53:22.334 1151 1151 I SystemServerTiming: ssm.onStartUser-0_com.android.server.scheduling.RebootReadinessManagerService$Lifecycle
09-08 04:53:22.334 1151 1151 D SystemServerTiming: ssm.onStartUser-0_com.android.server.scheduling.RebootReadinessManagerService$Lifecycle took to complete: 0ms
09-08 04:53:22.334 1151 1151 I SystemServerTiming: ssm.onStartUser-0_com.android.server.stats.pull.StatsPullAtomService
09-08 04:53:22.334 1151 1151 D SystemServerTiming: ssm.onStartUser-0_com.android.server.stats.pull.StatsPullAtomService took to complete: 0ms
09-08 04:53:22.334 1151 1151 I SystemServerTiming: ssm.onStartUser-0_com.android.server.incident.IncidentCompanionService
09-08 04:53:22.334 1151 1151 D SystemServerTiming: ssm.onStartUser-0_com.android.server.incident.IncidentCompanionService took to complete: 0ms
09-08 04:53:22.334 1151 1151 I SystemServerTiming: ssm.onStartUser-0_com.android.server.MmsServiceBroker
09-08 04:53:22.334 1151 1151 D SystemServerTiming: ssm.onStartUser-0_com.android.server.MmsServiceBroker took to complete: 0ms
09-08 04:53:22.335 1151 1151 I SystemServerTiming: ssm.onStartUser-0_com.android.server.autofill.AutofillManagerService
09-08 04:53:22.335 1151 1151 D SystemServerTiming: ssm.onStartUser-0_com.android.server.autofill.AutofillManagerService took to complete: 1ms
09-08 04:53:22.335 1151 1151 I SystemServerTiming: ssm.onStartUser-0_com.android.server.clipboard.ClipboardService
09-08 04:53:22.335 1151 1151 D SystemServerTiming: ssm.onStartUser-0_com.android.server.clipboard.ClipboardService took to complete: 0ms
09-08 04:53:22.335 1151 1151 I SystemServerTiming: ssm.onStartUser-0_com.android.server.appbinding.AppBindingService$Lifecycle
09-08 04:53:22.336 1151 1151 W AppBindingService: [Default SMS app] u0 Target package not found
09-08 04:53:22.336 1151 1151 D SystemServerTiming: ssm.onStartUser-0_com.android.server.appbinding.AppBindingService$Lifecycle took to complete: 0ms
09-08 04:53:22.336 1151 1151 I SystemServerTiming: ssm.onStartUser-0_com.android.server.tracing.TracingServiceProxy
09-08 04:53:22.336 1151 1151 D SystemServerTiming: ssm.onStartUser-0_com.android.server.tracing.TracingServiceProxy took to complete: 0ms
09-08 04:53:22.336 1151 1151 I SystemServerTiming: ssm.onStartUser-0_com.android.server.policy.PermissionPolicyService
09-08 04:53:22.336 1151 1151 D SystemServerTiming: ssm.onStartUser-0_com.android.server.policy.PermissionPolicyService took to complete: 0ms
09-08 04:53:22.336 1151 1151 I SystemServerTiming: ssm.onStartUser-0_com.android.server.pm.StagingManager$Lifecycle
09-08 04:53:22.336 1151 1151 D SystemServerTiming: ssm.onStartUser-0_com.android.server.pm.StagingManager$Lifecycle took to complete: 0ms
09-08 04:53:22.336 1151 1151 I SystemServerTiming: ssm.onStartUser-0_com.android.server.app.GameManagerService$Lifecycle
09-08 04:53:22.339 1151 1151 V GameManagerService: Settings file doesn't exists, skip reading
09-08 04:53:22.339 1151 1151 D SystemServerTiming: ssm.onStartUser-0_com.android.server.app.GameManagerService$Lifecycle took to complete: 3ms
09-08 04:53:22.350 1151 2145 I liblog : 12
09-08 04:53:22.351 1151 1151 D CompatibilityChangeReporter: Compat change id reported: 135634846; UID 1001; state: DISABLED
09-08 04:53:22.351 1151 1151 D CompatibilityChangeReporter: Compat change id reported: 177438394; UID 1001; state: DISABLED
09-08 04:53:22.352 1151 1151 D CompatibilityChangeReporter: Compat change id reported: 135772972; UID 1001; state: DISABLED
09-08 04:53:22.352 1151 1151 D CompatibilityChangeReporter: Compat change id reported: 135754954; UID 1001; state: ENABLED
09-08 04:53:22.352 1151 1151 I am_uid_running: 10051
09-08 04:53:22.353 1151 1151 D CompatibilityChangeReporter: Compat change id reported: 135634846; UID 10051; state: DISABLED
09-08 04:53:22.353 1151 1151 D CompatibilityChangeReporter: Compat change id reported: 177438394; UID 10051; state: DISABLED
09-08 04:53:22.354 1151 1151 D CompatibilityChangeReporter: Compat change id reported: 135772972; UID 10051; state: DISABLED
09-08 04:53:22.354 1151 1151 D CompatibilityChangeReporter: Compat change id reported: 135754954; UID 10051; state: DISABLED
09-08 04:53:22.356 1151 1151 I am_uid_running: 10094
09-08 04:53:22.357 1151 1151 D CompatibilityChangeReporter: Compat change id reported: 135634846; UID 10094; state: DISABLED
09-08 04:53:22.357 1151 1151 D CompatibilityChangeReporter: Compat change id reported: 177438394; UID 10094; state: DISABLED
09-08 04:53:22.357 1151 1151 D CompatibilityChangeReporter: Compat change id reported: 135772972; UID 10094; state: DISABLED
09-08 04:53:22.358 1151 1151 D CompatibilityChangeReporter: Compat change id reported: 135754954; UID 10094; state: DISABLED
09-08 04:53:22.358 1151 1151 I am_uid_running: 1068
09-08 04:53:22.359 1151 1151 D CompatibilityChangeReporter: Compat change id reported: 135634846; UID 1068; state: DISABLED
09-08 04:53:22.360 1151 1151 I am_uid_running: 10063
09-08 04:53:22.361 1151 1151 D CompatibilityChangeReporter: Compat change id reported: 135634846; UID 10063; state: DISABLED
09-08 04:53:22.361 1151 1151 D CompatibilityChangeReporter: Compat change id reported: 177438394; UID 10063; state: DISABLED
09-08 04:53:22.361 1151 1151 D CompatibilityChangeReporter: Compat change id reported: 135772972; UID 10063; state: DISABLED
09-08 04:53:22.362 1151 1151 D CompatibilityChangeReporter: Compat change id reported: 135754954; UID 10063; state: ENABLED
09-08 04:53:22.363 1151 1151 D SystemServerTiming: startPersistentApps took to complete: 24ms
09-08 04:53:22.363 1151 1151 I SystemServerTiming: startHomeOnAllDisplays
09-08 04:53:22.365 1151 1151 I ActivityTaskManager: START u0 {act=android.intent.action.MAIN cat=[android.intent.category.HOME] flg=0x10000100 cmp=com.android.settings/.CryptKeeper (has extras)} from uid 0
09-08 04:53:22.384 2417 2417 I service_manager_slow: [45,activity]
09-08 04:53:22.399 1151 1151 D CompatibilityChangeReporter: Compat change id reported: 174042980; UID 1000; state: DISABLED
09-08 04:53:22.402 1151 1706 I netstats_mobile_sample: [0,0,0,0,0,0,0,0,0,0,0,0,1662584002402]
09-08 04:53:22.403 1151 1706 I netstats_wifi_sample: [0,0,0,0,0,0,0,0,0,0,0,0,1662584002402]
09-08 04:53:22.407 1151 1151 I wm_task_created: [7,-1]
09-08 04:53:22.409 1151 1151 I wm_task_moved: [7,1,2147483647]
09-08 04:53:22.410 1151 1151 I wm_task_moved: [1,1,5]
09-08 04:53:22.411 1151 1151 I wm_create_task: [0,7]
09-08 04:53:22.411 1151 1151 I wm_create_activity: [0,9366973,7,com.android.settings/.CryptKeeper,android.intent.action.MAIN,NULL,NULL,276824320]
09-08 04:53:22.412 1151 1151 I wm_task_moved: [1,1,5]
09-08 04:53:22.412 1151 1151 I wm_task_moved: [7,1,2147483647]
09-08 04:53:22.412 1151 1151 I wm_task_to_front: [0,7]
09-08 04:53:22.432 1151 1706 I netstats_mobile_sample: [0,0,0,0,0,0,0,0,0,0,0,0,1662584002432]
09-08 04:53:22.432 1151 1706 I netstats_wifi_sample: [0,0,0,0,0,0,0,0,0,0,0,0,1662584002432]
09-08 04:53:22.433 1151 1687 W Looper : Slow dispatch took 544ms android.fg h=android.os.Handler c=com.android.server.wallpaper.WallpaperManagerService$$ExternalSyntheticLambda1@57364fe m=0
09-08 04:53:22.433 1151 1687 W Looper : Slow delivery took 612ms android.fg h=android.os.Handler c= m=0
09-08 04:53:22.450 1151 1151 D CompatibilityChangeReporter: Compat change id reported: 168419799; UID 1000; state: DISABLED
09-08 04:53:22.450 1151 2453 W ContextImpl: Calling a method in the system process without a qualified user: android.app.ContextImpl.bindService:1895 android.content.ContextWrapper.bindService:810 com.qualcomm.qti.activityextension.ActivityNotifier.bindToDynamicDDSService:103 com.qualcomm.qti.activityextension.ActivityNotifier.handleSendActivityInvokeNotification:184 com.qualcomm.qti.activityextension.ActivityNotifier.access$300:26
09-08 04:53:22.456 1151 1151 D SystemServerTiming: startHomeOnAllDisplays took to complete: 93ms
09-08 04:53:22.456 1151 1151 I SystemServerTiming: showSystemReadyErrorDialogs
09-08 04:53:22.484 1151 1706 I netstats_mobile_sample: [0,0,0,0,0,0,0,0,0,0,0,0,1662584002484]
09-08 04:53:22.484 1151 1706 I netstats_wifi_sample: [0,0,0,0,0,0,0,0,0,0,0,0,1662584002484]
09-08 04:53:22.508 1151 1706 I netstats_mobile_sample: [0,0,0,0,0,0,0,0,0,0,0,0,1662584002508]
09-08 04:53:22.509 1151 1706 I netstats_wifi_sample: [0,0,0,0,0,0,0,0,0,0,0,0,1662584002508]
09-08 04:53:22.534 1151 1708 W ActivityManager: Slow operation: 193ms so far, now at startProcess: returned from zygote!
09-08 04:53:22.536 1151 1706 I netstats_mobile_sample: [0,0,0,0,0,0,0,0,0,0,0,0,1662584002536]
09-08 04:53:22.536 1151 1706 I netstats_wifi_sample: [0,0,0,0,0,0,0,0,0,0,0,0,1662584002536]
09-08 04:53:22.552 1151 1151 D SystemServerTiming: showSystemReadyErrorDialogs took to complete: 96ms
09-08 04:53:22.552 1151 1151 I SystemServerTiming: sendUserStartBroadcast
09-08 04:53:22.555 1151 1691 I dvm_lock_sample: [system_server,1,android.anim,146,InputMonitor.java,144,void com.android.server.wm.InputMonitor$UpdateInputWindows.run(),TaskChangeNotificationController.java,342,void com.android.server.wm.TaskChangeNotificationController.forAllLocalListeners(com.android.server.wm.TaskChangeNotificationController$TaskStackConsumer, android.os.Message),29]
09-08 04:53:22.558 1151 1151 D SystemServerTiming: sendUserStartBroadcast took to complete: 6ms
09-08 04:53:22.558 1151 1151 I SystemServerTiming: resumeTopActivities
09-08 04:53:22.559 1151 1706 I netstats_mobile_sample: [0,0,0,0,0,0,0,0,0,0,0,0,1662584002559]
09-08 04:53:22.559 1151 1706 I netstats_wifi_sample: [0,0,0,0,0,0,0,0,0,0,0,0,1662584002559]
09-08 04:53:22.561 1151 1151 D SystemServerTiming: resumeTopActivities took to complete: 3ms
09-08 04:53:22.562 1151 1151 I SystemServerTiming: sendUserSwitchBroadcasts
09-08 04:53:22.562 1151 1151 I uc_send_user_broadcast: [0,android.intent.action.USER_FOREGROUND]
09-08 04:53:22.562 1151 1151 I uc_send_user_broadcast: [0,android.intent.action.USER_SWITCHED]
09-08 04:53:22.562 1151 1151 D SystemServerTiming: sendUserSwitchBroadcasts took to complete: 0ms
09-08 04:53:22.562 1151 1151 I SystemServerTiming: setBinderProxies
09-08 04:53:22.563 1151 1151 D SystemServerTiming: setBinderProxies took to complete: 1ms
09-08 04:53:22.563 1151 1151 D SystemServerTiming: ActivityManagerStartApps took to complete: 555ms
09-08 04:53:22.563 1151 1151 D SystemServerTiming: PhaseActivityManagerReady took to complete: 1765ms
09-08 04:53:22.563 1151 1151 I SystemServerTiming: StartSystemUI
09-08 04:53:22.571 1151 1151 D SystemServerTiming: StartSystemUI took to complete: 8ms
09-08 04:53:22.572 1151 1151 I SystemServerTiming: startMicroService
09-08 04:53:22.577 1151 1706 I netstats_mobile_sample: [0,0,0,0,0,0,0,0,0,0,0,0,1662584002576]
09-08 04:53:22.579 1151 2169 I ActivityManager: Process WebViewLoader-arm64-v8a (pid 2382) has died: psvc PER
09-08 04:53:22.579 1151 2453 W ContextImpl: Calling a method in the system process without a qualified user: android.app.ContextImpl.bindService:1895 android.content.ContextWrapper.bindService:810 com.qualcomm.qti.activityextension.ActivityNotifier.bindToDynamicDDSService:103 com.qualcomm.qti.activityextension.ActivityNotifier.handleSendActivityInvokeNotification:184 com.qualcomm.qti.activityextension.ActivityNotifier.access$300:26
09-08 04:53:22.577 1151 1706 I netstats_wifi_sample: [0,0,0,0,0,0,0,0,0,0,0,0,1662584002576]
09-08 04:53:22.582 1151 2314 I sysui_multi_action: [757,856,758,1,806,com.android.systemui,857,ALR,858,4]
09-08 04:53:22.582 1151 2314 I sysui_multi_action: [757,856,758,1,806,com.android.systemui,857,GEN,858,1]
09-08 04:53:22.583 1151 2314 I sysui_multi_action: [757,856,758,1,806,com.android.systemui,857,DSK,858,2]
09-08 04:53:22.583 1151 2314 I sysui_multi_action: [757,856,758,1,806,com.android.systemui,857,SCN_HEADSUP,858,4]
09-08 04:53:22.583 1151 2314 I sysui_multi_action: [757,856,758,1,806,com.android.systemui,857,BAT,858,5]
09-08 04:53:22.583 1151 2314 I sysui_multi_action: [757,856,758,1,806,com.android.systemui,857,HNT,858,3]
09-08 04:53:22.586 1151 2169 I am_proc_died: [0,2382,WebViewLoader-arm64-v8a,-700,0]
09-08 04:53:22.589 1151 2169 I am_low_memory: 5
09-08 04:53:22.591 1151 1838 I ActivityManager: Process WebViewLoader-armeabi-v7a (pid 2363) has died: psvc PER
09-08 04:53:22.603 1151 1838 I am_proc_died: [0,2363,WebViewLoader-armeabi-v7a,-700,0]
09-08 04:53:22.604 1151 1838 I am_uid_stopped: 1037
09-08 04:53:22.606 1151 1838 I am_low_memory: 4
09-08 04:53:22.607 1151 1687 W Looper : Drained
09-08 04:53:22.607 1151 1708 W ActivityManager: Slow operation: 267ms so far, now at startProcess: done updating battery stats
09-08 04:53:22.607 1151 1708 I am_proc_start: [0,2471,1000,com.thundercomm.microservice,added application,com.thundercomm.microservice]
09-08 04:53:22.607 1151 1708 W ActivityManager: Slow operation: 267ms so far, now at startProcess: building log message
09-08 04:53:22.607 1151 1708 I ActivityManager: Start proc 2471:com.thundercomm.microservice/1000 for added application com.thundercomm.microservice
09-08 04:53:22.608 1151 1708 W ActivityManager: Slow operation: 267ms so far, now at startProcess: starting to update pids map
09-08 04:53:22.608 1151 1708 W ActivityManager: Slow operation: 268ms so far, now at startProcess: done updating pids map
09-08 04:53:22.608 1151 1708 W ActivityManager: Slow operation: 259ms so far, now at startProcess: asking zygote to start proc
09-08 04:53:22.608 1151 1708 W ActivityManager: com.qualcomm.qti.dynamicddsservice inode == 0 (b/152760674)
09-08 04:53:22.612 1151 1837 W ActivityManager: No pending application record for pid 2417 (IApplicationThread android.app.IApplicationThread$Stub$Proxy@e1c3736); dropping process
09-08 04:53:22.612 1151 1837 I am_drop_process: 2417
09-08 04:53:22.621 1151 2144 I dvm_lock_sample: [system_server,0,NetworkStats,202,ActivityManagerService.java,13701,int com.android.server.am.ActivityManagerService.broadcastIntentWithFeature(android.app.IApplicationThread, java.lang.String, android.content.Intent, java.lang.String, android.content.IIntentReceiver, int, java.lang.String, android.os.Bundle, java.lang.String[], java.lang.String[], int, android.os.Bundle, boolean, boolean, int),,0,null,40]
09-08 04:53:22.622 1151 1151 D SystemServerTiming: startMicroService took to complete: 51ms
09-08 04:53:22.622 1151 1151 I SystemServerTiming: startRemoteControlService
09-08 04:53:22.623 1151 2453 W ContextImpl: Calling a method in the system process without a qualified user: android.app.ContextImpl.bindService:1895 android.content.ContextWrapper.bindService:810 com.qualcomm.qti.activityextension.ActivityNotifier.bindToDynamicDDSService:103 com.qualcomm.qti.activityextension.ActivityNotifier.handleSendActivityInvokeNotification:184 com.qualcomm.qti.activityextension.ActivityNotifier.access$300:26
09-08 04:53:22.624 2227 2227 D SystemUIBootTiming: StartServicescom.android.systemui.util.NotificationChannels took to complete: 53ms
09-08 04:53:22.628 1151 1151 D SystemServerTiming: startRemoteControlService took to complete: 6ms
09-08 04:53:22.628 1151 1151 D SystemServerTiming: startOtherServices took to complete: 12000ms
09-08 04:53:22.629 1151 1151 D SystemServerTiming: StartServices took to complete: 15223ms
09-08 04:53:22.634 1151 1720 E KernelCpuSpeedReader: Failed to read cpu-freq: /sys/devices/system/cpu/cpu4/cpufreq/stats/time_in_state: open failed: ENOENT (No such file or directory)
09-08 04:53:22.634 1151 1720 E KernelCpuSpeedReader: Failed to read cpu-freq: /sys/devices/system/cpu/cpu0/cpufreq/stats/time_in_state: open failed: ENOENT (No such file or directory)
09-08 04:53:22.642 1151 1151 W Looper : Slow delivery took 14379ms main h=android.app.PropertyInvalidatedCache$AutoCorker$1 c=null m=0
09-08 04:53:22.663 1151 1706 I netstats_mobile_sample: [0,0,0,0,0,0,0,0,0,0,0,0,1662584002663]
09-08 04:53:22.663 1151 1706 I netstats_wifi_sample: [0,0,0,0,0,0,0,0,0,0,0,0,1662584002663]
09-08 04:53:22.682 1151 1687 W QuotaTracker: Alarm not scheduled because boot isn't completed
09-08 04:53:22.703 1151 1151 D ConditionProviders.SCP: onConnected
09-08 04:53:22.704 1151 1151 I notification_cancel_all: [1000,1151,android,0,0,0,20,NULL]
09-08 04:53:22.715 2227 2227 D SystemUIBootTiming: StartServicescom.android.systemui.keyguard.KeyguardViewMediator took to complete: 90ms
09-08 04:53:22.717 1151 1151 D ConditionProviders: Subscribing to condition://android/event?userId=-10000&calendar=&reply=1 with ComponentInfo{android/com.android.server.notification.EventConditionProvider}
09-08 04:53:22.718 1151 1151 D ConditionProviders: Subscribing to condition://android/schedule?days=1.2.3.4.5.6.7&start=22.0&end=7.0&exitAtAlarm=true with ComponentInfo{android/com.android.server.notification.ScheduleConditionProvider}
09-08 04:53:22.724 1151 2314 I am_proc_bound: [0,2471,com.thundercomm.microservice]
09-08 04:53:22.730 1151 1706 I netstats_mobile_sample: [0,0,0,0,0,0,0,0,0,0,0,0,1662584002730]
09-08 04:53:22.730 1151 1706 I netstats_wifi_sample: [0,0,0,0,0,0,0,0,0,0,0,0,1662584002730]
09-08 04:53:22.738 1151 2145 I dvm_lock_sample: [system_server,0,NetworkPolicy,52,NetworkStatsService.java,1026,void com.android.server.net.NetworkStatsService.advisePersistThreshold(long),-,1506,void com.android.server.net.NetworkStatsService.performPoll(int),10]
09-08 04:53:22.741 1151 1706 D TelephonyRegistry: listen oscl: mHasNotifySubscriptionInfoChangedOccurred==false no callback
09-08 04:53:22.744 1151 1706 D CountryDetector: Using custom country detector class: com.android.server.location.ComprehensiveCountryDetector
09-08 04:53:22.745 1151 1706 E CountryDetector: Could not instantiate the custom country detector class
09-08 04:53:22.745 1151 1706 D CountryDetector: Using default country detector
09-08 04:53:22.775 1151 2317 I am_uid_running: 10082
09-08 04:53:22.776 1151 2317 D CompatibilityChangeReporter: Compat change id reported: 135634846; UID 10082; state: DISABLED
09-08 04:53:22.776 1151 2317 D CompatibilityChangeReporter: Compat change id reported: 177438394; UID 10082; state: DISABLED
09-08 04:53:22.776 1151 2317 D CompatibilityChangeReporter: Compat change id reported: 135772972; UID 10082; state: DISABLED
09-08 04:53:22.777 1151 2317 D CompatibilityChangeReporter: Compat change id reported: 135754954; UID 10082; state: ENABLED
09-08 04:53:22.777 1151 1708 W ActivityManager: Slow operation: 428ms so far, now at startProcess: returned from zygote!
09-08 04:53:22.777 1151 1708 W ActivityManager: Slow operation: 428ms so far, now at startProcess: done updating battery stats
09-08 04:53:22.777 1151 1708 I am_proc_start: [0,2517,1001,.dataservices,added application,.dataservices]
09-08 04:53:22.777 1151 1708 W ActivityManager: Slow operation: 428ms so far, now at startProcess: building log message
09-08 04:53:22.777 1151 1708 I ActivityManager: Start proc 2517:.dataservices/1001 for added application .dataservices
09-08 04:53:22.777 1151 1708 W ActivityManager: Slow operation: 428ms so far, now at startProcess: starting to update pids map
09-08 04:53:22.778 1151 1708 W ActivityManager: Slow operation: 429ms so far, now at startProcess: done updating pids map
09-08 04:53:22.778 1151 1708 W ActivityManager: Slow operation: 426ms so far, now at startProcess: asking zygote to start proc
09-08 04:53:22.778 1151 1708 D CompatibilityChangeReporter: Compat change id reported: 143937733; UID 10051; state: DISABLED
09-08 04:53:22.778 2227 2227 D SystemUIBootTiming: StartServicescom.android.systemui.recents.Recents took to complete: 63ms
09-08 04:53:22.778 1151 1708 W ActivityManager: vendor.qti.iwlan inode == 0 (b/152760674)
09-08 04:53:22.842 1151 1689 I commit_sys_config_file: [notification-policy,2450]
09-08 04:53:22.930 1151 1861 I commit_sys_config_file: [settings-0-0,15]
09-08 04:53:22.936 1151 1861 I commit_sys_config_file: [settings-2-0,6]
09-08 04:53:22.958 2227 2227 D SystemUIBootTiming: StartServicescom.android.systemui.volume.VolumeUI took to complete: 179ms
09-08 04:53:22.965 1151 1708 W ActivityManager: Slow operation: 613ms so far, now at startProcess: returned from zygote!
09-08 04:53:22.965 1151 1708 W ActivityManager: Slow operation: 613ms so far, now at startProcess: done updating battery stats
09-08 04:53:22.965 1151 1708 I am_proc_start: [0,2535,10051,.qtidataservices,added application,.qtidataservices]
09-08 04:53:22.965 1151 1708 W ActivityManager: Slow operation: 613ms so far, now at startProcess: building log message
09-08 04:53:22.966 1151 1708 I ActivityManager: Start proc 2535:.qtidataservices/u0a51 for added application .qtidataservices
09-08 04:53:22.966 1151 1708 W ActivityManager: Slow operation: 613ms so far, now at startProcess: starting to update pids map
09-08 04:53:22.967 1151 1708 W ActivityManager: Slow operation: 614ms so far, now at startProcess: done updating pids map
09-08 04:53:22.967 1151 1708 W ActivityManager: Slow operation: 613ms so far, now at startProcess: asking zygote to start proc
09-08 04:53:22.967 1151 1708 W ActivityManager: com.android.networkstack inode == 0 (b/152760674)
09-08 04:53:23.026 1151 1837 I am_proc_bound: [0,2517,.dataservices]
09-08 04:53:23.032 1151 1837 D CompatibilityChangeReporter: Compat change id reported: 168419799; UID 1001; state: DISABLED
09-08 04:53:23.066 1151 1837 D CompatibilityChangeReporter: Compat change id reported: 181136395; UID 1000; state: DISABLED
09-08 04:53:23.067 1151 1837 D CompatibilityChangeReporter: Compat change id reported: 174042936; UID 1000; state: DISABLED
09-08 04:53:23.067 1151 1837 I am_uid_active: 1001
09-08 04:53:23.069 1151 1837 D CompatibilityChangeReporter: Compat change id reported: 168419799; UID 1001; state: DISABLED
09-08 04:53:23.109 1151 1708 W ActivityManager: Slow operation: 755ms so far, now at startProcess: returned from zygote!
09-08 04:53:23.109 1151 1708 W ActivityManager: Slow operation: 755ms so far, now at startProcess: done updating battery stats
09-08 04:53:23.110 1151 1708 I am_proc_start: [0,2549,1073,com.android.networkstack.process,added application,com.android.networkstack.process]
09-08 04:53:23.110 1151 1708 W ActivityManager: Slow operation: 755ms so far, now at startProcess: building log message
09-08 04:53:23.110 1151 1708 I ActivityManager: Start proc 2549:com.android.networkstack.process/1073 for added application com.android.networkstack.process
09-08 04:53:23.110 1151 1708 W ActivityManager: Slow operation: 756ms so far, now at startProcess: starting to update pids map
09-08 04:53:23.110 1151 1708 W ActivityManager: Slow operation: 756ms so far, now at startProcess: done updating pids map
09-08 04:53:23.111 1151 1708 W ActivityManager: Slow operation: 755ms so far, now at startProcess: asking zygote to start proc
09-08 04:53:23.111 1151 1708 W ActivityManager: com.android.location.fused inode == 0 (b/152760674)
09-08 04:53:23.187 2227 2227 W CarrierConfigManager: Error getting config for subId -1 ICarrierConfigLoader is null
09-08 04:53:23.214 2517 2517 I service_manager_slow: [25,game]
09-08 04:53:23.218 1151 2317 I am_proc_bound: [0,2535,.qtidataservices]
09-08 04:53:23.224 1151 2317 D CompatibilityChangeReporter: Compat change id reported: 168419799; UID 10051; state: DISABLED
09-08 04:53:23.226 1151 2317 I am_uid_active: 10051
09-08 04:53:23.248 1151 2317 D TelephonyRegistry: listen oscl: mHasNotifySubscriptionInfoChangedOccurred==false no callback
09-08 04:53:23.248 2549 2549 I service_manager_slow: [13,activity]
09-08 04:53:23.251 1151 2317 I am_proc_bound: [0,2549,com.android.networkstack.process]
09-08 04:53:23.254 1151 2317 D CompatibilityChangeReporter: Compat change id reported: 168419799; UID 1073; state: DISABLED
09-08 04:53:23.256 1151 2317 I am_uid_active: 1073
09-08 04:53:23.261 1151 2317 D CompatibilityChangeReporter: Compat change id reported: 168419799; UID 1073; state: DISABLED
09-08 04:53:23.323 1151 1708 W ActivityManager: Slow operation: 968ms so far, now at startProcess: returned from zygote!
09-08 04:53:23.333 1151 1708 W ActivityManager: Slow operation: 978ms so far, now at startProcess: done updating battery stats
09-08 04:53:23.333 1151 1708 I am_proc_start: [0,2597,1000,vendor.qti.qesdk.sysservice,added application,vendor.qti.qesdk.sysservice]
09-08 04:53:23.335 1151 1708 W ActivityManager: Slow operation: 980ms so far, now at startProcess: building log message
09-08 04:53:23.336 1151 1708 I ActivityManager: Start proc 2597:vendor.qti.qesdk.sysservice/1000 for added application vendor.qti.qesdk.sysservice
09-08 04:53:23.336 1151 1708 W ActivityManager: Slow operation: 980ms so far, now at startProcess: starting to update pids map
09-08 04:53:23.337 1151 1708 W ActivityManager: Slow operation: 982ms so far, now at startProcess: done updating pids map
09-08 04:53:23.337 1151 1708 W ActivityManager: Slow operation: 981ms so far, now at startProcess: asking zygote to start proc
09-08 04:53:23.338 1151 1708 D CompatibilityChangeReporter: Compat change id reported: 143937733; UID 10094; state: DISABLED
09-08 04:53:23.338 1151 1708 W ActivityManager: com.qti.qualcomm.mstatssystemservice inode == 0 (b/152760674)
09-08 04:53:23.420 1151 1708 W ActivityManager: Slow operation: 1063ms so far, now at startProcess: returned from zygote!
09-08 04:53:23.420 1151 1708 W ActivityManager: Slow operation: 1064ms so far, now at startProcess: done updating battery stats
09-08 04:53:23.420 1151 1708 I am_proc_start: [0,2604,10094,com.qti.qualcomm.mstatssystemservice,added application,com.qti.qualcomm.mstatssystemservice]
09-08 04:53:23.420 1151 1708 W ActivityManager: Slow operation: 1064ms so far, now at startProcess: building log message
09-08 04:53:23.420 1151 1708 I ActivityManager: Start proc 2604:com.qti.qualcomm.mstatssystemservice/u0a94 for added application com.qti.qualcomm.mstatssystemservice
09-08 04:53:23.420 1151 1708 W ActivityManager: Slow operation: 1064ms so far, now at startProcess: starting to update pids map
09-08 04:53:23.421 1151 1708 W ActivityManager: Slow operation: 1065ms so far, now at startProcess: done updating pids map
09-08 04:53:23.421 1151 1708 W ActivityManager: Slow operation: 1063ms so far, now at startProcess: asking zygote to start proc
09-08 04:53:23.421 1151 1708 W ActivityManager: com.android.se inode == 0 (b/152760674)
09-08 04:53:23.440 1151 1689 I DropBoxManagerService: add tag=system_server_strictmode isTagEnabled=true flags=0x2
09-08 04:53:23.442 1151 2314 I sysui_multi_action: [757,856,758,1,806,com.android.networkstack,857,connected_note_loud,858,4]
09-08 04:53:23.444 1151 2314 I sysui_multi_action: [757,856,758,1,806,com.android.networkstack,857,connected_note,858,3]
09-08 04:53:23.444 1151 1689 I DropBoxManagerService: add tag=system_server_strictmode isTagEnabled=true flags=0x2
09-08 04:53:23.472 1151 2314 I StatusBarManagerService: registerStatusBar bar=com.android.internal.statusbar.IStatusBar$Stub$Proxy@b86ed01
09-08 04:53:23.502 1151 1708 W ActivityManager: Slow operation: 1144ms so far, now at startProcess: returned from zygote!
09-08 04:53:23.503 1151 1708 W ActivityManager: Slow operation: 1145ms so far, now at startProcess: done updating battery stats
09-08 04:53:23.503 1151 1708 I am_proc_start: [0,2620,1068,com.android.se,added application,com.android.se]
09-08 04:53:23.503 1151 1708 W ActivityManager: Slow operation: 1145ms so far, now at startProcess: building log message
09-08 04:53:23.503 1151 1708 I ActivityManager: Start proc 2620:com.android.se/1068 for added application com.android.se
09-08 04:53:23.503 1151 1708 W ActivityManager: Slow operation: 1145ms so far, now at startProcess: starting to update pids map
09-08 04:53:23.505 1151 1708 W ActivityManager: Slow operation: 1146ms so far, now at startProcess: done updating pids map
09-08 04:53:23.505 1151 1708 W ActivityManager: Slow operation: 1146ms so far, now at startProcess: asking zygote to start proc
09-08 04:53:23.505 1151 1708 W ActivityManager: com.android.location.fused inode == 0 (b/152760674)
09-08 04:53:23.510 1151 2314 I sysui_multi_action: [757,856,758,1,806,com.android.networkstack.tethering,857,TETHERING_STATUS,858,2]
09-08 04:53:23.513 1151 2314 I am_proc_bound: [0,2597,vendor.qti.qesdk.sysservice]
09-08 04:53:23.516 1151 2314 D CompatibilityChangeReporter: Compat change id reported: 168419799; UID 1000; state: DISABLED
09-08 04:53:23.570 1151 1651 D CompatibilityChangeReporter: Compat change id reported: 182478738; UID 1073; state: DISABLED
09-08 04:53:23.595 1151 2317 I am_proc_bound: [0,2604,com.qti.qualcomm.mstatssystemservice]
09-08 04:53:23.596 1151 2317 D CompatibilityChangeReporter: Compat change id reported: 168419799; UID 10094; state: DISABLED
09-08 04:53:23.598 1151 2317 I am_uid_active: 10094
09-08 04:53:23.608 1151 1708 W ActivityManager: Slow operation: 1249ms so far, now at startProcess: returned from zygote!
09-08 04:53:23.608 1151 1708 W ActivityManager: Slow operation: 1249ms so far, now at startProcess: done updating battery stats
09-08 04:53:23.608 1151 1708 I am_proc_start: [0,2645,1000,com.thundercomm.remotecontrolservice,added application,com.thundercomm.remotecontrolservice]
09-08 04:53:23.608 1151 1708 W ActivityManager: Slow operation: 1249ms so far, now at startProcess: building log message
09-08 04:53:23.608 1151 1708 I ActivityManager: Start proc 2645:com.thundercomm.remotecontrolservice/1000 for added application com.thundercomm.remotecontrolservice
09-08 04:53:23.609 1151 1708 W ActivityManager: Slow operation: 1249ms so far, now at startProcess: starting to update pids map
09-08 04:53:23.609 1151 1708 W ActivityManager: Slow operation: 1250ms so far, now at startProcess: done updating pids map
09-08 04:53:23.609 1151 1708 W ActivityManager: Slow operation: 1249ms so far, now at startProcess: asking zygote to start proc
09-08 04:53:23.609 1151 1708 D CompatibilityChangeReporter: Compat change id reported: 143937733; UID 10063; state: ENABLED
09-08 04:53:23.609 1151 1708 W ActivityManager: com.qualcomm.qti.devicestatisticsservice inode == 0 (b/152760674)
09-08 04:53:23.658 1151 1151 I commit_sys_config_file: [display-state,15530]
09-08 04:53:23.675 1151 2317 I am_proc_bound: [0,2620,com.android.se]
09-08 04:53:23.676 1151 2317 D CompatibilityChangeReporter: Compat change id reported: 168419799; UID 1068; state: DISABLED
09-08 04:53:23.678 1151 2317 I am_uid_active: 1068
09-08 04:53:23.695 1151 1689 I commit_sys_config_file: [notification-policy,3302]
09-08 04:53:23.717 1151 1708 W ActivityManager: Slow operation: 1357ms so far, now at startProcess: returned from zygote!
09-08 04:53:23.719 1151 1708 W ActivityManager: Slow operation: 1359ms so far, now at startProcess: done updating battery stats
09-08 04:53:23.719 1151 1708 I am_proc_start: [0,2680,10063,com.qualcomm.qti.devicestatisticsservice,added application,com.qualcomm.qti.devicestatisticsservice]
09-08 04:53:23.719 1151 1708 W ActivityManager: Slow operation: 1359ms so far, now at startProcess: building log message
09-08 04:53:23.719 1151 1708 I ActivityManager: Start proc 2680:com.qualcomm.qti.devicestatisticsservice/u0a63 for added application com.qualcomm.qti.devicestatisticsservice
09-08 04:53:23.719 1151 1708 W ActivityManager: Slow operation: 1359ms so far, now at startProcess: starting to update pids map
09-08 04:53:23.720 1151 1708 W ActivityManager: Slow operation: 1359ms so far, now at startProcess: done updating pids map
09-08 04:53:23.720 1151 1708 W ActivityManager: Slow operation: 1357ms so far, now at startProcess: asking zygote to start proc
09-08 04:53:23.720 1151 1708 W ActivityManager: com.android.location.fused inode == 0 (b/152760674)
09-08 04:53:23.796 1151 2314 I am_proc_bound: [0,2645,com.thundercomm.remotecontrolservice]
