09-08 04:54:40.808 1151 1691 I input_focus: [Focus request 276e489 com.android.settings/com.android.settings.SubSettings,reason=UpdateInputWindows]
09-08 04:54:40.814 1151 1706 I am_pss : [4042,1000,com.android.dynsystem,5466112,3764224,0,90365952,0,19,10]
09-08 04:54:40.819 1151 2202 E DisplayDeviceConfig: requesting nits when no mapping exists.
09-08 04:54:40.820 1151 2202 E DisplayDeviceConfig: requesting nits when no mapping exists.
09-08 04:54:40.820 1151 1707 I am_wtf : [0,1151,system_server,-1,DisplayDeviceConfig,requesting nits when no mapping exists.]
09-08 04:54:40.824 1151 1707 I am_wtf : [0,1151,system_server,-1,DisplayDeviceConfig,requesting nits when no mapping exists.]
09-08 04:54:40.829 1151 3694 D PackageManager: Instant App installer not found with android.intent.action.INSTALL_INSTANT_APP_PACKAGE
09-08 04:54:40.830 1151 3694 D PackageManager: Clear ephemeral installer activity
09-08 04:54:40.831 1151 1706 I am_pss : [4020,10074,com.android.calendar,7519232,5619712,0,96317440,0,19,11]
09-08 04:54:40.834 1151 1687 I wm_activity_launch_time: [0,207802789,com.android.settings/.SubSettings,365]
09-08 04:54:40.834 1151 2202 E DisplayDeviceConfig: requesting nits when no mapping exists.
09-08 04:54:40.835 1151 2202 E DisplayDeviceConfig: requesting nits when no mapping exists.
09-08 04:54:40.835 1151 1707 I am_wtf : [0,1151,system_server,-1,DisplayDeviceConfig,requesting nits when no mapping exists.]
09-08 04:54:40.838 1151 1707 I am_wtf : [0,1151,system_server,-1,DisplayDeviceConfig,requesting nits when no mapping exists.]
09-08 04:54:40.850 1151 1706 I am_pss : [3635,10019,android.process.acore,13211648,9465856,0,117796864,0,19,12]
09-08 04:54:40.853 1151 2202 E DisplayDeviceConfig: requesting nits when no mapping exists.
09-08 04:54:40.853 1151 1877 I input_focus: [Focus entering 276e489 com.android.settings/com.android.settings.SubSettings (server),reason=Window became focusable. Previous reason: NOT_VISIBLE]
09-08 04:54:40.853 1151 2202 E DisplayDeviceConfig: requesting nits when no mapping exists.
09-08 04:54:40.854 1151 1707 I am_wtf : [0,1151,system_server,-1,DisplayDeviceConfig,requesting nits when no mapping exists.]
09-08 04:54:40.855 1151 1707 I am_wtf : [0,1151,system_server,-1,DisplayDeviceConfig,requesting nits when no mapping exists.]
09-08 04:54:40.868 1151 1706 I am_pss : [3983,1000,com.qti.diagservices,6203392,4075520,0,95420416,0,10,12]
09-08 04:54:40.873 1151 2202 E DisplayDeviceConfig: requesting nits when no mapping exists.
09-08 04:54:40.873 1151 2202 E DisplayDeviceConfig: requesting nits when no mapping exists.
09-08 04:54:40.873 1151 1707 I am_wtf : [0,1151,system_server,-1,DisplayDeviceConfig,requesting nits when no mapping exists.]
09-08 04:54:40.875 1151 1707 I am_wtf : [0,1151,system_server,-1,DisplayDeviceConfig,requesting nits when no mapping exists.]
09-08 04:54:40.892 1151 1706 I am_pss : [3957,1000,com.qualcomm.qti.qmmi,7135232,5451776,0,92483584,0,19,11]
09-08 04:54:40.903 1151 2202 E DisplayDeviceConfig: requesting nits when no mapping exists.
09-08 04:54:40.903 1151 2202 E DisplayDeviceConfig: requesting nits when no mapping exists.
09-08 04:54:40.904 1151 1707 I am_wtf : [0,1151,system_server,-1,DisplayDeviceConfig,requesting nits when no mapping exists.]
09-08 04:54:40.906 1151 1707 I am_wtf : [0,1151,system_server,-1,DisplayDeviceConfig,requesting nits when no mapping exists.]
09-08 04:54:40.910 1151 1706 I am_pss : [3939,10032,com.android.traceur,10492928,8773632,0,96591872,0,19,12]
09-08 04:54:40.920 1151 2202 E DisplayDeviceConfig: requesting nits when no mapping exists.
09-08 04:54:40.921 1151 2202 E DisplayDeviceConfig: requesting nits when no mapping exists.
09-08 04:54:40.921 1151 1707 I am_wtf : [0,1151,system_server,-1,DisplayDeviceConfig,requesting nits when no mapping exists.]
09-08 04:54:40.923 1151 1707 I service_manager_stats: [100,256,49167]
09-08 04:54:40.923 1151 1707 I am_wtf : [0,1151,system_server,-1,DisplayDeviceConfig,requesting nits when no mapping exists.]
09-08 04:54:40.926 1151 1706 I am_pss : [3764,1000,com.android.localtransport,5438464,3751936,0,91467776,0,19,12]
09-08 04:54:40.941 1151 1706 I am_pss : [3394,10090,com.qualcomm.qti.workloadclassifier,12893184,10567680,0,105316352,0,0,12]
09-08 04:54:40.952 1151 2202 E DisplayDeviceConfig: requesting nits when no mapping exists.
09-08 04:54:40.952 1151 2202 E DisplayDeviceConfig: requesting nits when no mapping exists.
09-08 04:54:40.953 1151 1707 I am_wtf : [0,1151,system_server,-1,DisplayDeviceConfig,requesting nits when no mapping exists.]
09-08 04:54:40.956 1151 1707 I am_wtf : [0,1151,system_server,-1,DisplayDeviceConfig,requesting nits when no mapping exists.]
09-08 04:54:40.957 1151 1706 I am_pss : [3377,10092,com.qualcomm.qti.qccnetstat,6089728,4382720,0,91947008,0,0,11]
09-08 04:54:40.975 1151 1706 I am_pss : [3337,10053,.pasr,5331968,3706880,0,89710592,0,0,11]
09-08 04:54:40.984 1151 2202 E DisplayDeviceConfig: requesting nits when no mapping exists.
09-08 04:54:40.985 1151 2202 E DisplayDeviceConfig: requesting nits when no mapping exists.
09-08 04:54:40.990 1151 1706 I am_pss : [3360,10083,com.qualcomm.qti.services.systemhelper:systemhelper_service,6387712,4599808,0,94072832,0,0,12]
09-08 04:54:40.995 1151 1707 I am_wtf : [0,1151,system_server,-1,DisplayDeviceConfig,requesting nits when no mapping exists.]
09-08 04:54:41.000 1151 1707 I am_wtf : [0,1151,system_server,-1,DisplayDeviceConfig,requesting nits when no mapping exists.]
09-08 04:54:41.002 1151 2202 E DisplayDeviceConfig: requesting nits when no mapping exists.
09-08 04:54:41.002 1151 2202 E DisplayDeviceConfig: requesting nits when no mapping exists.
09-08 04:54:41.004 1151 1707 I am_wtf : [0,1151,system_server,-1,DisplayDeviceConfig,requesting nits when no mapping exists.]
09-08 04:54:41.005 1151 1707 I am_wtf : [0,1151,system_server,-1,DisplayDeviceConfig,requesting nits when no mapping exists.]
09-08 04:54:41.006 1151 1706 I am_pss : [3301,10054,ts.car.uart,6165504,4542464,0,90800128,0,0,12]
09-08 04:54:41.018 1151 2202 E DisplayDeviceConfig: requesting nits when no mapping exists.
09-08 04:54:41.019 1151 1707 I am_wtf : [0,1151,system_server,-1,DisplayDeviceConfig,requesting nits when no mapping exists.]
09-08 04:54:41.019 1151 2202 E DisplayDeviceConfig: requesting nits when no mapping exists.
09-08 04:54:41.021 1151 1707 I am_wtf : [0,1151,system_server,-1,DisplayDeviceConfig,requesting nits when no mapping exists.]
09-08 04:54:41.027 1151 1706 I am_pss : [3131,10084,com.qualcomm.location,9928704,7585792,0,101957632,0,0,13]
09-08 04:54:41.035 1151 2202 E DisplayDeviceConfig: requesting nits when no mapping exists.
09-08 04:54:41.036 1151 2202 E DisplayDeviceConfig: requesting nits when no mapping exists.
09-08 04:54:41.036 1151 1707 I am_wtf : [0,1151,system_server,-1,DisplayDeviceConfig,requesting nits when no mapping exists.]
09-08 04:54:41.038 1151 1707 I am_wtf : [0,1151,system_server,-1,DisplayDeviceConfig,requesting nits when no mapping exists.]
09-08 04:54:41.053 1151 2202 E DisplayDeviceConfig: requesting nits when no mapping exists.
09-08 04:54:41.054 1151 2202 E DisplayDeviceConfig: requesting nits when no mapping exists.
09-08 04:54:41.054 1151 1707 I am_wtf : [0,1151,system_server,-1,DisplayDeviceConfig,requesting nits when no mapping exists.]
09-08 04:54:41.056 1151 1707 I am_wtf : [0,1151,system_server,-1,DisplayDeviceConfig,requesting nits when no mapping exists.]
09-08 04:54:41.080 1151 2202 E DisplayDeviceConfig: requesting nits when no mapping exists.
09-08 04:54:41.081 1151 2202 E DisplayDeviceConfig: requesting nits when no mapping exists.
09-08 04:54:41.088 1151 1707 I am_wtf : [0,1151,system_server,-1,DisplayDeviceConfig,requesting nits when no mapping exists.]
09-08 04:54:41.093 1151 1707 I am_wtf : [0,1151,system_server,-1,DisplayDeviceConfig,requesting nits when no mapping exists.]
09-08 04:54:41.103 1151 2202 E DisplayDeviceConfig: requesting nits when no mapping exists.
09-08 04:54:41.105 1151 2202 E DisplayDeviceConfig: requesting nits when no mapping exists.
09-08 04:54:41.105 1151 1707 I am_wtf : [0,1151,system_server,-1,DisplayDeviceConfig,requesting nits when no mapping exists.]
09-08 04:54:41.106 1151 1707 I am_wtf : [0,1151,system_server,-1,DisplayDeviceConfig,requesting nits when no mapping exists.]
09-08 04:54:41.138 1151 2202 E DisplayDeviceConfig: requesting nits when no mapping exists.
09-08 04:54:41.138 1151 2202 E DisplayDeviceConfig: requesting nits when no mapping exists.
09-08 04:54:41.138 1151 1707 I am_wtf : [0,1151,system_server,-1,DisplayDeviceConfig,requesting nits when no mapping exists.]
09-08 04:54:41.140 1151 1707 I am_wtf : [0,1151,system_server,-1,DisplayDeviceConfig,requesting nits when no mapping exists.]
09-08 04:54:41.154 1151 2202 E DisplayDeviceConfig: requesting nits when no mapping exists.
09-08 04:54:41.155 1151 2202 E DisplayDeviceConfig: requesting nits when no mapping exists.
09-08 04:54:41.155 1151 1707 I am_wtf : [0,1151,system_server,-1,DisplayDeviceConfig,requesting nits when no mapping exists.]
09-08 04:54:41.157 1151 1707 I am_wtf : [0,1151,system_server,-1,DisplayDeviceConfig,requesting nits when no mapping exists.]
09-08 04:54:41.169 1151 2202 E DisplayDeviceConfig: requesting nits when no mapping exists.
09-08 04:54:41.170 1151 2202 E DisplayDeviceConfig: requesting nits when no mapping exists.
09-08 04:54:41.170 1151 1707 I am_wtf : [0,1151,system_server,-1,DisplayDeviceConfig,requesting nits when no mapping exists.]
09-08 04:54:41.172 1151 1707 I am_wtf : [0,1151,system_server,-1,DisplayDeviceConfig,requesting nits when no mapping exists.]
09-08 04:54:41.188 1151 2202 E DisplayDeviceConfig: requesting nits when no mapping exists.
09-08 04:54:41.189 1151 2202 E DisplayDeviceConfig: requesting nits when no mapping exists.
09-08 04:54:41.189 1151 1707 I am_wtf : [0,1151,system_server,-1,DisplayDeviceConfig,requesting nits when no mapping exists.]
09-08 04:54:41.191 1151 1707 I am_wtf : [0,1151,system_server,-1,DisplayDeviceConfig,requesting nits when no mapping exists.]
09-08 04:54:41.247 1151 1690 I wm_stop_activity: [0,199618255,com.android.settings/.Settings]
09-08 04:54:41.272 2829 2829 I wm_on_stop_called: [199618255,com.android.settings.Settings,STOP_ACTIVITY_ITEM]
09-08 04:54:41.745 1151 1687 D CompanionDeviceManagerService: onPackageModified(packageName = com.android.settings)
09-08 04:54:41.790 1151 1151 I Telecom : DefaultDialerCache: Refreshing default dialer for user 0: now null: DDC.oR@ACI
09-08 04:54:41.824 1151 1706 W VoiceInteractionManager: no available voice recognition services found for user 0
09-08 04:54:42.360 1151 1877 I input_interaction: Interaction with: 276e489 com.android.settings/com.android.settings.SubSettings (server), edge-swipe (server), swipe-up (server), PointerEventDispatcher0 (server),
09-08 04:54:42.512 2829 2829 I sysui_multi_action: [757,139,758,4]
09-08 04:54:42.523 2829 2829 I sysui_multi_action: [757,830,758,4,833,0,854,main_toggle_wifi,1089,0]
09-08 04:54:42.527 964 964 I android.hardware.wifi@1.0-service: Wifi HAL started
09-08 04:54:42.731 1151 1861 I commit_sys_config_file: [settings-0-0,13]
09-08 04:54:43.517 1151 3856 E TaskPersister: File error accessing recents directory (directory doesn't exist?).
09-08 04:54:44.578 964 964 I android.hardware.wifi@1.0-service: Adding interface handle for p2p0
09-08 04:54:44.578 964 964 I android.hardware.wifi@1.0-service: Adding interface handle for wifi-aware0
09-08 04:54:44.578 964 964 I android.hardware.wifi@1.0-service: Adding interface handle for wlan0
09-08 04:54:44.578 964 964 W android.hardware.wifi@1.0-service: No active wlan interfaces in use! Using default
09-08 04:54:44.579 964 964 W android.hardware.wifi@1.0-service: No active wlan interfaces in use! Using default
09-08 04:54:44.620 964 964 I android.hardware.wifi@1.0-service: Configured chip in mode 3
09-08 04:54:44.620 964 964 W android.hardware.wifi@1.0-service: No active wlan interfaces in use! Using default
09-08 04:54:44.626 964 964 W android.hardware.wifi@1.0-service: No active wlan interfaces in use! Using default
09-08 04:54:44.676 1151 2148 I dvm_lock_sample: [system_server,0,WifiHandlerThread,2147,HalDeviceManager.java,1599,com.android.wifi.x.android.hardware.wifi.V1_0.IWifiIface com.android.server.wifi.HalDeviceManager.createIface(int, long, com.android.server.wifi.HalDeviceManager$InterfaceDestroyedListener, android.os.Handler, android.os.WorkSource),-,1373,boolean com.android.server.wifi.HalDeviceManager.isWifiStarted(),100]
09-08 04:54:44.705 1151 2193 D CompatibilityChangeReporter: Compat change id reported: 171306433; UID 1000; state: ENABLED
09-08 04:54:44.729 1290 1290 I wificond: createClientInterface: wiphy_index 0 iface_name wlan0
09-08 04:54:44.733 1290 1290 I wificond: create scanner for interface with index: 17
09-08 04:54:44.733 1290 1290 I wificond: subscribe scan result for interface with index: 17
09-08 04:54:44.736 1290 1290 I wificond: add channel type 0 support at wiphy index: 0
09-08 04:54:44.736 1290 1290 I wificond: add channel type 1 support at wiphy index: 0
09-08 04:54:44.862 1151 1706 I sysui_multi_action: [757,1717,758,1,759,0]
09-08 04:54:44.864 1151 1706 I sysui_multi_action: [757,1717,758,2,759,0]
09-08 04:54:44.865 1151 1706 I sysui_multi_action: [757,1717,758,3,759,0]
09-08 04:54:45.461 4452 4452 F linker : CANNOT LINK EXECUTABLE "/vendor/bin/hw/sxrservice": library "vendor.qti.hardware.qxr-V1-ndk_platform.so" not found: needed by main executable
09-08 04:54:45.464 4451 4451 F linker : CANNOT LINK EXECUTABLE "/vendor/bin/hw/qvrservice": library "vendor.qti.hardware.qxr-V1-ndk_platform.so" not found: needed by /vendor/lib64/libqvrservice.so in namespace (default)
09-08 04:54:45.890 1151 1151 W Looper : Slow dispatch took 602ms main h=android.app.ActivityThread$H c=android.app.LoadedApk$ReceiverDispatcher$Args$$ExternalSyntheticLambda0@6b2b030 m=0
09-08 04:54:45.891 1151 1151 W Looper : Slow delivery took 604ms main h=android.app.ActivityThread$H c=android.app.LoadedApk$ReceiverDispatcher$Args$$ExternalSyntheticLambda0@e3d4a9 m=0
09-08 04:54:45.895 1151 1151 W Looper : Drained
09-08 04:54:45.983 2829 2829 I sysui_multi_action: [757,830,758,4,833,0,854,main_toggle_wifi,1089,0]
09-08 04:54:45.984 1151 3694 I ActivityTaskManager: START u0 {act=android.intent.action.MAIN cmp=com.android.settings/.SubSettings (has extras)} from uid 1000
09-08 04:54:45.989 1151 3694 I wm_task_moved: [11,1,6]
09-08 04:54:45.989 1151 3694 I wm_set_resumed_activity: [0,com.android.settings/.SubSettings,positionChildAt]
09-08 04:54:45.991 1151 3694 I wm_create_activity: [0,100405861,11,com.android.settings/.SubSettings,android.intent.action.MAIN,NULL,NULL,0]
09-08 04:54:45.993 1151 3694 I wm_pause_activity: [0,207802789,com.android.settings/.SubSettings,userLeaving=true,resumeTopActivityInnerLocked]
09-08 04:54:46.001 2829 2829 I wm_on_top_resumed_lost_called: [207802789,com.android.settings.SubSettings,topStateChangedWhenResumed]
09-08 04:54:46.010 2829 2829 I sysui_multi_action: [757,746,758,2,1089,5270]
09-08 04:54:46.018 2829 2829 I wm_on_paused_called: [207802789,com.android.settings.SubSettings,performPause]
09-08 04:54:46.020 1151 3694 I ActivityTaskManager: The Process com.android.settings Already Exists in BG. So sending its PID: 2829
09-08 04:54:46.021 1151 3694 W ActivityTaskManager: Tried to set launchTime (0) < mLastActivityLaunchTime (138035)
09-08 04:54:46.022 1151 3694 I wm_add_to_stopping: [0,207802789,com.android.settings/.SubSettings,makeInvisible]
09-08 04:54:46.022 1151 3694 I wm_restart_activity: [0,100405861,11,com.android.settings/.SubSettings]
09-08 04:54:46.023 1151 3694 I wm_set_resumed_activity: [0,com.android.settings/.SubSettings,minimalResumeActivityLocked]
09-08 04:54:46.027 1151 1690 I sysui_multi_action: [757,803,799,window_time_0,802,5]
09-08 04:54:46.052 1151 1877 I input_focus: [Focus leaving 276e489 com.android.settings/com.android.settings.SubSettings (server),reason=NO_WINDOW]
09-08 04:54:46.102 1151 3696 I netstats_mobile_sample: [0,0,0,0,0,0,0,0,0,0,0,0,1662584086102]
09-08 04:54:46.102 1151 3696 I netstats_wifi_sample: [0,0,0,0,0,0,0,0,0,0,0,0,1662584086102]
09-08 04:54:46.140 1151 3693 I netstats_mobile_sample: [0,0,0,0,0,0,0,0,0,0,0,0,1662584086140]
09-08 04:54:46.141 1151 3693 I netstats_wifi_sample: [0,0,0,0,0,0,0,0,0,0,0,0,1662584086140]
09-08 04:54:46.151 2829 2829 I wm_on_create_called: [100405861,com.android.settings.SubSettings,performCreate]
09-08 04:54:46.194 2829 2829 I wm_on_start_called: [100405861,com.android.settings.SubSettings,handleStartActivity]
09-08 04:54:46.196 2829 2829 I snet_event_log: [120484087,-1,]
09-08 04:54:46.198 2829 2829 I wm_on_resume_called: [100405861,com.android.settings.SubSettings,RESUME_ACTIVITY]
09-08 04:54:46.199 2829 2829 I sysui_multi_action: [757,103,758,1,833,746,1089,142]
09-08 04:54:46.213 1151 3694 D PackageManager: Instant App installer not found with android.intent.action.INSTALL_INSTANT_APP_PACKAGE
09-08 04:54:46.213 1151 3694 D PackageManager: Clear ephemeral installer activity
09-08 04:54:46.216 2829 2829 I wm_on_top_resumed_gained_called: [100405861,com.android.settings.SubSettings,topStateChangedWhenResumed]
09-08 04:54:46.257 1151 1691 I input_focus: [Focus request bb5938d com.android.settings/com.android.settings.SubSettings,reason=UpdateInputWindows]
09-08 04:54:46.302 1151 2317 D PackageManager: Instant App installer not found with android.intent.action.INSTALL_INSTANT_APP_PACKAGE
09-08 04:54:46.302 1151 2317 D PackageManager: Clear ephemeral installer activity
09-08 04:54:46.306 1151 1687 I wm_activity_launch_time: [0,100405861,com.android.settings/.SubSettings,319]
09-08 04:54:46.316 1151 1877 I input_focus: [Focus entering bb5938d com.android.settings/com.android.settings.SubSettings (server),reason=Window became focusable. Previous reason: NOT_VISIBLE]
09-08 04:54:46.711 1151 1690 I wm_stop_activity: [0,207802789,com.android.settings/.SubSettings]
09-08 04:54:46.761 2829 2829 I wm_on_stop_called: [207802789,com.android.settings.SubSettings,STOP_ACTIVITY_ITEM]
09-08 04:54:47.091 1151 1151 I notification_enqueue: [1000,1151,android,17303299,com.android.wifi,0,Notification(channel=NETWORK_AVAILABLE shortcut=null contentView=null vibrate=null sound=null tick defaults=0x0 flags=0x100 color=0x00000000 actions=2 vis=PRIVATE),0]
09-08 04:54:47.229 1151 1687 D CompanionDeviceManagerService: onPackageModified(packageName = com.android.settings)
09-08 04:54:47.241 1151 1151 I Telecom : DefaultDialerCache: Refreshing default dialer for user 0: now null: DDC.oR@ACM
09-08 04:54:47.275 1151 1706 W VoiceInteractionManager: no available voice recognition services found for user 0
09-08 04:54:47.293 1151 1151 I sysui_multi_action: [757,1501,758,1,793,203,794,0,795,203,796,17303299,797,com.android.wifi,806,android,857,NETWORK_AVAILABLE,858,2,947,0,1500,0,1688,1]
09-08 04:54:47.294 1151 1151 I sysui_multi_action: [757,804,799,note_interruptive,801,0,802,1]
09-08 04:54:47.298 1151 1151 W NotificationHistory: Attempted to add notif for locked/gone/disabled user 0
09-08 04:54:49.023 1151 3856 E TaskPersister: File error accessing recents directory (directory doesn't exist?).
09-08 04:54:49.228 1151 1707 I am_uid_idle: 10029
09-08 04:54:49.621 1151 1877 I input_interaction: Interaction with: bb5938d com.android.settings/com.android.settings.SubSettings (server), edge-swipe (server), swipe-up (server), PointerEventDispatcher0 (server),
09-08 04:54:50.329 1151 1706 I sysui_multi_action: [757,1717,758,1,759,0]
09-08 04:54:50.330 1151 1706 I sysui_multi_action: [757,1717,758,2,759,0]
09-08 04:54:50.331 1151 1706 I sysui_multi_action: [757,1717,758,3,759,0]
09-08 04:54:50.509 4472 4472 F linker : CANNOT LINK EXECUTABLE "/vendor/bin/hw/qvrservice": library "vendor.qti.hardware.qxr-V1-ndk_platform.so" not found: needed by /vendor/lib64/libqvrservice.so in namespace (default)
09-08 04:54:50.513 4473 4473 F linker : CANNOT LINK EXECUTABLE "/vendor/bin/hw/sxrservice": library "vendor.qti.hardware.qxr-V1-ndk_platform.so" not found: needed by main executable
09-08 04:54:50.771 1151 1754 I commit_sys_config_file: [package-user-0,17]
09-08 04:54:52.219 1151 1707 I am_uid_idle: 10019
09-08 04:54:55.538 4477 4477 F linker : CANNOT LINK EXECUTABLE "/vendor/bin/hw/sxrservice": library "vendor.qti.hardware.qxr-V1-ndk_platform.so" not found: needed by main executable
09-08 04:54:55.555 4476 4476 F linker : CANNOT LINK EXECUTABLE "/vendor/bin/hw/qvrservice": library "vendor.qti.hardware.qxr-V1-ndk_platform.so" not found: needed by /vendor/lib64/libqvrservice.so in namespace (default)
09-08 04:54:56.519 1290 1290 I wificond: Regulatory domain changed to country: CN on wiphy_index: 0
09-08 04:54:56.522 1290 1290 I wificond: 2.4Ghz frequencies: 2412 2417 2422 2427 2432 2437 2442 2447 2452 2457 2462 2467 2472
09-08 04:54:56.522 1290 1290 I wificond: 5Ghz non-DFS frequencies: 5180 5200 5220 5240 5745 5765 5785 5805 5825
09-08 04:54:56.522 1290 1290 I wificond: 5Ghz DFS frequencies: 5260 5280 5300 5320
09-08 04:54:56.522 1290 1290 I wificond: 6Ghz frequencies:
09-08 04:54:56.522 1290 1290 I wificond: 60Ghz frequencies:
09-08 04:54:56.817 1151 1151 I service_manager_stats: [100,145,15893]
09-08 04:54:57.264 1151 3693 W OverlayManager: service 'idmap' died
09-08 04:55:00.584 4483 4483 F linker : CANNOT LINK EXECUTABLE "/vendor/bin/hw/qvrservice": library "vendor.qti.hardware.qxr-V1-ndk_platform.so" not found: needed by /vendor/lib64/libqvrservice.so in namespace (default)
09-08 04:55:00.586 4484 4484 F linker : CANNOT LINK EXECUTABLE "/vendor/bin/hw/sxrservice": library "vendor.qti.hardware.qxr-V1-ndk_platform.so" not found: needed by main executable
09-08 04:55:03.627 1151 1707 I am_uid_idle: 10032
09-08 04:55:04.843 1151 1707 I am_uid_idle: 10074
09-08 04:55:04.859 1151 1707 I am_uid_idle: 10071
09-08 04:55:05.089 1151 1707 I am_uid_idle: 10075
09-08 04:55:05.432 1151 1707 I am_uid_idle: 10033
09-08 04:55:05.627 4487 4487 F linker : CANNOT LINK EXECUTABLE "/vendor/bin/hw/qvrservice": library "vendor.qti.hardware.qxr-V1-ndk_platform.so" not found: needed by /vendor/lib64/libqvrservice.so in namespace (default)
09-08 04:55:05.635 4488 4488 F linker : CANNOT LINK EXECUTABLE "/vendor/bin/hw/sxrservice": library "vendor.qti.hardware.qxr-V1-ndk_platform.so" not found: needed by main executable
09-08 04:55:05.746 1151 1707 I am_uid_idle: 10060
09-08 04:55:05.995 1151 1707 I am_uid_idle: 10022
09-08 04:55:06.257 1151 1707 I am_uid_idle: 10025
09-08 04:55:06.290 1151 1707 I am_uid_idle: 10023
09-08 04:55:06.354 1151 1707 I am_uid_idle: 2000
09-08 04:55:07.290 2829 2829 I sysui_multi_action: [757,135,758,4,759,0]
09-08 04:55:07.303 1151 3701 I ActivityTaskManager: START u0 {act=android.intent.action.MAIN cmp=com.android.settings/.SubSettings (has extras)} from uid 1000
09-08 04:55:07.311 1151 3701 I wm_task_moved: [11,1,6]
09-08 04:55:07.312 1151 3701 I wm_set_resumed_activity: [0,com.android.settings/.SubSettings,positionChildAt]
09-08 04:55:07.312 1151 3701 I wm_create_activity: [0,37612477,11,com.android.settings/.SubSettings,android.intent.action.MAIN,NULL,NULL,0]
09-08 04:55:07.316 1151 3701 I wm_pause_activity: [0,100405861,com.android.settings/.SubSettings,userLeaving=true,resumeTopActivityInnerLocked]
09-08 04:55:07.323 2829 2829 I wm_on_top_resumed_lost_called: [100405861,com.android.settings.SubSettings,topStateChangedWhenResumed]
09-08 04:55:07.326 2829 2829 I sysui_multi_action: [757,103,758,2,1089,21127]
09-08 04:55:07.328 2829 2829 I wm_on_paused_called: [100405861,com.android.settings.SubSettings,performPause]
09-08 04:55:07.329 1151 3701 I ActivityTaskManager: The Process com.android.settings Already Exists in BG. So sending its PID: 2829
09-08 04:55:07.330 1151 3701 W ActivityTaskManager: Tried to set launchTime (0) < mLastActivityLaunchTime (143535)
09-08 04:55:07.330 1151 3701 I wm_add_to_stopping: [0,100405861,com.android.settings/.SubSettings,makeInvisible]
09-08 04:55:07.331 1151 3701 I wm_restart_activity: [0,37612477,11,com.android.settings/.SubSettings]
09-08 04:55:07.333 1151 3701 I wm_set_resumed_activity: [0,com.android.settings/.SubSettings,minimalResumeActivityLocked]
09-08 04:55:07.342 1151 1690 I sysui_multi_action: [757,803,799,window_time_0,802,21]
09-08 04:55:07.370 1151 1877 I input_focus: [Focus leaving bb5938d com.android.settings/com.android.settings.SubSettings (server),reason=NO_WINDOW]
09-08 04:55:07.391 1151 1706 I am_pss : [4326,10058,com.qualcomm.qti.qms.service.trustzoneaccess,5604352,3809280,0,91488256,0,19,12]
09-08 04:55:07.398 2829 2829 I wm_on_create_called: [37612477,com.android.settings.SubSettings,performCreate]
09-08 04:55:07.410 1151 1706 I am_pss : [4072,10075,com.android.gallery3d,8497152,6606848,0,95481856,0,19,11]
09-08 04:55:07.455 2829 2829 I wm_on_start_called: [37612477,com.android.settings.SubSettings,handleStartActivity]
09-08 04:55:07.456 2829 2829 I snet_event_log: [120484087,-1,]
09-08 04:55:07.457 2829 2829 I wm_on_resume_called: [37612477,com.android.settings.SubSettings,RESUME_ACTIVITY]
09-08 04:55:07.458 2829 2829 I sysui_multi_action: [757,1800,758,1,833,103,1089,91]
09-08 04:55:07.465 2829 2829 I wm_on_top_resumed_gained_called: [37612477,com.android.settings.SubSettings,topStateChangedWhenResumed]
09-08 04:55:07.471 1151 3693 D PackageManager: Instant App installer not found with android.intent.action.INSTALL_INSTANT_APP_PACKAGE
09-08 04:55:07.471 1151 3693 D PackageManager: Clear ephemeral installer activity
09-08 04:55:07.489 1151 1691 I input_focus: [Focus request d263e2d com.android.settings/com.android.settings.SubSettings,reason=UpdateInputWindows]
09-08 04:55:07.495 1151 1688 D AutofillUI: destroySaveUiUiThread(): already destroyed
09-08 04:55:07.495 1151 3693 D AutofillManagerServiceImpl: Reset component for user 0:
09-08 04:55:07.547 1151 1687 I wm_activity_launch_time: [0,37612477,com.android.settings/.SubSettings,235]
09-08 04:55:07.554 1151 3693 D PackageManager: Instant App installer not found with android.intent.action.INSTALL_INSTANT_APP_PACKAGE
09-08 04:55:07.554 1151 3693 D PackageManager: Clear ephemeral installer activity
09-08 04:55:07.572 1151 1877 I input_focus: [Focus entering d263e2d com.android.settings/com.android.settings.SubSettings (server),reason=Window became focusable. Previous reason: NOT_VISIBLE]
09-08 04:55:07.625 1151 1689 I DropBoxManagerService: add tag=system_app_strictmode isTagEnabled=true flags=0x2
09-08 04:55:07.630 1151 1689 I DropBoxManagerService: add tag=system_app_strictmode isTagEnabled=true flags=0x2
09-08 04:55:07.635 1151 1689 I DropBoxManagerService: add tag=system_app_strictmode isTagEnabled=true flags=0x2
09-08 04:55:07.638 1151 1689 I DropBoxManagerService: add tag=system_app_strictmode isTagEnabled=true flags=0x2
09-08 04:55:07.641 1151 1689 I DropBoxManagerService: add tag=system_app_strictmode isTagEnabled=true flags=0x2
09-08 04:55:07.643 1151 1689 I DropBoxManagerService: add tag=system_app_strictmode isTagEnabled=true flags=0x2
09-08 04:55:07.646 1151 1689 I DropBoxManagerService: add tag=system_app_strictmode isTagEnabled=true flags=0x2
09-08 04:55:07.650 1151 1689 I DropBoxManagerService: add tag=system_app_strictmode isTagEnabled=true flags=0x2
09-08 04:55:07.655 1151 1689 I DropBoxManagerService: add tag=system_app_strictmode isTagEnabled=true flags=0x2
09-08 04:55:07.656 1151 1689 I DropBoxManagerService: add tag=system_app_strictmode isTagEnabled=true flags=0x2
09-08 04:55:07.657 1151 1689 I DropBoxManagerService: add tag=system_app_strictmode isTagEnabled=true flags=0x2
09-08 04:55:07.658 1151 1689 I DropBoxManagerService: add tag=system_app_strictmode isTagEnabled=true flags=0x2
09-08 04:55:07.659 1151 1689 I DropBoxManagerService: add tag=system_app_strictmode isTagEnabled=true flags=0x2
09-08 04:55:07.660 1151 1689 I DropBoxManagerService: add tag=system_app_strictmode isTagEnabled=true flags=0x2
09-08 04:55:07.661 1151 1689 I DropBoxManagerService: add tag=system_app_strictmode isTagEnabled=true flags=0x2
09-08 04:55:07.667 1151 1689 I DropBoxManagerService: add tag=system_app_strictmode isTagEnabled=true flags=0x2
09-08 04:55:07.670 1151 1689 I DropBoxManagerService: add tag=system_app_strictmode isTagEnabled=true flags=0x2
09-08 04:55:07.672 1151 1689 I DropBoxManagerService: add tag=system_app_strictmode isTagEnabled=true flags=0x2
09-08 04:55:07.673 1151 1689 I DropBoxManagerService: add tag=system_app_strictmode isTagEnabled=true flags=0x2
09-08 04:55:07.675 1151 1689 I DropBoxManagerService: add tag=system_app_strictmode isTagEnabled=true flags=0x2
09-08 04:55:07.677 1151 1689 I DropBoxManagerService: add tag=system_app_strictmode isTagEnabled=true flags=0x2
09-08 04:55:07.679 1151 1689 I DropBoxManagerService: add tag=system_app_strictmode isTagEnabled=true flags=0x2
09-08 04:55:07.740 1151 1689 I DropBoxManagerService: add tag=system_app_strictmode isTagEnabled=true flags=0x2
09-08 04:55:07.743 1151 1689 I DropBoxManagerService: add tag=system_app_strictmode isTagEnabled=true flags=0x2
09-08 04:55:07.746 1151 1689 I DropBoxManagerService: add tag=system_app_strictmode isTagEnabled=true flags=0x2
09-08 04:55:07.754 1151 1689 I DropBoxManagerService: add tag=system_app_strictmode isTagEnabled=true flags=0x2
09-08 04:55:07.759 1151 1689 I DropBoxManagerService: add tag=system_app_strictmode isTagEnabled=true flags=0x2
09-08 04:55:07.762 1151 1689 I DropBoxManagerService: add tag=system_app_strictmode isTagEnabled=true flags=0x2
09-08 04:55:07.767 1151 1689 I DropBoxManagerService: add tag=system_app_strictmode isTagEnabled=true flags=0x2
09-08 04:55:07.768 1151 1689 I DropBoxManagerService: add tag=system_app_strictmode isTagEnabled=true flags=0x2
09-08 04:55:07.770 1151 1689 I DropBoxManagerService: add tag=system_app_strictmode isTagEnabled=true flags=0x2
09-08 04:55:07.779 1151 1689 I DropBoxManagerService: add tag=system_app_strictmode isTagEnabled=true flags=0x2
09-08 04:55:07.780 1151 1689 I DropBoxManagerService: add tag=system_app_strictmode isTagEnabled=true flags=0x2
09-08 04:55:07.781 1151 1689 I DropBoxManagerService: add tag=system_app_strictmode isTagEnabled=true flags=0x2
09-08 04:55:07.781 1151 1689 I DropBoxManagerService: add tag=system_app_strictmode isTagEnabled=true flags=0x2
09-08 04:55:07.783 1151 1689 I DropBoxManagerService: add tag=system_app_strictmode isTagEnabled=true flags=0x2
09-08 04:55:07.939 1151 1690 I wm_stop_activity: [0,100405861,com.android.settings/.SubSettings]
09-08 04:55:07.961 2829 2829 I wm_on_stop_called: [100405861,com.android.settings.SubSettings,STOP_ACTIVITY_ITEM]
09-08 04:55:08.492 1151 1687 D CompanionDeviceManagerService: onPackageModified(packageName = com.android.settings)
09-08 04:55:08.515 1151 1151 I Telecom : DefaultDialerCache: Refreshing default dialer for user 0: now null: DDC.oR@ACQ
09-08 04:55:08.556 1151 1706 W VoiceInteractionManager: no available voice recognition services found for user 0
09-08 04:55:09.764 1151 1877 I input_interaction: Interaction with: 9c2083f InputMethod (server), edge-swipe (server), swipe-up (server), PointerEventDispatcher0 (server),
09-08 04:55:10.331 1151 3856 E TaskPersister: File error accessing recents directory (directory doesn't exist?).
09-08 04:55:10.641 4529 4529 F linker : CANNOT LINK EXECUTABLE "/vendor/bin/hw/sxrservice": library "vendor.qti.hardware.qxr-V1-ndk_platform.so" not found: needed by main executable
09-08 04:55:10.681 4528 4528 F linker : CANNOT LINK EXECUTABLE "/vendor/bin/hw/qvrservice": library "vendor.qti.hardware.qxr-V1-ndk_platform.so" not found: needed by /vendor/lib64/libqvrservice.so in namespace (default)
09-08 04:55:11.594 1151 1706 I sysui_multi_action: [757,1717,758,1,759,0]
09-08 04:55:11.595 1151 1706 I sysui_multi_action: [757,1717,758,2,759,0]
09-08 04:55:11.596 1151 1706 I sysui_multi_action: [757,1717,758,3,759,0]
09-08 04:55:11.771 1151 1707 I am_uid_idle: 10059
09-08 04:55:12.026 1151 1707 I am_uid_idle: 10091
09-08 04:55:15.720 4549 4549 F linker : CANNOT LINK EXECUTABLE "/vendor/bin/hw/qvrservice": library "vendor.qti.hardware.qxr-V1-ndk_platform.so" not found: needed by /vendor/lib64/libqvrservice.so in namespace (default)
09-08 04:55:15.772 4550 4550 F linker : CANNOT LINK EXECUTABLE "/vendor/bin/hw/sxrservice": library "vendor.qti.hardware.qxr-V1-ndk_platform.so" not found: needed by main executable
09-08 04:55:17.535 1151 1754 I commit_sys_config_file: [package-user-0,22]
09-08 04:55:17.872 1151 2800 I wm_finish_activity: [0,37612477,11,com.android.settings/.SubSettings,app-request]
09-08 04:55:17.896 1151 2800 I wm_pause_activity: [0,37612477,com.android.settings/.SubSettings,userLeaving=false,finish]
09-08 04:55:17.901 2829 2829 I wm_on_top_resumed_lost_called: [37612477,com.android.settings.SubSettings,topStateChangedWhenResumed]
09-08 04:55:17.909 2829 2829 I sysui_multi_action: [757,1800,758,2,1089,10449]
09-08 04:55:17.911 2829 2829 I wm_on_paused_called: [37612477,com.android.settings.SubSettings,performPause]
09-08 04:55:17.912 1151 3700 I wm_add_to_stopping: [0,37612477,com.android.settings/.SubSettings,completeFinishing]
09-08 04:55:17.928 1151 1877 I input_focus: [Focus leaving d263e2d com.android.settings/com.android.settings.SubSettings (server),reason=NO_WINDOW]
09-08 04:55:17.945 1151 3700 I wm_set_resumed_activity: [0,com.android.settings/.SubSettings,resumeTopActivityInnerLocked]
09-08 04:55:17.950 1151 3700 I wm_resume_activity: [0,100405861,11,com.android.settings/.SubSettings]
09-08 04:55:17.964 2829 2829 I wm_on_activity_result_called: [100405861,com.android.settings.SubSettings,ACTIVITY_RESULT]
09-08 04:55:17.965 1151 1690 I sysui_multi_action: [757,803,799,window_time_0,802,11]
09-08 04:55:17.966 2829 2829 I wm_on_restart_called: [100405861,com.android.settings.SubSettings,performRestartActivity]
09-08 04:55:18.041 1151 2148 W ContextImpl: Calling a method in the system process without a qualified user: android.app.ContextImpl.sendBroadcastMultiplePermissions:1206 android.content.Context.sendBroadcastWithMultiplePermissions:2262 com.android.server.wifi.WifiServiceImpl.broadcastWifiCredentialChanged:4925 com.android.server.wifi.WifiServiceImpl.lambda$connect$106:4975 com.android.server.wifi.WifiServiceImpl.$r8$lambda$k_VbQ0XctrStvVsieclZczsvs-g:0
09-08 04:55:18.326 1290 1290 W wificond: Scan aborted
09-08 04:55:18.328 964 964 D android.hardware.wifi@1.0-service: Successfully SetMacAddress.
09-08 04:55:18.362 1290 1290 W wificond: Scan is not started. Ignore abort request
09-08 04:55:18.450 2829 2829 I wm_on_start_called: [100405861,com.android.settings.SubSettings,handleStartActivity]
09-08 04:55:18.451 2829 2829 I snet_event_log: [120484087,-1,]
09-08 04:55:18.453 2829 2829 I wm_on_resume_called: [100405861,com.android.settings.SubSettings,RESUME_ACTIVITY]
09-08 04:55:18.453 2829 2829 I sysui_multi_action: [757,103,758,1,833,746,1089,0]
09-08 04:55:18.457 2829 2829 I wm_on_top_resumed_gained_called: [100405861,com.android.settings.SubSettings,topWhenResuming]
09-08 04:55:18.469 1151 1691 I input_focus: [Focus request bb5938d com.android.settings/com.android.settings.SubSettings,reason=UpdateInputWindows]
09-08 04:55:18.494 1151 1877 I input_focus: [Focus entering bb5938d com.android.settings/com.android.settings.SubSettings (server),reason=setFocusedWindow]
09-08 04:55:18.584 1290 1290 E wificond: NL80211_CMD_TRIGGER_SCAN failed: Device or resource busy
09-08 04:55:18.631 1151 3693 W OverlayManager: service 'idmap' died
09-08 04:55:18.884 1151 1690 I wm_destroy_activity: [0,37612477,11,com.android.settings/.SubSettings,finish-imm:idle]
09-08 04:55:18.922 2829 2829 I wm_on_stop_called: [37612477,com.android.settings.SubSettings,LIFECYCLER_STOP_ACTIVITY]
09-08 04:55:18.925 2829 2829 I wm_on_destroy_called: [37612477,com.android.settings.SubSettings,performDestroy]
09-08 04:55:18.996 1151 2144 I netstats_mobile_sample: [0,0,0,0,0,0,0,0,0,0,0,0,1662584118996]
09-08 04:55:18.996 1151 2144 I netstats_wifi_sample: [0,0,0,0,0,0,0,0,0,0,0,0,1662584118996]
09-08 04:55:19.289 1151 2800 D CompatibilityChangeReporter: Compat change id reported: 171306433; UID 1073; state: ENABLED
09-08 04:55:19.358 1151 2155 I netstats_mobile_sample: [0,0,0,0,0,0,0,0,0,0,0,0,1662584119358]
09-08 04:55:19.358 1151 2155 I netstats_wifi_sample: [0,0,0,0,0,0,0,0,0,0,0,0,1662584119358]
09-08 04:55:20.780 4571 4571 F linker : CANNOT LINK EXECUTABLE "/vendor/bin/hw/qvrservice": library "vendor.qti.hardware.qxr-V1-ndk_platform.so" not found: needed by /vendor/lib64/libqvrservice.so in namespace (default)
09-08 04:55:20.798 4572 4572 F linker : CANNOT LINK EXECUTABLE "/vendor/bin/hw/sxrservice": library "vendor.qti.hardware.qxr-V1-ndk_platform.so" not found: needed by main executable
09-08 04:55:21.994 1151 3856 E TaskPersister: File error accessing recents directory (directory doesn't exist?).
09-08 04:55:23.075 1151 2155 I service_manager_stats: [100,175,26258]
09-08 04:55:23.075 1151 2155 I netstats_mobile_sample: [0,0,0,0,0,0,0,0,0,0,0,0,1662584123075]
09-08 04:55:23.075 1151 2155 I netstats_wifi_sample: [0,0,0,0,0,0,0,0,0,0,0,0,1662584123075]
09-08 04:55:23.092 1151 1151 I sysui_multi_action: [757,128,758,5,759,8,793,36002,794,0,795,36002,796,17303299,797,com.android.wifi,806,android,857,NETWORK_AVAILABLE,858,2,947,0,1500,35799,1688,1]
09-08 04:55:23.093 1151 1151 I notification_canceled: [0|android|17303299|com.android.wifi|1000,8,36002,36002,0,-1,-1,NULL]
09-08 04:55:23.096 1151 1151 D CompatibilityChangeReporter: Compat change id reported: 175319604; UID 1000; state: ENABLED
09-08 04:55:23.097 1151 1151 D CompatibilityChangeReporter: Compat change id reported: 175319604; UID 1000; state: DISABLED
09-08 04:55:23.107 1151 2155 I netstats_mobile_sample: [0,0,0,0,0,0,0,0,0,0,0,0,1662584123107]
09-08 04:55:23.107 1151 2155 I netstats_wifi_sample: [0,0,0,0,0,0,0,0,0,0,0,0,1662584123107]
09-08 04:55:23.161 1151 2155 I netstats_mobile_sample: [0,0,0,0,0,0,0,0,0,0,0,0,1662584123161]
09-08 04:55:23.161 1151 2155 I netstats_wifi_sample: [0,0,0,0,0,0,0,0,0,0,0,0,1662584123161]
09-08 04:55:23.166 693 752 E NetlinkEvent: NetlinkEvent::FindParam(): Parameter 'INTERFACE' not found
09-08 04:55:23.166 693 752 E NetlinkEvent: NetlinkEvent::FindParam(): Parameter 'STATE' not found
09-08 04:55:23.166 693 752 E NetlinkEvent: NetlinkEvent::FindParam(): Parameter 'TIME_NS' not found
09-08 04:55:23.166 693 752 E NetlinkEvent: NetlinkEvent::FindParam(): Parameter 'UID' not found
09-08 04:55:23.178 1151 2155 I netstats_mobile_sample: [0,0,0,0,0,0,0,0,0,0,0,0,1662584123178]
09-08 04:55:23.178 1151 2155 I netstats_wifi_sample: [0,0,40,1,0,0,40,1,0,0,0,0,1662584123178]
09-08 04:55:23.183 1151 2155 W ContextImpl: Calling a method in the system process without a qualified user: android.app.ContextImpl.sendStickyBroadcast:1559 com.android.server.ConnectivityService.sendStickyBroadcast:2811 com.android.server.ConnectivityService.sendGeneralBroadcast:2786 com.android.server.ConnectivityService.sendConnectedBroadcast:2759 com.android.server.ConnectivityService.sendLegacyNetworkBroadcast:8704
09-08 04:55:23.190 1151 2155 W ContextImpl: Calling a method in the system process without a qualified user: android.app.ContextImpl.sendStickyBroadcast:1559 com.android.server.ConnectivityService.sendStickyBroadcast:2811 com.android.server.ConnectivityService.sendGeneralBroadcast:2786 com.android.server.ConnectivityService.sendInetConditionBroadcast:2763 com.android.server.ConnectivityService.updateInetCondition:8451
09-08 04:55:23.216 2701 3231 W ContextImpl: Calling a method in the system process without a qualified user: android.app.ContextImpl.startService:1816 android.content.ContextWrapper.startService:774 com.qualcomm.qti.qdma.util.PeriodicCI.run:477 com.qualcomm.qti.qdma.util.PeriodicCI.checkRun:435 com.qualcomm.qti.qdma.util.PeriodicCI$1.onAvailable:131
09-08 04:55:23.306 2701 4579 W ContextImpl: Calling a method in the system process without a qualified user: android.app.ContextImpl.sendBroadcast:1188 android.content.ContextWrapper.sendBroadcast:484 com.qualcomm.qti.qdma.app.ActiveCareService$ProcessSessionRequest.run:536 java.lang.Thread.run:920
09-08 04:55:23.564 2701 4585 W ContextImpl: Calling a method in the system process without a qualified user: android.app.ContextImpl.stopService:1828 android.content.ContextWrapper.stopService:784 com.qualcomm.qti.qdma.app.ApplicationManager$1.run:2494 java.util.TimerThread.mainLoop:562 java.util.TimerThread.run:512
09-08 04:55:25.836 4590 4590 F linker : CANNOT LINK EXECUTABLE "/vendor/bin/hw/qvrservice": library "vendor.qti.hardware.qxr-V1-ndk_platform.so" not found: needed by /vendor/lib64/libqvrservice.so in namespace (default)
09-08 04:55:25.871 4591 4591 F linker : CANNOT LINK EXECUTABLE "/vendor/bin/hw/sxrservice": library "vendor.qti.hardware.qxr-V1-ndk_platform.so" not found: needed by main executable
09-08 04:55:28.250 1151 2378 I ntp_failure: [time.android.com/10.0.0.1,java.net.SocketTimeoutException: Poll timed out]
09-08 04:55:30.911 4595 4595 F linker : CANNOT LINK EXECUTABLE "/vendor/bin/hw/qvrservice": library "vendor.qti.hardware.qxr-V1-ndk_platform.so" not found: needed by /vendor/lib64/libqvrservice.so in namespace (default)
09-08 04:55:30.912 4596 4596 F linker : CANNOT LINK EXECUTABLE "/vendor/bin/hw/sxrservice": library "vendor.qti.hardware.qxr-V1-ndk_platform.so" not found: needed by main executable
09-08 04:55:34.237 1151 1877 I input_interaction: Interaction with: bb5938d com.android.settings/com.android.settings.SubSettings (server), edge-swipe (server), swipe-up (server), PointerEventDispatcher0 (server),
09-08 04:55:34.274 2829 2829 I view_enqueue_input_event: [Motion - Cancel,com.android.settings/com.android.settings.SubSettings]
09-08 04:55:34.286 1151 1877 I input_interaction: Interaction with: edge-swipe (server), swipe-up (server), PointerEventDispatcher0 (server),
09-08 04:55:34.436 1151 3534 I sysui_multi_action: [757,803,799,key_back_press,802,1]
09-08 04:55:34.438 1151 1688 D AutofillManagerService: onBackKeyPressed()
09-08 04:55:34.440 1151 1877 I input_interaction: Interaction with: bb5938d com.android.settings/com.android.settings.SubSettings (server), PointerEventDispatcher0 (server),
09-08 04:55:34.448 1151 3534 I wm_finish_activity: [0,100405861,11,com.android.settings/.SubSettings,app-request]
09-08 04:55:34.460 1151 3534 I wm_pause_activity: [0,100405861,com.android.settings/.SubSettings,userLeaving=false,finish]
09-08 04:55:34.466 2829 2829 I wm_on_top_resumed_lost_called: [100405861,com.android.settings.SubSettings,topStateChangedWhenResumed]
09-08 04:55:34.472 2829 2829 I sysui_multi_action: [757,103,758,2,1089,16017]
09-08 04:55:34.474 2829 2829 I wm_on_paused_called: [100405861,com.android.settings.SubSettings,performPause]
09-08 04:55:34.475 1151 3700 I wm_add_to_stopping: [0,100405861,com.android.settings/.SubSettings,completeFinishing]
09-08 04:55:34.478 1151 3700 I wm_set_resumed_activity: [0,com.android.settings/.SubSettings,resumeTopActivityInnerLocked]
09-08 04:55:34.481 1151 3700 I wm_resume_activity: [0,207802789,11,com.android.settings/.SubSettings]
09-08 04:55:34.487 2829 2829 I wm_on_restart_called: [207802789,com.android.settings.SubSettings,performRestartActivity]
09-08 04:55:34.488 1151 1690 I sysui_multi_action: [757,803,799,window_time_0,802,17]
09-08 04:55:34.499 1151 1877 I input_focus: [Focus leaving bb5938d com.android.settings/com.android.settings.SubSettings (server),reason=NO_WINDOW]
09-08 04:55:34.510 2829 2829 I wm_on_start_called: [207802789,com.android.settings.SubSettings,handleStartActivity]
09-08 04:55:34.511 2829 2829 I snet_event_log: [120484087,-1,]
09-08 04:55:34.512 2829 2829 I wm_on_resume_called: [207802789,com.android.settings.SubSettings,RESUME_ACTIVITY]
09-08 04:55:34.568 2829 2829 I sysui_multi_action: [757,746,758,1,833,35,1089,0]
09-08 04:55:34.569 1151 3534 D TelephonyRegistry: listen oscl: mHasNotifySubscriptionInfoChangedOccurred==false no callback
09-08 04:55:34.573 1151 2800 D TelephonyRegistry: listen oscl: mHasNotifySubscriptionInfoChangedOccurred==false no callback
09-08 04:55:34.586 2829 2829 I wm_on_top_resumed_gained_called: [207802789,com.android.settings.SubSettings,topWhenResuming]
09-08 04:55:34.599 1151 1691 I input_focus: [Focus request 276e489 com.android.settings/com.android.settings.SubSettings,reason=UpdateInputWindows]
09-08 04:55:34.631 1151 1877 I input_focus: [Focus entering 276e489 com.android.settings/com.android.settings.SubSettings (server),reason=Window became focusable. Previous reason: NOT_VISIBLE]
09-08 04:55:35.020 1151 1690 I wm_destroy_activity: [0,100405861,11,com.android.settings/.SubSettings,finish-imm:idle]
09-08 04:55:35.040 2829 2829 I wm_on_stop_called: [100405861,com.android.settings.SubSettings,LIFECYCLER_STOP_ACTIVITY]
09-08 04:55:35.042 2829 2829 I wm_on_destroy_called: [100405861,com.android.settings.SubSettings,performDestroy]
09-08 04:55:35.179 1151 1877 I input_interaction: Interaction with: 276e489 com.android.settings/com.android.settings.SubSettings (server), edge-swipe (server), swipe-up (server), PointerEventDispatcher0 (server),
09-08 04:55:35.222 2829 2829 I view_enqueue_input_event: [Motion - Cancel,com.android.settings/com.android.settings.SubSettings]
09-08 04:55:35.232 1151 1877 I input_interaction: Interaction with: edge-swipe (server), swipe-up (server), PointerEventDispatcher0 (server),
09-08 04:55:35.400 1151 2800 I sysui_multi_action: [757,803,799,key_back_press,802,1]
09-08 04:55:35.410 1151 1688 D AutofillManagerService: onBackKeyPressed()
09-08 04:55:35.411 1151 1877 I input_interaction: Interaction with: 276e489 com.android.settings/com.android.settings.SubSettings (server), PointerEventDispatcher0 (server),
09-08 04:55:35.417 1151 2800 I wm_finish_activity: [0,207802789,11,com.android.settings/.SubSettings,app-request]
09-08 04:55:35.428 1151 2800 I wm_pause_activity: [0,207802789,com.android.settings/.SubSettings,userLeaving=false,finish]
09-08 04:55:35.433 2829 2829 I wm_on_top_resumed_lost_called: [207802789,com.android.settings.SubSettings,topStateChangedWhenResumed]
09-08 04:55:35.445 2829 2829 I sysui_multi_action: [757,746,758,2,1089,876]
09-08 04:55:35.453 2829 2829 I wm_on_paused_called: [207802789,com.android.settings.SubSettings,performPause]
09-08 04:55:35.453 1151 3701 I wm_add_to_stopping: [0,207802789,com.android.settings/.SubSettings,completeFinishing]
09-08 04:55:35.455 1151 3701 I wm_set_resumed_activity: [0,com.android.settings/.Settings,resumeTopActivityInnerLocked]
09-08 04:55:35.456 1151 3701 I wm_resume_activity: [0,199618255,11,com.android.settings/.Settings]
09-08 04:55:35.459 1151 1690 I sysui_multi_action: [757,803,799,window_time_0,802,0]
09-08 04:55:35.460 2829 2829 I wm_on_restart_called: [199618255,com.android.settings.Settings,performRestartActivity]
09-08 04:55:35.463 2829 2829 I wm_on_start_called: [199618255,com.android.settings.Settings,handleStartActivity]
09-08 04:55:35.464 2829 2829 I snet_event_log: [120484087,-1,]
09-08 04:55:35.464 2829 2829 I wm_on_resume_called: [199618255,com.android.settings.Settings,RESUME_ACTIVITY]
09-08 04:55:35.465 2829 2829 I sysui_multi_action: [757,35,758,1,833,0,1089,0]
09-08 04:55:35.468 2829 2829 I wm_on_top_resumed_gained_called: [199618255,com.android.settings.Settings,topWhenResuming]
09-08 04:55:35.474 1151 1691 I input_focus: [Focus request a01f8a8 com.android.settings/com.android.settings.Settings,reason=UpdateInputWindows]
09-08 04:55:35.475 1151 1877 I input_focus: [Focus leaving 276e489 com.android.settings/com.android.settings.SubSettings (server),reason=NO_WINDOW]
09-08 04:55:35.504 1151 1877 I input_focus: [Focus entering a01f8a8 com.android.settings/com.android.settings.Settings (server),reason=setFocusedWindow]
09-08 04:55:35.908 1151 1690 I wm_destroy_activity: [0,207802789,11,com.android.settings/.SubSettings,finish-imm:idle]
09-08 04:55:35.920 2829 2829 I wm_on_stop_called: [207802789,com.android.settings.SubSettings,LIFECYCLER_STOP_ACTIVITY]
09-08 04:55:35.927 2829 2829 I wm_on_destroy_called: [207802789,com.android.settings.SubSettings,performDestroy]
09-08 04:55:35.959 4611 4611 F linker : CANNOT LINK EXECUTABLE "/vendor/bin/hw/qvrservice": library "vendor.qti.hardware.qxr-V1-ndk_platform.so" not found: needed by /vendor/lib64/libqvrservice.so in namespace (default)
09-08 04:55:35.973 4612 4612 F linker : CANNOT LINK EXECUTABLE "/vendor/bin/hw/sxrservice": library "vendor.qti.hardware.qxr-V1-ndk_platform.so" not found: needed by main executable
09-08 04:55:36.043 1151 1877 I input_interaction: Interaction with: a01f8a8 com.android.settings/com.android.settings.Settings (server), edge-swipe (server), swipe-up (server), PointerEventDispatcher0 (server),
09-08 04:55:36.080 2829 2829 I view_enqueue_input_event: [Motion - Cancel,com.android.settings/com.android.settings.Settings]
09-08 04:55:36.081 1151 1877 I input_interaction: Interaction with: edge-swipe (server), swipe-up (server), PointerEventDispatcher0 (server),
09-08 04:55:36.249 1151 3694 I sysui_multi_action: [757,803,799,key_back_press,802,1]
09-08 04:55:36.253 1151 1688 D AutofillManagerService: onBackKeyPressed()
09-08 04:55:36.269 1151 1877 I input_interaction: Interaction with: a01f8a8 com.android.settings/com.android.settings.Settings (server), PointerEventDispatcher0 (server),
09-08 04:55:36.277 1151 3701 I wm_finish_activity: [0,199618255,11,com.android.settings/.Settings,app-request]
09-08 04:55:36.277 1151 3701 I wm_task_moved: [1,1,6]
09-08 04:55:36.278 1151 3701 I wm_task_moved: [10,1,2147483647]
09-08 04:55:36.278 1151 3701 I wm_task_to_front: [0,10]
09-08 04:55:36.278 1151 3701 I wm_focused_root_task: [0,0,1,11,finish-top adjustFocusToNextFocusableTask]
09-08 04:55:36.279 1151 3701 I wm_set_resumed_activity: [0,com.android.launcher3/.uioverrides.QuickstepLauncher,finish-top adjustFocusToNextFocusableTask]
09-08 04:55:36.289 1151 3701 I wm_pause_activity: [0,199618255,com.android.settings/.Settings,userLeaving=false,finish]
