09-08 04:56:18.175 1151 1687 I ActivityTaskManager: START u0 {flg=0x10000000 cmp=com.android.systemui/.wifi.WifiDebuggingActivity (has extras)} from uid 1000
09-08 04:56:18.184 1151 1687 I wm_task_created: [13,-1]
09-08 04:56:18.184 1151 1687 W ActivityTaskManager: Can't find TaskDisplayArea to determine support for multi window. Task id=13 attached=false
09-08 04:56:18.188 1151 1687 D CompatibilityChangeReporter: Compat change id reported: 174042980; UID 10087; state: DISABLED
09-08 04:56:18.189 1151 1687 D CompatibilityChangeReporter: Compat change id reported: 184838306; UID 10087; state: DISABLED
09-08 04:56:18.190 1151 1687 D CompatibilityChangeReporter: Compat change id reported: 185004937; UID 10087; state: DISABLED
09-08 04:56:18.191 1151 1687 D CompatibilityChangeReporter: Compat change id reported: 181136395; UID 10087; state: DISABLED
09-08 04:56:18.193 1151 1687 I service_manager_stats: [100,162,23242]
09-08 04:56:18.193 1151 1687 D CompatibilityChangeReporter: Compat change id reported: 174042936; UID 10087; state: DISABLED
09-08 04:56:18.194 1151 1687 I wm_task_moved: [13,1,7]
09-08 04:56:18.194 1151 1687 I wm_task_to_front: [0,13]
09-08 04:56:18.194 1151 1687 I wm_create_task: [0,13]
09-08 04:56:18.194 1151 1687 I wm_create_activity: [0,249641207,13,com.android.systemui/.wifi.WifiDebuggingActivity,NULL,NULL,NULL,276824064]
09-08 04:56:18.194 1151 1687 I wm_task_moved: [13,1,7]
09-08 04:56:18.196 1151 1687 I wm_pause_activity: [0,177789610,com.android.settings/.SubSettings,userLeaving=true,pauseBackTasks]
09-08 04:56:18.202 2829 2829 I wm_on_top_resumed_lost_called: [177789610,com.android.settings.SubSettings,topStateChangedWhenResumed]
09-08 04:56:18.206 2829 2829 I sysui_multi_action: [757,39,758,2,1089,5602]
09-08 04:56:18.208 2829 2829 I wm_on_paused_called: [177789610,com.android.settings.SubSettings,performPause]
09-08 04:56:18.210 1151 3694 I ActivityTaskManager: The Process com.android.systemui Already Exists in BG. So sending its PID: 2227
09-08 04:56:18.213 1151 3694 I wm_restart_activity: [0,249641207,13,com.android.systemui/.wifi.WifiDebuggingActivity]
09-08 04:56:18.216 1151 3694 I wm_set_resumed_activity: [0,com.android.systemui/.wifi.WifiDebuggingActivity,minimalResumeActivityLocked]
09-08 04:56:18.227 1151 1690 I sysui_multi_action: [757,803,799,window_time_0,802,6]
09-08 04:56:18.255 2227 2227 I wm_on_create_called: [249641207,com.android.systemui.wifi.WifiDebuggingActivity,performCreate]
09-08 04:56:18.258 2227 2227 I wm_on_start_called: [249641207,com.android.systemui.wifi.WifiDebuggingActivity,handleStartActivity]
09-08 04:56:18.258 1151 1687 D AutofillManagerService: Close system dialogs
09-08 04:56:18.259 2227 2227 I wm_on_resume_called: [249641207,com.android.systemui.wifi.WifiDebuggingActivity,RESUME_ACTIVITY]
09-08 04:56:18.263 2227 2227 I wm_on_top_resumed_gained_called: [249641207,com.android.systemui.wifi.WifiDebuggingActivity,topStateChangedWhenResumed]
09-08 04:56:18.276 1151 1691 I input_focus: [Focus request f004fef com.android.systemui/com.android.systemui.wifi.WifiDebuggingActivity,reason=UpdateInputWindows]
09-08 04:56:18.301 1151 1687 I sysui_multi_action: [319,116,322,115,325,235,757,761,758,8,759,2,806,com.android.systemui,871,com.android.systemui.wifi.WifiDebuggingActivity,904,android,905,0,1320,4,1321,1]
09-08 04:56:18.303 1151 1877 I input_focus: [Focus leaving a6b7d9d com.android.settings/com.android.settings.SubSettings (server),reason=Waiting for window because NOT_VISIBLE]
09-08 04:56:18.312 1151 1687 I wm_activity_launch_time: [0,249641207,com.android.systemui/.wifi.WifiDebuggingActivity,115]
09-08 04:56:18.321 1151 1877 I input_focus: [Focus entering f004fef com.android.systemui/com.android.systemui.wifi.WifiDebuggingActivity (server),reason=Window became focusable. Previous reason: NOT_VISIBLE]
09-08 04:56:18.327 1151 1706 I am_pss : [4690,2000,com.android.shell,6083584,4341760,0,93245440,0,19,10]
09-08 04:56:18.372 1151 1861 I commit_sys_config_file: [settings-0-0,16]
09-08 04:56:18.546 1151 1754 I commit_sys_config_file: [package-user-0,12]
09-08 04:56:19.752 1151 1877 I input_interaction: Interaction with: f004fef com.android.systemui/com.android.systemui.wifi.WifiDebuggingActivity (server), edge-swipe (server), swipe-up (server), PointerEventDispatcher0 (server),
09-08 04:56:21.386 1151 3696 I wm_finish_activity: [0,249641207,13,com.android.systemui/.wifi.WifiDebuggingActivity,app-request]
09-08 04:56:21.387 1151 3696 I wm_task_moved: [12,1,7]
09-08 04:56:21.387 1151 3696 I wm_task_to_front: [0,12]
09-08 04:56:21.392 1151 3696 I wm_focused_root_task: [0,0,12,13,finish-top adjustFocusToNextFocusableTask]
09-08 04:56:21.416 1151 3696 I wm_pause_activity: [0,249641207,com.android.systemui/.wifi.WifiDebuggingActivity,userLeaving=false,finish]
09-08 04:56:21.420 1151 1690 I dvm_lock_sample: [system_server,1,android.display,33,RootWindowContainer.java,3809,void com.android.server.wm.RootWindowContainer$RankTaskLayersRunnable.run(),TaskChangeNotificationController.java,342,void com.android.server.wm.TaskChangeNotificationController.forAllLocalListeners(com.android.server.wm.TaskChangeNotificationController$TaskStackConsumer, android.os.Message),6]
09-08 04:56:21.421 1151 1691 I input_focus: [Focus request a6b7d9d com.android.settings/com.android.settings.SubSettings,reason=UpdateInputWindows]
09-08 04:56:21.422 2227 2227 I wm_on_top_resumed_lost_called: [249641207,com.android.systemui.wifi.WifiDebuggingActivity,topStateChangedWhenResumed]
09-08 04:56:21.424 2227 2227 I wm_on_paused_called: [249641207,com.android.systemui.wifi.WifiDebuggingActivity,performPause]
09-08 04:56:21.426 1151 3694 I wm_set_resumed_activity: [0,com.android.settings/.SubSettings,resumeTopActivityInnerLocked]
09-08 04:56:21.432 1151 3694 I wm_resume_activity: [0,177789610,12,com.android.settings/.SubSettings]
09-08 04:56:21.439 2829 2829 I wm_on_resume_called: [177789610,com.android.settings.SubSettings,RESUME_ACTIVITY]
09-08 04:56:21.445 1151 1877 I input_focus: [Focus leaving f004fef com.android.systemui/com.android.systemui.wifi.WifiDebuggingActivity (server),reason=NO_WINDOW]
09-08 04:56:21.445 1151 1690 I sysui_multi_action: [757,803,799,window_time_0,802,3]
09-08 04:56:21.446 1151 1877 I input_focus: [Focus entering a6b7d9d com.android.settings/com.android.settings.SubSettings (server),reason=setFocusedWindow]
09-08 04:56:21.446 2829 2829 I sysui_multi_action: [757,39,758,1,833,744,1089,0]
09-08 04:56:21.449 1151 3696 D TelephonyRegistry: listen oscl: mHasNotifySubscriptionInfoChangedOccurred==false no callback
09-08 04:56:21.462 1151 3696 D TelephonyRegistry: listen oscl: mHasNotifySubscriptionInfoChangedOccurred==false no callback
09-08 04:56:21.467 4829 4829 F linker : CANNOT LINK EXECUTABLE "/vendor/bin/hw/qvrservice": library "vendor.qti.hardware.qxr-V1-ndk_platform.so" not found: needed by /vendor/lib64/libqvrservice.so in namespace (default)
09-08 04:56:21.497 4830 4830 F linker : CANNOT LINK EXECUTABLE "/vendor/bin/hw/sxrservice": library "vendor.qti.hardware.qxr-V1-ndk_platform.so" not found: needed by main executable
09-08 04:56:21.519 2829 2829 I wm_on_top_resumed_gained_called: [177789610,com.android.settings.SubSettings,topWhenResuming]
09-08 04:56:21.511 2829 2829 I auditd : type=1400 audit(0.0:167): avc: denied { read } for comm="pool-2-thread-6" name="pagetypeinfo" dev="proc" ino=4026531857 scontext=u:r:system_app:s0 tcontext=u:object_r:proc_pagetypeinfo:s0 tclass=file permissive=0
09-08 04:56:21.527 2829 2829 I auditd : type=1400 audit(0.0:168): avc: denied { search } for comm="pool-2-thread-6" name="zram0" dev="sysfs" ino=66477 scontext=u:r:system_app:s0 tcontext=u:object_r:sysfs_zram:s0 tclass=dir permissive=0
09-08 04:56:21.527 2829 2829 I auditd : type=1400 audit(0.0:169): avc: denied { search } for comm="pool-2-thread-6" name="zram0" dev="sysfs" ino=66477 scontext=u:r:system_app:s0 tcontext=u:object_r:sysfs_zram:s0 tclass=dir permissive=0
09-08 04:56:21.601 1151 1861 I commit_sys_config_file: [settings-0-0,22]
09-08 04:56:21.694 1151 1690 I wm_destroy_activity: [0,249641207,13,com.android.systemui/.wifi.WifiDebuggingActivity,finish-transit]
09-08 04:56:21.736 2227 2227 I wm_on_stop_called: [249641207,com.android.systemui.wifi.WifiDebuggingActivity,LIFECYCLER_STOP_ACTIVITY]
09-08 04:56:21.737 2227 2227 I wm_on_destroy_called: [249641207,com.android.systemui.wifi.WifiDebuggingActivity,performDestroy]
09-08 04:56:21.746 1151 3697 I wm_task_removed: [13,removeChild:removeChild last r=ActivityRecord{ee138f7 u0 com.android.systemui/.wifi.WifiDebuggingActivity t-1 f}} in t=Task{2fb1501 #13 type=standard A=10087:com.android.systemui U=0 visible=false mode=fullscreen translucent=true sz=0}]
09-08 04:56:21.746 1151 3697 I wm_task_removed: [13,removeChild]
09-08 04:56:21.751 1151 1691 W ActivityTaskManager: Can't find TaskDisplayArea to determine support for multi window. Task id=13 attached=false
09-08 04:56:21.751 1151 1691 W ActivityTaskManager: Can't find TaskDisplayArea to determine support for multi window. Task id=13 attached=false
09-08 04:56:23.666 1151 3697 W OverlayManager: service 'idmap' died
09-08 04:56:24.321 3418 4771 I dvm_lock_sample: [com.android.documentsui,0,pool-42-thread-3,20071,ProvidersCache.java,643,void com.android.documentsui.roots.ProvidersCache$MultiProviderUpdateTask.handleDocumentsProvider(android.content.pm.ProviderInfo, com.android.documentsui.base.UserId),-,646,void com.android.documentsui.roots.ProvidersCache$MultiProviderUpdateTask.handleDocumentsProvider(android.content.pm.ProviderInfo, com.android.documentsui.base.UserId),100]
09-08 04:56:24.323 3418 4772 I dvm_lock_sample: [com.android.documentsui,0,pool-42-thread-4,20074,ProvidersCache.java,643,void com.android.documentsui.roots.ProvidersCache$MultiProviderUpdateTask.handleDocumentsProvider(android.content.pm.ProviderInfo, com.android.documentsui.base.UserId),-,646,void com.android.documentsui.roots.ProvidersCache$MultiProviderUpdateTask.handleDocumentsProvider(android.content.pm.ProviderInfo, com.android.documentsui.base.UserId),100]
09-08 04:56:24.325 3418 4774 I dvm_lock_sample: [com.android.documentsui,0,pool-42-thread-6,20077,ProvidersCache.java,643,void com.android.documentsui.roots.ProvidersCache$MultiProviderUpdateTask.handleDocumentsProvider(android.content.pm.ProviderInfo, com.android.documentsui.base.UserId),-,646,void com.android.documentsui.roots.ProvidersCache$MultiProviderUpdateTask.handleDocumentsProvider(android.content.pm.ProviderInfo, com.android.documentsui.base.UserId),100]
09-08 04:56:24.327 3418 4773 I dvm_lock_sample: [com.android.documentsui,0,pool-42-thread-5,20076,ProvidersCache.java,643,void com.android.documentsui.roots.ProvidersCache$MultiProviderUpdateTask.handleDocumentsProvider(android.content.pm.ProviderInfo, com.android.documentsui.base.UserId),-,646,void com.android.documentsui.roots.ProvidersCache$MultiProviderUpdateTask.handleDocumentsProvider(android.content.pm.ProviderInfo, com.android.documentsui.base.UserId),100]
09-08 04:56:24.330 3418 4770 I dvm_lock_sample: [com.android.documentsui,0,pool-42-thread-2,20077,ProvidersCache.java,643,void com.android.documentsui.roots.ProvidersCache$MultiProviderUpdateTask.handleDocumentsProvider(android.content.pm.ProviderInfo, com.android.documentsui.base.UserId),-,646,void com.android.documentsui.roots.ProvidersCache$MultiProviderUpdateTask.handleDocumentsProvider(android.content.pm.ProviderInfo, com.android.documentsui.base.UserId),100]
09-08 04:56:24.332 3418 4769 I dvm_lock_sample: [com.android.documentsui,0,pool-42-thread-1,20068,ProvidersCache.java,643,void com.android.documentsui.roots.ProvidersCache$MultiProviderUpdateTask.handleDocumentsProvider(android.content.pm.ProviderInfo, com.android.documentsui.base.UserId),-,646,void com.android.documentsui.roots.ProvidersCache$MultiProviderUpdateTask.handleDocumentsProvider(android.content.pm.ProviderInfo, com.android.documentsui.base.UserId),100]
09-08 04:56:24.334 3418 4225 I dvm_lock_sample: [com.android.documentsui,0,AsyncTask #5,5080,ProvidersCache.java,587,java.lang.Void com.android.documentsui.roots.ProvidersCache$MultiProviderUpdateTask.doInBackground(java.lang.Void[]),-,646,void com.android.documentsui.roots.ProvidersCache$MultiProviderUpdateTask.handleDocumentsProvider(android.content.pm.ProviderInfo, com.android.documentsui.base.UserId),100]
09-08 04:56:24.453 1151 3856 E TaskPersister: File error accessing recents directory (directory doesn't exist?).
09-08 04:56:26.536 4839 4839 F linker : CANNOT LINK EXECUTABLE "/vendor/bin/hw/qvrservice": library "vendor.qti.hardware.qxr-V1-ndk_platform.so" not found: needed by /vendor/lib64/libqvrservice.so in namespace (default)
09-08 04:56:26.552 4840 4840 F linker : CANNOT LINK EXECUTABLE "/vendor/bin/hw/sxrservice": library "vendor.qti.hardware.qxr-V1-ndk_platform.so" not found: needed by main executable
09-08 04:56:31.594 4843 4843 F linker : CANNOT LINK EXECUTABLE "/vendor/bin/hw/qvrservice": library "vendor.qti.hardware.qxr-V1-ndk_platform.so" not found: needed by /vendor/lib64/libqvrservice.so in namespace (default)
09-08 04:56:31.649 4844 4844 F linker : CANNOT LINK EXECUTABLE "/vendor/bin/hw/sxrservice": library "vendor.qti.hardware.qxr-V1-ndk_platform.so" not found: needed by main executable
09-08 04:56:36.656 4850 4850 F linker : CANNOT LINK EXECUTABLE "/vendor/bin/hw/qvrservice": library "vendor.qti.hardware.qxr-V1-ndk_platform.so" not found: needed by /vendor/lib64/libqvrservice.so in namespace (default)
09-08 04:56:36.705 4851 4851 F linker : CANNOT LINK EXECUTABLE "/vendor/bin/hw/sxrservice": library "vendor.qti.hardware.qxr-V1-ndk_platform.so" not found: needed by main executable
09-08 04:56:38.165 1151 2378 I ntp_failure: [time.android.com/10.0.0.1,java.net.SocketTimeoutException: Poll timed out]
09-08 04:56:41.717 4855 4855 F linker : CANNOT LINK EXECUTABLE "/vendor/bin/hw/qvrservice": library "vendor.qti.hardware.qxr-V1-ndk_platform.so" not found: needed by /vendor/lib64/libqvrservice.so in namespace (default)
09-08 04:56:41.768 4856 4856 F linker : CANNOT LINK EXECUTABLE "/vendor/bin/hw/sxrservice": library "vendor.qti.hardware.qxr-V1-ndk_platform.so" not found: needed by main executable
09-08 04:56:46.795 4860 4860 F linker : CANNOT LINK EXECUTABLE "/vendor/bin/hw/sxrservice": library "vendor.qti.hardware.qxr-V1-ndk_platform.so" not found: needed by main executable
09-08 04:56:46.796 4859 4859 F linker : CANNOT LINK EXECUTABLE "/vendor/bin/hw/qvrservice": library "vendor.qti.hardware.qxr-V1-ndk_platform.so" not found: needed by /vendor/lib64/libqvrservice.so in namespace (default)
09-08 04:56:51.837 4864 4864 F linker : CANNOT LINK EXECUTABLE "/vendor/bin/hw/qvrservice": library "vendor.qti.hardware.qxr-V1-ndk_platform.so" not found: needed by /vendor/lib64/libqvrservice.so in namespace (default)
09-08 04:56:51.871 4865 4865 F linker : CANNOT LINK EXECUTABLE "/vendor/bin/hw/sxrservice": library "vendor.qti.hardware.qxr-V1-ndk_platform.so" not found: needed by main executable
09-08 04:56:56.918 4869 4869 F linker : CANNOT LINK EXECUTABLE "/vendor/bin/hw/qvrservice": library "vendor.qti.hardware.qxr-V1-ndk_platform.so" not found: needed by /vendor/lib64/libqvrservice.so in namespace (default)
09-08 04:56:56.918 4870 4870 F linker : CANNOT LINK EXECUTABLE "/vendor/bin/hw/sxrservice": library "vendor.qti.hardware.qxr-V1-ndk_platform.so" not found: needed by main executable
09-08 04:57:01.955 4873 4873 F linker : CANNOT LINK EXECUTABLE "/vendor/bin/hw/qvrservice": library "vendor.qti.hardware.qxr-V1-ndk_platform.so" not found: needed by /vendor/lib64/libqvrservice.so in namespace (default)
09-08 04:57:02.010 4874 4874 F linker : CANNOT LINK EXECUTABLE "/vendor/bin/hw/sxrservice": library "vendor.qti.hardware.qxr-V1-ndk_platform.so" not found: needed by main executable
09-08 04:57:07.031 4879 4879 F linker : CANNOT LINK EXECUTABLE "/vendor/bin/hw/sxrservice": library "vendor.qti.hardware.qxr-V1-ndk_platform.so" not found: needed by main executable
09-08 04:57:07.032 4878 4878 F linker : CANNOT LINK EXECUTABLE "/vendor/bin/hw/qvrservice": library "vendor.qti.hardware.qxr-V1-ndk_platform.so" not found: needed by /vendor/lib64/libqvrservice.so in namespace (default)
09-08 04:57:12.075 4883 4883 F linker : CANNOT LINK EXECUTABLE "/vendor/bin/hw/qvrservice": library "vendor.qti.hardware.qxr-V1-ndk_platform.so" not found: needed by /vendor/lib64/libqvrservice.so in namespace (default)
09-08 04:57:12.110 4884 4884 F linker : CANNOT LINK EXECUTABLE "/vendor/bin/hw/sxrservice": library "vendor.qti.hardware.qxr-V1-ndk_platform.so" not found: needed by main executable
09-08 04:57:14.277 1151 1733 V DisplayPowerController[0]: Brightness [0.05] reason changing to: 'manual [ dim ]', previous reason: 'manual'.
09-08 04:57:14.277 1151 1733 I sysui_multi_action: [757,1696,758,6,759,2]
09-08 04:57:14.282 1151 2202 E DisplayDeviceConfig: requesting nits when no mapping exists.
09-08 04:57:14.282 1151 2202 E DisplayDeviceConfig: requesting nits when no mapping exists.
09-08 04:57:14.282 1151 1707 I am_wtf : [0,1151,system_server,-1,DisplayDeviceConfig,requesting nits when no mapping exists.]
09-08 04:57:14.285 1151 1707 I DropBoxManagerService: add tag=system_server_wtf isTagEnabled=true flags=0x2
09-08 04:57:14.291 1151 1707 I am_wtf : [0,1151,system_server,-1,DisplayDeviceConfig,requesting nits when no mapping exists.]
09-08 04:57:14.292 1151 1707 I DropBoxManagerService: add tag=system_server_wtf isTagEnabled=true flags=0x2
09-08 04:57:14.302 1151 2202 E DisplayDeviceConfig: requesting nits when no mapping exists.
09-08 04:57:14.303 1151 2202 E DisplayDeviceConfig: requesting nits when no mapping exists.
09-08 04:57:14.303 1151 1707 I am_wtf : [0,1151,system_server,-1,DisplayDeviceConfig,requesting nits when no mapping exists.]
09-08 04:57:14.305 1151 1707 I DropBoxManagerService: add tag=system_server_wtf isTagEnabled=true flags=0x2
09-08 04:57:14.307 1151 1707 I am_wtf : [0,1151,system_server,-1,DisplayDeviceConfig,requesting nits when no mapping exists.]
09-08 04:57:14.309 1151 1707 I DropBoxManagerService: add tag=system_server_wtf isTagEnabled=true flags=0x2
09-08 04:57:14.318 1151 2202 E DisplayDeviceConfig: requesting nits when no mapping exists.
09-08 04:57:14.319 1151 2202 E DisplayDeviceConfig: requesting nits when no mapping exists.
09-08 04:57:14.319 1151 1707 I am_wtf : [0,1151,system_server,-1,DisplayDeviceConfig,requesting nits when no mapping exists.]
09-08 04:57:14.320 1151 1707 I DropBoxManagerService: add tag=system_server_wtf isTagEnabled=true flags=0x2
09-08 04:57:14.322 1151 1707 I am_wtf : [0,1151,system_server,-1,DisplayDeviceConfig,requesting nits when no mapping exists.]
09-08 04:57:14.337 1151 2202 E DisplayDeviceConfig: requesting nits when no mapping exists.
09-08 04:57:14.337 1151 2202 E DisplayDeviceConfig: requesting nits when no mapping exists.
09-08 04:57:14.337 1151 1707 I am_wtf : [0,1151,system_server,-1,DisplayDeviceConfig,requesting nits when no mapping exists.]
09-08 04:57:14.339 1151 1707 I am_wtf : [0,1151,system_server,-1,DisplayDeviceConfig,requesting nits when no mapping exists.]
09-08 04:57:14.354 1151 2202 E DisplayDeviceConfig: requesting nits when no mapping exists.
09-08 04:57:14.354 1151 2202 E DisplayDeviceConfig: requesting nits when no mapping exists.
09-08 04:57:14.354 1151 1707 I am_wtf : [0,1151,system_server,-1,DisplayDeviceConfig,requesting nits when no mapping exists.]
09-08 04:57:14.356 1151 1707 I am_wtf : [0,1151,system_server,-1,DisplayDeviceConfig,requesting nits when no mapping exists.]
09-08 04:57:14.370 1151 2202 E DisplayDeviceConfig: requesting nits when no mapping exists.
09-08 04:57:14.370 1151 2202 E DisplayDeviceConfig: requesting nits when no mapping exists.
09-08 04:57:14.370 1151 1707 I am_wtf : [0,1151,system_server,-1,DisplayDeviceConfig,requesting nits when no mapping exists.]
09-08 04:57:14.372 1151 1707 I am_wtf : [0,1151,system_server,-1,DisplayDeviceConfig,requesting nits when no mapping exists.]
09-08 04:57:14.386 1151 2202 E DisplayDeviceConfig: requesting nits when no mapping exists.
09-08 04:57:14.387 1151 1707 I am_wtf : [0,1151,system_server,-1,DisplayDeviceConfig,requesting nits when no mapping exists.]
09-08 04:57:14.388 1151 2202 E DisplayDeviceConfig: requesting nits when no mapping exists.
09-08 04:57:14.389 1151 1707 I am_wtf : [0,1151,system_server,-1,DisplayDeviceConfig,requesting nits when no mapping exists.]
09-08 04:57:14.403 1151 2202 E DisplayDeviceConfig: requesting nits when no mapping exists.
09-08 04:57:14.403 1151 2202 E DisplayDeviceConfig: requesting nits when no mapping exists.
09-08 04:57:14.403 1151 1707 I am_wtf : [0,1151,system_server,-1,DisplayDeviceConfig,requesting nits when no mapping exists.]
09-08 04:57:14.404 1151 1707 I am_wtf : [0,1151,system_server,-1,DisplayDeviceConfig,requesting nits when no mapping exists.]
09-08 04:57:14.420 1151 2202 E DisplayDeviceConfig: requesting nits when no mapping exists.
09-08 04:57:14.420 1151 2202 E DisplayDeviceConfig: requesting nits when no mapping exists.
09-08 04:57:14.421 1151 1707 I am_wtf : [0,1151,system_server,-1,DisplayDeviceConfig,requesting nits when no mapping exists.]
09-08 04:57:14.422 1151 1707 I am_wtf : [0,1151,system_server,-1,DisplayDeviceConfig,requesting nits when no mapping exists.]
09-08 04:57:14.437 1151 2202 E DisplayDeviceConfig: requesting nits when no mapping exists.
09-08 04:57:14.437 1151 1707 I am_wtf : [0,1151,system_server,-1,DisplayDeviceConfig,requesting nits when no mapping exists.]
09-08 04:57:14.438 1151 2202 E DisplayDeviceConfig: requesting nits when no mapping exists.
09-08 04:57:14.438 1151 1707 I am_wtf : [0,1151,system_server,-1,DisplayDeviceConfig,requesting nits when no mapping exists.]
09-08 04:57:14.453 1151 2202 E DisplayDeviceConfig: requesting nits when no mapping exists.
09-08 04:57:14.453 1151 2202 E DisplayDeviceConfig: requesting nits when no mapping exists.
09-08 04:57:14.453 1151 1707 I am_wtf : [0,1151,system_server,-1,DisplayDeviceConfig,requesting nits when no mapping exists.]
09-08 04:57:14.455 1151 1707 I am_wtf : [0,1151,system_server,-1,DisplayDeviceConfig,requesting nits when no mapping exists.]
09-08 04:57:14.470 1151 2202 E DisplayDeviceConfig: requesting nits when no mapping exists.
09-08 04:57:14.470 1151 2202 E DisplayDeviceConfig: requesting nits when no mapping exists.
09-08 04:57:14.470 1151 1707 I am_wtf : [0,1151,system_server,-1,DisplayDeviceConfig,requesting nits when no mapping exists.]
09-08 04:57:14.472 1151 1707 I am_wtf : [0,1151,system_server,-1,DisplayDeviceConfig,requesting nits when no mapping exists.]
09-08 04:57:14.477 1151 1707 I am_uid_idle: 10089
09-08 04:57:14.486 1151 2202 E DisplayDeviceConfig: requesting nits when no mapping exists.
09-08 04:57:14.487 1151 2202 E DisplayDeviceConfig: requesting nits when no mapping exists.
09-08 04:57:14.487 1151 1707 I am_wtf : [0,1151,system_server,-1,DisplayDeviceConfig,requesting nits when no mapping exists.]
09-08 04:57:14.488 1151 1707 I am_wtf : [0,1151,system_server,-1,DisplayDeviceConfig,requesting nits when no mapping exists.]
09-08 04:57:14.503 1151 2202 E DisplayDeviceConfig: requesting nits when no mapping exists.
09-08 04:57:14.503 1151 2202 E DisplayDeviceConfig: requesting nits when no mapping exists.
09-08 04:57:14.504 1151 1707 I am_wtf : [0,1151,system_server,-1,DisplayDeviceConfig,requesting nits when no mapping exists.]
09-08 04:57:14.505 1151 1707 I am_wtf : [0,1151,system_server,-1,DisplayDeviceConfig,requesting nits when no mapping exists.]
09-08 04:57:14.520 1151 2202 E DisplayDeviceConfig: requesting nits when no mapping exists.
09-08 04:57:14.520 1151 2202 E DisplayDeviceConfig: requesting nits when no mapping exists.
09-08 04:57:14.520 1151 1707 I am_wtf : [0,1151,system_server,-1,DisplayDeviceConfig,requesting nits when no mapping exists.]
09-08 04:57:14.522 1151 1707 I am_wtf : [0,1151,system_server,-1,DisplayDeviceConfig,requesting nits when no mapping exists.]
09-08 04:57:14.536 1151 2202 E DisplayDeviceConfig: requesting nits when no mapping exists.
09-08 04:57:14.537 1151 2202 E DisplayDeviceConfig: requesting nits when no mapping exists.
09-08 04:57:14.537 1151 1707 I am_wtf : [0,1151,system_server,-1,DisplayDeviceConfig,requesting nits when no mapping exists.]
09-08 04:57:14.538 1151 1707 I am_wtf : [0,1151,system_server,-1,DisplayDeviceConfig,requesting nits when no mapping exists.]
09-08 04:57:14.553 1151 2202 E DisplayDeviceConfig: requesting nits when no mapping exists.
09-08 04:57:14.554 1151 2202 E DisplayDeviceConfig: requesting nits when no mapping exists.
09-08 04:57:14.554 1151 1707 I am_wtf : [0,1151,system_server,-1,DisplayDeviceConfig,requesting nits when no mapping exists.]
09-08 04:57:14.555 1151 1707 I am_wtf : [0,1151,system_server,-1,DisplayDeviceConfig,requesting nits when no mapping exists.]
09-08 04:57:14.570 1151 2202 E DisplayDeviceConfig: requesting nits when no mapping exists.
09-08 04:57:14.571 1151 2202 E DisplayDeviceConfig: requesting nits when no mapping exists.
09-08 04:57:14.571 1151 1707 I am_wtf : [0,1151,system_server,-1,DisplayDeviceConfig,requesting nits when no mapping exists.]
09-08 04:57:14.573 1151 1707 I am_wtf : [0,1151,system_server,-1,DisplayDeviceConfig,requesting nits when no mapping exists.]
09-08 04:57:14.587 1151 2202 E DisplayDeviceConfig: requesting nits when no mapping exists.
09-08 04:57:14.587 1151 2202 E DisplayDeviceConfig: requesting nits when no mapping exists.
09-08 04:57:14.587 1151 1707 I am_wtf : [0,1151,system_server,-1,DisplayDeviceConfig,requesting nits when no mapping exists.]
09-08 04:57:14.589 1151 1707 I am_wtf : [0,1151,system_server,-1,DisplayDeviceConfig,requesting nits when no mapping exists.]
09-08 04:57:14.603 1151 2202 E DisplayDeviceConfig: requesting nits when no mapping exists.
09-08 04:57:14.604 1151 2202 E DisplayDeviceConfig: requesting nits when no mapping exists.
09-08 04:57:14.604 1151 1707 I am_wtf : [0,1151,system_server,-1,DisplayDeviceConfig,requesting nits when no mapping exists.]
09-08 04:57:14.606 1151 1707 I am_wtf : [0,1151,system_server,-1,DisplayDeviceConfig,requesting nits when no mapping exists.]
09-08 04:57:14.620 1151 2202 E DisplayDeviceConfig: requesting nits when no mapping exists.
09-08 04:57:14.620 1151 2202 E DisplayDeviceConfig: requesting nits when no mapping exists.
09-08 04:57:14.620 1151 1707 I am_wtf : [0,1151,system_server,-1,DisplayDeviceConfig,requesting nits when no mapping exists.]
09-08 04:57:14.622 1151 1707 I am_wtf : [0,1151,system_server,-1,DisplayDeviceConfig,requesting nits when no mapping exists.]
09-08 04:57:14.637 1151 2202 E DisplayDeviceConfig: requesting nits when no mapping exists.
09-08 04:57:14.637 1151 2202 E DisplayDeviceConfig: requesting nits when no mapping exists.
09-08 04:57:14.637 1151 1707 I am_wtf : [0,1151,system_server,-1,DisplayDeviceConfig,requesting nits when no mapping exists.]
09-08 04:57:14.638 1151 1707 I am_wtf : [0,1151,system_server,-1,DisplayDeviceConfig,requesting nits when no mapping exists.]
09-08 04:57:14.653 1151 2202 E DisplayDeviceConfig: requesting nits when no mapping exists.
09-08 04:57:14.654 1151 1707 I am_wtf : [0,1151,system_server,-1,DisplayDeviceConfig,requesting nits when no mapping exists.]
09-08 04:57:14.654 1151 2202 E DisplayDeviceConfig: requesting nits when no mapping exists.
09-08 04:57:14.655 1151 1707 I am_wtf : [0,1151,system_server,-1,DisplayDeviceConfig,requesting nits when no mapping exists.]
09-08 04:57:14.683 1151 2202 E DisplayDeviceConfig: requesting nits when no mapping exists.
09-08 04:57:14.683 1151 2202 E DisplayDeviceConfig: requesting nits when no mapping exists.
09-08 04:57:14.683 1151 1707 I am_wtf : [0,1151,system_server,-1,DisplayDeviceConfig,requesting nits when no mapping exists.]
09-08 04:57:14.685 1151 1707 I am_wtf : [0,1151,system_server,-1,DisplayDeviceConfig,requesting nits when no mapping exists.]
09-08 04:57:14.687 1151 2202 E DisplayDeviceConfig: requesting nits when no mapping exists.
09-08 04:57:14.688 1151 2202 E DisplayDeviceConfig: requesting nits when no mapping exists.
09-08 04:57:14.689 1151 1707 I am_wtf : [0,1151,system_server,-1,DisplayDeviceConfig,requesting nits when no mapping exists.]
09-08 04:57:14.690 1151 1707 I am_wtf : [0,1151,system_server,-1,DisplayDeviceConfig,requesting nits when no mapping exists.]
09-08 04:57:14.704 1151 2202 E DisplayDeviceConfig: requesting nits when no mapping exists.
09-08 04:57:14.704 1151 2202 E DisplayDeviceConfig: requesting nits when no mapping exists.
09-08 04:57:14.704 1151 1707 I am_wtf : [0,1151,system_server,-1,DisplayDeviceConfig,requesting nits when no mapping exists.]
09-08 04:57:14.705 1151 1707 I am_wtf : [0,1151,system_server,-1,DisplayDeviceConfig,requesting nits when no mapping exists.]
09-08 04:57:14.720 1151 2202 E DisplayDeviceConfig: requesting nits when no mapping exists.
09-08 04:57:14.721 1151 2202 E DisplayDeviceConfig: requesting nits when no mapping exists.
09-08 04:57:14.721 1151 1707 I am_wtf : [0,1151,system_server,-1,DisplayDeviceConfig,requesting nits when no mapping exists.]
09-08 04:57:14.723 1151 1707 I am_wtf : [0,1151,system_server,-1,DisplayDeviceConfig,requesting nits when no mapping exists.]
09-08 04:57:14.737 1151 2202 E DisplayDeviceConfig: requesting nits when no mapping exists.
09-08 04:57:14.737 1151 2202 E DisplayDeviceConfig: requesting nits when no mapping exists.
09-08 04:57:14.737 1151 1707 I am_wtf : [0,1151,system_server,-1,DisplayDeviceConfig,requesting nits when no mapping exists.]
09-08 04:57:14.738 1151 1707 I am_wtf : [0,1151,system_server,-1,DisplayDeviceConfig,requesting nits when no mapping exists.]
09-08 04:57:14.754 1151 2202 E DisplayDeviceConfig: requesting nits when no mapping exists.
09-08 04:57:14.754 1151 1707 I am_wtf : [0,1151,system_server,-1,DisplayDeviceConfig,requesting nits when no mapping exists.]
09-08 04:57:14.754 1151 2202 E DisplayDeviceConfig: requesting nits when no mapping exists.
09-08 04:57:14.756 1151 1707 I am_wtf : [0,1151,system_server,-1,DisplayDeviceConfig,requesting nits when no mapping exists.]
09-08 04:57:14.771 1151 2202 E DisplayDeviceConfig: requesting nits when no mapping exists.
09-08 04:57:14.771 1151 2202 E DisplayDeviceConfig: requesting nits when no mapping exists.
09-08 04:57:14.772 1151 1707 I am_wtf : [0,1151,system_server,-1,DisplayDeviceConfig,requesting nits when no mapping exists.]
09-08 04:57:14.773 1151 1707 I am_wtf : [0,1151,system_server,-1,DisplayDeviceConfig,requesting nits when no mapping exists.]
09-08 04:57:14.787 1151 2202 E DisplayDeviceConfig: requesting nits when no mapping exists.
09-08 04:57:14.788 1151 2202 E DisplayDeviceConfig: requesting nits when no mapping exists.
09-08 04:57:14.788 1151 1707 I am_wtf : [0,1151,system_server,-1,DisplayDeviceConfig,requesting nits when no mapping exists.]
09-08 04:57:14.789 1151 1707 I am_wtf : [0,1151,system_server,-1,DisplayDeviceConfig,requesting nits when no mapping exists.]
09-08 04:57:14.804 1151 2202 E DisplayDeviceConfig: requesting nits when no mapping exists.
09-08 04:57:14.804 1151 1707 I am_wtf : [0,1151,system_server,-1,DisplayDeviceConfig,requesting nits when no mapping exists.]
09-08 04:57:14.804 1151 2202 E DisplayDeviceConfig: requesting nits when no mapping exists.
09-08 04:57:14.806 1151 1707 I am_wtf : [0,1151,system_server,-1,DisplayDeviceConfig,requesting nits when no mapping exists.]
09-08 04:57:14.821 1151 2202 E DisplayDeviceConfig: requesting nits when no mapping exists.
09-08 04:57:14.821 1151 2202 E DisplayDeviceConfig: requesting nits when no mapping exists.
09-08 04:57:14.821 1151 1707 I am_wtf : [0,1151,system_server,-1,DisplayDeviceConfig,requesting nits when no mapping exists.]
09-08 04:57:14.822 1151 1707 I am_wtf : [0,1151,system_server,-1,DisplayDeviceConfig,requesting nits when no mapping exists.]
09-08 04:57:14.837 1151 2202 E DisplayDeviceConfig: requesting nits when no mapping exists.
09-08 04:57:14.838 1151 2202 E DisplayDeviceConfig: requesting nits when no mapping exists.
09-08 04:57:14.840 1151 1707 I am_wtf : [0,1151,system_server,-1,DisplayDeviceConfig,requesting nits when no mapping exists.]
09-08 04:57:14.841 1151 1707 I am_wtf : [0,1151,system_server,-1,DisplayDeviceConfig,requesting nits when no mapping exists.]
09-08 04:57:14.854 1151 2202 E DisplayDeviceConfig: requesting nits when no mapping exists.
09-08 04:57:14.854 1151 2202 E DisplayDeviceConfig: requesting nits when no mapping exists.
09-08 04:57:14.854 1151 1707 I am_wtf : [0,1151,system_server,-1,DisplayDeviceConfig,requesting nits when no mapping exists.]
09-08 04:57:14.856 1151 1707 I am_wtf : [0,1151,system_server,-1,DisplayDeviceConfig,requesting nits when no mapping exists.]
09-08 04:57:14.871 1151 2202 E DisplayDeviceConfig: requesting nits when no mapping exists.
09-08 04:57:14.871 1151 2202 E DisplayDeviceConfig: requesting nits when no mapping exists.
09-08 04:57:14.871 1151 1707 I am_wtf : [0,1151,system_server,-1,DisplayDeviceConfig,requesting nits when no mapping exists.]
09-08 04:57:14.872 1151 1707 I am_wtf : [0,1151,system_server,-1,DisplayDeviceConfig,requesting nits when no mapping exists.]
09-08 04:57:14.888 1151 2202 E DisplayDeviceConfig: requesting nits when no mapping exists.
09-08 04:57:14.888 1151 2202 E DisplayDeviceConfig: requesting nits when no mapping exists.
09-08 04:57:14.888 1151 1707 I am_wtf : [0,1151,system_server,-1,DisplayDeviceConfig,requesting nits when no mapping exists.]
09-08 04:57:14.890 1151 1707 I am_wtf : [0,1151,system_server,-1,DisplayDeviceConfig,requesting nits when no mapping exists.]
09-08 04:57:14.905 1151 2202 E DisplayDeviceConfig: requesting nits when no mapping exists.
09-08 04:57:14.905 1151 2202 E DisplayDeviceConfig: requesting nits when no mapping exists.
09-08 04:57:14.905 1151 1707 I am_wtf : [0,1151,system_server,-1,DisplayDeviceConfig,requesting nits when no mapping exists.]
09-08 04:57:14.906 1151 1707 I am_wtf : [0,1151,system_server,-1,DisplayDeviceConfig,requesting nits when no mapping exists.]
09-08 04:57:14.921 1151 2202 E DisplayDeviceConfig: requesting nits when no mapping exists.
09-08 04:57:14.921 1151 1707 I am_wtf : [0,1151,system_server,-1,DisplayDeviceConfig,requesting nits when no mapping exists.]
09-08 04:57:14.921 1151 2202 E DisplayDeviceConfig: requesting nits when no mapping exists.
09-08 04:57:14.924 1151 1707 I am_wtf : [0,1151,system_server,-1,DisplayDeviceConfig,requesting nits when no mapping exists.]
09-08 04:57:14.938 1151 2202 E DisplayDeviceConfig: requesting nits when no mapping exists.
09-08 04:57:14.938 1151 2202 E DisplayDeviceConfig: requesting nits when no mapping exists.
09-08 04:57:14.938 1151 1707 I am_wtf : [0,1151,system_server,-1,DisplayDeviceConfig,requesting nits when no mapping exists.]
09-08 04:57:14.941 1151 1707 I am_wtf : [0,1151,system_server,-1,DisplayDeviceConfig,requesting nits when no mapping exists.]
09-08 04:57:14.954 1151 2202 E DisplayDeviceConfig: requesting nits when no mapping exists.
09-08 04:57:14.955 1151 2202 E DisplayDeviceConfig: requesting nits when no mapping exists.
09-08 04:57:14.955 1151 1707 I am_wtf : [0,1151,system_server,-1,DisplayDeviceConfig,requesting nits when no mapping exists.]
09-08 04:57:14.956 1151 1707 I am_wtf : [0,1151,system_server,-1,DisplayDeviceConfig,requesting nits when no mapping exists.]
09-08 04:57:14.971 1151 2202 E DisplayDeviceConfig: requesting nits when no mapping exists.
09-08 04:57:14.972 1151 1707 I am_wtf : [0,1151,system_server,-1,DisplayDeviceConfig,requesting nits when no mapping exists.]
09-08 04:57:14.972 1151 2202 E DisplayDeviceConfig: requesting nits when no mapping exists.
09-08 04:57:14.973 1151 1707 I am_wtf : [0,1151,system_server,-1,DisplayDeviceConfig,requesting nits when no mapping exists.]
09-08 04:57:14.988 1151 2202 E DisplayDeviceConfig: requesting nits when no mapping exists.
09-08 04:57:14.988 1151 2202 E DisplayDeviceConfig: requesting nits when no mapping exists.
09-08 04:57:14.988 1151 1707 I am_wtf : [0,1151,system_server,-1,DisplayDeviceConfig,requesting nits when no mapping exists.]
09-08 04:57:14.989 1151 1707 I am_wtf : [0,1151,system_server,-1,DisplayDeviceConfig,requesting nits when no mapping exists.]
09-08 04:57:15.004 1151 2202 E DisplayDeviceConfig: requesting nits when no mapping exists.
09-08 04:57:15.005 1151 2202 E DisplayDeviceConfig: requesting nits when no mapping exists.
09-08 04:57:15.005 1151 1707 I am_wtf : [0,1151,system_server,-1,DisplayDeviceConfig,requesting nits when no mapping exists.]
09-08 04:57:15.006 1151 1707 I am_wtf : [0,1151,system_server,-1,DisplayDeviceConfig,requesting nits when no mapping exists.]
09-08 04:57:15.021 1151 2202 E DisplayDeviceConfig: requesting nits when no mapping exists.
09-08 04:57:15.022 1151 2202 E DisplayDeviceConfig: requesting nits when no mapping exists.
09-08 04:57:15.022 1151 1707 I am_wtf : [0,1151,system_server,-1,DisplayDeviceConfig,requesting nits when no mapping exists.]
09-08 04:57:15.023 1151 1707 I am_wtf : [0,1151,system_server,-1,DisplayDeviceConfig,requesting nits when no mapping exists.]
09-08 04:57:15.038 1151 2202 E DisplayDeviceConfig: requesting nits when no mapping exists.
09-08 04:57:15.038 1151 2202 E DisplayDeviceConfig: requesting nits when no mapping exists.
09-08 04:57:15.038 1151 1707 I am_wtf : [0,1151,system_server,-1,DisplayDeviceConfig,requesting nits when no mapping exists.]
09-08 04:57:15.040 1151 1707 I am_wtf : [0,1151,system_server,-1,DisplayDeviceConfig,requesting nits when no mapping exists.]
09-08 04:57:15.055 1151 2202 E DisplayDeviceConfig: requesting nits when no mapping exists.
09-08 04:57:15.056 1151 2202 E DisplayDeviceConfig: requesting nits when no mapping exists.
09-08 04:57:15.056 1151 1707 I am_wtf : [0,1151,system_server,-1,DisplayDeviceConfig,requesting nits when no mapping exists.]
09-08 04:57:15.057 1151 1707 I service_manager_stats: [100,88,56865]
09-08 04:57:15.058 1151 1707 I am_wtf : [0,1151,system_server,-1,DisplayDeviceConfig,requesting nits when no mapping exists.]
09-08 04:57:15.074 1151 2202 E DisplayDeviceConfig: requesting nits when no mapping exists.
09-08 04:57:15.074 1151 1707 I am_wtf : [0,1151,system_server,-1,DisplayDeviceConfig,requesting nits when no mapping exists.]
09-08 04:57:15.074 1151 2202 E DisplayDeviceConfig: requesting nits when no mapping exists.
09-08 04:57:15.076 1151 1707 I am_wtf : [0,1151,system_server,-1,DisplayDeviceConfig,requesting nits when no mapping exists.]
09-08 04:57:15.088 1151 2202 E DisplayDeviceConfig: requesting nits when no mapping exists.
09-08 04:57:15.089 1151 2202 E DisplayDeviceConfig: requesting nits when no mapping exists.
09-08 04:57:15.089 1151 1707 I am_wtf : [0,1151,system_server,-1,DisplayDeviceConfig,requesting nits when no mapping exists.]
09-08 04:57:15.090 1151 1707 I am_wtf : [0,1151,system_server,-1,DisplayDeviceConfig,requesting nits when no mapping exists.]
09-08 04:57:15.105 1151 2202 E DisplayDeviceConfig: requesting nits when no mapping exists.
09-08 04:57:15.105 1151 2202 E DisplayDeviceConfig: requesting nits when no mapping exists.
09-08 04:57:15.105 1151 1707 I am_wtf : [0,1151,system_server,-1,DisplayDeviceConfig,requesting nits when no mapping exists.]
09-08 04:57:15.106 1151 1707 I am_wtf : [0,1151,system_server,-1,DisplayDeviceConfig,requesting nits when no mapping exists.]
09-08 04:57:15.122 1151 2202 E DisplayDeviceConfig: requesting nits when no mapping exists.
09-08 04:57:15.122 1151 2202 E DisplayDeviceConfig: requesting nits when no mapping exists.
09-08 04:57:15.122 1151 1707 I am_wtf : [0,1151,system_server,-1,DisplayDeviceConfig,requesting nits when no mapping exists.]
09-08 04:57:15.124 1151 1707 I am_wtf : [0,1151,system_server,-1,DisplayDeviceConfig,requesting nits when no mapping exists.]
09-08 04:57:15.142 1151 2202 E DisplayDeviceConfig: requesting nits when no mapping exists.
09-08 04:57:15.142 1151 2202 E DisplayDeviceConfig: requesting nits when no mapping exists.
09-08 04:57:15.142 1151 1707 I am_wtf : [0,1151,system_server,-1,DisplayDeviceConfig,requesting nits when no mapping exists.]
09-08 04:57:15.144 1151 1707 I am_wtf : [0,1151,system_server,-1,DisplayDeviceConfig,requesting nits when no mapping exists.]
09-08 04:57:15.155 1151 2202 E DisplayDeviceConfig: requesting nits when no mapping exists.
09-08 04:57:15.155 1151 2202 E DisplayDeviceConfig: requesting nits when no mapping exists.
09-08 04:57:15.155 1151 1707 I am_wtf : [0,1151,system_server,-1,DisplayDeviceConfig,requesting nits when no mapping exists.]
09-08 04:57:15.156 1151 1707 I am_wtf : [0,1151,system_server,-1,DisplayDeviceConfig,requesting nits when no mapping exists.]
09-08 04:57:15.172 1151 2202 E DisplayDeviceConfig: requesting nits when no mapping exists.
09-08 04:57:15.173 1151 2202 E DisplayDeviceConfig: requesting nits when no mapping exists.
09-08 04:57:15.173 1151 1707 I am_wtf : [0,1151,system_server,-1,DisplayDeviceConfig,requesting nits when no mapping exists.]
09-08 04:57:15.174 1151 1707 I am_wtf : [0,1151,system_server,-1,DisplayDeviceConfig,requesting nits when no mapping exists.]
09-08 04:57:15.189 1151 2202 E DisplayDeviceConfig: requesting nits when no mapping exists.
09-08 04:57:15.189 1151 2202 E DisplayDeviceConfig: requesting nits when no mapping exists.
09-08 04:57:15.190 1151 1707 I am_wtf : [0,1151,system_server,-1,DisplayDeviceConfig,requesting nits when no mapping exists.]
09-08 04:57:15.191 1151 1707 I am_wtf : [0,1151,system_server,-1,DisplayDeviceConfig,requesting nits when no mapping exists.]
09-08 04:57:15.205 1151 2202 E DisplayDeviceConfig: requesting nits when no mapping exists.
09-08 04:57:15.205 1151 2202 E DisplayDeviceConfig: requesting nits when no mapping exists.
09-08 04:57:15.206 1151 1707 I am_wtf : [0,1151,system_server,-1,DisplayDeviceConfig,requesting nits when no mapping exists.]
09-08 04:57:15.208 1151 1707 I am_wtf : [0,1151,system_server,-1,DisplayDeviceConfig,requesting nits when no mapping exists.]
09-08 04:57:15.222 1151 2202 E DisplayDeviceConfig: requesting nits when no mapping exists.
09-08 04:57:15.223 1151 2202 E DisplayDeviceConfig: requesting nits when no mapping exists.
09-08 04:57:15.224 1151 1707 I am_wtf : [0,1151,system_server,-1,DisplayDeviceConfig,requesting nits when no mapping exists.]
09-08 04:57:15.225 1151 1707 I am_wtf : [0,1151,system_server,-1,DisplayDeviceConfig,requesting nits when no mapping exists.]
09-08 04:57:15.238 1151 2202 E DisplayDeviceConfig: requesting nits when no mapping exists.
09-08 04:57:15.239 1151 2202 E DisplayDeviceConfig: requesting nits when no mapping exists.
09-08 04:57:15.239 1151 1707 I am_wtf : [0,1151,system_server,-1,DisplayDeviceConfig,requesting nits when no mapping exists.]
09-08 04:57:15.240 1151 1707 I am_wtf : [0,1151,system_server,-1,DisplayDeviceConfig,requesting nits when no mapping exists.]
09-08 04:57:17.136 4889 4889 F linker : CANNOT LINK EXECUTABLE "/vendor/bin/hw/qvrservice": library "vendor.qti.hardware.qxr-V1-ndk_platform.so" not found: needed by /vendor/lib64/libqvrservice.so in namespace (default)
09-08 04:57:17.193 4890 4890 F linker : CANNOT LINK EXECUTABLE "/vendor/bin/hw/sxrservice": library "vendor.qti.hardware.qxr-V1-ndk_platform.so" not found: needed by main executable
09-08 04:57:19.591 4892 4892 I auditd : type=1400 audit(0.0:170): avc: denied { ioctl } for comm="ifconfig" path="socket:[103182]" dev="sockfs" ino=103182 ioctlcmd=0x8927 scontext=u:r:shell:s0 tcontext=u:r:shell:s0 tclass=udp_socket permissive=0
09-08 04:57:19.591 4892 4892 I auditd : type=1400 audit(0.0:171): avc: denied { ioctl } for comm="ifconfig" path="socket:[103182]" dev="sockfs" ino=103182 ioctlcmd=0x891d scontext=u:r:shell:s0 tcontext=u:r:shell:s0 tclass=udp_socket permissive=0
09-08 04:57:19.591 4892 4892 I auditd : type=1400 audit(0.0:172): avc: denied { ioctl } for comm="ifconfig" path="socket:[103182]" dev="sockfs" ino=103182 ioctlcmd=0x8970 scontext=u:r:shell:s0 tcontext=u:r:shell:s0 tclass=udp_socket permissive=0
09-08 04:57:19.591 4892 4892 I auditd : type=1400 audit(0.0:173): avc: denied { ioctl } for comm="ifconfig" path="socket:[103182]" dev="sockfs" ino=103182 ioctlcmd=0x8927 scontext=u:r:shell:s0 tcontext=u:r:shell:s0 tclass=udp_socket permissive=0
09-08 04:57:19.591 4892 4892 I auditd : type=1400 audit(0.0:174): avc: denied { ioctl } for comm="ifconfig" path="socket:[103182]" dev="sockfs" ino=103182 ioctlcmd=0x891d scontext=u:r:shell:s0 tcontext=u:r:shell:s0 tclass=udp_socket permissive=0
09-08 04:57:19.591 4892 4892 I auditd : type=1400 audit(0.0:175): avc: denied { ioctl } for comm="ifconfig" path="socket:[103182]" dev="sockfs" ino=103182 ioctlcmd=0x8970 scontext=u:r:shell:s0 tcontext=u:r:shell:s0 tclass=udp_socket permissive=0
09-08 04:57:19.591 4892 4892 I auditd : type=1400 audit(0.0:176): avc: denied { ioctl } for comm="ifconfig" path="socket:[103182]" dev="sockfs" ino=103182 ioctlcmd=0x8927 scontext=u:r:shell:s0 tcontext=u:r:shell:s0 tclass=udp_socket permissive=0
09-08 04:57:21.268 1151 1733 I PowerManagerService: Napping display group (groupId=0, uid=1000)...
09-08 04:57:21.268 1151 1733 I PowerManagerService: Nap time (uid 1000)...
09-08 04:57:21.273 1151 1733 I DreamManagerService: Entering dreamland.
09-08 04:57:21.277 1151 1733 I PowerManagerService: Dreaming...
09-08 04:57:21.283 1151 1687 I DreamController: Starting dream: name=ComponentInfo{com.android.deskclock/com.android.deskclock.Screensaver}, isTest=false, canDoze=false, userId=0
09-08 04:57:21.283 1151 1687 I sysui_multi_action: [757,222,758,1]
09-08 04:57:21.288 1151 1687 I am_uid_active: 10071
09-08 04:57:21.300 1151 1687 D AutofillManagerService: Close system dialogs
09-08 04:57:21.314 1151 1706 I am_pss : [4690,2000,com.android.shell,6081536,4341760,0,93245440,0,19,12]
09-08 04:57:21.330 1151 3701 I ActivityTaskManager: START u0 {flg=0x10000000 pkg=com.android.deskclock cmp=com.android.deskclock/android.service.dreams.DreamActivity (has extras)} from uid 10071
09-08 04:57:21.337 1151 3701 D CompatibilityChangeReporter: Compat change id reported: 184838306; UID 10071; state: DISABLED
09-08 04:57:21.338 1151 3701 D CompatibilityChangeReporter: Compat change id reported: 185004937; UID 10071; state: DISABLED
09-08 04:57:21.342 1151 3701 D CompatibilityChangeReporter: Compat change id reported: 181136395; UID 10071; state: DISABLED
09-08 04:57:21.343 1151 3701 D CompatibilityChangeReporter: Compat change id reported: 174042936; UID 10071; state: DISABLED
09-08 04:57:21.344 1151 3701 D CompatibilityChangeReporter: Compat change id reported: 174042980; UID 10071; state: DISABLED
09-08 04:57:21.345 1151 3701 I wm_task_created: [14,-1]
09-08 04:57:21.345 1151 3701 W ActivityTaskManager: Can't find TaskDisplayArea to determine support for multi window. Task id=14 attached=false
09-08 04:57:21.355 1151 3701 I wm_task_moved: [14,1,7]
09-08 04:57:21.355 1151 3701 I wm_task_to_front: [0,14]
09-08 04:57:21.356 1151 3701 I wm_create_task: [0,14]
09-08 04:57:21.356 1151 3701 I wm_create_activity: [0,202616296,14,com.android.deskclock/android.service.dreams.DreamActivity,NULL,NULL,NULL,276824064]
09-08 04:57:21.356 1151 3701 I wm_task_moved: [14,1,7]
09-08 04:57:21.357 2829 2829 I wm_on_top_resumed_lost_called: [177789610,com.android.settings.SubSettings,topStateChangedWhenResumed]
09-08 04:57:21.357 1151 3701 V SplashScreenExceptionList: SplashScreen checking exception for package com.android.deskclock (target sdk:29) -> false
09-08 04:57:21.358 1151 3701 I wm_pause_activity: [0,177789610,com.android.settings/.SubSettings,userLeaving=true,pauseBackTasks]
09-08 04:57:21.370 2829 2829 I sysui_multi_action: [757,39,758,2,1089,59926]
09-08 04:57:21.373 2829 2829 I wm_on_paused_called: [177789610,com.android.settings.SubSettings,performPause]
09-08 04:57:21.374 1151 3534 I ActivityTaskManager: The Process com.android.deskclock Already Exists in BG. So sending its PID: 3088
09-08 04:57:21.376 1151 3534 I wm_add_to_stopping: [0,177789610,com.android.settings/.SubSettings,makeInvisible]
09-08 04:57:21.376 1151 3534 I wm_restart_activity: [0,202616296,14,com.android.deskclock/android.service.dreams.DreamActivity]
09-08 04:57:21.380 1151 3534 I wm_set_resumed_activity: [0,com.android.deskclock/android.service.dreams.DreamActivity,minimalResumeActivityLocked]
09-08 04:57:21.387 1151 1690 I sysui_multi_action: [757,803,799,window_time_0,802,60]
09-08 04:57:21.397 3088 3088 I wm_on_create_called: [202616296,android.service.dreams.DreamActivity,performCreate]
09-08 04:57:21.397 3088 3088 I wm_on_start_called: [202616296,android.service.dreams.DreamActivity,handleStartActivity]
09-08 04:57:21.398 3088 3088 I wm_on_resume_called: [202616296,android.service.dreams.DreamActivity,RESUME_ACTIVITY]
09-08 04:57:21.404 1151 1877 I input_focus: [Focus leaving a6b7d9d com.android.settings/com.android.settings.SubSettings (server),reason=NO_WINDOW]
09-08 04:57:21.415 1151 3700 W WindowManager: Failed looking up window session=Session{96c5200 3088:u0a10071} callers=com.android.server.wm.WindowManagerService.windowForClientLocked:5626 com.android.server.wm.Session.insetsModified:629 android.view.IWindowSession$Stub.onTransact:1151
09-08 04:57:21.420 3088 3088 I wm_on_top_resumed_gained_called: [202616296,android.service.dreams.DreamActivity,topStateChangedWhenResumed]
09-08 04:57:21.457 1151 1691 I input_focus: [Focus request 6d221df com.android.deskclock/android.service.dreams.DreamActivity,reason=UpdateInputWindows]
09-08 04:57:21.457 2227 2227 I sysui_multi_action: [757,111,758,2]
09-08 04:57:21.458 2227 2227 I sysui_multi_action: [757,111,758,2]
09-08 04:57:21.479 1151 3700 I am_wtf : [0,2227,com.android.systemui,818462221,KeyguardBouncer,onFullyShown when view was null]
09-08 04:57:21.488 2227 2227 I sysui_multi_action: [757,196,758,2,759,0]
09-08 04:57:21.489 2227 2227 I sysui_status_bar_state: [0,0,1,0,0,1]
09-08 04:57:21.498 2227 2227 I sysui_multi_action: [757,111,758,1]
09-08 04:57:21.498 2227 2227 I sysui_multi_action: [757,126,758,1,759,126,927,0,928,1,1593,0]
